190.171.152.242 - - [30/Sep/2019:09:06:37 -0300] "GET /cormun/static/PXToolsJavascripts/pexe_tabdivfix.js HTTP/1.1" 200 876
190.171.152.242 - - [30/Sep/2019:09:06:37 -0300] "GET /cormun/static/PXToolsJavascripts/pexe_oav.js HTTP/1.1" 200 645
190.171.152.242 - - [30/Sep/2019:09:06:37 -0300] "GET /cormun/static/PXToolsJavascripts/pexe_tabs.js HTTP/1.1" 200 3748
190.171.152.242 - - [30/Sep/2019:09:06:37 -0300] "GET /cormun/static/PXToolsJavascripts/pexe_popup.js HTTP/1.1" 200 13458
190.171.152.242 - - [30/Sep/2019:09:06:37 -0300] "GET /cormun/static/PXToolsJavascripts/pexe_upload.js HTTP/1.1" 200 1423
190.171.152.242 - - [30/Sep/2019:09:06:37 -0300] "GET /cormun/static/PXToolsJavascripts/PXToolsJavascriptsRender.js HTTP/1.1" 200 367
190.171.152.242 - - [30/Sep/2019:09:06:37 -0300] "GET /cormun/static/Resources/logo4.png HTTP/1.1" 200 6582
190.171.152.242 - - [30/Sep/2019:09:06:37 -0300] "GET /cormun/static/Resources/PXToolsHeaderActionsLeft.png HTTP/1.1" 200 1118
190.171.152.242 - - [30/Sep/2019:09:06:37 -0300] "GET /cormun/static/RunJS/RunJS.js HTTP/1.1" 200 288
190.171.152.242 - - [30/Sep/2019:09:06:37 -0300] "GET /cormun/static/gxui/gxui-all.js HTTP/1.1" 200 107772
190.171.152.242 - - [30/Sep/2019:09:06:37 -0300] "GET /cormun/static/Shared/ext/locale/ext-lang-en.js HTTP/1.1" 200 10940
190.171.152.242 - - [30/Sep/2019:09:06:37 -0300] "GET /cormun/static/hhome.js?20175251212450 HTTP/1.1" 200 777
190.171.152.242 - - [30/Sep/2019:09:06:37 -0300] "GET /cormun/static/hwchdr01.js?201752511465785 HTTP/1.1" 200 1183
190.171.152.242 - - [30/Sep/2019:09:06:37 -0300] "GET /cormun/static/hpexe_scripts.js?201752511465715 HTTP/1.1" 200 1544
190.171.152.242 - - [30/Sep/2019:09:06:37 -0300] "GET /cormun/static/hpexe_messagecontroller.js?20177611595012 HTTP/1.1" 200 870
190.171.152.242 - - [30/Sep/2019:09:06:38 -0300] "GET /cormun/static/hpexe_messagepopupcomponent.js?20161017169425 HTTP/1.1" 200 605
190.171.152.242 - - [30/Sep/2019:09:06:38 -0300] "GET /cormun/static/hpexe_messagegenexuscomponent.js?201752511465344 HTTP/1.1" 200 587
190.171.152.242 - - [30/Sep/2019:09:06:38 -0300] "GET /cormun/static/cmcontrolpreferences.js?201752511465670 HTTP/1.1" 200 1375
190.171.152.242 - - [30/Sep/2019:09:06:38 -0300] "GET /cormun/static/hpexe_recentlink.js?20177611595044 HTTP/1.1" 200 2144
190.171.152.242 - - [30/Sep/2019:09:06:38 -0300] "GET /cormun/static/Resources/PXToolsHeaderPreferences.png HTTP/1.1" 200 4189
190.171.152.242 - - [30/Sep/2019:09:06:38 -0300] "GET /cormun/static/Resources/PXToolsHeaderBackground2.png HTTP/1.1" 200 1174
190.171.152.242 - - [30/Sep/2019:09:06:38 -0300] "GET /cormun/static/Resources/PXToolsFooterBackground2.png HTTP/1.1" 200 1172
190.171.152.242 - - [30/Sep/2019:09:06:38 -0300] "GET /cormun/static/Resources/PXToolsDataTitle.png HTTP/1.1" 200 1173
190.171.152.242 - - [30/Sep/2019:09:06:38 -0300] "GET /cormun/static/Resources/PXToolsHeaderActionsBackground.png HTTP/1.1" 200 484
190.171.152.242 - - [30/Sep/2019:09:06:38 -0300] "GET /cormun/static/Resources/PXToolsHeaderActionsRight.png HTTP/1.1" 200 1201
190.171.152.242 - - [30/Sep/2019:09:06:38 -0300] "GET /cormun/static/Resources/PXToolsHeaderHome.png HTTP/1.1" 200 4147
190.171.152.242 - - [30/Sep/2019:09:06:38 -0300] "GET /cormun/static/Resources/PXToolsHeaderSecurity.png HTTP/1.1" 200 4166
190.171.152.242 - - [30/Sep/2019:09:06:38 -0300] "GET /cormun/static/Resources/PXToolsHeaderLogin.png HTTP/1.1" 200 4279
190.171.152.242 - - [30/Sep/2019:09:06:38 -0300] "GET /cormun/static/SmoothNavMenu/resources/ddsmoothmenu.js HTTP/1.1" 200 12712
190.171.152.242 - - [30/Sep/2019:09:06:38 -0300] "GET /cormun/static/SmoothNavMenu/resources/SmoothNavMenuRender.js HTTP/1.1" 200 5951
190.171.152.242 - - [30/Sep/2019:09:06:38 -0300] "GET /cormun/static/Shared/jquery/jquery-1.4.2.min.js HTTP/1.1" 200 72174
190.171.152.242 - - [30/Sep/2019:09:06:38 -0300] "GET /cormun/static/scaMessage/js/jquery.pnotify.min.js HTTP/1.1" 200 13038
190.171.152.242 - - [30/Sep/2019:09:06:38 -0300] "GET /cormun/static/scaMessage/scaMessageRender.js HTTP/1.1" 200 11977
190.171.152.242 - - [30/Sep/2019:09:06:38 -0300] "GET /cormun/static/hmpwkw03.js?20189613443875 HTTP/1.1" 200 3965
190.171.152.242 - - [30/Sep/2019:09:06:38 -0300] "GET /cormun/static/Shared/ext/ext-all.js HTTP/1.1" 200 1289687
190.171.152.242 - - [30/Sep/2019:09:06:38 -0300] "GET /cormun/static/Shared/jqueryui/jquery-ui.min.js HTTP/1.1" 200 240427
190.171.152.242 - - [30/Sep/2019:09:06:38 -0300] "GET /cormun/static/Shared/jquery/jquery-1.10.2.min.js HTTP/1.1" 200 273199
190.171.152.242 - - [30/Sep/2019:09:06:39 -0300] "GET /cormun/static/SmoothNavMenu/resources/images/down.gif HTTP/1.1" 200 854
190.171.152.242 - - [30/Sep/2019:09:06:39 -0300] "GET /cormun/servlet/hhome HTTP/1.1" 200 4070
200.54.103.162 - - [30/Sep/2019:09:06:40 -0300] "GET /cormun/servlet/licenciaspermisos?INS,0,,, HTTP/1.1" 200 7877
190.171.142.42 - - [30/Sep/2019:09:06:40 -0300] "GET /cormun/servlet/licenciaspermisos?5191ad54d67bfa8a12ca63fddfcd74ed989d1b2543418ebc7a7085c612d4f84bf010e2480411e4cde5468c6d01f4441a,gx-no-cache=1569841306977 HTTP/1.1" 200 103
190.171.142.42 - - [30/Sep/2019:09:06:40 -0300] "POST /cormun/servlet/licenciaspermisos?bd2526130e683fc3091ca1851827f106,INS,0,,,,gx-no-cache=1569841307057 HTTP/1.1" 200 4956
190.171.152.242 - - [30/Sep/2019:09:06:41 -0300] "GET /cormun/servlet/trpermisosgoce? HTTP/1.1" 200 10874
200.54.103.162 - - [30/Sep/2019:09:06:41 -0300] "GET /cormun/servlet/licenciaspermisos?INS,0,,, HTTP/1.1" 200 7885
190.171.152.242 - - [30/Sep/2019:09:06:41 -0300] "GET /cormun/static/calendar-setup.js?85251 HTTP/1.1" 200 2588
190.171.152.242 - - [30/Sep/2019:09:06:41 -0300] "GET /cormun/static/calendar-es.js?85251 HTTP/1.1" 200 1901
190.171.152.242 - - [30/Sep/2019:09:06:42 -0300] "GET /cormun/static/gxdec.js?85251 HTTP/1.1" 200 19579
190.171.152.242 - - [30/Sep/2019:09:06:42 -0300] "GET /cormun/static/calendar.js?85251 HTTP/1.1" 200 26246
190.171.152.242 - - [30/Sep/2019:09:06:42 -0300] "GET /cormun/static/Resources/PXTools/calendar.png HTTP/1.1" 200 1306
190.171.152.242 - - [30/Sep/2019:09:06:42 -0300] "GET /cormun/static/Resources/PXToolsGridFirstDisabled.gif HTTP/1.1" 200 100
190.171.152.242 - - [30/Sep/2019:09:06:42 -0300] "GET /cormun/static/Resources/PXToolsGridNextDisabled.gif HTTP/1.1" 200 90
190.171.152.242 - - [30/Sep/2019:09:06:42 -0300] "GET /cormun/static/Resources/PXToolsGridPreviousDisabled.gif HTTP/1.1" 200 90
190.171.152.242 - - [30/Sep/2019:09:06:42 -0300] "GET /cormun/static/Resources/PXToolsGridPage.gif HTTP/1.1" 200 725
190.171.152.242 - - [30/Sep/2019:09:06:42 -0300] "GET /cormun/static/Resources/PXToolsGridLastDisabled.gif HTTP/1.1" 200 98
190.171.152.242 - - [30/Sep/2019:09:06:42 -0300] "GET /cormun/servlet/trpermisosgoce? HTTP/1.1" 200 10849
190.171.152.242 - - [30/Sep/2019:09:06:42 -0300] "GET /cormun/static/Shared/ext/resources/themes/images/default/panel/bg-headersPanel.png HTTP/1.1" 200 255
190.171.152.242 - - [30/Sep/2019:09:06:42 -0300] "GET /cormun/static/Shared/ext/resources/themes/images/default/tools/tool-sprites.gif HTTP/1.1" 200 5434
200.54.103.162 - - [30/Sep/2019:09:06:50 -0300] "GET /cormun/servlet/licenciaspermisos?f6acbbcaa9416d488950117ac7eb1f2b86ec1bb89f368fc7cc1fd063a91dc10de26cd48edf686951c20b9b4fe31e2999,gx-no-cache=1569848551550 HTTP/1.1" 200 103
200.54.103.162 - - [30/Sep/2019:09:06:50 -0300] "POST /cormun/servlet/licenciaspermisos?66a9739d01f997dca317fa3f9b9f763e,INS,0,,,,gx-no-cache=1569848551633 HTTP/1.1" 200 4972
190.171.152.242 - - [30/Sep/2019:09:06:55 -0300] "GET /cormun/servlet/permisogoce?INS,0,,, HTTP/1.1" 200 6910
190.171.152.242 - - [30/Sep/2019:09:06:55 -0300] "GET /cormun/servlet/permisogoce?INS,0,,, HTTP/1.1" 200 6909
190.171.152.242 - - [30/Sep/2019:09:06:58 -0300] "GET /cormun/servlet/prfichaempleado?,MD,,gxPopupLevel%3D0%3B HTTP/1.1" 200 9375
200.54.103.162 - - [30/Sep/2019:09:07:12 -0300] "GET /cormun/static/menuarrow.gif HTTP/1.1" 404 1015
190.171.142.42 - - [30/Sep/2019:09:07:44 -0300] "GET /cormun/static/menuarrow.gif HTTP/1.1" 404 1015
190.171.152.242 - - [30/Sep/2019:09:07:46 -0300] "POST /cormun/servlet/prfichaempleado?0e9307c5ecefe375d9d30361e9f9953d,,MD,,gxPopupLevel%3D0%3B,gx-no-cache=1569844942752 HTTP/1.1" 200 3431
190.171.152.242 - - [30/Sep/2019:09:07:50 -0300] "GET /cormun/servlet/permisogoce?1a4a9106ac1337e3698a116ac3183cf17814a3646d4967751543664c88dfc79fc70a5ab335f2cc8e1ac2280ff2b8bb114fa760243ae4b5bc7c354dc54580b19b,gx-no-cache=1569844946927 HTTP/1.1" 200 84
190.171.152.242 - - [30/Sep/2019:09:07:50 -0300] "GET /cormun/static/menuarrow.gif HTTP/1.1" 404 1015
190.171.152.242 - - [30/Sep/2019:09:08:01 -0300] "GET /cormun/servlet/permisogoce?1a4a9106ac1337e3698a116ac3183cf10668d85b96824c25d409e9f5611e13f5b9aee90ad6a114742b0b96d72aa74700157685ff05adac4f08cf6bdfb50d73aa,gx-no-cache=1569844958260 HTTP/1.1" 200 48
190.171.142.10 - - [30/Sep/2019:09:08:15 -0300] "GET /cormun/servlet/hlogin HTTP/1.1" 200 1718
190.171.152.242 - - [30/Sep/2019:09:08:48 -0300] "POST /cormun/servlet/permisogoce?0e9307c5ecefe375d9d30361e9f9953d,INS,0,,,,gx-no-cache=1569845004103 HTTP/1.1" 200 93
190.171.152.242 - - [30/Sep/2019:09:08:48 -0300] "GET /cormun/servlet/hpexe_return? HTTP/1.1" 200 1014
190.171.152.242 - - [30/Sep/2019:09:08:48 -0300] "GET /cormun/servlet/trpermisosgoce HTTP/1.1" 200 11077
190.171.152.242 - - [30/Sep/2019:09:08:49 -0300] "GET /cormun/servlet/trpermisosgoce HTTP/1.1" 200 11071
190.171.152.242 - - [30/Sep/2019:09:08:51 -0300] "GET /cormun/servlet/apermisogoceprn?15106149,P,20190930095946,PU HTTP/1.1" 200 1660
200.54.103.162 - - [30/Sep/2019:09:08:55 -0300] "GET /cormun/servlet/licenciaspermisos?f6acbbcaa9416d488950117ac7eb1f2be1c1a9ec8337005690bf3927ff8ffc9e6e810f28195327fd146e845e1e19dd5bc02d5a7ccbb7d9f227fc6497da4bbcaf0c1aa5272483cbf3cc5d9a17ffbe5c0ee967b4f7e26b7f0dc3d2f55263924514fe32f0540db21d829f5d532d8cfe05ad8e10f3bc85984fb5c79a0aa2d81dc7648922d5cc83583e06404d0d0c7b1cca386da8179856cbf2fb119c03e2413dc40db5313dd85387f5e5d11c787553bbbaa06201d514cff01bec7dc3412f58e2f1afe24896bc4230fb4b9b1c24ca36284e899368bb0a66cbf3d4b39d5c7c3786d543,gx-no-cache=1569848676196 HTTP/1.1" 200 30
200.54.103.162 - - [30/Sep/2019:09:08:55 -0300] "GET /cormun/servlet/licenciaspermisos?f6acbbcaa9416d488950117ac7eb1f2b4d5badbd4bd81643b1e513cb88a91c2bd1db54b16812f01be4f8aa6332720fd9f255f460ab60318c693d8a3c93eca895919770ad73f78340d1ad8b4da8c6739bd417cc0b1272d4c8eae1e49f4955cd3f92961096c7fbc7900ec2ead0e2bf89c161c10f87c311f59f1af16981e3ccffef353849cf0c12c3ad0fe270414d3500800c0a89627e650dd88d04843fc01afc4e1985772b6e93acfbe026def576ca1fa8771dede5b68ab1b4a9075c9104ee040792461051cb57202d2cc307f718c7611b7c5a2a124ecfec19b4ba08feee416e89,gx-no-cache=1569848676293 HTTP/1.1" 200 29
200.54.103.162 - - [30/Sep/2019:09:08:55 -0300] "POST /cormun/servlet/licenciaspermisos?66a9739d01f997dca317fa3f9b9f763e,INS,0,,,,gx-no-cache=1569848676369 HTTP/1.1" 200 93
200.54.103.162 - - [30/Sep/2019:09:08:55 -0300] "GET /cormun/servlet/hpexe_return? HTTP/1.1" 200 1014
200.54.103.162 - - [30/Sep/2019:09:08:56 -0300] "GET /cormun/servlet/trlicencias HTTP/1.1" 200 16223
200.54.103.162 - - [30/Sep/2019:09:08:58 -0300] "GET /cormun/servlet/trlicencias HTTP/1.1" 200 16218
200.54.103.162 - - [30/Sep/2019:09:09:03 -0300] "POST /cormun/servlet/trlicencias?66a9739d01f997dca317fa3f9b9f763e,gx-no-cache=1569848684101 HTTP/1.1" 200 13928
200.54.103.162 - - [30/Sep/2019:09:09:07 -0300] "GET /cormun/servlet/trlicenciaspermisosadjuntos?17399914,20190930000000,L, HTTP/1.1" 200 6699
200.54.103.162 - - [30/Sep/2019:09:09:08 -0300] "GET /cormun/servlet/trlicenciaspermisosadjuntos?17399914,20190930000000,L, HTTP/1.1" 200 6699
200.54.103.162 - - [30/Sep/2019:09:09:11 -0300] "GET /cormun/servlet/licenciaspermisosadjuntos?INS,17399914,L,20190930000000,, HTTP/1.1" 200 5997
200.54.103.162 - - [30/Sep/2019:09:09:11 -0300] "GET /cormun/static/gxcfg.js?2017761263592 HTTP/1.1" 200 953
200.54.103.162 - - [30/Sep/2019:09:09:11 -0300] "GET /cormun/static/licenciaspermisosadjuntos.js?201776126362 HTTP/1.1" 200 8760
200.54.103.162 - - [30/Sep/2019:09:09:12 -0300] "GET /cormun/static/about:blank HTTP/1.1" 404 1011
200.54.103.162 - - [30/Sep/2019:09:09:13 -0300] "GET /cormun/servlet/licenciaspermisosadjuntos?INS,17399914,L,20190930000000,, HTTP/1.1" 200 5986
200.54.103.162 - - [30/Sep/2019:09:09:23 -0300] "POST /cormun/servlet/licenciaspermisosadjuntos?66a9739d01f997dca317fa3f9b9f763e,INS,17399914,L,20190930000000,, HTTP/1.1" 200 116
200.54.103.162 - - [30/Sep/2019:09:09:24 -0300] "GET /cormun/servlet/hpexe_return? HTTP/1.1" 200 1043
200.54.103.162 - - [30/Sep/2019:09:09:24 -0300] "GET /cormun/servlet/trlicenciaspermisosadjuntos?17399914,20190930000000,L, HTTP/1.1" 200 7209
200.54.103.162 - - [30/Sep/2019:09:09:25 -0300] "GET /cormun/servlet/trlicenciaspermisosadjuntos?17399914,20190930000000,L, HTTP/1.1" 200 7205
200.54.103.162 - - [30/Sep/2019:09:09:28 -0300] "POST /cormun/servlet/trlicenciaspermisosadjuntos?66a9739d01f997dca317fa3f9b9f763e,17399914,20190930000000,L,,gx-no-cache=1569848709683 HTTP/1.1" 200 90
200.54.103.162 - - [30/Sep/2019:09:09:28 -0300] "GET /cormun/servlet/hpexe_link HTTP/1.1" 200 1007
200.54.103.162 - - [30/Sep/2019:09:09:29 -0300] "GET /cormun/servlet/trlicencias?gx-no-cache=1569848684101 HTTP/1.1" 200 16222
200.54.103.162 - - [30/Sep/2019:09:09:31 -0300] "GET /cormun/servlet/trlicencias?gx-no-cache=1569848684101 HTTP/1.1" 200 16242
190.171.152.242 - - [30/Sep/2019:09:09:32 -0300] "GET /cormun/servlet/hlogin HTTP/1.1" 200 1745
200.54.103.162 - - [30/Sep/2019:09:09:34 -0300] "POST /cormun/servlet/trlicencias?66a9739d01f997dca317fa3f9b9f763e,gx-no-cache=1569848684101,gx-no-cache=1569848714883 HTTP/1.1" 200 13936
200.54.103.162 - - [30/Sep/2019:09:09:38 -0300] "GET /cormun/servlet/trlicenciaspermisosadjuntos?15126448,20190930000000,L, HTTP/1.1" 200 6710
200.54.103.162 - - [30/Sep/2019:09:09:39 -0300] "GET /cormun/servlet/trlicenciaspermisosadjuntos?15126448,20190930000000,L, HTTP/1.1" 200 6690
200.54.103.162 - - [30/Sep/2019:09:09:41 -0300] "GET /cormun/servlet/licenciaspermisosadjuntos?INS,15126448,L,20190930000000,, HTTP/1.1" 200 5986
200.54.103.162 - - [30/Sep/2019:09:09:42 -0300] "GET /cormun/static/about:blank HTTP/1.1" 404 1011
200.54.103.162 - - [30/Sep/2019:09:09:43 -0300] "GET /cormun/servlet/licenciaspermisosadjuntos?INS,15126448,L,20190930000000,, HTTP/1.1" 200 5975
200.54.103.162 - - [30/Sep/2019:09:09:52 -0300] "POST /cormun/servlet/licenciaspermisosadjuntos?66a9739d01f997dca317fa3f9b9f763e,INS,15126448,L,20190930000000,, HTTP/1.1" 200 116
200.54.103.162 - - [30/Sep/2019:09:09:52 -0300] "GET /cormun/servlet/hpexe_return? HTTP/1.1" 200 1044
200.54.103.162 - - [30/Sep/2019:09:09:53 -0300] "GET /cormun/servlet/trlicenciaspermisosadjuntos?15126448,20190930000000,L, HTTP/1.1" 200 7198
200.54.103.162 - - [30/Sep/2019:09:09:54 -0300] "GET /cormun/servlet/trlicenciaspermisosadjuntos?15126448,20190930000000,L, HTTP/1.1" 200 7193
200.54.103.162 - - [30/Sep/2019:09:09:56 -0300] "POST /cormun/servlet/trlicenciaspermisosadjuntos?66a9739d01f997dca317fa3f9b9f763e,15126448,20190930000000,L,,gx-no-cache=1569848737659 HTTP/1.1" 200 90
200.54.103.162 - - [30/Sep/2019:09:09:56 -0300] "GET /cormun/servlet/hpexe_link HTTP/1.1" 200 1007
200.54.103.162 - - [30/Sep/2019:09:09:57 -0300] "GET /cormun/servlet/trlicencias?gx-no-cache=1569848684101 HTTP/1.1" 200 16215
190.171.142.42 - - [30/Sep/2019:09:09:57 -0300] "GET /cormun/servlet/licenciaspermisos?5191ad54d67bfa8a12ca63fddfcd74ed603316b9ec18f7f5725b258d034b944c298d911b6cda0d1a5d0741618054af29959c9078f886532441ff63b257dadb0bc0793a0a69902a1108e919f2f241af4f0d20a1b142675281e1b5da62a60b389505a57204649b340b03d7c070c60b009272ddfee7dfbe551d71eed370779302c17b2fa31ed9bc40121b050fa1c4112873ed2e275f65f5fc45fcf5a02829885e493a58abd3ed59977282df084fdc8f43a5,gx-no-cache=1569841504311 HTTP/1.1" 200 30
190.171.142.42 - - [30/Sep/2019:09:09:57 -0300] "GET /cormun/servlet/licenciaspermisos?5191ad54d67bfa8a12ca63fddfcd74ed42ce8799c1d4e21612645224ca932c32c1e4fe702248138dc2c2c6bb30de8576f5efa1ae878b65508bd0cf46d99f42af93125d4e76d998f4e1417f04ab5e0ada8687786d8984a62711c4a60a86974e28de6d9c8c0a24adf154211e232a93bd467ce9896eaf2f8d398ac8facc0d9519a148772d49858c871060190e643b9b40fef62fb5fab722d41e66401819d92588d094b140f7f6b3230b6f245a87699d9147,gx-no-cache=1569841504369 HTTP/1.1" 200 29
190.171.142.42 - - [30/Sep/2019:09:09:57 -0300] "POST /cormun/servlet/licenciaspermisos?bd2526130e683fc3091ca1851827f106,INS,0,,,,gx-no-cache=1569841504404 HTTP/1.1" 200 93
190.171.142.42 - - [30/Sep/2019:09:09:57 -0300] "GET /cormun/servlet/hpexe_return? HTTP/1.1" 200 1012
190.171.142.42 - - [30/Sep/2019:09:09:58 -0300] "GET /cormun/servlet/trlicencias HTTP/1.1" 200 11031
190.171.142.42 - - [30/Sep/2019:09:09:58 -0300] "GET /cormun/servlet/trlicencias HTTP/1.1" 200 11026
200.54.103.162 - - [30/Sep/2019:09:09:59 -0300] "GET /cormun/servlet/trlicencias?gx-no-cache=1569848684101 HTTP/1.1" 200 16232
200.54.103.162 - - [30/Sep/2019:09:10:03 -0300] "POST /cormun/servlet/trlicencias?66a9739d01f997dca317fa3f9b9f763e,gx-no-cache=1569848684101,gx-no-cache=1569848744046 HTTP/1.1" 200 13926
190.171.142.42 - - [30/Sep/2019:09:10:04 -0300] "GET /cormun/servlet/trlicenciaspermisosadjuntos?17502947,20190930000000,L, HTTP/1.1" 200 6660
190.171.142.42 - - [30/Sep/2019:09:10:04 -0300] "GET /cormun/static/gxcfg.js?20177612163414 HTTP/1.1" 200 953
190.171.142.42 - - [30/Sep/2019:09:10:05 -0300] "GET /cormun/static/trlicenciaspermisosadjuntos.js?20177612163719 HTTP/1.1" 200 21036
190.171.142.42 - - [30/Sep/2019:09:10:05 -0300] "GET /cormun/servlet/trlicenciaspermisosadjuntos?17502947,20190930000000,L, HTTP/1.1" 200 6661
200.54.103.162 - - [30/Sep/2019:09:10:06 -0300] "GET /cormun/servlet/alicenciaprn?17399914,L,20190930000000,PU HTTP/1.1" 200 1554
190.171.142.42 - - [30/Sep/2019:09:10:08 -0300] "GET /cormun/servlet/licenciaspermisosadjuntos?INS,17502947,L,20190930000000,, HTTP/1.1" 200 5961
190.171.142.42 - - [30/Sep/2019:09:10:08 -0300] "GET /cormun/static/gxcfg.js?2017761263592 HTTP/1.1" 200 953
190.171.142.42 - - [30/Sep/2019:09:10:08 -0300] "GET /cormun/static/licenciaspermisosadjuntos.js?201776126362 HTTP/1.1" 200 8760
190.171.142.42 - - [30/Sep/2019:09:10:08 -0300] "GET /cormun/static/about:blank HTTP/1.1" 404 1011
190.171.142.42 - - [30/Sep/2019:09:10:08 -0300] "GET /cormun/servlet/licenciaspermisosadjuntos?INS,17502947,L,20190930000000,, HTTP/1.1" 200 5947
190.171.142.42 - - [30/Sep/2019:09:10:23 -0300] "POST /cormun/servlet/licenciaspermisosadjuntos?bd2526130e683fc3091ca1851827f106,INS,17502947,L,20190930000000,, HTTP/1.1" 200 116
190.171.142.42 - - [30/Sep/2019:09:10:23 -0300] "GET /cormun/servlet/hpexe_return? HTTP/1.1" 200 1042
190.171.142.42 - - [30/Sep/2019:09:10:23 -0300] "GET /cormun/servlet/trlicenciaspermisosadjuntos?17502947,20190930000000,L, HTTP/1.1" 200 7177
190.171.142.42 - - [30/Sep/2019:09:10:24 -0300] "GET /cormun/servlet/trlicenciaspermisosadjuntos?17502947,20190930000000,L, HTTP/1.1" 200 7173
190.171.142.42 - - [30/Sep/2019:09:10:27 -0300] "GET /cormun/servlet/trlicencias? HTTP/1.1" 200 11027
190.171.142.42 - - [30/Sep/2019:09:10:27 -0300] "GET /cormun/servlet/trlicencias? HTTP/1.1" 200 11026
190.171.142.42 - - [30/Sep/2019:09:10:40 -0300] "POST /cormun/servlet/trlicencias?bd2526130e683fc3091ca1851827f106,,gx-no-cache=1569841547368 HTTP/1.1" 200 8234
190.171.142.42 - - [30/Sep/2019:09:10:41 -0300] "GET /cormun/static/Shared/jqueryui/images/ui-bg_highlight-soft_100_c6c2c8_1x100.png HTTP/1.1" 404 1117
190.171.142.42 - - [30/Sep/2019:09:10:41 -0300] "GET /cormun/static/Shared/jqueryui/images/ui-icons_82798d_256x240.png HTTP/1.1" 404 1089
190.171.142.42 - - [30/Sep/2019:09:10:41 -0300] "GET /cormun/static/Shared/jqueryui/images/ui-bg_flat_55_fafafa_40x100.png HTTP/1.1" 404 1097
190.171.142.42 - - [30/Sep/2019:09:10:41 -0300] "GET /cormun/static/Shared/jqueryui/images/ui-icons_8d78a5_256x240.png HTTP/1.1" 404 1089
190.171.142.42 - - [30/Sep/2019:09:11:07 -0300] "GET /cormun/static/Shared/jqueryui/images/ui-bg_highlight-soft_100_eae6ea_1x100.png HTTP/1.1" 404 1117
190.171.142.10 - - [30/Sep/2019:09:11:08 -0300] "POST /cormun/servlet/hlogin?691ecb4f9fbfd87411dc5d6c57e35d61,gx-no-cache=1569845144559 HTTP/1.1" 200 90
190.171.142.10 - - [30/Sep/2019:09:11:08 -0300] "GET /cormun/servlet/hpexe_link HTTP/1.1" 200 946
190.171.142.10 - - [30/Sep/2019:09:11:08 -0300] "GET /cormun/servlet/hhome HTTP/1.1" 200 4037
190.171.142.10 - - [30/Sep/2019:09:11:10 -0300] "GET /cormun/servlet/hhome HTTP/1.1" 200 4033
190.171.152.234 - - [30/Sep/2019:09:11:31 -0300] "GET /cormun/servlet/hlogin HTTP/1.1" 200 1729
190.171.152.234 - - [30/Sep/2019:09:11:31 -0300] "GET /cormun/static/gxcfg.js?20177612122725 HTTP/1.1" 304 -
190.171.152.234 - - [30/Sep/2019:09:11:31 -0300] "GET /cormun/servlet/hlogin HTTP/1.1" 200 1734
200.54.103.162 - - [30/Sep/2019:09:11:43 -0300] "GET /cormun/servlet/alicenciaprn?15126448,L,20190930000000,PU HTTP/1.1" 200 1566
190.171.152.234 - - [30/Sep/2019:09:11:43 -0300] "POST /cormun/servlet/hlogin?2fcbe3cc3fa8ca430d853945a370c1de,gx-no-cache=1569844987812 HTTP/1.1" 200 90
190.171.152.234 - - [30/Sep/2019:09:11:43 -0300] "GET /cormun/servlet/hpexe_link HTTP/1.1" 200 953
190.171.152.234 - - [30/Sep/2019:09:11:43 -0300] "GET /cormun/static/gxcfg.js?20177612121792 HTTP/1.1" 304 -
190.171.152.234 - - [30/Sep/2019:09:11:44 -0300] "GET /cormun/servlet/hhome HTTP/1.1" 200 4349
190.171.142.10 - - [30/Sep/2019:09:11:44 -0300] "GET /cormun/servlet/trpermisosgoce? HTTP/1.1" 200 8595
190.171.152.234 - - [30/Sep/2019:09:11:44 -0300] "GET /cormun/static/gxcfg.js?20175251212442 HTTP/1.1" 304 -
190.171.152.234 - - [30/Sep/2019:09:11:44 -0300] "GET /cormun/servlet/hhome HTTP/1.1" 200 4347
190.171.142.10 - - [30/Sep/2019:09:11:45 -0300] "GET /cormun/servlet/trpermisosgoce? HTTP/1.1" 200 8593
190.171.152.234 - - [30/Sep/2019:09:11:49 -0300] "GET /cormun/servlet/trsolicitudot? HTTP/1.1" 200 7567
190.171.141.138 - - [30/Sep/2019:09:11:49 -0300] "GET /cormun/servlet/hlogin HTTP/1.1" 200 1722
190.171.152.234 - - [30/Sep/2019:09:11:49 -0300] "GET /cormun/servlet/trsolicitudot? HTTP/1.1" 200 7565
190.171.141.138 - - [30/Sep/2019:09:11:59 -0300] "POST /cormun/servlet/hlogin?b39d4f7900f7a7174bb7cf8342e0f84e,gx-no-cache=1569848794009 HTTP/1.1" 200 90
190.171.141.138 - - [30/Sep/2019:09:11:59 -0300] "GET /cormun/servlet/hpexe_link HTTP/1.1" 200 958
190.171.141.138 - - [30/Sep/2019:09:11:59 -0300] "GET /cormun/servlet/trlicencias? HTTP/1.1" 200 14137
190.171.141.138 - - [30/Sep/2019:09:12:01 -0300] "GET /cormun/servlet/trlicencias? HTTP/1.1" 200 14114
200.54.103.162 - - [30/Sep/2019:09:12:06 -0300] "GET /cormun/servlet/alicenciaprn?15126448,L,20190930000000,PU HTTP/1.1" 200 1569
190.171.142.10 - - [30/Sep/2019:09:12:44 -0300] "GET /cormun/servlet/permisogoce?INS,0,,, HTTP/1.1" 200 6886
190.171.141.82 - - [30/Sep/2019:09:12:45 -0300] "GET /cormun/servlet/hlogin HTTP/1.1" 200 1727
190.171.142.10 - - [30/Sep/2019:09:12:46 -0300] "GET /cormun/servlet/permisogoce?INS,0,,, HTTP/1.1" 200 6885
190.171.141.82 - - [30/Sep/2019:09:12:47 -0300] "GET /cormun/servlet/hlogin HTTP/1.1" 200 1738
190.171.152.234 - - [30/Sep/2019:09:12:49 -0300] "GET /cormun/servlet/solicitudot?INS,0,0, HTTP/1.1" 200 15421
190.171.152.234 - - [30/Sep/2019:09:12:50 -0300] "GET /cormun/servlet/solicitudot?INS,0,0, HTTP/1.1" 200 15426
190.171.141.82 - - [30/Sep/2019:09:12:52 -0300] "POST /cormun/servlet/hlogin?e5eed9722dee8ba47d1669ed66bb66de,gx-no-cache=1569845334823 HTTP/1.1" 200 90
190.171.141.82 - - [30/Sep/2019:09:12:52 -0300] "GET /cormun/servlet/hpexe_link HTTP/1.1" 200 956
190.171.141.82 - - [30/Sep/2019:09:12:52 -0300] "GET /cormun/servlet/hhome HTTP/1.1" 200 4349
190.171.141.82 - - [30/Sep/2019:09:12:56 -0300] "GET /cormun/servlet/hhome HTTP/1.1" 200 4345
190.171.141.82 - - [30/Sep/2019:09:12:58 -0300] "GET /cormun/servlet/trlicencias? HTTP/1.1" 200 12956
190.171.141.82 - - [30/Sep/2019:09:13:01 -0300] "GET /cormun/servlet/trlicencias? HTTP/1.1" 200 12958
190.171.152.234 - - [30/Sep/2019:09:13:02 -0300] "POST /cormun/servlet/solicitudot?gx-no-cache=1569845066215 HTTP/1.1" 200 3501
190.171.152.234 - - [30/Sep/2019:09:13:02 -0300] "POST /cormun/servlet/solicitudot?2fcbe3cc3fa8ca430d853945a370c1de,INS,0,0,,gx-no-cache=1569845066385 HTTP/1.1" 200 11988
190.171.141.82 - - [30/Sep/2019:09:13:05 -0300] "POST /cormun/servlet/trlicencias?e5eed9722dee8ba47d1669ed66bb66de,,gx-no-cache=1569845347703 HTTP/1.1" 200 10419
190.171.152.234 - - [30/Sep/2019:09:13:05 -0300] "GET /cormun/servlet/solicitudot?5b5a0536dd3bc7a27f48a3e21d76dfc5b387e2573e2f39e5f2f26eee0c390c122778c9ef670717e9b2f0d165ebc05a17,gx-no-cache=1569845069574 HTTP/1.1" 200 30
200.54.103.162 - - [30/Sep/2019:09:14:01 -0300] "POST /cormun/servlet/trlicencias?66a9739d01f997dca317fa3f9b9f763e,gx-no-cache=1569848684101,gx-no-cache=1569848981791 HTTP/1.1" 200 13935
200.54.103.162 - - [30/Sep/2019:09:14:02 -0300] "GET /cormun/static/Shared/jqueryui/images/ui-bg_highlight-soft_100_c6c2c8_1x100.png HTTP/1.1" 404 1117
200.54.103.162 - - [30/Sep/2019:09:14:02 -0300] "GET /cormun/static/Shared/jqueryui/images/ui-icons_82798d_256x240.png HTTP/1.1" 404 1089
200.54.103.162 - - [30/Sep/2019:09:14:02 -0300] "GET /cormun/static/Shared/jqueryui/images/ui-bg_flat_55_fafafa_40x100.png HTTP/1.1" 404 1097
200.54.103.162 - - [30/Sep/2019:09:14:02 -0300] "GET /cormun/static/Shared/jqueryui/images/ui-icons_8d78a5_256x240.png HTTP/1.1" 404 1089
200.54.103.162 - - [30/Sep/2019:09:14:04 -0300] "POST /cormun/servlet/trlicencias?66a9739d01f997dca317fa3f9b9f763e,gx-no-cache=1569848684101,gx-no-cache=1569848985251 HTTP/1.1" 200 13846
200.54.103.162 - - [30/Sep/2019:09:14:34 -0300] "POST /cormun/servlet/trlicencias?66a9739d01f997dca317fa3f9b9f763e,gx-no-cache=1569848684101,gx-no-cache=1569849015363 HTTP/1.1" 200 90
200.54.103.162 - - [30/Sep/2019:09:14:34 -0300] "GET /cormun/servlet/hpexe_link HTTP/1.1" 200 977
200.54.103.162 - - [30/Sep/2019:09:14:34 -0300] "GET /cormun/servlet/hhome HTTP/1.1" 200 4341
200.54.103.162 - - [30/Sep/2019:09:14:36 -0300] "GET /cormun/servlet/hhome HTTP/1.1" 200 4337
190.171.141.82 - - [30/Sep/2019:09:15:10 -0300] "GET /cormun/servlet/trcontratosolicitud? HTTP/1.1" 200 14644
190.171.141.82 - - [30/Sep/2019:09:15:10 -0300] "GET /cormun/static/gxcfg.js?20177612214014 HTTP/1.1" 200 953
190.171.141.82 - - [30/Sep/2019:09:15:11 -0300] "GET /cormun/static/trcontratosolicitud.js?20177612214349 HTTP/1.1" 200 28237
190.171.141.82 - - [30/Sep/2019:09:15:12 -0300] "GET /cormun/servlet/trcontratosolicitud? HTTP/1.1" 200 14647
190.171.141.82 - - [30/Sep/2019:09:15:12 -0300] "GET /cormun//static/Resources/PXToolsGridNew.png HTTP/1.1" 200 2949
190.171.142.10 - - [30/Sep/2019:09:15:16 -0300] "GET /cormun/servlet/permisogoce?377fea2eab80e5332b8acbde194c0d514bff647de3aac153e80a5e45a74a78e560f1dae130b7b70b96f4a3e2354271f1,gx-no-cache=1569845392594 HTTP/1.1" 200 223
190.171.142.10 - - [30/Sep/2019:09:15:16 -0300] "GET /cormun/static/Shared/jqueryui/images/ui-bg_highlight-soft_100_c6c2c8_1x100.png HTTP/1.1" 404 1117
190.171.142.10 - - [30/Sep/2019:09:15:16 -0300] "GET /cormun/static/Shared/jqueryui/images/ui-icons_82798d_256x240.png HTTP/1.1" 404 1089
190.171.142.10 - - [30/Sep/2019:09:15:16 -0300] "GET /cormun/static/Shared/jqueryui/images/ui-bg_flat_55_994d53_40x100.png HTTP/1.1" 404 1097
190.171.142.10 - - [30/Sep/2019:09:15:16 -0300] "GET /cormun/static/Shared/jqueryui/images/ui-icons_ebccce_256x240.png HTTP/1.1" 404 1089
190.171.152.234 - - [30/Sep/2019:09:15:17 -0300] "GET /cormun/servlet/prbanco?,MD,,gxPopupLevel%3D0%3B HTTP/1.1" 200 6720
190.171.142.10 - - [30/Sep/2019:09:15:20 -0300] "GET /cormun/static/Resources/resize.gif HTTP/1.1" 200 77
190.171.141.82 - - [30/Sep/2019:09:15:20 -0300] "POST /cormun/servlet/trcontratosolicitud?e5eed9722dee8ba47d1669ed66bb66de,,gx-no-cache=1569845483041 HTTP/1.1" 200 11565
190.171.142.10 - - [30/Sep/2019:09:15:21 -0300] "GET /cormun/servlet/prfichaempleado?,MD,,gxPopupLevel%3D0%3B HTTP/1.1" 200 9337
190.171.142.10 - - [30/Sep/2019:09:15:21 -0300] "GET /cormun/static/gxcfg.js?20177612134814 HTTP/1.1" 200 953
190.171.142.10 - - [30/Sep/2019:09:15:21 -0300] "GET /cormun/static/Resources/PXToolsMenuSearch.png HTTP/1.1" 200 2914
190.171.142.10 - - [30/Sep/2019:09:15:21 -0300] "GET /cormun/static/Resources/PXToolsMenuSearchCancel.png HTTP/1.1" 200 2972
190.171.142.10 - - [30/Sep/2019:09:15:22 -0300] "GET /cormun/static/menusearch.js?201610171694467 HTTP/1.1" 200 1424
190.171.142.10 - - [30/Sep/2019:09:15:22 -0300] "GET /cormun/static/prfichaempleado.js?20177612134999 HTTP/1.1" 200 16006
190.171.142.10 - - [30/Sep/2019:09:15:22 -0300] "GET /cormun/static/hmpwkw011.js?20177612121862 HTTP/1.1" 200 1968
190.171.152.234 - - [30/Sep/2019:09:15:25 -0300] "GET /cormun/servlet/solicitudot?5b5a0536dd3bc7a27f48a3e21d76dfc5492a4a2f944b6a3fc0c6c42b2dc3ad43935ff675c9dc41b888248da79816ceabb7727732068d2cad55a6fd595005b428,gx-no-cache=1569845209891 HTTP/1.1" 200 30
190.171.152.234 - - [30/Sep/2019:09:15:57 -0300] "GET /cormun/servlet/solicitudot?5b5a0536dd3bc7a27f48a3e21d76dfc5b4d56f3496537a3aae2520aa521cc6ed,gx-no-cache=1569845241492 HTTP/1.1" 200 53
190.171.142.10 - - [30/Sep/2019:09:16:30 -0300] "GET /cormun/servlet/permisogoce?377fea2eab80e5332b8acbde194c0d519bd0248f3cf532300d16544a694c69b5baf66fc6664cce6bc7bfaa930c2c007b6e2ce81f00fdae962de75d5b176ef846,gx-no-cache=1569845466467 HTTP/1.1" 200 226
200.54.103.162 - - [30/Sep/2019:09:16:32 -0300] "GET /cormun/servlet/hlogin HTTP/1.1" 200 1721
190.171.152.234 - - [30/Sep/2019:09:16:33 -0300] "POST /cormun/servlet/solicitudot?2fcbe3cc3fa8ca430d853945a370c1de,INS,0,0,,gx-no-cache=1569845277340 HTTP/1.1" 200 12199
190.171.152.234 - - [30/Sep/2019:09:16:33 -0300] "GET /cormun/static/Shared/jqueryui/images/ui-icons_82798d_256x240.png HTTP/1.1" 404 1089
190.171.152.234 - - [30/Sep/2019:09:16:33 -0300] "GET /cormun/static/Shared/jqueryui/images/ui-bg_highlight-soft_100_c6c2c8_1x100.png HTTP/1.1" 404 1117
190.171.152.234 - - [30/Sep/2019:09:16:33 -0300] "GET /cormun/static/Shared/jqueryui/images/ui-icons_8d78a5_256x240.png HTTP/1.1" 404 1089
190.171.152.234 - - [30/Sep/2019:09:16:33 -0300] "GET /cormun/static/Shared/jqueryui/images/ui-bg_flat_55_fafafa_40x100.png HTTP/1.1" 404 1097
200.54.103.162 - - [30/Sep/2019:09:16:39 -0300] "POST /cormun/servlet/hlogin?63bfa7deb327b61aec4da35b9e7f3fc2,gx-no-cache=1569845475265 HTTP/1.1" 200 430
200.54.103.162 - - [30/Sep/2019:09:16:45 -0300] "POST /cormun/servlet/hlogin?63bfa7deb327b61aec4da35b9e7f3fc2,gx-no-cache=1569845481229 HTTP/1.1" 200 90
200.54.103.162 - - [30/Sep/2019:09:16:45 -0300] "GET /cormun/servlet/hpexe_link HTTP/1.1" 200 958
200.54.103.162 - - [30/Sep/2019:09:16:45 -0300] "GET /cormun/servlet/trlicencias? HTTP/1.1" 200 16037
200.54.103.162 - - [30/Sep/2019:09:16:46 -0300] "GET /cormun/servlet/trlicencias? HTTP/1.1" 200 16030
190.171.142.10 - - [30/Sep/2019:09:16:47 -0300] "GET /cormun/servlet/permisogoce?377fea2eab80e5332b8acbde194c0d519bd0248f3cf532300d16544a694c69b5464e5f9517ca3db024077c9fb3d87ce1df50c200156ebc579af11f1cdb214f2b,gx-no-cache=1569845484019 HTTP/1.1" 200 80
190.171.142.10 - - [30/Sep/2019:09:16:47 -0300] "GET /cormun/static/menuarrow.gif HTTP/1.1" 404 1015
190.171.152.234 - - [30/Sep/2019:09:16:59 -0300] "GET /cormun/servlet/solicitudot?5b5a0536dd3bc7a27f48a3e21d76dfc5492a4a2f944b6a3fc0c6c42b2dc3ad43935ff675c9dc41b888248da79816ceabfc2ca3d2e92726ea44ba5a767f890437,gx-no-cache=1569845303798 HTTP/1.1" 200 30
190.171.152.234 - - [30/Sep/2019:09:16:59 -0300] "GET /cormun/servlet/solicitudot?5b5a0536dd3bc7a27f48a3e21d76dfc568ac7b0165ffafdee619b7a17ead71dd9c1cd67638b75808eba157beb0faccdb587a71eab0c4fd78879edeb3af9815c9,gx-no-cache=1569845303898 HTTP/1.1" 200 53
190.171.152.234 - - [30/Sep/2019:09:17:09 -0300] "POST /cormun/servlet/solicitudot?gx-no-cache=1569845313675 HTTP/1.1" 200 297
190.171.152.234 - - [30/Sep/2019:09:17:09 -0300] "GET /cormun/servlet/solicitudot?5b5a0536dd3bc7a27f48a3e21d76dfc53ca2d680566ec0a59efcbfddd514f88da9b3936779c232e3638df1307eaa803af0f87c2f5a944c1508d48d2e4ddaf92c04fbe69714fd975aa2a08e2755118d3dca506009b04a002efe139e611d36b412eff378bda02d239a3ee0f6510e231c43679ea090953e7f4d8689887debd1f8f0f0e2eced8f4db79a63b833b7772743ac5711701119ec7b0abe62426c888696936475cc75f8a8e0c8d2431e898de67230b8163f0077207bf773b94b93ee4b8ea6392e8fca21fcafd489f890b60bcca6e3e12c16d3cd9c6e76f96517826f4314cc1f616dd622516b83cd0de688e27e88adf761023f91d057bd270ffe149ac67c4707602be4f33718b2885e79959ea72bd2ea95d521bc8c559bfe54ac2403d32c3ea2cab619b9f664cff63da82709a5ddfce259c815559fbb668484a37b8057a1ec007015c007771ba3b9a8aa519a2004a1be2c457367352bbc8a81136fd0a847836d2989bc3b4803b81bd6aa39f36c842309757830ad6ad5f93e74c3e90a3cf9be7ce4868cb4a1fc63795eff74be5f9132,gx-no-cache=1569845313779 HTTP/1.1" 200 30
190.171.152.234 - - [30/Sep/2019:09:17:16 -0300] "POST /cormun/servlet/solicitudot?gx-no-cache=1569845320786 HTTP/1.1" 200 30
190.171.152.234 - - [30/Sep/2019:09:17:16 -0300] "POST /cormun/servlet/solicitudot?gx-no-cache=1569845320836 HTTP/1.1" 200 1361
190.171.152.234 - - [30/Sep/2019:09:17:16 -0300] "POST /cormun/servlet/solicitudot?gx-no-cache=1569845320879 HTTP/1.1" 200 38
190.171.152.234 - - [30/Sep/2019:09:17:34 -0300] "GET /cormun/servlet/solicitudot?5b5a0536dd3bc7a27f48a3e21d76dfc50b27dc8efacba1f4de0521f417c263cc8da60b66ac4cdb6b61a653698db939bab152deade82902d43cce8ee920ff45d5f71ee48c2d584d856486a6fc393956baa7dc72c2c6b9c763a02718669922a55f6938d3cc406facc56686a6269451f16c,gx-no-cache=1569845338410 HTTP/1.1" 200 110
190.171.141.82 - - [30/Sep/2019:09:18:16 -0300] "GET /cormun/servlet/hlogin HTTP/1.1" 200 1728
190.171.141.82 - - [30/Sep/2019:09:18:18 -0300] "GET /cormun/servlet/hlogin HTTP/1.1" 200 1731
190.171.141.82 - - [30/Sep/2019:09:18:19 -0300] "GET /favicon.ico HTTP/1.1" 200 21630
190.171.141.82 - - [30/Sep/2019:09:18:39 -0300] "POST /cormun/servlet/hlogin?e5b91696889cf9d29e3970c7ebc4d472,gx-no-cache=1569845589844 HTTP/1.1" 200 90
190.171.141.82 - - [30/Sep/2019:09:18:39 -0300] "GET /cormun/servlet/hpexe_link HTTP/1.1" 200 952
190.171.141.82 - - [30/Sep/2019:09:18:40 -0300] "GET /cormun/servlet/hhome HTTP/1.1" 200 4345
190.171.141.82 - - [30/Sep/2019:09:18:43 -0300] "GET /cormun/servlet/hhome HTTP/1.1" 200 4341
190.171.141.82 - - [30/Sep/2019:09:18:49 -0300] "GET /cormun/servlet/trlicencias? HTTP/1.1" 200 12956
190.171.141.82 - - [30/Sep/2019:09:18:53 -0300] "GET /cormun/servlet/trlicencias? HTTP/1.1" 200 12951
190.171.141.82 - - [30/Sep/2019:09:18:58 -0300] "POST /cormun/servlet/trlicencias?e5b91696889cf9d29e3970c7ebc4d472,,gx-no-cache=1569845608736 HTTP/1.1" 200 10429
190.171.152.234 - - [30/Sep/2019:09:19:11 -0300] "POST /cormun/servlet/solicitudot?gx-no-cache=1569845435416 HTTP/1.1" 200 110
190.171.142.10 - - [30/Sep/2019:09:19:25 -0300] "GET /cormun/servlet/permisogoce?377fea2eab80e5332b8acbde194c0d518f674bd0349fc6d117647e4fa0305ca60172ee4a095f3adcd63af7e37f40ff97f885020231292935b44a9a23b8368923,gx-no-cache=1569845641929 HTTP/1.1" 200 46
190.171.152.234 - - [30/Sep/2019:09:19:33 -0300] "GET /cormun/servlet/solicitudot?5b5a0536dd3bc7a27f48a3e21d76dfc57440734994ca8c9acda5b9a92de6511b3a6a39650f69fcca1c519eb92a2158e13c0c77f6828cc8c41b59b7f8f39f19deb60c8173a22860da6e4fbbb0d517d7545ed7a3a576316f72b704370a7a6f58a2d2a362efbe0c9c8c37c1b10edaffb24b,gx-no-cache=1569845457097 HTTP/1.1" 200 29
190.171.152.234 - - [30/Sep/2019:09:19:33 -0300] "GET /cormun/static/menuarrow.gif HTTP/1.1" 404 1015
190.171.152.234 - - [30/Sep/2019:09:19:41 -0300] "GET /cormun/servlet/solicitudot?5b5a0536dd3bc7a27f48a3e21d76dfc5f03fdd7b1403d787e457d6fbbc640c59c7a91677cfadd3ff6550b7c6274925bf,gx-no-cache=1569845465063 HTTP/1.1" 200 30
190.171.142.10 - - [30/Sep/2019:09:20:20 -0300] "GET /cormun/servlet/trcontratoobservacion? HTTP/1.1" 200 6748
190.171.142.10 - - [30/Sep/2019:09:20:21 -0300] "GET /cormun/static/gxcfg.js?2017525126861 HTTP/1.1" 200 953
190.171.142.10 - - [30/Sep/2019:09:20:21 -0300] "GET /cormun/static/trcontratoobservacion.js?20175251261223 HTTP/1.1" 200 25148
190.171.142.10 - - [30/Sep/2019:09:20:22 -0300] "GET /cormun/servlet/trcontratoobservacion? HTTP/1.1" 200 6738
190.171.142.10 - - [30/Sep/2019:09:20:53 -0300] "GET /cormun/servlet/trcontratoobservacion? HTTP/1.1" 200 6738
190.171.142.10 - - [30/Sep/2019:09:20:55 -0300] "GET /cormun/servlet/trcontratoobservacion? HTTP/1.1" 200 6738
200.111.191.212 - - [30/Sep/2019:09:21:07 -0300] "GET /favicon.ico HTTP/1.1" 200 21630
200.111.191.212 - - [30/Sep/2019:09:21:07 -0300] "GET /cormun/servlet/trlicencias? HTTP/1.1" 200 6136
200.111.191.212 - - [30/Sep/2019:09:21:07 -0300] "GET /cormun/servlet/trlicencias? HTTP/1.1" 200 6131
200.111.191.212 - - [30/Sep/2019:09:21:08 -0300] "GET /cormun/servlet/trlicencias? HTTP/1.1" 200 6131
200.111.191.212 - - [30/Sep/2019:09:21:08 -0300] "GET /cormun/servlet/hlogin HTTP/1.1" 200 1737
200.111.191.212 - - [30/Sep/2019:09:21:13 -0300] "POST /cormun/servlet/hlogin?0ed8fc7b59c223b11d0baa3b18c0013d,gx-no-cache=1569845942586 HTTP/1.1" 200 90
200.111.191.212 - - [30/Sep/2019:09:21:13 -0300] "GET /cormun/servlet/hpexe_link HTTP/1.1" 200 953
200.111.191.212 - - [30/Sep/2019:09:21:13 -0300] "GET /cormun/servlet/trlicencias HTTP/1.1" 200 14467
200.111.191.212 - - [30/Sep/2019:09:21:14 -0300] "GET /cormun/servlet/trlicencias HTTP/1.1" 200 14484
200.111.191.212 - - [30/Sep/2019:09:21:24 -0300] "GET /cormun/servlet/licenciaspermisos?INS,0,,, HTTP/1.1" 200 7557
200.111.191.212 - - [30/Sep/2019:09:21:25 -0300] "GET /cormun/servlet/licenciaspermisos?INS,0,,, HTTP/1.1" 200 7565
200.111.191.212 - - [30/Sep/2019:09:21:29 -0300] "GET /cormun/servlet/licenciaspermisos?12fe13384c1c9481621b9b35cea58cc8fb000a0919a6244bcb96f3a0b2e598db906311a226f6e60440942d8189c48c1e,gx-no-cache=1569845958595 HTTP/1.1" 200 105
200.111.191.212 - - [30/Sep/2019:09:21:29 -0300] "POST /cormun/servlet/licenciaspermisos?0ed8fc7b59c223b11d0baa3b18c0013d,INS,0,,,,gx-no-cache=1569845958675 HTTP/1.1" 200 4738
190.171.152.234 - - [30/Sep/2019:09:21:38 -0300] "POST /cormun/servlet/solicitudot?gx-no-cache=1569845581852 HTTP/1.1" 200 255
190.171.152.234 - - [30/Sep/2019:09:21:43 -0300] "GET /cormun/servlet/solicitudot?5b5a0536dd3bc7a27f48a3e21d76dfc53ca2d680566ec0a59efcbfddd514f88da94104b861cfe0ca6607d3b5e54187ddf0f87c2f5a944c1508d48d2e4ddaf92c04fbe69714fd975aa2a08e2755118d3dca506009b04a002efe139e611d36b412eff378bda02d239a3ee0f6510e231c43679ea090953e7f4d8689887debd1f8f0f0e2eced8f4db79a63b833b7772743ac5711701119ec7b0abe62426c888696936475cc75f8a8e0c8d2431e898de67230b8163f0077207bf773b94b93ee4b8ea6392e8fca21fcafd489f890b60bcca6e3e12c16d3cd9c6e76f96517826f4314cc1f616dd622516b83cd0de688e27e88ad9cf50ad24e14657aa4d440d18df5be0707602be4f33718b2885e79959ea72bd25f8b8930cb9c175d6c9b66d75d648376c5a8632e624d37a03f6852ea4c02ff25ec257972ef40afcec1d223f828f73179a2ba9f129077565c800ffea101593755a2c45d96d290081a020e64dab83e7367061b075ec4787f5008ead03e97a7d81031e8fd1512516c87520a38bf06671208,gx-no-cache=1569845587867 HTTP/1.1" 200 30
190.171.152.234 - - [30/Sep/2019:09:21:59 -0300] "POST /cormun/servlet/solicitudot?gx-no-cache=1569845603499 HTTP/1.1" 200 30
190.171.152.234 - - [30/Sep/2019:09:22:03 -0300] "POST /cormun/servlet/solicitudot?gx-no-cache=1569845607192 HTTP/1.1" 200 1361
190.171.152.234 - - [30/Sep/2019:09:22:03 -0300] "POST /cormun/servlet/solicitudot?gx-no-cache=1569845607250 HTTP/1.1" 200 41
190.171.152.234 - - [30/Sep/2019:09:22:03 -0300] "GET /cormun/servlet/solicitudot?5b5a0536dd3bc7a27f48a3e21d76dfc50b27dc8efacba1f4de0521f417c263cc8da60b66ac4cdb6b61a653698db939bab152deade82902d43cce8ee920ff45d5f71ee48c2d584d856486a6fc393956baa7dc72c2c6b9c763a02718669922a55f6938d3cc406facc56686a6269451f16c,gx-no-cache=1569845607302 HTTP/1.1" 200 110
190.171.152.234 - - [30/Sep/2019:09:22:03 -0300] "POST /cormun/servlet/solicitudot?gx-no-cache=1569845607351 HTTP/1.1" 200 109
200.111.191.212 - - [30/Sep/2019:09:22:09 -0300] "GET /cormun/servlet/licenciaspermisos?12fe13384c1c9481621b9b35cea58cc81cc157ed83f7fd4918f62188ab714d418bbd0b89ec73bbd977cb31c61fd0ab8c7be0ff9b1689817c9e6c0872649ba2dc05a066e683f8cb8f12d0aeca44ff6956d3aba31a80ba930e8b00698f9467551e9c83cdda20716d3b7e71cab7fe89d7e29d3881965c97123d462d412cbb5f026a6ed6a787ad08a9e447678ed138ea321ba0a3304193593b0031c86c1b745d8f07e7c5a766a02dfe389d3b8f3a256df087,gx-no-cache=1569845998673 HTTP/1.1" 200 30
200.111.191.212 - - [30/Sep/2019:09:22:09 -0300] "GET /cormun/servlet/licenciaspermisos?12fe13384c1c9481621b9b35cea58cc8457a3efd6e280d9a6d36b6f7b09194f482caab35d61c3f2f83316104bd633b93f45cd24a6d331145981aff66e40c12e8fea0350eefd90714a13addbc59d18f4d3b72411290a5e78c54a58033426a23018d39491f179483b81420ed84b71fa714a2d12017bd83fc96429324da3a241aa34cbbd147b54e2037b2e67633b67bcc744e293e84fb72cbb47a3317057ef632c810f79eb831868f69cee17c73b80c8c0d,gx-no-cache=1569845998762 HTTP/1.1" 200 29
200.111.191.212 - - [30/Sep/2019:09:22:10 -0300] "POST /cormun/servlet/licenciaspermisos?0ed8fc7b59c223b11d0baa3b18c0013d,INS,0,,,,gx-no-cache=1569845998819 HTTP/1.1" 200 93
200.111.191.212 - - [30/Sep/2019:09:22:10 -0300] "GET /cormun/servlet/hpexe_return? HTTP/1.1" 200 1009
200.111.191.212 - - [30/Sep/2019:09:22:10 -0300] "GET /cormun/servlet/trlicencias HTTP/1.1" 200 14985
200.111.191.212 - - [30/Sep/2019:09:22:10 -0300] "GET /cormun/servlet/trlicencias HTTP/1.1" 200 14979
200.111.191.212 - - [30/Sep/2019:09:22:13 -0300] "GET /cormun/servlet/alicenciaprn?8265182,L,20190930000000,PU HTTP/1.1" 200 1541
190.171.141.82 - - [30/Sep/2019:09:22:54 -0300] "POST /cormun/servlet/trcontratosolicitud?e5eed9722dee8ba47d1669ed66bb66de,,gx-no-cache=1569845936678 HTTP/1.1" 200 12252
190.171.141.82 - - [30/Sep/2019:09:22:55 -0300] "GET /cormun/static/Resources/PXToolsGridNext.gif HTTP/1.1" 200 369
190.171.141.82 - - [30/Sep/2019:09:22:55 -0300] "GET /cormun/static/Resources/PXToolsGridLast.gif HTTP/1.1" 200 370
190.171.152.234 - - [30/Sep/2019:09:23:31 -0300] "POST /cormun/servlet/solicitudot?gx-no-cache=1569845695035 HTTP/1.1" 200 30
190.171.152.234 - - [30/Sep/2019:09:23:31 -0300] "POST /cormun/servlet/solicitudot?gx-no-cache=1569845695123 HTTP/1.1" 200 1361
190.171.152.234 - - [30/Sep/2019:09:23:31 -0300] "POST /cormun/servlet/solicitudot?gx-no-cache=1569845695195 HTTP/1.1" 200 41
190.171.152.234 - - [30/Sep/2019:09:23:31 -0300] "GET /cormun/servlet/solicitudot?5b5a0536dd3bc7a27f48a3e21d76dfc50b27dc8efacba1f4de0521f417c263cc8da60b66ac4cdb6b61a653698db939bab152deade82902d43cce8ee920ff45d5f71ee48c2d584d856486a6fc393956baa7dc72c2c6b9c763a02718669922a55f6938d3cc406facc56686a6269451f16c,gx-no-cache=1569845695233 HTTP/1.1" 200 110
190.171.152.234 - - [30/Sep/2019:09:23:31 -0300] "POST /cormun/servlet/solicitudot?gx-no-cache=1569845695263 HTTP/1.1" 200 109
190.171.152.234 - - [30/Sep/2019:09:23:31 -0300] "POST /cormun/servlet/solicitudot?gx-no-cache=1569845695291 HTTP/1.1" 200 30
192.168.10.96 - - [30/Sep/2019:09:24:02 -0300] "POST /cormun/servlet/hlogin?d94d9fc3dab89550c1e18000f0cec487,gx-no-cache=1569849413990 HTTP/1.1" 440 972
192.168.10.96 - - [30/Sep/2019:09:24:03 -0300] "GET /cormun/servlet/hlogin HTTP/1.1" 200 1731
192.168.10.96 - - [30/Sep/2019:09:24:08 -0300] "POST /cormun/servlet/hlogin?9361c4c12b50dc6087bad0dc4c2b1129,gx-no-cache=1569849419935 HTTP/1.1" 200 90
192.168.10.96 - - [30/Sep/2019:09:24:08 -0300] "GET /cormun/servlet/hpexe_link HTTP/1.1" 200 952
192.168.10.96 - - [30/Sep/2019:09:24:08 -0300] "GET /cormun/servlet/hhome HTTP/1.1" 200 4775
192.168.10.96 - - [30/Sep/2019:09:24:08 -0300] "GET /cormun/servlet/hhome HTTP/1.1" 200 4771
192.168.10.96 - - [30/Sep/2019:09:24:10 -0300] "GET /cormun/servlet/trsolicitudgral? HTTP/1.1" 200 14450
192.168.10.96 - - [30/Sep/2019:09:24:11 -0300] "GET /cormun/servlet/trsolicitudgral? HTTP/1.1" 200 14447
200.111.191.212 - - [30/Sep/2019:09:24:23 -0300] "GET /cormun/servlet/trlicenciaspermisosadjuntos?8265182,20190930000000,L, HTTP/1.1" 200 6377
200.111.191.212 - - [30/Sep/2019:09:24:23 -0300] "GET /cormun/static/gxcfg.js?20177612163414 HTTP/1.1" 200 953
200.111.191.212 - - [30/Sep/2019:09:24:23 -0300] "GET /cormun/static/trlicenciaspermisosadjuntos.js?20177612163719 HTTP/1.1" 200 21036
200.111.191.212 - - [30/Sep/2019:09:24:23 -0300] "GET /cormun/servlet/trlicenciaspermisosadjuntos?8265182,20190930000000,L, HTTP/1.1" 200 6378
200.111.191.212 - - [30/Sep/2019:09:24:24 -0300] "GET /cormun/servlet/licenciaspermisosadjuntos?INS,8265182,L,20190930000000,, HTTP/1.1" 200 5674
200.111.191.212 - - [30/Sep/2019:09:24:25 -0300] "GET /cormun/static/gxcfg.js?2017761263592 HTTP/1.1" 200 953
200.111.191.212 - - [30/Sep/2019:09:24:25 -0300] "GET /cormun/static/licenciaspermisosadjuntos.js?201776126362 HTTP/1.1" 200 8760
200.111.191.212 - - [30/Sep/2019:09:24:25 -0300] "GET /cormun/static/about:blank HTTP/1.1" 404 1011
200.111.191.212 - - [30/Sep/2019:09:24:25 -0300] "GET /cormun/servlet/licenciaspermisosadjuntos?INS,8265182,L,20190930000000,, HTTP/1.1" 200 5663
192.168.10.96 - - [30/Sep/2019:09:24:25 -0300] "POST /cormun/servlet/trsolicitudgral?9361c4c12b50dc6087bad0dc4c2b1129,,gx-no-cache=1569849437088 HTTP/1.1" 200 5958
192.168.10.96 - - [30/Sep/2019:09:24:29 -0300] "POST /cormun/servlet/trsolicitudgral?9361c4c12b50dc6087bad0dc4c2b1129,,gx-no-cache=1569849440734 HTTP/1.1" 200 13293
200.111.191.212 - - [30/Sep/2019:09:24:43 -0300] "POST /cormun/servlet/licenciaspermisosadjuntos?0ed8fc7b59c223b11d0baa3b18c0013d,INS,8265182,L,20190930000000,, HTTP/1.1" 200 116
200.111.191.212 - - [30/Sep/2019:09:24:43 -0300] "GET /cormun/servlet/hpexe_return? HTTP/1.1" 200 1038
200.111.191.212 - - [30/Sep/2019:09:24:43 -0300] "GET /cormun/servlet/trlicenciaspermisosadjuntos?8265182,20190930000000,L, HTTP/1.1" 200 6841
200.111.191.212 - - [30/Sep/2019:09:24:44 -0300] "GET /cormun/servlet/trlicenciaspermisosadjuntos?8265182,20190930000000,L, HTTP/1.1" 200 6836
200.111.191.212 - - [30/Sep/2019:09:24:46 -0300] "GET /cormun/PublicTempStorage/0520114267403.PDF HTTP/1.1" 200 755584
200.111.191.212 - - [30/Sep/2019:09:24:48 -0300] "GET /cormun/servlet/trlicenciaspermisosadjuntos?8265182,20190930000000,L, HTTP/1.1" 200 6839
200.111.191.212 - - [30/Sep/2019:09:24:48 -0300] "GET /cormun/servlet/trlicenciaspermisosadjuntos?8265182,20190930000000,L, HTTP/1.1" 200 6838
200.111.191.212 - - [30/Sep/2019:09:24:51 -0300] "GET /cormun/servlet/trlicencias? HTTP/1.1" 200 14980
200.111.191.212 - - [30/Sep/2019:09:24:51 -0300] "GET /cormun/servlet/trlicencias? HTTP/1.1" 200 14979
200.111.191.212 - - [30/Sep/2019:09:24:53 -0300] "POST /cormun/servlet/trlicencias?0ed8fc7b59c223b11d0baa3b18c0013d,,gx-no-cache=1569846161795 HTTP/1.1" 200 12416
200.111.191.212 - - [30/Sep/2019:09:24:53 -0300] "GET /cormun/static/Shared/jqueryui/images/ui-bg_highlight-soft_100_c6c2c8_1x100.png HTTP/1.1" 404 1117
200.111.191.212 - - [30/Sep/2019:09:24:53 -0300] "GET /cormun/static/Shared/jqueryui/images/ui-bg_flat_55_fafafa_40x100.png HTTP/1.1" 404 1097
200.111.191.212 - - [30/Sep/2019:09:24:53 -0300] "GET /cormun/static/Shared/jqueryui/images/ui-icons_8d78a5_256x240.png HTTP/1.1" 404 1089
200.111.191.212 - - [30/Sep/2019:09:24:53 -0300] "GET /cormun/static/Shared/jqueryui/images/ui-icons_82798d_256x240.png HTTP/1.1" 404 1089
190.171.152.234 - - [30/Sep/2019:09:25:02 -0300] "GET /cormun/servlet/solicitudot?5b5a0536dd3bc7a27f48a3e21d76dfc5f03fdd7b1403d787e457d6fbbc640c59c7a91677cfadd3ff6550b7c6274925bf,gx-no-cache=1569845786506 HTTP/1.1" 200 30
190.171.152.234 - - [30/Sep/2019:09:25:02 -0300] "POST /cormun/servlet/solicitudot?gx-no-cache=1569845786676 HTTP/1.1" 200 30
190.171.152.234 - - [30/Sep/2019:09:25:03 -0300] "POST /cormun/servlet/solicitudot?2fcbe3cc3fa8ca430d853945a370c1de,INS,0,0,,gx-no-cache=1569845786717 HTTP/1.1" 200 93
190.171.152.234 - - [30/Sep/2019:09:25:03 -0300] "GET /cormun/servlet/hpexe_return? HTTP/1.1" 200 1009
190.171.152.234 - - [30/Sep/2019:09:25:03 -0300] "GET /cormun/static/gxcfg.js?2016101716175148 HTTP/1.1" 304 -
190.171.152.234 - - [30/Sep/2019:09:25:03 -0300] "GET /cormun/servlet/trsolicitudot HTTP/1.1" 200 8929
190.171.152.234 - - [30/Sep/2019:09:25:03 -0300] "GET /cormun/servlet/trsolicitudot HTTP/1.1" 200 8925
190.171.152.234 - - [30/Sep/2019:09:25:11 -0300] "POST /cormun/servlet/trsolicitudot?2fcbe3cc3fa8ca430d853945a370c1de,gx-no-cache=1569845795426 HTTP/1.1" 200 107
190.171.152.234 - - [30/Sep/2019:09:25:11 -0300] "GET /cormun/servlet/trsolicitudadjuntos?2019,16115, HTTP/1.1" 200 6448
190.171.152.234 - - [30/Sep/2019:09:25:11 -0300] "GET /cormun/servlet/trsolicitudadjuntos?2019,16115, HTTP/1.1" 200 6448
190.171.152.234 - - [30/Sep/2019:09:25:14 -0300] "GET /cormun/servlet/solicitudotadjuntos?INS,2019,16115,,1, HTTP/1.1" 200 6393
190.171.152.234 - - [30/Sep/2019:09:25:14 -0300] "GET /cormun/static/about:blank HTTP/1.1" 404 1011
190.171.152.234 - - [30/Sep/2019:09:25:14 -0300] "GET /cormun/servlet/solicitudotadjuntos?INS,2019,16115,,1, HTTP/1.1" 200 6385
190.171.152.234 - - [30/Sep/2019:09:25:15 -0300] "GET /cormun/servlet/solicitudotadjuntos?5b5a0536dd3bc7a27f48a3e21d76dfc5ed145960faf348313cf4e191bdf755422b6a865ad528d7ded06f4b8b94f50ced,gx-no-cache=1569845799453 HTTP/1.1" 200 30
190.171.152.234 - - [30/Sep/2019:09:25:15 -0300] "POST /cormun/servlet/solicitudotadjuntos?2fcbe3cc3fa8ca430d853945a370c1de,INS,2019,16115,,1,,gx-no-cache=1569845799532 HTTP/1.1" 200 4113
190.171.152.234 - - [30/Sep/2019:09:25:21 -0300] "POST /cormun/servlet/solicitudotadjuntos?gx-no-cache=1569845805169 HTTP/1.1" 200 26
190.171.152.234 - - [30/Sep/2019:09:25:29 -0300] "GET /cormun/servlet/solicitudotadjuntos?5b5a0536dd3bc7a27f48a3e21d76dfc5a4246bd5be0692aae55161a1f4e07ce5,gx-no-cache=1569845813887 HTTP/1.1" 200 30
190.171.152.234 - - [30/Sep/2019:09:25:29 -0300] "GET /cormun/servlet/solicitudotadjuntos?5b5a0536dd3bc7a27f48a3e21d76dfc5a4246bd5be0692aae55161a1f4e07ce5,gx-no-cache=1569845813930 HTTP/1.1" 200 30
190.171.152.234 - - [30/Sep/2019:09:25:30 -0300] "POST /cormun/servlet/solicitudotadjuntos?2fcbe3cc3fa8ca430d853945a370c1de,INS,2019,16115,,1, HTTP/1.1" 200 116
190.171.152.234 - - [30/Sep/2019:09:25:30 -0300] "GET /cormun/servlet/hpexe_return? HTTP/1.1" 200 1027
