186.103.159.186 - - [27/Sep/2019:09:24:49 -0300] "GET /cormun/servlet/solicitudotadjuntos?688c67904d32ffd6f9b44c929a0aeebbcde9d59a0f27326ec17ae2e45eb40d1b,gx-no-cache=1569589985578 HTTP/1.1" 200 30
186.103.159.186 - - [27/Sep/2019:09:24:53 -0300] "POST /cormun/servlet/solicitudotadjuntos?233b0738e30e1f13b0b3557d5ce075a7,INS,2019,16111,,1, HTTP/1.1" 200 116
186.103.159.186 - - [27/Sep/2019:09:24:53 -0300] "GET /cormun/servlet/hpexe_return? HTTP/1.1" 200 1025
186.103.159.186 - - [27/Sep/2019:09:24:54 -0300] "GET /cormun/servlet/trsolicitudadjuntos?2019,16111, HTTP/1.1" 200 8733
186.103.159.186 - - [27/Sep/2019:09:24:54 -0300] "GET /cormun/servlet/trsolicitudadjuntos?2019,16111, HTTP/1.1" 200 8729
190.171.141.114 - - [27/Sep/2019:09:24:56 -0300] "GET /cormun/servlet/permisogoce?fd160a5a82b516dfee2a4981bf6e4055a98010f31360d907ef5ddc14bef33a7dfa7fa6b942c476b338d0328641084d0c8b00374aeaef83d4fba0404697a7a070,gx-no-cache=1569586773151 HTTP/1.1" 200 78
186.103.159.186 - - [27/Sep/2019:09:24:56 -0300] "GET /cormun/servlet/solicitudotadjuntos?INS,2019,16111,,1, HTTP/1.1" 200 6077
186.103.159.186 - - [27/Sep/2019:09:24:56 -0300] "GET /cormun/static/about:blank HTTP/1.1" 404 1011
186.103.159.186 - - [27/Sep/2019:09:24:56 -0300] "GET /cormun/servlet/solicitudotadjuntos?INS,2019,16111,,1, HTTP/1.1" 200 6071
186.103.159.186 - - [27/Sep/2019:09:24:57 -0300] "GET /cormun/servlet/solicitudotadjuntos?688c67904d32ffd6f9b44c929a0aeebbbcccd01379e6c796716d6b88465597e2d017a03cc4844baa867e744058f550a7,gx-no-cache=1569589993254 HTTP/1.1" 200 30
186.103.159.186 - - [27/Sep/2019:09:24:57 -0300] "POST /cormun/servlet/solicitudotadjuntos?233b0738e30e1f13b0b3557d5ce075a7,INS,2019,16111,,1,,gx-no-cache=1569589993289 HTTP/1.1" 200 3856
190.171.141.114 - - [27/Sep/2019:09:24:57 -0300] "GET /cormun/static/menuarrow.gif HTTP/1.1" 404 1015
186.103.159.186 - - [27/Sep/2019:09:24:59 -0300] "POST /cormun/servlet/solicitudotadjuntos?gx-no-cache=1569589995274 HTTP/1.1" 200 26
190.171.141.114 - - [27/Sep/2019:09:25:01 -0300] "GET /cormun/servlet/permisogoce?fd160a5a82b516dfee2a4981bf6e40554937077e42949b30b0f25642fe902f82e38934304e28f9bdf41ca95cfd4f177a33edc4a14b8f69c1e345f10518418840,gx-no-cache=1569586778851 HTTP/1.1" 200 48
186.103.159.186 - - [27/Sep/2019:09:25:08 -0300] "GET /cormun/servlet/solicitudotadjuntos?688c67904d32ffd6f9b44c929a0aeebbcde9d59a0f27326ec17ae2e45eb40d1b,gx-no-cache=1569590004129 HTTP/1.1" 200 30
186.103.159.186 - - [27/Sep/2019:09:25:08 -0300] "GET /cormun/servlet/solicitudotadjuntos?688c67904d32ffd6f9b44c929a0aeebbcde9d59a0f27326ec17ae2e45eb40d1b,gx-no-cache=1569590004168 HTTP/1.1" 200 30
190.171.141.114 - - [27/Sep/2019:09:25:10 -0300] "POST /cormun/servlet/permisogoce?c7bdbbb4b38621208ec7545d7b6272af,INS,0,,,,gx-no-cache=1569586786859 HTTP/1.1" 200 93
190.171.141.114 - - [27/Sep/2019:09:25:10 -0300] "GET /cormun/servlet/hpexe_return? HTTP/1.1" 200 1034
190.171.141.114 - - [27/Sep/2019:09:25:11 -0300] "GET /cormun/servlet/trpermisosgoce?gx-no-cache=1569586178265 HTTP/1.1" 200 13654
190.171.141.114 - - [27/Sep/2019:09:25:13 -0300] "GET /cormun/servlet/trpermisosgoce?gx-no-cache=1569586178265 HTTP/1.1" 200 13665
186.103.159.186 - - [27/Sep/2019:09:25:14 -0300] "POST /cormun/servlet/solicitudotadjuntos?233b0738e30e1f13b0b3557d5ce075a7,INS,2019,16111,,1, HTTP/1.1" 200 116
186.103.159.186 - - [27/Sep/2019:09:25:14 -0300] "GET /cormun/servlet/hpexe_return? HTTP/1.1" 200 1025
186.103.159.186 - - [27/Sep/2019:09:25:14 -0300] "GET /cormun/servlet/trsolicitudadjuntos?2019,16111, HTTP/1.1" 200 8951
186.103.159.186 - - [27/Sep/2019:09:25:15 -0300] "GET /cormun/servlet/trsolicitudadjuntos?2019,16111, HTTP/1.1" 200 8949
186.103.159.186 - - [27/Sep/2019:09:25:17 -0300] "GET /cormun/servlet/solicitudotadjuntos?INS,2019,16111,,1, HTTP/1.1" 200 6076
186.103.159.186 - - [27/Sep/2019:09:25:17 -0300] "GET /cormun/static/about:blank HTTP/1.1" 404 1011
186.103.159.186 - - [27/Sep/2019:09:25:17 -0300] "GET /cormun/servlet/solicitudotadjuntos?INS,2019,16111,,1, HTTP/1.1" 200 6068
186.103.159.186 - - [27/Sep/2019:09:25:18 -0300] "GET /cormun/servlet/solicitudotadjuntos?688c67904d32ffd6f9b44c929a0aeebbbcccd01379e6c796716d6b88465597e2d017a03cc4844baa867e744058f550a7,gx-no-cache=1569590014293 HTTP/1.1" 200 30
186.103.159.186 - - [27/Sep/2019:09:25:18 -0300] "POST /cormun/servlet/solicitudotadjuntos?233b0738e30e1f13b0b3557d5ce075a7,INS,2019,16111,,1,,gx-no-cache=1569590014313 HTTP/1.1" 200 3855
190.171.141.114 - - [27/Sep/2019:09:25:20 -0300] "GET /cormun/servlet/permisogoce?INS,0,,, HTTP/1.1" 200 6933
186.103.159.186 - - [27/Sep/2019:09:25:20 -0300] "POST /cormun/servlet/solicitudotadjuntos?gx-no-cache=1569590016516 HTTP/1.1" 200 26
190.171.141.114 - - [27/Sep/2019:09:25:21 -0300] "GET /cormun/servlet/permisogoce?INS,0,,, HTTP/1.1" 200 6912
190.171.141.114 - - [27/Sep/2019:09:25:23 -0300] "POST /cormun/servlet/permisogoce?c7bdbbb4b38621208ec7545d7b6272af,INS,0,,,,gx-no-cache=1569586800163 HTTP/1.1" 200 93
190.171.141.114 - - [27/Sep/2019:09:25:23 -0300] "GET /cormun/servlet/hpexe_return? HTTP/1.1" 200 1034
190.171.141.114 - - [27/Sep/2019:09:25:23 -0300] "GET /cormun/servlet/trpermisosgoce?gx-no-cache=1569586178265 HTTP/1.1" 200 13652
192.168.10.96 - - [27/Sep/2019:09:25:24 -0300] "GET /digitalizacion/servlet/wbadjunto?71608,PU HTTP/1.1" 302 -
192.168.10.96 - - [27/Sep/2019:09:25:24 -0300] "GET /digitalizacion/PublicTempStorage/5260578.tmp HTTP/1.1" 200 1777628
190.171.141.114 - - [27/Sep/2019:09:25:25 -0300] "GET /cormun/servlet/trpermisosgoce?gx-no-cache=1569586178265 HTTP/1.1" 200 13664
186.103.159.186 - - [27/Sep/2019:09:25:26 -0300] "GET /cormun/servlet/solicitudotadjuntos?688c67904d32ffd6f9b44c929a0aeebbcde9d59a0f27326ec17ae2e45eb40d1b,gx-no-cache=1569590022708 HTTP/1.1" 200 30
186.103.159.186 - - [27/Sep/2019:09:25:26 -0300] "GET /cormun/servlet/solicitudotadjuntos?688c67904d32ffd6f9b44c929a0aeebbcde9d59a0f27326ec17ae2e45eb40d1b,gx-no-cache=1569590022724 HTTP/1.1" 200 30
186.103.159.186 - - [27/Sep/2019:09:25:29 -0300] "POST /cormun/servlet/solicitudotadjuntos?233b0738e30e1f13b0b3557d5ce075a7,INS,2019,16111,,1, HTTP/1.1" 200 116
186.103.159.186 - - [27/Sep/2019:09:25:29 -0300] "GET /cormun/servlet/hpexe_return? HTTP/1.1" 200 1025
186.103.159.186 - - [27/Sep/2019:09:25:29 -0300] "GET /cormun/servlet/trsolicitudadjuntos?2019,16111, HTTP/1.1" 200 9123
186.103.159.186 - - [27/Sep/2019:09:25:30 -0300] "GET /cormun/servlet/trsolicitudadjuntos?2019,16111, HTTP/1.1" 200 9120
190.171.141.114 - - [27/Sep/2019:09:25:32 -0300] "GET /cormun/servlet/apermisogoceprn?13225459,P,20190927101715,PU HTTP/1.1" 200 1659
186.103.159.186 - - [27/Sep/2019:09:25:32 -0300] "GET /cormun/servlet/solicitudotadjuntos?INS,2019,16111,,1, HTTP/1.1" 200 6076
186.103.159.186 - - [27/Sep/2019:09:25:32 -0300] "GET /cormun/static/about:blank HTTP/1.1" 404 1011
186.103.159.186 - - [27/Sep/2019:09:25:32 -0300] "GET /cormun/servlet/solicitudotadjuntos?INS,2019,16111,,1, HTTP/1.1" 200 6068
186.103.159.186 - - [27/Sep/2019:09:25:33 -0300] "GET /cormun/servlet/solicitudotadjuntos?688c67904d32ffd6f9b44c929a0aeebbbcccd01379e6c796716d6b88465597e2d017a03cc4844baa867e744058f550a7,gx-no-cache=1569590029084 HTTP/1.1" 200 30
186.103.159.186 - - [27/Sep/2019:09:25:33 -0300] "POST /cormun/servlet/solicitudotadjuntos?233b0738e30e1f13b0b3557d5ce075a7,INS,2019,16111,,1,,gx-no-cache=1569590029115 HTTP/1.1" 200 3855
186.103.159.186 - - [27/Sep/2019:09:25:35 -0300] "POST /cormun/servlet/solicitudotadjuntos?gx-no-cache=1569590031485 HTTP/1.1" 200 26
186.103.159.186 - - [27/Sep/2019:09:25:44 -0300] "GET /cormun/servlet/solicitudotadjuntos?688c67904d32ffd6f9b44c929a0aeebbcde9d59a0f27326ec17ae2e45eb40d1b,gx-no-cache=1569590040374 HTTP/1.1" 200 30
186.103.159.186 - - [27/Sep/2019:09:25:44 -0300] "GET /cormun/servlet/solicitudotadjuntos?688c67904d32ffd6f9b44c929a0aeebbcde9d59a0f27326ec17ae2e45eb40d1b,gx-no-cache=1569590040392 HTTP/1.1" 200 30
186.103.159.186 - - [27/Sep/2019:09:25:45 -0300] "POST /cormun/servlet/solicitudotadjuntos?233b0738e30e1f13b0b3557d5ce075a7,INS,2019,16111,,1, HTTP/1.1" 200 116
186.103.159.186 - - [27/Sep/2019:09:25:46 -0300] "GET /cormun/servlet/hpexe_return? HTTP/1.1" 200 1025
186.103.159.186 - - [27/Sep/2019:09:25:46 -0300] "GET /cormun/servlet/trsolicitudadjuntos?2019,16111, HTTP/1.1" 200 9326
186.103.159.186 - - [27/Sep/2019:09:25:47 -0300] "GET /cormun/servlet/trsolicitudadjuntos?2019,16111, HTTP/1.1" 200 9324
186.103.159.186 - - [27/Sep/2019:09:25:49 -0300] "GET /cormun/servlet/solicitudotadjuntos?INS,2019,16111,,1, HTTP/1.1" 200 6076
186.103.159.186 - - [27/Sep/2019:09:25:49 -0300] "GET /cormun/static/about:blank HTTP/1.1" 404 1011
186.103.159.186 - - [27/Sep/2019:09:25:49 -0300] "GET /cormun/servlet/solicitudotadjuntos?INS,2019,16111,,1, HTTP/1.1" 200 6068
186.103.159.186 - - [27/Sep/2019:09:25:50 -0300] "GET /cormun/servlet/solicitudotadjuntos?688c67904d32ffd6f9b44c929a0aeebbbcccd01379e6c796716d6b88465597e2d017a03cc4844baa867e744058f550a7,gx-no-cache=1569590046441 HTTP/1.1" 200 30
186.103.159.186 - - [27/Sep/2019:09:25:50 -0300] "POST /cormun/servlet/solicitudotadjuntos?233b0738e30e1f13b0b3557d5ce075a7,INS,2019,16111,,1,,gx-no-cache=1569590046460 HTTP/1.1" 200 3855
186.103.159.186 - - [27/Sep/2019:09:25:52 -0300] "POST /cormun/servlet/solicitudotadjuntos?gx-no-cache=1569590048837 HTTP/1.1" 200 26
186.103.159.186 - - [27/Sep/2019:09:25:59 -0300] "GET /cormun/servlet/solicitudotadjuntos?688c67904d32ffd6f9b44c929a0aeebbcde9d59a0f27326ec17ae2e45eb40d1b,gx-no-cache=1569590055459 HTTP/1.1" 200 30
186.103.159.186 - - [27/Sep/2019:09:25:59 -0300] "GET /cormun/servlet/solicitudotadjuntos?688c67904d32ffd6f9b44c929a0aeebbcde9d59a0f27326ec17ae2e45eb40d1b,gx-no-cache=1569590055477 HTTP/1.1" 200 30
186.103.159.186 - - [27/Sep/2019:09:26:03 -0300] "POST /cormun/servlet/solicitudotadjuntos?233b0738e30e1f13b0b3557d5ce075a7,INS,2019,16111,,1, HTTP/1.1" 200 116
186.103.159.186 - - [27/Sep/2019:09:26:03 -0300] "GET /cormun/servlet/hpexe_return? HTTP/1.1" 200 1025
186.103.159.186 - - [27/Sep/2019:09:26:04 -0300] "GET /cormun/servlet/trsolicitudadjuntos?2019,16111, HTTP/1.1" 200 9586
186.103.159.186 - - [27/Sep/2019:09:26:05 -0300] "GET /cormun/servlet/trsolicitudadjuntos?2019,16111, HTTP/1.1" 200 9580
190.171.152.138 - - [27/Sep/2019:09:26:05 -0300] "GET /cormun/servlet/trcontratosolicitud? HTTP/1.1" 200 14525
190.171.152.138 - - [27/Sep/2019:09:26:06 -0300] "GET /cormun/servlet/trcontratosolicitud? HTTP/1.1" 200 14506
186.103.159.186 - - [27/Sep/2019:09:26:06 -0300] "GET /cormun/servlet/solicitudotadjuntos?INS,2019,16111,,1, HTTP/1.1" 200 6076
186.103.159.186 - - [27/Sep/2019:09:26:07 -0300] "GET /cormun/static/about:blank HTTP/1.1" 404 1011
186.103.159.186 - - [27/Sep/2019:09:26:07 -0300] "GET /cormun/servlet/solicitudotadjuntos?INS,2019,16111,,1, HTTP/1.1" 200 6068
186.103.159.186 - - [27/Sep/2019:09:26:07 -0300] "GET /cormun/servlet/solicitudotadjuntos?688c67904d32ffd6f9b44c929a0aeebbbcccd01379e6c796716d6b88465597e2d017a03cc4844baa867e744058f550a7,gx-no-cache=1569590063656 HTTP/1.1" 200 30
186.103.159.186 - - [27/Sep/2019:09:26:07 -0300] "POST /cormun/servlet/solicitudotadjuntos?233b0738e30e1f13b0b3557d5ce075a7,INS,2019,16111,,1,,gx-no-cache=1569590063683 HTTP/1.1" 200 3855
186.103.159.186 - - [27/Sep/2019:09:26:09 -0300] "POST /cormun/servlet/solicitudotadjuntos?gx-no-cache=1569590065476 HTTP/1.1" 200 26
192.168.10.96 - - [27/Sep/2019:09:26:13 -0300] "GET /digitalizacion/servlet/wbadjunto?71608,PU HTTP/1.1" 302 -
190.171.152.138 - - [27/Sep/2019:09:26:17 -0300] "POST /cormun/servlet/trcontratosolicitud?d949d5f239467be27f057a82ac5d5a8f,,gx-no-cache=1569586856116 HTTP/1.1" 200 4223
186.103.159.186 - - [27/Sep/2019:09:26:18 -0300] "GET /cormun/servlet/solicitudotadjuntos?688c67904d32ffd6f9b44c929a0aeebbcde9d59a0f27326ec17ae2e45eb40d1b,gx-no-cache=1569590074316 HTTP/1.1" 200 30
186.103.159.186 - - [27/Sep/2019:09:26:18 -0300] "GET /cormun/servlet/solicitudotadjuntos?688c67904d32ffd6f9b44c929a0aeebbcde9d59a0f27326ec17ae2e45eb40d1b,gx-no-cache=1569590074335 HTTP/1.1" 200 30
186.103.159.186 - - [27/Sep/2019:09:26:21 -0300] "POST /cormun/servlet/solicitudotadjuntos?233b0738e30e1f13b0b3557d5ce075a7,INS,2019,16111,,1, HTTP/1.1" 200 116
186.103.159.186 - - [27/Sep/2019:09:26:21 -0300] "GET /cormun/servlet/hpexe_return? HTTP/1.1" 200 1025
186.103.159.186 - - [27/Sep/2019:09:26:22 -0300] "GET /cormun/servlet/trsolicitudadjuntos?2019,16111, HTTP/1.1" 200 9826
186.103.159.186 - - [27/Sep/2019:09:26:23 -0300] "GET /cormun/servlet/trsolicitudadjuntos?2019,16111, HTTP/1.1" 200 9821
186.103.159.186 - - [27/Sep/2019:09:26:26 -0300] "POST /cormun/servlet/trsolicitudadjuntos?233b0738e30e1f13b0b3557d5ce075a7,2019,16111,,gx-no-cache=1569590082985 HTTP/1.1" 200 90
186.103.159.186 - - [27/Sep/2019:09:26:26 -0300] "GET /cormun/servlet/hpexe_link HTTP/1.1" 200 967
186.103.159.186 - - [27/Sep/2019:09:26:27 -0300] "GET /cormun/servlet/trsolicitudot HTTP/1.1" 200 8675
186.103.159.186 - - [27/Sep/2019:09:26:27 -0300] "GET /cormun/servlet/trsolicitudot HTTP/1.1" 200 8676
190.171.152.138 - - [27/Sep/2019:09:26:27 -0300] "POST /cormun/servlet/trcontratosolicitud?d949d5f239467be27f057a82ac5d5a8f,,gx-no-cache=1569586865856 HTTP/1.1" 200 4222
186.103.159.186 - - [27/Sep/2019:09:26:30 -0300] "POST /cormun/servlet/trsolicitudot?233b0738e30e1f13b0b3557d5ce075a7,gx-no-cache=1569590086891 HTTP/1.1" 200 105
186.103.159.186 - - [27/Sep/2019:09:26:31 -0300] "GET /cormun/servlet/solicitudot?UPD,2019,16111, HTTP/1.1" 200 15586
190.171.152.138 - - [27/Sep/2019:09:26:31 -0300] "GET /cormun/servlet/trcontratosolicitud? HTTP/1.1" 200 6882
186.103.159.186 - - [27/Sep/2019:09:26:31 -0300] "GET /cormun/servlet/solicitudot?UPD,2019,16111, HTTP/1.1" 200 15595
186.103.159.186 - - [27/Sep/2019:09:26:32 -0300] "POST /cormun/servlet/solicitudot?gx-no-cache=1569590088011 HTTP/1.1" 200 3559
190.171.152.138 - - [27/Sep/2019:09:26:32 -0300] "GET /cormun/servlet/trcontratosolicitud? HTTP/1.1" 200 6882
186.103.159.186 - - [27/Sep/2019:09:26:32 -0300] "POST /cormun/servlet/solicitudot?233b0738e30e1f13b0b3557d5ce075a7,UPD,2019,16111,,gx-no-cache=1569590088146 HTTP/1.1" 200 11874
186.103.159.186 - - [27/Sep/2019:09:26:32 -0300] "GET /cormun/servlet/solicitudot?688c67904d32ffd6f9b44c929a0aeebb74d60beaeaee9b15218269d2db585ddf4a9539bbbe60cce3a56daf5efed4b855,gx-no-cache=1569590088360 HTTP/1.1" 200 30
186.103.159.186 - - [27/Sep/2019:09:26:32 -0300] "GET /cormun/servlet/solicitudot?688c67904d32ffd6f9b44c929a0aeebb70cbcfacb9e3198947534d9f50e48120d9bbdd484a9fcb556432df43df765d894a9539bbbe60cce3a56daf5efed4b855,gx-no-cache=1569590088391 HTTP/1.1" 200 30
186.103.159.186 - - [27/Sep/2019:09:26:32 -0300] "GET /cormun/servlet/solicitudot?688c67904d32ffd6f9b44c929a0aeebb3fe454b9ea7b1299525e9beafcd5c091,gx-no-cache=1569590088416 HTTP/1.1" 200 29
186.103.159.186 - - [27/Sep/2019:09:26:32 -0300] "POST /cormun/servlet/solicitudot?gx-no-cache=1569590088444 HTTP/1.1" 200 238
186.103.159.186 - - [27/Sep/2019:09:26:32 -0300] "GET /cormun/servlet/solicitudot?688c67904d32ffd6f9b44c929a0aeebb255148c74cdb61a20e4609d57af01280215c594497d4ba3ef80e0ba189fc1e3932957ef7c9578bbc6daa2294578ee2a380fa4549f0452a3823f5a4867a6ae9bedf50518ad24430381ca59423d456b54dd38e822e781671239843136fafb5ac71733f68036278306503e9affb95200673bb060961c193bccdfd5ed11abb857a3611335778e8cd6c32d0433a6d634062c09010bf53217d4ca1b77e482c01bfed75e61b3e234d88df15888a2963ad93e0bfde10e65c6966b6fe0af046a60b5978377a8b25dfa569b9bceb0ce5379baa2fd71552325c55c43fa048162831c67bbfaa734c96005d72cc801f1f618499ec1152928fbc4840b37e194bf9e3fddec2791f03f70709f87e719db5d9e4a26705241e4c5ec9cf2c18b9bec59422219adf42023e9d30bde794aea72821e50654942ffcf15015e658db731f5ef4dac74d83c8e90342a8ae877eb4bf2c4698ca5c608f3ccd2419b3c5ff77006e8343c257dc4016d3193a3fe880a6a365624e738952e23b,gx-no-cache=1569590088480 HTTP/1.1" 200 30
186.103.159.186 - - [27/Sep/2019:09:26:32 -0300] "POST /cormun/servlet/solicitudot?gx-no-cache=1569590088507 HTTP/1.1" 200 30
186.103.159.186 - - [27/Sep/2019:09:26:32 -0300] "POST /cormun/servlet/solicitudot?gx-no-cache=1569590088581 HTTP/1.1" 200 1361
186.103.159.186 - - [27/Sep/2019:09:26:32 -0300] "POST /cormun/servlet/solicitudot?gx-no-cache=1569590088699 HTTP/1.1" 200 41
190.171.152.138 - - [27/Sep/2019:09:26:42 -0300] "GET /cormun/servlet/trcontratosolicitud? HTTP/1.1" 200 6882
190.171.152.138 - - [27/Sep/2019:09:26:42 -0300] "GET /cormun/servlet/trcontratosolicitud? HTTP/1.1" 200 6882
186.103.159.186 - - [27/Sep/2019:09:26:44 -0300] "GET /cormun/servlet/solicitudot?688c67904d32ffd6f9b44c929a0aeebbd2fc79c006d58e1c5921ba17f68321e527701756b0eadfbb38b71327b7d56193c8e751adf78a5f24c111f029d4c4bcdccfb9bd3ef3f77626146632f91ae693bd1d1e1c3a599f96dfb1337524766bdbd3adf3ff6a8bc6fb758b8a08de11f4eb0a,gx-no-cache=1569590100359 HTTP/1.1" 200 110
186.103.159.186 - - [27/Sep/2019:09:26:44 -0300] "POST /cormun/servlet/solicitudot?gx-no-cache=1569590100390 HTTP/1.1" 200 67
186.103.159.186 - - [27/Sep/2019:09:26:44 -0300] "GET /cormun/servlet/solicitudot?688c67904d32ffd6f9b44c929a0aeebbfa7a2823a4ca4285868d1c54853000749c95dd95db3ba2442478ebe4975772e49c6b37084f0896a8a05f41ecbc46f6486a8a413b10e7f9bb6e9dc992e0bcdcde0697f5134261a78fdff38c8f6d24edd3b1e7355dc8aa9ab0e6dd3796b0e7fc87,gx-no-cache=1569590100430 HTTP/1.1" 200 29
186.103.159.186 - - [27/Sep/2019:09:26:44 -0300] "GET /cormun/servlet/solicitudot?688c67904d32ffd6f9b44c929a0aeebbe536b14ff668dfbab8e64b6e42bde4461363044c6526570e9352e4a054057f27,gx-no-cache=1569590100457 HTTP/1.1" 200 30
186.103.159.186 - - [27/Sep/2019:09:26:44 -0300] "POST /cormun/servlet/solicitudot?gx-no-cache=1569590100486 HTTP/1.1" 200 34
186.103.159.186 - - [27/Sep/2019:09:26:44 -0300] "POST /cormun/servlet/solicitudot?233b0738e30e1f13b0b3557d5ce075a7,UPD,2019,16111,,gx-no-cache=1569590100518 HTTP/1.1" 200 93
186.103.159.186 - - [27/Sep/2019:09:26:44 -0300] "GET /cormun/servlet/hpexe_return? HTTP/1.1" 200 1012
186.103.159.186 - - [27/Sep/2019:09:26:44 -0300] "GET /cormun/servlet/trsolicitudot HTTP/1.1" 200 8678
186.103.159.186 - - [27/Sep/2019:09:26:45 -0300] "GET /cormun/servlet/trsolicitudot HTTP/1.1" 200 8676
190.171.152.138 - - [27/Sep/2019:09:26:50 -0300] "POST /cormun/servlet/trcontratosolicitud?d949d5f239467be27f057a82ac5d5a8f,,gx-no-cache=1569586888841 HTTP/1.1" 200 12171
190.171.152.138 - - [27/Sep/2019:09:26:51 -0300] "GET /cormun/static/Resources/PXToolsGridLast.gif HTTP/1.1" 200 370
190.171.152.138 - - [27/Sep/2019:09:26:51 -0300] "GET /cormun/static/Resources/PXToolsGridNext.gif HTTP/1.1" 200 369
186.103.159.186 - - [27/Sep/2019:09:26:56 -0300] "POST /cormun/servlet/trsolicitudot?233b0738e30e1f13b0b3557d5ce075a7,gx-no-cache=1569590112386 HTTP/1.1" 200 4578
186.103.159.186 - - [27/Sep/2019:09:26:56 -0300] "GET /cormun/static/Shared/jqueryui/images/ui-bg_highlight-soft_100_c6c2c8_1x100.png HTTP/1.1" 404 1117
186.103.159.186 - - [27/Sep/2019:09:26:56 -0300] "GET /cormun/static/Shared/jqueryui/images/ui-icons_82798d_256x240.png HTTP/1.1" 404 1089
186.103.159.186 - - [27/Sep/2019:09:26:56 -0300] "GET /cormun/static/Shared/jqueryui/images/ui-icons_8d78a5_256x240.png HTTP/1.1" 404 1089
186.103.159.186 - - [27/Sep/2019:09:26:56 -0300] "GET /cormun/static/Shared/jqueryui/images/ui-bg_flat_55_fafafa_40x100.png HTTP/1.1" 404 1097
186.103.159.186 - - [27/Sep/2019:09:26:56 -0300] "POST /cormun/servlet/trsolicitudot?233b0738e30e1f13b0b3557d5ce075a7,gx-no-cache=1569590112796 HTTP/1.1" 200 4316
186.103.159.186 - - [27/Sep/2019:09:27:03 -0300] "GET /cormun/servlet/hlogin HTTP/1.1" 200 1718
190.171.152.138 - - [27/Sep/2019:09:27:09 -0300] "POST /cormun/servlet/trcontratosolicitud?d949d5f239467be27f057a82ac5d5a8f,,gx-no-cache=1569586907962 HTTP/1.1" 200 9939
190.171.152.138 - - [27/Sep/2019:09:27:09 -0300] "GET /cormun/static/Resources/PXToolsGridFirst.gif HTTP/1.1" 200 379
190.171.152.138 - - [27/Sep/2019:09:27:09 -0300] "GET /cormun/static/Resources/PXToolsGridPrevious.gif HTTP/1.1" 200 369
186.103.159.186 - - [27/Sep/2019:09:27:10 -0300] "POST /cormun/servlet/hlogin?233b0738e30e1f13b0b3557d5ce075a7,gx-no-cache=1569590126474 HTTP/1.1" 200 90
186.103.159.186 - - [27/Sep/2019:09:27:10 -0300] "GET /cormun/servlet/hpexe_link HTTP/1.1" 200 949
186.103.159.186 - - [27/Sep/2019:09:27:10 -0300] "GET /cormun/servlet/hhome HTTP/1.1" 200 4214
186.103.159.186 - - [27/Sep/2019:09:27:10 -0300] "GET /cormun/static/SmoothNavMenu/resources/images/right.gif HTTP/1.1" 200 860
186.103.159.186 - - [27/Sep/2019:09:27:11 -0300] "GET /cormun/servlet/hhome HTTP/1.1" 200 4210
186.103.159.186 - - [27/Sep/2019:09:27:13 -0300] "GET /cormun/servlet/trautorizarsolicitud? HTTP/1.1" 200 8748
186.103.159.186 - - [27/Sep/2019:09:27:13 -0300] "GET /cormun/static/gxcfg.js?2017111423403364 HTTP/1.1" 200 953
186.103.159.186 - - [27/Sep/2019:09:27:13 -0300] "GET /cormun/static/trautorizarsolicitud.js?201711142340425 HTTP/1.1" 200 53910
186.103.159.186 - - [27/Sep/2019:09:27:13 -0300] "GET /cormun/servlet/trautorizarsolicitud? HTTP/1.1" 200 8746
192.168.10.96 - - [27/Sep/2019:09:27:23 -0300] "POST /digitalizacion/servlet/trdocumentos?7d10bad0cf750c925ee6b2da8e6144b4,,gx-no-cache=1569590415700 HTTP/1.1" 200 3048
186.103.159.186 - - [27/Sep/2019:09:27:23 -0300] "POST /cormun/servlet/trautorizarsolicitud?233b0738e30e1f13b0b3557d5ce075a7,,gx-no-cache=1569590139745 HTTP/1.1" 200 4717
186.103.159.186 - - [27/Sep/2019:09:27:23 -0300] "GET /cormun/static/Shared/jqueryui/images/ui-bg_highlight-soft_100_c6c2c8_1x100.png HTTP/1.1" 404 1117
186.103.159.186 - - [27/Sep/2019:09:27:23 -0300] "GET /cormun/static/Shared/jqueryui/images/ui-icons_82798d_256x240.png HTTP/1.1" 404 1089
186.103.159.186 - - [27/Sep/2019:09:27:23 -0300] "GET /cormun/static/Shared/jqueryui/images/ui-bg_flat_55_fafafa_40x100.png HTTP/1.1" 404 1097
186.103.159.186 - - [27/Sep/2019:09:27:23 -0300] "GET /cormun/static/Shared/jqueryui/images/ui-icons_8d78a5_256x240.png HTTP/1.1" 404 1089
186.103.159.186 - - [27/Sep/2019:09:27:23 -0300] "POST /cormun/servlet/trautorizarsolicitud?233b0738e30e1f13b0b3557d5ce075a7,,gx-no-cache=1569590139930 HTTP/1.1" 200 4455
192.168.10.96 - - [27/Sep/2019:09:27:29 -0300] "POST /digitalizacion/servlet/trdocumentos?7d10bad0cf750c925ee6b2da8e6144b4,,gx-no-cache=1569590422128 HTTP/1.1" 200 3028
190.171.141.122 - - [27/Sep/2019:09:28:26 -0300] "GET /cormun/servlet/trpermisosgoce? HTTP/1.1" 200 9622
190.171.141.122 - - [27/Sep/2019:09:28:26 -0300] "GET /cormun/servlet/trpermisosgoce? HTTP/1.1" 200 9622
190.171.141.122 - - [27/Sep/2019:09:29:28 -0300] "GET /cormun/servlet/trpermisosingoce? HTTP/1.1" 200 8655
190.171.141.122 - - [27/Sep/2019:09:29:29 -0300] "GET /cormun/servlet/trpermisosingoce? HTTP/1.1" 200 8654
190.171.141.122 - - [27/Sep/2019:09:29:38 -0300] "GET /cormun/servlet/permisosingoce?UPD,443, HTTP/1.1" 200 7234
190.171.141.122 - - [27/Sep/2019:09:29:38 -0300] "GET /cormun/servlet/permisosingoce?UPD,443, HTTP/1.1" 200 7234
190.171.141.122 - - [27/Sep/2019:09:29:40 -0300] "GET /cormun/servlet/permisosingoce?2e82ce702ca027d0966c68978c5490e421c5b98902989972b60e515bf39f7e3238f9468b170fbe86df09dfc5c98317cb165743b587b9fd89242e1974309d9d8c,gx-no-cache=1569587058112 HTTP/1.1" 200 86
190.171.141.122 - - [27/Sep/2019:09:29:40 -0300] "GET /cormun/servlet/permisosingoce?2e82ce702ca027d0966c68978c5490e4970dfb062993ad8d857657e46a9272acfb6497d6a4b8c9904962f38df6e0aaea,gx-no-cache=1569587058214 HTTP/1.1" 200 33
190.171.141.122 - - [27/Sep/2019:09:29:44 -0300] "GET /cormun/servlet/permisosingoce?2e82ce702ca027d0966c68978c5490e4bff056a2a6b21906d5ea516e600cf83bca16874a16d473adf5470d1311ccfebfeae6120cf076b108564879fc7cfdb18d4fb08a74a0545365697974288453848ca6476bde5d38242c891bc6a9e69de721f2d3e5dad3b6f123e7e823bdfaa4b4191059abc4057a7aa2573a3d8d8c15600dcf2868aa02c123e1e507c4c0923a235389376071f50dfe59dc8406499232385a,gx-no-cache=1569587061824 HTTP/1.1" 200 41
190.171.141.122 - - [27/Sep/2019:09:29:46 -0300] "POST /cormun/servlet/permisosingoce?a219e90dbe932acb15cd05603ecca05b,UPD,443,,gx-no-cache=1569587063689 HTTP/1.1" 200 93
190.171.141.122 - - [27/Sep/2019:09:29:46 -0300] "GET /cormun/servlet/hpexe_return? HTTP/1.1" 200 1013
190.171.141.122 - - [27/Sep/2019:09:29:47 -0300] "GET /cormun/servlet/trpermisosingoce HTTP/1.1" 200 8650
190.171.141.122 - - [27/Sep/2019:09:29:47 -0300] "GET /cormun/servlet/trpermisosingoce HTTP/1.1" 200 8646
190.171.141.122 - - [27/Sep/2019:09:29:56 -0300] "GET /cormun/servlet/apermisosingoceprn?443,PU HTTP/1.1" 200 1647
192.168.10.96 - - [27/Sep/2019:09:32:15 -0300] "POST /digitalizacion/servlet/trdocumentos?7d10bad0cf750c925ee6b2da8e6144b4,,gx-no-cache=1569590707679 HTTP/1.1" 200 3028
192.168.10.96 - - [27/Sep/2019:09:32:28 -0300] "POST /digitalizacion/servlet/trdocumentos?7d10bad0cf750c925ee6b2da8e6144b4,,gx-no-cache=1569590720807 HTTP/1.1" 200 3030
190.171.152.138 - - [27/Sep/2019:09:33:24 -0300] "GET /cormun/servlet/hlogin HTTP/1.1" 200 1742
88.249.64.94 - - [27/Sep/2019:09:35:35 -0300] "GET / HTTP/1.0" 200 11197
186.103.156.24 - - [27/Sep/2019:09:35:55 -0300] "GET /cormun/servlet/hlogin HTTP/1.1" 200 1729
186.103.156.24 - - [27/Sep/2019:09:36:06 -0300] "POST /cormun/servlet/hlogin?5e2f7be88491edbe42e4dc64139eb238,gx-no-cache=1569583971516 HTTP/1.1" 200 90
186.103.156.24 - - [27/Sep/2019:09:36:06 -0300] "GET /cormun/servlet/hpexe_link HTTP/1.1" 200 957
186.103.156.24 - - [27/Sep/2019:09:36:07 -0300] "GET /cormun/servlet/hhome HTTP/1.1" 200 4345
186.103.156.24 - - [27/Sep/2019:09:36:08 -0300] "GET /cormun/servlet/hhome HTTP/1.1" 200 4342
186.103.156.24 - - [27/Sep/2019:09:36:11 -0300] "GET /cormun/servlet/trlicencias? HTTP/1.1" 200 10819
186.103.156.24 - - [27/Sep/2019:09:36:11 -0300] "GET /cormun/servlet/trlicencias? HTTP/1.1" 200 10825
186.103.156.24 - - [27/Sep/2019:09:36:29 -0300] "GET /cormun/servlet/alicenciaprn?12376294,L,20190924000000,PU HTTP/1.1" 200 1539
190.171.141.98 - - [27/Sep/2019:09:39:54 -0300] "GET /cormun/servlet/licenciaspermisos?INS,0,,, HTTP/1.1" 200 6777
190.171.141.98 - - [27/Sep/2019:09:39:56 -0300] "GET /cormun/servlet/licenciaspermisos?INS,0,,, HTTP/1.1" 200 6788
190.171.141.98 - - [27/Sep/2019:09:39:56 -0300] "GET /cormun/servlet/licenciaspermisos?INS,0,,, HTTP/1.1" 200 6788
190.171.141.98 - - [27/Sep/2019:09:39:56 -0300] "GET /cormun/servlet/hlogin HTTP/1.1" 200 1746
186.103.156.24 - - [27/Sep/2019:09:40:03 -0300] "GET /cormun/servlet/trsolicitudot? HTTP/1.1" 200 7556
186.103.156.24 - - [27/Sep/2019:09:40:03 -0300] "GET /cormun/static/gxui/gxui-all.css?120300 HTTP/1.1" 200 2179
186.103.156.24 - - [27/Sep/2019:09:40:03 -0300] "GET /cormun/static/gxcfg.js?2017111422585916 HTTP/1.1" 200 953
186.103.156.24 - - [27/Sep/2019:09:40:03 -0300] "GET /cormun/static/calendar-system.css?85620 HTTP/1.1" 200 5572
186.103.156.24 - - [27/Sep/2019:09:40:03 -0300] "GET /cormun/static/trsolicitudot.js?201711142259839 HTTP/1.1" 200 54041
186.103.156.24 - - [27/Sep/2019:09:40:04 -0300] "GET /cormun/static/Resources/Spanish/PXTools.css?1255365 HTTP/1.1" 200 89042
186.103.156.24 - - [27/Sep/2019:09:40:04 -0300] "GET /cormun/static/Shared/ext/resources/css/ext-all.css?215870 HTTP/1.1" 200 416045
186.103.156.24 - - [27/Sep/2019:09:40:04 -0300] "GET /cormun/servlet/trsolicitudot? HTTP/1.1" 200 7556
190.171.141.98 - - [27/Sep/2019:09:40:07 -0300] "POST /cormun/servlet/hlogin?bde1d5b8806e3dccfb69ab31abf34d3b,gx-no-cache=1569587687344 HTTP/1.1" 200 90
190.171.141.98 - - [27/Sep/2019:09:40:07 -0300] "GET /cormun/servlet/hpexe_link HTTP/1.1" 200 967
190.171.141.98 - - [27/Sep/2019:09:40:08 -0300] "GET /cormun/servlet/licenciaspermisos?INS,0,,, HTTP/1.1" 200 7586
186.103.156.24 - - [27/Sep/2019:09:40:09 -0300] "GET /cormun/servlet/solicitudot?INS,0,0, HTTP/1.1" 200 15407
190.171.141.98 - - [27/Sep/2019:09:40:09 -0300] "GET /cormun/servlet/licenciaspermisos?INS,0,,, HTTP/1.1" 200 7592
186.103.156.24 - - [27/Sep/2019:09:40:09 -0300] "GET /cormun/static/gxcfg.js?20189101114418 HTTP/1.1" 200 953
186.103.156.24 - - [27/Sep/2019:09:40:09 -0300] "GET /cormun/static/solicitudot.js?20189101114718 HTTP/1.1" 200 71883
186.103.156.24 - - [27/Sep/2019:09:40:09 -0300] "GET /cormun/servlet/solicitudot?INS,0,0, HTTP/1.1" 200 15412
190.171.141.98 - - [27/Sep/2019:09:40:13 -0300] "GET /cormun/servlet/trlicencias? HTTP/1.1" 200 12083
190.171.141.98 - - [27/Sep/2019:09:40:15 -0300] "GET /cormun/servlet/trlicencias? HTTP/1.1" 200 12076
186.103.156.24 - - [27/Sep/2019:09:40:22 -0300] "POST /cormun/servlet/solicitudot?gx-no-cache=1569584226854 HTTP/1.1" 200 3641
186.103.156.24 - - [27/Sep/2019:09:40:22 -0300] "POST /cormun/servlet/solicitudot?5e2f7be88491edbe42e4dc64139eb238,INS,0,0,,gx-no-cache=1569584227152 HTTP/1.1" 200 12132
190.171.141.98 - - [27/Sep/2019:09:40:23 -0300] "POST /cormun/servlet/acontrolpreferencessavestate?None,CANGELEV,true HTTP/1.1" 200 35
190.171.141.98 - - [27/Sep/2019:09:40:24 -0300] "GET /cormun/servlet/trlicencias? HTTP/1.1" 200 12094
190.171.141.98 - - [27/Sep/2019:09:40:25 -0300] "GET /cormun/servlet/trlicencias? HTTP/1.1" 200 12094
186.103.156.24 - - [27/Sep/2019:09:40:36 -0300] "GET /cormun/servlet/solicitudot?4923ecfebbb6b6e76e774a96de31c0f25e04bbde21eed9d84d83b4363123bb9b16e40cb2fd1962a79582d3d5de2dcbae,gx-no-cache=1569584241231 HTTP/1.1" 200 30
186.103.156.24 - - [27/Sep/2019:09:40:36 -0300] "GET /cormun/servlet/solicitudot?4923ecfebbb6b6e76e774a96de31c0f21a39c189baaf982cd2a241f84dea184bb1f27e67e74811f2f51d49d90e61c99981c3363fa1012a37413c955ababd858f,gx-no-cache=1569584241276 HTTP/1.1" 200 30
186.103.156.24 - - [27/Sep/2019:09:40:36 -0300] "GET /cormun/servlet/solicitudot?4923ecfebbb6b6e76e774a96de31c0f27c613a7e24aac4f4a3034c84247d0605,gx-no-cache=1569584241303 HTTP/1.1" 200 53
186.103.156.24 - - [27/Sep/2019:09:40:36 -0300] "POST /cormun/servlet/solicitudot?gx-no-cache=1569584241334 HTTP/1.1" 200 240
186.103.156.24 - - [27/Sep/2019:09:40:36 -0300] "GET /cormun/servlet/solicitudot?4923ecfebbb6b6e76e774a96de31c0f2cd598344b25b6403e3e6ea72bb5df4de0eb614eb9797282fbceef210a006729d0d1d63b599929424658712683ab214162c414009ed2850a93624d94b550bc1fd1b8011f833ffc321d97ca132f495300a5e221346f6b01fe3bf7b45478fd5e4db80cb791e4cec85030f2e8c979fea8e38afb4ada60dad109fedd2a05e8d7def0d57258bb3ced5d7e2e3ac23e2facfc24ee8ef340fbe74116e126129dfbc7641b03fc36a639ca1b178db9dd6d453e608da6f4b864d2dde1beac3c26ac5bbb8816409cbf9d4d4699102484063c64e550e43e8de095d7cb78ff74e435e0d1fb788bac6c08e4983a76c2c1876fd99f075769a07a7d9e3ff5c909b4e37868066c043cffa93537755de6226ad8bb06c9b9d901d18cd86f0fdf46e2adf5e0c4c4a6588737bc2dcb889962bd2cf7dd8ef34438d4906fde035c27ccfbaa041cb5235873a2c7d0f7ace5628e84778f7bd90cfa335e9166305f02471eb51cb58a9ad6f9ccef42a547fee7725f1c1230af79c1163ad56,gx-no-cache=1569584241416 HTTP/1.1" 200 30
186.103.156.24 - - [27/Sep/2019:09:40:43 -0300] "POST /cormun/servlet/solicitudot?gx-no-cache=1569584248065 HTTP/1.1" 200 30
186.103.156.24 - - [27/Sep/2019:09:41:09 -0300] "POST /cormun/servlet/solicitudot?gx-no-cache=1569584273349 HTTP/1.1" 200 1360
186.103.156.24 - - [27/Sep/2019:09:41:09 -0300] "GET /cormun/static/menuarrow.gif HTTP/1.1" 404 1015
190.171.141.122 - - [27/Sep/2019:09:41:15 -0300] "GET /cormun/servlet/trpermisosingoceadjunto?442,17134154, HTTP/1.1" 200 6448
190.171.141.122 - - [27/Sep/2019:09:41:15 -0300] "GET /cormun/static/gxcfg.js?2017761217146 HTTP/1.1" 200 953
190.171.141.122 - - [27/Sep/2019:09:41:15 -0300] "GET /cormun/static/trpermisosingoceadjunto.js?20177612171634 HTTP/1.1" 200 16925
190.171.141.122 - - [27/Sep/2019:09:41:16 -0300] "GET /cormun/servlet/trpermisosingoceadjunto?442,17134154, HTTP/1.1" 200 6448
190.171.141.122 - - [27/Sep/2019:09:41:17 -0300] "GET /cormun/servlet/permisosingoceadjunto?INS,442,, HTTP/1.1" 200 5753
190.171.141.122 - - [27/Sep/2019:09:41:17 -0300] "GET /cormun/static/gxcfg.js?201752511552178 HTTP/1.1" 200 953
190.171.141.122 - - [27/Sep/2019:09:41:18 -0300] "GET /cormun/static/permisosingoceadjunto.js?201752511552188 HTTP/1.1" 200 6883
190.171.141.122 - - [27/Sep/2019:09:41:18 -0300] "GET /cormun/static/about:blank HTTP/1.1" 404 1011
190.171.141.122 - - [27/Sep/2019:09:41:18 -0300] "GET /cormun/servlet/permisosingoceadjunto?INS,442,, HTTP/1.1" 200 5738
190.171.141.122 - - [27/Sep/2019:09:41:18 -0300] "GET /cormun/servlet/permisosingoceadjunto?2e82ce702ca027d0966c68978c5490e4ad896d7d38cb817f434fdf84cbd6ee7b,gx-no-cache=1569587756023 HTTP/1.1" 200 26
186.103.156.24 - - [27/Sep/2019:09:41:33 -0300] "POST /cormun/servlet/solicitudot?gx-no-cache=1569584298105 HTTP/1.1" 200 118
186.103.156.24 - - [27/Sep/2019:09:41:33 -0300] "GET /cormun/static/Shared/jqueryui/images/ui-bg_highlight-soft_100_c6c2c8_1x100.png HTTP/1.1" 404 1117
186.103.156.24 - - [27/Sep/2019:09:41:33 -0300] "GET /cormun/static/Shared/jqueryui/images/ui-icons_82798d_256x240.png HTTP/1.1" 404 1089
186.103.156.24 - - [27/Sep/2019:09:41:33 -0300] "GET /cormun/static/Shared/jqueryui/images/ui-bg_flat_55_994d53_40x100.png HTTP/1.1" 404 1097
186.103.156.24 - - [27/Sep/2019:09:41:33 -0300] "GET /cormun/static/Shared/jqueryui/images/ui-icons_ebccce_256x240.png HTTP/1.1" 404 1089
186.103.156.24 - - [27/Sep/2019:09:41:33 -0300] "GET /cormun/servlet/solicitudot?4923ecfebbb6b6e76e774a96de31c0f2a1ae0931527b789dd540dd5908b49060812db525afecbd4578aa6cf7ef52039cafacfcd92d5d0c0061133d8e9f157593dfef1dbfeedc55fc106cb2076e6e8390283ab4fea98a06c0e26a8b5b5a752573b286a3f7b15ff0a736d5eefee55858fd,gx-no-cache=1569584298193 HTTP/1.1" 200 110
186.103.156.24 - - [27/Sep/2019:09:41:33 -0300] "POST /cormun/servlet/solicitudot?gx-no-cache=1569584298224 HTTP/1.1" 200 97
186.103.156.24 - - [27/Sep/2019:09:41:33 -0300] "GET /cormun/servlet/solicitudot?4923ecfebbb6b6e76e774a96de31c0f2b78818f039d56b764bbb7b32303708427776252f24e3e7036ad94d5d4dc43689dbfb8e5db1154802e35d62bb31e4981dc74d32e4ca820cf21fa5e3d303b48e4ad6cb1a2365dc42d91ea4d520a57750a556fc31a8b4f2066d248456ab92a48a6ef96c1d1bafa7181e0739dc6f3e5dbe78547e4f3e72c8f716bbb9a81986d150ddd1af03d0c3ab21ad73adc51fd0447c14d77c96f57db6b0d82cd4b5297438d4867b06e9a260061d1c2b9a201ff1c037f6d5b289e4fb76f1a31d56405df4bae928,gx-no-cache=1569584298258 HTTP/1.1" 200 29
190.171.141.122 - - [27/Sep/2019:09:41:40 -0300] "POST /cormun/servlet/permisosingoceadjunto?a219e90dbe932acb15cd05603ecca05b,INS,442,, HTTP/1.1" 200 116
190.171.141.122 - - [27/Sep/2019:09:41:41 -0300] "GET /cormun/servlet/hpexe_return? HTTP/1.1" 200 1030
190.171.141.122 - - [27/Sep/2019:09:41:41 -0300] "GET /cormun/servlet/trpermisosingoceadjunto?442,17134154, HTTP/1.1" 200 6882
190.171.141.122 - - [27/Sep/2019:09:41:41 -0300] "GET /cormun/servlet/trpermisosingoceadjunto?442,17134154, HTTP/1.1" 200 6878
186.103.156.24 - - [27/Sep/2019:09:41:44 -0300] "POST /cormun/servlet/solicitudot?gx-no-cache=1569584309233 HTTP/1.1" 200 41
186.103.156.24 - - [27/Sep/2019:09:41:44 -0300] "GET /cormun/servlet/solicitudot?4923ecfebbb6b6e76e774a96de31c0f2a1ae0931527b789dd540dd5908b49060812db525afecbd4578aa6cf7ef52039cafacfcd92d5d0c0061133d8e9f157593dfef1dbfeedc55fc106cb2076e6e8390283ab4fea98a06c0e26a8b5b5a752573b286a3f7b15ff0a736d5eefee55858fd,gx-no-cache=1569584309274 HTTP/1.1" 200 110
190.171.141.122 - - [27/Sep/2019:09:41:44 -0300] "POST /cormun/servlet/trpermisosingoceadjunto?a219e90dbe932acb15cd05603ecca05b,442,17134154,,gx-no-cache=1569587781748 HTTP/1.1" 200 90
190.171.141.122 - - [27/Sep/2019:09:41:44 -0300] "GET /cormun/servlet/hpexe_link HTTP/1.1" 200 977
190.171.141.122 - - [27/Sep/2019:09:41:44 -0300] "GET /cormun/servlet/trpermisosingoce HTTP/1.1" 200 8647
190.171.141.122 - - [27/Sep/2019:09:41:45 -0300] "GET /cormun/servlet/trpermisosingoce HTTP/1.1" 200 8646
190.171.141.122 - - [27/Sep/2019:09:41:50 -0300] "GET /cormun/servlet/trpermisosingoceadjunto?443,17134154, HTTP/1.1" 200 6448
190.171.141.122 - - [27/Sep/2019:09:41:50 -0300] "GET /cormun/servlet/trpermisosingoceadjunto?443,17134154, HTTP/1.1" 200 6448
190.171.141.122 - - [27/Sep/2019:09:41:52 -0300] "GET /cormun/servlet/permisosingoceadjunto?INS,443,, HTTP/1.1" 200 5753
190.171.141.122 - - [27/Sep/2019:09:41:52 -0300] "GET /cormun/static/about:blank HTTP/1.1" 404 1011
190.171.141.122 - - [27/Sep/2019:09:41:52 -0300] "GET /cormun/servlet/permisosingoceadjunto?INS,443,, HTTP/1.1" 200 5738
190.171.141.122 - - [27/Sep/2019:09:41:53 -0300] "GET /cormun/servlet/permisosingoceadjunto?2e82ce702ca027d0966c68978c5490e499e23f10772dc599f2ef91d4667fa515,gx-no-cache=1569587790152 HTTP/1.1" 200 26
186.103.156.24 - - [27/Sep/2019:09:41:56 -0300] "GET /cormun/servlet/solicitudot?4923ecfebbb6b6e76e774a96de31c0f2a1ae0931527b789dd540dd5908b49060812db525afecbd4578aa6cf7ef52039cafacfcd92d5d0c0061133d8e9f157593dfef1dbfeedc55fc106cb2076e6e8390283ab4fea98a06c0e26a8b5b5a752573b286a3f7b15ff0a736d5eefee55858fd,gx-no-cache=1569584321069 HTTP/1.1" 200 110
190.171.141.122 - - [27/Sep/2019:09:41:58 -0300] "POST /cormun/servlet/permisosingoceadjunto?a219e90dbe932acb15cd05603ecca05b,INS,443,, HTTP/1.1" 200 116
190.171.141.122 - - [27/Sep/2019:09:41:58 -0300] "GET /cormun/servlet/hpexe_return? HTTP/1.1" 200 1030
190.171.141.122 - - [27/Sep/2019:09:41:58 -0300] "GET /cormun/servlet/trpermisosingoceadjunto?443,17134154, HTTP/1.1" 200 6881
190.171.141.122 - - [27/Sep/2019:09:41:59 -0300] "GET /cormun/servlet/trpermisosingoceadjunto?443,17134154, HTTP/1.1" 200 6879
190.171.141.98 - - [27/Sep/2019:09:42:01 -0300] "GET /cormun/servlet/trlicencias? HTTP/1.1" 200 12094
190.171.141.122 - - [27/Sep/2019:09:42:01 -0300] "POST /cormun/servlet/trpermisosingoceadjunto?a219e90dbe932acb15cd05603ecca05b,443,17134154,,gx-no-cache=1569587798978 HTTP/1.1" 200 90
190.171.141.122 - - [27/Sep/2019:09:42:01 -0300] "GET /cormun/servlet/hpexe_link HTTP/1.1" 200 977
190.171.141.122 - - [27/Sep/2019:09:42:02 -0300] "GET /cormun/servlet/trpermisosingoce HTTP/1.1" 200 8647
190.171.141.122 - - [27/Sep/2019:09:42:02 -0300] "GET /cormun/servlet/trpermisosingoce HTTP/1.1" 200 8646
190.171.141.98 - - [27/Sep/2019:09:42:02 -0300] "GET /cormun/servlet/trlicencias? HTTP/1.1" 200 12094
190.171.144.234 - - [27/Sep/2019:09:42:03 -0300] "GET /cormun/servlet/trlicencias? HTTP/1.1" 200 6146
190.171.144.234 - - [27/Sep/2019:09:42:03 -0300] "GET /cormun/static/gxcfg.js?20176272054169 HTTP/1.1" 200 953
190.171.144.234 - - [27/Sep/2019:09:42:03 -0300] "GET /cormun/static/Resources/PXTools/calendar.png HTTP/1.1" 200 1306
190.171.144.234 - - [27/Sep/2019:09:42:03 -0300] "GET /cormun/static/Resources/Spanish/PXTools.css?17315867 HTTP/1.1" 200 89042
190.171.144.234 - - [27/Sep/2019:09:42:05 -0300] "GET /cormun/servlet/trlicencias? HTTP/1.1" 200 6137
190.171.144.234 - - [27/Sep/2019:09:42:05 -0300] "GET /cormun/servlet/hlogin HTTP/1.1" 200 1738
190.171.141.122 - - [27/Sep/2019:09:42:07 -0300] "POST /cormun/servlet/trpermisosingoce?a219e90dbe932acb15cd05603ecca05b,gx-no-cache=1569587804403 HTTP/1.1" 200 5816
190.171.141.122 - - [27/Sep/2019:09:42:07 -0300] "GET /cormun/static/Shared/jqueryui/images/ui-bg_highlight-soft_100_c6c2c8_1x100.png HTTP/1.1" 404 1117
190.171.141.122 - - [27/Sep/2019:09:42:07 -0300] "GET /cormun/static/Shared/jqueryui/images/ui-icons_82798d_256x240.png HTTP/1.1" 404 1089
190.171.141.122 - - [27/Sep/2019:09:42:07 -0300] "GET /cormun/static/Shared/jqueryui/images/ui-bg_flat_55_fafafa_40x100.png HTTP/1.1" 404 1097
190.171.141.122 - - [27/Sep/2019:09:42:07 -0300] "GET /cormun/static/Shared/jqueryui/images/ui-icons_8d78a5_256x240.png HTTP/1.1" 404 1089
190.171.141.122 - - [27/Sep/2019:09:42:10 -0300] "POST /cormun/servlet/trpermisosingoce?a219e90dbe932acb15cd05603ecca05b,gx-no-cache=1569587806937 HTTP/1.1" 200 5783
190.171.141.122 - - [27/Sep/2019:09:42:18 -0300] "GET /cormun/servlet/trpermisosingoceautorizar? HTTP/1.1" 200 8071
190.171.141.122 - - [27/Sep/2019:09:42:18 -0300] "GET /cormun/static/gxcfg.js?20175251281010 HTTP/1.1" 200 953
190.171.141.122 - - [27/Sep/2019:09:42:18 -0300] "GET /cormun/static/trpermisosingoceautorizar.js?20175251281518 HTTP/1.1" 200 32551
190.171.141.122 - - [27/Sep/2019:09:42:18 -0300] "GET /cormun/servlet/trpermisosingoceautorizar? HTTP/1.1" 200 8071
190.171.141.122 - - [27/Sep/2019:09:42:21 -0300] "POST /cormun/servlet/trpermisosingoceautorizar?a219e90dbe932acb15cd05603ecca05b,,gx-no-cache=1569587818268 HTTP/1.1" 200 5126
190.171.141.122 - - [27/Sep/2019:09:42:21 -0300] "GET /cormun/static/Shared/jqueryui/images/ui-bg_highlight-soft_100_c6c2c8_1x100.png HTTP/1.1" 404 1117
190.171.141.122 - - [27/Sep/2019:09:42:21 -0300] "GET /cormun/static/Shared/jqueryui/images/ui-icons_82798d_256x240.png HTTP/1.1" 404 1089
190.171.141.122 - - [27/Sep/2019:09:42:21 -0300] "GET /cormun/static/Shared/jqueryui/images/ui-icons_8d78a5_256x240.png HTTP/1.1" 404 1089
190.171.141.122 - - [27/Sep/2019:09:42:21 -0300] "GET /cormun/static/Shared/jqueryui/images/ui-bg_flat_55_fafafa_40x100.png HTTP/1.1" 404 1097
190.171.141.122 - - [27/Sep/2019:09:42:22 -0300] "POST /cormun/servlet/trpermisosingoceautorizar?a219e90dbe932acb15cd05603ecca05b,,gx-no-cache=1569587819799 HTTP/1.1" 200 4385
190.171.144.234 - - [27/Sep/2019:09:42:28 -0300] "POST /cormun/servlet/hlogin?5edabf10333703f15b7fa3fd370e05e4,gx-no-cache=1569587826387 HTTP/1.1" 200 90
190.171.144.234 - - [27/Sep/2019:09:42:28 -0300] "GET /cormun/servlet/hpexe_link HTTP/1.1" 200 958
190.171.144.234 - - [27/Sep/2019:09:42:29 -0300] "GET /cormun/servlet/trlicencias HTTP/1.1" 200 10583
190.171.144.234 - - [27/Sep/2019:09:42:29 -0300] "GET /cormun//static/Resources/PXToolsHeaderHelp.png HTTP/1.1" 200 4055
190.171.144.234 - - [27/Sep/2019:09:42:29 -0300] "GET /cormun//static/Resources/PXToolsGridDisplay.png HTTP/1.1" 200 362
190.171.144.234 - - [27/Sep/2019:09:42:29 -0300] "GET /cormun//static/Resources/PXToolsHeaderFavorites.png HTTP/1.1" 200 2744
190.171.144.234 - - [27/Sep/2019:09:42:30 -0300] "GET /cormun//static/Resources/PXToolsActionPrint.png HTTP/1.1" 200 3317
190.171.144.234 - - [27/Sep/2019:09:42:30 -0300] "GET /cormun//static/Resources/PXTools/ActionInsert.png HTTP/1.1" 200 1482
190.171.144.234 - - [27/Sep/2019:09:42:30 -0300] "GET /cormun/servlet/trlicencias HTTP/1.1" 200 10582
190.171.141.98 - - [27/Sep/2019:09:42:32 -0300] "GET /cormun/servlet/licenciaspermisos?INS,0,,, HTTP/1.1" 200 7601
190.171.141.98 - - [27/Sep/2019:09:42:33 -0300] "GET /cormun/servlet/licenciaspermisos?INS,0,,, HTTP/1.1" 200 7609
186.103.156.24 - - [27/Sep/2019:09:42:45 -0300] "GET /cormun/servlet/solicitudot?4923ecfebbb6b6e76e774a96de31c0f25115e67997bc21d4feb9aac6b7807b0ad5cc272eaa95ac3781161fdc0805ec82,gx-no-cache=1569584370580 HTTP/1.1" 200 30
186.103.156.24 - - [27/Sep/2019:09:42:45 -0300] "POST /cormun/servlet/solicitudot?gx-no-cache=1569584370762 HTTP/1.1" 200 34
186.103.156.24 - - [27/Sep/2019:09:42:46 -0300] "POST /cormun/servlet/solicitudot?5e2f7be88491edbe42e4dc64139eb238,INS,0,0,,gx-no-cache=1569584370889 HTTP/1.1" 200 93
186.103.156.24 - - [27/Sep/2019:09:42:46 -0300] "GET /cormun/servlet/hpexe_return? HTTP/1.1" 200 1012
186.103.156.24 - - [27/Sep/2019:09:42:47 -0300] "GET /cormun/servlet/trsolicitudot HTTP/1.1" 200 9029
186.103.156.24 - - [27/Sep/2019:09:42:48 -0300] "GET /cormun//static/Resources/PXToolsRemoveAllAction.png HTTP/1.1" 200 3558
186.103.156.24 - - [27/Sep/2019:09:42:48 -0300] "GET /cormun//static/Resources/PXToolsActionView.png HTTP/1.1" 200 2995
186.103.156.24 - - [27/Sep/2019:09:42:48 -0300] "GET /cormun/servlet/trsolicitudot HTTP/1.1" 200 9025
190.171.141.98 - - [27/Sep/2019:09:43:00 -0300] "GET /cormun/static/Resources/resize.gif HTTP/1.1" 200 77
190.171.141.98 - - [27/Sep/2019:09:43:01 -0300] "GET /cormun/servlet/prfichaempleado?,MD,,gxPopupLevel%3D0%3B HTTP/1.1" 200 9299
190.171.141.98 - - [27/Sep/2019:09:43:01 -0300] "GET /cormun/static/gxcfg.js?20177612134814 HTTP/1.1" 200 953
190.171.141.98 - - [27/Sep/2019:09:43:01 -0300] "GET /cormun/static/Resources/PXToolsMenuSearch.png HTTP/1.1" 200 2914
190.171.141.98 - - [27/Sep/2019:09:43:01 -0300] "GET /cormun/static/Resources/PXToolsMenuSearchCancel.png HTTP/1.1" 200 2972
190.171.141.98 - - [27/Sep/2019:09:43:01 -0300] "GET /cormun/static/prfichaempleado.js?20177612134999 HTTP/1.1" 200 16006
190.171.141.98 - - [27/Sep/2019:09:43:02 -0300] "GET /cormun/static/hmpwkw011.js?20177612121862 HTTP/1.1" 200 1968
190.171.141.98 - - [27/Sep/2019:09:43:02 -0300] "GET /cormun/static/menusearch.js?201610171694467 HTTP/1.1" 200 1424
190.171.141.98 - - [27/Sep/2019:09:43:08 -0300] "GET /cormun/servlet/licenciaspermisos?ac2cdeb6f16557f5fb8d2d72f4dddb853d33d2b0d84ee4b4b6e09e43cdfaecc8bf63e934ab13d0313549a8ef4978a273,gx-no-cache=1569587868055 HTTP/1.1" 200 98
190.171.141.98 - - [27/Sep/2019:09:43:08 -0300] "POST /cormun/servlet/licenciaspermisos?bde1d5b8806e3dccfb69ab31abf34d3b,INS,0,,,,gx-no-cache=1569587868304 HTTP/1.1" 200 4713
186.103.156.24 - - [27/Sep/2019:09:43:12 -0300] "POST /cormun/servlet/trsolicitudot?5e2f7be88491edbe42e4dc64139eb238,gx-no-cache=1569584397622 HTTP/1.1" 200 4805
186.103.156.24 - - [27/Sep/2019:09:43:13 -0300] "GET /cormun/static/Shared/jqueryui/images/ui-bg_highlight-soft_100_c6c2c8_1x100.png HTTP/1.1" 404 1117
186.103.156.24 - - [27/Sep/2019:09:43:13 -0300] "GET /cormun/static/Shared/jqueryui/images/ui-bg_flat_55_fafafa_40x100.png HTTP/1.1" 404 1097
186.103.156.24 - - [27/Sep/2019:09:43:13 -0300] "GET /cormun/static/Shared/jqueryui/images/ui-icons_8d78a5_256x240.png HTTP/1.1" 404 1089
186.103.156.24 - - [27/Sep/2019:09:43:13 -0300] "GET /cormun/static/Shared/jqueryui/images/ui-icons_82798d_256x240.png HTTP/1.1" 404 1089
186.103.156.24 - - [27/Sep/2019:09:43:13 -0300] "POST /cormun/servlet/trsolicitudot?5e2f7be88491edbe42e4dc64139eb238,gx-no-cache=1569584397930 HTTP/1.1" 200 4534
190.171.152.138 - - [27/Sep/2019:09:43:17 -0300] "GET /cormun/servlet/hhome HTTP/1.1" 200 3419
190.171.152.138 - - [27/Sep/2019:09:43:18 -0300] "GET /cormun/servlet/hhome HTTP/1.1" 200 3430
190.171.152.138 - - [27/Sep/2019:09:43:18 -0300] "GET /cormun/servlet/hlogin HTTP/1.1" 200 1732
190.171.152.138 - - [27/Sep/2019:09:43:18 -0300] "GET /cormun/servlet/hhome HTTP/1.1" 200 3430
186.103.156.24 - - [27/Sep/2019:09:43:24 -0300] "GET /cormun/servlet/trvisualizadoreventos? HTTP/1.1" 200 7120
186.103.156.24 - - [27/Sep/2019:09:43:25 -0300] "GET /cormun/static/gxcfg.js?20175251251426 HTTP/1.1" 200 953
186.103.156.24 - - [27/Sep/2019:09:43:25 -0300] "GET /cormun/static/Resources/PXToolsActionPrint.png HTTP/1.1" 200 3317
186.103.156.24 - - [27/Sep/2019:09:43:25 -0300] "GET /cormun/static/trvisualizadoreventos.js?20175251251768 HTTP/1.1" 200 19318
186.103.156.24 - - [27/Sep/2019:09:43:25 -0300] "GET /cormun/servlet/trvisualizadoreventos? HTTP/1.1" 200 7120
190.171.152.138 - - [27/Sep/2019:09:43:28 -0300] "POST /cormun/servlet/hlogin?f6e2c0594057d5b47cbde889abab42b7,gx-no-cache=1569591473654 HTTP/1.1" 200 90
190.171.152.138 - - [27/Sep/2019:09:43:28 -0300] "GET /cormun/servlet/hpexe_link HTTP/1.1" 200 950
190.171.152.138 - - [27/Sep/2019:09:43:28 -0300] "GET /cormun/servlet/hhome HTTP/1.1" 200 3952
190.171.152.138 - - [27/Sep/2019:09:43:29 -0300] "GET /cormun/servlet/hhome HTTP/1.1" 200 3948
190.171.152.138 - - [27/Sep/2019:09:43:31 -0300] "GET /cormun/servlet/trlicencias? HTTP/1.1" 200 12090
190.171.152.138 - - [27/Sep/2019:09:43:32 -0300] "GET /cormun/servlet/trlicencias? HTTP/1.1" 200 12087
190.171.141.98 - - [27/Sep/2019:09:44:02 -0300] "GET /cormun/static/menuarrow.gif HTTP/1.1" 404 1015
190.171.152.138 - - [27/Sep/2019:09:44:20 -0300] "GET /cormun/servlet/alicenciaprn?18375139,L,20190927000000,PU HTTP/1.1" 200 1567
190.171.152.138 - - [27/Sep/2019:09:45:12 -0300] "GET /cormun/servlet/hlogin HTTP/1.1" 200 1736
45.85.213.92 - - [27/Sep/2019:09:45:39 -0300] "GET / HTTP/1.1" 200 11217
192.168.10.96 - - [27/Sep/2019:09:45:47 -0300] "POST /digitalizacion/servlet/trdocumentos?7d10bad0cf750c925ee6b2da8e6144b4,,gx-no-cache=1569591519445 HTTP/1.1" 200 4136
190.171.141.98 - - [27/Sep/2019:09:47:25 -0300] "GET /cormun/servlet/licenciaspermisos?ac2cdeb6f16557f5fb8d2d72f4dddb85694783ef0842c8750c22a6f326fe02e97b3ee1aed22809406c1c6ad8c8dbfbf145712b43c3c8becf22f362a9af4e90dc3f77ed277dd56a0964365ad21fbba9f0d8a2619eb2b3de38a293c678b48c4c10b83f63492a534555a4c19d4aa82c2f8c3b1733f28179efd846e556c5d7df6fd7ad7346abe3a7ecd1046f1b9d34379646b7c2d9b71893e789a097e3d54a2e83e9956ae7fe88833a8053fe1af28c83b1dccd6d4f895fb393c144089c260d4c8e6e389a9612689b73374f009e0512b96b810e58d2c0f441add92e749d3691c19eee,gx-no-cache=1569588125175 HTTP/1.1" 200 30
190.171.141.98 - - [27/Sep/2019:09:47:25 -0300] "GET /cormun/servlet/licenciaspermisos?ac2cdeb6f16557f5fb8d2d72f4dddb855ddabe4dba726eecf947dc12b84b0144774ac4f2e8bfba2dce1e002342d47f65f045a736e84b1bf0b733fe8a4cd821f400612a8ae9675c23dfebfad3f12d6117d5ce7455dcb6182893e921b47ccef522dc726a3e797ecef89d4e02f34275e15ba25af373adc20518dbedb43d56670e5448d64d10ca275e3200a717b22b9b52fac8acbed777c23da5b633d69d931a1947676b84d7555cb049ef866d5edba23852083edd12729b559c88c890c1f072b80a66c4d52e27280d981d98c42f4026d0624e1a54e6be1728490fd54e61a1208529,gx-no-cache=1569588125291 HTTP/1.1" 200 29
190.171.141.98 - - [27/Sep/2019:09:47:26 -0300] "POST /cormun/servlet/licenciaspermisos?bde1d5b8806e3dccfb69ab31abf34d3b,INS,0,,,,gx-no-cache=1569588125385 HTTP/1.1" 200 93
190.171.141.98 - - [27/Sep/2019:09:47:26 -0300] "GET /cormun/servlet/hpexe_return? HTTP/1.1" 200 1010
190.171.141.98 - - [27/Sep/2019:09:47:26 -0300] "GET /cormun/servlet/hhome HTTP/1.1" 200 4232
190.171.141.98 - - [27/Sep/2019:09:47:27 -0300] "GET /cormun/servlet/hhome HTTP/1.1" 200 4225
190.171.141.98 - - [27/Sep/2019:09:47:52 -0300] "GET /cormun/servlet/trlicencias? HTTP/1.1" 200 12658
190.171.141.98 - - [27/Sep/2019:09:47:54 -0300] "GET /cormun/servlet/trlicencias? HTTP/1.1" 200 12655
190.171.141.98 - - [27/Sep/2019:09:47:57 -0300] "GET /cormun/servlet/licenciaspermisos?INS,0,,, HTTP/1.1" 200 7762
190.171.141.98 - - [27/Sep/2019:09:47:58 -0300] "GET /cormun/servlet/licenciaspermisos?INS,0,,, HTTP/1.1" 200 7770
190.171.141.98 - - [27/Sep/2019:09:48:01 -0300] "POST /cormun/servlet/licenciaspermisos?bde1d5b8806e3dccfb69ab31abf34d3b,INS,0,,,,gx-no-cache=1569588161497 HTTP/1.1" 200 90
190.171.141.98 - - [27/Sep/2019:09:48:02 -0300] "GET /cormun/servlet/hpexe_link HTTP/1.1" 200 966
190.171.141.98 - - [27/Sep/2019:09:48:02 -0300] "GET /cormun/servlet/trlicencias HTTP/1.1" 200 12657
190.171.141.98 - - [27/Sep/2019:09:48:03 -0300] "GET /cormun/servlet/trlicencias HTTP/1.1" 200 12655
