190.171.143.106 - - [25/Sep/2019:11:05:42 -0300] "GET /cormun/static/menuarrow.gif HTTP/1.1" 404 1015
192.168.10.98 - - [25/Sep/2019:11:05:42 -0300] "GET /digitalizacion/static/Resources/indicator.gif HTTP/1.1" 200 1553
192.168.10.98 - - [25/Sep/2019:11:05:42 -0300] "GET /digitalizacion/static/Resources/asc.gif HTTP/1.1" 200 67
192.168.10.98 - - [25/Sep/2019:11:05:42 -0300] "GET /digitalizacion/static/Resources/desc.gif HTTP/1.1" 200 65
192.168.10.98 - - [25/Sep/2019:11:05:42 -0300] "GET /digitalizacion/servlet/hlogin HTTP/1.1" 302 -
192.168.10.98 - - [25/Sep/2019:11:05:42 -0300] "GET /digitalizacion//static/Resources/PXToolsGridDisplay.png HTTP/1.1" 200 525
192.168.10.98 - - [25/Sep/2019:11:05:42 -0300] "GET /digitalizacion/servlet/wblogin? HTTP/1.1" 200 2332
192.168.10.98 - - [25/Sep/2019:11:05:42 -0300] "GET /digitalizacion/static/Shared/ext/resources/themes/images/default/panel/bg-headersPanel.png HTTP/1.1" 200 255
192.168.10.98 - - [25/Sep/2019:11:05:42 -0300] "GET /digitalizacion/static/Shared/ext/resources/themes/images/default/tools/tool-sprites.gif HTTP/1.1" 200 5434
192.168.10.98 - - [25/Sep/2019:11:05:42 -0300] "GET /digitalizacion/static/gxcfg.js?201842010284377 HTTP/1.1" 200 954
192.168.10.98 - - [25/Sep/2019:11:05:42 -0300] "GET /digitalizacion/static/Resources/Comun33.png HTTP/1.1" 200 14839
192.168.10.98 - - [25/Sep/2019:11:05:42 -0300] "GET /digitalizacion/static/hmplogin.js?201841414365131 HTTP/1.1" 200 907
192.168.10.98 - - [25/Sep/2019:11:05:42 -0300] "GET /digitalizacion/static/wblogin.js?201842010284433 HTTP/1.1" 200 4267
192.168.10.98 - - [25/Sep/2019:11:05:42 -0300] "GET /digitalizacion/static/Resources/PXToolsLoginTop.png HTTP/1.1" 200 1337
192.168.10.98 - - [25/Sep/2019:11:05:42 -0300] "GET /digitalizacion/static/Resources/PXToolsLoginBackground.png HTTP/1.1" 200 1164
192.168.10.98 - - [25/Sep/2019:11:05:42 -0300] "GET /digitalizacion/static/Resources/PXToolsButtonRight.png HTTP/1.1" 200 1294
192.168.10.98 - - [25/Sep/2019:11:05:42 -0300] "GET /digitalizacion/static/Resources/PXToolsButtonBackground.png HTTP/1.1" 200 1176
192.168.10.98 - - [25/Sep/2019:11:05:42 -0300] "GET /digitalizacion/static/Resources/PXToolsButtonLeft.png HTTP/1.1" 200 1310
192.168.10.98 - - [25/Sep/2019:11:05:42 -0300] "GET /digitalizacion/static/Resources/PXToolsLoginBottom.png HTTP/1.1" 200 1389
192.168.10.98 - - [25/Sep/2019:11:05:42 -0300] "GET /favicon.ico HTTP/1.1" 200 21630
192.168.10.98 - - [25/Sep/2019:11:05:42 -0300] "GET /digitalizacion/servlet/trdocumentos? HTTP/1.1" 200 9645
192.168.10.98 - - [25/Sep/2019:11:05:42 -0300] "GET /digitalizacion/servlet/trdocumentos? HTTP/1.1" 200 9645
190.171.143.106 - - [25/Sep/2019:11:05:45 -0300] "GET /cormun/servlet/permisogoce?5dc2ccd8431b5474c7ec1c5746f8471731fd670652da845fc69a68e0062aba4552d5c007fdea0f07fc108140963aa8d612071bfd02bf7df983ad52443ac3f109,gx-no-cache=1569420028524 HTTP/1.1" 200 129
200.54.107.2 - - [25/Sep/2019:11:05:51 -0300] "POST /cormun/servlet/solicitudot?gx-no-cache=1569420031304 HTTP/1.1" 200 135
192.168.10.98 - - [25/Sep/2019:11:05:51 -0300] "GET /digitalizacion/servlet/trdocumentos? HTTP/1.1" 200 9633
200.54.107.2 - - [25/Sep/2019:11:05:52 -0300] "POST /cormun/servlet/solicitudot?741e186cf133a769ed37ec5f72cb7ec7,INS,0,0,,gx-no-cache=1569420031418 HTTP/1.1" 200 12617
192.168.10.98 - - [25/Sep/2019:11:05:52 -0300] "GET /digitalizacion/servlet/hlogin HTTP/1.1" 302 -
192.168.10.98 - - [25/Sep/2019:11:05:52 -0300] "GET /digitalizacion/servlet/wblogin? HTTP/1.1" 200 2332
192.168.10.98 - - [25/Sep/2019:11:05:53 -0300] "GET /digitalizacion/servlet/trdocumentos? HTTP/1.1" 200 9645
190.171.152.114 - - [25/Sep/2019:11:05:54 -0300] "GET /cormun/servlet/permisogoce?3665d60b36ae923e12b07cb3bb5bdba1bed0a6199ba8c2b49555039ebc280eeb29e4c8219b7747b262e3a7d349b5c22bd0e138361876ddbb9084616390740764,gx-no-cache=1569420036407 HTTP/1.1" 200 82
190.171.143.106 - - [25/Sep/2019:11:05:58 -0300] "GET /cormun/servlet/permisogoce?5dc2ccd8431b5474c7ec1c5746f8471731fd670652da845fc69a68e0062aba458dd837ec6c53795fb266ce3713efa85f68c52d8bef14a9a5e0ea250b6e1a1118,gx-no-cache=1569420041601 HTTP/1.1" 200 47
190.171.152.114 - - [25/Sep/2019:11:05:58 -0300] "GET /cormun/static/menuarrow.gif HTTP/1.1" 404 1015
192.168.10.98 - - [25/Sep/2019:11:06:07 -0300] "POST /digitalizacion/servlet/wblogin?cb17445170a00606dc47b9d6c94e9c7a,,gx-no-cache=1569423540331 HTTP/1.1" 200 65
192.168.10.98 - - [25/Sep/2019:11:06:07 -0300] "GET /digitalizacion/servlet/hhome HTTP/1.1" 200 2823
192.168.10.98 - - [25/Sep/2019:11:06:07 -0300] "GET /digitalizacion/static/gxcfg.js?201841414272279 HTTP/1.1" 200 954
192.168.10.98 - - [25/Sep/2019:11:06:07 -0300] "GET /digitalizacion/static/hhome.js?201841414272287 HTTP/1.1" 200 740
192.168.10.98 - - [25/Sep/2019:11:06:07 -0300] "GET /digitalizacion/servlet/hhome HTTP/1.1" 200 2822
192.168.10.98 - - [25/Sep/2019:11:06:07 -0300] "GET /digitalizacion/static/SmoothNavMenu/resources/images/down.gif HTTP/1.1" 200 854
190.171.152.114 - - [25/Sep/2019:11:06:07 -0300] "GET /cormun/servlet/permisogoce?3665d60b36ae923e12b07cb3bb5bdba16752dc19872228555ae0451a4f6c4a456042e3fd8ff5ef0edf3b4999b7e88a5945ae75e87cde94b5393976de5a7aa267,gx-no-cache=1569420049350 HTTP/1.1" 200 48
192.168.10.98 - - [25/Sep/2019:11:06:10 -0300] "GET /digitalizacion/servlet/trdocumentos? HTTP/1.1" 200 9882
192.168.10.98 - - [25/Sep/2019:11:06:10 -0300] "POST /digitalizacion/servlet/trdocumentos?gx-no-cache=1569423543989 HTTP/1.1" 200 449
192.168.10.98 - - [25/Sep/2019:11:06:10 -0300] "GET /digitalizacion/servlet/trdocumentos? HTTP/1.1" 200 9879
192.168.10.98 - - [25/Sep/2019:11:06:10 -0300] "POST /digitalizacion/servlet/trdocumentos?gx-no-cache=1569423544069 HTTP/1.1" 200 78
192.168.10.98 - - [25/Sep/2019:11:06:13 -0300] "POST /digitalizacion/servlet/trdocumentos?gx-no-cache=1569423546908 HTTP/1.1" 200 233
200.54.107.2 - - [25/Sep/2019:11:06:15 -0300] "GET /cormun/servlet/solicitudot?4340de980b91c61981abc0bd450113e2951b24630280a0df2ad940af24321da26d5268a9e45d5301f9f189b11b076db015b97c508d8fe4241e0f7c16965eff77f8d62f9c1b9b86122b8644dbf071ff83f7dcddaa3b9d74197b5d83e5ab3288744cb25110f615fc7908276d27534f69fd,gx-no-cache=1569420054973 HTTP/1.1" 200 110
192.168.10.98 - - [25/Sep/2019:11:06:20 -0300] "POST /digitalizacion/servlet/trdocumentos?cb17445170a00606dc47b9d6c94e9c7a,,gx-no-cache=1569423553312 HTTP/1.1" 200 3178
192.168.10.98 - - [25/Sep/2019:11:06:26 -0300] "POST /digitalizacion/servlet/trdocumentos?gx-no-cache=1569423559917 HTTP/1.1" 200 237
192.168.10.98 - - [25/Sep/2019:11:06:28 -0300] "POST /digitalizacion/servlet/trdocumentos?cb17445170a00606dc47b9d6c94e9c7a,,gx-no-cache=1569423560940 HTTP/1.1" 200 3183
190.171.143.106 - - [25/Sep/2019:11:06:28 -0300] "POST /cormun/servlet/permisogoce?e15ad710183682c7bd3fe1b8b0184921,INS,0,,,,gx-no-cache=1569420071617 HTTP/1.1" 200 93
190.171.143.106 - - [25/Sep/2019:11:06:29 -0300] "GET /cormun/servlet/hpexe_return? HTTP/1.1" 200 1015
190.171.143.106 - - [25/Sep/2019:11:06:29 -0300] "GET /cormun/static/gxcfg.js?2016101716175148 HTTP/1.1" 200 953
190.171.143.106 - - [25/Sep/2019:11:06:29 -0300] "GET /cormun/static/Resources/Spanish/PXTools.css?167811 HTTP/1.1" 200 89042
190.171.143.106 - - [25/Sep/2019:11:06:29 -0300] "GET /cormun/static/hpexe_return.js?2016101716175153 HTTP/1.1" 200 1633
190.171.143.106 - - [25/Sep/2019:11:06:29 -0300] "GET /cormun/servlet/trpermisosgoce? HTTP/1.1" 200 11128
190.171.143.106 - - [25/Sep/2019:11:06:30 -0300] "GET /cormun/servlet/trpermisosgoce? HTTP/1.1" 200 11123
190.171.152.114 - - [25/Sep/2019:11:06:35 -0300] "POST /cormun/servlet/permisogoce?c0c5c344378ede66dfcb3acf0f24be28,INS,0,,,,gx-no-cache=1569420076880 HTTP/1.1" 200 93
190.171.152.114 - - [25/Sep/2019:11:06:35 -0300] "GET /cormun/servlet/hpexe_return? HTTP/1.1" 200 1009
190.171.152.114 - - [25/Sep/2019:11:06:36 -0300] "GET /cormun/servlet/trpermisosgoce HTTP/1.1" 200 11257
190.171.143.106 - - [25/Sep/2019:11:06:36 -0300] "GET /cormun/servlet/apermisogoceprn?18375702,P,20190925115818,PU HTTP/1.1" 200 1678
190.171.152.114 - - [25/Sep/2019:11:06:37 -0300] "GET /cormun/servlet/trpermisosgoce HTTP/1.1" 200 11248
190.171.152.114 - - [25/Sep/2019:11:06:49 -0300] "GET /cormun/servlet/trpermisosgoce? HTTP/1.1" 200 11248
190.171.152.114 - - [25/Sep/2019:11:06:50 -0300] "GET /cormun/servlet/trpermisosgoce? HTTP/1.1" 200 11248
200.54.107.2 - - [25/Sep/2019:11:06:50 -0300] "POST /cormun/servlet/solicitudot?gx-no-cache=1569420089865 HTTP/1.1" 200 135
200.54.107.2 - - [25/Sep/2019:11:06:50 -0300] "POST /cormun/servlet/solicitudot?741e186cf133a769ed37ec5f72cb7ec7,INS,0,0,,gx-no-cache=1569420090056 HTTP/1.1" 200 12672
190.171.152.114 - - [25/Sep/2019:11:06:52 -0300] "GET /cormun/servlet/apermisogoceprn?18445521,P,20190925115830,PU HTTP/1.1" 200 1687
200.54.107.2 - - [25/Sep/2019:11:07:29 -0300] "GET /cormun/servlet/trautorizarsolicitud? HTTP/1.1" 200 7442
200.54.107.2 - - [25/Sep/2019:11:07:29 -0300] "GET /cormun/servlet/trautorizarsolicitud? HTTP/1.1" 200 7436
200.54.107.2 - - [25/Sep/2019:11:07:34 -0300] "GET /cormun/servlet/trvisualizadoreventos? HTTP/1.1" 200 7089
200.54.107.2 - - [25/Sep/2019:11:07:35 -0300] "GET /cormun/servlet/trvisualizadoreventos? HTTP/1.1" 200 7088
200.54.107.2 - - [25/Sep/2019:11:07:38 -0300] "GET /cormun/servlet/trsolicitudot? HTTP/1.1" 200 12873
200.54.107.2 - - [25/Sep/2019:11:07:38 -0300] "GET /cormun/servlet/trsolicitudot? HTTP/1.1" 200 12872
200.54.107.2 - - [25/Sep/2019:11:07:49 -0300] "GET /cormun/servlet/treventos?2019,16034, HTTP/1.1" 200 8721
200.54.107.2 - - [25/Sep/2019:11:07:50 -0300] "GET /cormun/servlet/treventos?2019,16034, HTTP/1.1" 200 8727
200.54.107.2 - - [25/Sep/2019:11:08:42 -0300] "GET /cormun/servlet/trvisualizadoreventos? HTTP/1.1" 200 7095
200.54.107.2 - - [25/Sep/2019:11:08:42 -0300] "GET /cormun/servlet/trvisualizadoreventos? HTTP/1.1" 200 7085
200.54.107.2 - - [25/Sep/2019:11:08:45 -0300] "GET /cormun/servlet/trautorizarsolicitud? HTTP/1.1" 200 7429
200.54.107.2 - - [25/Sep/2019:11:08:45 -0300] "GET /cormun/servlet/trautorizarsolicitud? HTTP/1.1" 200 7428
200.54.107.2 - - [25/Sep/2019:11:08:47 -0300] "GET /cormun/servlet/trsolicitudot? HTTP/1.1" 200 12873
200.54.107.2 - - [25/Sep/2019:11:08:48 -0300] "GET /cormun/servlet/trsolicitudot? HTTP/1.1" 200 12872
200.54.107.2 - - [25/Sep/2019:11:08:58 -0300] "POST /cormun/servlet/trsolicitudot?741e186cf133a769ed37ec5f72cb7ec7,,gx-no-cache=1569420217968 HTTP/1.1" 200 9893
200.54.107.2 - - [25/Sep/2019:11:09:12 -0300] "POST /cormun/servlet/trsolicitudot?741e186cf133a769ed37ec5f72cb7ec7,,gx-no-cache=1569420232088 HTTP/1.1" 200 9893
200.54.107.2 - - [25/Sep/2019:11:09:19 -0300] "GET /cormun/servlet/trsolicitudot? HTTP/1.1" 200 12872
200.54.107.2 - - [25/Sep/2019:11:09:19 -0300] "GET /cormun/servlet/trsolicitudot? HTTP/1.1" 200 12872
200.54.107.2 - - [25/Sep/2019:11:09:28 -0300] "GET /cormun/servlet/trsolicitudot? HTTP/1.1" 200 12872
200.54.107.2 - - [25/Sep/2019:11:09:29 -0300] "GET /cormun/servlet/trsolicitudot? HTTP/1.1" 200 12872
200.54.107.2 - - [25/Sep/2019:11:09:34 -0300] "GET /cormun/servlet/vesolicitudot?2019,16034,, HTTP/1.1" 200 8697
200.54.107.2 - - [25/Sep/2019:11:09:34 -0300] "GET /cormun/pexe_scrolldiv.js HTTP/1.1" 404 1009
200.54.107.2 - - [25/Sep/2019:11:09:34 -0300] "GET /cormun/servlet/vesolicitudot?2019,16034,, HTTP/1.1" 200 8696
200.54.107.2 - - [25/Sep/2019:11:09:43 -0300] "GET /cormun/servlet/vesolicitudot?2019,16034,,SolicitudOTLog HTTP/1.1" 200 9890
200.54.107.2 - - [25/Sep/2019:11:09:43 -0300] "GET /cormun/pexe_scrolldiv.js HTTP/1.1" 404 1009
200.54.107.2 - - [25/Sep/2019:11:09:43 -0300] "GET /cormun/static/tbsolicitudot03.js?20177611592012 HTTP/1.1" 200 13332
200.54.107.2 - - [25/Sep/2019:11:09:43 -0300] "GET /cormun/static/Resources/PXToolsTabLastSelected.png HTTP/1.1" 200 1262
200.54.107.2 - - [25/Sep/2019:11:09:43 -0300] "GET /cormun/servlet/vesolicitudot?2019,16034,,SolicitudOTLog HTTP/1.1" 200 9891
200.54.107.2 - - [25/Sep/2019:11:09:44 -0300] "GET /cormun/static/Shared/ext/resources/css/ext-all.css HTTP/1.1" 206 1
200.54.107.2 - - [25/Sep/2019:11:09:44 -0300] "POST /cormun/servlet/acontrolpreferencessavestate?None,PANDRADE,true HTTP/1.1" 200 35
200.54.107.2 - - [25/Sep/2019:11:09:45 -0300] "GET /cormun/static/Shared/ext/resources/css/ext-all.css HTTP/1.1" 206 23296
200.54.107.2 - - [25/Sep/2019:11:09:46 -0300] "GET /cormun/servlet/vesolicitudot?2019,16034,,SolicitudOTAdjuntos HTTP/1.1" 200 7698
200.54.107.2 - - [25/Sep/2019:11:09:46 -0300] "GET /cormun/pexe_scrolldiv.js HTTP/1.1" 404 1009
200.54.107.2 - - [25/Sep/2019:11:09:46 -0300] "GET /cormun/static/tbsolicitudot02.js?201711142258496 HTTP/1.1" 200 15626
200.54.107.2 - - [25/Sep/2019:11:09:47 -0300] "GET /cormun/servlet/vesolicitudot?2019,16034,,SolicitudOTAdjuntos HTTP/1.1" 200 7698
200.54.107.2 - - [25/Sep/2019:11:09:48 -0300] "POST /cormun/servlet/acontrolpreferencessavestate?None,PANDRADE,true HTTP/1.1" 200 35
200.54.107.2 - - [25/Sep/2019:11:09:50 -0300] "GET /cormun/servlet/vesolicitudot?2019,16034,,General HTTP/1.1" 200 8702
200.54.107.2 - - [25/Sep/2019:11:09:50 -0300] "GET /cormun/pexe_scrolldiv.js HTTP/1.1" 404 1009
200.54.107.2 - - [25/Sep/2019:11:09:50 -0300] "GET /cormun/pexe_scrolldiv.js HTTP/1.1" 404 1009
200.54.107.2 - - [25/Sep/2019:11:09:51 -0300] "GET /cormun/servlet/vesolicitudot?2019,16034,,General HTTP/1.1" 200 8702
200.54.107.2 - - [25/Sep/2019:11:09:55 -0300] "GET /cormun/servlet/trsolicitudot? HTTP/1.1" 200 12878
200.54.107.2 - - [25/Sep/2019:11:09:55 -0300] "GET /cormun/servlet/trsolicitudot? HTTP/1.1" 200 12872
200.54.107.2 - - [25/Sep/2019:11:10:01 -0300] "GET /cormun/servlet/solicitudot?INS,0,0, HTTP/1.1" 200 15387
200.54.107.2 - - [25/Sep/2019:11:10:02 -0300] "GET /cormun/servlet/solicitudot?INS,0,0, HTTP/1.1" 200 15392
200.54.107.2 - - [25/Sep/2019:11:10:26 -0300] "POST /cormun/servlet/solicitudot?gx-no-cache=1569420306023 HTTP/1.1" 200 3501
200.54.107.2 - - [25/Sep/2019:11:10:27 -0300] "POST /cormun/servlet/solicitudot?741e186cf133a769ed37ec5f72cb7ec7,INS,0,0,,gx-no-cache=1569420306293 HTTP/1.1" 200 11984
200.54.107.2 - - [25/Sep/2019:11:10:28 -0300] "GET /cormun/servlet/solicitudot?4340de980b91c61981abc0bd450113e2cea8bfe5dadda9df927020d88ed58a19e10923b35312b910e4ecb8588db5578e,gx-no-cache=1569420308260 HTTP/1.1" 200 30
190.171.143.106 - - [25/Sep/2019:11:10:33 -0300] "GET /cormun/servlet/trpermisosadjuntos?18375702,20190925115818,P, HTTP/1.1" 200 6649
190.171.143.106 - - [25/Sep/2019:11:10:33 -0300] "GET /cormun/static/gxcfg.js?201762817193957 HTTP/1.1" 200 953
190.171.143.106 - - [25/Sep/2019:11:10:33 -0300] "GET /cormun/static/trpermisosadjuntos.js?201762817194366 HTTP/1.1" 200 20158
190.171.143.106 - - [25/Sep/2019:11:10:33 -0300] "GET /cormun/static/Resources/Spanish/PXTools.css?17315867 HTTP/1.1" 200 89042
190.171.143.106 - - [25/Sep/2019:11:10:34 -0300] "GET /cormun/servlet/trpermisosadjuntos?18375702,20190925115818,P, HTTP/1.1" 200 6648
190.171.143.106 - - [25/Sep/2019:11:10:59 -0300] "GET /cormun/servlet/permisosadjuntos?INS,18375702,P,20190925115818,, HTTP/1.1" 200 5977
190.171.143.106 - - [25/Sep/2019:11:10:59 -0300] "GET /cormun/static/gxcfg.js?201762717441171 HTTP/1.1" 200 953
190.171.143.106 - - [25/Sep/2019:11:10:59 -0300] "GET /cormun/static/permisosadjuntos.js?201762717441184 HTTP/1.1" 200 8724
190.171.143.106 - - [25/Sep/2019:11:11:00 -0300] "GET /cormun/static/about:blank HTTP/1.1" 404 1011
190.171.143.106 - - [25/Sep/2019:11:11:00 -0300] "GET /cormun/servlet/permisosadjuntos?INS,18375702,P,20190925115818,, HTTP/1.1" 200 5967
200.54.107.2 - - [25/Sep/2019:11:11:05 -0300] "GET /cormun/servlet/prbanco?,MD,,gxPopupLevel%3D0%3B HTTP/1.1" 200 6666
200.54.107.2 - - [25/Sep/2019:11:11:09 -0300] "GET /cormun/servlet/solicitudot?4340de980b91c61981abc0bd450113e2ce8e3d72d0a6431b5614c20e5e196479,gx-no-cache=1569420348449 HTTP/1.1" 200 94
200.54.107.2 - - [25/Sep/2019:11:11:09 -0300] "GET /cormun/static/Shared/jqueryui/images/ui-bg_highlight-soft_100_c6c2c8_1x100.png HTTP/1.1" 404 1117
200.54.107.2 - - [25/Sep/2019:11:11:09 -0300] "GET /cormun/static/Shared/jqueryui/images/ui-icons_82798d_256x240.png HTTP/1.1" 404 1089
200.54.107.2 - - [25/Sep/2019:11:11:09 -0300] "GET /cormun/static/Shared/jqueryui/images/ui-bg_flat_55_994d53_40x100.png HTTP/1.1" 404 1097
200.54.107.2 - - [25/Sep/2019:11:11:09 -0300] "GET /cormun/static/Shared/jqueryui/images/ui-icons_ebccce_256x240.png HTTP/1.1" 404 1089
200.54.107.2 - - [25/Sep/2019:11:11:10 -0300] "GET /cormun/servlet/solicitudot?4340de980b91c61981abc0bd450113e239625221cf0032a6b4ee42bb80113efc,gx-no-cache=1569420350361 HTTP/1.1" 200 53
190.171.143.106 - - [25/Sep/2019:11:11:23 -0300] "POST /cormun/servlet/permisosadjuntos?e15ad710183682c7bd3fe1b8b0184921,INS,18375702,P,20190925115818,, HTTP/1.1" 200 116
190.171.143.106 - - [25/Sep/2019:11:11:23 -0300] "GET /cormun/servlet/hpexe_return? HTTP/1.1" 200 1042
190.171.143.106 - - [25/Sep/2019:11:11:23 -0300] "GET /cormun/servlet/trpermisosadjuntos?18375702,20190925115818,P, HTTP/1.1" 200 7174
190.171.143.106 - - [25/Sep/2019:11:11:24 -0300] "GET /cormun/servlet/trpermisosadjuntos?18375702,20190925115818,P, HTTP/1.1" 200 7170
190.171.143.106 - - [25/Sep/2019:11:11:35 -0300] "POST /cormun/servlet/trpermisosadjuntos?e15ad710183682c7bd3fe1b8b0184921,18375702,20190925115818,P,,gx-no-cache=1569420379033 HTTP/1.1" 200 90
190.171.143.106 - - [25/Sep/2019:11:11:35 -0300] "GET /cormun/servlet/hpexe_link HTTP/1.1" 200 987
190.171.143.106 - - [25/Sep/2019:11:11:36 -0300] "GET /cormun/servlet/trpermisosgoce HTTP/1.1" 200 11124
190.171.143.106 - - [25/Sep/2019:11:11:36 -0300] "GET /cormun/servlet/trpermisosgoce HTTP/1.1" 200 11120
190.171.143.106 - - [25/Sep/2019:11:11:40 -0300] "POST /cormun/servlet/trpermisosgoce?e15ad710183682c7bd3fe1b8b0184921,gx-no-cache=1569420383362 HTTP/1.1" 200 8246
190.171.143.106 - - [25/Sep/2019:11:11:40 -0300] "GET /cormun/static/Shared/jqueryui/images/ui-bg_highlight-soft_100_c6c2c8_1x100.png HTTP/1.1" 404 1117
190.171.143.106 - - [25/Sep/2019:11:11:40 -0300] "GET /cormun/static/Shared/jqueryui/images/ui-icons_82798d_256x240.png HTTP/1.1" 404 1089
190.171.143.106 - - [25/Sep/2019:11:11:40 -0300] "GET /cormun/static/Shared/jqueryui/images/ui-icons_8d78a5_256x240.png HTTP/1.1" 404 1089
190.171.143.106 - - [25/Sep/2019:11:11:40 -0300] "GET /cormun/static/Shared/jqueryui/images/ui-bg_flat_55_fafafa_40x100.png HTTP/1.1" 404 1097
190.171.143.106 - - [25/Sep/2019:11:11:53 -0300] "GET /cormun/servlet/permisogoce?DSP,15739045,P,20190923131316, HTTP/1.1" 200 7087
190.171.143.106 - - [25/Sep/2019:11:11:53 -0300] "GET /cormun/servlet/permisogoce?DSP,15739045,P,20190923131316, HTTP/1.1" 200 7090
190.171.143.106 - - [25/Sep/2019:11:12:00 -0300] "POST /cormun/servlet/permisogoce?e15ad710183682c7bd3fe1b8b0184921,DSP,15739045,P,20190923131316,,gx-no-cache=1569420403538 HTTP/1.1" 200 93
190.171.143.106 - - [25/Sep/2019:11:12:00 -0300] "GET /cormun/servlet/hpexe_return? HTTP/1.1" 200 1052
190.171.143.106 - - [25/Sep/2019:11:12:00 -0300] "GET /cormun/servlet/trpermisosgoce?gx-no-cache=1569420383362 HTTP/1.1" 200 11105
190.171.143.106 - - [25/Sep/2019:11:12:00 -0300] "GET /cormun/servlet/trpermisosgoce?gx-no-cache=1569420383362 HTTP/1.1" 200 11116
190.171.143.106 - - [25/Sep/2019:11:12:06 -0300] "GET /cormun/servlet/trautorizarpermisogoce? HTTP/1.1" 200 9071
190.171.143.106 - - [25/Sep/2019:11:12:06 -0300] "GET /cormun/servlet/trautorizarpermisogoce? HTTP/1.1" 200 9050
190.171.143.106 - - [25/Sep/2019:11:12:12 -0300] "POST /cormun/servlet/trautorizarpermisogoce?e15ad710183682c7bd3fe1b8b0184921,,gx-no-cache=1569420416009 HTTP/1.1" 200 5970
190.171.143.106 - - [25/Sep/2019:11:12:14 -0300] "POST /cormun/servlet/trautorizarpermisogoce?e15ad710183682c7bd3fe1b8b0184921,,gx-no-cache=1569420417886 HTTP/1.1" 200 5741
190.171.143.106 - - [25/Sep/2019:11:12:16 -0300] "POST /cormun/servlet/trautorizarpermisogoce?e15ad710183682c7bd3fe1b8b0184921,,gx-no-cache=1569420419365 HTTP/1.1" 200 5502
190.171.143.106 - - [25/Sep/2019:11:12:17 -0300] "POST /cormun/servlet/trautorizarpermisogoce?e15ad710183682c7bd3fe1b8b0184921,,gx-no-cache=1569420420796 HTTP/1.1" 200 5245
190.171.143.106 - - [25/Sep/2019:11:12:19 -0300] "POST /cormun/servlet/trautorizarpermisogoce?e15ad710183682c7bd3fe1b8b0184921,,gx-no-cache=1569420422369 HTTP/1.1" 200 4484
200.54.107.2 - - [25/Sep/2019:11:12:37 -0300] "GET /cormun/servlet/solicitudot?4340de980b91c61981abc0bd450113e2839cf79b79fd43cf2016bec7f69d68d09ae516ea909f33602ff973782c8956533da0f56878e6391fd487fe6c06818742,gx-no-cache=1569420436646 HTTP/1.1" 200 30
200.54.107.2 - - [25/Sep/2019:11:12:43 -0300] "POST /cormun/servlet/solicitudot?741e186cf133a769ed37ec5f72cb7ec7,INS,0,0,,gx-no-cache=1569420443088 HTTP/1.1" 200 12195
200.54.107.2 - - [25/Sep/2019:11:12:44 -0300] "GET /cormun/static/Shared/jqueryui/images/ui-bg_flat_55_fafafa_40x100.png HTTP/1.1" 404 1097
200.54.107.2 - - [25/Sep/2019:11:12:44 -0300] "GET /cormun/static/Shared/jqueryui/images/ui-icons_8d78a5_256x240.png HTTP/1.1" 404 1089
200.54.107.2 - - [25/Sep/2019:11:12:46 -0300] "GET /cormun/servlet/solicitudot?4340de980b91c61981abc0bd450113e2e7181ed042304ed5ed62967ee89e2ca87206a786ee55f3bc310236f806dd1a17aacaf08dfe2f6e742bc8eb8a881a755c,gx-no-cache=1569420445857 HTTP/1.1" 200 53
200.54.107.2 - - [25/Sep/2019:11:13:03 -0300] "POST /cormun/servlet/solicitudot?gx-no-cache=1569420462589 HTTP/1.1" 200 255
200.54.107.2 - - [25/Sep/2019:11:13:07 -0300] "GET /cormun/servlet/solicitudot?4340de980b91c61981abc0bd450113e216ccd982e026c00dd1838caf2a6cc4a007c8c27ba3a509e1cf5ef2aa1cf840c94c89e38ee18a91fdeeae8e02153e8601c586cb0eaa147ffbb76371abfd127a4ae05b534332b008a71e74f7168815bbd1633a6f80f0a72ee3291614388ba3edc958692b1a7069d0f4ab8673be806c92e0af328e8f400e619fbdcc4f094fcddc90aaea3c9f082217992adf5bc9063072eb2410f8479157f58a88dc1fac31eecf212270f910088c3d233bbc25aa9a4158e390a0520434f00295b6bcd4d388a3d93ce59afb176a9151cfc64a24067b5c534467593e50791eb47288e5fb3a1e1d78f9ae49f2b2f9d8b3800369953d16d144a286f9427cf5af1e0bec21028c29bbddb88d3dbcad31ef2d576b07bd9dbbdbe1a606718702f6799d20482d33ee5c8d425d73cfd80a9d45b92c46666227b83e0969077b9760f81ac87fa17657e3f23cc68721a5e01caed8a5a4719206fa5b97a3984c7ca49ce27799d768f7581c9f55f19626edf091fe8069b24cd161d40554d2ca,gx-no-cache=1569420466525 HTTP/1.1" 200 30
200.54.107.2 - - [25/Sep/2019:11:13:17 -0300] "POST /cormun/servlet/solicitudot?gx-no-cache=1569420477275 HTTP/1.1" 200 30
200.54.107.2 - - [25/Sep/2019:11:13:31 -0300] "GET /cormun/servlet/prcontratosol?11889062,,,,,MD,,gxPopupLevel%3D0%3B HTTP/1.1" 200 7643
200.54.107.2 - - [25/Sep/2019:11:13:34 -0300] "POST /cormun/servlet/solicitudot?gx-no-cache=1569420494119 HTTP/1.1" 200 1444
200.54.107.2 - - [25/Sep/2019:11:13:34 -0300] "POST /cormun/servlet/solicitudot?gx-no-cache=1569420494206 HTTP/1.1" 200 117
200.54.107.2 - - [25/Sep/2019:11:13:34 -0300] "GET /cormun/servlet/solicitudot?4340de980b91c61981abc0bd450113e2951b24630280a0df2ad940af24321da26d5268a9e45d5301f9f189b11b076db015b97c508d8fe4241e0f7c16965eff77f8d62f9c1b9b86122b8644dbf071ff83f7dcddaa3b9d74197b5d83e5ab3288744cb25110f615fc7908276d27534f69fd,gx-no-cache=1569420494275 HTTP/1.1" 200 110
200.54.107.2 - - [25/Sep/2019:11:13:34 -0300] "POST /cormun/servlet/solicitudot?gx-no-cache=1569420494322 HTTP/1.1" 200 64
200.54.107.2 - - [25/Sep/2019:11:13:35 -0300] "GET /cormun/servlet/solicitudot?4340de980b91c61981abc0bd450113e2ddb590fac7d6af1732454d8022d3c52ac5033398a5c1081d0794e2bdc2e44484980f6de728ef176566cf469a72cb9f639a7d8dfdee70278a166ad0aa95c449fd244fc54c756f2c844c3fd5af20ed1c5104542257fcfdfcc529812e379ef9e577,gx-no-cache=1569420494393 HTTP/1.1" 200 29
200.54.107.2 - - [25/Sep/2019:11:13:35 -0300] "GET /cormun/servlet/solicitudot?4340de980b91c61981abc0bd450113e27b002388cfdd06b6f7e349d8153cfa87,gx-no-cache=1569420494432 HTTP/1.1" 200 30
200.54.107.2 - - [25/Sep/2019:11:13:36 -0300] "GET /cormun/servlet/prsolicitudot?11889062,,,,,MD,,gxPopupLevel%3D0%3B HTTP/1.1" 200 6140
200.54.107.2 - - [25/Sep/2019:11:13:39 -0300] "POST /cormun/servlet/solicitudot?gx-no-cache=1569420498636 HTTP/1.1" 200 1444
200.54.107.2 - - [25/Sep/2019:11:13:39 -0300] "POST /cormun/servlet/solicitudot?gx-no-cache=1569420498788 HTTP/1.1" 200 117
200.54.107.2 - - [25/Sep/2019:11:13:39 -0300] "GET /cormun/servlet/solicitudot?4340de980b91c61981abc0bd450113e2951b24630280a0df2ad940af24321da26d5268a9e45d5301f9f189b11b076db015b97c508d8fe4241e0f7c16965eff77f8d62f9c1b9b86122b8644dbf071ff83f7dcddaa3b9d74197b5d83e5ab3288744cb25110f615fc7908276d27534f69fd,gx-no-cache=1569420498845 HTTP/1.1" 200 110
200.54.107.2 - - [25/Sep/2019:11:13:39 -0300] "GET /cormun/servlet/solicitudot?4340de980b91c61981abc0bd450113e2e75dd72d1603470cb08ff92be45306bb15342bb3f1715bfa29a9b772508bd29b,gx-no-cache=1569420498912 HTTP/1.1" 200 30
192.168.10.98 - - [25/Sep/2019:11:13:51 -0300] "GET /digitalizacion/servlet/hhome HTTP/1.1" 200 2823
192.168.10.98 - - [25/Sep/2019:11:13:52 -0300] "GET /digitalizacion/servlet/hhome HTTP/1.1" 200 2822
200.54.107.2 - - [25/Sep/2019:11:13:56 -0300] "GET /cormun/servlet/prlicenciaspermisos?9281012,L,,MD,,gxPopupLevel%3D0%3B HTTP/1.1" 200 6091
200.54.107.2 - - [25/Sep/2019:11:13:58 -0300] "POST /cormun/servlet/solicitudot?gx-no-cache=1569420517988 HTTP/1.1" 200 1360
200.54.107.2 - - [25/Sep/2019:11:14:00 -0300] "POST /cormun/servlet/solicitudot?gx-no-cache=1569420520321 HTTP/1.1" 200 41
192.168.10.98 - - [25/Sep/2019:11:14:30 -0300] "GET /digitalizacion/servlet/hhome HTTP/1.1" 200 2823
192.168.10.98 - - [25/Sep/2019:11:14:30 -0300] "GET /digitalizacion/servlet/hhome HTTP/1.1" 200 2822
192.168.10.98 - - [25/Sep/2019:11:14:30 -0300] "GET /favicon.ico HTTP/1.1" 200 21630
192.168.10.98 - - [25/Sep/2019:11:14:37 -0300] "GET /digitalizacion/servlet/trdocumentos? HTTP/1.1" 200 5548
200.54.107.2 - - [25/Sep/2019:11:14:37 -0300] "GET /cormun/servlet/solicitudot?4340de980b91c61981abc0bd450113e2951b24630280a0df2ad940af24321da26d5268a9e45d5301f9f189b11b076db015b97c508d8fe4241e0f7c16965eff77f8d62f9c1b9b86122b8644dbf071ff83f7dcddaa3b9d74197b5d83e5ab3288744cb25110f615fc7908276d27534f69fd,gx-no-cache=1569420556502 HTTP/1.1" 200 110
192.168.10.98 - - [25/Sep/2019:11:14:37 -0300] "POST /digitalizacion/servlet/trdocumentos?gx-no-cache=1569424051131 HTTP/1.1" 200 635
192.168.10.98 - - [25/Sep/2019:11:14:38 -0300] "POST /digitalizacion/servlet/trdocumentos?gx-no-cache=1569424051175 HTTP/1.1" 200 237
192.168.10.98 - - [25/Sep/2019:11:14:38 -0300] "GET /digitalizacion/servlet/trdocumentos? HTTP/1.1" 200 5547
192.168.10.98 - - [25/Sep/2019:11:14:42 -0300] "POST /digitalizacion/servlet/trdocumentos?cb17445170a00606dc47b9d6c94e9c7a,,gx-no-cache=1569424054158 HTTP/1.1" 200 3183
192.168.10.98 - - [25/Sep/2019:11:14:49 -0300] "POST /digitalizacion/servlet/trdocumentos?cb17445170a00606dc47b9d6c94e9c7a,,gx-no-cache=1569424061277 HTTP/1.1" 200 3183
200.54.107.2 - - [25/Sep/2019:11:15:03 -0300] "POST /cormun/servlet/solicitudot?gx-no-cache=1569420582735 HTTP/1.1" 200 97
200.54.107.2 - - [25/Sep/2019:11:15:15 -0300] "POST /cormun/servlet/solicitudot?gx-no-cache=1569420594622 HTTP/1.1" 200 32
200.54.107.2 - - [25/Sep/2019:11:15:15 -0300] "POST /cormun/servlet/solicitudot?741e186cf133a769ed37ec5f72cb7ec7,INS,0,0,,gx-no-cache=1569420594704 HTTP/1.1" 200 93
200.54.107.2 - - [25/Sep/2019:11:15:16 -0300] "GET /cormun/servlet/hpexe_return? HTTP/1.1" 200 1008
200.54.107.2 - - [25/Sep/2019:11:15:16 -0300] "GET /cormun/servlet/trsolicitudot HTTP/1.1" 200 13296
200.54.107.2 - - [25/Sep/2019:11:15:17 -0300] "GET /cormun/servlet/trsolicitudot HTTP/1.1" 200 13291
192.168.10.96 - - [25/Sep/2019:11:15:23 -0300] "GET /cormun/servlet/trsolicitudgral? HTTP/1.1" 500 10
192.168.10.96 - - [25/Sep/2019:11:15:26 -0300] "GET /cormun/servlet/hlogin HTTP/1.1" 200 1719
192.168.10.96 - - [25/Sep/2019:11:15:26 -0300] "GET /cormun/servlet/hlogin HTTP/1.1" 200 1719
192.168.10.96 - - [25/Sep/2019:11:15:31 -0300] "POST /cormun/servlet/hlogin?514c0180b16cfa86b13739acc038b9a5,gx-no-cache=1569424104301 HTTP/1.1" 200 90
192.168.10.96 - - [25/Sep/2019:11:15:31 -0300] "GET /cormun/servlet/hpexe_link HTTP/1.1" 200 950
192.168.10.96 - - [25/Sep/2019:11:15:31 -0300] "GET /cormun/servlet/hhome HTTP/1.1" 200 4773
192.168.10.96 - - [25/Sep/2019:11:15:31 -0300] "GET /cormun/servlet/hhome HTTP/1.1" 200 4769
192.168.10.96 - - [25/Sep/2019:11:15:32 -0300] "GET /cormun/servlet/trsolicitudgral? HTTP/1.1" 200 14299
192.168.10.96 - - [25/Sep/2019:11:15:33 -0300] "GET /cormun/servlet/trsolicitudgral? HTTP/1.1" 200 14297
192.168.10.96 - - [25/Sep/2019:11:15:42 -0300] "POST /cormun/servlet/trsolicitudgral?514c0180b16cfa86b13739acc038b9a5,,gx-no-cache=1569424115585 HTTP/1.1" 200 13038
190.171.143.106 - - [25/Sep/2019:11:15:55 -0300] "GET /cormun/servlet/trpermisosgoce? HTTP/1.1" 200 11084
192.168.10.96 - - [25/Sep/2019:11:15:55 -0300] "GET /cormun/servlet/vesolicitudgral?2019,16034,, HTTP/1.1" 200 9373
192.168.10.96 - - [25/Sep/2019:11:15:55 -0300] "GET /cormun/pexe_scrolldiv.js HTTP/1.1" 404 1009
192.168.10.96 - - [25/Sep/2019:11:15:55 -0300] "GET /cormun/pexe_scrolldiv.js HTTP/1.1" 404 1009
190.171.143.106 - - [25/Sep/2019:11:15:55 -0300] "GET /cormun/servlet/trpermisosgoce? HTTP/1.1" 200 11090
192.168.10.96 - - [25/Sep/2019:11:15:55 -0300] "GET /cormun/servlet/vesolicitudgral?2019,16034,, HTTP/1.1" 200 9372
192.168.10.96 - - [25/Sep/2019:11:15:57 -0300] "GET /cormun/servlet/vesolicitudgral?2019,16034,,SolicitudOTAdjuntos HTTP/1.1" 200 8032
192.168.10.96 - - [25/Sep/2019:11:15:57 -0300] "GET /cormun/pexe_scrolldiv.js HTTP/1.1" 404 1009
192.168.10.96 - - [25/Sep/2019:11:15:57 -0300] "GET /cormun/pexe_scrolldiv.js HTTP/1.1" 404 1009
192.168.10.96 - - [25/Sep/2019:11:15:57 -0300] "GET /cormun/servlet/vesolicitudgral?2019,16034,,SolicitudOTAdjuntos HTTP/1.1" 200 8032
192.168.10.96 - - [25/Sep/2019:11:15:58 -0300] "POST /cormun/servlet/acontrolpreferencessavestate?None,DZAMUDIO,true HTTP/1.1" 200 35
192.168.10.96 - - [25/Sep/2019:11:15:59 -0300] "POST /cormun/servlet/vesolicitudgral?514c0180b16cfa86b13739acc038b9a5,2019,16034,,SolicitudOTAdjuntos,gx-no-cache=1569424132710 HTTP/1.1" 200 90
192.168.10.96 - - [25/Sep/2019:11:15:59 -0300] "GET /cormun/servlet/hpexe_link HTTP/1.1" 200 978
192.168.10.96 - - [25/Sep/2019:11:15:59 -0300] "GET /cormun/servlet/trsolicitudgral? HTTP/1.1" 200 16278
192.168.10.96 - - [25/Sep/2019:11:16:00 -0300] "GET /cormun/servlet/trsolicitudgral? HTTP/1.1" 200 16277
200.54.107.2 - - [25/Sep/2019:11:16:22 -0300] "POST /cormun/servlet/trsolicitudot?741e186cf133a769ed37ec5f72cb7ec7,gx-no-cache=1569420661384 HTTP/1.1" 200 4559
200.54.107.2 - - [25/Sep/2019:11:16:26 -0300] "POST /cormun/servlet/trsolicitudot?741e186cf133a769ed37ec5f72cb7ec7,gx-no-cache=1569420666172 HTTP/1.1" 200 6477
200.54.107.2 - - [25/Sep/2019:11:16:38 -0300] "POST /cormun/servlet/trsolicitudot?741e186cf133a769ed37ec5f72cb7ec7,gx-no-cache=1569420677400 HTTP/1.1" 200 5972
200.54.107.2 - - [25/Sep/2019:11:16:38 -0300] "GET /cormun/static/Shared/jqueryui/images/ui-bg_highlight-soft_100_c6c2c8_1x100.png HTTP/1.1" 404 1117
200.54.107.2 - - [25/Sep/2019:11:16:38 -0300] "GET /cormun/static/Shared/jqueryui/images/ui-icons_8d78a5_256x240.png HTTP/1.1" 404 1089
200.54.107.2 - - [25/Sep/2019:11:16:38 -0300] "GET /cormun/static/Shared/jqueryui/images/ui-bg_flat_55_fafafa_40x100.png HTTP/1.1" 404 1097
200.54.107.2 - - [25/Sep/2019:11:16:38 -0300] "GET /cormun/static/Shared/jqueryui/images/ui-icons_82798d_256x240.png HTTP/1.1" 404 1089
200.54.107.2 - - [25/Sep/2019:11:16:38 -0300] "POST /cormun/servlet/trsolicitudot?741e186cf133a769ed37ec5f72cb7ec7,gx-no-cache=1569420677697 HTTP/1.1" 200 5915
200.54.107.2 - - [25/Sep/2019:11:16:43 -0300] "POST /cormun/servlet/trsolicitudot?741e186cf133a769ed37ec5f72cb7ec7,gx-no-cache=1569420682556 HTTP/1.1" 200 6011
200.54.107.2 - - [25/Sep/2019:11:16:47 -0300] "POST /cormun/servlet/trsolicitudot?741e186cf133a769ed37ec5f72cb7ec7,gx-no-cache=1569420687221 HTTP/1.1" 200 6012
200.54.107.2 - - [25/Sep/2019:11:16:55 -0300] "POST /cormun/servlet/trsolicitudot?741e186cf133a769ed37ec5f72cb7ec7,gx-no-cache=1569420694415 HTTP/1.1" 200 5988
200.54.107.2 - - [25/Sep/2019:11:17:00 -0300] "POST /cormun/servlet/trsolicitudot?741e186cf133a769ed37ec5f72cb7ec7,gx-no-cache=1569420700243 HTTP/1.1" 200 5988
200.54.107.2 - - [25/Sep/2019:11:17:04 -0300] "POST /cormun/servlet/trsolicitudot?741e186cf133a769ed37ec5f72cb7ec7,gx-no-cache=1569420703988 HTTP/1.1" 200 6011
200.54.107.2 - - [25/Sep/2019:11:17:07 -0300] "GET /cormun/static/Shared/jqueryui/images/ui-bg_highlight-soft_100_eae6ea_1x100.png HTTP/1.1" 404 1117
200.54.107.2 - - [25/Sep/2019:11:17:11 -0300] "POST /cormun/servlet/trsolicitudot?741e186cf133a769ed37ec5f72cb7ec7,gx-no-cache=1569420711045 HTTP/1.1" 200 5988
200.54.107.2 - - [25/Sep/2019:11:17:17 -0300] "POST /cormun/servlet/trsolicitudot?741e186cf133a769ed37ec5f72cb7ec7,gx-no-cache=1569420716988 HTTP/1.1" 200 5937
200.54.107.2 - - [25/Sep/2019:11:17:23 -0300] "POST /cormun/servlet/trsolicitudot?741e186cf133a769ed37ec5f72cb7ec7,gx-no-cache=1569420722468 HTTP/1.1" 200 6011
200.54.107.2 - - [25/Sep/2019:11:17:25 -0300] "POST /cormun/servlet/trsolicitudot?741e186cf133a769ed37ec5f72cb7ec7,gx-no-cache=1569420724901 HTTP/1.1" 200 5988
200.54.107.2 - - [25/Sep/2019:11:17:33 -0300] "POST /cormun/servlet/trsolicitudot?741e186cf133a769ed37ec5f72cb7ec7,gx-no-cache=1569420732436 HTTP/1.1" 200 5937
200.54.107.2 - - [25/Sep/2019:11:17:37 -0300] "POST /cormun/servlet/trsolicitudot?741e186cf133a769ed37ec5f72cb7ec7,gx-no-cache=1569420737166 HTTP/1.1" 200 5914
192.168.4.251 - - [25/Sep/2019:11:17:38 -0300] "GET /digitalizacion/servlet/wblogin HTTP/1.1" 200 2299
200.54.107.2 - - [25/Sep/2019:11:17:39 -0300] "POST /cormun/servlet/trsolicitudot?741e186cf133a769ed37ec5f72cb7ec7,gx-no-cache=1569420738547 HTTP/1.1" 200 5914
200.54.107.2 - - [25/Sep/2019:11:17:41 -0300] "GET /cormun/servlet/vesolicitudot?2019,16028,, HTTP/1.1" 200 8719
200.54.107.2 - - [25/Sep/2019:11:17:41 -0300] "GET /cormun/pexe_scrolldiv.js HTTP/1.1" 404 1009
200.54.107.2 - - [25/Sep/2019:11:17:41 -0300] "GET /cormun/pexe_scrolldiv.js HTTP/1.1" 404 1009
200.54.107.2 - - [25/Sep/2019:11:17:41 -0300] "GET /cormun/servlet/vesolicitudot?2019,16028,, HTTP/1.1" 200 8718
192.168.4.251 - - [25/Sep/2019:11:17:46 -0300] "GET /digitalizacion/servlet/wblogin HTTP/1.1" 200 2309
200.54.107.2 - - [25/Sep/2019:11:17:46 -0300] "GET /cormun/servlet/trsolicitudot HTTP/1.1" 200 8924
200.54.107.2 - - [25/Sep/2019:11:17:47 -0300] "GET /cormun/servlet/trsolicitudot HTTP/1.1" 200 8920
192.168.4.251 - - [25/Sep/2019:11:17:49 -0300] "GET /digitalizacion/servlet/wblogin HTTP/1.1" 200 2320
200.54.107.2 - - [25/Sep/2019:11:17:55 -0300] "POST /cormun/servlet/trsolicitudot?741e186cf133a769ed37ec5f72cb7ec7,gx-no-cache=1569420754928 HTTP/1.1" 200 6011
186.103.156.24 - - [25/Sep/2019:11:17:57 -0300] "GET /cormun/servlet/hlogin HTTP/1.1" 200 1721
186.103.156.24 - - [25/Sep/2019:11:17:57 -0300] "GET /cormun/servlet/hlogin HTTP/1.1" 200 1732
200.54.107.2 - - [25/Sep/2019:11:17:58 -0300] "GET /cormun/servlet/vesolicitudot?2019,16107,, HTTP/1.1" 200 8638
200.54.107.2 - - [25/Sep/2019:11:17:58 -0300] "GET /cormun/pexe_scrolldiv.js HTTP/1.1" 404 1009
200.54.107.2 - - [25/Sep/2019:11:17:59 -0300] "GET /cormun/pexe_scrolldiv.js HTTP/1.1" 404 1009
200.54.107.2 - - [25/Sep/2019:11:17:59 -0300] "GET /cormun/servlet/vesolicitudot?2019,16107,, HTTP/1.1" 200 8637
186.103.159.46 - - [25/Sep/2019:11:18:01 -0300] "GET /cormun/servlet/trpermisosgoce? HTTP/1.1" 200 6124
200.54.107.2 - - [25/Sep/2019:11:18:02 -0300] "GET /cormun/servlet/vesolicitudot?2019,16107,,SolicitudOTLog HTTP/1.1" 200 9378
200.54.107.2 - - [25/Sep/2019:11:18:02 -0300] "GET /cormun/pexe_scrolldiv.js HTTP/1.1" 404 1009
200.54.107.2 - - [25/Sep/2019:11:18:02 -0300] "GET /cormun/pexe_scrolldiv.js HTTP/1.1" 404 1009
200.54.107.2 - - [25/Sep/2019:11:18:02 -0300] "GET /cormun/servlet/vesolicitudot?2019,16107,,SolicitudOTLog HTTP/1.1" 200 9379
200.54.107.2 - - [25/Sep/2019:11:18:03 -0300] "POST /cormun/servlet/acontrolpreferencessavestate?None,PANDRADE,true HTTP/1.1" 200 35
186.103.159.46 - - [25/Sep/2019:11:18:05 -0300] "GET /cormun/servlet/trpermisosgoce? HTTP/1.1" 200 6120
186.103.159.46 - - [25/Sep/2019:11:18:05 -0300] "GET /cormun/servlet/hlogin HTTP/1.1" 200 1743
200.54.107.2 - - [25/Sep/2019:11:18:06 -0300] "GET /cormun/servlet/vesolicitudot?2019,16107,,General HTTP/1.1" 200 8647
200.54.107.2 - - [25/Sep/2019:11:18:06 -0300] "GET /cormun/pexe_scrolldiv.js HTTP/1.1" 404 1009
200.54.107.2 - - [25/Sep/2019:11:18:06 -0300] "GET /cormun/pexe_scrolldiv.js HTTP/1.1" 404 1009
200.54.107.2 - - [25/Sep/2019:11:18:07 -0300] "GET /cormun/servlet/vesolicitudot?2019,16107,,General HTTP/1.1" 200 8647
200.54.107.2 - - [25/Sep/2019:11:18:11 -0300] "GET /cormun/servlet/trautorizarsolicitud? HTTP/1.1" 200 8892
200.54.107.2 - - [25/Sep/2019:11:18:12 -0300] "GET /cormun/servlet/trautorizarsolicitud? HTTP/1.1" 200 8882
186.103.159.46 - - [25/Sep/2019:11:18:13 -0300] "POST /cormun/servlet/hlogin?322360b02b0fc39c3e3c29077e792581,gx-no-cache=1569420771607 HTTP/1.1" 200 90
186.103.159.46 - - [25/Sep/2019:11:18:13 -0300] "GET /cormun/servlet/hpexe_link HTTP/1.1" 200 960
186.103.159.46 - - [25/Sep/2019:11:18:13 -0300] "GET /cormun/servlet/trpermisosgoce HTTP/1.1" 200 11208
186.103.159.46 - - [25/Sep/2019:11:18:17 -0300] "GET /cormun/servlet/trpermisosgoce HTTP/1.1" 200 11209
200.54.107.2 - - [25/Sep/2019:11:18:18 -0300] "POST /cormun/servlet/trautorizarsolicitud?741e186cf133a769ed37ec5f72cb7ec7,,gx-no-cache=1569420778271 HTTP/1.1" 200 4739
200.54.107.2 - - [25/Sep/2019:11:18:19 -0300] "GET /cormun/static/Shared/jqueryui/images/ui-bg_highlight-soft_100_c6c2c8_1x100.png HTTP/1.1" 404 1117
200.54.107.2 - - [25/Sep/2019:11:18:19 -0300] "GET /cormun/static/Shared/jqueryui/images/ui-icons_82798d_256x240.png HTTP/1.1" 404 1089
200.54.107.2 - - [25/Sep/2019:11:18:19 -0300] "GET /cormun/static/Shared/jqueryui/images/ui-bg_flat_55_fafafa_40x100.png HTTP/1.1" 404 1097
200.54.107.2 - - [25/Sep/2019:11:18:19 -0300] "GET /cormun/static/Shared/jqueryui/images/ui-icons_8d78a5_256x240.png HTTP/1.1" 404 1089
200.54.107.2 - - [25/Sep/2019:11:18:19 -0300] "POST /cormun/servlet/trautorizarsolicitud?741e186cf133a769ed37ec5f72cb7ec7,,gx-no-cache=1569420778503 HTTP/1.1" 200 4486
186.103.156.24 - - [25/Sep/2019:11:18:20 -0300] "POST /cormun/servlet/hlogin?5548be51dece3b7f2d81d9d03cacb749,gx-no-cache=1569417304606 HTTP/1.1" 200 445
192.168.4.251 - - [25/Sep/2019:11:18:20 -0300] "GET /digitalizacion/servlet/wblogin HTTP/1.1" 200 2310
186.103.159.46 - - [25/Sep/2019:11:18:21 -0300] "POST /cormun/servlet/trpermisosgoce?322360b02b0fc39c3e3c29077e792581,gx-no-cache=1569420779389 HTTP/1.1" 200 8253
200.54.107.2 - - [25/Sep/2019:11:18:26 -0300] "POST /cormun/servlet/trautorizarsolicitud?741e186cf133a769ed37ec5f72cb7ec7,,gx-no-cache=1569420785508 HTTP/1.1" 200 6507
186.103.156.24 - - [25/Sep/2019:11:18:26 -0300] "POST /cormun/servlet/hlogin?5548be51dece3b7f2d81d9d03cacb749,gx-no-cache=1569417310875 HTTP/1.1" 200 90
186.103.156.24 - - [25/Sep/2019:11:18:26 -0300] "GET /cormun/servlet/hpexe_link HTTP/1.1" 200 950
186.103.156.24 - - [25/Sep/2019:11:18:27 -0300] "GET /cormun/servlet/hhome HTTP/1.1" 200 4335
186.103.156.24 - - [25/Sep/2019:11:18:27 -0300] "GET /cormun/servlet/hhome HTTP/1.1" 200 4331
186.103.156.24 - - [25/Sep/2019:11:18:30 -0300] "GET /cormun/servlet/trlicencias? HTTP/1.1" 200 10067
186.103.156.24 - - [25/Sep/2019:11:18:30 -0300] "GET /cormun/servlet/trlicencias? HTTP/1.1" 200 10063
186.103.159.46 - - [25/Sep/2019:11:18:36 -0300] "GET /cormun/servlet/permisogoce?INS,0,,, HTTP/1.1" 200 6902
186.103.159.46 - - [25/Sep/2019:11:18:37 -0300] "GET /cormun/static/gxcfg.js?201776126440 HTTP/1.1" 200 953
186.103.159.46 - - [25/Sep/2019:11:18:37 -0300] "GET /cormun/static/permisogoce.js?2017761264459 HTTP/1.1" 200 27897
200.54.107.2 - - [25/Sep/2019:11:18:39 -0300] "POST /cormun/servlet/trautorizarsolicitud?741e186cf133a769ed37ec5f72cb7ec7,,gx-no-cache=1569420798670 HTTP/1.1" 200 6519
186.103.159.46 - - [25/Sep/2019:11:18:39 -0300] "GET /cormun/servlet/permisogoce?INS,0,,, HTTP/1.1" 200 6902
200.54.107.2 - - [25/Sep/2019:11:18:47 -0300] "GET /cormun/servlet/trautorizarsolicitud? HTTP/1.1" 200 9429
200.54.107.2 - - [25/Sep/2019:11:18:47 -0300] "GET /cormun/servlet/trautorizarsolicitud? HTTP/1.1" 200 9440
186.103.159.46 - - [25/Sep/2019:11:18:48 -0300] "GET /cormun/servlet/permisogoce?c7d94e8355f7de0dd673e45667595d9385e0e79d3427fc174197660e6748a6794c811836da55e241ccbedbe96835e89d0963e8a782956cc21c070f0ffacfe94e,gx-no-cache=1569420806769 HTTP/1.1" 200 82
200.54.107.2 - - [25/Sep/2019:11:18:50 -0300] "POST /cormun/servlet/trautorizarsolicitud?741e186cf133a769ed37ec5f72cb7ec7,,gx-no-cache=1569420810128 HTTP/1.1" 200 6496
186.103.159.46 - - [25/Sep/2019:11:18:50 -0300] "GET /cormun/static/menuarrow.gif HTTP/1.1" 404 1015
200.54.107.2 - - [25/Sep/2019:11:18:50 -0300] "GET /cormun/static/Shared/jqueryui/images/ui-bg_highlight-soft_100_c6c2c8_1x100.png HTTP/1.1" 404 1117
200.54.107.2 - - [25/Sep/2019:11:18:50 -0300] "GET /cormun/static/Shared/jqueryui/images/ui-icons_82798d_256x240.png HTTP/1.1" 404 1089
200.54.107.2 - - [25/Sep/2019:11:18:51 -0300] "GET /cormun/static/Shared/jqueryui/images/ui-bg_flat_55_fafafa_40x100.png HTTP/1.1" 404 1097
200.54.107.2 - - [25/Sep/2019:11:18:51 -0300] "GET /cormun/static/Shared/jqueryui/images/ui-icons_8d78a5_256x240.png HTTP/1.1" 404 1089
186.103.159.46 - - [25/Sep/2019:11:18:56 -0300] "GET /cormun/servlet/permisogoce?c7d94e8355f7de0dd673e45667595d93ec37b9a1a711ac4bcf08ca334a15bb29103f2cb59b55ab376facc79ed202818655a91ab91f7e0f76464557d1f88ec729,gx-no-cache=1569420814920 HTTP/1.1" 200 48
186.103.159.46 - - [25/Sep/2019:11:18:58 -0300] "POST /cormun/servlet/permisogoce?322360b02b0fc39c3e3c29077e792581,INS,0,,,,gx-no-cache=1569420816357 HTTP/1.1" 200 93
186.103.159.46 - - [25/Sep/2019:11:18:58 -0300] "GET /cormun/servlet/hpexe_return? HTTP/1.1" 200 1035
186.103.159.46 - - [25/Sep/2019:11:18:59 -0300] "GET /cormun/servlet/trpermisosgoce?gx-no-cache=1569420779389 HTTP/1.1" 200 11420
200.54.107.2 - - [25/Sep/2019:11:18:59 -0300] "POST /cormun/servlet/trautorizarsolicitud?741e186cf133a769ed37ec5f72cb7ec7,,gx-no-cache=1569420818982 HTTP/1.1" 200 4475
186.103.159.46 - - [25/Sep/2019:11:19:03 -0300] "GET /cormun/servlet/trpermisosgoce?gx-no-cache=1569420779389 HTTP/1.1" 200 11436
200.54.107.2 - - [25/Sep/2019:11:19:08 -0300] "POST /cormun/servlet/trautorizarsolicitud?741e186cf133a769ed37ec5f72cb7ec7,,gx-no-cache=1569420827908 HTTP/1.1" 200 6485
186.103.159.46 - - [25/Sep/2019:11:19:10 -0300] "GET /cormun/servlet/apermisogoceprn?13945167,P,20190925121129,PU HTTP/1.1" 200 1652
200.54.107.2 - - [25/Sep/2019:11:19:12 -0300] "GET /cormun/servlet/veautorizarsolicitud?2019,16107,, HTTP/1.1" 200 8645
200.54.107.2 - - [25/Sep/2019:11:19:12 -0300] "GET /cormun/pexe_scrolldiv.js HTTP/1.1" 404 1009
200.54.107.2 - - [25/Sep/2019:11:19:12 -0300] "GET /cormun/servlet/veautorizarsolicitud?2019,16107,, HTTP/1.1" 200 8644
200.54.107.2 - - [25/Sep/2019:11:19:14 -0300] "GET /cormun/servlet/veautorizarsolicitud?2019,16107,,SolicitudOTLog HTTP/1.1" 200 9555
200.54.107.2 - - [25/Sep/2019:11:19:14 -0300] "GET /cormun/pexe_scrolldiv.js HTTP/1.1" 404 1009
200.54.107.2 - - [25/Sep/2019:11:19:14 -0300] "GET /cormun/static/tbautorizarsolicitud03.js?2017761159755 HTTP/1.1" 200 13367
200.54.107.2 - - [25/Sep/2019:11:19:14 -0300] "GET /cormun/servlet/veautorizarsolicitud?2019,16107,,SolicitudOTLog HTTP/1.1" 200 9556
200.54.107.2 - - [25/Sep/2019:11:19:15 -0300] "POST /cormun/servlet/acontrolpreferencessavestate?None,PANDRADE,true HTTP/1.1" 200 35
192.168.4.251 - - [25/Sep/2019:11:19:28 -0300] "GET /digitalizacion/servlet/wblogin HTTP/1.1" 200 2306
192.168.4.251 - - [25/Sep/2019:11:19:33 -0300] "POST /digitalizacion/servlet/wblogin?17f4fd4dced9dbc1ba03befa23bf4c8a,gx-no-cache=1569424583061 HTTP/1.1" 200 65
192.168.4.251 - - [25/Sep/2019:11:19:34 -0300] "GET /digitalizacion/servlet/hhome HTTP/1.1" 200 2823
200.54.107.2 - - [25/Sep/2019:11:19:34 -0300] "GET /cormun/servlet/veautorizarsolicitud?2019,16107,,General HTTP/1.1" 200 8651
200.54.107.2 - - [25/Sep/2019:11:19:34 -0300] "GET /cormun/pexe_scrolldiv.js HTTP/1.1" 404 1009
200.54.107.2 - - [25/Sep/2019:11:19:34 -0300] "GET /cormun/pexe_scrolldiv.js HTTP/1.1" 404 1009
200.54.107.2 - - [25/Sep/2019:11:19:34 -0300] "GET /cormun/servlet/veautorizarsolicitud?2019,16107,,General HTTP/1.1" 200 8650
192.168.4.251 - - [25/Sep/2019:11:19:37 -0300] "GET /digitalizacion/servlet/hhome HTTP/1.1" 200 2821
192.168.4.251 - - [25/Sep/2019:11:19:42 -0300] "GET /digitalizacion/servlet/trdocumentos? HTTP/1.1" 200 9878
192.168.4.251 - - [25/Sep/2019:11:19:45 -0300] "GET /digitalizacion/servlet/trdocumentos? HTTP/1.1" 200 9876
192.168.4.251 - - [25/Sep/2019:11:19:46 -0300] "POST /digitalizacion/servlet/trdocumentos?gx-no-cache=1569424595035 HTTP/1.1" 200 449
192.168.4.251 - - [25/Sep/2019:11:19:46 -0300] "POST /digitalizacion/servlet/trdocumentos?gx-no-cache=1569424595487 HTTP/1.1" 200 78
192.168.4.251 - - [25/Sep/2019:11:19:58 -0300] "POST /digitalizacion/servlet/trdocumentos?gx-no-cache=1569424607940 HTTP/1.1" 200 237
192.168.4.251 - - [25/Sep/2019:11:20:06 -0300] "POST /digitalizacion/servlet/trdocumentos?17f4fd4dced9dbc1ba03befa23bf4c8a,,gx-no-cache=1569424614372 HTTP/1.1" 200 5376
192.168.4.251 - - [25/Sep/2019:11:20:16 -0300] "POST /digitalizacion/servlet/trdocumentos?17f4fd4dced9dbc1ba03befa23bf4c8a,,gx-no-cache=1569424624802 HTTP/1.1" 200 5216
192.168.4.251 - - [25/Sep/2019:11:20:26 -0300] "GET /digitalizacion/servlet/wbadjunto?6323,PU HTTP/1.1" 302 -
192.168.4.251 - - [25/Sep/2019:11:20:27 -0300] "GET /digitalizacion/PublicTempStorage/4500731.tmp HTTP/1.1" 200 496397
190.171.141.106 - - [25/Sep/2019:11:21:05 -0300] "GET /cormun/servlet/trlicencias HTTP/1.1" 200 6138
190.171.141.106 - - [25/Sep/2019:11:21:06 -0300] "GET /cormun/servlet/hlogin HTTP/1.1" 200 1742
190.171.141.106 - - [25/Sep/2019:11:21:06 -0300] "GET /cormun/servlet/trlicencias HTTP/1.1" 200 6136
192.168.4.251 - - [25/Sep/2019:11:21:23 -0300] "POST /digitalizacion/servlet/trdocumentos?17f4fd4dced9dbc1ba03befa23bf4c8a,,gx-no-cache=1569424692001 HTTP/1.1" 200 5231
192.168.10.96 - - [25/Sep/2019:11:25:30 -0300] "POST /cormun/servlet/trsolicitudgral?514c0180b16cfa86b13739acc038b9a5,,gx-no-cache=1569424703419 HTTP/1.1" 200 11528
192.168.4.251 - - [25/Sep/2019:11:28:50 -0300] "POST /digitalizacion/servlet/trdocumentos?17f4fd4dced9dbc1ba03befa23bf4c8a,,gx-no-cache=1569425138375 HTTP/1.1" 200 3665
192.168.4.251 - - [25/Sep/2019:11:29:00 -0300] "GET /digitalizacion/servlet/wbadjunto?10518,PU HTTP/1.1" 302 -
192.168.4.251 - - [25/Sep/2019:11:29:04 -0300] "GET /digitalizacion/PublicTempStorage/2108243.tmp HTTP/1.1" 200 940273
192.168.4.251 - - [25/Sep/2019:11:29:12 -0300] "GET /digitalizacion/servlet/wbadjunto?10519,PU HTTP/1.1" 302 -
192.168.4.251 - - [25/Sep/2019:11:29:13 -0300] "GET /digitalizacion/PublicTempStorage/24658.tmp HTTP/1.1" 200 680723
192.168.4.251 - - [25/Sep/2019:11:29:32 -0300] "POST /digitalizacion/servlet/trdocumentos?17f4fd4dced9dbc1ba03befa23bf4c8a,,gx-no-cache=1569425180755 HTTP/1.1" 200 4018
192.168.4.251 - - [25/Sep/2019:11:29:34 -0300] "GET /digitalizacion/servlet/wbadjunto?8311,PU HTTP/1.1" 302 -
192.168.4.251 - - [25/Sep/2019:11:29:35 -0300] "GET /digitalizacion/PublicTempStorage/5238177.tmp HTTP/1.1" 200 815348
192.168.4.251 - - [25/Sep/2019:11:29:39 -0300] "GET /digitalizacion/servlet/wbadjunto?8312,PU HTTP/1.1" 302 -
192.168.4.251 - - [25/Sep/2019:11:29:39 -0300] "GET /digitalizacion/PublicTempStorage/6168168.tmp HTTP/1.1" 200 862276
192.168.4.251 - - [25/Sep/2019:11:29:45 -0300] "GET /digitalizacion/servlet/wbadjunto?8314,PU HTTP/1.1" 302 -
192.168.4.251 - - [25/Sep/2019:11:29:46 -0300] "GET /digitalizacion/PublicTempStorage/3591481.tmp HTTP/1.1" 200 991831
192.168.4.251 - - [25/Sep/2019:11:29:56 -0300] "GET /digitalizacion/servlet/wbadjunto?8315,PU HTTP/1.1" 302 -
192.168.4.251 - - [25/Sep/2019:11:29:56 -0300] "GET /digitalizacion/PublicTempStorage/965694.tmp HTTP/1.1" 200 992998
192.168.4.251 - - [25/Sep/2019:11:30:20 -0300] "POST /digitalizacion/servlet/trdocumentos?17f4fd4dced9dbc1ba03befa23bf4c8a,,gx-no-cache=1569425229090 HTTP/1.1" 200 3615
192.168.4.251 - - [25/Sep/2019:11:30:24 -0300] "GET /digitalizacion/servlet/wbadjunto?9658,PU HTTP/1.1" 302 -
192.168.4.251 - - [25/Sep/2019:11:30:26 -0300] "GET /digitalizacion/PublicTempStorage/6167855.tmp HTTP/1.1" 200 1127501
200.54.103.162 - - [25/Sep/2019:11:30:49 -0300] "POST /cormun/servlet/trlicencias?1722c5737fa308c3259375062bd4cbf0,gx-no-cache=1569421527671 HTTP/1.1" 440 972
200.54.103.162 - - [25/Sep/2019:11:30:51 -0300] "GET /cormun/servlet/trlicencias HTTP/1.1" 200 6134
200.54.103.162 - - [25/Sep/2019:11:30:52 -0300] "GET /cormun/servlet/hlogin HTTP/1.1" 200 1737
200.54.103.162 - - [25/Sep/2019:11:30:52 -0300] "GET /cormun/servlet/trlicencias HTTP/1.1" 200 6134
200.54.103.162 - - [25/Sep/2019:11:31:02 -0300] "POST /cormun/servlet/hlogin?d3139d17ca5d5936b8ba82e79f529d14,gx-no-cache=1569421540849 HTTP/1.1" 200 90
200.54.103.162 - - [25/Sep/2019:11:31:02 -0300] "GET /cormun/servlet/hpexe_link HTTP/1.1" 200 957
200.54.103.162 - - [25/Sep/2019:11:31:02 -0300] "GET /cormun/servlet/trlicencias HTTP/1.1" 200 15819
200.54.103.162 - - [25/Sep/2019:11:31:03 -0300] "GET /cormun/servlet/trlicencias HTTP/1.1" 200 15823
192.168.4.251 - - [25/Sep/2019:11:31:19 -0300] "POST /digitalizacion/servlet/trdocumentos?17f4fd4dced9dbc1ba03befa23bf4c8a,,gx-no-cache=1569425287185 HTTP/1.1" 200 3210
192.168.4.251 - - [25/Sep/2019:11:31:27 -0300] "POST /digitalizacion/servlet/trdocumentos?17f4fd4dced9dbc1ba03befa23bf4c8a,,gx-no-cache=1569425296141 HTTP/1.1" 200 5216
190.171.141.90 - - [25/Sep/2019:11:33:34 -0300] "GET /cormun/servlet/hlogin HTTP/1.1" 200 1720
190.171.141.90 - - [25/Sep/2019:11:33:34 -0300] "GET /cormun/servlet/hlogin HTTP/1.1" 200 1728
192.168.10.89 - - [25/Sep/2019:11:33:35 -0300] "GET /cormun/servlet/hlogin HTTP/1.1" 200 1726
190.171.141.90 - - [25/Sep/2019:11:33:42 -0300] "POST /cormun/servlet/hlogin?7510beaf496565fa8ad7e051808a3bbe,gx-no-cache=1569421700876 HTTP/1.1" 200 439
