200.111.191.212 - - [25/Sep/2019:08:08:39 -0300] "GET /cormun/servlet/trlicencias HTTP/1.1" 200 14486
200.111.191.212 - - [25/Sep/2019:08:08:41 -0300] "GET /cormun/servlet/alicenciaprn?18799461,L,20190925000000,PU HTTP/1.1" 200 1539
200.111.191.212 - - [25/Sep/2019:08:08:53 -0300] "GET /cormun/servlet/licenciaspermisos?INS,0,,, HTTP/1.1" 200 7558
200.111.191.212 - - [25/Sep/2019:08:08:53 -0300] "GET /cormun/servlet/licenciaspermisos?INS,0,,, HTTP/1.1" 200 7566
200.111.191.212 - - [25/Sep/2019:08:08:58 -0300] "GET /cormun/servlet/licenciaspermisos?f3cc3fe9232919dbe662b9da8f08b78762b37289ba1194e16a56ea80fb2624ae903a438397ab3f8daa2ddee274428f56,gx-no-cache=1569409600638 HTTP/1.1" 200 109
200.111.191.212 - - [25/Sep/2019:08:08:58 -0300] "POST /cormun/servlet/licenciaspermisos?c48ccc1748729efc8f40df8e24f99b3d,INS,0,,,,gx-no-cache=1569409600803 HTTP/1.1" 200 4738
192.168.10.89 - - [25/Sep/2019:08:09:22 -0300] "GET /cormun/servlet/vesolicitudgral?2019,16010,, HTTP/1.1" 200 8494
192.168.10.89 - - [25/Sep/2019:08:09:22 -0300] "GET /cormun/pexe_scrolldiv.js HTTP/1.1" 404 1009
200.111.191.212 - - [25/Sep/2019:08:09:50 -0300] "GET /cormun/servlet/licenciaspermisos?f3cc3fe9232919dbe662b9da8f08b787b6b758552f2a1583e341225e04045608ee7537fb5113b31113ce99bef06d1561d624fddd2510fffe41f0de9aca2848d55574e45adeeefc0637a0bca3282b009c90d247a1e2d9f0b35aa75fd2a4829df91d77ff4168d329f160f46ddde3233959356b8708f9f55f99c9324c0c1c03fe5f37decee2bf787b68c9465b92b75f1a2c8a96b83e25725a30125c49d371e345af7718211575b31d63ebd0094a1c279a7a,gx-no-cache=1569409653284 HTTP/1.1" 200 30
200.111.191.212 - - [25/Sep/2019:08:09:50 -0300] "GET /cormun/servlet/licenciaspermisos?f3cc3fe9232919dbe662b9da8f08b787d6a3819e6fefa87f301e3399a3ebf74b25580e5f9decbfce51d76b8c500802a36016c079392a56e25814970b27b1e7ec188cef05b485faa313bcc77cbf78850ce07a8979d9110f87bc593a9ecbe88827994ae847b570c890ff5f2cd7d0cdf435b528088cb9bebec8fa864643c9fb7ad081b98a360049b3822b453fd9ead76ab894c04cbc3985d253a1817f821fb8d346895e72089077135ef2bcb5a02b096632,gx-no-cache=1569409653307 HTTP/1.1" 200 29
200.111.191.212 - - [25/Sep/2019:08:09:51 -0300] "POST /cormun/servlet/licenciaspermisos?c48ccc1748729efc8f40df8e24f99b3d,INS,0,,,,gx-no-cache=1569409653331 HTTP/1.1" 200 93
200.111.191.212 - - [25/Sep/2019:08:09:51 -0300] "GET /cormun/servlet/hpexe_return? HTTP/1.1" 200 1009
200.111.191.212 - - [25/Sep/2019:08:09:51 -0300] "GET /cormun/servlet/trlicencias HTTP/1.1" 200 14729
200.111.191.212 - - [25/Sep/2019:08:09:51 -0300] "GET /cormun/servlet/trlicencias HTTP/1.1" 200 14729
200.111.191.212 - - [25/Sep/2019:08:09:53 -0300] "GET /cormun/servlet/alicenciaprn?15589626,L,20190925000000,PU HTTP/1.1" 200 1538
192.168.10.96 - - [25/Sep/2019:08:11:42 -0300] "GET /cormun/servlet/vesolicitudgral?2019,16061,,SolicitudOTLog HTTP/1.1" 200 10432
192.168.10.96 - - [25/Sep/2019:08:11:42 -0300] "GET /cormun/pexe_scrolldiv.js HTTP/1.1" 404 1009
192.168.10.96 - - [25/Sep/2019:08:11:42 -0300] "GET /cormun/pexe_scrolldiv.js HTTP/1.1" 404 1009
192.168.10.96 - - [25/Sep/2019:08:11:43 -0300] "GET /cormun/servlet/vesolicitudgral?2019,16061,,SolicitudOTLog HTTP/1.1" 200 10428
192.168.10.96 - - [25/Sep/2019:08:11:43 -0300] "POST /cormun/servlet/acontrolpreferencessavestate?None,DZAMUDIO,true HTTP/1.1" 200 35
192.168.10.96 - - [25/Sep/2019:08:11:46 -0300] "GET /cormun/servlet/vesolicitudgral?2019,16061,,General HTTP/1.1" 200 9341
192.168.10.96 - - [25/Sep/2019:08:11:46 -0300] "GET /cormun/pexe_scrolldiv.js HTTP/1.1" 404 1009
192.168.10.96 - - [25/Sep/2019:08:11:46 -0300] "GET /cormun/pexe_scrolldiv.js HTTP/1.1" 404 1009
192.168.10.96 - - [25/Sep/2019:08:11:46 -0300] "GET /cormun/servlet/vesolicitudgral?2019,16061,,General HTTP/1.1" 200 9341
192.168.10.89 - - [25/Sep/2019:08:12:27 -0300] "POST /cormun/servlet/vesolicitudgral?3630735476f4b24600879ce3a1f5b3db,2019,16010,,,gx-no-cache=1569413120938 HTTP/1.1" 200 93
192.168.10.89 - - [25/Sep/2019:08:12:27 -0300] "GET /cormun/servlet/hpexe_return? HTTP/1.1" 200 1037
192.168.10.89 - - [25/Sep/2019:08:12:28 -0300] "GET /cormun/servlet/trsolicitudgral?gx-no-cache=1569412875912 HTTP/1.1" 200 15648
192.168.10.89 - - [25/Sep/2019:08:12:35 -0300] "GET /cormun/servlet/vesolicitudgral?2019,16054,, HTTP/1.1" 200 8491
192.168.10.89 - - [25/Sep/2019:08:12:35 -0300] "GET /cormun/pexe_scrolldiv.js HTTP/1.1" 404 1009
192.168.10.89 - - [25/Sep/2019:08:12:42 -0300] "POST /cormun/servlet/vesolicitudgral?3630735476f4b24600879ce3a1f5b3db,2019,16054,,,gx-no-cache=1569413135149 HTTP/1.1" 200 90
192.168.10.89 - - [25/Sep/2019:08:12:42 -0300] "GET /cormun/servlet/hpexe_link HTTP/1.1" 200 990
192.168.10.89 - - [25/Sep/2019:08:12:42 -0300] "GET /cormun/servlet/trsolicitudgral?gx-no-cache=1569412875912 HTTP/1.1" 200 15644
192.168.10.89 - - [25/Sep/2019:08:12:47 -0300] "POST /cormun/servlet/trsolicitudgral?3630735476f4b24600879ce3a1f5b3db,gx-no-cache=1569412875912,gx-no-cache=1569413140479 HTTP/1.1" 200 12012
192.168.10.89 - - [25/Sep/2019:08:12:47 -0300] "GET /cormun/static/Shared/jqueryui/images/ui-icons_82798d_256x240.png HTTP/1.1" 404 1089
192.168.10.89 - - [25/Sep/2019:08:12:47 -0300] "GET /cormun/static/Shared/jqueryui/images/ui-bg_flat_55_fafafa_40x100.png HTTP/1.1" 404 1097
192.168.10.89 - - [25/Sep/2019:08:12:48 -0300] "GET /cormun/static/Shared/jqueryui/images/ui-bg_highlight-soft_100_c6c2c8_1x100.png HTTP/1.1" 404 1117
192.168.10.89 - - [25/Sep/2019:08:12:48 -0300] "GET /cormun/static/Shared/jqueryui/images/ui-icons_8d78a5_256x240.png HTTP/1.1" 404 1089
192.168.10.89 - - [25/Sep/2019:08:12:56 -0300] "GET /cormun/servlet/trautorizarot? HTTP/1.1" 200 10206
192.168.10.89 - - [25/Sep/2019:08:12:59 -0300] "POST /cormun/servlet/trautorizarot?3630735476f4b24600879ce3a1f5b3db,,gx-no-cache=1569413152744 HTTP/1.1" 200 5353
192.168.10.89 - - [25/Sep/2019:08:13:01 -0300] "GET /cormun/servlet/trsolicitudgral? HTTP/1.1" 200 15202
192.168.10.89 - - [25/Sep/2019:08:13:07 -0300] "POST /cormun/servlet/trsolicitudgral?3630735476f4b24600879ce3a1f5b3db,,gx-no-cache=1569413160715 HTTP/1.1" 200 105
192.168.10.89 - - [25/Sep/2019:08:13:07 -0300] "GET /cormun/SolicitudGral-7780.xls HTTP/1.1" 200 11264
192.168.10.89 - - [25/Sep/2019:08:13:11 -0300] "OPTIONS /cormun/ HTTP/1.1" 200 -
192.168.10.89 - - [25/Sep/2019:08:13:11 -0300] "OPTIONS /cormun/ HTTP/1.1" 200 -
192.168.10.89 - - [25/Sep/2019:08:13:16 -0300] "HEAD /cormun/SolicitudGral-7780.xls HTTP/1.1" 200 -
192.168.10.89 - - [25/Sep/2019:08:13:16 -0300] "HEAD /cormun/SolicitudGral-7780.xls HTTP/1.1" 200 -
192.168.10.89 - - [25/Sep/2019:08:13:21 -0300] "GET /cormun/SolicitudGral-7780.xls HTTP/1.1" 200 11264
192.168.10.89 - - [25/Sep/2019:08:13:21 -0300] "HEAD /cormun/SolicitudGral-7780.xls HTTP/1.1" 200 -
186.103.159.46 - - [25/Sep/2019:08:14:01 -0300] "GET /cormun/servlet/licenciaspermisos?INS,0,,, HTTP/1.1" 200 7591
186.103.159.46 - - [25/Sep/2019:08:14:01 -0300] "GET /cormun/static/gxcfg.js?201762917281167 HTTP/1.1" 200 953
186.103.159.46 - - [25/Sep/2019:08:14:01 -0300] "GET /cormun/static/licenciaspermisos.js?201762917281260 HTTP/1.1" 200 37491
186.103.159.46 - - [25/Sep/2019:08:14:01 -0300] "GET /cormun/static/Resources/prompt.gif HTTP/1.1" 200 902
186.103.159.46 - - [25/Sep/2019:08:14:04 -0300] "GET /cormun/servlet/licenciaspermisos?INS,0,,, HTTP/1.1" 200 7599
186.103.159.46 - - [25/Sep/2019:08:14:04 -0300] "GET /cormun/servlet/licenciaspermisos?INS,0,,, HTTP/1.1" 200 7599
186.103.159.46 - - [25/Sep/2019:08:14:07 -0300] "GET /cormun/servlet/licenciaspermisos?INS,0,,, HTTP/1.1" 200 7599
192.168.10.89 - - [25/Sep/2019:08:14:16 -0300] "POST /cormun/servlet/trsolicitudgral?3630735476f4b24600879ce3a1f5b3db,,gx-no-cache=1569413229968 HTTP/1.1" 200 7276
192.168.10.89 - - [25/Sep/2019:08:14:24 -0300] "GET /cormun/servlet/solicitudgral3?UPD,2019,16100, HTTP/1.1" 200 13291
192.168.10.89 - - [25/Sep/2019:08:14:25 -0300] "POST /cormun/servlet/solicitudgral3?gx-no-cache=1569413238922 HTTP/1.1" 200 4217
192.168.10.89 - - [25/Sep/2019:08:14:25 -0300] "GET /cormun/servlet/solicitudgral3?5bacfac625967a2e3cc47fb2a250ee0e4f04af7ee535b4087c85104a6b3a0aeeb0f639e3d3c2a5332d06f267e0338ca277d82acb9821e0d86b8a60d8a065c1f689716150fdcf2f26351691caa9112fc6f1a767f7c5ca7e932a3690aa8dbcbd2a5c081d350276d1ad3a55e95194744bf8e7930cd561ff8fe96f95f0dc080f183fc95f613a5f11bc52c36262ea226eb189340af328be9308a465a15c08a7ba8f6665a4c1ebd33a72fda32dfadb7656cffbb77f0bc0657a51dfdcb2f254841983c9e3e543b75579285244d246f9831e19e66e0b65350fef88ce8daa840368f8704eaf1ef0424b8cc4f94bef91a84e24908354f992ce1b344810b2998011a97ba8f329f01367de88b756f434b7720c25128506ab549c3e0005548027a6958aaebe19db44d5d0033ace42a0af566cb316505dadd6643874f40c670bd9d4e0fe2a87fcfdee6f0c98667a065cd27da1a2535996,gx-no-cache=1569413239140 HTTP/1.1" 200 240
192.168.10.89 - - [25/Sep/2019:08:14:25 -0300] "GET /cormun/servlet/solicitudgral3?5bacfac625967a2e3cc47fb2a250ee0e8a3f7a9412f78d846e063d780eb04543a7e5999ed62aa9106ad1701bf598afb98fb5d1674614cf0f7648501509ef08e507277bb190b24ae665f9ea5776fbedb3d7313e5cff7728591a14d302286e214d,gx-no-cache=1569413239161 HTTP/1.1" 200 41
192.168.10.89 - - [25/Sep/2019:08:14:26 -0300] "GET /cormun/servlet/solicitudgral3?5bacfac625967a2e3cc47fb2a250ee0ee377b1a32c3f2a8c9ccf8634140cf84e925676703d20577d665e5077449fdf024186e56f483b7b1951b9089504595cef3ca68db9014e188629b6478492b73530cb2edcf1f6414b6534de97e887171b315c5851b5a254a31b5bdf74229962577f0a711151e24f5b4036f7d186cb386930,gx-no-cache=1569413239213 HTTP/1.1" 200 41
186.103.159.46 - - [25/Sep/2019:08:14:33 -0300] "GET /cormun/servlet/licenciaspermisos?d2091b73a4e54b1fb438817f92299c332551d802c423d4f62949d45b69d54cb3394689ad92f091d3704c0b05d31e28f1,gx-no-cache=1569409752168 HTTP/1.1" 200 103
186.103.159.46 - - [25/Sep/2019:08:14:34 -0300] "POST /cormun/servlet/licenciaspermisos?527980e2616f938d0c25a40184defbff,INS,0,,,,gx-no-cache=1569409752380 HTTP/1.1" 200 4766
192.168.10.89 - - [25/Sep/2019:08:14:50 -0300] "GET /cormun/servlet/solicitudgral3?5bacfac625967a2e3cc47fb2a250ee0e7f13fb6455f29d9138410d0c57ff15013f76e0a3cd1e389e102084a79d6845df77d82acb9821e0d86b8a60d8a065c1f61650f59d85fa20beb36a40f0569e48678c610f0d47b88e691210de0b3a8677f8,gx-no-cache=1569413264125 HTTP/1.1" 200 30
192.168.10.89 - - [25/Sep/2019:08:14:55 -0300] "POST /cormun/servlet/solicitudgral3?gx-no-cache=1569413268838 HTTP/1.1" 200 97
192.168.10.89 - - [25/Sep/2019:08:14:57 -0300] "POST /cormun/servlet/solicitudgral3?3630735476f4b24600879ce3a1f5b3db,UPD,2019,16100,,gx-no-cache=1569413271061 HTTP/1.1" 200 11939
192.168.10.89 - - [25/Sep/2019:08:15:00 -0300] "GET /cormun/servlet/solicitudgral3?5bacfac625967a2e3cc47fb2a250ee0e7e898905df76f8a8b0f5b2827eff24d48c08d99b744582b9911835c59ba13cdb3a754b05cd92193e2c3c097f96f66bd6b94b8cb6d3c71a9a84269d8c611c4c76b1015c74cff23f400f510706fe1711cf2cf1f51d4a67540ed0e3087f1e454063c715d741b3ca3e3e1587c1acc247c29ac0d2391d94763866e144232c9113464b51fcb08e0d50ab77f88f80f8f87474f4,gx-no-cache=1569413273202 HTTP/1.1" 200 30
192.168.10.89 - - [25/Sep/2019:08:15:01 -0300] "GET /cormun/servlet/solicitudgral3?5bacfac625967a2e3cc47fb2a250ee0e1024ad0ab49c4394bf02b8b82f287927d9c871a254f62fbbde5685b74811455c11fa912f3e121754d2aac0d950f1cbc477d82acb9821e0d86b8a60d8a065c1f6f1f87129f5419da7b9ecaddd130da9cca9eba0746224e6894042759d6397e9e66e37e4d219a1523780ea91fe4f9081cfa1ade62b1d71fba6264b92d66eeaf05f,gx-no-cache=1569413274377 HTTP/1.1" 200 30
192.168.10.89 - - [25/Sep/2019:08:15:19 -0300] "POST /cormun/servlet/solicitudgral3?3630735476f4b24600879ce3a1f5b3db,UPD,2019,16100,,gx-no-cache=1569413292671 HTTP/1.1" 200 93
192.168.10.89 - - [25/Sep/2019:08:15:19 -0300] "GET /cormun/servlet/hpexe_return? HTTP/1.1" 200 1018
192.168.10.89 - - [25/Sep/2019:08:15:19 -0300] "GET /cormun/servlet/trsolicitudgral? HTTP/1.1" 200 10440
186.103.159.46 - - [25/Sep/2019:08:15:22 -0300] "GET /cormun/static/menuarrow.gif HTTP/1.1" 404 1015
192.168.10.89 - - [25/Sep/2019:08:15:23 -0300] "GET /cormun/servlet/solicitudgral3?UPD,2019,16099, HTTP/1.1" 200 13325
192.168.10.89 - - [25/Sep/2019:08:15:25 -0300] "POST /cormun/servlet/solicitudgral3?gx-no-cache=1569413298214 HTTP/1.1" 200 4229
192.168.10.89 - - [25/Sep/2019:08:15:25 -0300] "GET /cormun/servlet/solicitudgral3?5bacfac625967a2e3cc47fb2a250ee0e4f04af7ee535b4087c85104a6b3a0aeeb0f639e3d3c2a5332d06f267e0338ca277d82acb9821e0d86b8a60d8a065c1f689716150fdcf2f26351691caa9112fc6f1a767f7c5ca7e932a3690aa8dbcbd2a5c081d350276d1ad3a55e95194744bf8e7930cd561ff8fe96f95f0dc080f183fc95f613a5f11bc52c36262ea226eb189340af328be9308a465a15c08a7ba8f6665a4c1ebd33a72fda32dfadb7656cffbb77f0bc0657a51dfdcb2f254841983c9e3e543b75579285244d246f9831e19e66e0b65350fef88ce8daa840368f8704eaf1ef0424b8cc4f94bef91a84e24908354f992ce1b344810b2998011a97ba8f329f01367de88b756f434b7720c25128506ab549c3e0005548027a6958aaebe19db44d5d0033ace42a0af566cb316505dadd6643874f40c670bd9d4e0fe2a87fcfdee6f0c98667a065cd27da1a2535996,gx-no-cache=1569413298491 HTTP/1.1" 200 240
192.168.10.89 - - [25/Sep/2019:08:15:25 -0300] "GET /cormun/servlet/solicitudgral3?5bacfac625967a2e3cc47fb2a250ee0e8a3f7a9412f78d846e063d780eb04543a7e5999ed62aa9106ad1701bf598afb98fb5d1674614cf0f7648501509ef08e507277bb190b24ae665f9ea5776fbedb3d7313e5cff7728591a14d302286e214d,gx-no-cache=1569413298511 HTTP/1.1" 200 41
192.168.10.89 - - [25/Sep/2019:08:15:25 -0300] "GET /cormun/servlet/solicitudgral3?5bacfac625967a2e3cc47fb2a250ee0ee377b1a32c3f2a8c9ccf8634140cf84e925676703d20577d665e5077449fdf024186e56f483b7b1951b9089504595cef3ca68db9014e188629b6478492b73530cb2edcf1f6414b6534de97e887171b315c5851b5a254a31b5bdf74229962577f0a711151e24f5b4036f7d186cb386930,gx-no-cache=1569413298582 HTTP/1.1" 200 41
192.168.10.89 - - [25/Sep/2019:08:15:30 -0300] "GET /cormun/servlet/solicitudgral3?5bacfac625967a2e3cc47fb2a250ee0e7f13fb6455f29d9138410d0c57ff15013f76e0a3cd1e389e102084a79d6845df77d82acb9821e0d86b8a60d8a065c1f61650f59d85fa20beb36a40f0569e48678c610f0d47b88e691210de0b3a8677f8,gx-no-cache=1569413303695 HTTP/1.1" 200 30
192.168.10.89 - - [25/Sep/2019:08:15:37 -0300] "POST /cormun/servlet/solicitudgral3?gx-no-cache=1569413310447 HTTP/1.1" 200 97
192.168.10.89 - - [25/Sep/2019:08:15:38 -0300] "POST /cormun/servlet/solicitudgral3?3630735476f4b24600879ce3a1f5b3db,UPD,2019,16099,,gx-no-cache=1569413312034 HTTP/1.1" 200 11952
192.168.10.89 - - [25/Sep/2019:08:15:40 -0300] "GET /cormun/servlet/solicitudgral3?5bacfac625967a2e3cc47fb2a250ee0e7e898905df76f8a8b0f5b2827eff24d48c08d99b744582b9911835c59ba13cdb3a754b05cd92193e2c3c097f96f66bd6b94b8cb6d3c71a9a84269d8c611c4c76b1015c74cff23f400f510706fe1711cf2cf1f51d4a67540ed0e3087f1e454063c715d741b3ca3e3e1587c1acc247c29ac0d2391d94763866e144232c9113464b51fcb08e0d50ab77f88f80f8f87474f4,gx-no-cache=1569413313748 HTTP/1.1" 200 30
192.168.10.89 - - [25/Sep/2019:08:15:44 -0300] "POST /cormun/servlet/solicitudgral3?gx-no-cache=1569413317610 HTTP/1.1" 200 79
192.168.10.89 - - [25/Sep/2019:08:15:46 -0300] "POST /cormun/servlet/solicitudgral3?3630735476f4b24600879ce3a1f5b3db,UPD,2019,16099,,gx-no-cache=1569413319296 HTTP/1.1" 200 11989
192.168.10.89 - - [25/Sep/2019:08:15:46 -0300] "GET /cormun/servlet/solicitudgral3?5bacfac625967a2e3cc47fb2a250ee0e7e898905df76f8a8b0f5b2827eff24d48c08d99b744582b9911835c59ba13cdb696219f6fd9009e114345db0400c1c44b94b8cb6d3c71a9a84269d8c611c4c76b1015c74cff23f400f510706fe1711cf2cf1f51d4a67540ed0e3087f1e454063c715d741b3ca3e3e1587c1acc247c29ac0d2391d94763866e144232c9113464b679fa353e0684f889ce5149258e950a8,gx-no-cache=1569413319845 HTTP/1.1" 200 30
192.168.10.89 - - [25/Sep/2019:08:15:47 -0300] "GET /cormun/servlet/solicitudgral3?5bacfac625967a2e3cc47fb2a250ee0e1024ad0ab49c4394bf02b8b82f287927d9c871a254f62fbbde5685b74811455c11fa912f3e121754d2aac0d950f1cbc477d82acb9821e0d86b8a60d8a065c1f6f1f87129f5419da7b9ecaddd130da9cca9eba0746224e6894042759d6397e9e66e37e4d219a1523780ea91fe4f9081cfa1ade62b1d71fba6264b92d66eeaf05f,gx-no-cache=1569413320781 HTTP/1.1" 200 30
192.168.10.89 - - [25/Sep/2019:08:16:01 -0300] "POST /cormun/servlet/solicitudgral3?3630735476f4b24600879ce3a1f5b3db,UPD,2019,16099,,gx-no-cache=1569413334643 HTTP/1.1" 200 93
192.168.10.89 - - [25/Sep/2019:08:16:01 -0300] "GET /cormun/servlet/hpexe_return? HTTP/1.1" 200 1019
192.168.10.89 - - [25/Sep/2019:08:16:01 -0300] "GET /cormun/servlet/trsolicitudgral HTTP/1.1" 200 10445
192.168.10.89 - - [25/Sep/2019:08:16:05 -0300] "GET /cormun/servlet/solicitudgral3?UPD,2019,16098, HTTP/1.1" 200 13325
192.168.10.89 - - [25/Sep/2019:08:16:06 -0300] "POST /cormun/servlet/solicitudgral3?gx-no-cache=1569413339353 HTTP/1.1" 200 4229
192.168.10.89 - - [25/Sep/2019:08:16:06 -0300] "GET /cormun/servlet/solicitudgral3?5bacfac625967a2e3cc47fb2a250ee0e4f04af7ee535b4087c85104a6b3a0aeeb0f639e3d3c2a5332d06f267e0338ca277d82acb9821e0d86b8a60d8a065c1f689716150fdcf2f26351691caa9112fc6f1a767f7c5ca7e932a3690aa8dbcbd2a5c081d350276d1ad3a55e95194744bf8e7930cd561ff8fe96f95f0dc080f183fc95f613a5f11bc52c36262ea226eb189340af328be9308a465a15c08a7ba8f6665a4c1ebd33a72fda32dfadb7656cffbb77f0bc0657a51dfdcb2f254841983c9e3e543b75579285244d246f9831e19e66e0b65350fef88ce8daa840368f8704eaf1ef0424b8cc4f94bef91a84e24908354f992ce1b344810b2998011a97ba8f329f01367de88b756f434b7720c25128506ab549c3e0005548027a6958aaebe19db44d5d0033ace42a0af566cb316505dadd6643874f40c670bd9d4e0fe2a87fcfdee6f0c98667a065cd27da1a2535996,gx-no-cache=1569413339546 HTTP/1.1" 200 240
192.168.10.89 - - [25/Sep/2019:08:16:06 -0300] "GET /cormun/servlet/solicitudgral3?5bacfac625967a2e3cc47fb2a250ee0e8a3f7a9412f78d846e063d780eb04543a7e5999ed62aa9106ad1701bf598afb98fb5d1674614cf0f7648501509ef08e507277bb190b24ae665f9ea5776fbedb3d7313e5cff7728591a14d302286e214d,gx-no-cache=1569413339566 HTTP/1.1" 200 41
192.168.10.89 - - [25/Sep/2019:08:16:06 -0300] "GET /cormun/servlet/solicitudgral3?5bacfac625967a2e3cc47fb2a250ee0ee377b1a32c3f2a8c9ccf8634140cf84e925676703d20577d665e5077449fdf024186e56f483b7b1951b9089504595cef3ca68db9014e188629b6478492b73530cb2edcf1f6414b6534de97e887171b315c5851b5a254a31b5bdf74229962577f0a711151e24f5b4036f7d186cb386930,gx-no-cache=1569413339632 HTTP/1.1" 200 41
192.168.10.89 - - [25/Sep/2019:08:16:10 -0300] "GET /cormun/servlet/solicitudgral3?5bacfac625967a2e3cc47fb2a250ee0e7f13fb6455f29d9138410d0c57ff15013f76e0a3cd1e389e102084a79d6845df77d82acb9821e0d86b8a60d8a065c1f61650f59d85fa20beb36a40f0569e48678c610f0d47b88e691210de0b3a8677f8,gx-no-cache=1569413343880 HTTP/1.1" 200 30
192.168.10.89 - - [25/Sep/2019:08:16:14 -0300] "POST /cormun/servlet/solicitudgral3?gx-no-cache=1569413347637 HTTP/1.1" 200 97
192.168.10.89 - - [25/Sep/2019:08:16:17 -0300] "POST /cormun/servlet/solicitudgral3?3630735476f4b24600879ce3a1f5b3db,UPD,2019,16098,,gx-no-cache=1569413350908 HTTP/1.1" 200 11944
192.168.10.89 - - [25/Sep/2019:08:16:18 -0300] "GET /cormun/servlet/solicitudgral3?5bacfac625967a2e3cc47fb2a250ee0e7e898905df76f8a8b0f5b2827eff24d48c08d99b744582b9911835c59ba13cdb696219f6fd9009e114345db0400c1c44b94b8cb6d3c71a9a84269d8c611c4c76b1015c74cff23f400f510706fe1711cf2cf1f51d4a67540ed0e3087f1e454063c715d741b3ca3e3e1587c1acc247c29ac0d2391d94763866e144232c9113464b51fcb08e0d50ab77f88f80f8f87474f4,gx-no-cache=1569413351437 HTTP/1.1" 200 29
192.168.10.89 - - [25/Sep/2019:08:16:19 -0300] "GET /cormun/servlet/solicitudgral3?5bacfac625967a2e3cc47fb2a250ee0e1024ad0ab49c4394bf02b8b82f287927d9c871a254f62fbbde5685b74811455c11fa912f3e121754d2aac0d950f1cbc477d82acb9821e0d86b8a60d8a065c1f6f1f87129f5419da7b9ecaddd130da9cca9eba0746224e6894042759d6397e9e66e37e4d219a1523780ea91fe4f9081cfa1ade62b1d71fba6264b92d66eeaf05f,gx-no-cache=1569413352441 HTTP/1.1" 200 30
192.168.10.89 - - [25/Sep/2019:08:16:20 -0300] "GET /cormun/servlet/solicitudgral3?5bacfac625967a2e3cc47fb2a250ee0e7e898905df76f8a8b0f5b2827eff24d48c08d99b744582b9911835c59ba13cdb3a754b05cd92193e2c3c097f96f66bd6b94b8cb6d3c71a9a84269d8c611c4c76b1015c74cff23f400f510706fe1711cf2cf1f51d4a67540ed0e3087f1e454063c715d741b3ca3e3e1587c1acc247c29ac0d2391d94763866e144232c9113464b51fcb08e0d50ab77f88f80f8f87474f4,gx-no-cache=1569413353800 HTTP/1.1" 200 30
192.168.10.89 - - [25/Sep/2019:08:16:21 -0300] "GET /cormun/servlet/solicitudgral3?5bacfac625967a2e3cc47fb2a250ee0e1024ad0ab49c4394bf02b8b82f287927d9c871a254f62fbbde5685b74811455c11fa912f3e121754d2aac0d950f1cbc477d82acb9821e0d86b8a60d8a065c1f6f1f87129f5419da7b9ecaddd130da9cca9eba0746224e6894042759d6397e9e66e37e4d219a1523780ea91fe4f9081cfa1ade62b1d71fba6264b92d66eeaf05f,gx-no-cache=1569413354570 HTTP/1.1" 200 30
192.168.10.89 - - [25/Sep/2019:08:16:33 -0300] "POST /cormun/servlet/solicitudgral3?3630735476f4b24600879ce3a1f5b3db,UPD,2019,16098,,gx-no-cache=1569413366820 HTTP/1.1" 200 93
192.168.10.89 - - [25/Sep/2019:08:16:33 -0300] "GET /cormun/servlet/hpexe_return? HTTP/1.1" 200 1019
192.168.10.89 - - [25/Sep/2019:08:16:34 -0300] "GET /cormun/servlet/trsolicitudgral HTTP/1.1" 200 10408
192.168.10.89 - - [25/Sep/2019:08:16:37 -0300] "POST /cormun/servlet/trsolicitudgral?3630735476f4b24600879ce3a1f5b3db,gx-no-cache=1569413370279 HTTP/1.1" 200 5514
192.168.10.89 - - [25/Sep/2019:08:16:37 -0300] "GET /cormun/static/Shared/jqueryui/images/ui-bg_highlight-soft_100_c6c2c8_1x100.png HTTP/1.1" 404 1117
192.168.10.89 - - [25/Sep/2019:08:16:37 -0300] "GET /cormun/static/Shared/jqueryui/images/ui-bg_flat_55_fafafa_40x100.png HTTP/1.1" 404 1097
192.168.10.89 - - [25/Sep/2019:08:16:37 -0300] "GET /cormun/static/Shared/jqueryui/images/ui-icons_8d78a5_256x240.png HTTP/1.1" 404 1089
192.168.10.89 - - [25/Sep/2019:08:16:37 -0300] "GET /cormun/static/Shared/jqueryui/images/ui-icons_82798d_256x240.png HTTP/1.1" 404 1089
190.171.141.82 - - [25/Sep/2019:08:16:48 -0300] "POST /cormun/servlet/solicitudot?gx-no-cache=1569409885132 HTTP/1.1" 200 3570
190.171.141.82 - - [25/Sep/2019:08:16:49 -0300] "POST /cormun/servlet/solicitudot?81809bcd9fecb8e9969703ceb8d74d60,INS,0,0,,gx-no-cache=1569409885465 HTTP/1.1" 200 12096
192.168.10.89 - - [25/Sep/2019:08:16:53 -0300] "POST /cormun/servlet/trsolicitudgral?3630735476f4b24600879ce3a1f5b3db,gx-no-cache=1569413384025 HTTP/1.1" 200 6686
192.168.10.89 - - [25/Sep/2019:08:16:55 -0300] "GET /cormun/servlet/vesolicitudgral?2019,16097,, HTTP/1.1" 200 8458
192.168.10.89 - - [25/Sep/2019:08:16:55 -0300] "GET /cormun/pexe_scrolldiv.js HTTP/1.1" 404 1009
190.171.141.82 - - [25/Sep/2019:08:16:57 -0300] "GET /cormun/servlet/solicitudot?11edbc8a1c3c6935b5016007864583a298868f3507963a375813947787a1a3a41836caf6c5bf598d7723d4e8d40353b6,gx-no-cache=1569409894282 HTTP/1.1" 200 30
190.171.141.82 - - [25/Sep/2019:08:16:57 -0300] "GET /cormun/servlet/solicitudot?11edbc8a1c3c6935b5016007864583a24d8589d427c736df295a75a3b1992678869668cd0565d1ce3957afe49cd328e9,gx-no-cache=1569409894354 HTTP/1.1" 200 103
190.171.141.82 - - [25/Sep/2019:08:16:57 -0300] "GET /cormun/servlet/solicitudot?11edbc8a1c3c6935b5016007864583a281337aa8fe49ab1839879af653031612,gx-no-cache=1569409894410 HTTP/1.1" 200 29
192.168.10.89 - - [25/Sep/2019:08:17:01 -0300] "POST /cormun/servlet/vesolicitudgral?3630735476f4b24600879ce3a1f5b3db,2019,16097,,,gx-no-cache=1569413394506 HTTP/1.1" 200 90
192.168.10.89 - - [25/Sep/2019:08:17:01 -0300] "GET /cormun/servlet/hpexe_link HTTP/1.1" 200 990
192.168.10.89 - - [25/Sep/2019:08:17:01 -0300] "GET /cormun/servlet/trsolicitudgral?gx-no-cache=1569413384025 HTTP/1.1" 200 9814
192.168.10.89 - - [25/Sep/2019:08:17:04 -0300] "POST /cormun/servlet/trsolicitudgral?3630735476f4b24600879ce3a1f5b3db,gx-no-cache=1569413384025,gx-no-cache=1569413397305 HTTP/1.1" 200 5489
192.168.10.89 - - [25/Sep/2019:08:17:04 -0300] "GET /cormun/static/Shared/jqueryui/images/ui-bg_flat_55_fafafa_40x100.png HTTP/1.1" 404 1097
192.168.10.89 - - [25/Sep/2019:08:17:04 -0300] "GET /cormun/static/Shared/jqueryui/images/ui-bg_highlight-soft_100_c6c2c8_1x100.png HTTP/1.1" 404 1117
192.168.10.89 - - [25/Sep/2019:08:17:04 -0300] "GET /cormun/static/Shared/jqueryui/images/ui-icons_8d78a5_256x240.png HTTP/1.1" 404 1089
192.168.10.89 - - [25/Sep/2019:08:17:04 -0300] "GET /cormun/static/Shared/jqueryui/images/ui-icons_82798d_256x240.png HTTP/1.1" 404 1089
192.168.10.89 - - [25/Sep/2019:08:17:15 -0300] "POST /cormun/servlet/trsolicitudgral?3630735476f4b24600879ce3a1f5b3db,gx-no-cache=1569413384025,gx-no-cache=1569413408210 HTTP/1.1" 200 6968
190.171.141.82 - - [25/Sep/2019:08:17:19 -0300] "GET /cormun/servlet/solicitudot?11edbc8a1c3c6935b5016007864583a25e879fb8437d14ea1849c35239fb499f2d42978ad2e01743b057b15474c8569f3cd13c33aa5b50692030ec063043bb8d,gx-no-cache=1569409915342 HTTP/1.1" 200 30
190.171.141.82 - - [25/Sep/2019:08:17:30 -0300] "POST /cormun/servlet/solicitudot?81809bcd9fecb8e9969703ceb8d74d60,INS,0,0,,gx-no-cache=1569409926709 HTTP/1.1" 200 12197
190.171.141.82 - - [25/Sep/2019:08:17:30 -0300] "GET /cormun/static/Shared/jqueryui/images/ui-bg_flat_55_fafafa_40x100.png HTTP/1.1" 404 1097
190.171.141.82 - - [25/Sep/2019:08:17:30 -0300] "GET /cormun/static/Shared/jqueryui/images/ui-icons_8d78a5_256x240.png HTTP/1.1" 404 1089
190.171.141.82 - - [25/Sep/2019:08:17:33 -0300] "GET /cormun/servlet/solicitudot?11edbc8a1c3c6935b5016007864583a298868f3507963a375813947787a1a3a41836caf6c5bf598d7723d4e8d40353b6,gx-no-cache=1569409929555 HTTP/1.1" 200 30
190.171.141.82 - - [25/Sep/2019:08:17:33 -0300] "GET /cormun/servlet/solicitudot?11edbc8a1c3c6935b5016007864583a25e879fb8437d14ea1849c35239fb499fb4b4d0913ccf74a5cd723a62e32992643cd13c33aa5b50692030ec063043bb8d,gx-no-cache=1569409929578 HTTP/1.1" 200 30
190.171.141.82 - - [25/Sep/2019:08:17:33 -0300] "GET /cormun/servlet/solicitudot?11edbc8a1c3c6935b5016007864583a281337aa8fe49ab1839879af653031612,gx-no-cache=1569409929604 HTTP/1.1" 200 29
190.171.141.82 - - [25/Sep/2019:08:17:33 -0300] "POST /cormun/servlet/solicitudot?gx-no-cache=1569409929627 HTTP/1.1" 200 240
190.171.141.82 - - [25/Sep/2019:08:17:33 -0300] "GET /cormun/servlet/solicitudot?11edbc8a1c3c6935b5016007864583a2bd86307217122c28c657fcea249ca52ab29c4cdc4528c5794861fbca3a23989c9bf6c32cdc22bd721a95b24aea2f97d625d0f1970638bf71adb80434f717acad0c14e844ded22e83e92e9e269c29c06739b398122e0af90c6871f5a962ec33cad2a156865c6e28e47ff7ccf638b891743f8e2dfc95f41b971f987bcd615469c53410b4a9e2d063728dd7663d98b4c8fda5a109ded4d64298ee1eae6c3c9bfa81d47849100bd983acbe6c2b25505e695d3ea84f6860a6e5fa9975d36cda121699a3278cf29eda9d4b99e29649fbd02dcac8dcf17b27d1904bb8b4d3240a54f948a038397bcd38b71d0423f823f38b0cc13eac8be3d8f3e90dcd35b81ba018b55028494c3a2455f661fd6a4c5bbcacef751ef724982c1d33d1fd66d91a51feaa6ce3bb4006dab9d345bc05503f4fe8cde6af89f82e8ef4825f888ec83d593dcd8b59062fdf0b96a4c521a30016098a811cfe9a63740edea1c37e1b2ac61a380f4f76130d0761e8c404961ef08b67952411,gx-no-cache=1569409929773 HTTP/1.1" 200 30
190.171.141.82 - - [25/Sep/2019:08:17:37 -0300] "POST /cormun/servlet/solicitudot?gx-no-cache=1569409934034 HTTP/1.1" 200 30
190.171.141.82 - - [25/Sep/2019:08:17:46 -0300] "POST /cormun/servlet/trlicencias?81809bcd9fecb8e9969703ceb8d74d60,,gx-no-cache=1569409942427 HTTP/1.1" 200 11044
190.171.141.82 - - [25/Sep/2019:08:17:46 -0300] "GET /cormun/static/Shared/jqueryui/images/ui-icons_82798d_256x240.png HTTP/1.1" 404 1089
190.171.141.82 - - [25/Sep/2019:08:17:46 -0300] "GET /cormun/static/Shared/jqueryui/images/ui-bg_highlight-soft_100_c6c2c8_1x100.png HTTP/1.1" 404 1117
190.171.141.82 - - [25/Sep/2019:08:17:46 -0300] "GET /cormun/static/Shared/jqueryui/images/ui-bg_flat_55_fafafa_40x100.png HTTP/1.1" 404 1097
190.171.141.82 - - [25/Sep/2019:08:17:46 -0300] "GET /cormun/static/Shared/jqueryui/images/ui-icons_8d78a5_256x240.png HTTP/1.1" 404 1089
190.171.141.82 - - [25/Sep/2019:08:17:54 -0300] "GET /cormun/servlet/licenciaspermisos?DSP,15130675,L,20190920000000, HTTP/1.1" 200 7437
190.171.141.82 - - [25/Sep/2019:08:17:54 -0300] "GET /cormun/static/gxcfg.js?201762917281167 HTTP/1.1" 200 953
190.171.141.82 - - [25/Sep/2019:08:17:54 -0300] "GET /cormun/static/licenciaspermisos.js?201762917281260 HTTP/1.1" 200 37491
190.171.141.82 - - [25/Sep/2019:08:17:54 -0300] "GET /cormun/servlet/licenciaspermisos?DSP,15130675,L,20190920000000, HTTP/1.1" 200 7436
192.168.10.89 - - [25/Sep/2019:08:18:00 -0300] "POST /cormun/servlet/trsolicitudgral?3630735476f4b24600879ce3a1f5b3db,gx-no-cache=1569413384025,gx-no-cache=1569413453816 HTTP/1.1" 200 5502
190.171.141.82 - - [25/Sep/2019:08:18:01 -0300] "GET /cormun/static/Resources/resize.gif HTTP/1.1" 200 77
190.171.141.82 - - [25/Sep/2019:08:18:02 -0300] "GET /cormun/servlet/prfichaempleado?,MD,,gxPopupLevel%3D0%3B HTTP/1.1" 200 9434
190.171.141.82 - - [25/Sep/2019:08:18:02 -0300] "GET /cormun/static/Resources/PXToolsMenuSearchCancel.png HTTP/1.1" 200 2972
190.171.141.82 - - [25/Sep/2019:08:18:02 -0300] "GET /cormun/static/Resources/PXToolsMenuSearch.png HTTP/1.1" 200 2914
190.171.141.82 - - [25/Sep/2019:08:18:02 -0300] "GET /cormun/static/gxcfg.js?20177612134814 HTTP/1.1" 200 953
190.171.141.82 - - [25/Sep/2019:08:18:02 -0300] "GET /cormun/static/prfichaempleado.js?20177612134999 HTTP/1.1" 200 16006
190.171.141.82 - - [25/Sep/2019:08:18:02 -0300] "GET /cormun/static/menusearch.js?201610171694467 HTTP/1.1" 200 1424
190.171.141.82 - - [25/Sep/2019:08:18:02 -0300] "GET /cormun/static/hmpwkw011.js?20177612121862 HTTP/1.1" 200 1968
186.103.159.46 - - [25/Sep/2019:08:18:07 -0300] "GET /cormun/servlet/licenciaspermisos?d2091b73a4e54b1fb438817f92299c338b869c4ef3a1154077e631d8b0a95f98a629236105174f5830f04a9c69ce5cd040df3dffc02095d18c3278509eab0091d6efa485bc102e060d8519b37020250a5cea2edb0435f2d222e603253894284279e2028783e20270c0681bad3320299d0f4500d9332d3811daf659ce6e087d4a0d8b3f2c3e06ae9c901e4381e8ba70f6ea643858ac1b01dd4e7969421c03cc49ad51788df4c10535304b2cd2d92e96042fd55e8018b115e89b41af08cef5e86137f52b9c9facc3d41991f5c66251a5cc2a676ddf57aa6db97794cd73a205adaa,gx-no-cache=1569409966029 HTTP/1.1" 200 30
186.103.159.46 - - [25/Sep/2019:08:18:07 -0300] "POST /cormun/servlet/licenciaspermisos?527980e2616f938d0c25a40184defbff,INS,0,,,,gx-no-cache=1569409966254 HTTP/1.1" 200 4856
192.168.10.89 - - [25/Sep/2019:08:18:15 -0300] "POST /cormun/servlet/trsolicitudgral?3630735476f4b24600879ce3a1f5b3db,gx-no-cache=1569413384025,gx-no-cache=1569413468122 HTTP/1.1" 200 6698
190.171.141.82 - - [25/Sep/2019:08:18:15 -0300] "POST /cormun/servlet/licenciaspermisos?81809bcd9fecb8e9969703ceb8d74d60,DSP,15130675,L,20190920000000,,gx-no-cache=1569409972416 HTTP/1.1" 200 90
190.171.141.82 - - [25/Sep/2019:08:18:16 -0300] "GET /cormun/servlet/hpexe_link HTTP/1.1" 200 981
190.171.141.82 - - [25/Sep/2019:08:18:16 -0300] "GET /cormun/servlet/trlicencias? HTTP/1.1" 200 13496
190.171.141.82 - - [25/Sep/2019:08:18:16 -0300] "GET /cormun/servlet/trlicencias? HTTP/1.1" 200 13388
190.171.141.82 - - [25/Sep/2019:08:18:21 -0300] "POST /cormun/servlet/prfichaempleado?81809bcd9fecb8e9969703ceb8d74d60,,MD,,gxPopupLevel%3D0%3B,gx-no-cache=1569409978368 HTTP/1.1" 200 3425
190.171.141.82 - - [25/Sep/2019:08:18:32 -0300] "GET /cormun/servlet/prlicenciaspermisos?15130675,L,,MD,,gxPopupLevel%3D0%3B HTTP/1.1" 200 5700
190.171.141.82 - - [25/Sep/2019:08:18:32 -0300] "GET /cormun/static/gxcfg.js?20176272053834 HTTP/1.1" 200 953
190.171.141.82 - - [25/Sep/2019:08:18:32 -0300] "GET /cormun/static/prlicenciaspermisos.js?20176272054050 HTTP/1.1" 200 13379
190.171.141.82 - - [25/Sep/2019:08:18:35 -0300] "POST /cormun/servlet/solicitudot?gx-no-cache=1569409991670 HTTP/1.1" 200 1363
190.171.141.82 - - [25/Sep/2019:08:18:38 -0300] "POST /cormun/servlet/solicitudot?gx-no-cache=1569409994843 HTTP/1.1" 200 41
190.171.141.82 - - [25/Sep/2019:08:18:51 -0300] "GET /cormun/servlet/solicitudot?11edbc8a1c3c6935b5016007864583a2d770538dcd18ba834af013b25f507427427b6612354b411d12a5efffedff24edb28be5e7e549f4f3da201d7eac92efcc065fcd6fa5f0b5f1b3e9fd679db53f25d4d3c6b44207099bc2774dafa223396fa2ef35b5fabf822cac306e737f8cba55,gx-no-cache=1569410007628 HTTP/1.1" 200 110
192.168.10.89 - - [25/Sep/2019:08:19:08 -0300] "GET /cormun/servlet/solicitudgral3?UPD,2019,16034, HTTP/1.1" 200 13366
192.168.10.89 - - [25/Sep/2019:08:19:09 -0300] "POST /cormun/servlet/solicitudgral3?gx-no-cache=1569413522525 HTTP/1.1" 200 4231
192.168.10.89 - - [25/Sep/2019:08:19:09 -0300] "GET /cormun/servlet/solicitudgral3?5bacfac625967a2e3cc47fb2a250ee0e4f04af7ee535b4087c85104a6b3a0aeeb0f639e3d3c2a5332d06f267e0338ca277d82acb9821e0d86b8a60d8a065c1f689716150fdcf2f26351691caa9112fc6f1a767f7c5ca7e932a3690aa8dbcbd2a5c081d350276d1ad3a55e95194744bf8e7930cd561ff8fe96f95f0dc080f183fc95f613a5f11bc52c36262ea226eb189340af328be9308a465a15c08a7ba8f6665a4c1ebd33a72fda32dfadb7656cffbb77f0bc0657a51dfdcb2f254841983c9e3e543b75579285244d246f9831e19e66e0b65350fef88ce8daa840368f8704eaf1ef0424b8cc4f94bef91a84e24908354f992ce1b344810b2998011a97ba8f329f01367de88b756f434b7720c25128506ab549c3e0005548027a6958aaebe19db44d5d0033ace42a0af566cb316505dadd6643874f40c670bd9d4e0fe2a87fcfdee6f0c98667a065cd27da1a2535996,gx-no-cache=1569413522726 HTTP/1.1" 200 240
192.168.10.89 - - [25/Sep/2019:08:19:09 -0300] "GET /cormun/servlet/solicitudgral3?5bacfac625967a2e3cc47fb2a250ee0ec5403095423a431529e92bc9c8c4427b0f3e0bcefa5d01bab685d94488931eb0839e158e4b8b7a7c0f25462b6691e765d72fd1875a920f93ab2c79b236b081a95baac6295257c77212a1b62f6d35c56b,gx-no-cache=1569413522747 HTTP/1.1" 200 41
192.168.10.89 - - [25/Sep/2019:08:19:09 -0300] "GET /cormun/servlet/solicitudgral3?5bacfac625967a2e3cc47fb2a250ee0ee377b1a32c3f2a8c9ccf8634140cf84e925676703d20577d665e5077449fdf024186e56f483b7b1951b9089504595cef3ca68db9014e188629b6478492b735305662974074641dab9599da067bce652ceebdcfbf1f231e3203dde8637e32707533c03cb84a2357df9785843cc918fdb9,gx-no-cache=1569413522801 HTTP/1.1" 200 41
192.168.10.89 - - [25/Sep/2019:08:19:10 -0300] "GET /cormun/servlet/solicitudgral3?5bacfac625967a2e3cc47fb2a250ee0e7f13fb6455f29d9138410d0c57ff15013f76e0a3cd1e389e102084a79d6845df77d82acb9821e0d86b8a60d8a065c1f61650f59d85fa20beb36a40f0569e48678c610f0d47b88e691210de0b3a8677f8,gx-no-cache=1569413523644 HTTP/1.1" 200 30
192.168.10.89 - - [25/Sep/2019:08:19:10 -0300] "POST /cormun/servlet/solicitudgral3?gx-no-cache=1569413523961 HTTP/1.1" 200 97
192.168.10.89 - - [25/Sep/2019:08:19:12 -0300] "POST /cormun/servlet/solicitudgral3?3630735476f4b24600879ce3a1f5b3db,UPD,2019,16034,,gx-no-cache=1569413525349 HTTP/1.1" 200 12000
190.171.141.82 - - [25/Sep/2019:08:19:13 -0300] "POST /cormun/servlet/solicitudot?gx-no-cache=1569410029532 HTTP/1.1" 200 97
186.103.159.46 - - [25/Sep/2019:08:19:13 -0300] "GET /cormun/servlet/licenciaspermisos?d2091b73a4e54b1fb438817f92299c337362cf8953d87192d668cc5adc9751625dc7bfa1c43ab818f4f2e79ac22e47827ec7d92dc1327696442371f9881629f525f4622776dcef95df9c4c3f4d869cec83532fcaf498983e7d4cf21130ec466cb2f05e57ce85404c032423b151c7b9ed90735b4de5c1e46da3b22e6e17288a56e654a9564de81134789e173b1a1fa40d60e60a87bbc0e96fcd1fc8adf7709f2e84a2b44f646d0a1b5d94d59fc16387b19400906597c69eb9665fcb3bbc424fcd9316144c33be85d59253225c81dfae70eabc527d4bd1fe08947e7ebccaf7978ca0a80b07d5cfbaed728d446ea84092b3,gx-no-cache=1569410031324 HTTP/1.1" 200 60
192.168.10.89 - - [25/Sep/2019:08:19:14 -0300] "GET /cormun/servlet/solicitudgral3?5bacfac625967a2e3cc47fb2a250ee0e7e898905df76f8a8b0f5b2827eff24d48c08d99b744582b9911835c59ba13cdb3a754b05cd92193e2c3c097f96f66bd65a70c6433d3eb8a808932183aaeedde19d54a81865a5432972f7dc6a302290b299c5c82eb790e9773d58f2af29734292cff3d5ee21f6ad088e6c9da65e68563370cd22e038cac309a7acf039f003c32f51fcb08e0d50ab77f88f80f8f87474f4,gx-no-cache=1569413527859 HTTP/1.1" 200 30
192.168.10.89 - - [25/Sep/2019:08:19:16 -0300] "GET /cormun/servlet/solicitudgral3?5bacfac625967a2e3cc47fb2a250ee0eb0fdb47ee9ad07ca1d0395f8822a92b83300c6b46d2531a4bf62c42f8542255d11fa912f3e121754d2aac0d950f1cbc477d82acb9821e0d86b8a60d8a065c1f6f1f87129f5419da7b9ecaddd130da9cca3aaa8a2e07addb5342c8ec4c3fd814ba3e819c24fb7a2fd7b9b7725eb6314e3,gx-no-cache=1569413529425 HTTP/1.1" 200 30
192.168.10.89 - - [25/Sep/2019:08:19:17 -0300] "POST /cormun/servlet/solicitudgral3?3630735476f4b24600879ce3a1f5b3db,UPD,2019,16034,,gx-no-cache=1569413530423 HTTP/1.1" 200 93
192.168.10.89 - - [25/Sep/2019:08:19:17 -0300] "GET /cormun/servlet/hpexe_return? HTTP/1.1" 200 1040
192.168.10.89 - - [25/Sep/2019:08:19:17 -0300] "GET /cormun/servlet/trsolicitudgral?gx-no-cache=1569413384025 HTTP/1.1" 200 9830
190.171.141.82 - - [25/Sep/2019:08:19:21 -0300] "GET /cormun/servlet/solicitudot?11edbc8a1c3c6935b5016007864583a20e1adbb2caa8d65b0fd8be1550ed52763b357a9a736f9c11ca5737919e6ea5596eab2afc121db80187bb5a3053fa98580c83462bcd2086d9290ded0464b0f087c22dd704949bc9a1dd9405aad1fca550e31be22399460b62549370b67ec4a1ed8237e227abb24f959fecc3f4a66ec068865bc7c6e2c44b615e7566402010eba119704fc59182b9f49318e735d70fb2fa,gx-no-cache=1569410038255 HTTP/1.1" 200 29
186.103.159.46 - - [25/Sep/2019:08:19:44 -0300] "POST /cormun/servlet/licenciaspermisos?527980e2616f938d0c25a40184defbff,INS,0,,,,gx-no-cache=1569410062523 HTTP/1.1" 200 93
186.103.159.46 - - [25/Sep/2019:08:19:44 -0300] "GET /cormun/servlet/hpexe_return? HTTP/1.1" 200 1008
186.103.159.46 - - [25/Sep/2019:08:19:44 -0300] "GET /cormun/static/gxcfg.js?2016101716175148 HTTP/1.1" 200 953
186.103.159.46 - - [25/Sep/2019:08:19:44 -0300] "GET /cormun/static/Resources/Spanish/PXTools.css?167811 HTTP/1.1" 200 89042
186.103.159.46 - - [25/Sep/2019:08:19:44 -0300] "GET /cormun/static/hpexe_return.js?2016101716175153 HTTP/1.1" 200 1633
186.103.159.46 - - [25/Sep/2019:08:19:45 -0300] "GET /cormun/servlet/trlicencias HTTP/1.1" 200 10457
186.103.159.46 - - [25/Sep/2019:08:19:47 -0300] "GET /cormun/servlet/trlicencias HTTP/1.1" 200 10452
186.103.159.46 - - [25/Sep/2019:08:19:58 -0300] "POST /cormun/servlet/trlicencias?527980e2616f938d0c25a40184defbff,gx-no-cache=1569410076416 HTTP/1.1" 200 7843
186.103.159.46 - - [25/Sep/2019:08:20:05 -0300] "GET /cormun/servlet/alicenciaprn?12515025,L,20190925000000,PU HTTP/1.1" 200 1628
186.103.159.46 - - [25/Sep/2019:08:20:31 -0300] "GET /cormun/servlet/licenciaspermisos?UPD,12515025,L,20190925000000, HTTP/1.1" 200 7826
186.103.159.46 - - [25/Sep/2019:08:20:34 -0300] "GET /cormun/servlet/licenciaspermisos?UPD,12515025,L,20190925000000, HTTP/1.1" 200 7845
186.103.159.46 - - [25/Sep/2019:08:20:35 -0300] "GET /cormun/servlet/licenciaspermisos?d2091b73a4e54b1fb438817f92299c332551d802c423d4f62949d45b69d54cb3d3a9e989baee4e4059434ac09e04d4635e5de0508d0ed3802e5c93c402858e1b8101eeb2abce7a2c1ac9ca10d59dcdde93b19cd9548b25142204fdb50ca595b7,gx-no-cache=1569410113584 HTTP/1.1" 200 95
190.171.141.82 - - [25/Sep/2019:08:20:55 -0300] "GET /cormun/static/menuarrow.gif HTTP/1.1" 404 1015
190.171.141.82 - - [25/Sep/2019:08:20:59 -0300] "GET /cormun/servlet/solicitudot?11edbc8a1c3c6935b5016007864583a211dd728d2716e20962d96cbe907a285fccf336806c21d89880b7f77395318bd9,gx-no-cache=1569410135659 HTTP/1.1" 200 30
190.171.141.82 - - [25/Sep/2019:08:20:59 -0300] "POST /cormun/servlet/solicitudot?gx-no-cache=1569410135696 HTTP/1.1" 200 34
190.171.141.82 - - [25/Sep/2019:08:21:14 -0300] "GET /cormun/servlet/solicitudot?11edbc8a1c3c6935b5016007864583a2d770538dcd18ba834af013b25f507427427b6612354b411d12a5efffedff24edb28be5e7e549f4f3da201d7eac92efcc065fcd6fa5f0b5f1b3e9fd679db53f25d4d3c6b44207099bc2774dafa223396fa2ef35b5fabf822cac306e737f8cba55,gx-no-cache=1569410150541 HTTP/1.1" 200 110
190.171.141.82 - - [25/Sep/2019:08:21:14 -0300] "GET /cormun/servlet/solicitudot?11edbc8a1c3c6935b5016007864583a211dd728d2716e20962d96cbe907a285f2f86e8ae931809944c4563d744ff2983,gx-no-cache=1569410150567 HTTP/1.1" 200 30
190.171.141.82 - - [25/Sep/2019:08:21:14 -0300] "POST /cormun/servlet/solicitudot?gx-no-cache=1569410150591 HTTP/1.1" 200 34
190.171.141.82 - - [25/Sep/2019:08:21:14 -0300] "POST /cormun/servlet/solicitudot?81809bcd9fecb8e9969703ceb8d74d60,INS,0,0,,gx-no-cache=1569410150626 HTTP/1.1" 200 12488
186.103.159.46 - - [25/Sep/2019:08:21:36 -0300] "GET /cormun/servlet/licenciaspermisos?d2091b73a4e54b1fb438817f92299c33f9daa2b2ad5bb41ac21abd92e499d8e8a629236105174f5830f04a9c69ce5cd040df3dffc02095d18c3278509eab0091d6efa485bc102e060d8519b37020250a5cea2edb0435f2d222e603253894284279e2028783e20270c0681bad3320299d0f4500d9332d3811daf659ce6e087d4a0d8b3f2c3e06ae9c901e4381e8ba70f6ea643858ac1b01dd4e7969421c03cc49ad51788df4c10535304b2cd2d92e96042fd55e8018b115e89b41af08cef5e86137f52b9c9facc3d41991f5c66251a5cc2a676ddf57aa6db97794cd73a205adaa,gx-no-cache=1569410175349 HTTP/1.1" 200 30
186.103.159.46 - - [25/Sep/2019:08:21:37 -0300] "GET /cormun/servlet/licenciaspermisos?d2091b73a4e54b1fb438817f92299c337362cf8953d87192d668cc5adc9751625dc7bfa1c43ab818f4f2e79ac22e47827ec7d92dc1327696442371f9881629f525f4622776dcef95df9c4c3f4d869cec83532fcaf498983e7d4cf21130ec466cb2f05e57ce85404c032423b151c7b9ed90735b4de5c1e46da3b22e6e17288a56e654a9564de81134789e173b1a1fa40d60e60a87bbc0e96fcd1fc8adf7709f2e84a2b44f646d0a1b5d94d59fc16387b19400906597c69eb9665fcb3bbc424fcd9316144c33be85d59253225c81dfae70eabc527d4bd1fe08947e7ebccaf7978ca0a80b07d5cfbaed728d446ea84092b3,gx-no-cache=1569410175511 HTTP/1.1" 200 60
186.103.159.46 - - [25/Sep/2019:08:21:37 -0300] "POST /cormun/servlet/licenciaspermisos?527980e2616f938d0c25a40184defbff,UPD,12515025,L,20190925000000,,gx-no-cache=1569410175937 HTTP/1.1" 200 93
186.103.159.46 - - [25/Sep/2019:08:21:38 -0300] "GET /cormun/servlet/hpexe_return? HTTP/1.1" 200 1046
186.103.159.46 - - [25/Sep/2019:08:21:39 -0300] "GET /cormun/servlet/trlicencias?gx-no-cache=1569410076416 HTTP/1.1" 200 10457
200.54.103.162 - - [25/Sep/2019:08:21:41 -0300] "GET /cormun/servlet/hlogin HTTP/1.1" 200 1721
186.103.159.46 - - [25/Sep/2019:08:21:42 -0300] "GET /cormun/servlet/trlicencias?gx-no-cache=1569410076416 HTTP/1.1" 200 10472
186.103.159.46 - - [25/Sep/2019:08:21:46 -0300] "POST /cormun/servlet/trlicencias?527980e2616f938d0c25a40184defbff,gx-no-cache=1569410076416,gx-no-cache=1569410185067 HTTP/1.1" 200 7843
186.103.159.46 - - [25/Sep/2019:08:21:50 -0300] "GET /cormun/servlet/alicenciaprn?12515025,L,20190925000000,PU HTTP/1.1" 200 1628
200.54.103.162 - - [25/Sep/2019:08:21:51 -0300] "POST /cormun/servlet/hlogin?30fcfb237f4d15ab7544629d48a8b77d,gx-no-cache=1569410190306 HTTP/1.1" 200 90
200.54.103.162 - - [25/Sep/2019:08:21:52 -0300] "GET /cormun/servlet/hpexe_link HTTP/1.1" 200 952
200.54.103.162 - - [25/Sep/2019:08:21:52 -0300] "GET /cormun/servlet/hhome HTTP/1.1" 200 4340
200.54.103.162 - - [25/Sep/2019:08:21:55 -0300] "GET /cormun/servlet/hhome HTTP/1.1" 200 4336
200.54.103.162 - - [25/Sep/2019:08:22:00 -0300] "GET /cormun/servlet/trlicencias? HTTP/1.1" 200 15635
200.54.103.162 - - [25/Sep/2019:08:22:02 -0300] "GET /cormun/servlet/trlicencias? HTTP/1.1" 200 15632
192.168.10.89 - - [25/Sep/2019:08:22:03 -0300] "POST /cormun/servlet/trsolicitudgral?3630735476f4b24600879ce3a1f5b3db,gx-no-cache=1569413384025,gx-no-cache=1569413696705 HTTP/1.1" 200 5506
192.168.10.89 - - [25/Sep/2019:08:22:03 -0300] "GET /cormun/static/Shared/jqueryui/images/ui-icons_82798d_256x240.png HTTP/1.1" 404 1089
192.168.10.89 - - [25/Sep/2019:08:22:03 -0300] "GET /cormun/static/Shared/jqueryui/images/ui-bg_flat_55_fafafa_40x100.png HTTP/1.1" 404 1097
192.168.10.89 - - [25/Sep/2019:08:22:03 -0300] "GET /cormun/static/Shared/jqueryui/images/ui-icons_8d78a5_256x240.png HTTP/1.1" 404 1089
192.168.10.89 - - [25/Sep/2019:08:22:03 -0300] "GET /cormun/static/Shared/jqueryui/images/ui-bg_highlight-soft_100_c6c2c8_1x100.png HTTP/1.1" 404 1117
190.171.141.82 - - [25/Sep/2019:08:22:46 -0300] "POST /cormun/servlet/solicitudot?gx-no-cache=1569410242527 HTTP/1.1" 200 3591
190.171.141.82 - - [25/Sep/2019:08:22:46 -0300] "POST /cormun/servlet/solicitudot?81809bcd9fecb8e9969703ceb8d74d60,INS,0,0,,gx-no-cache=1569410242660 HTTP/1.1" 200 12345
190.171.141.82 - - [25/Sep/2019:08:22:52 -0300] "GET /cormun/servlet/solicitudot?11edbc8a1c3c6935b5016007864583a298868f3507963a375813947787a1a3a41836caf6c5bf598d7723d4e8d40353b6,gx-no-cache=1569410248922 HTTP/1.1" 200 30
190.171.141.82 - - [25/Sep/2019:08:23:10 -0300] "GET /cormun/servlet/hlogin HTTP/1.1" 200 1722
190.171.141.82 - - [25/Sep/2019:08:23:18 -0300] "GET /cormun/servlet/hlogin HTTP/1.1" 200 1722
190.171.141.82 - - [25/Sep/2019:08:23:20 -0300] "POST /cormun/servlet/hlogin?a3a0da0699b416b5ea8d4adfc5b97398,gx-no-cache=1569410369050 HTTP/1.1" 200 420
190.171.141.82 - - [25/Sep/2019:08:23:23 -0300] "GET /cormun/servlet/solicitudot?11edbc8a1c3c6935b5016007864583a25e879fb8437d14ea1849c35239fb499f2d42978ad2e01743b057b15474c8569f3cd13c33aa5b50692030ec063043bb8d,gx-no-cache=1569410279804 HTTP/1.1" 200 30
190.171.141.82 - - [25/Sep/2019:08:23:23 -0300] "GET /cormun/servlet/solicitudot?11edbc8a1c3c6935b5016007864583a281337aa8fe49ab1839879af653031612,gx-no-cache=1569410279918 HTTP/1.1" 200 29
190.171.141.82 - - [25/Sep/2019:08:23:23 -0300] "POST /cormun/servlet/solicitudot?gx-no-cache=1569410279966 HTTP/1.1" 200 240
190.171.141.82 - - [25/Sep/2019:08:23:23 -0300] "GET /cormun/servlet/solicitudot?11edbc8a1c3c6935b5016007864583a2bd86307217122c28c657fcea249ca52ab29c4cdc4528c5794861fbca3a23989c9bf6c32cdc22bd721a95b24aea2f97d625d0f1970638bf71adb80434f717acad0c14e844ded22e83e92e9e269c29c06739b398122e0af90c6871f5a962ec33cad2a156865c6e28e47ff7ccf638b891743f8e2dfc95f41b971f987bcd615469c53410b4a9e2d063728dd7663d98b4c8fda5a109ded4d64298ee1eae6c3c9bfa81d47849100bd983acbe6c2b25505e695d3ea84f6860a6e5fa9975d36cda121699a3278cf29eda9d4b99e29649fbd02dcac8dcf17b27d1904bb8b4d3240a54f948a038397bcd38b71d0423f823f38b0cc13eac8be3d8f3e90dcd35b81ba018b55028494c3a2455f661fd6a4c5bbcacef751ef724982c1d33d1fd66d91a51feaa6ce3bb4006dab9d345bc05503f4fe8cde6af89f82e8ef4825f888ec83d593dcd8b59062fdf0b96a4c521a30016098a811cfe9a63740edea1c37e1b2ac61a380f4f76130d0761e8c404961ef08b67952411,gx-no-cache=1569410280002 HTTP/1.1" 200 30
190.171.141.82 - - [25/Sep/2019:08:23:28 -0300] "POST /cormun/servlet/hlogin?a3a0da0699b416b5ea8d4adfc5b97398,gx-no-cache=1569410376569 HTTP/1.1" 200 90
190.171.141.82 - - [25/Sep/2019:08:23:28 -0300] "GET /cormun/servlet/hpexe_link HTTP/1.1" 200 954
190.171.141.82 - - [25/Sep/2019:08:23:28 -0300] "GET /cormun/servlet/hhome HTTP/1.1" 200 4345
190.171.141.82 - - [25/Sep/2019:08:23:31 -0300] "GET /cormun/servlet/hhome HTTP/1.1" 200 4341
190.171.141.82 - - [25/Sep/2019:08:23:37 -0300] "GET /cormun/servlet/trsolicitudot? HTTP/1.1" 200 7552
190.171.141.82 - - [25/Sep/2019:08:23:37 -0300] "GET /cormun/servlet/trsolicitudot? HTTP/1.1" 200 7551
190.171.141.82 - - [25/Sep/2019:08:23:39 -0300] "GET /cormun/servlet/solicitudot?INS,0,0, HTTP/1.1" 200 15397
190.171.141.106 - - [25/Sep/2019:08:23:40 -0300] "GET /cormun/servlet/hlogin HTTP/1.1" 200 1714
190.171.141.82 - - [25/Sep/2019:08:23:40 -0300] "GET /cormun/servlet/solicitudot?INS,0,0, HTTP/1.1" 200 15401
190.171.141.106 - - [25/Sep/2019:08:23:40 -0300] "GET /cormun/servlet/hlogin HTTP/1.1" 200 1714
190.171.141.82 - - [25/Sep/2019:08:23:42 -0300] "POST /cormun/servlet/solicitudot?gx-no-cache=1569410298524 HTTP/1.1" 200 3493
190.171.141.82 - - [25/Sep/2019:08:23:42 -0300] "POST /cormun/servlet/solicitudot?81809bcd9fecb8e9969703ceb8d74d60,INS,0,0,,gx-no-cache=1569410298738 HTTP/1.1" 200 11975
190.171.141.106 - - [25/Sep/2019:08:23:43 -0300] "POST /cormun/servlet/hlogin?38f0741999f363d7f150320fef3652a6,gx-no-cache=1569410301737 HTTP/1.1" 200 411
190.171.141.82 - - [25/Sep/2019:08:23:47 -0300] "GET /cormun/servlet/trsolicitudot? HTTP/1.1" 200 7552
190.171.141.82 - - [25/Sep/2019:08:23:47 -0300] "GET /cormun/servlet/trsolicitudot? HTTP/1.1" 200 7551
190.171.141.106 - - [25/Sep/2019:08:23:48 -0300] "POST /cormun/servlet/hlogin?38f0741999f363d7f150320fef3652a6,gx-no-cache=1569410306330 HTTP/1.1" 200 90
190.171.141.106 - - [25/Sep/2019:08:23:48 -0300] "GET /cormun/servlet/hpexe_link HTTP/1.1" 200 944
190.171.141.106 - - [25/Sep/2019:08:23:48 -0300] "GET /cormun/servlet/hhome HTTP/1.1" 200 3996
190.171.141.106 - - [25/Sep/2019:08:23:49 -0300] "GET /cormun/servlet/hhome HTTP/1.1" 200 3993
190.171.141.82 - - [25/Sep/2019:08:23:50 -0300] "GET /cormun/servlet/solicitudot?INS,0,0, HTTP/1.1" 200 15397
190.171.141.82 - - [25/Sep/2019:08:23:50 -0300] "GET /cormun/servlet/solicitudot?INS,0,0, HTTP/1.1" 200 15401
190.171.141.106 - - [25/Sep/2019:08:23:56 -0300] "GET /cormun/servlet/trlicencias? HTTP/1.1" 200 13050
190.171.141.106 - - [25/Sep/2019:08:23:57 -0300] "GET /cormun/servlet/trlicencias? HTTP/1.1" 200 13091
190.171.141.82 - - [25/Sep/2019:08:23:59 -0300] "POST /cormun/servlet/solicitudot?gx-no-cache=1569410315476 HTTP/1.1" 200 3594
190.171.141.82 - - [25/Sep/2019:08:23:59 -0300] "POST /cormun/servlet/solicitudot?81809bcd9fecb8e9969703ceb8d74d60,INS,0,0,,gx-no-cache=1569410315707 HTTP/1.1" 200 12066
190.171.141.82 - - [25/Sep/2019:08:24:01 -0300] "GET /cormun/servlet/solicitudot?11edbc8a1c3c6935b5016007864583a298868f3507963a375813947787a1a3a49aa67320833e63eaade1bc862a85cc7f,gx-no-cache=1569410318166 HTTP/1.1" 200 30
190.171.141.82 - - [25/Sep/2019:08:24:03 -0300] "GET /cormun/servlet/solicitudot?11edbc8a1c3c6935b5016007864583a25e879fb8437d14ea1849c35239fb499f2d42978ad2e01743b057b15474c8569f3cd13c33aa5b50692030ec063043bb8d,gx-no-cache=1569410320053 HTTP/1.1" 200 30
190.171.141.82 - - [25/Sep/2019:08:24:03 -0300] "GET /cormun/servlet/solicitudot?11edbc8a1c3c6935b5016007864583a2e5496fc736bd51af8d0d3c283408c1e8,gx-no-cache=1569410320077 HTTP/1.1" 200 123
190.171.141.82 - - [25/Sep/2019:08:24:03 -0300] "GET /cormun/static/Shared/jqueryui/images/ui-bg_highlight-soft_100_c6c2c8_1x100.png HTTP/1.1" 404 1117
190.171.141.82 - - [25/Sep/2019:08:24:03 -0300] "GET /cormun/static/Shared/jqueryui/images/ui-icons_82798d_256x240.png HTTP/1.1" 404 1089
190.171.141.82 - - [25/Sep/2019:08:24:03 -0300] "GET /cormun/static/Shared/jqueryui/images/ui-bg_flat_55_994d53_40x100.png HTTP/1.1" 404 1097
190.171.141.82 - - [25/Sep/2019:08:24:03 -0300] "GET /cormun/static/Shared/jqueryui/images/ui-icons_ebccce_256x240.png HTTP/1.1" 404 1089
190.171.141.82 - - [25/Sep/2019:08:24:03 -0300] "POST /cormun/servlet/solicitudot?gx-no-cache=1569410320116 HTTP/1.1" 200 240
