192.168.10.94 - - [24/Sep/2019:15:35:42 -0300] "POST /digitalizacion/servlet/trdocumentos?60552556be6f42248c14b222e4354846,,gx-no-cache=1569353316051 HTTP/1.1" 200 3353
192.168.10.94 - - [24/Sep/2019:15:35:49 -0300] "POST /digitalizacion/servlet/trdocumentos?gx-no-cache=1569353323145 HTTP/1.1" 200 237
192.168.10.94 - - [24/Sep/2019:15:35:51 -0300] "POST /digitalizacion/servlet/trdocumentos?60552556be6f42248c14b222e4354846,,gx-no-cache=1569353324121 HTTP/1.1" 200 3571
192.168.10.94 - - [24/Sep/2019:15:35:59 -0300] "GET /digitalizacion/servlet/wbadjunto?11238,PU HTTP/1.1" 302 -
192.168.10.94 - - [24/Sep/2019:15:35:59 -0300] "GET /digitalizacion/PublicTempStorage/7876013.tmp HTTP/1.1" 200 888976
200.112.233.47 - - [24/Sep/2019:15:37:00 -0300] "GET /cormun/servlet/hlogin HTTP/1.1" 200 1729
200.112.233.47 - - [24/Sep/2019:15:37:00 -0300] "GET /cormun/servlet/hlogin HTTP/1.1" 200 1732
200.112.233.47 - - [24/Sep/2019:15:37:07 -0300] "POST /cormun/servlet/hlogin?54017b0195ca15a8dd9210c83d3a7b91,gx-no-cache=1569349903391 HTTP/1.1" 200 90
200.112.233.47 - - [24/Sep/2019:15:37:07 -0300] "GET /cormun/servlet/hpexe_link HTTP/1.1" 200 952
200.112.233.47 - - [24/Sep/2019:15:37:07 -0300] "GET /cormun/servlet/hhome HTTP/1.1" 200 4350
200.112.233.47 - - [24/Sep/2019:15:37:08 -0300] "GET /cormun/servlet/hhome HTTP/1.1" 200 4346
200.112.233.47 - - [24/Sep/2019:15:37:20 -0300] "GET /cormun/servlet/trcontratosolicitud? HTTP/1.1" 200 14895
200.112.233.47 - - [24/Sep/2019:15:37:20 -0300] "GET /cormun/static/gxcfg.js?20177612214014 HTTP/1.1" 200 953
200.112.233.47 - - [24/Sep/2019:15:37:21 -0300] "GET /cormun/static/trcontratosolicitud.js?20177612214349 HTTP/1.1" 200 28237
200.112.233.47 - - [24/Sep/2019:15:37:22 -0300] "GET /cormun//static/Resources/PXToolsGridNew.png HTTP/1.1" 200 2949
200.112.233.47 - - [24/Sep/2019:15:37:22 -0300] "GET /cormun/servlet/trcontratosolicitud? HTTP/1.1" 200 14886
200.112.233.47 - - [24/Sep/2019:15:37:29 -0300] "POST /cormun/servlet/trcontratosolicitud?54017b0195ca15a8dd9210c83d3a7b91,,gx-no-cache=1569349924993 HTTP/1.1" 200 5206
192.168.10.94 - - [24/Sep/2019:15:38:46 -0300] "POST /digitalizacion/servlet/trdocumentos?gx-no-cache=1569353500155 HTTP/1.1" 200 78
192.168.10.94 - - [24/Sep/2019:15:38:51 -0300] "POST /digitalizacion/servlet/trdocumentos?gx-no-cache=1569353504487 HTTP/1.1" 200 186
192.168.10.94 - - [24/Sep/2019:15:38:52 -0300] "POST /digitalizacion/servlet/trdocumentos?60552556be6f42248c14b222e4354846,,gx-no-cache=1569353505546 HTTP/1.1" 200 3130
192.168.10.94 - - [24/Sep/2019:15:38:57 -0300] "POST /digitalizacion/servlet/trdocumentos?gx-no-cache=1569353510896 HTTP/1.1" 200 233
192.168.10.94 - - [24/Sep/2019:15:38:59 -0300] "POST /digitalizacion/servlet/trdocumentos?60552556be6f42248c14b222e4354846,,gx-no-cache=1569353512184 HTTP/1.1" 200 3175
200.111.191.212 - - [24/Sep/2019:15:41:48 -0300] "GET /cormun/servlet/permisogoce?INS,0,,, HTTP/1.1" 200 6097
200.111.191.212 - - [24/Sep/2019:15:41:48 -0300] "GET /cormun/servlet/hlogin HTTP/1.1" 200 1742
200.111.191.212 - - [24/Sep/2019:15:41:48 -0300] "GET /cormun/servlet/permisogoce?INS,0,,, HTTP/1.1" 200 6092
200.111.191.212 - - [24/Sep/2019:15:41:52 -0300] "POST /cormun/servlet/hlogin?8758e6f2266f218135d7b9e7ebb89e49,gx-no-cache=1569350374537 HTTP/1.1" 200 90
200.111.191.212 - - [24/Sep/2019:15:41:52 -0300] "GET /cormun/servlet/hpexe_link HTTP/1.1" 200 961
200.111.191.212 - - [24/Sep/2019:15:41:53 -0300] "GET /cormun/servlet/permisogoce?INS,0,,, HTTP/1.1" 200 6694
200.111.191.212 - - [24/Sep/2019:15:41:53 -0300] "GET /cormun/servlet/permisogoce?INS,0,,, HTTP/1.1" 200 6692
200.111.191.212 - - [24/Sep/2019:15:41:59 -0300] "GET /cormun/servlet/permisogoce?d4bd255b887ac2927ae5f50ae1e9330092e0b3e582e9843c07c53641a5bbe119e40658faf392eb66fffdb8a6917424b3,gx-no-cache=1569350381011 HTTP/1.1" 200 226
200.111.191.212 - - [24/Sep/2019:15:41:59 -0300] "GET /cormun/static/Shared/jqueryui/images/ui-icons_82798d_256x240.png HTTP/1.1" 404 1089
200.111.191.212 - - [24/Sep/2019:15:41:59 -0300] "GET /cormun/static/Shared/jqueryui/images/ui-bg_highlight-soft_100_c6c2c8_1x100.png HTTP/1.1" 404 1117
200.111.191.212 - - [24/Sep/2019:15:41:59 -0300] "GET /cormun/static/Shared/jqueryui/images/ui-icons_ebccce_256x240.png HTTP/1.1" 404 1089
200.111.191.212 - - [24/Sep/2019:15:41:59 -0300] "GET /cormun/static/Shared/jqueryui/images/ui-bg_flat_55_994d53_40x100.png HTTP/1.1" 404 1097
200.111.191.212 - - [24/Sep/2019:15:42:07 -0300] "GET /cormun/servlet/permisogoce?d4bd255b887ac2927ae5f50ae1e9330090b062964197ceee39bbac502c5234170ed97b3face4d8dd5ad398af8260ad9d8c50b4fc4112d365c9f80067e7ec3a39,gx-no-cache=1569350389096 HTTP/1.1" 200 83
200.111.191.212 - - [24/Sep/2019:15:42:10 -0300] "GET /cormun/servlet/permisogoce?d4bd255b887ac2927ae5f50ae1e933009d3325c5bb6bc42bd2938a93548b3fb03284a8fbae303b0bf0bd12006c25b945409db0b33142ea4c4234e10444a08487,gx-no-cache=1569350392171 HTTP/1.1" 200 47
200.111.191.212 - - [24/Sep/2019:15:42:14 -0300] "POST /cormun/servlet/permisogoce?8758e6f2266f218135d7b9e7ebb89e49,INS,0,,,,gx-no-cache=1569350395576 HTTP/1.1" 200 93
200.111.191.212 - - [24/Sep/2019:15:42:14 -0300] "GET /cormun/servlet/hpexe_return? HTTP/1.1" 200 1004
200.111.191.212 - - [24/Sep/2019:15:42:14 -0300] "GET /cormun/servlet/hhome HTTP/1.1" 200 4028
200.111.191.212 - - [24/Sep/2019:15:42:14 -0300] "GET /cormun/static/gxcfg.js?20175251212442 HTTP/1.1" 200 953
200.111.191.212 - - [24/Sep/2019:15:42:14 -0300] "GET /cormun/static/hhome.js?20175251212450 HTTP/1.1" 200 777
200.111.191.212 - - [24/Sep/2019:15:42:14 -0300] "GET /cormun/static/Resources/Spanish/PXTools.css?11423723 HTTP/1.1" 200 89042
200.111.191.212 - - [24/Sep/2019:15:42:14 -0300] "GET /cormun/servlet/hhome HTTP/1.1" 200 4022
200.111.191.212 - - [24/Sep/2019:15:42:18 -0300] "GET /cormun/servlet/trpermisosgoce? HTTP/1.1" 200 14356
200.111.191.212 - - [24/Sep/2019:15:42:18 -0300] "GET /cormun/servlet/trpermisosgoce? HTTP/1.1" 200 14372
200.111.191.212 - - [24/Sep/2019:15:42:21 -0300] "GET /cormun/servlet/apermisogoceprn?11888496,P,20190924163446,PU HTTP/1.1" 200 1664
190.171.142.18 - - [24/Sep/2019:15:45:57 -0300] "GET /cormun/servlet/hlogin HTTP/1.1" 200 1723
189.157.7.208 - - [24/Sep/2019:15:46:10 -0300] "GET / HTTP/1.0" 200 11197
200.112.233.47 - - [24/Sep/2019:15:46:52 -0300] "POST /cormun/servlet/trcontratosolicitud?54017b0195ca15a8dd9210c83d3a7b91,,gx-no-cache=1569350488377 HTTP/1.1" 200 4233
200.112.233.47 - - [24/Sep/2019:15:47:02 -0300] "POST /cormun/servlet/trcontratosolicitud?54017b0195ca15a8dd9210c83d3a7b91,,gx-no-cache=1569350498470 HTTP/1.1" 200 5214
186.67.164.138 - - [24/Sep/2019:15:52:23 -0300] "GET /cormun/servlet/hlogin HTTP/1.1" 200 1716
186.67.164.138 - - [24/Sep/2019:15:52:30 -0300] "POST /cormun/servlet/hlogin?a721d35a030b91e23da7c214e8fb0b0d,gx-no-cache=1569350827670 HTTP/1.1" 200 90
186.67.164.138 - - [24/Sep/2019:15:52:30 -0300] "GET /cormun/servlet/hpexe_link HTTP/1.1" 200 945
186.67.164.138 - - [24/Sep/2019:15:52:30 -0300] "GET /cormun/servlet/hhome HTTP/1.1" 200 4056
186.67.164.138 - - [24/Sep/2019:15:52:31 -0300] "GET /cormun/servlet/hhome HTTP/1.1" 200 4052
186.67.164.138 - - [24/Sep/2019:15:52:34 -0300] "GET /cormun/servlet/trlicencias? HTTP/1.1" 200 13432
186.67.164.138 - - [24/Sep/2019:15:52:34 -0300] "GET /cormun/servlet/trlicencias? HTTP/1.1" 200 13423
186.67.164.138 - - [24/Sep/2019:15:52:41 -0300] "GET /cormun/servlet/trlicencias? HTTP/1.1" 200 13418
186.67.164.138 - - [24/Sep/2019:15:52:42 -0300] "GET /cormun/servlet/trlicencias? HTTP/1.1" 200 13424
190.171.142.18 - - [24/Sep/2019:15:53:57 -0300] "POST /cormun/servlet/hlogin?b61c11b4633d3c76bacc4f82575aaaf5,gx-no-cache=1569351214605 HTTP/1.1" 200 90
190.171.142.18 - - [24/Sep/2019:15:53:57 -0300] "GET /cormun/servlet/hpexe_link HTTP/1.1" 200 947
190.171.142.18 - - [24/Sep/2019:15:53:57 -0300] "GET /cormun/servlet/hhome HTTP/1.1" 200 4322
190.171.142.18 - - [24/Sep/2019:15:53:59 -0300] "GET /cormun/servlet/hhome HTTP/1.1" 200 4318
190.171.142.18 - - [24/Sep/2019:15:54:30 -0300] "GET /cormun/servlet/trautorizarsolicitud? HTTP/1.1" 200 8853
190.171.142.18 - - [24/Sep/2019:15:54:30 -0300] "GET /cormun/static/gxcfg.js?2017111423403364 HTTP/1.1" 200 953
190.171.142.18 - - [24/Sep/2019:15:54:30 -0300] "GET /cormun/static/trautorizarsolicitud.js?201711142340425 HTTP/1.1" 200 53910
190.171.142.18 - - [24/Sep/2019:15:54:30 -0300] "GET /cormun/servlet/trautorizarsolicitud? HTTP/1.1" 200 8851
190.171.142.18 - - [24/Sep/2019:15:54:47 -0300] "POST /cormun/servlet/trautorizarsolicitud?b61c11b4633d3c76bacc4f82575aaaf5,,gx-no-cache=1569351264025 HTTP/1.1" 200 4719
190.171.142.18 - - [24/Sep/2019:15:54:47 -0300] "GET /cormun/static/Shared/jqueryui/images/ui-bg_highlight-soft_100_c6c2c8_1x100.png HTTP/1.1" 404 1117
190.171.142.18 - - [24/Sep/2019:15:54:47 -0300] "GET /cormun/static/Shared/jqueryui/images/ui-icons_8d78a5_256x240.png HTTP/1.1" 404 1089
190.171.142.18 - - [24/Sep/2019:15:54:47 -0300] "GET /cormun/static/Shared/jqueryui/images/ui-bg_flat_55_fafafa_40x100.png HTTP/1.1" 404 1097
190.171.142.18 - - [24/Sep/2019:15:54:47 -0300] "GET /cormun/static/Shared/jqueryui/images/ui-icons_82798d_256x240.png HTTP/1.1" 404 1089
190.171.142.18 - - [24/Sep/2019:15:54:47 -0300] "POST /cormun/servlet/trautorizarsolicitud?b61c11b4633d3c76bacc4f82575aaaf5,,gx-no-cache=1569351264300 HTTP/1.1" 200 4454
190.171.142.18 - - [24/Sep/2019:15:54:54 -0300] "GET /cormun/servlet/trrenuncias? HTTP/1.1" 200 7937
190.171.142.18 - - [24/Sep/2019:15:54:55 -0300] "GET /cormun/static/gxcfg.js?20175251282642 HTTP/1.1" 200 953
190.171.142.18 - - [24/Sep/2019:15:54:55 -0300] "GET /cormun/static/trrenuncias.js?20175251283179 HTTP/1.1" 200 31174
190.171.142.18 - - [24/Sep/2019:15:54:55 -0300] "GET /cormun/servlet/trrenuncias? HTTP/1.1" 200 7936
190.171.142.18 - - [24/Sep/2019:15:54:58 -0300] "GET /cormun/servlet/renuncias?INS,0, HTTP/1.1" 200 6455
190.171.142.18 - - [24/Sep/2019:15:54:58 -0300] "GET /cormun/static/gxcfg.js?2017426922787 HTTP/1.1" 200 953
190.171.142.18 - - [24/Sep/2019:15:54:58 -0300] "GET /cormun/static/Resources/Spanish/PXTools.css?11294912 HTTP/1.1" 200 89042
190.171.142.18 - - [24/Sep/2019:15:54:58 -0300] "GET /cormun/static/renuncias.js?201742692287 HTTP/1.1" 200 14762
190.171.142.18 - - [24/Sep/2019:15:54:59 -0300] "GET /cormun/servlet/renuncias?INS,0, HTTP/1.1" 200 6455
200.54.103.162 - - [24/Sep/2019:15:57:59 -0300] "GET /cormun/servlet/hlogin HTTP/1.1" 200 1726
186.103.159.46 - - [24/Sep/2019:15:58:07 -0300] "POST /cormun/servlet/hlogin?b7a4101c32c3dedf9900f5cde301890a,gx-no-cache=1569351165807 HTTP/1.1" 440 972
186.103.159.46 - - [24/Sep/2019:15:58:09 -0300] "GET /cormun/servlet/hlogin HTTP/1.1" 200 1733
186.103.159.46 - - [24/Sep/2019:15:58:15 -0300] "POST /cormun/servlet/hlogin?e9ef5782a6bb66591b68035211c5e8f6,gx-no-cache=1569351173774 HTTP/1.1" 200 90
186.103.159.46 - - [24/Sep/2019:15:58:16 -0300] "GET /cormun/servlet/hpexe_link HTTP/1.1" 200 950
186.103.159.46 - - [24/Sep/2019:15:58:16 -0300] "GET /cormun/servlet/hhome HTTP/1.1" 200 4061
200.54.103.162 - - [24/Sep/2019:15:58:17 -0300] "POST /cormun/servlet/hlogin?deb558d4036506fbac029b4a7a8d711d,gx-no-cache=1569351174168 HTTP/1.1" 200 90
200.54.103.162 - - [24/Sep/2019:15:58:17 -0300] "GET /cormun/servlet/hpexe_link HTTP/1.1" 200 952
200.54.103.162 - - [24/Sep/2019:15:58:17 -0300] "GET /cormun/servlet/hhome HTTP/1.1" 200 4338
200.54.103.162 - - [24/Sep/2019:15:58:18 -0300] "GET /cormun/servlet/hhome HTTP/1.1" 200 4334
186.103.159.46 - - [24/Sep/2019:15:58:19 -0300] "GET /cormun/servlet/hhome HTTP/1.1" 200 4057
186.103.159.46 - - [24/Sep/2019:15:58:23 -0300] "GET /cormun/servlet/trpermisosgoce? HTTP/1.1" 200 11071
186.103.159.46 - - [24/Sep/2019:15:58:25 -0300] "GET /cormun/servlet/trpermisosgoce? HTTP/1.1" 200 11078
200.54.103.162 - - [24/Sep/2019:15:58:40 -0300] "GET /cormun/servlet/trvisualizadoreventos? HTTP/1.1" 200 7107
200.54.103.162 - - [24/Sep/2019:15:58:41 -0300] "GET /cormun/static/gxcfg.js?20175251251426 HTTP/1.1" 200 953
200.54.103.162 - - [24/Sep/2019:15:58:41 -0300] "GET /cormun/static/trvisualizadoreventos.js?20175251251768 HTTP/1.1" 200 19318
200.54.103.162 - - [24/Sep/2019:15:58:41 -0300] "GET /cormun/static/Resources/PXToolsActionPrint.png HTTP/1.1" 200 3317
200.54.103.162 - - [24/Sep/2019:15:58:41 -0300] "GET /cormun/servlet/trvisualizadoreventos? HTTP/1.1" 200 7107
40.77.190.147 - - [24/Sep/2019:16:01:11 -0300] "GET /cormun/static/Resources/PXToolsDataTitle.png HTTP/1.1" 200 1173
40.77.190.147 - - [24/Sep/2019:16:01:15 -0300] "GET /cormun/static/cmcontrolpreferences.js?201752511465670 HTTP/1.1" 200 1375
40.77.190.147 - - [24/Sep/2019:16:01:22 -0300] "GET /cormun/static/Resources/ComunLogin.png HTTP/1.1" 200 17326
40.77.190.147 - - [24/Sep/2019:16:01:23 -0300] "GET /cormun/static/Resources/PXToolsLoginBackground.png HTTP/1.1" 200 1164
40.77.190.147 - - [24/Sep/2019:16:01:23 -0300] "GET /cormun/static/Resources/PXToolsButtonLeft21.png HTTP/1.1" 200 1287
40.77.190.147 - - [24/Sep/2019:16:01:24 -0300] "GET /cormun/static/Resources/PXToolsButtonRight21.png HTTP/1.1" 200 1283
13.66.139.1 - - [24/Sep/2019:16:05:29 -0300] "GET /robots.txt HTTP/1.1" 404 981
13.66.139.0 - - [24/Sep/2019:16:05:35 -0300] "GET /cormun/servlet/licenciaspermisos?INS,0,,,_escaped_fragment_%3D&_escaped_fragment_= HTTP/1.1" 200 6639
200.54.103.162 - - [24/Sep/2019:16:08:38 -0300] "POST /cormun/servlet/trlicencias?fa1bb71410d25237bf21127cb232616b,gx-no-cache=1569351796684 HTTP/1.1" 440 972
200.54.103.162 - - [24/Sep/2019:16:08:40 -0300] "GET /cormun/servlet/trlicencias HTTP/1.1" 200 6132
200.54.103.162 - - [24/Sep/2019:16:08:41 -0300] "GET /cormun/servlet/hlogin HTTP/1.1" 200 1732
200.54.103.162 - - [24/Sep/2019:16:08:41 -0300] "GET /cormun/servlet/trlicencias HTTP/1.1" 200 6132
190.171.141.90 - - [24/Sep/2019:16:08:59 -0300] "GET /cormun/servlet/hlogin HTTP/1.1" 200 1719
200.111.191.212 - - [24/Sep/2019:16:09:06 -0300] "POST /cormun/servlet/trpermisosgoce?8758e6f2266f218135d7b9e7ebb89e49,,gx-no-cache=1569352007837 HTTP/1.1" 200 11338
200.111.191.212 - - [24/Sep/2019:16:09:06 -0300] "POST /cormun/servlet/trpermisosgoce?8758e6f2266f218135d7b9e7ebb89e49,,gx-no-cache=1569352008199 HTTP/1.1" 200 11328
190.171.141.90 - - [24/Sep/2019:16:09:10 -0300] "POST /cormun/servlet/hlogin?79996e0b4347864a16a573ff806b1f58,gx-no-cache=1569351826547 HTTP/1.1" 200 90
190.171.141.90 - - [24/Sep/2019:16:09:10 -0300] "GET /cormun/servlet/hpexe_link HTTP/1.1" 200 943
190.171.141.90 - - [24/Sep/2019:16:09:10 -0300] "GET /cormun/servlet/hhome HTTP/1.1" 200 4018
190.171.141.90 - - [24/Sep/2019:16:09:10 -0300] "GET /cormun/servlet/hhome HTTP/1.1" 200 4015
190.171.141.90 - - [24/Sep/2019:16:09:13 -0300] "GET /cormun/servlet/trsolicitudot? HTTP/1.1" 200 7233
190.171.141.90 - - [24/Sep/2019:16:09:14 -0300] "GET /cormun/servlet/trsolicitudot? HTTP/1.1" 200 7232
186.103.159.204 - - [24/Sep/2019:16:09:14 -0300] "GET /cormun/servlet/trlicencias? HTTP/1.1" 200 6138
186.103.159.204 - - [24/Sep/2019:16:09:15 -0300] "GET /cormun/servlet/hlogin HTTP/1.1" 200 1736
186.103.159.204 - - [24/Sep/2019:16:09:15 -0300] "GET /cormun/servlet/trlicencias? HTTP/1.1" 200 6133
186.103.159.204 - - [24/Sep/2019:16:09:17 -0300] "POST /cormun/servlet/hlogin?dd9972192219f7521615488900dc515a,gx-no-cache=1569351832119 HTTP/1.1" 200 90
186.103.159.204 - - [24/Sep/2019:16:09:17 -0300] "GET /cormun/servlet/hpexe_link HTTP/1.1" 200 955
190.171.141.90 - - [24/Sep/2019:16:09:17 -0300] "POST /cormun/servlet/trsolicitudot?79996e0b4347864a16a573ff806b1f58,,gx-no-cache=1569351834173 HTTP/1.1" 200 4320
186.103.159.204 - - [24/Sep/2019:16:09:17 -0300] "GET /cormun/servlet/trlicencias HTTP/1.1" 200 10264
186.103.159.204 - - [24/Sep/2019:16:09:18 -0300] "GET /cormun/servlet/trlicencias HTTP/1.1" 200 10262
190.171.141.90 - - [24/Sep/2019:16:09:21 -0300] "POST /cormun/servlet/trsolicitudot?79996e0b4347864a16a573ff806b1f58,,gx-no-cache=1569351837684 HTTP/1.1" 200 5724
190.171.141.90 - - [24/Sep/2019:16:09:31 -0300] "POST /cormun/servlet/trsolicitudot?79996e0b4347864a16a573ff806b1f58,,gx-no-cache=1569351847796 HTTP/1.1" 200 9924
190.171.152.138 - - [24/Sep/2019:16:10:38 -0300] "GET /cormun/servlet/hhome HTTP/1.1" 200 3415
190.171.152.138 - - [24/Sep/2019:16:10:39 -0300] "GET /cormun/servlet/hlogin HTTP/1.1" 200 1729
190.171.152.138 - - [24/Sep/2019:16:10:39 -0300] "GET /cormun/servlet/hhome HTTP/1.1" 200 3424
190.171.152.138 - - [24/Sep/2019:16:10:50 -0300] "POST /cormun/servlet/hlogin?e0c8255822489c2bec2809984fbc48b5,gx-no-cache=1569355523253 HTTP/1.1" 200 90
190.171.152.138 - - [24/Sep/2019:16:10:50 -0300] "GET /cormun/servlet/hpexe_link HTTP/1.1" 200 947
190.171.152.138 - - [24/Sep/2019:16:10:50 -0300] "GET /cormun/servlet/hhome HTTP/1.1" 200 3948
190.171.152.138 - - [24/Sep/2019:16:10:50 -0300] "GET /cormun/servlet/hhome HTTP/1.1" 200 3944
190.171.152.138 - - [24/Sep/2019:16:10:53 -0300] "GET /cormun/servlet/trlicencias? HTTP/1.1" 200 12063
190.171.152.138 - - [24/Sep/2019:16:10:54 -0300] "GET /cormun/servlet/trlicencias? HTTP/1.1" 200 12062
190.171.152.138 - - [24/Sep/2019:16:11:43 -0300] "GET /cormun/servlet/trpermisosgoce? HTTP/1.1" 200 10662
190.171.152.138 - - [24/Sep/2019:16:11:44 -0300] "GET /cormun/servlet/trpermisosgoce? HTTP/1.1" 200 10636
190.171.152.138 - - [24/Sep/2019:16:12:00 -0300] "GET /cormun/servlet/trlicencias? HTTP/1.1" 200 12062
190.171.152.138 - - [24/Sep/2019:16:12:00 -0300] "GET /cormun/servlet/trlicencias? HTTP/1.1" 200 12061
190.171.152.138 - - [24/Sep/2019:16:13:45 -0300] "GET /cormun/servlet/hlogin HTTP/1.1" 200 1733
194.116.34.84 - - [24/Sep/2019:16:13:49 -0300] "GET / HTTP/1.0" 200 11197
190.171.152.114 - - [24/Sep/2019:16:15:19 -0300] "GET /cormun/servlet/hlogin HTTP/1.1" 200 1721
190.171.152.114 - - [24/Sep/2019:16:15:33 -0300] "POST /cormun/servlet/hlogin?203646ed0801edc58c8b008ff7c0fc62,gx-no-cache=1569352212707 HTTP/1.1" 200 90
190.171.152.114 - - [24/Sep/2019:16:15:33 -0300] "GET /cormun/servlet/hpexe_link HTTP/1.1" 200 948
190.171.152.114 - - [24/Sep/2019:16:15:33 -0300] "GET /cormun/servlet/hhome HTTP/1.1" 200 4277
190.171.152.114 - - [24/Sep/2019:16:15:34 -0300] "GET /cormun/servlet/hhome HTTP/1.1" 200 4273
190.171.152.114 - - [24/Sep/2019:16:15:43 -0300] "GET /cormun/servlet/trlicencias? HTTP/1.1" 200 13020
190.171.152.114 - - [24/Sep/2019:16:15:45 -0300] "GET /cormun/servlet/trlicencias? HTTP/1.1" 200 13010
190.171.152.114 - - [24/Sep/2019:16:15:48 -0300] "GET /cormun/servlet/trlicencias? HTTP/1.1" 200 13017
190.171.152.114 - - [24/Sep/2019:16:15:49 -0300] "GET /cormun/servlet/trlicencias? HTTP/1.1" 200 13017
40.77.188.167 - - [24/Sep/2019:16:17:31 -0300] "GET /cormun/static/Resources/asc.gif HTTP/1.1" 200 67
40.77.189.84 - - [24/Sep/2019:16:17:32 -0300] "GET /cormun/static/Resources/desc.gif HTTP/1.1" 200 65
190.171.152.114 - - [24/Sep/2019:16:20:17 -0300] "POST /cormun/servlet/solicitudot?gx-no-cache=1569352497100 HTTP/1.1" 440 972
200.86.83.68 - - [24/Sep/2019:16:20:19 -0300] "GET /digitalizacion/servlet/hlogin HTTP/1.1" 302 -
200.86.83.68 - - [24/Sep/2019:16:20:19 -0300] "GET /digitalizacion/servlet/wblogin? HTTP/1.1" 200 2329
200.86.83.68 - - [24/Sep/2019:16:20:24 -0300] "POST /digitalizacion/servlet/wblogin?f66c3fa0fb975005a7ab373b0dfc8281,,gx-no-cache=1569352499427 HTTP/1.1" 200 830
190.171.152.114 - - [24/Sep/2019:16:20:25 -0300] "POST /cormun/servlet/solicitudot?gx-no-cache=1569352505149 HTTP/1.1" 440 972
190.171.152.114 - - [24/Sep/2019:16:20:25 -0300] "GET /cormun/servlet/solicitudot?INS,0,0, HTTP/1.1" 200 15344
190.171.152.114 - - [24/Sep/2019:16:20:26 -0300] "POST /cormun/servlet/solicitudot?gx-no-cache=1569352506165 HTTP/1.1" 440 972
190.171.152.114 - - [24/Sep/2019:16:20:26 -0300] "GET /cormun/servlet/solicitudot?INS,0,0, HTTP/1.1" 200 15344
190.171.152.114 - - [24/Sep/2019:16:20:27 -0300] "GET /cormun/servlet/solicitudot?47743cb0cb95cb7f262f3d48bee5447d9982a9a60d193794851f6df80e86458175cf9774d67cf063af72297c09277e437b16cda6b90fa642025ada294a75a22df5c3d658e495436cebbddb0bb26c7d73431cfeb97517274f9ea39c2c9c5c36f2457c10a1bd03b1f35b48ee8d13cb9312,gx-no-cache=1569352507190 HTTP/1.1" 440 972
190.171.152.114 - - [24/Sep/2019:16:20:27 -0300] "GET /cormun/servlet/solicitudot?INS,0,0, HTTP/1.1" 200 15344
190.171.152.114 - - [24/Sep/2019:16:20:28 -0300] "POST /cormun/servlet/solicitudot?gx-no-cache=1569352507876 HTTP/1.1" 440 972
190.171.152.114 - - [24/Sep/2019:16:20:28 -0300] "GET /cormun/servlet/solicitudot?INS,0,0, HTTP/1.1" 200 15344
190.171.152.114 - - [24/Sep/2019:16:20:30 -0300] "GET /cormun/servlet/solicitudot?47743cb0cb95cb7f262f3d48bee5447da49a45dd29e0363f91f830507e1e26df7ae6aef78dec16ce959f92ecccc18fc3dabb4b6d5050692db194f742ef02daff00bb9bc2bb45b2ff360ee343bc533778154902fc1455cbedaf6ee57ed2a160ac2c247f5b21cfed810018b622569230fb,gx-no-cache=1569352510248 HTTP/1.1" 440 972
200.86.83.68 - - [24/Sep/2019:16:20:30 -0300] "POST /digitalizacion/servlet/wblogin?f66c3fa0fb975005a7ab373b0dfc8281,,gx-no-cache=1569352505504 HTTP/1.1" 200 65
190.171.152.114 - - [24/Sep/2019:16:20:30 -0300] "GET /cormun/servlet/solicitudot?INS,0,0, HTTP/1.1" 200 15344
200.86.83.68 - - [24/Sep/2019:16:20:31 -0300] "GET /digitalizacion/servlet/hhome HTTP/1.1" 200 2819
190.171.152.114 - - [24/Sep/2019:16:20:31 -0300] "GET /cormun/servlet/solicitudot?INS,0,0, HTTP/1.1" 200 15344
200.86.83.68 - - [24/Sep/2019:16:20:32 -0300] "GET /digitalizacion/servlet/hhome HTTP/1.1" 200 2818
190.171.152.114 - - [24/Sep/2019:16:20:33 -0300] "GET /cormun/servlet/solicitudot?INS,0,0, HTTP/1.1" 200 15344
190.171.152.114 - - [24/Sep/2019:16:20:47 -0300] "GET /cormun/servlet/hlogin HTTP/1.1" 200 1721
190.171.152.114 - - [24/Sep/2019:16:21:03 -0300] "POST /cormun/servlet/hlogin?203646ed0801edc58c8b008ff7c0fc62,gx-no-cache=1569352542995 HTTP/1.1" 200 90
190.171.152.114 - - [24/Sep/2019:16:21:03 -0300] "GET /cormun/servlet/hpexe_link HTTP/1.1" 200 960
190.171.152.114 - - [24/Sep/2019:16:21:03 -0300] "GET /cormun/servlet/solicitudot?INS,0,0, HTTP/1.1" 200 15339
190.171.152.114 - - [24/Sep/2019:16:21:05 -0300] "GET /cormun/servlet/solicitudot?INS,0,0, HTTP/1.1" 200 15344
200.86.83.68 - - [24/Sep/2019:16:21:12 -0300] "GET /digitalizacion/servlet/trdocumentos? HTTP/1.1" 200 9877
200.86.83.68 - - [24/Sep/2019:16:21:13 -0300] "GET /digitalizacion/servlet/trdocumentos? HTTP/1.1" 200 9874
200.86.83.68 - - [24/Sep/2019:16:21:13 -0300] "POST /digitalizacion/servlet/trdocumentos?gx-no-cache=1569352548275 HTTP/1.1" 200 449
200.86.83.68 - - [24/Sep/2019:16:21:14 -0300] "POST /digitalizacion/servlet/trdocumentos?gx-no-cache=1569352548887 HTTP/1.1" 200 78
190.171.152.114 - - [24/Sep/2019:16:21:33 -0300] "POST /cormun/servlet/solicitudot?gx-no-cache=1569352572473 HTTP/1.1" 200 3501
190.171.152.114 - - [24/Sep/2019:16:21:33 -0300] "POST /cormun/servlet/solicitudot?203646ed0801edc58c8b008ff7c0fc62,INS,0,0,,gx-no-cache=1569352572702 HTTP/1.1" 200 11970
200.86.83.68 - - [24/Sep/2019:16:21:35 -0300] "POST /digitalizacion/servlet/trdocumentos?f66c3fa0fb975005a7ab373b0dfc8281,,gx-no-cache=1569352569751 HTTP/1.1" 200 3335
190.171.152.114 - - [24/Sep/2019:16:21:36 -0300] "GET /cormun/servlet/solicitudot?63481ae95e19a8e23be8fc6e4eb8d1adf0e06adefe08fa419e292f9a920bae866f47c3f1ce1d317fcce36f45d62e3f48,gx-no-cache=1569352575771 HTTP/1.1" 200 30
200.86.83.68 - - [24/Sep/2019:16:21:40 -0300] "GET /digitalizacion/servlet/wbadjunto?3,PU HTTP/1.1" 302 -
200.86.83.68 - - [24/Sep/2019:16:21:41 -0300] "GET /digitalizacion/PublicTempStorage/2975952.tmp HTTP/1.1" 200 354211
190.171.152.114 - - [24/Sep/2019:16:22:26 -0300] "GET /cormun/servlet/prbanco?,MD,,gxPopupLevel%3D0%3B HTTP/1.1" 200 6618
190.171.152.114 - - [24/Sep/2019:16:22:30 -0300] "GET /cormun/servlet/solicitudot?63481ae95e19a8e23be8fc6e4eb8d1ad7032be6b67b6ac48f0db64f2a16cb1281e473e2a30e59c761b51cc81d802b5951ef0801de130d1a364e9f4c771798eeb,gx-no-cache=1569352630106 HTTP/1.1" 200 30
190.171.152.114 - - [24/Sep/2019:16:22:32 -0300] "GET /cormun/servlet/solicitudot?63481ae95e19a8e23be8fc6e4eb8d1ad1090fc4fc947c79cfb25bddc520d2ec6,gx-no-cache=1569352632066 HTTP/1.1" 200 53
190.171.152.114 - - [24/Sep/2019:16:22:47 -0300] "POST /cormun/servlet/solicitudot?gx-no-cache=1569352647299 HTTP/1.1" 200 240
190.171.152.114 - - [24/Sep/2019:16:22:50 -0300] "GET /cormun/servlet/solicitudot?63481ae95e19a8e23be8fc6e4eb8d1ad953950d9b43829de6be623c9f21f5f9a974262c0fd542496c5a01ca901b28721826e885f5090f8d548d7f55eb78ea865c2df61b14a53e2c9b0795017b1f162b7464b1245bd3b2f3e3916ddff4f8132eb3971d0791df87a6e1e482820196fc2fb8055a37b5c36e13cdb44cbcde4426544eb5173d720bb4b35a6cdc4bea56f33864ec351ef709e942943ff5fea217e8fbe6d1b56c8d3fe14381b3782e6d4ccd9277b418fee8fb4bb80cf0c7e872b2aa0134d56ad8b69e5c606eb89a8d8e7e4f10505b1e751e5cc052397227a98f3624aeb78cddd57d2e51d9752c9e1c07d4cd64e4a29f264960458511a4e9a2a5013bc5794fd701022c419c5e848ad991f76c0a399ab319d5a1ed178c738a3a9b5d6cab448e96fa420eaf4cefbe09caf4554fd05cac6a3d43ad3c326af0d81598da4f36911fbf19a60c48fbd2573bd0b1c57f2053dfb828fdae367f4261d2666c88b60700f8394dd38a4b26fe575f980e411d9942d7a77a90b54da6febb9964d9382d024,gx-no-cache=1569352649698 HTTP/1.1" 200 30
190.171.152.114 - - [24/Sep/2019:16:22:54 -0300] "POST /cormun/servlet/solicitudot?gx-no-cache=1569352653682 HTTP/1.1" 200 30
200.86.83.68 - - [24/Sep/2019:16:23:04 -0300] "POST /digitalizacion/servlet/trdocumentos?gx-no-cache=1569352658836 HTTP/1.1" 200 233
190.171.152.114 - - [24/Sep/2019:16:23:04 -0300] "POST /cormun/servlet/solicitudot?gx-no-cache=1569352663976 HTTP/1.1" 200 1360
200.86.83.68 - - [24/Sep/2019:16:23:12 -0300] "POST /digitalizacion/servlet/trdocumentos?f66c3fa0fb975005a7ab373b0dfc8281,,gx-no-cache=1569352665969 HTTP/1.1" 200 3595
190.171.152.114 - - [24/Sep/2019:16:23:13 -0300] "GET /cormun/servlet/prlicenciaspermisos?16739952,L,,MD,,gxPopupLevel%3D0%3B HTTP/1.1" 200 5543
200.86.83.68 - - [24/Sep/2019:16:23:19 -0300] "GET /digitalizacion/servlet/wbadjunto?35165,PU HTTP/1.1" 302 -
190.171.152.114 - - [24/Sep/2019:16:23:19 -0300] "POST /cormun/servlet/solicitudot?gx-no-cache=1569352679199 HTTP/1.1" 200 41
200.86.83.68 - - [24/Sep/2019:16:23:23 -0300] "GET /digitalizacion/PublicTempStorage/2325706.tmp HTTP/1.1" 200 734384
200.54.103.162 - - [24/Sep/2019:16:23:23 -0300] "POST /cormun/servlet/hlogin?74dcb3b3ae0a051144ff52bd53ac1856,gx-no-cache=1569352681293 HTTP/1.1" 200 90
200.54.103.162 - - [24/Sep/2019:16:23:23 -0300] "GET /cormun/servlet/hpexe_link HTTP/1.1" 200 953
200.54.103.162 - - [24/Sep/2019:16:23:24 -0300] "GET /cormun/servlet/trlicencias HTTP/1.1" 200 15471
200.54.103.162 - - [24/Sep/2019:16:23:25 -0300] "GET /cormun/servlet/trlicencias HTTP/1.1" 200 15480
190.171.152.114 - - [24/Sep/2019:16:23:28 -0300] "GET /cormun/servlet/solicitudot?63481ae95e19a8e23be8fc6e4eb8d1ad5b29eceab988c7df5e1824b0e583a48d1efd9509395606f0993900b576420ce9166a09c3bbfe7a0e6fa485031dffe0c4bf201e5cb12f4bb7406c7e5c737d95996abc2d91b2e2d9dea9a173ef774599c790619437cedf74877ad2b50daa8bc2f6,gx-no-cache=1569352687687 HTTP/1.1" 200 110
190.171.152.114 - - [24/Sep/2019:16:23:28 -0300] "POST /cormun/servlet/solicitudot?gx-no-cache=1569352687761 HTTP/1.1" 200 97
190.171.152.114 - - [24/Sep/2019:16:24:01 -0300] "GET /cormun/servlet/solicitudot?63481ae95e19a8e23be8fc6e4eb8d1adae1cedac184a1cc745121d4b9cd13fbad754d8cac9cda04368858ecfa0a0d6f56878c5deb2a843dc490add126385f16edaf00130861568e9f53d38db8b2f451a2e742e7994fac21c1cd36ba9e536b43bab8be7f2536587d2784989090047b3a5,gx-no-cache=1569352720627 HTTP/1.1" 200 29
190.171.152.114 - - [24/Sep/2019:16:24:01 -0300] "GET /cormun/static/menuarrow.gif HTTP/1.1" 404 1015
190.171.152.114 - - [24/Sep/2019:16:24:07 -0300] "GET /cormun/servlet/solicitudot?63481ae95e19a8e23be8fc6e4eb8d1ad120e264f78c66b82e7a8dac7c9b317cbe8fa6a1922c3499afc0e2058c98bdc8c,gx-no-cache=1569352726907 HTTP/1.1" 200 30
190.171.152.114 - - [24/Sep/2019:16:24:07 -0300] "POST /cormun/servlet/solicitudot?gx-no-cache=1569352726954 HTTP/1.1" 200 34
211.21.61.230 - - [24/Sep/2019:16:24:08 -0300] "GET / HTTP/1.0" 200 11197
190.171.152.114 - - [24/Sep/2019:16:24:17 -0300] "POST /cormun/servlet/solicitudot?gx-no-cache=1569352736803 HTTP/1.1" 200 34
190.171.152.114 - - [24/Sep/2019:16:24:20 -0300] "POST /cormun/servlet/solicitudot?203646ed0801edc58c8b008ff7c0fc62,INS,0,0,,gx-no-cache=1569352738931 HTTP/1.1" 200 93
190.171.152.114 - - [24/Sep/2019:16:24:20 -0300] "GET /cormun/servlet/hpexe_return? HTTP/1.1" 200 1008
190.171.152.114 - - [24/Sep/2019:16:24:20 -0300] "GET /cormun/servlet/trlicencias HTTP/1.1" 200 13022
190.171.152.114 - - [24/Sep/2019:16:24:22 -0300] "GET /cormun/servlet/trlicencias HTTP/1.1" 200 13035
190.171.152.114 - - [24/Sep/2019:16:24:26 -0300] "GET /cormun/servlet/trsolicitudot? HTTP/1.1" 200 8931
190.171.152.114 - - [24/Sep/2019:16:24:27 -0300] "GET /cormun//static/Resources/PXToolsActionView.png HTTP/1.1" 200 2995
190.171.152.114 - - [24/Sep/2019:16:24:27 -0300] "GET /cormun//static/Resources/PXToolsRemoveAllAction.png HTTP/1.1" 200 3558
190.171.152.114 - - [24/Sep/2019:16:24:27 -0300] "GET /cormun/servlet/trsolicitudot? HTTP/1.1" 200 8931
190.171.152.114 - - [24/Sep/2019:16:24:42 -0300] "GET /cormun/servlet/solicitudot?INS,0,0, HTTP/1.1" 200 15331
190.171.152.114 - - [24/Sep/2019:16:24:43 -0300] "GET /cormun/servlet/solicitudot?INS,0,0, HTTP/1.1" 200 15337
190.171.152.114 - - [24/Sep/2019:16:25:00 -0300] "POST /cormun/servlet/solicitudot?gx-no-cache=1569352780328 HTTP/1.1" 200 3501
190.171.152.114 - - [24/Sep/2019:16:25:01 -0300] "POST /cormun/servlet/solicitudot?203646ed0801edc58c8b008ff7c0fc62,INS,0,0,,gx-no-cache=1569352780580 HTTP/1.1" 200 11973
200.86.83.68 - - [24/Sep/2019:16:25:03 -0300] "POST /digitalizacion/servlet/trdocumentos?f66c3fa0fb975005a7ab373b0dfc8281,,gx-no-cache=1569352777122 HTTP/1.1" 200 3580
200.86.83.68 - - [24/Sep/2019:16:25:05 -0300] "GET /digitalizacion/servlet/wbadjunto?36546,PU HTTP/1.1" 302 -
200.86.83.68 - - [24/Sep/2019:16:25:07 -0300] "GET /digitalizacion/PublicTempStorage/4623382.tmp HTTP/1.1" 200 889060
190.171.152.114 - - [24/Sep/2019:16:25:14 -0300] "GET /cormun/servlet/solicitudot?63481ae95e19a8e23be8fc6e4eb8d1adf0e06adefe08fa419e292f9a920bae866f47c3f1ce1d317fcce36f45d62e3f48,gx-no-cache=1569352794109 HTTP/1.1" 200 30
190.171.152.114 - - [24/Sep/2019:16:26:08 -0300] "GET /cormun/servlet/prbanco?,MD,,gxPopupLevel%3D0%3B HTTP/1.1" 200 6618
190.171.152.114 - - [24/Sep/2019:16:26:13 -0300] "GET /cormun/servlet/solicitudot?63481ae95e19a8e23be8fc6e4eb8d1ad7032be6b67b6ac48f0db64f2a16cb1281e473e2a30e59c761b51cc81d802b5951ef0801de130d1a364e9f4c771798eeb,gx-no-cache=1569352852842 HTTP/1.1" 200 30
190.171.152.114 - - [24/Sep/2019:16:26:14 -0300] "GET /cormun/servlet/solicitudot?63481ae95e19a8e23be8fc6e4eb8d1ad1090fc4fc947c79cfb25bddc520d2ec6,gx-no-cache=1569352854276 HTTP/1.1" 200 53
190.171.152.114 - - [24/Sep/2019:16:26:33 -0300] "POST /cormun/servlet/solicitudot?gx-no-cache=1569352872828 HTTP/1.1" 200 256
190.171.152.114 - - [24/Sep/2019:16:26:35 -0300] "POST /cormun/servlet/solicitudot?gx-no-cache=1569352875169 HTTP/1.1" 200 243
190.171.152.114 - - [24/Sep/2019:16:26:37 -0300] "GET /cormun/servlet/solicitudot?63481ae95e19a8e23be8fc6e4eb8d1ad953950d9b43829de6be623c9f21f5f9a974262c0fd542496c5a01ca901b28721826e885f5090f8d548d7f55eb78ea865c2df61b14a53e2c9b0795017b1f162b7464b1245bd3b2f3e3916ddff4f8132eb3971d0791df87a6e1e482820196fc2fb8055a37b5c36e13cdb44cbcde4426544eb5173d720bb4b35a6cdc4bea56f33864ec351ef709e942943ff5fea217e8fbe6d1b56c8d3fe14381b3782e6d4ccd9277b418fee8fb4bb80cf0c7e872b2aa0134d56ad8b69e5c606eb89a8d8e7e4f10505b1e751e5cc052397227a98f3624aeb78cddd57d2e51d9752c9e1c07d4cd64e4a29f264960458511a4e9a2a5013bc5794fd701022c419c5e848ad991f76c0a399ab319d5a1ed178c738a3a9b5d6cab448e96fa420eaf4cefbe09caf4554fd05cac6a3d43ad3c326af0d81598da4f36911fbf19a60c48fbd2573bd0b1c57f2053dfb828fdae367f4261d2666c88b60700f8394dd38a4b26fe575f980e411d9942d7a77a90b54da6febb9964d9382d024,gx-no-cache=1569352877466 HTTP/1.1" 200 30
190.171.152.114 - - [24/Sep/2019:16:26:42 -0300] "POST /cormun/servlet/solicitudot?gx-no-cache=1569352882242 HTTP/1.1" 200 30
190.171.152.114 - - [24/Sep/2019:16:27:04 -0300] "POST /cormun/servlet/solicitudot?gx-no-cache=1569352903548 HTTP/1.1" 200 1360
190.171.152.114 - - [24/Sep/2019:16:27:09 -0300] "GET /cormun/servlet/prlicenciaspermisos?16739952,L,,MD,,gxPopupLevel%3D0%3B HTTP/1.1" 200 5543
186.103.159.46 - - [24/Sep/2019:16:27:13 -0300] "GET /cormun/servlet/trpermisosgoce? HTTP/1.1" 200 11072
190.171.152.114 - - [24/Sep/2019:16:27:14 -0300] "POST /cormun/servlet/solicitudot?gx-no-cache=1569352914092 HTTP/1.1" 200 41
186.103.159.46 - - [24/Sep/2019:16:27:16 -0300] "GET /cormun/servlet/trpermisosgoce? HTTP/1.1" 200 11079
186.103.159.46 - - [24/Sep/2019:16:27:24 -0300] "GET /cormun/servlet/permisogoce?INS,0,,, HTTP/1.1" 200 6900
186.103.159.46 - - [24/Sep/2019:16:27:27 -0300] "GET /cormun/servlet/permisogoce?INS,0,,, HTTP/1.1" 200 6900
200.111.191.212 - - [24/Sep/2019:16:27:35 -0300] "GET /cormun/servlet/trsolicitudot? HTTP/1.1" 200 7243
200.111.191.212 - - [24/Sep/2019:16:27:35 -0300] "GET /cormun/static/gxui/gxui-all.css?120300 HTTP/1.1" 200 2179
200.111.191.212 - - [24/Sep/2019:16:27:35 -0300] "GET /cormun/static/calendar-system.css?85620 HTTP/1.1" 200 5572
200.111.191.212 - - [24/Sep/2019:16:27:35 -0300] "GET /cormun/static/gxcfg.js?2017111422585916 HTTP/1.1" 200 953
200.111.191.212 - - [24/Sep/2019:16:27:35 -0300] "GET /cormun/static/trsolicitudot.js?201711142259839 HTTP/1.1" 200 54041
200.111.191.212 - - [24/Sep/2019:16:27:35 -0300] "GET /cormun/static/Resources/Spanish/PXTools.css?1255365 HTTP/1.1" 200 89042
200.111.191.212 - - [24/Sep/2019:16:27:36 -0300] "GET /cormun/static/Shared/ext/resources/css/ext-all.css?215870 HTTP/1.1" 200 416045
200.111.191.212 - - [24/Sep/2019:16:27:36 -0300] "GET /cormun/servlet/trsolicitudot? HTTP/1.1" 200 7243
186.103.159.46 - - [24/Sep/2019:16:27:40 -0300] "GET /cormun/servlet/permisogoce?c31f9dd4425b790db14a96d2103fe674dea05f9d2615d86983a4b0c4d4183a835c7b70611839c68e44f8b1c0be02b25e665b69b8e3df6b5be7541ee10dbed64d,gx-no-cache=1569352937947 HTTP/1.1" 200 80
186.103.159.46 - - [24/Sep/2019:16:27:43 -0300] "GET /cormun/static/menuarrow.gif HTTP/1.1" 404 1015
200.111.191.212 - - [24/Sep/2019:16:27:43 -0300] "GET /cormun/static/menuarrow.gif HTTP/1.1" 404 1015
186.103.159.46 - - [24/Sep/2019:16:27:48 -0300] "GET /cormun/servlet/permisogoce?c31f9dd4425b790db14a96d2103fe674be48fd014802e40c8d29134d7549ef3c5ef3ab6d2510bc7ff097102c715ebe22e726c8a66230a5311ad86e5de0b730cd,gx-no-cache=1569352946045 HTTP/1.1" 200 48
200.111.191.212 - - [24/Sep/2019:16:27:48 -0300] "POST /cormun/servlet/trsolicitudot?8758e6f2266f218135d7b9e7ebb89e49,,gx-no-cache=1569353130234 HTTP/1.1" 200 10525
200.111.191.212 - - [24/Sep/2019:16:27:48 -0300] "GET /cormun//static/Resources/PXToolsRemoveAllAction.png HTTP/1.1" 200 3558
200.111.191.212 - - [24/Sep/2019:16:27:48 -0300] "GET /cormun//static/Resources/PXToolsActionView.png HTTP/1.1" 200 2995
13.66.139.0 - - [24/Sep/2019:16:27:56 -0300] "GET /cormun/servlet/licenciaspermisos?INS,0,,,_escaped_fragment_%3D&_escaped_fragment_= HTTP/1.1" 200 6643
190.171.152.114 - - [24/Sep/2019:16:28:08 -0300] "GET /cormun/servlet/solicitudot?63481ae95e19a8e23be8fc6e4eb8d1ad5b29eceab988c7df5e1824b0e583a48d1efd9509395606f0993900b576420ce9166a09c3bbfe7a0e6fa485031dffe0c4bf201e5cb12f4bb7406c7e5c737d95996abc2d91b2e2d9dea9a173ef774599c790619437cedf74877ad2b50daa8bc2f6,gx-no-cache=1569352968177 HTTP/1.1" 200 110
190.171.152.114 - - [24/Sep/2019:16:28:08 -0300] "POST /cormun/servlet/solicitudot?gx-no-cache=1569352968267 HTTP/1.1" 200 97
186.103.159.46 - - [24/Sep/2019:16:28:15 -0300] "POST /cormun/servlet/permisogoce?e9ef5782a6bb66591b68035211c5e8f6,INS,0,,,,gx-no-cache=1569352972881 HTTP/1.1" 200 93
186.103.159.46 - - [24/Sep/2019:16:28:15 -0300] "GET /cormun/servlet/hpexe_return? HTTP/1.1" 200 1009
200.111.191.212 - - [24/Sep/2019:16:28:16 -0300] "GET /cormun/servlet/vesolicitudot?2019,16010,, HTTP/1.1" 200 8426
200.111.191.212 - - [24/Sep/2019:16:28:16 -0300] "GET /cormun/static/gxcfg.js?2017111422591385 HTTP/1.1" 200 953
200.111.191.212 - - [24/Sep/2019:16:28:16 -0300] "GET /cormun/pexe_scrolldiv.js HTTP/1.1" 404 1009
200.111.191.212 - - [24/Sep/2019:16:28:16 -0300] "GET /cormun/static/Resources/PXToolsTabFirstSelected.png HTTP/1.1" 200 1259
200.111.191.212 - - [24/Sep/2019:16:28:16 -0300] "GET /cormun/static/vesolicitudot.js?2017111422591449 HTTP/1.1" 200 6091
200.111.191.212 - - [24/Sep/2019:16:28:16 -0300] "GET /cormun/static/hwcviewtabs.js?20177611594913 HTTP/1.1" 200 1074
200.111.191.212 - - [24/Sep/2019:16:28:16 -0300] "GET /cormun/static/hpexe_tabsview.js?201610171694228 HTTP/1.1" 200 1661
200.111.191.212 - - [24/Sep/2019:16:28:16 -0300] "GET /cormun/static/Resources/PXToolsTabLastUnselected.png HTTP/1.1" 200 1291
200.111.191.212 - - [24/Sep/2019:16:28:16 -0300] "GET /cormun/static/Resources/PXToolsTabPrevious.gif HTTP/1.1" 200 172
200.111.191.212 - - [24/Sep/2019:16:28:16 -0300] "GET /cormun/pexe_scrolldiv.js HTTP/1.1" 404 1009
200.111.191.212 - - [24/Sep/2019:16:28:16 -0300] "GET /cormun/static/tbsolicitudot01.js?2017111422581186 HTTP/1.1" 200 30566
200.111.191.212 - - [24/Sep/2019:16:28:16 -0300] "GET /cormun/static/Resources/PXToolsTabNext.gif HTTP/1.1" 200 168
186.103.159.46 - - [24/Sep/2019:16:28:16 -0300] "GET /cormun/servlet/trpermisosgoce HTTP/1.1" 200 11329
200.111.191.212 - - [24/Sep/2019:16:28:16 -0300] "GET /cormun/static/calendar-system.css HTTP/1.1" 200 5572
200.111.191.212 - - [24/Sep/2019:16:28:16 -0300] "GET /cormun/static/Resources/PXToolsTabBackSelected.png HTTP/1.1" 200 1157
200.111.191.212 - - [24/Sep/2019:16:28:16 -0300] "GET /cormun/static/Resources/PXToolsTabBackUnselected.png HTTP/1.1" 200 1175
200.111.191.212 - - [24/Sep/2019:16:28:16 -0300] "GET /cormun/static/Resources/PXToolsTabSelectedUnselected.png HTTP/1.1" 200 1428
200.111.191.212 - - [24/Sep/2019:16:28:16 -0300] "GET /cormun/static/Resources/PXToolsTabUnselectedUnselected.png HTTP/1.1" 200 1459
200.111.191.212 - - [24/Sep/2019:16:28:16 -0300] "GET /cormun/servlet/vesolicitudot?2019,16010,, HTTP/1.1" 200 8425
186.103.159.46 - - [24/Sep/2019:16:28:18 -0300] "GET /cormun/servlet/trpermisosgoce HTTP/1.1" 200 11335
190.171.152.114 - - [24/Sep/2019:16:28:20 -0300] "POST /cormun/servlet/solicitudot?gx-no-cache=1569352980510 HTTP/1.1" 200 72
186.103.159.46 - - [24/Sep/2019:16:28:24 -0300] "POST /cormun/servlet/trpermisosgoce?e9ef5782a6bb66591b68035211c5e8f6,gx-no-cache=1569352982335 HTTP/1.1" 200 8515
186.103.159.46 - - [24/Sep/2019:16:28:28 -0300] "GET /cormun/servlet/apermisogoceprn?16532841,P,20190924172017,PU HTTP/1.1" 200 1679
200.111.191.212 - - [24/Sep/2019:16:28:39 -0300] "POST /cormun/servlet/vesolicitudot?8758e6f2266f218135d7b9e7ebb89e49,2019,16010,,,gx-no-cache=1569353180685 HTTP/1.1" 200 93
200.111.191.212 - - [24/Sep/2019:16:28:39 -0300] "GET /cormun/servlet/hpexe_return? HTTP/1.1" 200 1008
190.171.152.114 - - [24/Sep/2019:16:28:39 -0300] "GET /cormun/servlet/solicitudot?63481ae95e19a8e23be8fc6e4eb8d1adae1cedac184a1cc745121d4b9cd13fbad754d8cac9cda04368858ecfa0a0d6f56878c5deb2a843dc490add126385f16edaf00130861568e9f53d38db8b2f451a2e742e7994fac21c1cd36ba9e536b43bab8be7f2536587d2784989090047b3a5,gx-no-cache=1569352998796 HTTP/1.1" 200 29
190.171.152.114 - - [24/Sep/2019:16:28:39 -0300] "GET /cormun/static/menuarrow.gif HTTP/1.1" 404 1015
200.111.191.212 - - [24/Sep/2019:16:28:39 -0300] "GET /cormun/servlet/trsolicitudot? HTTP/1.1" 200 13485
200.111.191.212 - - [24/Sep/2019:16:28:39 -0300] "GET /cormun/servlet/trsolicitudot? HTTP/1.1" 200 13481
190.171.152.114 - - [24/Sep/2019:16:28:43 -0300] "GET /cormun/servlet/solicitudot?63481ae95e19a8e23be8fc6e4eb8d1ad120e264f78c66b82e7a8dac7c9b317cbe8fa6a1922c3499afc0e2058c98bdc8c,gx-no-cache=1569353002971 HTTP/1.1" 200 30
190.171.152.114 - - [24/Sep/2019:16:28:47 -0300] "POST /cormun/servlet/solicitudot?gx-no-cache=1569353006814 HTTP/1.1" 200 32
190.171.152.114 - - [24/Sep/2019:16:28:53 -0300] "POST /cormun/servlet/solicitudot?203646ed0801edc58c8b008ff7c0fc62,INS,0,0,,gx-no-cache=1569353012795 HTTP/1.1" 200 93
190.171.152.114 - - [24/Sep/2019:16:28:53 -0300] "GET /cormun/servlet/hpexe_return? HTTP/1.1" 200 1004
190.171.152.114 - - [24/Sep/2019:16:28:53 -0300] "GET /cormun/servlet/trsolicitudot HTTP/1.1" 200 9268
190.171.152.114 - - [24/Sep/2019:16:28:55 -0300] "GET /cormun/servlet/trsolicitudot HTTP/1.1" 200 9264
190.171.152.114 - - [24/Sep/2019:16:29:01 -0300] "GET /cormun/servlet/trsolicitudot? HTTP/1.1" 200 9264
190.171.152.114 - - [24/Sep/2019:16:29:02 -0300] "GET /cormun/servlet/trsolicitudot? HTTP/1.1" 200 9264
190.171.152.114 - - [24/Sep/2019:16:29:05 -0300] "GET /cormun/servlet/solicitudot?INS,0,0, HTTP/1.1" 200 15331
190.171.152.114 - - [24/Sep/2019:16:29:06 -0300] "GET /cormun/servlet/solicitudot?INS,0,0, HTTP/1.1" 200 15336
190.171.152.114 - - [24/Sep/2019:16:29:25 -0300] "POST /cormun/servlet/solicitudot?gx-no-cache=1569353044536 HTTP/1.1" 200 3501
190.171.152.114 - - [24/Sep/2019:16:29:25 -0300] "POST /cormun/servlet/solicitudot?203646ed0801edc58c8b008ff7c0fc62,INS,0,0,,gx-no-cache=1569353044772 HTTP/1.1" 200 11974
190.171.152.114 - - [24/Sep/2019:16:29:46 -0300] "POST /cormun/servlet/solicitudot?gx-no-cache=1569353065925 HTTP/1.1" 200 3501
190.171.152.114 - - [24/Sep/2019:16:29:46 -0300] "POST /cormun/servlet/solicitudot?203646ed0801edc58c8b008ff7c0fc62,INS,0,0,,gx-no-cache=1569353066184 HTTP/1.1" 200 12032
190.171.152.114 - - [24/Sep/2019:16:29:48 -0300] "GET /cormun/servlet/solicitudot?63481ae95e19a8e23be8fc6e4eb8d1adf0e06adefe08fa419e292f9a920bae866f47c3f1ce1d317fcce36f45d62e3f48,gx-no-cache=1569353068083 HTTP/1.1" 200 30
190.171.152.114 - - [24/Sep/2019:16:30:52 -0300] "GET /cormun/servlet/solicitudot?63481ae95e19a8e23be8fc6e4eb8d1ad7032be6b67b6ac48f0db64f2a16cb1281e473e2a30e59c761b51cc81d802b5951ef0801de130d1a364e9f4c771798eeb,gx-no-cache=1569353131651 HTTP/1.1" 200 30
190.171.152.114 - - [24/Sep/2019:16:30:52 -0300] "GET /cormun/servlet/solicitudot?63481ae95e19a8e23be8fc6e4eb8d1ad7058aec64e03c94883b1632bb3ada875,gx-no-cache=1569353131697 HTTP/1.1" 200 29
190.171.152.114 - - [24/Sep/2019:16:30:55 -0300] "POST /cormun/servlet/solicitudot?gx-no-cache=1569353134696 HTTP/1.1" 200 240
190.171.152.114 - - [24/Sep/2019:16:30:57 -0300] "GET /cormun/servlet/solicitudot?63481ae95e19a8e23be8fc6e4eb8d1ad953950d9b43829de6be623c9f21f5f9a974262c0fd542496c5a01ca901b28721826e885f5090f8d548d7f55eb78ea865c2df61b14a53e2c9b0795017b1f162b7464b1245bd3b2f3e3916ddff4f8132eb3971d0791df87a6e1e482820196fc2fb8055a37b5c36e13cdb44cbcde4426544eb5173d720bb4b35a6cdc4bea56f33864ec351ef709e942943ff5fea217e8fbe6d1b56c8d3fe14381b3782e6d4ccd9277b418fee8fb4bb80cf0c7e872b2aa0134d56ad8b69e5c606eb89a8d8e7e4f10505b1e751e5cc052397227a98f3624aeb78cddd57d2e51d9752c9e1c07d4cd64e4a29f264960458511a4e9a2a5013bc5794fd701022c419c5e848ad991f76c0a399ab319d5a1ed178c738a3a9b5d6cab448e96fa420eaf4cefbe09caf4554fd05cac6a3d43ad3c326af0d81598da4f36911fbf19a60c48fbd2573bd0b1c57f2053dfb828fdae367f4261d2666c88b60700f8394dd38a4b26fe575f980e411d9942d7a77a90b54da6febb9964d9382d024,gx-no-cache=1569353136716 HTTP/1.1" 200 30
190.171.152.114 - - [24/Sep/2019:16:31:01 -0300] "POST /cormun/servlet/solicitudot?gx-no-cache=1569353140987 HTTP/1.1" 200 30
190.171.143.82 - - [24/Sep/2019:16:31:04 -0300] "GET /cormun/servlet/hhome HTTP/1.1" 200 3423
190.171.143.82 - - [24/Sep/2019:16:31:05 -0300] "GET /cormun/servlet/hhome HTTP/1.1" 200 3433
190.171.143.82 - - [24/Sep/2019:16:31:05 -0300] "GET /cormun/servlet/hlogin HTTP/1.1" 200 1735
190.171.143.82 - - [24/Sep/2019:16:31:05 -0300] "GET /cormun/servlet/hhome HTTP/1.1" 200 3433
190.171.152.114 - - [24/Sep/2019:16:31:22 -0300] "POST /cormun/servlet/solicitudot?gx-no-cache=1569353162074 HTTP/1.1" 200 1360
190.171.152.114 - - [24/Sep/2019:16:31:25 -0300] "GET /cormun/servlet/prlicenciaspermisos?16739952,L,,MD,,gxPopupLevel%3D0%3B HTTP/1.1" 200 5543
190.171.143.82 - - [24/Sep/2019:16:31:26 -0300] "POST /cormun/servlet/hlogin?c320711364699554b7b80616bd2b1291,gx-no-cache=1569353387795 HTTP/1.1" 200 90
190.171.143.82 - - [24/Sep/2019:16:31:26 -0300] "GET /cormun/servlet/hpexe_link HTTP/1.1" 200 954
190.171.143.82 - - [24/Sep/2019:16:31:26 -0300] "GET /cormun/servlet/hhome HTTP/1.1" 200 4080
190.171.143.82 - - [24/Sep/2019:16:31:27 -0300] "GET /cormun/servlet/hhome HTTP/1.1" 200 4076
190.171.152.114 - - [24/Sep/2019:16:31:29 -0300] "POST /cormun/servlet/solicitudot?gx-no-cache=1569353169150 HTTP/1.1" 200 41
190.171.152.114 - - [24/Sep/2019:16:31:46 -0300] "GET /cormun/servlet/solicitudot?63481ae95e19a8e23be8fc6e4eb8d1ad5b29eceab988c7df5e1824b0e583a48d1efd9509395606f0993900b576420ce9166a09c3bbfe7a0e6fa485031dffe0c4bf201e5cb12f4bb7406c7e5c737d95996abc2d91b2e2d9dea9a173ef774599c790619437cedf74877ad2b50daa8bc2f6,gx-no-cache=1569353186484 HTTP/1.1" 200 110
190.171.152.114 - - [24/Sep/2019:16:31:46 -0300] "POST /cormun/servlet/solicitudot?gx-no-cache=1569353186533 HTTP/1.1" 200 97
190.171.143.82 - - [24/Sep/2019:16:31:48 -0300] "GET /cormun/servlet/tratrazos? HTTP/1.1" 200 9146
190.171.143.82 - - [24/Sep/2019:16:31:49 -0300] "GET /cormun/servlet/tratrazos? HTTP/1.1" 200 9144
190.171.152.114 - - [24/Sep/2019:16:31:58 -0300] "GET /cormun/servlet/solicitudot?63481ae95e19a8e23be8fc6e4eb8d1adae1cedac184a1cc745121d4b9cd13fbad754d8cac9cda04368858ecfa0a0d6f56878c5deb2a843dc490add126385f16edaf00130861568e9f53d38db8b2f451a2e742e7994fac21c1cd36ba9e536b43bab8be7f2536587d2784989090047b3a5,gx-no-cache=1569353197830 HTTP/1.1" 200 29
190.171.152.114 - - [24/Sep/2019:16:31:58 -0300] "GET /cormun/static/menuarrow.gif HTTP/1.1" 404 1015
190.171.152.114 - - [24/Sep/2019:16:32:03 -0300] "GET /cormun/servlet/solicitudot?63481ae95e19a8e23be8fc6e4eb8d1ad120e264f78c66b82e7a8dac7c9b317cbe8fa6a1922c3499afc0e2058c98bdc8c,gx-no-cache=1569353203000 HTTP/1.1" 200 30
190.171.152.114 - - [24/Sep/2019:16:32:07 -0300] "POST /cormun/servlet/solicitudot?gx-no-cache=1569353206880 HTTP/1.1" 200 135
190.171.152.114 - - [24/Sep/2019:16:32:07 -0300] "GET /cormun/static/Shared/jqueryui/images/ui-bg_highlight-soft_100_c6c2c8_1x100.png HTTP/1.1" 404 1117
190.171.152.114 - - [24/Sep/2019:16:32:07 -0300] "GET /cormun/static/Shared/jqueryui/images/ui-icons_82798d_256x240.png HTTP/1.1" 404 1089
190.171.152.114 - - [24/Sep/2019:16:32:07 -0300] "GET /cormun/static/Shared/jqueryui/images/ui-icons_ebccce_256x240.png HTTP/1.1" 404 1089
190.171.152.114 - - [24/Sep/2019:16:32:07 -0300] "GET /cormun/static/Shared/jqueryui/images/ui-bg_flat_55_994d53_40x100.png HTTP/1.1" 404 1097
190.171.143.82 - - [24/Sep/2019:16:32:08 -0300] "GET /cormun/servlet/trpermisosingoceadjunto?436,17526035, HTTP/1.1" 200 6178
190.171.143.82 - - [24/Sep/2019:16:32:09 -0300] "GET /cormun/servlet/trpermisosingoceadjunto?436,17526035, HTTP/1.1" 200 6178
190.171.143.82 - - [24/Sep/2019:16:32:12 -0300] "GET /cormun/servlet/permisosingoceadjunto?INS,436,, HTTP/1.1" 200 5495
190.171.143.82 - - [24/Sep/2019:16:32:12 -0300] "GET /cormun/static/about:blank HTTP/1.1" 404 1011
190.171.143.82 - - [24/Sep/2019:16:32:12 -0300] "GET /cormun/servlet/permisosingoceadjunto?INS,436,, HTTP/1.1" 200 5483
190.171.143.82 - - [24/Sep/2019:16:32:13 -0300] "GET /cormun/servlet/permisosingoceadjunto?a4188539631d2f73a1ba433cc297abb2fc9b982fd887975d78b5b79bcabd8fb9,gx-no-cache=1569353434209 HTTP/1.1" 200 26
190.171.152.114 - - [24/Sep/2019:16:32:19 -0300] "POST /cormun/servlet/solicitudot?203646ed0801edc58c8b008ff7c0fc62,INS,0,0,,gx-no-cache=1569353218725 HTTP/1.1" 200 12452
190.171.143.82 - - [24/Sep/2019:16:32:39 -0300] "POST /cormun/servlet/permisosingoceadjunto?c320711364699554b7b80616bd2b1291,INS,436,, HTTP/1.1" 200 116
190.171.143.82 - - [24/Sep/2019:16:32:39 -0300] "GET /cormun/servlet/hpexe_return? HTTP/1.1" 200 1030
190.171.143.82 - - [24/Sep/2019:16:32:39 -0300] "GET /cormun/servlet/trpermisosingoceadjunto?436,17526035, HTTP/1.1" 200 6638
190.171.143.82 - - [24/Sep/2019:16:32:40 -0300] "GET /cormun/servlet/trpermisosingoceadjunto?436,17526035, HTTP/1.1" 200 6633
190.171.152.114 - - [24/Sep/2019:16:32:41 -0300] "GET /cormun/servlet/solicitudot?63481ae95e19a8e23be8fc6e4eb8d1ad5b29eceab988c7df5e1824b0e583a48d1efd9509395606f0993900b576420ce9166a09c3bbfe7a0e6fa485031dffe0c4bf201e5cb12f4bb7406c7e5c737d95996abc2d91b2e2d9dea9a173ef774599c790619437cedf74877ad2b50daa8bc2f6,gx-no-cache=1569353241489 HTTP/1.1" 200 110
190.171.152.114 - - [24/Sep/2019:16:32:42 -0300] "POST /cormun/servlet/solicitudot?gx-no-cache=1569353241554 HTTP/1.1" 200 32
190.171.152.114 - - [24/Sep/2019:16:32:42 -0300] "POST /cormun/servlet/solicitudot?203646ed0801edc58c8b008ff7c0fc62,INS,0,0,,gx-no-cache=1569353241626 HTTP/1.1" 200 93
190.171.152.114 - - [24/Sep/2019:16:32:42 -0300] "GET /cormun/servlet/hpexe_return? HTTP/1.1" 200 1004
190.171.152.114 - - [24/Sep/2019:16:32:42 -0300] "GET /cormun/servlet/trsolicitudot HTTP/1.1" 200 9540
190.171.152.114 - - [24/Sep/2019:16:32:43 -0300] "GET /cormun/servlet/trsolicitudot HTTP/1.1" 200 9535
190.171.143.82 - - [24/Sep/2019:16:32:45 -0300] "GET /cormun/servlet/tratrazos? HTTP/1.1" 200 9145
190.171.143.82 - - [24/Sep/2019:16:32:46 -0300] "GET /cormun/servlet/tratrazos? HTTP/1.1" 200 9144
190.171.152.114 - - [24/Sep/2019:16:32:47 -0300] "GET /cormun/servlet/trsolicitudot? HTTP/1.1" 200 9535
190.171.152.114 - - [24/Sep/2019:16:32:48 -0300] "GET /cormun/servlet/trsolicitudot? HTTP/1.1" 200 9535
190.171.143.82 - - [24/Sep/2019:16:32:54 -0300] "POST /cormun/servlet/tratrazos?c320711364699554b7b80616bd2b1291,,gx-no-cache=1569353475512 HTTP/1.1" 200 6402
190.171.143.82 - - [24/Sep/2019:16:32:54 -0300] "GET /cormun/static/Shared/jqueryui/images/ui-bg_highlight-soft_100_c6c2c8_1x100.png HTTP/1.1" 404 1117
190.171.143.82 - - [24/Sep/2019:16:32:54 -0300] "GET /cormun/static/Shared/jqueryui/images/ui-icons_82798d_256x240.png HTTP/1.1" 404 1089
190.171.143.82 - - [24/Sep/2019:16:32:54 -0300] "GET /cormun/static/Shared/jqueryui/images/ui-bg_flat_55_fafafa_40x100.png HTTP/1.1" 404 1097
190.171.143.82 - - [24/Sep/2019:16:32:54 -0300] "GET /cormun/static/Shared/jqueryui/images/ui-icons_8d78a5_256x240.png HTTP/1.1" 404 1089
