190.171.142.50 - - [24/Sep/2019:10:17:40 -0300] "GET /cormun/servlet/solicitudot?dab787593b607716773e3fe492ce60effaa1d6ef7e2b338a587ff8d950b45648556ba809fb554335e7ddd37388b621452ab85b6a1c37a28feec602e6b22b063ff9e48ccbabafe95676ce5bab6f31ba76f0764d1f0eb8546bab73503b7a7dc9f7773e532cb406a1efbd8c87b9afdecd379fdb0e5fcfb3901cf561df846c05fdba19a8f2d496bf7d430212221559c7a8c0fd1f1bde6fba0db7e248b786a57d954f33ec5fc0174aedd769183bcdd2d63ca024b4a288486a9018507c3b50d0c083228e3921f2a470bb3852e4b7f30b14d053fc4671061f8f73a10580ff3375c7e6ba2dd317388281c19e8ea53a3b7f9a70b6cbd8d81e4653e148d30b381996213ae96425440a22e7c4addd69aaf9573b3a92562ba58cd9bbc9b326fa1055c70beafbcc2c8fc9eb241fa5637d8c7285b668cda0ec5b63e0f5e6a19b9d2794ebb4578baa147259b9935a7702b1f267ebda29f32f60667a865a72138cfd684314ee04ed7c19bea9d874a2ed8e09752aa366ebf6823982874d56ccd8abeda4bdfca35473,gx-no-cache=1569333960437 HTTP/1.1" 200 30
190.171.141.122 - - [24/Sep/2019:10:18:37 -0300] "GET /cormun/servlet/trlicencias? HTTP/1.1" 200 10437
190.171.141.122 - - [24/Sep/2019:10:18:38 -0300] "GET /cormun/servlet/trlicencias? HTTP/1.1" 200 10436
192.168.10.96 - - [24/Sep/2019:10:19:14 -0300] "GET /cormun/servlet/trsolicitudgral? HTTP/1.1" 500 10
192.168.10.96 - - [24/Sep/2019:10:19:18 -0300] "GET /cormun/servlet/hlogin HTTP/1.1" 200 1726
192.168.10.96 - - [24/Sep/2019:10:19:23 -0300] "POST /cormun/servlet/hlogin?6f1875c807280ebe4b0593ca955e2772,gx-no-cache=1569334336688 HTTP/1.1" 200 90
192.168.10.96 - - [24/Sep/2019:10:19:23 -0300] "GET /cormun/servlet/hpexe_link HTTP/1.1" 200 954
192.168.10.96 - - [24/Sep/2019:10:19:23 -0300] "GET /cormun/servlet/hhome HTTP/1.1" 200 4778
192.168.10.96 - - [24/Sep/2019:10:19:23 -0300] "GET /cormun/servlet/hhome HTTP/1.1" 200 4774
192.168.10.96 - - [24/Sep/2019:10:19:28 -0300] "GET /cormun/servlet/trsolicitudgral? HTTP/1.1" 200 17644
192.168.10.96 - - [24/Sep/2019:10:19:28 -0300] "GET /cormun/servlet/trsolicitudgral? HTTP/1.1" 200 17642
192.168.10.96 - - [24/Sep/2019:10:19:35 -0300] "POST /cormun/servlet/trsolicitudgral?6f1875c807280ebe4b0593ca955e2772,,gx-no-cache=1569334348553 HTTP/1.1" 200 5952
192.168.10.96 - - [24/Sep/2019:10:19:43 -0300] "POST /cormun/servlet/trsolicitudgral?6f1875c807280ebe4b0593ca955e2772,,gx-no-cache=1569334356424 HTTP/1.1" 200 7888
192.168.10.96 - - [24/Sep/2019:10:19:46 -0300] "GET /cormun/servlet/vesolicitudgral?2019,15969,, HTTP/1.1" 200 9358
192.168.10.96 - - [24/Sep/2019:10:19:46 -0300] "GET /cormun/pexe_scrolldiv.js HTTP/1.1" 404 1009
192.168.10.96 - - [24/Sep/2019:10:19:46 -0300] "GET /cormun/pexe_scrolldiv.js HTTP/1.1" 404 1009
192.168.10.96 - - [24/Sep/2019:10:19:46 -0300] "GET /cormun/servlet/vesolicitudgral?2019,15969,, HTTP/1.1" 200 9357
192.168.10.96 - - [24/Sep/2019:10:19:49 -0300] "GET /cormun/servlet/vesolicitudgral?2019,15969,,SolicitudOTAdjuntos HTTP/1.1" 200 11628
192.168.10.96 - - [24/Sep/2019:10:19:49 -0300] "GET /cormun/pexe_scrolldiv.js HTTP/1.1" 404 1009
192.168.10.96 - - [24/Sep/2019:10:19:49 -0300] "GET /cormun/pexe_scrolldiv.js HTTP/1.1" 404 1009
192.168.10.96 - - [24/Sep/2019:10:19:50 -0300] "GET /cormun/servlet/vesolicitudgral?2019,15969,,SolicitudOTAdjuntos HTTP/1.1" 200 11629
192.168.10.96 - - [24/Sep/2019:10:19:50 -0300] "POST /cormun/servlet/acontrolpreferencessavestate?None,DZAMUDIO,true HTTP/1.1" 200 35
192.168.10.96 - - [24/Sep/2019:10:19:51 -0300] "GET /cormun/PublicTempStorage/cedula_de_identidad4646677.pdf HTTP/1.1" 200 512473
192.168.10.96 - - [24/Sep/2019:10:20:03 -0300] "GET /cormun/PublicTempStorage/fonasa9729523.pdf HTTP/1.1" 200 17445
200.54.103.162 - - [24/Sep/2019:10:20:03 -0300] "POST /cormun/servlet/trlicencias?56831009d3687e221d642357a7d9e6d6,gx-no-cache=1569330881065 HTTP/1.1" 200 13091
200.54.103.162 - - [24/Sep/2019:10:20:04 -0300] "POST /cormun/servlet/trlicencias?56831009d3687e221d642357a7d9e6d6,gx-no-cache=1569330882499 HTTP/1.1" 200 13090
192.168.10.96 - - [24/Sep/2019:10:20:09 -0300] "GET /cormun/PublicTempStorage/fonasa3132227.pdf HTTP/1.1" 200 17445
192.168.10.96 - - [24/Sep/2019:10:20:15 -0300] "GET /cormun/PublicTempStorage/certificado_de_antecedntes6277931.pdf HTTP/1.1" 200 644063
192.168.10.96 - - [24/Sep/2019:10:20:28 -0300] "GET /cormun/PublicTempStorage/curriculum_vitae1568672.pdf HTTP/1.1" 200 526548
190.171.141.90 - - [24/Sep/2019:10:20:38 -0300] "GET /cormun/servlet/hlogin HTTP/1.1" 200 1727
192.168.10.96 - - [24/Sep/2019:10:20:41 -0300] "GET /cormun/PublicTempStorage/certificado_de_alumno_regular2133663.pdf HTTP/1.1" 200 517468
190.171.141.90 - - [24/Sep/2019:10:20:47 -0300] "POST /cormun/servlet/hlogin?8bd1062e26e802ab97d9736b2f9445e3,gx-no-cache=1569330924498 HTTP/1.1" 200 90
190.171.141.90 - - [24/Sep/2019:10:20:47 -0300] "GET /cormun/servlet/hpexe_link HTTP/1.1" 200 951
190.171.141.90 - - [24/Sep/2019:10:20:47 -0300] "GET /cormun/servlet/hhome HTTP/1.1" 200 4026
190.171.141.90 - - [24/Sep/2019:10:20:48 -0300] "GET /cormun/servlet/hhome HTTP/1.1" 200 4023
190.171.141.90 - - [24/Sep/2019:10:21:01 -0300] "GET /cormun/servlet/trsolicitudot? HTTP/1.1" 200 7241
190.171.141.90 - - [24/Sep/2019:10:21:01 -0300] "GET /cormun/servlet/trsolicitudot? HTTP/1.1" 200 7241
190.171.141.122 - - [24/Sep/2019:10:21:04 -0300] "POST /cormun/servlet/trlicencias?70389ba8c94deeef47eaa4d72b10fa41,,gx-no-cache=1569330940877 HTTP/1.1" 200 7650
190.171.141.90 - - [24/Sep/2019:10:21:04 -0300] "GET /cormun/servlet/solicitudot?INS,0,0, HTTP/1.1" 200 15092
190.171.141.90 - - [24/Sep/2019:10:21:05 -0300] "GET /cormun/servlet/solicitudot?INS,0,0, HTTP/1.1" 200 15096
190.171.141.90 - - [24/Sep/2019:10:21:13 -0300] "POST /cormun/servlet/solicitudot?gx-no-cache=1569330950040 HTTP/1.1" 200 3500
190.171.141.90 - - [24/Sep/2019:10:21:13 -0300] "POST /cormun/servlet/solicitudot?8bd1062e26e802ab97d9736b2f9445e3,INS,0,0,,gx-no-cache=1569330950208 HTTP/1.1" 200 11763
190.171.141.90 - - [24/Sep/2019:10:21:16 -0300] "GET /cormun/servlet/solicitudot?e3665ed67d950024e930fcc8f3ed98d5672531608b995c7aca658c2f4a2572238bd2da5af13c7c47a448537186371a16,gx-no-cache=1569330954091 HTTP/1.1" 200 30
190.171.144.234 - - [24/Sep/2019:10:24:28 -0300] "GET /cormun/servlet/hlogin HTTP/1.1" 200 1721
190.171.144.234 - - [24/Sep/2019:10:24:38 -0300] "POST /cormun/servlet/hlogin?5a9918d3a8f2ac9e64fd13754ce2fa23,gx-no-cache=1569331155237 HTTP/1.1" 200 90
190.171.144.234 - - [24/Sep/2019:10:24:38 -0300] "GET /cormun/servlet/hpexe_link HTTP/1.1" 200 952
190.171.144.234 - - [24/Sep/2019:10:24:38 -0300] "GET /cormun/servlet/hhome HTTP/1.1" 200 4027
190.171.144.234 - - [24/Sep/2019:10:24:38 -0300] "GET /cormun/servlet/hhome HTTP/1.1" 200 4023
190.171.144.234 - - [24/Sep/2019:10:24:41 -0300] "GET /cormun/servlet/trsolicitudot? HTTP/1.1" 200 7242
190.171.144.234 - - [24/Sep/2019:10:24:41 -0300] "GET /cormun/static/gxui/gxui-all.css?120300 HTTP/1.1" 200 2179
190.171.144.234 - - [24/Sep/2019:10:24:41 -0300] "GET /cormun/static/gxcfg.js?2017111422585916 HTTP/1.1" 200 953
190.171.144.234 - - [24/Sep/2019:10:24:41 -0300] "GET /cormun/static/calendar-system.css?85620 HTTP/1.1" 200 5572
190.171.144.234 - - [24/Sep/2019:10:24:41 -0300] "GET /cormun/static/Resources/Spanish/PXTools.css?1255365 HTTP/1.1" 200 89042
190.171.144.234 - - [24/Sep/2019:10:24:41 -0300] "GET /cormun/static/trsolicitudot.js?201711142259839 HTTP/1.1" 200 54041
190.171.144.234 - - [24/Sep/2019:10:24:41 -0300] "GET /cormun/static/Shared/ext/resources/css/ext-all.css?215870 HTTP/1.1" 200 416045
190.171.144.234 - - [24/Sep/2019:10:24:42 -0300] "GET /cormun/servlet/trsolicitudot? HTTP/1.1" 200 7241
190.171.144.234 - - [24/Sep/2019:10:24:44 -0300] "GET /cormun/servlet/solicitudot?INS,0,0, HTTP/1.1" 200 15085
190.171.144.234 - - [24/Sep/2019:10:24:44 -0300] "GET /cormun/static/gxcfg.js?20189101114418 HTTP/1.1" 200 953
190.171.144.234 - - [24/Sep/2019:10:24:44 -0300] "GET /cormun/static/solicitudot.js?20189101114718 HTTP/1.1" 200 71883
190.171.144.234 - - [24/Sep/2019:10:24:45 -0300] "GET /cormun/servlet/solicitudot?INS,0,0, HTTP/1.1" 200 15090
190.171.144.234 - - [24/Sep/2019:10:24:55 -0300] "POST /cormun/servlet/solicitudot?gx-no-cache=1569331172090 HTTP/1.1" 200 3629
190.171.144.234 - - [24/Sep/2019:10:24:55 -0300] "POST /cormun/servlet/solicitudot?5a9918d3a8f2ac9e64fd13754ce2fa23,INS,0,0,,gx-no-cache=1569331172258 HTTP/1.1" 200 11908
190.171.144.234 - - [24/Sep/2019:10:24:55 -0300] "GET /cormun/servlet/solicitudot?b6505fd8ac45fff79e936c6308acb455ebacdc510efe26f1b21531c8e2a84c7553e5fbda5189102e417ae021fbdd52ad,gx-no-cache=1569331172472 HTTP/1.1" 200 30
190.171.141.90 - - [24/Sep/2019:10:25:29 -0300] "POST /cormun/servlet/solicitudot?gx-no-cache=1569331206655 HTTP/1.1" 200 3560
190.171.141.90 - - [24/Sep/2019:10:25:29 -0300] "GET /cormun/static/Shared/jqueryui/images/ui-bg_highlight-soft_100_c6c2c8_1x100.png HTTP/1.1" 404 1117
190.171.141.90 - - [24/Sep/2019:10:25:29 -0300] "GET /cormun/static/Shared/jqueryui/images/ui-icons_ebccce_256x240.png HTTP/1.1" 404 1089
190.171.141.90 - - [24/Sep/2019:10:25:29 -0300] "GET /cormun/static/Shared/jqueryui/images/ui-bg_flat_55_994d53_40x100.png HTTP/1.1" 404 1097
190.171.141.90 - - [24/Sep/2019:10:25:29 -0300] "GET /cormun/static/Shared/jqueryui/images/ui-icons_82798d_256x240.png HTTP/1.1" 404 1089
192.168.10.96 - - [24/Sep/2019:10:26:00 -0300] "GET /cormun/servlet/hlogin HTTP/1.1" 200 1763
190.171.144.234 - - [24/Sep/2019:10:26:00 -0300] "GET /cormun/static/Resources/resize.gif HTTP/1.1" 200 77
190.171.144.234 - - [24/Sep/2019:10:26:01 -0300] "GET /cormun/servlet/prbanco?,MD,,gxPopupLevel%3D0%3B HTTP/1.1" 200 6593
190.171.144.234 - - [24/Sep/2019:10:26:01 -0300] "GET /cormun/static/gxcfg.js?20181161016094 HTTP/1.1" 200 953
190.171.144.234 - - [24/Sep/2019:10:26:01 -0300] "GET /cormun/static/Resources/PXToolsMenuSearchCancel.png HTTP/1.1" 200 2972
190.171.144.234 - - [24/Sep/2019:10:26:01 -0300] "GET /cormun/static/Resources/PXToolsMenuSearch.png HTTP/1.1" 200 2914
190.171.144.234 - - [24/Sep/2019:10:26:01 -0300] "GET /cormun/static/hmpwkw011.js?20177612121862 HTTP/1.1" 200 1968
190.171.144.234 - - [24/Sep/2019:10:26:01 -0300] "GET /cormun/static/menusearch.js?201610171694467 HTTP/1.1" 200 1424
190.171.144.234 - - [24/Sep/2019:10:26:01 -0300] "GET /cormun/static/prbanco.js?2018116101633 HTTP/1.1" 200 10693
192.168.10.96 - - [24/Sep/2019:10:26:08 -0300] "POST /cormun/servlet/hlogin?6f1875c807280ebe4b0593ca955e2772,gx-no-cache=1569334741870 HTTP/1.1" 200 90
192.168.10.96 - - [24/Sep/2019:10:26:08 -0300] "GET /cormun/servlet/hpexe_link HTTP/1.1" 200 954
192.168.10.96 - - [24/Sep/2019:10:26:08 -0300] "GET /cormun/servlet/hhome HTTP/1.1" 200 4035
192.168.10.96 - - [24/Sep/2019:10:26:08 -0300] "GET /cormun/servlet/hhome HTTP/1.1" 200 4031
192.168.10.96 - - [24/Sep/2019:10:26:11 -0300] "GET /cormun/servlet/trsolicitudot? HTTP/1.1" 200 7248
192.168.10.96 - - [24/Sep/2019:10:26:11 -0300] "GET /cormun/servlet/trsolicitudot? HTTP/1.1" 200 7247
192.168.10.96 - - [24/Sep/2019:10:26:13 -0300] "GET /cormun/servlet/solicitudot?INS,0,0, HTTP/1.1" 200 15090
192.168.10.96 - - [24/Sep/2019:10:26:13 -0300] "GET /cormun/servlet/solicitudot?INS,0,0, HTTP/1.1" 200 15094
192.168.10.96 - - [24/Sep/2019:10:26:15 -0300] "GET /cormun/servlet/prfichaempleado?,MD,,gxPopupLevel%3D0%3B HTTP/1.1" 200 9324
190.171.144.234 - - [24/Sep/2019:10:26:18 -0300] "GET /cormun/servlet/solicitudot?b6505fd8ac45fff79e936c6308acb455869f66567ea67973baa9355202b707921cd985c3ff0a736c64a50cde8edb161faba647f22802b1e7e2f30861a4671544,gx-no-cache=1569331255495 HTTP/1.1" 200 30
190.171.144.234 - - [24/Sep/2019:10:26:20 -0300] "GET /cormun/servlet/solicitudot?b6505fd8ac45fff79e936c6308acb4551ede09c1369ed73a9d6efbf5e36e5e8e,gx-no-cache=1569331257277 HTTP/1.1" 200 53
192.168.10.96 - - [24/Sep/2019:10:26:23 -0300] "POST /cormun/servlet/prfichaempleado?6f1875c807280ebe4b0593ca955e2772,,MD,,gxPopupLevel%3D0%3B,gx-no-cache=1569334757314 HTTP/1.1" 200 3185
190.171.144.234 - - [24/Sep/2019:10:26:27 -0300] "POST /cormun/servlet/solicitudot?5a9918d3a8f2ac9e64fd13754ce2fa23,INS,0,0,,gx-no-cache=1569331263717 HTTP/1.1" 200 12045
190.171.144.234 - - [24/Sep/2019:10:26:27 -0300] "GET /cormun/static/Shared/jqueryui/images/ui-bg_highlight-soft_100_c6c2c8_1x100.png HTTP/1.1" 404 1117
190.171.144.234 - - [24/Sep/2019:10:26:27 -0300] "GET /cormun/static/Shared/jqueryui/images/ui-icons_82798d_256x240.png HTTP/1.1" 404 1089
190.171.144.234 - - [24/Sep/2019:10:26:27 -0300] "GET /cormun/static/Shared/jqueryui/images/ui-bg_flat_55_fafafa_40x100.png HTTP/1.1" 404 1097
190.171.144.234 - - [24/Sep/2019:10:26:27 -0300] "GET /cormun/static/Shared/jqueryui/images/ui-icons_8d78a5_256x240.png HTTP/1.1" 404 1089
190.171.144.234 - - [24/Sep/2019:10:26:32 -0300] "GET /cormun/servlet/solicitudot?b6505fd8ac45fff79e936c6308acb455ebacdc510efe26f1b21531c8e2a84c75059dd911ea4bd65125ea447289f1f443,gx-no-cache=1569331269155 HTTP/1.1" 200 30
190.171.144.234 - - [24/Sep/2019:10:26:32 -0300] "GET /cormun/servlet/solicitudot?b6505fd8ac45fff79e936c6308acb455869f66567ea67973baa9355202b707921cd985c3ff0a736c64a50cde8edb161f87f84a8c7342db5806690546edffcc1f,gx-no-cache=1569331269183 HTTP/1.1" 200 30
190.171.144.234 - - [24/Sep/2019:10:26:32 -0300] "GET /cormun/servlet/solicitudot?b6505fd8ac45fff79e936c6308acb4550830ea2442b618c58dec4cd440eaac72e7075dff43ab9aa6e68937f686db5e2c7b5aa441a6e886c17b8c1a8e468308e0,gx-no-cache=1569331269207 HTTP/1.1" 200 53
190.171.144.234 - - [24/Sep/2019:10:26:32 -0300] "POST /cormun/servlet/solicitudot?gx-no-cache=1569331269235 HTTP/1.1" 200 297
190.171.144.234 - - [24/Sep/2019:10:26:32 -0300] "GET /cormun/servlet/solicitudot?b6505fd8ac45fff79e936c6308acb4555b40f6ff275740358cb1436c147777a440295a51f35dc7ad20b5537c94e3200cfda0a1a3f3864f99597b9b9d463c938acc5c4af7c883563989bc0871dd5e996f877ad6ee869741b0cdb62c56042d7fe8c16c1622c603459ab5ca3b4c4b68faf325ca3cce3500a53b625f3a26da38d9363a9e7d922499a8d6db6945d6e593a5b1774c7c1c852f811aafabd88df0921cdf9cb8a1b2ceb9e44b0537243f23809cdf4819b5a3383977941319d327dad41c425cc9e553fe4699e258bab9d32a6db854652fa6d33847f831a01a96e2b549f481c6ddff107b327d97420700210437f11dda42bad740df835d7652d9732a6a273f503cfa53d51cf7b0b229926316fc90f0fd7f77075e7226d51efeea63b308b5736679efc1455939a2d2cca5add9557c5c2f3f81e049735634a559af3bf24c7c69c80d295becafccb07d2435987597de84c6850d7675542e65c3cbc056c6e7d45898aa31a72fed29ca88e9d26fcc9de252117b8b6bafb9fae5cc8bda3cc7056c0d9e0677dd6e9a34f12242530464684981,gx-no-cache=1569331269273 HTTP/1.1" 200 30
192.168.10.96 - - [24/Sep/2019:10:26:37 -0300] "POST /cormun/servlet/solicitudot?gx-no-cache=1569334770535 HTTP/1.1" 200 3501
192.168.10.96 - - [24/Sep/2019:10:26:37 -0300] "POST /cormun/servlet/solicitudot?6f1875c807280ebe4b0593ca955e2772,INS,0,0,,gx-no-cache=1569334770669 HTTP/1.1" 200 11765
190.171.142.50 - - [24/Sep/2019:10:26:38 -0300] "POST /cormun/servlet/solicitudot?gx-no-cache=1569334499113 HTTP/1.1" 200 30
190.171.142.50 - - [24/Sep/2019:10:26:39 -0300] "POST /cormun/servlet/solicitudot?gx-no-cache=1569334499191 HTTP/1.1" 200 1362
190.171.142.50 - - [24/Sep/2019:10:26:39 -0300] "POST /cormun/servlet/solicitudot?gx-no-cache=1569334499227 HTTP/1.1" 200 38
190.171.142.50 - - [24/Sep/2019:10:26:39 -0300] "GET /cormun/servlet/solicitudot?dab787593b607716773e3fe492ce60ef5769fd121db56d72a5c5fe3de65f48d71d58c07190848e0bff5925410561987bfd65b6eedbd7d69328868624bd8a3cf6dd1e756fe3f229ea872f188dfe75a92611b4342052141ed00ca7175f37e58f4565cadbccd7882f414ecd2455cfd6afae,gx-no-cache=1569334499248 HTTP/1.1" 200 110
192.168.10.96 - - [24/Sep/2019:10:26:40 -0300] "GET /cormun/servlet/solicitudot?64aa9fb6d4bbc390d09686d1319b6d33640a6ef953567d48bdac83e44fb8b0bb40616f6c9f30c6655812b97367afe678,gx-no-cache=1569334774128 HTTP/1.1" 200 30
190.171.144.234 - - [24/Sep/2019:10:26:41 -0300] "POST /cormun/servlet/solicitudot?gx-no-cache=1569331277893 HTTP/1.1" 200 30
190.171.142.50 - - [24/Sep/2019:10:26:59 -0300] "POST /cormun/servlet/solicitudot?gx-no-cache=1569334519384 HTTP/1.1" 200 79
34.198.170.138 - - [24/Sep/2019:10:27:10 -0300] "GET /robots.txt HTTP/1.1" 404 981
34.198.170.138 - - [24/Sep/2019:10:27:11 -0300] "GET /cormun/servlet/licenciaspermisos?DSP,6692541,L,20190110000000,_escaped_fragment_%3D HTTP/1.1" 200 30442
190.171.144.234 - - [24/Sep/2019:10:27:14 -0300] "POST /cormun/servlet/solicitudot?gx-no-cache=1569331310909 HTTP/1.1" 200 1361
190.171.144.234 - - [24/Sep/2019:10:27:18 -0300] "GET /cormun/static/menuarrow.gif HTTP/1.1" 404 1015
190.171.142.50 - - [24/Sep/2019:10:27:23 -0300] "POST /cormun/servlet/solicitudot?gx-no-cache=1569334543333 HTTP/1.1" 200 240
190.171.142.50 - - [24/Sep/2019:10:27:25 -0300] "GET /cormun/servlet/solicitudot?dab787593b607716773e3fe492ce60effaa1d6ef7e2b338a587ff8d950b456480fed3ae1686e019bda36d6b83301fcce2ab85b6a1c37a28feec602e6b22b063ff9e48ccbabafe95676ce5bab6f31ba76f0764d1f0eb8546bab73503b7a7dc9f7773e532cb406a1efbd8c87b9afdecd379fdb0e5fcfb3901cf561df846c05fdba19a8f2d496bf7d430212221559c7a8c0fd1f1bde6fba0db7e248b786a57d954f33ec5fc0174aedd769183bcdd2d63ca024b4a288486a9018507c3b50d0c083228e3921f2a470bb3852e4b7f30b14d053fc4671061f8f73a10580ff3375c7e6ba2dd317388281c19e8ea53a3b7f9a70b6cbd8d81e4653e148d30b381996213ae96425440a22e7c4addd69aaf9573b3a9216c784de9e45d02f7704e350c58d74999e92d779a4fb07496f517fcc714bc43895d28b7fa9ec592815227096593e4a299f063834d6884090e8a2a92b84c5d69f9007e40fca3ed3dbf9135c8966dab284276347528d44e80e9465734421d1b1cf0e92908be544516261f87fa5589d6884,gx-no-cache=1569334545434 HTTP/1.1" 200 30
190.171.144.234 - - [24/Sep/2019:10:27:27 -0300] "POST /cormun/servlet/solicitudot?gx-no-cache=1569331323872 HTTP/1.1" 200 41
190.171.144.234 - - [24/Sep/2019:10:27:27 -0300] "GET /cormun/servlet/solicitudot?b6505fd8ac45fff79e936c6308acb455c229c71097124cce27640f303ce6d52776b9b8d4e3e7c97b5f15f30372e9a320a124756713f2f2d76c045f36d5ff5112ab5268284ae1254075928fa478af7e8ac5723b6966232814bcff1196f307dcd1cc57632fa4cac61a99e0a70269d415d9,gx-no-cache=1569331323931 HTTP/1.1" 200 110
190.171.144.234 - - [24/Sep/2019:10:27:27 -0300] "POST /cormun/servlet/solicitudot?gx-no-cache=1569331323960 HTTP/1.1" 200 64
190.171.142.50 - - [24/Sep/2019:10:27:29 -0300] "POST /cormun/servlet/solicitudot?gx-no-cache=1569334549372 HTTP/1.1" 200 30
190.171.144.234 - - [24/Sep/2019:10:27:31 -0300] "GET /cormun/servlet/solicitudot?b6505fd8ac45fff79e936c6308acb4557fd0a3ebc91f7d7d5e89653fa5622b7edfce7111b904d481a3616041899e8baf7cefe681ee427355b4d9abbf725cbdbb3890ac71cc9f647f08d143d082f80c061ee494c535d4f5365d98f1895706e92485b5d006d8c318a141b2586c5bfbd425,gx-no-cache=1569331328375 HTTP/1.1" 200 29
190.171.142.50 - - [24/Sep/2019:10:27:36 -0300] "GET /cormun/static/Resources/resize.gif HTTP/1.1" 200 77
190.171.142.50 - - [24/Sep/2019:10:27:37 -0300] "GET /cormun/servlet/prfichaempleado?,MD,,gxPopupLevel%3D0%3B HTTP/1.1" 200 9322
190.171.142.50 - - [24/Sep/2019:10:27:37 -0300] "GET /cormun/static/gxcfg.js?20177612134814 HTTP/1.1" 200 953
190.171.142.50 - - [24/Sep/2019:10:27:37 -0300] "GET /cormun/static/Resources/PXToolsMenuSearch.png HTTP/1.1" 200 2914
190.171.142.50 - - [24/Sep/2019:10:27:37 -0300] "GET /cormun/static/Resources/PXToolsMenuSearchCancel.png HTTP/1.1" 200 2972
190.171.142.50 - - [24/Sep/2019:10:27:37 -0300] "GET /cormun/static/menusearch.js?201610171694467 HTTP/1.1" 200 1424
190.171.142.50 - - [24/Sep/2019:10:27:37 -0300] "GET /cormun/static/hmpwkw011.js?20177612121862 HTTP/1.1" 200 1968
190.171.142.50 - - [24/Sep/2019:10:27:37 -0300] "GET /cormun/static/prfichaempleado.js?20177612134999 HTTP/1.1" 200 16006
190.171.144.234 - - [24/Sep/2019:10:27:45 -0300] "GET /cormun/servlet/trlicencias? HTTP/1.1" 200 10893
190.171.144.234 - - [24/Sep/2019:10:27:46 -0300] "GET /cormun/servlet/trlicencias? HTTP/1.1" 200 10886
190.171.142.50 - - [24/Sep/2019:10:27:51 -0300] "POST /cormun/servlet/prfichaempleado?e3f5ed7f772e9292bbe8de29cb716901,,MD,,gxPopupLevel%3D0%3B,gx-no-cache=1569334571194 HTTP/1.1" 200 3421
190.171.144.234 - - [24/Sep/2019:10:27:54 -0300] "GET /cormun/servlet/trsolicitudot? HTTP/1.1" 200 7241
190.171.142.50 - - [24/Sep/2019:10:27:54 -0300] "GET /cormun/servlet/prlicenciaspermisos?14299636,L,,MD,,gxPopupLevel%3D0%3B HTTP/1.1" 200 5545
190.171.142.50 - - [24/Sep/2019:10:27:54 -0300] "GET /cormun/static/gxcfg.js?20176272053834 HTTP/1.1" 200 953
190.171.142.50 - - [24/Sep/2019:10:27:54 -0300] "GET /cormun/static/prlicenciaspermisos.js?20176272054050 HTTP/1.1" 200 13379
190.171.144.234 - - [24/Sep/2019:10:27:54 -0300] "GET /cormun/servlet/trsolicitudot? HTTP/1.1" 200 7241
190.171.144.234 - - [24/Sep/2019:10:27:57 -0300] "GET /cormun/servlet/trlicencias? HTTP/1.1" 200 10893
190.171.144.234 - - [24/Sep/2019:10:27:57 -0300] "GET /cormun/servlet/trlicencias? HTTP/1.1" 200 10886
190.171.142.50 - - [24/Sep/2019:10:27:59 -0300] "POST /cormun/servlet/solicitudot?gx-no-cache=1569334579170 HTTP/1.1" 200 1361
190.171.144.234 - - [24/Sep/2019:10:28:00 -0300] "GET /cormun/servlet/solicitudot?INS,0,0, HTTP/1.1" 200 15090
190.171.144.234 - - [24/Sep/2019:10:28:01 -0300] "GET /cormun/servlet/solicitudot?INS,0,0, HTTP/1.1" 200 15095
190.171.142.50 - - [24/Sep/2019:10:28:04 -0300] "POST /cormun/servlet/solicitudot?gx-no-cache=1569334584235 HTTP/1.1" 200 41
190.171.141.90 - - [24/Sep/2019:10:28:08 -0300] "POST /cormun/servlet/solicitudot?gx-no-cache=1569331365172 HTTP/1.1" 200 3500
190.171.141.90 - - [24/Sep/2019:10:28:08 -0300] "POST /cormun/servlet/solicitudot?8bd1062e26e802ab97d9736b2f9445e3,INS,0,0,,gx-no-cache=1569331365488 HTTP/1.1" 200 11831
190.171.141.90 - - [24/Sep/2019:10:28:13 -0300] "GET /cormun/servlet/solicitudot?e3665ed67d950024e930fcc8f3ed98d5672531608b995c7aca658c2f4a257223da097e5e2495efd3b434008443733554,gx-no-cache=1569331370619 HTTP/1.1" 200 30
190.171.141.90 - - [24/Sep/2019:10:28:19 -0300] "POST /cormun/servlet/solicitudot?8bd1062e26e802ab97d9736b2f9445e3,INS,0,0,,gx-no-cache=1569331376645 HTTP/1.1" 200 12192
190.171.144.234 - - [24/Sep/2019:10:28:20 -0300] "POST /cormun/servlet/solicitudot?gx-no-cache=1569331377455 HTTP/1.1" 200 3629
190.171.144.234 - - [24/Sep/2019:10:28:21 -0300] "POST /cormun/servlet/solicitudot?5a9918d3a8f2ac9e64fd13754ce2fa23,INS,0,0,,gx-no-cache=1569331377808 HTTP/1.1" 200 11907
190.171.144.234 - - [24/Sep/2019:10:28:21 -0300] "GET /cormun/servlet/solicitudot?b6505fd8ac45fff79e936c6308acb455ebacdc510efe26f1b21531c8e2a84c7553e5fbda5189102e417ae021fbdd52ad,gx-no-cache=1569331378061 HTTP/1.1" 200 30
190.171.144.234 - - [24/Sep/2019:10:28:26 -0300] "GET /cormun/servlet/solicitudot?b6505fd8ac45fff79e936c6308acb455869f66567ea67973baa9355202b707921cd985c3ff0a736c64a50cde8edb161faba647f22802b1e7e2f30861a4671544,gx-no-cache=1569331382899 HTTP/1.1" 200 30
190.171.144.234 - - [24/Sep/2019:10:28:26 -0300] "GET /cormun/servlet/solicitudot?b6505fd8ac45fff79e936c6308acb4551ede09c1369ed73a9d6efbf5e36e5e8e,gx-no-cache=1569331382989 HTTP/1.1" 200 53
190.171.144.234 - - [24/Sep/2019:10:28:31 -0300] "POST /cormun/servlet/solicitudot?5a9918d3a8f2ac9e64fd13754ce2fa23,INS,0,0,,gx-no-cache=1569331388362 HTTP/1.1" 200 12041
190.171.144.234 - - [24/Sep/2019:10:28:31 -0300] "GET /cormun/static/Shared/jqueryui/images/ui-bg_highlight-soft_100_c6c2c8_1x100.png HTTP/1.1" 404 1117
190.171.144.234 - - [24/Sep/2019:10:28:31 -0300] "GET /cormun/static/Shared/jqueryui/images/ui-icons_8d78a5_256x240.png HTTP/1.1" 404 1089
190.171.144.234 - - [24/Sep/2019:10:28:31 -0300] "GET /cormun/static/Shared/jqueryui/images/ui-icons_82798d_256x240.png HTTP/1.1" 404 1089
190.171.144.234 - - [24/Sep/2019:10:28:31 -0300] "GET /cormun/static/Shared/jqueryui/images/ui-bg_flat_55_fafafa_40x100.png HTTP/1.1" 404 1097
190.171.144.234 - - [24/Sep/2019:10:28:35 -0300] "GET /cormun/servlet/solicitudot?b6505fd8ac45fff79e936c6308acb455ebacdc510efe26f1b21531c8e2a84c75059dd911ea4bd65125ea447289f1f443,gx-no-cache=1569331392012 HTTP/1.1" 200 30
190.171.144.234 - - [24/Sep/2019:10:28:35 -0300] "GET /cormun/servlet/solicitudot?b6505fd8ac45fff79e936c6308acb455869f66567ea67973baa9355202b707921cd985c3ff0a736c64a50cde8edb161f87f84a8c7342db5806690546edffcc1f,gx-no-cache=1569331392227 HTTP/1.1" 200 30
190.171.144.234 - - [24/Sep/2019:10:28:35 -0300] "GET /cormun/servlet/solicitudot?b6505fd8ac45fff79e936c6308acb4550830ea2442b618c58dec4cd440eaac72e7075dff43ab9aa6e68937f686db5e2c7b5aa441a6e886c17b8c1a8e468308e0,gx-no-cache=1569331392353 HTTP/1.1" 200 53
190.171.144.234 - - [24/Sep/2019:10:28:35 -0300] "POST /cormun/servlet/solicitudot?gx-no-cache=1569331392447 HTTP/1.1" 200 297
190.171.144.234 - - [24/Sep/2019:10:28:35 -0300] "GET /cormun/servlet/solicitudot?b6505fd8ac45fff79e936c6308acb4555b40f6ff275740358cb1436c147777a440295a51f35dc7ad20b5537c94e3200cfda0a1a3f3864f99597b9b9d463c938acc5c4af7c883563989bc0871dd5e996f877ad6ee869741b0cdb62c56042d7fe8c16c1622c603459ab5ca3b4c4b68faf325ca3cce3500a53b625f3a26da38d9363a9e7d922499a8d6db6945d6e593a5b1774c7c1c852f811aafabd88df0921cdf9cb8a1b2ceb9e44b0537243f23809cdf4819b5a3383977941319d327dad41c425cc9e553fe4699e258bab9d32a6db854652fa6d33847f831a01a96e2b549f481c6ddff107b327d97420700210437f11dda42bad740df835d7652d9732a6a273f503cfa53d51cf7b0b229926316fc90f0fd7f77075e7226d51efeea63b308b5736679efc1455939a2d2cca5add9557c5c2f3f81e049735634a559af3bf24c7c69c80d295becafccb07d2435987597de84c6850d7675542e65c3cbc056c6e7d45898aa31a72fed29ca88e9d26fcc9de252117b8b6bafb9fae5cc8bda3cc7056c0d9e0677dd6e9a34f12242530464684981,gx-no-cache=1569331392566 HTTP/1.1" 200 30
190.171.142.50 - - [24/Sep/2019:10:28:42 -0300] "GET /cormun/servlet/solicitudot?dab787593b607716773e3fe492ce60ef5769fd121db56d72a5c5fe3de65f48d71d58c07190848e0bff5925410561987bfd65b6eedbd7d69328868624bd8a3cf6dd1e756fe3f229ea872f188dfe75a92611b4342052141ed00ca7175f37e58f4565cadbccd7882f414ecd2455cfd6afae,gx-no-cache=1569334622216 HTTP/1.1" 200 110
190.171.144.234 - - [24/Sep/2019:10:28:42 -0300] "POST /cormun/servlet/solicitudot?gx-no-cache=1569331399514 HTTP/1.1" 200 30
190.171.142.50 - - [24/Sep/2019:10:28:50 -0300] "POST /cormun/servlet/solicitudot?gx-no-cache=1569334630207 HTTP/1.1" 200 79
190.171.141.90 - - [24/Sep/2019:10:28:50 -0300] "POST /cormun/servlet/solicitudot?gx-no-cache=1569331407028 HTTP/1.1" 200 3500
190.171.141.90 - - [24/Sep/2019:10:28:50 -0300] "POST /cormun/servlet/solicitudot?8bd1062e26e802ab97d9736b2f9445e3,INS,0,0,,gx-no-cache=1569331407308 HTTP/1.1" 200 11931
190.171.141.90 - - [24/Sep/2019:10:28:52 -0300] "GET /cormun/servlet/solicitudot?e3665ed67d950024e930fcc8f3ed98d5672531608b995c7aca658c2f4a2572238bd2da5af13c7c47a448537186371a16,gx-no-cache=1569331409605 HTTP/1.1" 200 30
190.171.144.234 - - [24/Sep/2019:10:28:55 -0300] "POST /cormun/servlet/solicitudot?gx-no-cache=1569331412109 HTTP/1.1" 200 1361
190.171.144.234 - - [24/Sep/2019:10:28:55 -0300] "GET /cormun/static/menuarrow.gif HTTP/1.1" 404 1015
190.171.144.234 - - [24/Sep/2019:10:29:00 -0300] "POST /cormun/servlet/solicitudot?gx-no-cache=1569331417702 HTTP/1.1" 200 41
190.171.144.234 - - [24/Sep/2019:10:29:00 -0300] "GET /cormun/servlet/solicitudot?b6505fd8ac45fff79e936c6308acb455c229c71097124cce27640f303ce6d52776b9b8d4e3e7c97b5f15f30372e9a320a124756713f2f2d76c045f36d5ff5112ab5268284ae1254075928fa478af7e8ac5723b6966232814bcff1196f307dcd1cc57632fa4cac61a99e0a70269d415d9,gx-no-cache=1569331417742 HTTP/1.1" 200 110
190.171.144.234 - - [24/Sep/2019:10:29:00 -0300] "POST /cormun/servlet/solicitudot?gx-no-cache=1569331417774 HTTP/1.1" 200 64
190.171.144.234 - - [24/Sep/2019:10:29:05 -0300] "GET /cormun/servlet/solicitudot?b6505fd8ac45fff79e936c6308acb4557fd0a3ebc91f7d7d5e89653fa5622b7edfce7111b904d481a3616041899e8baf7cefe681ee427355b4d9abbf725cbdbb3890ac71cc9f647f08d143d082f80c061ee494c535d4f5365d98f1895706e92485b5d006d8c318a141b2586c5bfbd425,gx-no-cache=1569331421947 HTTP/1.1" 200 29
190.171.142.50 - - [24/Sep/2019:10:29:07 -0300] "GET /cormun/servlet/solicitudot?dab787593b607716773e3fe492ce60ef2313426ddc47c78e514e348f35d194ef26835cb85181b9d252131c4b6a138d073bf819a24267461429636062f4176acfd107a50d98bac0777302833ff4ca4f91e34ba77dd35798544ea600542b05169ee5812622c61f08977a28fa4aad470fa4,gx-no-cache=1569334647998 HTTP/1.1" 200 29
190.171.142.50 - - [24/Sep/2019:10:29:07 -0300] "GET /cormun/static/menuarrow.gif HTTP/1.1" 404 1015
190.171.144.234 - - [24/Sep/2019:10:29:12 -0300] "GET /cormun/servlet/solicitudot?b6505fd8ac45fff79e936c6308acb45588071334f6b8f88354382ed033be8b0c555efa66694e99836d81ed073839f69b,gx-no-cache=1569331429560 HTTP/1.1" 200 30
190.171.144.234 - - [24/Sep/2019:10:29:12 -0300] "POST /cormun/servlet/solicitudot?gx-no-cache=1569331429658 HTTP/1.1" 200 34
190.171.144.234 - - [24/Sep/2019:10:29:36 -0300] "POST /cormun/servlet/solicitudot?5a9918d3a8f2ac9e64fd13754ce2fa23,INS,0,0,,gx-no-cache=1569331452826 HTTP/1.1" 200 93
190.171.144.234 - - [24/Sep/2019:10:29:36 -0300] "GET /cormun/servlet/hpexe_return? HTTP/1.1" 200 1011
190.171.144.234 - - [24/Sep/2019:10:29:36 -0300] "GET /cormun/servlet/trlicencias HTTP/1.1" 200 10892
190.171.144.234 - - [24/Sep/2019:10:29:37 -0300] "GET /cormun/servlet/trlicencias HTTP/1.1" 200 10886
190.171.144.234 - - [24/Sep/2019:10:29:47 -0300] "GET /cormun/servlet/trsolicitudot? HTTP/1.1" 200 8675
190.171.144.234 - - [24/Sep/2019:10:29:47 -0300] "GET /cormun//static/Resources/PXToolsRemoveAllAction.png HTTP/1.1" 200 3558
190.171.144.234 - - [24/Sep/2019:10:29:47 -0300] "GET /cormun//static/Resources/PXToolsActionView.png HTTP/1.1" 200 2995
190.171.144.234 - - [24/Sep/2019:10:29:47 -0300] "GET /cormun/servlet/trsolicitudot? HTTP/1.1" 200 8675
190.171.142.50 - - [24/Sep/2019:10:29:56 -0300] "GET /cormun/servlet/solicitudot?dab787593b607716773e3fe492ce60efb7a52fac09e84bf428418b0ede64c828ad7264acc2994b1e792f3df9953bec94,gx-no-cache=1569334696650 HTTP/1.1" 200 30
190.171.142.50 - - [24/Sep/2019:10:29:56 -0300] "POST /cormun/servlet/solicitudot?gx-no-cache=1569334696854 HTTP/1.1" 200 34
190.171.144.234 - - [24/Sep/2019:10:29:56 -0300] "POST /cormun/servlet/trsolicitudot?5a9918d3a8f2ac9e64fd13754ce2fa23,,gx-no-cache=1569331473453 HTTP/1.1" 200 4578
190.171.144.234 - - [24/Sep/2019:10:29:57 -0300] "POST /cormun/servlet/trsolicitudot?5a9918d3a8f2ac9e64fd13754ce2fa23,,gx-no-cache=1569331473936 HTTP/1.1" 200 4310
190.171.141.90 - - [24/Sep/2019:10:30:03 -0300] "GET /cormun/servlet/prbanco?,MD,,gxPopupLevel%3D0%3B HTTP/1.1" 200 6581
190.171.141.90 - - [24/Sep/2019:10:30:03 -0300] "GET /cormun/static/gxcfg.js?20181161016094 HTTP/1.1" 200 953
190.171.141.90 - - [24/Sep/2019:10:30:03 -0300] "GET /cormun/static/prbanco.js?2018116101633 HTTP/1.1" 200 10693
190.171.141.90 - - [24/Sep/2019:10:30:08 -0300] "GET /cormun/servlet/solicitudot?e3665ed67d950024e930fcc8f3ed98d5e64582b224ede24e4574bdc72e50de93d573e4a852c91b13ab20dc7bb081b4d800cfcb9f364714b8892d616135f978c6,gx-no-cache=1569331485779 HTTP/1.1" 200 30
190.171.141.90 - - [24/Sep/2019:10:30:09 -0300] "GET /cormun/servlet/solicitudot?e3665ed67d950024e930fcc8f3ed98d5f4c4fafd9b5c3c07861fef99026e4c15,gx-no-cache=1569331486652 HTTP/1.1" 200 53
190.171.144.234 - - [24/Sep/2019:10:30:10 -0300] "GET /cormun/servlet/hlogin HTTP/1.1" 200 1721
190.171.141.90 - - [24/Sep/2019:10:30:19 -0300] "POST /cormun/servlet/solicitudot?gx-no-cache=1569331496669 HTTP/1.1" 200 297
190.171.141.90 - - [24/Sep/2019:10:30:19 -0300] "GET /cormun/servlet/solicitudot?e3665ed67d950024e930fcc8f3ed98d520ee3223a297d5a0408eaafcf08c2e8525f18d83d00316e763e4587b2ad44dc271316271448aa8b8a36f6a5a60b69eae33bf60627e7c954fee51a02ff43a3b6ae053505790e74e9aebb7ce9606266b3e5d30bfe870a0a43534711fc7992310a673a16d43687737df5ea9a508a11586746d19c71cd76efa1bb4aa4265c294db42cecedf643abf05731de7b6f355d1a493bb611d2652e770b2e3e2a5acf8ac8d6c78cafd6c789470717741f01bf900f5042c9f695a00be62b091ea382616f661b18cd5db3301c1bb2d2922ccdfdc7b116763abb182d3a26b91e57f6f161eea79f8f5a93b2e967d90f95126e6180629650c9c50d9c3e44dcbceb064e253362e6fafb793dfbd61630da55f79e5c9030841ba8c4885e067964746f8fffdf85dbbba3b48ed8b5b3de298976b935578766d8d2a15139e21feadb44505863439eacf06a8c36a0e62541cc25e3a1103a1f07d29d0385232b01d85df949639bed6688ab25f2f1e20c29d3f5cc4fa10b27bb6aebe779efd1eac30a4238bb92cbaf3813377f1,gx-no-cache=1569331496740 HTTP/1.1" 200 30
190.171.141.90 - - [24/Sep/2019:10:30:22 -0300] "POST /cormun/servlet/solicitudot?gx-no-cache=1569331499145 HTTP/1.1" 200 30
190.171.141.90 - - [24/Sep/2019:10:30:24 -0300] "GET /cormun/servlet/prfichaempleado?,MD,,gxPopupLevel%3D0%3B HTTP/1.1" 200 9315
190.171.141.90 - - [24/Sep/2019:10:30:24 -0300] "GET /cormun/static/gxcfg.js?20177612134814 HTTP/1.1" 200 953
190.171.141.90 - - [24/Sep/2019:10:30:24 -0300] "GET /cormun/static/prfichaempleado.js?20177612134999 HTTP/1.1" 200 16006
190.171.144.234 - - [24/Sep/2019:10:30:26 -0300] "POST /cormun/servlet/hlogin?5a9918d3a8f2ac9e64fd13754ce2fa23,gx-no-cache=1569331503580 HTTP/1.1" 200 90
190.171.144.234 - - [24/Sep/2019:10:30:26 -0300] "GET /cormun/servlet/hpexe_link HTTP/1.1" 200 952
190.171.144.234 - - [24/Sep/2019:10:30:26 -0300] "GET /cormun/servlet/hhome HTTP/1.1" 200 4202
190.171.144.234 - - [24/Sep/2019:10:30:27 -0300] "GET /cormun/servlet/hhome HTTP/1.1" 200 4198
190.171.144.234 - - [24/Sep/2019:10:30:27 -0300] "GET /cormun/static/SmoothNavMenu/resources/images/right.gif HTTP/1.1" 200 860
192.168.10.96 - - [24/Sep/2019:10:30:31 -0300] "GET /cormun/servlet/hlogin HTTP/1.1" 200 1748
190.171.144.234 - - [24/Sep/2019:10:30:31 -0300] "GET /cormun/servlet/trautorizarsolicitud? HTTP/1.1" 200 8733
190.171.144.234 - - [24/Sep/2019:10:30:31 -0300] "GET /cormun/static/gxcfg.js?2017111423403364 HTTP/1.1" 200 953
190.171.144.234 - - [24/Sep/2019:10:30:32 -0300] "GET /cormun/static/trautorizarsolicitud.js?201711142340425 HTTP/1.1" 200 53910
190.171.144.234 - - [24/Sep/2019:10:30:32 -0300] "GET /cormun/servlet/trautorizarsolicitud? HTTP/1.1" 200 8730
190.171.141.90 - - [24/Sep/2019:10:30:32 -0300] "POST /cormun/servlet/prfichaempleado?8bd1062e26e802ab97d9736b2f9445e3,,MD,,gxPopupLevel%3D0%3B,gx-no-cache=1569331509664 HTTP/1.1" 200 3424
190.171.141.90 - - [24/Sep/2019:10:30:36 -0300] "GET /cormun/servlet/prlicenciaspermisos?10049006,L,,MD,,gxPopupLevel%3D0%3B HTTP/1.1" 200 7751
190.171.141.90 - - [24/Sep/2019:10:30:36 -0300] "GET /cormun/static/gxcfg.js?20176272053834 HTTP/1.1" 200 953
190.171.141.90 - - [24/Sep/2019:10:30:36 -0300] "GET /cormun/static/prlicenciaspermisos.js?20176272054050 HTTP/1.1" 200 13379
190.171.141.90 - - [24/Sep/2019:10:30:38 -0300] "POST /cormun/servlet/solicitudot?gx-no-cache=1569331516035 HTTP/1.1" 200 1361
190.171.144.234 - - [24/Sep/2019:10:30:40 -0300] "POST /cormun/servlet/trautorizarsolicitud?5a9918d3a8f2ac9e64fd13754ce2fa23,,gx-no-cache=1569331517421 HTTP/1.1" 200 4717
190.171.144.234 - - [24/Sep/2019:10:30:40 -0300] "GET /cormun/static/Shared/jqueryui/images/ui-bg_highlight-soft_100_c6c2c8_1x100.png HTTP/1.1" 404 1117
190.171.144.234 - - [24/Sep/2019:10:30:40 -0300] "GET /cormun/static/Shared/jqueryui/images/ui-icons_82798d_256x240.png HTTP/1.1" 404 1089
190.171.144.234 - - [24/Sep/2019:10:30:40 -0300] "GET /cormun/static/Shared/jqueryui/images/ui-icons_8d78a5_256x240.png HTTP/1.1" 404 1089
190.171.144.234 - - [24/Sep/2019:10:30:40 -0300] "GET /cormun/static/Shared/jqueryui/images/ui-bg_flat_55_fafafa_40x100.png HTTP/1.1" 404 1097
190.171.141.90 - - [24/Sep/2019:10:30:40 -0300] "POST /cormun/servlet/solicitudot?gx-no-cache=1569331517935 HTTP/1.1" 200 41
190.171.144.234 - - [24/Sep/2019:10:30:40 -0300] "POST /cormun/servlet/trautorizarsolicitud?5a9918d3a8f2ac9e64fd13754ce2fa23,,gx-no-cache=1569331517631 HTTP/1.1" 200 4453
192.168.10.96 - - [24/Sep/2019:10:31:09 -0300] "POST /cormun/servlet/hlogin?6f1875c807280ebe4b0593ca955e2772,gx-no-cache=1569335042437 HTTP/1.1" 200 90
192.168.10.96 - - [24/Sep/2019:10:31:09 -0300] "GET /cormun/servlet/hpexe_link HTTP/1.1" 200 954
192.168.10.96 - - [24/Sep/2019:10:31:09 -0300] "GET /cormun/servlet/hhome HTTP/1.1" 200 4778
192.168.10.96 - - [24/Sep/2019:10:31:09 -0300] "GET /cormun/servlet/hhome HTTP/1.1" 200 4774
192.168.10.96 - - [24/Sep/2019:10:31:11 -0300] "GET /cormun/servlet/trsolicitudot? HTTP/1.1" 200 8001
192.168.10.96 - - [24/Sep/2019:10:31:12 -0300] "GET /cormun/servlet/trsolicitudot? HTTP/1.1" 200 7999
192.168.10.96 - - [24/Sep/2019:10:31:17 -0300] "GET /cormun/servlet/trautorizarsolicitud? HTTP/1.1" 200 7899
192.168.10.96 - - [24/Sep/2019:10:31:18 -0300] "GET /cormun/servlet/trautorizarsolicitud? HTTP/1.1" 200 7899
192.168.10.96 - - [24/Sep/2019:10:31:20 -0300] "GET /cormun/servlet/trsolicitudgral? HTTP/1.1" 200 11197
192.168.10.96 - - [24/Sep/2019:10:31:20 -0300] "GET /cormun/servlet/trsolicitudgral? HTTP/1.1" 200 11196
190.171.141.90 - - [24/Sep/2019:10:31:21 -0300] "GET /cormun/servlet/solicitudot?e3665ed67d950024e930fcc8f3ed98d53f38bc74ad4c83e3ada55f96c1d0a38eab184dd5c5cdd7c0f277b817387bf05043ea0ca71f9e753c6e354d1677249ba3ce713f2905b84e3a0a67351904f90c4a4d2e288d8d9099e925ccb4b07a893ef388dc60cee4c49fd8a24e65469eb47db6,gx-no-cache=1569331558990 HTTP/1.1" 200 110
190.171.141.90 - - [24/Sep/2019:10:31:22 -0300] "POST /cormun/servlet/solicitudot?gx-no-cache=1569331559072 HTTP/1.1" 200 79
192.168.10.96 - - [24/Sep/2019:10:31:23 -0300] "GET /cormun/servlet/solicitudgral?UPD,2019,15891, HTTP/1.1" 200 13530
192.168.10.96 - - [24/Sep/2019:10:31:24 -0300] "GET /cormun/servlet/solicitudgral?UPD,2019,15891, HTTP/1.1" 200 13539
186.103.159.186 - - [24/Sep/2019:10:31:24 -0300] "POST /cormun/servlet/solicitudot?e3f5ed7f772e9292bbe8de29cb716901,INS,0,0,,gx-no-cache=1569334783893 HTTP/1.1" 200 93
186.103.159.186 - - [24/Sep/2019:10:31:24 -0300] "GET /cormun/servlet/hpexe_return? HTTP/1.1" 200 1005
186.103.159.186 - - [24/Sep/2019:10:31:24 -0300] "GET /cormun/servlet/trsolicitudot HTTP/1.1" 200 8699
192.168.10.96 - - [24/Sep/2019:10:31:24 -0300] "POST /cormun/servlet/solicitudgral?gx-no-cache=1569335057934 HTTP/1.1" 200 4077
192.168.10.96 - - [24/Sep/2019:10:31:24 -0300] "GET /cormun/servlet/solicitudgral?64aa9fb6d4bbc390d09686d1319b6d33e06dfb60162bdd9703572621a246140507d837c1202ec2262f592a669045680620ab3bd414977545a672fbc6d555354dd426b38ded99d41f3685d88b39ea20f4572e2763b1142eea0a546293d684e6939d4970a70b8b6314c51158910b9a25ecc2163f9b5a2b2786a4dacd3e0a76129422ead1ee949ed40708d89ad0a2b11b78841fdce17352176ef9181352f7240bc9e29c99b82facd1c5e68f5e11998e07baae74d0d62a14a3de967a41cc2b9f4179148caee4b5a4f47f28c9a0dd122831627b0a31f768dd51391b5828d349e88f88d639a8bc52652238bf9bd69c2752634691181a5c6e7ef3d87ae2c8d1a1441ce43d367a6746acc68881380330931fda4f1b010c66c92ba3e6d4819d2dadd6915659d0f5490b8e3f5edd8e5b42bb0b518ed173c41afe0e0c2a925c3d6c246a2b6e2b45f05e6f06c9e8823f3f0b64890d05,gx-no-cache=1569335058219 HTTP/1.1" 200 297
190.171.141.90 - - [24/Sep/2019:10:31:24 -0300] "GET /cormun/servlet/solicitudot?e3665ed67d950024e930fcc8f3ed98d5a90e5ff7e9b568a793aee5bb00cc3ed1bde1d9deb89af5e4af86e9b7b40f4b530f50759b52d540d67e99981cdee5442c01820a0d9b356579ae7e7969672d934937c44ad8a0d84f14fd85d2155efb4c226f6b20ffceae9bae6242975e21d07fc2,gx-no-cache=1569331561952 HTTP/1.1" 200 29
186.103.159.186 - - [24/Sep/2019:10:31:24 -0300] "GET /cormun//static/Resources/PXToolsActionView.png HTTP/1.1" 200 2995
186.103.159.186 - - [24/Sep/2019:10:31:25 -0300] "GET /cormun/servlet/trsolicitudot HTTP/1.1" 200 8696
186.103.159.186 - - [24/Sep/2019:10:31:25 -0300] "GET /cormun//static/Resources/PXToolsRemoveAllAction.png HTTP/1.1" 200 3558
190.171.141.90 - - [24/Sep/2019:10:31:25 -0300] "GET /cormun/static/menuarrow.gif HTTP/1.1" 404 1015
190.171.141.122 - - [24/Sep/2019:10:31:25 -0300] "POST /cormun/servlet/trlicencias?70389ba8c94deeef47eaa4d72b10fa41,,gx-no-cache=1569331561717 HTTP/1.1" 200 7650
192.168.10.96 - - [24/Sep/2019:10:31:28 -0300] "POST /cormun/servlet/solicitudgral?6f1875c807280ebe4b0593ca955e2772,UPD,2019,15891,,gx-no-cache=1569335061505 HTTP/1.1" 200 90
192.168.10.96 - - [24/Sep/2019:10:31:28 -0300] "GET /cormun/servlet/hpexe_link HTTP/1.1" 200 974
192.168.10.96 - - [24/Sep/2019:10:31:28 -0300] "GET /cormun/servlet/trsolicitudgral HTTP/1.1" 200 11197
190.171.141.90 - - [24/Sep/2019:10:31:28 -0300] "GET /cormun/servlet/solicitudot?e3665ed67d950024e930fcc8f3ed98d527876007975bca0cae1eedddcae93503a14db103a26a414ddd5e116cc79500de,gx-no-cache=1569331565386 HTTP/1.1" 200 30
190.171.141.90 - - [24/Sep/2019:10:31:28 -0300] "POST /cormun/servlet/solicitudot?gx-no-cache=1569331565426 HTTP/1.1" 200 34
192.168.10.96 - - [24/Sep/2019:10:31:28 -0300] "GET /cormun/servlet/trsolicitudgral HTTP/1.1" 200 11196
192.168.10.96 - - [24/Sep/2019:10:31:33 -0300] "POST /cormun/servlet/trsolicitudgral?6f1875c807280ebe4b0593ca955e2772,gx-no-cache=1569335067119 HTTP/1.1" 200 10172
192.168.10.96 - - [24/Sep/2019:10:31:39 -0300] "POST /cormun/servlet/trsolicitudgral?6f1875c807280ebe4b0593ca955e2772,gx-no-cache=1569335072670 HTTP/1.1" 200 10173
192.168.10.96 - - [24/Sep/2019:10:31:40 -0300] "POST /cormun/servlet/trsolicitudgral?6f1875c807280ebe4b0593ca955e2772,gx-no-cache=1569335073847 HTTP/1.1" 200 10173
192.168.10.96 - - [24/Sep/2019:10:31:41 -0300] "POST /cormun/servlet/trsolicitudgral?6f1875c807280ebe4b0593ca955e2772,gx-no-cache=1569335075263 HTTP/1.1" 200 10173
186.103.159.186 - - [24/Sep/2019:10:31:47 -0300] "POST /cormun/servlet/trsolicitudot?e3f5ed7f772e9292bbe8de29cb716901,gx-no-cache=1569334807860 HTTP/1.1" 200 106
186.103.159.186 - - [24/Sep/2019:10:31:47 -0300] "GET /cormun/servlet/solicitudot?UPD,2019,16096, HTTP/1.1" 200 15573
186.103.159.186 - - [24/Sep/2019:10:31:48 -0300] "GET /cormun/servlet/solicitudot?UPD,2019,16096, HTTP/1.1" 200 15583
186.103.159.186 - - [24/Sep/2019:10:31:48 -0300] "POST /cormun/servlet/solicitudot?gx-no-cache=1569334808944 HTTP/1.1" 200 3560
186.103.159.186 - - [24/Sep/2019:10:31:49 -0300] "POST /cormun/servlet/solicitudot?e3f5ed7f772e9292bbe8de29cb716901,UPD,2019,16096,,gx-no-cache=1569334809081 HTTP/1.1" 200 11894
186.103.159.186 - - [24/Sep/2019:10:31:49 -0300] "GET /cormun/servlet/solicitudot?dab787593b607716773e3fe492ce60efdda70e50d38e01f0f47c3343cc917f12dfbc2a40104439668ee854d7aefcdd24,gx-no-cache=1569334809266 HTTP/1.1" 200 30
186.103.159.186 - - [24/Sep/2019:10:31:49 -0300] "GET /cormun/servlet/solicitudot?dab787593b607716773e3fe492ce60efd78df925627276d1b67ec77d57004d7551d6d722fdc71a591df27064b641c91f,gx-no-cache=1569334809297 HTTP/1.1" 200 30
186.103.159.186 - - [24/Sep/2019:10:31:49 -0300] "GET /cormun/servlet/solicitudot?dab787593b607716773e3fe492ce60efd8c60cc2b3b0d33bbf74f0902d3de0ef,gx-no-cache=1569334809318 HTTP/1.1" 200 29
186.103.159.186 - - [24/Sep/2019:10:31:49 -0300] "POST /cormun/servlet/solicitudot?gx-no-cache=1569334809341 HTTP/1.1" 200 240
186.103.159.186 - - [24/Sep/2019:10:31:49 -0300] "GET /cormun/servlet/solicitudot?dab787593b607716773e3fe492ce60effaa1d6ef7e2b338a587ff8d950b456480fed3ae1686e019bda36d6b83301fcce2ab85b6a1c37a28feec602e6b22b063ff9e48ccbabafe95676ce5bab6f31ba76f0764d1f0eb8546bab73503b7a7dc9f7773e532cb406a1efbd8c87b9afdecd379fdb0e5fcfb3901cf561df846c05fdba19a8f2d496bf7d430212221559c7a8c0fd1f1bde6fba0db7e248b786a57d954f33ec5fc0174aedd769183bcdd2d63ca024b4a288486a9018507c3b50d0c083228e3921f2a470bb3852e4b7f30b14d053fc4671061f8f73a10580ff3375c7e6ba2dd317388281c19e8ea53a3b7f9a70b6cbd8d81e4653e148d30b381996213ae96425440a22e7c4addd69aaf9573b3a9216c784de9e45d02f7704e350c58d74999e92d779a4fb07496f517fcc714bc43895d28b7fa9ec592815227096593e4a299f063834d6884090e8a2a92b84c5d69f9007e40fca3ed3dbf9135c8966dab284276347528d44e80e9465734421d1b1cf0e92908be544516261f87fa5589d6884,gx-no-cache=1569334809372 HTTP/1.1" 200 30
186.103.159.186 - - [24/Sep/2019:10:31:49 -0300] "POST /cormun/servlet/solicitudot?gx-no-cache=1569334809393 HTTP/1.1" 200 30
186.103.159.186 - - [24/Sep/2019:10:31:49 -0300] "POST /cormun/servlet/solicitudot?gx-no-cache=1569334809433 HTTP/1.1" 200 1361
186.103.159.186 - - [24/Sep/2019:10:31:49 -0300] "POST /cormun/servlet/solicitudot?gx-no-cache=1569334809520 HTTP/1.1" 200 41
186.103.159.186 - - [24/Sep/2019:10:31:50 -0300] "GET /cormun/servlet/solicitudot?dab787593b607716773e3fe492ce60ef5769fd121db56d72a5c5fe3de65f48d71d58c07190848e0bff5925410561987bfd65b6eedbd7d69328868624bd8a3cf6dd1e756fe3f229ea872f188dfe75a92611b4342052141ed00ca7175f37e58f4565cadbccd7882f414ecd2455cfd6afae,gx-no-cache=1569334810815 HTTP/1.1" 200 110
192.168.10.96 - - [24/Sep/2019:10:31:51 -0300] "POST /cormun/servlet/trsolicitudgral?6f1875c807280ebe4b0593ca955e2772,gx-no-cache=1569335084593 HTTP/1.1" 200 8706
190.171.141.90 - - [24/Sep/2019:10:31:51 -0300] "POST /cormun/servlet/solicitudot?8bd1062e26e802ab97d9736b2f9445e3,INS,0,0,,gx-no-cache=1569331588117 HTTP/1.1" 200 93
190.171.141.90 - - [24/Sep/2019:10:31:51 -0300] "GET /cormun/servlet/hpexe_return? HTTP/1.1" 200 1007
190.171.141.90 - - [24/Sep/2019:10:31:51 -0300] "GET /cormun/servlet/trsolicitudot HTTP/1.1" 200 8655
190.171.141.90 - - [24/Sep/2019:10:31:52 -0300] "GET /cormun/servlet/trsolicitudot HTTP/1.1" 200 8651
186.103.159.186 - - [24/Sep/2019:10:31:54 -0300] "POST /cormun/servlet/solicitudot?gx-no-cache=1569334814319 HTTP/1.1" 200 79
190.171.141.90 - - [24/Sep/2019:10:31:55 -0300] "POST /cormun/servlet/trsolicitudot?8bd1062e26e802ab97d9736b2f9445e3,gx-no-cache=1569331592265 HTTP/1.1" 200 4555
190.171.141.90 - - [24/Sep/2019:10:31:55 -0300] "GET /cormun/static/Shared/jqueryui/images/ui-bg_highlight-soft_100_c6c2c8_1x100.png HTTP/1.1" 404 1117
190.171.141.90 - - [24/Sep/2019:10:31:55 -0300] "GET /cormun/static/Shared/jqueryui/images/ui-icons_82798d_256x240.png HTTP/1.1" 404 1089
190.171.141.90 - - [24/Sep/2019:10:31:55 -0300] "GET /cormun/static/Shared/jqueryui/images/ui-bg_flat_55_fafafa_40x100.png HTTP/1.1" 404 1097
190.171.141.90 - - [24/Sep/2019:10:31:55 -0300] "GET /cormun/static/Shared/jqueryui/images/ui-icons_8d78a5_256x240.png HTTP/1.1" 404 1089
190.171.141.90 - - [24/Sep/2019:10:31:55 -0300] "POST /cormun/servlet/trsolicitudot?8bd1062e26e802ab97d9736b2f9445e3,gx-no-cache=1569331592466 HTTP/1.1" 200 4313
186.103.159.186 - - [24/Sep/2019:10:31:59 -0300] "GET /cormun/servlet/solicitudot?dab787593b607716773e3fe492ce60ef4b5587b896c711a8e63be98542f9490430ddc6f17754114ff22f62bb9a804b9d23b5d9d0956a670c859d35ec97e76f38e529627d63a1453d2a3d10d72cac49c21250d8c76ec886d0344470cfaf48211895d26e2c9a5210ef2216a47c4eff757232b23259fd3d318dc97aa238cb9e99fab7c9d4d8694205e71e118f66f2505e449d9cd41f65980698b4bf968dc8b3c87f93b9c88514be318c4c913315983dafd1dcc8b5b24c5977a842da9ac3306becb186234cd0a0ce9c4516116a13227cc91f,gx-no-cache=1569334819181 HTTP/1.1" 200 30
186.103.159.186 - - [24/Sep/2019:10:32:03 -0300] "GET /cormun/servlet/solicitudot?dab787593b607716773e3fe492ce60efb7a52fac09e84bf428418b0ede64c828ad7264acc2994b1e792f3df9953bec94,gx-no-cache=1569334823301 HTTP/1.1" 200 30
186.103.159.186 - - [24/Sep/2019:10:32:03 -0300] "POST /cormun/servlet/solicitudot?gx-no-cache=1569334823324 HTTP/1.1" 200 34
186.103.159.186 - - [24/Sep/2019:10:32:03 -0300] "POST /cormun/servlet/solicitudot?e3f5ed7f772e9292bbe8de29cb716901,UPD,2019,16096,,gx-no-cache=1569334823353 HTTP/1.1" 200 93
186.103.159.186 - - [24/Sep/2019:10:32:03 -0300] "GET /cormun/servlet/hpexe_return? HTTP/1.1" 200 1011
186.103.159.186 - - [24/Sep/2019:10:32:03 -0300] "GET /cormun/servlet/trsolicitudot HTTP/1.1" 200 8708
192.168.10.96 - - [24/Sep/2019:10:32:03 -0300] "GET /cormun/servlet/solicitudgral3?UPD,2019,16096, HTTP/1.1" 200 14177
192.168.10.96 - - [24/Sep/2019:10:32:04 -0300] "GET /cormun/static/gxcfg.js?201837110472 HTTP/1.1" 200 953
192.168.10.96 - - [24/Sep/2019:10:32:04 -0300] "GET /cormun/static/solicitudgral3.js?2018371104785 HTTP/1.1" 200 45517
186.103.159.186 - - [24/Sep/2019:10:32:04 -0300] "GET /cormun/servlet/trsolicitudot HTTP/1.1" 200 8704
192.168.10.96 - - [24/Sep/2019:10:32:04 -0300] "GET /cormun/servlet/solicitudgral3?UPD,2019,16096, HTTP/1.1" 200 14188
192.168.10.96 - - [24/Sep/2019:10:32:04 -0300] "POST /cormun/servlet/solicitudgral3?gx-no-cache=1569335098320 HTTP/1.1" 200 4221
192.168.10.96 - - [24/Sep/2019:10:32:05 -0300] "GET /cormun/servlet/solicitudgral3?64aa9fb6d4bbc390d09686d1319b6d33e06dfb60162bdd9703572621a24614053bcc86b19f106109f8e0b434428d992c20ab3bd414977545a672fbc6d555354dd426b38ded99d41f3685d88b39ea20f4572e2763b1142eea0a546293d684e6939d4970a70b8b6314c51158910b9a25ecc2163f9b5a2b2786a4dacd3e0a76129422ead1ee949ed40708d89ad0a2b11b78841fdce17352176ef9181352f7240bc9e29c99b82facd1c5e68f5e11998e07baae74d0d62a14a3de967a41cc2b9f4179148caee4b5a4f47f28c9a0dd122831627b0a31f768dd51391b5828d349e88f88d639a8bc52652238bf9bd69c2752634691181a5c6e7ef3d87ae2c8d1a1441ce43d367a6746acc68881380330931fda4f1b010c66c92ba3e6d4819d2dadd6915659d0f5490b8e3f5edd8e5b42bb0b518ed173c41afe0e0c2a925c3d6c246a2b6e2b45f05e6f06c9e8823f3f0b64890d05,gx-no-cache=1569335098486 HTTP/1.1" 200 240
192.168.10.96 - - [24/Sep/2019:10:32:05 -0300] "GET /cormun/servlet/solicitudgral3?64aa9fb6d4bbc390d09686d1319b6d33306a1282c7290862330a8244d02962c743b68c47b05b578cf0f7f835fbb4f30e01ec3c9b4ebff3fd58fcd0f78694c0fa7233a50040aaa9afbef6ef58e85b637adf7b4447f1544c32f9e72b2e787afcc0,gx-no-cache=1569335098506 HTTP/1.1" 200 42
192.168.10.96 - - [24/Sep/2019:10:32:05 -0300] "GET /cormun/servlet/solicitudgral3?64aa9fb6d4bbc390d09686d1319b6d33598d8d3971c8df1d942de1ab35c15403fd0409ecae4e38247ab040dde487ccb6595fec046db201a19091f7310c35a4100eb0046514daf5cbf11c958c7a819e4d6bf7bbf90e72aa7f3836e9a52f1eef178a3f8011936f55aca065611097d889920b836968d88b3cab9ca9ab961217b010,gx-no-cache=1569335098573 HTTP/1.1" 200 41
192.168.10.96 - - [24/Sep/2019:10:32:07 -0300] "GET /cormun/servlet/solicitudgral3?64aa9fb6d4bbc390d09686d1319b6d33b9f2204c40f3f2133f4f2ea87e628c41ab49cbccd31ca81c4e0418c30ba2413c20ab3bd414977545a672fbc6d555354d5b83b29055dbcd52c65ddf700dc2d415b4e27ca9eb380458072334b40df2a6df,gx-no-cache=1569335100984 HTTP/1.1" 200 30
192.168.10.96 - - [24/Sep/2019:10:32:07 -0300] "POST /cormun/servlet/solicitudgral3?gx-no-cache=1569335101008 HTTP/1.1" 200 79
192.168.10.96 - - [24/Sep/2019:10:32:07 -0300] "POST /cormun/servlet/solicitudgral3?6f1875c807280ebe4b0593ca955e2772,UPD,2019,16096,,gx-no-cache=1569335101045 HTTP/1.1" 200 12631
