192.168.10.96 - - [24/Sep/2019:10:32:10 -0300] "GET /cormun/servlet/solicitudgral3?64aa9fb6d4bbc390d09686d1319b6d33085bfb25fdf35fb10f5ab483fe5d643bf0129e8557d7b1a9dd917afe812131a808e1b7a5ba000f10ecbf123dbd4b6478d48cb74c3d2d54491356f586ab64badddfdbcd941f17fde244d9a7b1527c18ceb653a7d42cd55778a0d4b376d55d249533f61df566447684e02abedaa86438c8e41f6f41d8fb4977ed2ee32b26fa5a3a984d90a8fc00ac6438867de057cafe4a2c8d7033db53697292dd96534db2eb1e16be239af7a173ceef72667c0ae92552f2ec351ad8b90be45859286ac3f95bbc,gx-no-cache=1569335103504 HTTP/1.1" 200 29
192.168.10.96 - - [24/Sep/2019:10:32:10 -0300] "GET /cormun/servlet/solicitudgral3?64aa9fb6d4bbc390d09686d1319b6d33a9a55ca404825932d96cd91fc03f889586293d2775021aad043e190bbbe20ea10df2742f5f33cf951ce4321843f6177f20ab3bd414977545a672fbc6d555354d833ff36da9b08767b1249651a292381241ef5b8dadb7b19a30880e9a1a35df3b6cb14bc461a3d588bc5832955c569af51f4dd0eac87afd367ae070bd21554f22,gx-no-cache=1569335103520 HTTP/1.1" 200 30
192.168.10.96 - - [24/Sep/2019:10:32:10 -0300] "POST /cormun/servlet/solicitudgral3?6f1875c807280ebe4b0593ca955e2772,UPD,2019,16096,,gx-no-cache=1569335103536 HTTP/1.1" 200 93
192.168.10.96 - - [24/Sep/2019:10:32:10 -0300] "GET /cormun/servlet/hpexe_return? HTTP/1.1" 200 1041
192.168.10.96 - - [24/Sep/2019:10:32:10 -0300] "GET /cormun/servlet/trsolicitudgral?gx-no-cache=1569335084593 HTTP/1.1" 200 12051
192.168.10.96 - - [24/Sep/2019:10:32:10 -0300] "GET /cormun/servlet/trsolicitudgral?gx-no-cache=1569335084593 HTTP/1.1" 200 12068
192.168.10.96 - - [24/Sep/2019:10:32:23 -0300] "POST /cormun/servlet/trsolicitudgral?6f1875c807280ebe4b0593ca955e2772,gx-no-cache=1569335084593,gx-no-cache=1569335116770 HTTP/1.1" 200 8726
192.168.10.96 - - [24/Sep/2019:10:32:52 -0300] "GET /cormun/servlet/vesolicitudgral?2019,15912,, HTTP/1.1" 200 9364
192.168.10.96 - - [24/Sep/2019:10:32:52 -0300] "GET /cormun/pexe_scrolldiv.js HTTP/1.1" 404 1009
192.168.10.96 - - [24/Sep/2019:10:32:52 -0300] "GET /cormun/pexe_scrolldiv.js HTTP/1.1" 404 1009
192.168.10.96 - - [24/Sep/2019:10:32:52 -0300] "GET /cormun/servlet/vesolicitudgral?2019,15912,, HTTP/1.1" 200 9340
186.103.159.186 - - [24/Sep/2019:10:32:52 -0300] "POST /cormun/servlet/trsolicitudot?e3f5ed7f772e9292bbe8de29cb716901,gx-no-cache=1569334872644 HTTP/1.1" 200 4574
186.103.159.186 - - [24/Sep/2019:10:32:52 -0300] "GET /cormun/static/Shared/jqueryui/images/ui-bg_highlight-soft_100_c6c2c8_1x100.png HTTP/1.1" 404 1117
186.103.159.186 - - [24/Sep/2019:10:32:53 -0300] "GET /cormun/static/Shared/jqueryui/images/ui-bg_flat_55_fafafa_40x100.png HTTP/1.1" 404 1097
186.103.159.186 - - [24/Sep/2019:10:32:53 -0300] "GET /cormun/static/Shared/jqueryui/images/ui-icons_82798d_256x240.png HTTP/1.1" 404 1089
186.103.159.186 - - [24/Sep/2019:10:32:53 -0300] "GET /cormun/static/Shared/jqueryui/images/ui-icons_8d78a5_256x240.png HTTP/1.1" 404 1089
186.103.159.186 - - [24/Sep/2019:10:32:54 -0300] "POST /cormun/servlet/trsolicitudot?e3f5ed7f772e9292bbe8de29cb716901,gx-no-cache=1569334873230 HTTP/1.1" 200 4316
186.103.159.188 - - [24/Sep/2019:10:32:55 -0300] "GET /cormun/servlet/licenciaspermisos?INS,0,,, HTTP/1.1" 200 7569
186.103.159.188 - - [24/Sep/2019:10:32:56 -0300] "GET /cormun/servlet/licenciaspermisos?INS,0,,, HTTP/1.1" 200 7576
186.103.159.186 - - [24/Sep/2019:10:32:59 -0300] "GET /cormun/servlet/hlogin HTTP/1.1" 200 1720
192.168.10.96 - - [24/Sep/2019:10:32:59 -0300] "GET /cormun/servlet/vesolicitudgral?2019,15912,,SolicitudOTLog HTTP/1.1" 200 10418
192.168.10.96 - - [24/Sep/2019:10:32:59 -0300] "GET /cormun/pexe_scrolldiv.js HTTP/1.1" 404 1009
192.168.10.96 - - [24/Sep/2019:10:32:59 -0300] "GET /cormun/static/tbsolicitudgral03.js?20177611585854 HTTP/1.1" 200 13342
192.168.10.96 - - [24/Sep/2019:10:32:59 -0300] "GET /cormun/pexe_scrolldiv.js HTTP/1.1" 404 1009
192.168.10.96 - - [24/Sep/2019:10:32:59 -0300] "GET /cormun/static/Resources/PXToolsTabLastSelected.png HTTP/1.1" 200 1262
192.168.10.96 - - [24/Sep/2019:10:32:59 -0300] "GET /cormun/servlet/vesolicitudgral?2019,15912,,SolicitudOTLog HTTP/1.1" 200 10419
192.168.10.96 - - [24/Sep/2019:10:33:00 -0300] "POST /cormun/servlet/acontrolpreferencessavestate?None,DZAMUDIO,true HTTP/1.1" 200 35
192.168.10.96 - - [24/Sep/2019:10:33:03 -0300] "GET /cormun/servlet/trsolicitudgral? HTTP/1.1" 200 11532
192.168.10.96 - - [24/Sep/2019:10:33:03 -0300] "GET /cormun/servlet/trsolicitudgral? HTTP/1.1" 200 11526
192.168.10.96 - - [24/Sep/2019:10:33:07 -0300] "POST /cormun/servlet/trsolicitudgral?6f1875c807280ebe4b0593ca955e2772,,gx-no-cache=1569335160977 HTTP/1.1" 200 15566
192.168.10.96 - - [24/Sep/2019:10:33:08 -0300] "POST /cormun/servlet/trsolicitudgral?6f1875c807280ebe4b0593ca955e2772,,gx-no-cache=1569335161408 HTTP/1.1" 200 15567
186.103.159.186 - - [24/Sep/2019:10:33:11 -0300] "POST /cormun/servlet/hlogin?e3f5ed7f772e9292bbe8de29cb716901,gx-no-cache=1569334891430 HTTP/1.1" 200 90
186.103.159.186 - - [24/Sep/2019:10:33:11 -0300] "GET /cormun/servlet/hpexe_link HTTP/1.1" 200 949
186.103.159.186 - - [24/Sep/2019:10:33:11 -0300] "GET /cormun/servlet/hhome HTTP/1.1" 200 4214
186.103.159.186 - - [24/Sep/2019:10:33:11 -0300] "GET /cormun/static/SmoothNavMenu/resources/images/right.gif HTTP/1.1" 200 860
186.103.159.186 - - [24/Sep/2019:10:33:11 -0300] "GET /cormun/servlet/hhome HTTP/1.1" 200 4210
186.103.159.186 - - [24/Sep/2019:10:33:14 -0300] "GET /cormun/servlet/trautorizarsolicitud? HTTP/1.1" 200 8776
186.103.159.186 - - [24/Sep/2019:10:33:14 -0300] "GET /cormun/static/gxcfg.js?2017111423403364 HTTP/1.1" 200 953
186.103.159.186 - - [24/Sep/2019:10:33:14 -0300] "GET /cormun/static/trautorizarsolicitud.js?201711142340425 HTTP/1.1" 200 53910
186.103.159.186 - - [24/Sep/2019:10:33:14 -0300] "GET /cormun/servlet/trautorizarsolicitud? HTTP/1.1" 200 8774
186.103.159.186 - - [24/Sep/2019:10:33:24 -0300] "POST /cormun/servlet/trautorizarsolicitud?e3f5ed7f772e9292bbe8de29cb716901,,gx-no-cache=1569334904423 HTTP/1.1" 200 4718
186.103.159.186 - - [24/Sep/2019:10:33:24 -0300] "GET /cormun/static/Shared/jqueryui/images/ui-bg_highlight-soft_100_c6c2c8_1x100.png HTTP/1.1" 404 1117
186.103.159.186 - - [24/Sep/2019:10:33:24 -0300] "GET /cormun/static/Shared/jqueryui/images/ui-icons_82798d_256x240.png HTTP/1.1" 404 1089
186.103.159.186 - - [24/Sep/2019:10:33:24 -0300] "GET /cormun/static/Shared/jqueryui/images/ui-bg_flat_55_fafafa_40x100.png HTTP/1.1" 404 1097
186.103.159.186 - - [24/Sep/2019:10:33:24 -0300] "GET /cormun/static/Shared/jqueryui/images/ui-icons_8d78a5_256x240.png HTTP/1.1" 404 1089
186.103.159.186 - - [24/Sep/2019:10:33:24 -0300] "POST /cormun/servlet/trautorizarsolicitud?e3f5ed7f772e9292bbe8de29cb716901,,gx-no-cache=1569334904610 HTTP/1.1" 200 4457
192.168.10.96 - - [24/Sep/2019:10:33:28 -0300] "POST /cormun/servlet/trsolicitudgral?6f1875c807280ebe4b0593ca955e2772,,gx-no-cache=1569335181498 HTTP/1.1" 200 15977
192.168.10.96 - - [24/Sep/2019:10:33:28 -0300] "POST /cormun/servlet/trsolicitudgral?6f1875c807280ebe4b0593ca955e2772,,gx-no-cache=1569335181982 HTTP/1.1" 200 15977
186.103.159.188 - - [24/Sep/2019:10:33:58 -0300] "GET /cormun/servlet/licenciaspermisos?a8a3760a0db7a9cd80c11fb9f8b5c1f6c16cd5be0de67568e439884458c6cbc3eadbc95db97522a8cce8d4c43b5ec79f,gx-no-cache=1569331716674 HTTP/1.1" 200 90
186.103.159.188 - - [24/Sep/2019:10:33:58 -0300] "POST /cormun/servlet/licenciaspermisos?607b0cfebf303012725711fb07789d48,INS,0,,,,gx-no-cache=1569331716864 HTTP/1.1" 200 4739
186.103.159.188 - - [24/Sep/2019:10:34:20 -0300] "GET /cormun/static/menuarrow.gif HTTP/1.1" 404 1015
186.103.159.188 - - [24/Sep/2019:10:35:18 -0300] "GET /cormun/servlet/licenciaspermisos?a8a3760a0db7a9cd80c11fb9f8b5c1f6325ec38a6444f18c7a542b43b10ffde76200302f360b1176c0cc5086912866ab263d1ac9a5409384e2cca1acb137c80cb70e3d6af81bcc0f9e7b83bde6ea7ab0c5c9fbcc6fbde44092e20f24628a2032b518c21f1307dc7164492af4bc93460c48c35cef7c30209550d153c3bad4977d72e999b06fbf917638b9d8031694d7387f57114eeb41caa92f7e29b9ada18ee3a79f27839613d0b60ebba6d8277fe111,gx-no-cache=1569331796386 HTTP/1.1" 200 30
186.103.159.188 - - [24/Sep/2019:10:35:18 -0300] "POST /cormun/servlet/licenciaspermisos?607b0cfebf303012725711fb07789d48,INS,0,,,,gx-no-cache=1569331796511 HTTP/1.1" 200 4824
186.103.159.188 - - [24/Sep/2019:10:35:29 -0300] "GET /cormun/servlet/licenciaspermisos?a8a3760a0db7a9cd80c11fb9f8b5c1f66806f5c1a6ca3b54170bd0c0b2e3c59904b511ea2b553d164a229c5069bbef1ba44972b7636d967777b3fb0386c165e4017124abf1b9d9b65e635f374ddea32838d89e1ab6c3a06c34101e6866611fe13a69d3d463a4ca5ecf732eeb2e3db82c7dcb1868fa4ca11504be4fb5f3864a494d5a13365f94edb3c2ee01f954420be6c989244ef3cb6ccc48e5bba0e3a649ceadd5ea5f9ad5650a10016771a5b0355df4a315704df7d466b3ef433822bfbdbec58b3c10ab8e4b23cb4fd8bc9521217c83ebbd6592579b3a91aa4762161ca83f6ea79eb3bf8f8ec7261ebf99c782bf6f,gx-no-cache=1569331807600 HTTP/1.1" 200 57
186.103.159.188 - - [24/Sep/2019:10:35:34 -0300] "POST /cormun/servlet/licenciaspermisos?607b0cfebf303012725711fb07789d48,INS,0,,,,gx-no-cache=1569331812554 HTTP/1.1" 200 93
186.103.159.188 - - [24/Sep/2019:10:35:34 -0300] "GET /cormun/servlet/hpexe_return? HTTP/1.1" 200 1008
186.103.159.188 - - [24/Sep/2019:10:35:35 -0300] "GET /cormun/servlet/trlicencias HTTP/1.1" 200 14837
186.103.159.188 - - [24/Sep/2019:10:35:35 -0300] "GET /cormun/servlet/trlicencias HTTP/1.1" 200 14832
186.103.159.188 - - [24/Sep/2019:10:35:40 -0300] "GET /cormun/servlet/alicenciaprn?7758584,L,20190924000000,PU HTTP/1.1" 200 1587
190.171.141.122 - - [24/Sep/2019:10:36:32 -0300] "POST /cormun/servlet/trlicencias?70389ba8c94deeef47eaa4d72b10fa41,,gx-no-cache=1569331869658 HTTP/1.1" 200 7653
186.103.159.188 - - [24/Sep/2019:10:41:21 -0300] "GET /cormun/servlet/trlicenciaspermisosadjuntos?7758584,20190924000000,L, HTTP/1.1" 200 6391
186.103.159.188 - - [24/Sep/2019:10:41:22 -0300] "GET /cormun/servlet/trlicenciaspermisosadjuntos?7758584,20190924000000,L, HTTP/1.1" 200 6392
186.103.159.188 - - [24/Sep/2019:10:41:24 -0300] "GET /cormun/servlet/licenciaspermisosadjuntos?INS,7758584,L,20190924000000,, HTTP/1.1" 200 5688
186.103.159.188 - - [24/Sep/2019:10:41:24 -0300] "GET /cormun/static/about:blank HTTP/1.1" 404 1011
186.103.159.188 - - [24/Sep/2019:10:41:24 -0300] "GET /cormun/servlet/licenciaspermisosadjuntos?INS,7758584,L,20190924000000,, HTTP/1.1" 200 5677
186.103.159.188 - - [24/Sep/2019:10:41:33 -0300] "POST /cormun/servlet/licenciaspermisosadjuntos?607b0cfebf303012725711fb07789d48,INS,7758584,L,20190924000000,, HTTP/1.1" 200 116
186.103.159.188 - - [24/Sep/2019:10:41:33 -0300] "GET /cormun/servlet/hpexe_return? HTTP/1.1" 200 1039
186.103.159.188 - - [24/Sep/2019:10:41:34 -0300] "GET /cormun/servlet/trlicenciaspermisosadjuntos?7758584,20190924000000,L, HTTP/1.1" 200 6861
186.103.159.188 - - [24/Sep/2019:10:41:34 -0300] "GET /cormun/servlet/trlicenciaspermisosadjuntos?7758584,20190924000000,L, HTTP/1.1" 200 6859
186.103.159.188 - - [24/Sep/2019:10:41:38 -0300] "GET /cormun/servlet/trlicencias? HTTP/1.1" 200 14833
186.103.159.188 - - [24/Sep/2019:10:41:39 -0300] "GET /cormun/servlet/trlicencias? HTTP/1.1" 200 14831
186.103.159.188 - - [24/Sep/2019:10:41:43 -0300] "POST /cormun/servlet/trlicencias?607b0cfebf303012725711fb07789d48,,gx-no-cache=1569332181530 HTTP/1.1" 200 12378
186.103.159.188 - - [24/Sep/2019:10:41:44 -0300] "GET /cormun/static/Shared/jqueryui/images/ui-bg_highlight-soft_100_c6c2c8_1x100.png HTTP/1.1" 404 1117
186.103.159.188 - - [24/Sep/2019:10:41:44 -0300] "GET /cormun/static/Shared/jqueryui/images/ui-icons_82798d_256x240.png HTTP/1.1" 404 1089
186.103.159.188 - - [24/Sep/2019:10:41:44 -0300] "GET /cormun/static/Shared/jqueryui/images/ui-icons_8d78a5_256x240.png HTTP/1.1" 404 1089
186.103.159.188 - - [24/Sep/2019:10:41:44 -0300] "GET /cormun/static/Shared/jqueryui/images/ui-bg_flat_55_fafafa_40x100.png HTTP/1.1" 404 1097
200.54.103.162 - - [24/Sep/2019:10:43:39 -0300] "POST /cormun/servlet/trlicencias?56831009d3687e221d642357a7d9e6d6,gx-no-cache=1569332296695 HTTP/1.1" 200 13103
200.54.103.162 - - [24/Sep/2019:10:43:43 -0300] "POST /cormun/servlet/trlicencias?56831009d3687e221d642357a7d9e6d6,gx-no-cache=1569332301252 HTTP/1.1" 200 13099
200.54.107.2 - - [24/Sep/2019:10:48:08 -0300] "GET /cormun/servlet/hlogin HTTP/1.1" 200 1718
200.54.107.2 - - [24/Sep/2019:10:48:09 -0300] "GET /cormun/servlet/hlogin HTTP/1.1" 200 1724
200.54.107.2 - - [24/Sep/2019:10:48:15 -0300] "POST /cormun/servlet/hlogin?27f1e8670ff85ac5616d88787b6e1556,gx-no-cache=1569332573154 HTTP/1.1" 200 90
200.54.107.2 - - [24/Sep/2019:10:48:15 -0300] "GET /cormun/servlet/hpexe_link HTTP/1.1" 200 944
200.54.107.2 - - [24/Sep/2019:10:48:15 -0300] "GET /cormun/servlet/hhome HTTP/1.1" 200 4308
200.54.107.2 - - [24/Sep/2019:10:48:16 -0300] "GET /cormun/servlet/hhome HTTP/1.1" 200 4305
200.54.107.2 - - [24/Sep/2019:10:48:21 -0300] "GET /cormun/servlet/trlicencias? HTTP/1.1" 200 10765
200.54.107.2 - - [24/Sep/2019:10:48:22 -0300] "GET /cormun/servlet/trlicencias? HTTP/1.1" 200 10763
190.171.141.122 - - [24/Sep/2019:10:48:30 -0300] "POST /cormun/servlet/trlicencias?70389ba8c94deeef47eaa4d72b10fa41,,gx-no-cache=1569332586788 HTTP/1.1" 200 7651
200.54.103.162 - - [24/Sep/2019:10:49:21 -0300] "POST /cormun/servlet/trlicencias?56831009d3687e221d642357a7d9e6d6,gx-no-cache=1569332639213 HTTP/1.1" 200 13088
190.171.154.42 - - [24/Sep/2019:10:50:59 -0300] "GET /cormun/servlet/hlogin HTTP/1.1" 200 1726
190.171.154.42 - - [24/Sep/2019:10:50:59 -0300] "GET /cormun/servlet/hlogin HTTP/1.1" 200 1736
190.171.154.42 - - [24/Sep/2019:10:51:08 -0300] "POST /cormun/servlet/hlogin?ec2fc2577848e4fcad970a450c880133,gx-no-cache=1569332743308 HTTP/1.1" 200 90
190.171.154.42 - - [24/Sep/2019:10:51:08 -0300] "GET /cormun/servlet/hpexe_link HTTP/1.1" 200 953
190.171.154.42 - - [24/Sep/2019:10:51:09 -0300] "GET /cormun/servlet/hhome HTTP/1.1" 200 4322
190.171.154.42 - - [24/Sep/2019:10:51:11 -0300] "GET /cormun/servlet/hhome HTTP/1.1" 200 4318
190.171.154.42 - - [24/Sep/2019:10:51:14 -0300] "GET /cormun/servlet/trlicencias? HTTP/1.1" 200 12116
190.171.154.42 - - [24/Sep/2019:10:51:16 -0300] "GET /cormun/servlet/trlicencias? HTTP/1.1" 200 12114
190.171.154.42 - - [24/Sep/2019:10:51:22 -0300] "GET /cormun/static/menuarrow.gif HTTP/1.1" 404 1015
190.171.154.42 - - [24/Sep/2019:10:51:31 -0300] "POST /cormun/servlet/trlicencias?ec2fc2577848e4fcad970a450c880133,,gx-no-cache=1569332765318 HTTP/1.1" 200 19485
190.171.154.42 - - [24/Sep/2019:10:52:54 -0300] "POST /cormun/servlet/trlicencias?ec2fc2577848e4fcad970a450c880133,,gx-no-cache=1569332848649 HTTP/1.1" 200 4378
190.171.154.42 - - [24/Sep/2019:10:53:03 -0300] "POST /cormun/servlet/trlicencias?ec2fc2577848e4fcad970a450c880133,,gx-no-cache=1569332857315 HTTP/1.1" 200 19363
190.171.152.114 - - [24/Sep/2019:10:54:13 -0300] "GET /cormun/servlet/hlogin HTTP/1.1" 200 1722
190.171.152.114 - - [24/Sep/2019:10:54:13 -0300] "GET /cormun/servlet/hlogin HTTP/1.1" 200 1730
190.171.152.114 - - [24/Sep/2019:10:54:35 -0300] "POST /cormun/servlet/hlogin?cac54aac2bb3620fbdcf04c5c2563b19,gx-no-cache=1569332954718 HTTP/1.1" 200 90
190.171.152.114 - - [24/Sep/2019:10:54:35 -0300] "GET /cormun/servlet/hpexe_link HTTP/1.1" 200 948
190.171.152.114 - - [24/Sep/2019:10:54:35 -0300] "GET /cormun/servlet/hhome HTTP/1.1" 200 4274
190.171.152.114 - - [24/Sep/2019:10:54:36 -0300] "GET /cormun/servlet/hhome HTTP/1.1" 200 4270
190.171.152.114 - - [24/Sep/2019:10:54:39 -0300] "GET /cormun/servlet/trlicencias? HTTP/1.1" 200 12998
190.171.152.114 - - [24/Sep/2019:10:54:40 -0300] "GET /cormun/servlet/trlicencias? HTTP/1.1" 200 13018
190.171.152.114 - - [24/Sep/2019:10:54:45 -0300] "GET /cormun/servlet/alicenciaprn?16739952,L,20190923000000,PU HTTP/1.1" 200 1539
190.171.152.242 - - [24/Sep/2019:10:54:47 -0300] "GET /cormun/servlet/hlogin HTTP/1.1" 200 1729
190.171.152.242 - - [24/Sep/2019:10:54:50 -0300] "POST /cormun/servlet/hlogin?bf97b1de03c7f8a2a40d9896184cd4e3,gx-no-cache=1569332967320 HTTP/1.1" 200 90
190.171.152.242 - - [24/Sep/2019:10:54:50 -0300] "GET /cormun/servlet/hpexe_link HTTP/1.1" 200 951
190.171.152.242 - - [24/Sep/2019:10:54:50 -0300] "GET /cormun/servlet/hhome HTTP/1.1" 200 4070
190.171.152.242 - - [24/Sep/2019:10:54:50 -0300] "GET /cormun/servlet/hhome HTTP/1.1" 200 4066
190.171.152.242 - - [24/Sep/2019:10:54:53 -0300] "GET /cormun/servlet/trpermisosgoce? HTTP/1.1" 200 12088
190.171.152.242 - - [24/Sep/2019:10:54:53 -0300] "GET /cormun/servlet/trpermisosgoce? HTTP/1.1" 200 12097
190.171.152.242 - - [24/Sep/2019:10:54:56 -0300] "GET /cormun/servlet/permisogoce?INS,0,,, HTTP/1.1" 200 6907
190.171.152.242 - - [24/Sep/2019:10:54:56 -0300] "GET /cormun/servlet/permisogoce?INS,0,,, HTTP/1.1" 200 6907
190.171.152.242 - - [24/Sep/2019:10:55:00 -0300] "GET /cormun/servlet/prfichaempleado?,MD,,gxPopupLevel%3D0%3B HTTP/1.1" 200 9373
190.171.152.242 - - [24/Sep/2019:10:55:08 -0300] "POST /cormun/servlet/prfichaempleado?bf97b1de03c7f8a2a40d9896184cd4e3,,MD,,gxPopupLevel%3D0%3B,gx-no-cache=1569332985018 HTTP/1.1" 200 3421
190.171.152.242 - - [24/Sep/2019:10:55:13 -0300] "GET /cormun/servlet/permisogoce?ca6d905f5590b6f77f57426ef57dff6a87428c01d10b083ce55a9b797f925f18c5170aa8bb82837c95d5119a5a7271cbd5190f6db93ff57df579631381b0d48f,gx-no-cache=1569332989962 HTTP/1.1" 200 78
190.171.152.242 - - [24/Sep/2019:10:55:13 -0300] "GET /cormun/static/menuarrow.gif HTTP/1.1" 404 1015
190.171.141.122 - - [24/Sep/2019:10:55:13 -0300] "GET /cormun/servlet/trlicencias? HTTP/1.1" 200 10431
190.171.141.122 - - [24/Sep/2019:10:55:14 -0300] "GET /cormun/servlet/trlicencias? HTTP/1.1" 200 10436
190.171.141.122 - - [24/Sep/2019:10:55:16 -0300] "GET /cormun/servlet/licenciaspermisos?INS,0,,, HTTP/1.1" 200 7870
190.171.141.122 - - [24/Sep/2019:10:55:17 -0300] "GET /cormun/static/gxcfg.js?201762917281167 HTTP/1.1" 200 953
190.171.141.122 - - [24/Sep/2019:10:55:17 -0300] "GET /cormun/static/licenciaspermisos.js?201762917281260 HTTP/1.1" 200 37491
190.171.141.122 - - [24/Sep/2019:10:55:17 -0300] "GET /cormun/static/Resources/prompt.gif HTTP/1.1" 200 902
190.171.141.122 - - [24/Sep/2019:10:55:17 -0300] "GET /cormun/servlet/licenciaspermisos?INS,0,,, HTTP/1.1" 200 7878
190.171.152.242 - - [24/Sep/2019:10:55:22 -0300] "GET /cormun/servlet/permisogoce?ca6d905f5590b6f77f57426ef57dff6af8312488d33da1992be0daf2597d8ae8df6e78c87ab340597e466ac3b935bc6f52a19eda7b76ea07928553cdae1e3077,gx-no-cache=1569332999207 HTTP/1.1" 200 48
190.171.141.122 - - [24/Sep/2019:10:55:24 -0300] "GET /cormun/servlet/licenciaspermisos?6807c16d86dcc2fdbed7d33e73f8e0a8bb68dd4c301d2623d454fd3524f565ceed2af73f4c3e3a4e801031b8426279a4,gx-no-cache=1569333001469 HTTP/1.1" 200 94
190.171.141.122 - - [24/Sep/2019:10:55:24 -0300] "POST /cormun/servlet/licenciaspermisos?70389ba8c94deeef47eaa4d72b10fa41,INS,0,,,,gx-no-cache=1569333001527 HTTP/1.1" 200 4962
190.171.152.242 - - [24/Sep/2019:10:55:25 -0300] "POST /cormun/servlet/permisogoce?bf97b1de03c7f8a2a40d9896184cd4e3,INS,0,,,,gx-no-cache=1569333001881 HTTP/1.1" 200 93
190.171.152.242 - - [24/Sep/2019:10:55:25 -0300] "GET /cormun/servlet/hpexe_return? HTTP/1.1" 200 1012
190.171.152.242 - - [24/Sep/2019:10:55:25 -0300] "GET /cormun/servlet/trpermisosgoce HTTP/1.1" 200 12367
190.171.152.242 - - [24/Sep/2019:10:55:25 -0300] "GET /cormun/servlet/trpermisosgoce HTTP/1.1" 200 12365
190.171.152.242 - - [24/Sep/2019:10:55:29 -0300] "GET /cormun/servlet/apermisogoceprn?16254676,P,20190924114750,PU HTTP/1.1" 200 1667
190.171.152.114 - - [24/Sep/2019:10:55:47 -0300] "GET /cormun/servlet/trsolicitudot? HTTP/1.1" 200 7484
190.171.152.114 - - [24/Sep/2019:10:55:48 -0300] "GET /cormun/servlet/trsolicitudot? HTTP/1.1" 200 7484
190.171.152.114 - - [24/Sep/2019:10:55:51 -0300] "GET /cormun/servlet/solicitudot?INS,0,0, HTTP/1.1" 200 15333
190.171.152.114 - - [24/Sep/2019:10:55:52 -0300] "GET /cormun/servlet/solicitudot?INS,0,0, HTTP/1.1" 200 15337
190.171.152.242 - - [24/Sep/2019:10:56:10 -0300] "GET /cormun/servlet/hlogin HTTP/1.1" 200 1741
190.171.152.114 - - [24/Sep/2019:10:56:25 -0300] "POST /cormun/servlet/solicitudot?gx-no-cache=1569333065147 HTTP/1.1" 200 3501
190.171.152.114 - - [24/Sep/2019:10:56:25 -0300] "POST /cormun/servlet/solicitudot?cac54aac2bb3620fbdcf04c5c2563b19,INS,0,0,,gx-no-cache=1569333065397 HTTP/1.1" 200 11974
190.171.141.122 - - [24/Sep/2019:10:58:43 -0300] "GET /cormun/servlet/licenciaspermisos?6807c16d86dcc2fdbed7d33e73f8e0a8e1a3257fdaf65134d2ba16124966d1f34d0a044857febe7a5a2d903d49d7236fa063de8c974b1342060330dc01db061f1705dde836248f89f0aeb9172b1df4ca0fc73ae332a2b228083a13c6eba55e3326c6e671a5de62afb8d96da4295cd1406c28ea65688defc256ab6bc3d59878aed178848fc1041dcabddb7a47337ea3042765b2b84766c93ee656bacca9b62d4c1a6484c96ebfd0db866f0bdfd07dfa32,gx-no-cache=1569333199919 HTTP/1.1" 200 30
190.171.141.122 - - [24/Sep/2019:10:58:43 -0300] "GET /cormun/servlet/licenciaspermisos?6807c16d86dcc2fdbed7d33e73f8e0a8d3c98faa83fb36d83184e8f378954a97215e5367764f29f333619cd237ea18aeec6866df3350b1919be43bddd4184917fb989297054abe1a73b9dc0d746c4f4efd6403c0ad5033a832afde5da11db018bd3eaf22d7cca4f33bfd5f28c08fb0632045197d157d7b0663776bd4f88ceedbf730830ebb37f2fb1270dbbe29baf6f0ea1fddeaa596d637b96a78c94b715691b1b4f82915b807e9a0b8565cd99e9936,gx-no-cache=1569333199990 HTTP/1.1" 200 29
190.171.141.122 - - [24/Sep/2019:10:58:43 -0300] "POST /cormun/servlet/licenciaspermisos?70389ba8c94deeef47eaa4d72b10fa41,INS,0,,,,gx-no-cache=1569333200031 HTTP/1.1" 200 93
190.171.141.122 - - [24/Sep/2019:10:58:43 -0300] "GET /cormun/servlet/hpexe_return? HTTP/1.1" 200 1015
190.171.141.122 - - [24/Sep/2019:10:58:43 -0300] "GET /cormun/static/hpexe_return.js?2016101716175153 HTTP/1.1" 200 1633
190.171.141.122 - - [24/Sep/2019:10:58:43 -0300] "GET /cormun/static/gxcfg.js?2016101716175148 HTTP/1.1" 200 953
190.171.141.122 - - [24/Sep/2019:10:58:43 -0300] "GET /cormun/static/Resources/Spanish/PXTools.css?167811 HTTP/1.1" 200 89042
190.171.141.122 - - [24/Sep/2019:10:58:43 -0300] "GET /cormun/servlet/trlicencias HTTP/1.1" 200 10891
190.171.141.122 - - [24/Sep/2019:10:58:44 -0300] "GET /cormun//static/Resources/PXToolsGridUpdate.png HTTP/1.1" 200 2984
190.171.141.122 - - [24/Sep/2019:10:58:44 -0300] "GET /cormun/servlet/trlicencias HTTP/1.1" 200 10886
190.171.141.122 - - [24/Sep/2019:10:58:47 -0300] "GET /cormun/servlet/alicenciaprn?14011465,L,20190924000000,PU HTTP/1.1" 200 1548
190.171.154.42 - - [24/Sep/2019:10:59:53 -0300] "GET /cormun/servlet/alicenciaprn?15122749,L,20190923000000,PU HTTP/1.1" 200 1545
190.171.141.122 - - [24/Sep/2019:11:01:43 -0300] "GET /cormun/servlet/trlicenciaspermisosadjuntos?14011465,20190924000000,L, HTTP/1.1" 200 6696
190.171.141.122 - - [24/Sep/2019:11:01:43 -0300] "GET /cormun/static/gxcfg.js?20177612163414 HTTP/1.1" 200 953
190.171.141.122 - - [24/Sep/2019:11:01:43 -0300] "GET /cormun/static/trlicenciaspermisosadjuntos.js?20177612163719 HTTP/1.1" 200 21036
190.171.141.122 - - [24/Sep/2019:11:01:44 -0300] "GET /cormun/servlet/trlicenciaspermisosadjuntos?14011465,20190924000000,L, HTTP/1.1" 200 6696
190.171.141.122 - - [24/Sep/2019:11:01:46 -0300] "GET /cormun/servlet/licenciaspermisosadjuntos?INS,14011465,L,20190924000000,, HTTP/1.1" 200 5984
190.171.141.122 - - [24/Sep/2019:11:01:46 -0300] "GET /cormun/static/gxcfg.js?2017761263592 HTTP/1.1" 200 953
190.171.141.122 - - [24/Sep/2019:11:01:46 -0300] "GET /cormun/static/licenciaspermisosadjuntos.js?201776126362 HTTP/1.1" 200 8760
190.171.141.122 - - [24/Sep/2019:11:01:46 -0300] "GET /cormun/static/about:blank HTTP/1.1" 404 1011
190.171.141.122 - - [24/Sep/2019:11:01:46 -0300] "GET /cormun/servlet/licenciaspermisosadjuntos?INS,14011465,L,20190924000000,, HTTP/1.1" 200 5973
190.171.141.122 - - [24/Sep/2019:11:02:01 -0300] "POST /cormun/servlet/licenciaspermisosadjuntos?70389ba8c94deeef47eaa4d72b10fa41,INS,14011465,L,20190924000000,, HTTP/1.1" 200 116
190.171.141.122 - - [24/Sep/2019:11:02:01 -0300] "GET /cormun/servlet/hpexe_return? HTTP/1.1" 200 1046
190.171.141.122 - - [24/Sep/2019:11:02:02 -0300] "GET /cormun/servlet/trlicenciaspermisosadjuntos?14011465,20190924000000,L, HTTP/1.1" 200 7208
190.171.141.122 - - [24/Sep/2019:11:02:02 -0300] "GET /cormun/servlet/trlicenciaspermisosadjuntos?14011465,20190924000000,L, HTTP/1.1" 200 7204
190.171.141.122 - - [24/Sep/2019:11:02:06 -0300] "GET /cormun/servlet/trlicencias? HTTP/1.1" 200 10887
190.171.141.122 - - [24/Sep/2019:11:02:07 -0300] "GET /cormun/servlet/trlicencias? HTTP/1.1" 200 10886
190.171.141.122 - - [24/Sep/2019:11:02:10 -0300] "POST /cormun/servlet/trlicencias?70389ba8c94deeef47eaa4d72b10fa41,,gx-no-cache=1569333407597 HTTP/1.1" 200 7998
190.171.141.122 - - [24/Sep/2019:11:02:11 -0300] "GET /cormun/static/Shared/jqueryui/images/ui-bg_highlight-soft_100_c6c2c8_1x100.png HTTP/1.1" 404 1117
190.171.141.122 - - [24/Sep/2019:11:02:11 -0300] "GET /cormun/static/Shared/jqueryui/images/ui-icons_82798d_256x240.png HTTP/1.1" 404 1089
190.171.141.122 - - [24/Sep/2019:11:02:11 -0300] "GET /cormun/static/Shared/jqueryui/images/ui-icons_8d78a5_256x240.png HTTP/1.1" 404 1089
190.171.141.122 - - [24/Sep/2019:11:02:11 -0300] "GET /cormun/static/Shared/jqueryui/images/ui-bg_flat_55_fafafa_40x100.png HTTP/1.1" 404 1097
192.168.10.89 - - [24/Sep/2019:11:03:03 -0300] "GET /cormun/servlet/hlogin HTTP/1.1" 200 1718
192.168.10.89 - - [24/Sep/2019:11:03:21 -0300] "POST /cormun/servlet/hlogin?956e711ba6a97cc9fb2c0367bd0c02f4,gx-no-cache=1569336974947 HTTP/1.1" 200 90
192.168.10.89 - - [24/Sep/2019:11:03:21 -0300] "GET /cormun/servlet/hpexe_link HTTP/1.1" 200 947
192.168.10.89 - - [24/Sep/2019:11:03:21 -0300] "GET /cormun/servlet/hhome HTTP/1.1" 200 3890
192.168.10.89 - - [24/Sep/2019:11:03:31 -0300] "GET /cormun/servlet/trsolicitudgral? HTTP/1.1" 200 17563
192.168.10.89 - - [24/Sep/2019:11:03:45 -0300] "POST /cormun/servlet/trsolicitudgral?956e711ba6a97cc9fb2c0367bd0c02f4,,gx-no-cache=1569336998588 HTTP/1.1" 200 6608
192.168.10.89 - - [24/Sep/2019:11:03:58 -0300] "POST /cormun/servlet/trsolicitudgral?956e711ba6a97cc9fb2c0367bd0c02f4,,gx-no-cache=1569337011650 HTTP/1.1" 200 9845
192.168.10.89 - - [24/Sep/2019:11:05:38 -0300] "POST /cormun/servlet/trsolicitudgral?956e711ba6a97cc9fb2c0367bd0c02f4,,gx-no-cache=1569337111806 HTTP/1.1" 200 14440
192.168.10.89 - - [24/Sep/2019:11:05:42 -0300] "POST /cormun/servlet/trsolicitudgral?956e711ba6a97cc9fb2c0367bd0c02f4,,gx-no-cache=1569337115595 HTTP/1.1" 200 105
192.168.10.89 - - [24/Sep/2019:11:05:42 -0300] "GET /cormun/SolicitudGral-3217.xls HTTP/1.1" 200 14336
192.168.10.89 - - [24/Sep/2019:11:05:44 -0300] "OPTIONS /cormun/ HTTP/1.1" 200 -
192.168.10.89 - - [24/Sep/2019:11:05:44 -0300] "OPTIONS /cormun/ HTTP/1.1" 200 -
192.168.10.89 - - [24/Sep/2019:11:05:49 -0300] "HEAD /cormun/SolicitudGral-3217.xls HTTP/1.1" 200 -
192.168.10.89 - - [24/Sep/2019:11:05:49 -0300] "OPTIONS / HTTP/1.1" 200 11217
192.168.10.89 - - [24/Sep/2019:11:05:49 -0300] "HEAD /cormun/SolicitudGral-3217.xls HTTP/1.1" 200 -
192.168.10.89 - - [24/Sep/2019:11:05:51 -0300] "GET /cormun/SolicitudGral-3217.xls HTTP/1.1" 200 14336
192.168.10.89 - - [24/Sep/2019:11:05:51 -0300] "HEAD /cormun/SolicitudGral-3217.xls HTTP/1.1" 200 -
192.168.10.89 - - [24/Sep/2019:11:06:02 -0300] "POST /cormun/servlet/trsolicitudgral?956e711ba6a97cc9fb2c0367bd0c02f4,,gx-no-cache=1569337135955 HTTP/1.1" 200 116
192.168.10.89 - - [24/Sep/2019:11:06:02 -0300] "GET /cormun/servlet/solicitudotlog?INS,2019,16022,0,REC, HTTP/1.1" 200 5697
192.168.10.89 - - [24/Sep/2019:11:06:03 -0300] "GET /cormun/servlet/solicitudotlog?b5447f4af6111a8a82d65ec0ef954c4355f177683fbd185c9fca0fb5a3cbe276ad843b898af54e02bca9de05669390584b5fba0ef3bedd7ae071dc2b54688bf00215b3c21cc1a23aaae5a7d0c3f33bbce80db62bd4ffba8542b2eb481ff6257876a7f4ce0bb1b29a096ad9c92833823e51574d0e8dea834c8a87340a019e515df63284bd5c48005dd663a4448a5359c1f3044cbd3ff864a7f346a3fc63d32a0b,gx-no-cache=1569337137127 HTTP/1.1" 200 94
192.168.10.89 - - [24/Sep/2019:11:06:14 -0300] "POST /cormun/servlet/solicitudotlog?956e711ba6a97cc9fb2c0367bd0c02f4,INS,2019,16022,0,REC,,gx-no-cache=1569337147490 HTTP/1.1" 200 93
192.168.10.89 - - [24/Sep/2019:11:06:14 -0300] "GET /cormun/servlet/hpexe_return? HTTP/1.1" 200 1020
192.168.10.89 - - [24/Sep/2019:11:06:14 -0300] "GET /cormun/servlet/trsolicitudgral? HTTP/1.1" 200 17111
190.171.154.42 - - [24/Sep/2019:11:08:40 -0300] "POST /cormun/servlet/trlicencias?ec2fc2577848e4fcad970a450c880133,,gx-no-cache=1569333794644 HTTP/1.1" 200 19488
192.168.10.89 - - [24/Sep/2019:11:14:38 -0300] "POST /cormun/servlet/trsolicitudgral?956e711ba6a97cc9fb2c0367bd0c02f4,,gx-no-cache=1569337651462 HTTP/1.1" 200 6682
192.168.10.89 - - [24/Sep/2019:11:14:48 -0300] "POST /cormun/servlet/trsolicitudgral?956e711ba6a97cc9fb2c0367bd0c02f4,,gx-no-cache=1569337661678 HTTP/1.1" 200 5496
192.168.10.89 - - [24/Sep/2019:11:14:48 -0300] "GET /cormun/static/Shared/jqueryui/images/ui-bg_highlight-soft_100_c6c2c8_1x100.png HTTP/1.1" 404 1117
192.168.10.89 - - [24/Sep/2019:11:14:48 -0300] "GET /cormun/static/Shared/jqueryui/images/ui-icons_82798d_256x240.png HTTP/1.1" 404 1089
192.168.10.89 - - [24/Sep/2019:11:14:48 -0300] "GET /cormun/static/Shared/jqueryui/images/ui-bg_flat_55_fafafa_40x100.png HTTP/1.1" 404 1097
192.168.10.89 - - [24/Sep/2019:11:14:48 -0300] "GET /cormun/static/Shared/jqueryui/images/ui-icons_8d78a5_256x240.png HTTP/1.1" 404 1089
190.171.141.90 - - [24/Sep/2019:11:14:53 -0300] "GET /cormun/servlet/trlicenciaspermisosadjuntos?10049006,20190918000000,L, HTTP/1.1" 200 5570
190.171.141.90 - - [24/Sep/2019:11:14:53 -0300] "GET /cormun/static/gxcfg.js?20177612163414 HTTP/1.1" 200 953
190.171.141.90 - - [24/Sep/2019:11:14:53 -0300] "GET /cormun/static/trlicenciaspermisosadjuntos.js?20177612163719 HTTP/1.1" 200 21036
190.171.141.90 - - [24/Sep/2019:11:14:54 -0300] "GET /cormun/servlet/hlogin HTTP/1.1" 200 1767
190.171.141.90 - - [24/Sep/2019:11:14:54 -0300] "GET /cormun/servlet/trlicenciaspermisosadjuntos?10049006,20190918000000,L, HTTP/1.1" 200 5569
190.171.141.90 - - [24/Sep/2019:11:15:02 -0300] "POST /cormun/servlet/hlogin?2cbcc9f8c24b1627aab8dbfd8d6aef1f,gx-no-cache=1569334179861 HTTP/1.1" 200 90
190.171.141.90 - - [24/Sep/2019:11:15:02 -0300] "GET /cormun/servlet/hpexe_link HTTP/1.1" 200 986
190.171.141.90 - - [24/Sep/2019:11:15:03 -0300] "GET /cormun/servlet/trlicenciaspermisosadjuntos?10049006,20190918000000,L, HTTP/1.1" 200 6184
190.171.141.90 - - [24/Sep/2019:11:15:03 -0300] "GET /cormun/servlet/trlicenciaspermisosadjuntos?10049006,20190918000000,L, HTTP/1.1" 200 6183
190.171.141.90 - - [24/Sep/2019:11:15:06 -0300] "GET /cormun/servlet/trlicencias? HTTP/1.1" 200 12480
190.171.141.90 - - [24/Sep/2019:11:15:07 -0300] "GET /cormun/servlet/trlicencias? HTTP/1.1" 200 12475
192.168.10.89 - - [24/Sep/2019:11:15:40 -0300] "POST /cormun/servlet/trsolicitudgral?956e711ba6a97cc9fb2c0367bd0c02f4,,gx-no-cache=1569337713988 HTTP/1.1" 200 6700
192.168.10.89 - - [24/Sep/2019:11:15:46 -0300] "POST /cormun/servlet/trsolicitudgral?956e711ba6a97cc9fb2c0367bd0c02f4,,gx-no-cache=1569337719376 HTTP/1.1" 200 5508
192.168.10.89 - - [24/Sep/2019:11:16:17 -0300] "POST /cormun/servlet/trsolicitudgral?956e711ba6a97cc9fb2c0367bd0c02f4,,gx-no-cache=1569337750866 HTTP/1.1" 200 6683
186.103.159.188 - - [24/Sep/2019:11:16:32 -0300] "GET /cormun/servlet/hlogin HTTP/1.1" 200 1721
190.171.141.90 - - [24/Sep/2019:11:16:39 -0300] "GET /cormun/servlet/trsolicitudot? HTTP/1.1" 200 7236
190.171.141.90 - - [24/Sep/2019:11:16:39 -0300] "GET /cormun/servlet/trsolicitudot? HTTP/1.1" 200 7236
186.103.159.188 - - [24/Sep/2019:11:16:41 -0300] "POST /cormun/servlet/hlogin?2ff9037fc95c0b089d72793433145a43,gx-no-cache=1569334279644 HTTP/1.1" 200 90
186.103.159.188 - - [24/Sep/2019:11:16:41 -0300] "GET /cormun/servlet/hpexe_link HTTP/1.1" 200 950
186.103.159.188 - - [24/Sep/2019:11:16:42 -0300] "GET /cormun/servlet/hhome HTTP/1.1" 200 4046
186.103.159.188 - - [24/Sep/2019:11:16:44 -0300] "GET /cormun/servlet/hhome HTTP/1.1" 200 4042
190.171.141.90 - - [24/Sep/2019:11:16:45 -0300] "POST /cormun/servlet/trsolicitudot?2cbcc9f8c24b1627aab8dbfd8d6aef1f,,gx-no-cache=1569334282334 HTTP/1.1" 200 5729
190.171.153.26 - - [24/Sep/2019:11:17:56 -0300] "GET /cormun/servlet/hlogin HTTP/1.1" 200 1721
190.171.153.26 - - [24/Sep/2019:11:17:57 -0300] "GET /cormun/static/gxgral.js?85251 HTTP/1.1" 200 384558
190.171.153.26 - - [24/Sep/2019:11:17:57 -0300] "GET /cormun/static/hlogin.js?20177612122738 HTTP/1.1" 200 2136
190.171.153.26 - - [24/Sep/2019:11:17:57 -0300] "GET /cormun/static/gxcfg.js?20177612122725 HTTP/1.1" 200 953
190.171.153.26 - - [24/Sep/2019:11:17:57 -0300] "GET /cormun/static/gxtimezone.js?85251 HTTP/1.1" 200 5781
190.171.153.26 - - [24/Sep/2019:11:17:57 -0300] "GET /cormun/static/messages.spa.js?85251 HTTP/1.1" 200 30736
190.171.153.26 - - [24/Sep/2019:11:17:57 -0300] "GET /cormun/static/Resources/Spanish/PXTools.css?1155365 HTTP/1.1" 200 89042
190.171.153.26 - - [24/Sep/2019:11:17:57 -0300] "GET /cormun/static/Resources/ComunLogin.png HTTP/1.1" 200 17326
190.171.153.26 - - [24/Sep/2019:11:17:57 -0300] "GET /cormun/static/Resources/PXToolsLoginBottom.png HTTP/1.1" 200 1389
190.171.153.26 - - [24/Sep/2019:11:17:57 -0300] "GET /cormun/static/Resources/PXToolsButtonLeft21.png HTTP/1.1" 200 1287
190.171.153.26 - - [24/Sep/2019:11:17:57 -0300] "GET /cormun/static/Resources/PXToolsLoginTop.png HTTP/1.1" 200 1337
190.171.153.26 - - [24/Sep/2019:11:17:57 -0300] "GET /cormun/static/Resources/PXToolsButtonRight21.png HTTP/1.1" 200 1283
190.171.153.26 - - [24/Sep/2019:11:17:57 -0300] "GET /cormun/static/Resources/PXToolsLoginBackground.png HTTP/1.1" 200 1164
190.171.153.26 - - [24/Sep/2019:11:17:57 -0300] "GET /cormun/static/Resources/PXToolsButtonBackground2.png HTTP/1.1" 200 1181
190.171.153.26 - - [24/Sep/2019:11:17:57 -0300] "GET /cormun/servlet/hlogin HTTP/1.1" 200 1731
190.171.153.26 - - [24/Sep/2019:11:17:57 -0300] "GET /cormun/static/Resources/indicator.gif HTTP/1.1" 200 1553
190.171.153.26 - - [24/Sep/2019:11:17:58 -0300] "GET /favicon.ico HTTP/1.1" 200 21630
186.103.159.188 - - [24/Sep/2019:11:18:08 -0300] "GET /cormun/servlet/trpermisosgoce? HTTP/1.1" 200 12067
186.103.159.188 - - [24/Sep/2019:11:18:11 -0300] "GET /cormun/servlet/trpermisosgoce? HTTP/1.1" 200 12077
190.171.142.42 - - [24/Sep/2019:11:19:48 -0300] "GET /cormun/servlet/trpermisosgoce? HTTP/1.1" 200 6113
190.171.142.42 - - [24/Sep/2019:11:19:49 -0300] "GET /cormun/servlet/hlogin HTTP/1.1" 200 1734
190.171.142.42 - - [24/Sep/2019:11:19:49 -0300] "GET /cormun/servlet/trpermisosgoce? HTTP/1.1" 200 6109
190.171.142.42 - - [24/Sep/2019:11:19:58 -0300] "POST /cormun/servlet/hlogin?d4dd29602069d30bdd09032a2172c5d6,gx-no-cache=1569330899563 HTTP/1.1" 200 90
190.171.142.42 - - [24/Sep/2019:11:19:58 -0300] "GET /cormun/servlet/hpexe_link HTTP/1.1" 200 949
190.171.142.42 - - [24/Sep/2019:11:19:59 -0300] "GET /cormun/servlet/trpermisosgoce HTTP/1.1" 200 9829
190.171.142.42 - - [24/Sep/2019:11:19:59 -0300] "GET /cormun/servlet/trpermisosgoce HTTP/1.1" 200 9828
190.171.142.42 - - [24/Sep/2019:11:20:50 -0300] "POST /cormun/servlet/trpermisosgoce?d4dd29602069d30bdd09032a2172c5d6,gx-no-cache=1569330950595 HTTP/1.1" 200 4141
190.171.142.42 - - [24/Sep/2019:11:20:53 -0300] "GET /cormun/servlet/permisogoce?INS,0,,, HTTP/1.1" 200 7178
190.171.142.42 - - [24/Sep/2019:11:20:54 -0300] "GET /cormun/servlet/permisogoce?INS,0,,, HTTP/1.1" 200 7177
186.103.159.188 - - [24/Sep/2019:11:23:37 -0300] "GET /cormun/servlet/trpermisosgoce? HTTP/1.1" 200 12083
186.103.159.188 - - [24/Sep/2019:11:23:38 -0300] "GET /cormun/servlet/trpermisosgoce? HTTP/1.1" 200 12077
192.168.10.96 - - [24/Sep/2019:11:24:45 -0300] "GET /cormun/servlet/trsolicitudgral? HTTP/1.1" 500 10
192.168.10.96 - - [24/Sep/2019:11:24:49 -0300] "GET /cormun/servlet/hlogin HTTP/1.1" 200 1727
190.171.154.42 - - [24/Sep/2019:11:24:54 -0300] "POST /cormun/servlet/trlicencias?ec2fc2577848e4fcad970a450c880133,,gx-no-cache=1569334768482 HTTP/1.1" 200 19365
192.168.10.96 - - [24/Sep/2019:11:24:56 -0300] "POST /cormun/servlet/hlogin?0180011bd83755e9a56325d8f25730ec,gx-no-cache=1569338269600 HTTP/1.1" 200 90
192.168.10.96 - - [24/Sep/2019:11:24:56 -0300] "GET /cormun/servlet/hpexe_link HTTP/1.1" 200 956
192.168.10.96 - - [24/Sep/2019:11:24:56 -0300] "GET /cormun/servlet/hhome HTTP/1.1" 200 4780
192.168.10.96 - - [24/Sep/2019:11:24:56 -0300] "GET /cormun/servlet/hhome HTTP/1.1" 200 4777
192.168.10.96 - - [24/Sep/2019:11:24:59 -0300] "GET /cormun/servlet/trsolicitudgral? HTTP/1.1" 200 17202
192.168.10.96 - - [24/Sep/2019:11:24:59 -0300] "GET /cormun/servlet/trsolicitudgral? HTTP/1.1" 200 17200
186.103.159.188 - - [24/Sep/2019:11:26:53 -0300] "GET /cormun/servlet/permisogoce?INS,0,,, HTTP/1.1" 200 6882
186.103.159.188 - - [24/Sep/2019:11:26:53 -0300] "GET /cormun/servlet/permisogoce?INS,0,,, HTTP/1.1" 200 6882
186.103.159.188 - - [24/Sep/2019:11:27:01 -0300] "GET /cormun/servlet/permisogoce?3271068698958282e85257c5db0eb3df82119834c316e174dd65567f806e4fef05713d6a9121d9c37d63d20ac5eb0588fef384ac00c7dc43016f49dab1b26c87,gx-no-cache=1569334899910 HTTP/1.1" 200 82
186.103.159.188 - - [24/Sep/2019:11:27:06 -0300] "GET /cormun/static/menuarrow.gif HTTP/1.1" 404 1015
186.103.159.188 - - [24/Sep/2019:11:27:09 -0300] "GET /cormun/servlet/permisogoce?3271068698958282e85257c5db0eb3dfb10a77041f798a3559cb0ea9a2b6c96e7d452124e12be36635ca47f55b42e8c71a155e0783e9c0264562efa01e0c7485,gx-no-cache=1569334907843 HTTP/1.1" 200 46
186.103.159.188 - - [24/Sep/2019:11:27:11 -0300] "POST /cormun/servlet/permisogoce?2ff9037fc95c0b089d72793433145a43,INS,0,,,,gx-no-cache=1569334909546 HTTP/1.1" 200 93
186.103.159.188 - - [24/Sep/2019:11:27:11 -0300] "GET /cormun/servlet/hpexe_return? HTTP/1.1" 200 1010
186.103.159.188 - - [24/Sep/2019:11:27:12 -0300] "GET /cormun/servlet/trpermisosgoce HTTP/1.1" 200 12357
186.103.159.188 - - [24/Sep/2019:11:27:12 -0300] "GET /cormun/servlet/trpermisosgoce HTTP/1.1" 200 12349
186.103.159.188 - - [24/Sep/2019:11:27:19 -0300] "GET /cormun/servlet/permisogoce?INS,0,,, HTTP/1.1" 200 6881
186.103.159.188 - - [24/Sep/2019:11:27:20 -0300] "GET /cormun/servlet/permisogoce?INS,0,,, HTTP/1.1" 200 6881
186.103.159.188 - - [24/Sep/2019:11:27:29 -0300] "GET /cormun/servlet/permisogoce?3271068698958282e85257c5db0eb3dfd9d71be510339b654e5eed7c3a24a8ce9e741407b6dad580b1d5e2176e697e49,gx-no-cache=1569334927076 HTTP/1.1" 200 89
186.103.159.188 - - [24/Sep/2019:11:27:35 -0300] "GET /cormun/static/menuarrow.gif HTTP/1.1" 404 1015
186.103.159.188 - - [24/Sep/2019:11:27:39 -0300] "GET /cormun/servlet/permisogoce?3271068698958282e85257c5db0eb3dfb07766a0491c043b4ef397427f72b1f0d1adb30454b05ee7439b29495b2a43e41181f674e173c6505b7722ab507813ea,gx-no-cache=1569334937071 HTTP/1.1" 200 47
186.103.159.188 - - [24/Sep/2019:11:27:40 -0300] "POST /cormun/servlet/permisogoce?2ff9037fc95c0b089d72793433145a43,INS,0,,,,gx-no-cache=1569334938319 HTTP/1.1" 200 93
186.103.159.188 - - [24/Sep/2019:11:27:40 -0300] "GET /cormun/servlet/hpexe_return? HTTP/1.1" 200 1010
186.103.159.188 - - [24/Sep/2019:11:27:40 -0300] "GET /cormun/servlet/trpermisosgoce HTTP/1.1" 200 12569
186.103.159.188 - - [24/Sep/2019:11:27:41 -0300] "GET /cormun/servlet/trpermisosgoce HTTP/1.1" 200 12556
186.103.159.188 - - [24/Sep/2019:11:27:46 -0300] "GET /cormun/servlet/permisogoce?INS,0,,, HTTP/1.1" 200 6882
186.103.159.188 - - [24/Sep/2019:11:27:46 -0300] "GET /cormun/servlet/permisogoce?INS,0,,, HTTP/1.1" 200 6882
186.103.159.188 - - [24/Sep/2019:11:27:56 -0300] "GET /cormun/servlet/permisogoce?3271068698958282e85257c5db0eb3dfdbce0620849b3af54431fd0818ab924705713d6a9121d9c37d63d20ac5eb0588fef384ac00c7dc43016f49dab1b26c87,gx-no-cache=1569334954720 HTTP/1.1" 200 78
190.171.141.82 - - [24/Sep/2019:11:27:59 -0300] "GET /cormun/servlet/hlogin HTTP/1.1" 200 1727
190.171.141.82 - - [24/Sep/2019:11:28:01 -0300] "GET /cormun/servlet/hlogin HTTP/1.1" 200 1733
190.171.154.42 - - [24/Sep/2019:11:28:01 -0300] "POST /cormun/servlet/trlicencias?ec2fc2577848e4fcad970a450c880133,,gx-no-cache=1569334956390 HTTP/1.1" 200 5652
186.103.159.188 - - [24/Sep/2019:11:28:07 -0300] "GET /cormun/servlet/permisogoce?3271068698958282e85257c5db0eb3df336368434b6efa6ede5a4a6e670e9dd346170173db7dedecb01cef7fd0b630941a155e0783e9c0264562efa01e0c7485,gx-no-cache=1569334965672 HTTP/1.1" 200 46
186.103.159.188 - - [24/Sep/2019:11:28:09 -0300] "POST /cormun/servlet/permisogoce?2ff9037fc95c0b089d72793433145a43,INS,0,,,,gx-no-cache=1569334966740 HTTP/1.1" 200 93
186.103.159.188 - - [24/Sep/2019:11:28:09 -0300] "GET /cormun/servlet/hpexe_return? HTTP/1.1" 200 1010
186.103.159.188 - - [24/Sep/2019:11:28:09 -0300] "GET /cormun/servlet/trpermisosgoce HTTP/1.1" 200 12821
186.103.159.188 - - [24/Sep/2019:11:28:09 -0300] "GET /cormun/servlet/trpermisosgoce HTTP/1.1" 200 12829
190.171.141.90 - - [24/Sep/2019:11:28:14 -0300] "GET /cormun/servlet/trlicencias? HTTP/1.1" 200 12475
186.103.159.188 - - [24/Sep/2019:11:28:14 -0300] "GET /cormun/servlet/permisogoce?INS,0,,, HTTP/1.1" 200 6882
190.171.141.90 - - [24/Sep/2019:11:28:15 -0300] "GET /cormun/servlet/trlicencias? HTTP/1.1" 200 12468
186.103.159.188 - - [24/Sep/2019:11:28:15 -0300] "GET /cormun/servlet/permisogoce?INS,0,,, HTTP/1.1" 200 6882
186.103.159.188 - - [24/Sep/2019:11:28:22 -0300] "GET /cormun/servlet/permisogoce?3271068698958282e85257c5db0eb3df146ce2c6cffda374b85d9acb0c118c0b05713d6a9121d9c37d63d20ac5eb0588fef384ac00c7dc43016f49dab1b26c87,gx-no-cache=1569334980033 HTTP/1.1" 200 82
190.171.141.82 - - [24/Sep/2019:11:28:25 -0300] "POST /cormun/servlet/hlogin?bd22042d896231ed08dec67a70ee0039,gx-no-cache=1569334982408 HTTP/1.1" 200 90
190.171.141.82 - - [24/Sep/2019:11:28:25 -0300] "GET /cormun/servlet/hpexe_link HTTP/1.1" 200 951
190.171.141.82 - - [24/Sep/2019:11:28:26 -0300] "GET /cormun/servlet/hhome HTTP/1.1" 200 4347
190.171.141.82 - - [24/Sep/2019:11:28:30 -0300] "GET /cormun/servlet/hhome HTTP/1.1" 200 4343
186.103.159.188 - - [24/Sep/2019:11:28:34 -0300] "GET /cormun/servlet/permisogoce?3271068698958282e85257c5db0eb3df09d6c80a6c411362c781fcc280ae86db2af4925a7c7760586c50e7d268c1b5591a155e0783e9c0264562efa01e0c7485,gx-no-cache=1569334992525 HTTP/1.1" 200 44
190.171.141.82 - - [24/Sep/2019:11:28:35 -0300] "GET /cormun/servlet/trlicencias? HTTP/1.1" 200 13679
186.103.159.188 - - [24/Sep/2019:11:28:35 -0300] "POST /cormun/servlet/permisogoce?2ff9037fc95c0b089d72793433145a43,INS,0,,,,gx-no-cache=1569334993673 HTTP/1.1" 200 93
186.103.159.188 - - [24/Sep/2019:11:28:36 -0300] "GET /cormun/servlet/hpexe_return? HTTP/1.1" 200 1010
186.103.159.188 - - [24/Sep/2019:11:28:36 -0300] "GET /cormun/servlet/trpermisosgoce HTTP/1.1" 200 13047
186.103.159.188 - - [24/Sep/2019:11:28:36 -0300] "GET /cormun/servlet/trpermisosgoce HTTP/1.1" 200 13041
190.171.141.82 - - [24/Sep/2019:11:28:38 -0300] "GET /cormun/servlet/trlicencias? HTTP/1.1" 200 13455
186.103.159.188 - - [24/Sep/2019:11:28:38 -0300] "GET /cormun/servlet/permisogoce?INS,0,,, HTTP/1.1" 200 6882
190.171.141.82 - - [24/Sep/2019:11:28:38 -0300] "GET /cormun//static/Resources/PXToolsGridDelete.png HTTP/1.1" 200 357
190.171.141.82 - - [24/Sep/2019:11:28:38 -0300] "GET /cormun//static/Resources/PXToolsGridUpdate.png HTTP/1.1" 200 2984
186.103.159.188 - - [24/Sep/2019:11:28:39 -0300] "GET /cormun/servlet/permisogoce?INS,0,,, HTTP/1.1" 200 6881
190.171.141.82 - - [24/Sep/2019:11:28:44 -0300] "POST /cormun/servlet/trlicencias?bd22042d896231ed08dec67a70ee0039,,gx-no-cache=1569335000446 HTTP/1.1" 200 11054
186.103.159.188 - - [24/Sep/2019:11:28:50 -0300] "GET /cormun/servlet/permisogoce?3271068698958282e85257c5db0eb3dffad1bd06ad492199102c172272bb29a405713d6a9121d9c37d63d20ac5eb0588fef384ac00c7dc43016f49dab1b26c87,gx-no-cache=1569335008623 HTTP/1.1" 200 78
186.103.159.188 - - [24/Sep/2019:11:29:01 -0300] "GET /cormun/servlet/permisogoce?3271068698958282e85257c5db0eb3dff8327907c930100ddd763445650352c749c932db5bc572d913167f8d6a530bc81a155e0783e9c0264562efa01e0c7485,gx-no-cache=1569335019858 HTTP/1.1" 200 44
186.103.159.188 - - [24/Sep/2019:11:29:03 -0300] "POST /cormun/servlet/permisogoce?2ff9037fc95c0b089d72793433145a43,INS,0,,,,gx-no-cache=1569335021542 HTTP/1.1" 200 93
186.103.159.188 - - [24/Sep/2019:11:29:03 -0300] "GET /cormun/servlet/hpexe_return? HTTP/1.1" 200 1010
186.103.159.188 - - [24/Sep/2019:11:29:04 -0300] "GET /cormun/servlet/trpermisosgoce HTTP/1.1" 200 13236
186.103.159.188 - - [24/Sep/2019:11:29:04 -0300] "GET /cormun/servlet/trpermisosgoce HTTP/1.1" 200 13236
186.103.159.188 - - [24/Sep/2019:11:29:09 -0300] "GET /cormun/servlet/permisogoce?INS,0,,, HTTP/1.1" 200 6882
186.103.159.188 - - [24/Sep/2019:11:29:10 -0300] "GET /cormun/servlet/permisogoce?INS,0,,, HTTP/1.1" 200 6883
186.103.159.188 - - [24/Sep/2019:11:29:16 -0300] "GET /cormun/servlet/permisogoce?3271068698958282e85257c5db0eb3dfe4004ef50951bdcee50c7619318897ea9e741407b6dad580b1d5e2176e697e49,gx-no-cache=1569335034367 HTTP/1.1" 200 83
186.103.159.188 - - [24/Sep/2019:11:29:28 -0300] "GET /cormun/servlet/permisogoce?3271068698958282e85257c5db0eb3df824b1bc39a7a19ed1679e3ea327c6a2522602818bccde027b66e17d11f6b7eaa1181f674e173c6505b7722ab507813ea,gx-no-cache=1569335046197 HTTP/1.1" 200 47
186.103.159.188 - - [24/Sep/2019:11:29:30 -0300] "POST /cormun/servlet/permisogoce?2ff9037fc95c0b089d72793433145a43,INS,0,,,,gx-no-cache=1569335048144 HTTP/1.1" 200 93
186.103.159.188 - - [24/Sep/2019:11:29:30 -0300] "GET /cormun/servlet/hpexe_return? HTTP/1.1" 200 1010
186.103.159.188 - - [24/Sep/2019:11:29:30 -0300] "GET /cormun/servlet/trpermisosgoce HTTP/1.1" 200 13522
186.103.159.188 - - [24/Sep/2019:11:29:31 -0300] "GET /cormun/servlet/trpermisosgoce HTTP/1.1" 200 13526
186.103.159.188 - - [24/Sep/2019:11:29:37 -0300] "GET /cormun/servlet/permisogoce?INS,0,,, HTTP/1.1" 200 6882
186.103.159.188 - - [24/Sep/2019:11:29:37 -0300] "GET /cormun/servlet/permisogoce?INS,0,,, HTTP/1.1" 200 6882
186.103.159.188 - - [24/Sep/2019:11:29:43 -0300] "GET /cormun/servlet/permisogoce?3271068698958282e85257c5db0eb3df234ac8f64e3e2019415610b345da0ff105713d6a9121d9c37d63d20ac5eb0588fef384ac00c7dc43016f49dab1b26c87,gx-no-cache=1569335061797 HTTP/1.1" 200 86
186.103.159.188 - - [24/Sep/2019:11:29:57 -0300] "GET /cormun/servlet/permisogoce?3271068698958282e85257c5db0eb3dfb31fd4457bc2e781b1629a1c95d82ac54857e2e71831f1f48b1aac7f04d1d6191a155e0783e9c0264562efa01e0c7485,gx-no-cache=1569335075822 HTTP/1.1" 200 48
186.103.159.188 - - [24/Sep/2019:11:29:59 -0300] "POST /cormun/servlet/permisogoce?2ff9037fc95c0b089d72793433145a43,INS,0,,,,gx-no-cache=1569335077380 HTTP/1.1" 200 93
186.103.159.188 - - [24/Sep/2019:11:29:59 -0300] "GET /cormun/servlet/hpexe_return? HTTP/1.1" 200 1010
186.103.159.188 - - [24/Sep/2019:11:29:59 -0300] "GET /cormun/servlet/trpermisosgoce HTTP/1.1" 200 13698
186.103.159.188 - - [24/Sep/2019:11:30:00 -0300] "GET /cormun/servlet/trpermisosgoce HTTP/1.1" 200 13695
186.103.159.188 - - [24/Sep/2019:11:30:06 -0300] "GET /cormun/servlet/permisogoce?INS,0,,, HTTP/1.1" 200 6882
186.103.159.188 - - [24/Sep/2019:11:30:06 -0300] "GET /cormun/servlet/permisogoce?INS,0,,, HTTP/1.1" 200 6882
186.103.159.188 - - [24/Sep/2019:11:30:12 -0300] "GET /cormun/servlet/permisogoce?3271068698958282e85257c5db0eb3df6d8811fc627cad180148ce011050260405713d6a9121d9c37d63d20ac5eb0588fef384ac00c7dc43016f49dab1b26c87,gx-no-cache=1569335089993 HTTP/1.1" 200 82
186.103.159.188 - - [24/Sep/2019:11:30:17 -0300] "GET /cormun/servlet/permisogoce?3271068698958282e85257c5db0eb3dfd43f182c74be9d15aba066fee66cb4d91be91269da019882d4a86fcc9b5034f21a155e0783e9c0264562efa01e0c7485,gx-no-cache=1569335095680 HTTP/1.1" 200 47
186.103.159.188 - - [24/Sep/2019:11:30:19 -0300] "POST /cormun/servlet/permisogoce?2ff9037fc95c0b089d72793433145a43,INS,0,,,,gx-no-cache=1569335097357 HTTP/1.1" 200 93
186.103.159.188 - - [24/Sep/2019:11:30:19 -0300] "GET /cormun/servlet/hpexe_return? HTTP/1.1" 200 1010
186.103.159.188 - - [24/Sep/2019:11:30:20 -0300] "GET /cormun/servlet/trpermisosgoce HTTP/1.1" 200 13921
186.103.159.188 - - [24/Sep/2019:11:30:20 -0300] "GET /cormun/servlet/trpermisosgoce HTTP/1.1" 200 13927
186.103.159.188 - - [24/Sep/2019:11:30:22 -0300] "GET /cormun/servlet/permisogoce?INS,0,,, HTTP/1.1" 200 6882
186.103.159.188 - - [24/Sep/2019:11:30:23 -0300] "GET /cormun/servlet/permisogoce?INS,0,,, HTTP/1.1" 200 6882
186.103.159.188 - - [24/Sep/2019:11:30:29 -0300] "GET /cormun/servlet/permisogoce?3271068698958282e85257c5db0eb3df6d8811fc627cad180148ce011050260405713d6a9121d9c37d63d20ac5eb0588fef384ac00c7dc43016f49dab1b26c87,gx-no-cache=1569335107221 HTTP/1.1" 200 84
186.103.159.188 - - [24/Sep/2019:11:30:35 -0300] "GET /cormun/servlet/permisogoce?3271068698958282e85257c5db0eb3dfd43f182c74be9d15aba066fee66cb4d93c2e0f86daea03bc6b29edbef171cf6b1a155e0783e9c0264562efa01e0c7485,gx-no-cache=1569335113441 HTTP/1.1" 200 48
186.103.159.188 - - [24/Sep/2019:11:30:36 -0300] "POST /cormun/servlet/permisogoce?2ff9037fc95c0b089d72793433145a43,INS,0,,,,gx-no-cache=1569335114724 HTTP/1.1" 200 93
186.103.159.188 - - [24/Sep/2019:11:30:37 -0300] "GET /cormun/servlet/hpexe_return? HTTP/1.1" 200 1010
186.103.159.188 - - [24/Sep/2019:11:30:37 -0300] "GET /cormun/servlet/trpermisosgoce HTTP/1.1" 200 14082
186.103.159.188 - - [24/Sep/2019:11:30:37 -0300] "GET /cormun/servlet/trpermisosgoce HTTP/1.1" 200 14090
186.103.159.188 - - [24/Sep/2019:11:30:48 -0300] "GET /cormun/servlet/apermisogoceprn?13995422,P,20190924121946,PU HTTP/1.1" 200 1662
186.103.159.188 - - [24/Sep/2019:11:31:12 -0300] "GET /cormun/servlet/apermisogoceprn?9500849,P,20190924122203,PU HTTP/1.1" 200 1658
186.103.159.188 - - [24/Sep/2019:11:31:25 -0300] "GET /cormun/servlet/apermisogoceprn?19018603,P,20190924122132,PU HTTP/1.1" 200 1654
186.103.159.188 - - [24/Sep/2019:11:31:39 -0300] "GET /cormun/servlet/apermisogoceprn?14156547,P,20190924122231,PU HTTP/1.1" 200 1665
186.103.159.188 - - [24/Sep/2019:11:31:56 -0300] "GET /cormun/servlet/apermisogoceprn?7460730,P,20190924122013,PU HTTP/1.1" 200 1655
186.103.159.188 - - [24/Sep/2019:11:32:09 -0300] "GET /cormun/servlet/apermisogoceprn?12912295,P,20190924122300,PU HTTP/1.1" 200 1654
186.103.159.188 - - [24/Sep/2019:11:32:32 -0300] "GET /cormun/servlet/apermisogoceprn?19592189,P,20190924122040,PU HTTP/1.1" 200 1658
