190.171.143.82 - - [24/Sep/2019:16:33:12 -0300] "POST /cormun/servlet/tratrazos?c320711364699554b7b80616bd2b1291,,gx-no-cache=1569353493025 HTTP/1.1" 200 6401
190.171.152.114 - - [24/Sep/2019:16:33:35 -0300] "POST /cormun/servlet/trsolicitudot?203646ed0801edc58c8b008ff7c0fc62,,gx-no-cache=1569353294432 HTTP/1.1" 200 6351
190.171.152.114 - - [24/Sep/2019:16:33:35 -0300] "GET /cormun/static/Shared/jqueryui/images/ui-bg_highlight-soft_100_c6c2c8_1x100.png HTTP/1.1" 404 1117
190.171.152.114 - - [24/Sep/2019:16:33:35 -0300] "GET /cormun/static/Shared/jqueryui/images/ui-icons_82798d_256x240.png HTTP/1.1" 404 1089
190.171.152.114 - - [24/Sep/2019:16:33:35 -0300] "GET /cormun/static/Shared/jqueryui/images/ui-bg_flat_55_fafafa_40x100.png HTTP/1.1" 404 1097
190.171.152.114 - - [24/Sep/2019:16:33:35 -0300] "GET /cormun/static/Shared/jqueryui/images/ui-icons_8d78a5_256x240.png HTTP/1.1" 404 1089
190.171.152.114 - - [24/Sep/2019:16:33:35 -0300] "POST /cormun/servlet/trsolicitudot?203646ed0801edc58c8b008ff7c0fc62,,gx-no-cache=1569353294893 HTTP/1.1" 200 6293
190.171.152.114 - - [24/Sep/2019:16:33:36 -0300] "POST /cormun/servlet/trsolicitudot?203646ed0801edc58c8b008ff7c0fc62,,gx-no-cache=1569353296289 HTTP/1.1" 200 6016
190.171.152.114 - - [24/Sep/2019:16:33:37 -0300] "POST /cormun/servlet/trsolicitudot?203646ed0801edc58c8b008ff7c0fc62,,gx-no-cache=1569353296624 HTTP/1.1" 200 5959
190.171.152.114 - - [24/Sep/2019:16:33:38 -0300] "POST /cormun/servlet/trsolicitudot?203646ed0801edc58c8b008ff7c0fc62,,gx-no-cache=1569353297548 HTTP/1.1" 200 4782
190.171.152.114 - - [24/Sep/2019:16:33:38 -0300] "POST /cormun/servlet/trsolicitudot?203646ed0801edc58c8b008ff7c0fc62,,gx-no-cache=1569353297838 HTTP/1.1" 200 4520
190.171.152.114 - - [24/Sep/2019:16:33:47 -0300] "GET /cormun/servlet/trautorizarsolicitud? HTTP/1.1" 200 9435
190.171.152.114 - - [24/Sep/2019:16:33:47 -0300] "GET /cormun/static/gxcfg.js?2017111423403364 HTTP/1.1" 200 953
190.171.152.114 - - [24/Sep/2019:16:33:48 -0300] "GET /cormun/static/trautorizarsolicitud.js?201711142340425 HTTP/1.1" 200 53910
190.171.152.114 - - [24/Sep/2019:16:33:48 -0300] "GET /cormun/servlet/trautorizarsolicitud? HTTP/1.1" 200 9437
190.171.152.114 - - [24/Sep/2019:16:34:09 -0300] "POST /cormun/servlet/trautorizarsolicitud?203646ed0801edc58c8b008ff7c0fc62,,gx-no-cache=1569353328964 HTTP/1.1" 200 6283
190.171.152.114 - - [24/Sep/2019:16:34:09 -0300] "POST /cormun/servlet/trautorizarsolicitud?203646ed0801edc58c8b008ff7c0fc62,,gx-no-cache=1569353329398 HTTP/1.1" 200 6227
190.171.152.114 - - [24/Sep/2019:16:34:10 -0300] "POST /cormun/servlet/trautorizarsolicitud?203646ed0801edc58c8b008ff7c0fc62,,gx-no-cache=1569353330354 HTTP/1.1" 200 5945
190.171.152.114 - - [24/Sep/2019:16:34:11 -0300] "POST /cormun/servlet/trautorizarsolicitud?203646ed0801edc58c8b008ff7c0fc62,,gx-no-cache=1569353330702 HTTP/1.1" 200 5890
190.171.152.114 - - [24/Sep/2019:16:34:12 -0300] "POST /cormun/servlet/trautorizarsolicitud?203646ed0801edc58c8b008ff7c0fc62,,gx-no-cache=1569353331670 HTTP/1.1" 200 4719
190.171.152.114 - - [24/Sep/2019:16:34:12 -0300] "POST /cormun/servlet/trautorizarsolicitud?203646ed0801edc58c8b008ff7c0fc62,,gx-no-cache=1569353331978 HTTP/1.1" 200 4459
190.171.143.82 - - [24/Sep/2019:16:35:15 -0300] "GET /cormun/servlet/trlicencias? HTTP/1.1" 200 9672
190.171.143.82 - - [24/Sep/2019:16:35:16 -0300] "GET /cormun/servlet/trlicencias? HTTP/1.1" 200 9671
200.54.103.162 - - [24/Sep/2019:16:37:14 -0300] "POST /cormun/servlet/trlicencias?74dcb3b3ae0a051144ff52bd53ac1856,gx-no-cache=1569353512029 HTTP/1.1" 200 13093
200.54.103.162 - - [24/Sep/2019:16:38:23 -0300] "GET /cormun/servlet/hlogin HTTP/1.1" 200 1726
200.54.103.162 - - [24/Sep/2019:16:38:33 -0300] "POST /cormun/servlet/hlogin?a2b30a9b607d8393ec145e3d4074b520,gx-no-cache=1569353590511 HTTP/1.1" 200 90
200.54.103.162 - - [24/Sep/2019:16:38:33 -0300] "GET /cormun/servlet/hpexe_link HTTP/1.1" 200 950
200.54.103.162 - - [24/Sep/2019:16:38:33 -0300] "GET /cormun/servlet/hhome HTTP/1.1" 200 4337
200.54.103.162 - - [24/Sep/2019:16:38:33 -0300] "GET /cormun/servlet/hhome HTTP/1.1" 200 4333
200.54.103.162 - - [24/Sep/2019:16:38:42 -0300] "GET /cormun/servlet/trpermisosgoce? HTTP/1.1" 200 16954
200.54.103.162 - - [24/Sep/2019:16:38:42 -0300] "GET /cormun/static/gxcfg.js?20177612163875 HTTP/1.1" 200 953
200.54.103.162 - - [24/Sep/2019:16:38:42 -0300] "GET /cormun/static/trpermisosgoce.js?20177612164335 HTTP/1.1" 200 35904
200.54.103.162 - - [24/Sep/2019:16:38:42 -0300] "GET /cormun//static/Resources/PXToolsGridDelete.png HTTP/1.1" 200 357
200.54.103.162 - - [24/Sep/2019:16:38:43 -0300] "GET /cormun/servlet/trpermisosgoce? HTTP/1.1" 200 16913
186.103.159.204 - - [24/Sep/2019:16:39:06 -0300] "GET /cormun/servlet/trpermisosgoce? HTTP/1.1" 200 13818
186.103.159.204 - - [24/Sep/2019:16:39:06 -0300] "GET /cormun/servlet/trpermisosgoce? HTTP/1.1" 200 13805
190.171.141.90 - - [24/Sep/2019:16:39:08 -0300] "GET /cormun/servlet/trsolicitudot? HTTP/1.1" 200 12830
190.171.141.90 - - [24/Sep/2019:16:39:09 -0300] "GET /cormun/servlet/trsolicitudot? HTTP/1.1" 200 12830
200.54.103.162 - - [24/Sep/2019:16:40:08 -0300] "POST /cormun/servlet/trpermisosgoce?a2b30a9b607d8393ec145e3d4074b520,,gx-no-cache=1569353685849 HTTP/1.1" 200 14093
200.54.103.162 - - [24/Sep/2019:16:40:50 -0300] "POST /cormun/servlet/trpermisosgoce?a2b30a9b607d8393ec145e3d4074b520,,gx-no-cache=1569353727494 HTTP/1.1" 200 14075
186.103.159.204 - - [24/Sep/2019:16:41:16 -0300] "GET /cormun/servlet/trpermisosadjuntos?13351962,20190924153017,P, HTTP/1.1" 200 6335
186.103.159.204 - - [24/Sep/2019:16:41:17 -0300] "GET /cormun/servlet/trpermisosadjuntos?13351962,20190924153017,P, HTTP/1.1" 200 6336
186.103.159.204 - - [24/Sep/2019:16:41:18 -0300] "GET /cormun/servlet/permisosadjuntos?INS,13351962,P,20190924153017,, HTTP/1.1" 200 5659
186.103.159.204 - - [24/Sep/2019:16:41:18 -0300] "GET /cormun/static/about:blank HTTP/1.1" 404 1011
186.103.159.204 - - [24/Sep/2019:16:41:18 -0300] "GET /cormun/servlet/permisosadjuntos?INS,13351962,P,20190924153017,, HTTP/1.1" 200 5649
200.54.103.162 - - [24/Sep/2019:16:41:27 -0300] "POST /cormun/servlet/trpermisosgoce?a2b30a9b607d8393ec145e3d4074b520,,gx-no-cache=1569353764254 HTTP/1.1" 200 14058
200.54.103.162 - - [24/Sep/2019:16:41:38 -0300] "POST /cormun/servlet/trpermisosgoce?a2b30a9b607d8393ec145e3d4074b520,,gx-no-cache=1569353775484 HTTP/1.1" 200 14086
186.103.159.204 - - [24/Sep/2019:16:41:39 -0300] "POST /cormun/servlet/permisosadjuntos?dd9972192219f7521615488900dc515a,INS,13351962,P,20190924153017,, HTTP/1.1" 200 116
186.103.159.204 - - [24/Sep/2019:16:41:39 -0300] "GET /cormun/servlet/hpexe_return? HTTP/1.1" 200 1038
186.103.159.204 - - [24/Sep/2019:16:41:39 -0300] "GET /cormun/servlet/trpermisosadjuntos?13351962,20190924153017,P, HTTP/1.1" 200 6817
186.103.159.204 - - [24/Sep/2019:16:41:39 -0300] "GET /cormun/servlet/trpermisosadjuntos?13351962,20190924153017,P, HTTP/1.1" 200 6813
186.103.159.204 - - [24/Sep/2019:16:41:41 -0300] "GET /cormun/servlet/trpermisosgoce? HTTP/1.1" 200 13800
186.103.159.204 - - [24/Sep/2019:16:41:42 -0300] "GET /cormun/servlet/trpermisosgoce? HTTP/1.1" 200 13810
186.103.159.204 - - [24/Sep/2019:16:41:45 -0300] "POST /cormun/servlet/trpermisosgoce?dd9972192219f7521615488900dc515a,,gx-no-cache=1569353780286 HTTP/1.1" 200 11058
186.103.159.204 - - [24/Sep/2019:16:41:46 -0300] "GET /cormun/static/Shared/jqueryui/images/ui-bg_highlight-soft_100_c6c2c8_1x100.png HTTP/1.1" 404 1117
186.103.159.204 - - [24/Sep/2019:16:41:46 -0300] "GET /cormun/static/Shared/jqueryui/images/ui-icons_82798d_256x240.png HTTP/1.1" 404 1089
186.103.159.204 - - [24/Sep/2019:16:41:46 -0300] "GET /cormun/static/Shared/jqueryui/images/ui-bg_flat_55_fafafa_40x100.png HTTP/1.1" 404 1097
186.103.159.204 - - [24/Sep/2019:16:41:46 -0300] "GET /cormun/static/Shared/jqueryui/images/ui-icons_8d78a5_256x240.png HTTP/1.1" 404 1089
190.171.154.42 - - [24/Sep/2019:16:49:56 -0300] "POST /cormun/servlet/hlogin?cc84656d9cc895b0719ad1ec7e625d91,gx-no-cache=1569354270682 HTTP/1.1" 440 972
190.171.154.42 - - [24/Sep/2019:16:49:58 -0300] "GET /cormun/servlet/hlogin HTTP/1.1" 200 1731
190.171.154.42 - - [24/Sep/2019:16:50:06 -0300] "POST /cormun/servlet/hlogin?a57e61f36e22f9991d2e04a53d806aaf,gx-no-cache=1569354281185 HTTP/1.1" 200 90
190.171.154.42 - - [24/Sep/2019:16:50:06 -0300] "GET /cormun/servlet/hpexe_link HTTP/1.1" 200 949
190.171.154.42 - - [24/Sep/2019:16:50:06 -0300] "GET /cormun/servlet/hhome HTTP/1.1" 200 4321
190.171.154.42 - - [24/Sep/2019:16:50:08 -0300] "GET /cormun/servlet/hhome HTTP/1.1" 200 4318
190.171.154.42 - - [24/Sep/2019:16:50:13 -0300] "GET /cormun/servlet/trlicencias? HTTP/1.1" 200 12375
190.171.154.42 - - [24/Sep/2019:16:50:15 -0300] "GET /cormun/servlet/trlicencias? HTTP/1.1" 200 12275
190.171.154.42 - - [24/Sep/2019:16:50:46 -0300] "GET /cormun/servlet/licenciaspermisos?INS,0,,, HTTP/1.1" 200 7862
190.171.154.42 - - [24/Sep/2019:16:50:48 -0300] "GET /cormun/servlet/licenciaspermisos?INS,0,,, HTTP/1.1" 200 7870
190.171.154.42 - - [24/Sep/2019:16:51:56 -0300] "GET /cormun/servlet/licenciaspermisos?7bf6e3c3b169f5b80977a7fc3f4127d19a966f93d85cbf3e588f4c050cb7b288820862c1e62c2882114b651bd07e615d,gx-no-cache=1569354391419 HTTP/1.1" 200 180
190.171.154.42 - - [24/Sep/2019:16:51:56 -0300] "GET /cormun/static/Shared/jqueryui/images/ui-icons_82798d_256x240.png HTTP/1.1" 404 1089
190.171.154.42 - - [24/Sep/2019:16:51:56 -0300] "GET /cormun/static/Shared/jqueryui/images/ui-bg_highlight-soft_100_c6c2c8_1x100.png HTTP/1.1" 404 1117
190.171.154.42 - - [24/Sep/2019:16:51:57 -0300] "GET /cormun/static/Shared/jqueryui/images/ui-bg_flat_55_994d53_40x100.png HTTP/1.1" 404 1097
190.171.154.42 - - [24/Sep/2019:16:51:57 -0300] "GET /cormun/static/Shared/jqueryui/images/ui-icons_ebccce_256x240.png HTTP/1.1" 404 1089
190.171.154.42 - - [24/Sep/2019:16:52:32 -0300] "GET /cormun/static/menuarrow.gif HTTP/1.1" 404 1015
190.171.141.138 - - [24/Sep/2019:16:52:59 -0300] "GET /cormun/servlet/hlogin HTTP/1.1" 200 1718
190.171.141.138 - - [24/Sep/2019:16:53:06 -0300] "POST /cormun/servlet/hlogin?b3cf38106823c4fb1f09a144bdcef015,gx-no-cache=1569358063317 HTTP/1.1" 200 90
190.171.141.138 - - [24/Sep/2019:16:53:06 -0300] "GET /cormun/servlet/hpexe_link HTTP/1.1" 200 949
190.171.141.138 - - [24/Sep/2019:16:53:06 -0300] "GET /cormun/servlet/hhome HTTP/1.1" 200 4460
190.171.141.138 - - [24/Sep/2019:16:53:07 -0300] "GET /cormun/servlet/hhome HTTP/1.1" 200 4456
190.171.141.138 - - [24/Sep/2019:16:53:10 -0300] "GET /cormun/servlet/trpermisosgoce? HTTP/1.1" 200 13570
190.171.141.138 - - [24/Sep/2019:16:53:11 -0300] "GET /cormun/servlet/trpermisosgoce? HTTP/1.1" 200 13563
186.103.159.188 - - [24/Sep/2019:16:53:54 -0300] "GET /cormun/servlet/hlogin HTTP/1.1" 200 1724
186.103.159.188 - - [24/Sep/2019:16:54:02 -0300] "POST /cormun/servlet/hlogin?c78eabe9b7100eba6e8debba90702d74,gx-no-cache=1569354520785 HTTP/1.1" 200 90
186.103.159.188 - - [24/Sep/2019:16:54:02 -0300] "GET /cormun/servlet/hpexe_link HTTP/1.1" 200 953
186.103.159.188 - - [24/Sep/2019:16:54:03 -0300] "GET /cormun/servlet/hhome HTTP/1.1" 200 4047
186.103.159.188 - - [24/Sep/2019:16:54:03 -0300] "GET /cormun/servlet/hhome HTTP/1.1" 200 4042
186.103.159.188 - - [24/Sep/2019:16:54:07 -0300] "GET /cormun/servlet/trlicencias? HTTP/1.1" 200 14659
186.103.159.188 - - [24/Sep/2019:16:54:07 -0300] "GET /cormun/servlet/trlicencias? HTTP/1.1" 200 14656
190.171.154.42 - - [24/Sep/2019:16:55:51 -0300] "GET /cormun/servlet/licenciaspermisos?7bf6e3c3b169f5b80977a7fc3f4127d155269e6ee10a12defe0d7c9e798c7c7c3d2277720d6869fb9e8467cd3032611d719a9463857c14417e7f87a722a13a89b8c7054e971ebe03fe487365bd0b4e9f010800bb96f57b9f27af6c1fdc81138b67839d6a144225b96d10a79aee03d829cccb5373b93c3548cab1abef0fd2fbadf5ddd34d7f2bd66b31b22ed2f3d613f0a09dd4691052e154c1e9faf673dc53923b008e134ff330224acc17346493240675d2338bc84cedeaf3c23236deded004f0c71e34d2cfd11f2af3ec79d4fb86d6e1f135c72b3b3510d21cbbf570abaff3,gx-no-cache=1569354626119 HTTP/1.1" 200 30
190.171.154.42 - - [24/Sep/2019:16:55:51 -0300] "GET /cormun/servlet/licenciaspermisos?7bf6e3c3b169f5b80977a7fc3f4127d114d155b3e00993a1f70f8a0d582f67394a7c2528fb6cf726464690325ee13d77091aef2c4d5a1308be2486b0a0a321c01d4a9ac927f39bc1a5f6663a7a0832ffe27104f4df3ae1f5c92b531cb663f01511044ec1e3ccc245a8454309dd7c2a037445b046a923df8c195d3dbc44e694a6c951d5a0710020c827cfd704d5b7089040afe76306ae60bcfe9624ceeacb7577bb3a3f122e4333119a54f5d03faa16ec41e1641ee9d854d7281ec4e7f4d63fa451b6f50884206b946eb542e7a4605ffbabc444f086d052121ed1a6745baf9ffd,gx-no-cache=1569354626295 HTTP/1.1" 200 29
190.171.154.42 - - [24/Sep/2019:16:55:51 -0300] "POST /cormun/servlet/licenciaspermisos?a57e61f36e22f9991d2e04a53d806aaf,INS,0,,,,gx-no-cache=1569354626350 HTTP/1.1" 200 5156
186.103.159.204 - - [24/Sep/2019:16:55:59 -0300] "GET /cormun/servlet/trpermisosadjuntos?17477002,20190924131715,P, HTTP/1.1" 200 6340
186.103.159.204 - - [24/Sep/2019:16:55:59 -0300] "GET /cormun/servlet/trpermisosadjuntos?17477002,20190924131715,P, HTTP/1.1" 200 6341
186.103.159.204 - - [24/Sep/2019:16:56:00 -0300] "GET /cormun/servlet/permisosadjuntos?INS,17477002,P,20190924131715,, HTTP/1.1" 200 5665
186.103.159.204 - - [24/Sep/2019:16:56:00 -0300] "GET /cormun/static/about:blank HTTP/1.1" 404 1011
186.103.159.204 - - [24/Sep/2019:16:56:00 -0300] "GET /cormun/servlet/permisosadjuntos?INS,17477002,P,20190924131715,, HTTP/1.1" 200 5655
190.171.154.42 - - [24/Sep/2019:16:56:07 -0300] "GET /cormun/servlet/licenciaspermisos?7bf6e3c3b169f5b80977a7fc3f4127d155269e6ee10a12defe0d7c9e798c7c7c3d2277720d6869fb9e8467cd3032611d719a9463857c14417e7f87a722a13a89b8c7054e971ebe03fe487365bd0b4e9f010800bb96f57b9f27af6c1fdc81138b67839d6a144225b96d10a79aee03d829cccb5373b93c3548cab1abef0fd2fbadf5ddd34d7f2bd66b31b22ed2f3d613f0a09dd4691052e154c1e9faf673dc53923b008e134ff330224acc17346493240675d2338bc84cedeaf3c23236deded004f0c71e34d2cfd11f2af3ec79d4fb86d6e1f135c72b3b3510d21cbbf570abaff3,gx-no-cache=1569354641742 HTTP/1.1" 200 30
190.171.154.42 - - [24/Sep/2019:16:56:07 -0300] "GET /cormun/servlet/licenciaspermisos?7bf6e3c3b169f5b80977a7fc3f4127d114d155b3e00993a1f70f8a0d582f67394a7c2528fb6cf726464690325ee13d77091aef2c4d5a1308be2486b0a0a321c01d4a9ac927f39bc1a5f6663a7a0832ffe27104f4df3ae1f5c92b531cb663f01511044ec1e3ccc245a8454309dd7c2a037445b046a923df8c195d3dbc44e694a6c951d5a0710020c827cfd704d5b7089040afe76306ae60bcfe9624ceeacb7577bb3a3f122e4333119a54f5d03faa16ec41e1641ee9d854d7281ec4e7f4d63fa451b6f50884206b946eb542e7a4605ffbabc444f086d052121ed1a6745baf9ffd,gx-no-cache=1569354641858 HTTP/1.1" 200 29
190.171.154.42 - - [24/Sep/2019:16:56:07 -0300] "POST /cormun/servlet/licenciaspermisos?a57e61f36e22f9991d2e04a53d806aaf,INS,0,,,,gx-no-cache=1569354641915 HTTP/1.1" 200 5142
190.171.154.42 - - [24/Sep/2019:16:56:12 -0300] "GET /cormun/servlet/prfichaempleado?,MD,,gxPopupLevel%3D0%3B HTTP/1.1" 200 9426
190.171.154.42 - - [24/Sep/2019:16:56:26 -0300] "POST /cormun/servlet/prfichaempleado?a57e61f36e22f9991d2e04a53d806aaf,,MD,,gxPopupLevel%3D0%3B,gx-no-cache=1569354660627 HTTP/1.1" 200 3432
190.171.154.42 - - [24/Sep/2019:16:56:28 -0300] "GET /cormun/servlet/licenciaspermisos?7bf6e3c3b169f5b80977a7fc3f4127d1cee4ba663dba8c6e3a19340913953c673f67f65bde26fe3151d6d5f26296ddc5894c29e41a0fd5eebeb3b4612c34dff74e746553433d9fe4f5dfabc9e39d948b,gx-no-cache=1569354663147 HTTP/1.1" 200 91
190.171.154.42 - - [24/Sep/2019:16:56:28 -0300] "POST /cormun/servlet/licenciaspermisos?a57e61f36e22f9991d2e04a53d806aaf,INS,0,,,,gx-no-cache=1569354663213 HTTP/1.1" 200 5028
190.171.154.42 - - [24/Sep/2019:16:56:35 -0300] "GET /cormun/servlet/licenciaspermisos?7bf6e3c3b169f5b80977a7fc3f4127d155269e6ee10a12defe0d7c9e798c7c7c3d2277720d6869fb9e8467cd3032611d719a9463857c14417e7f87a722a13a89b8c7054e971ebe03fe487365bd0b4e9f010800bb96f57b9f27af6c1fdc81138bf8410f0b16c503bbbc4ceb00e6197aa1cccb5373b93c3548cab1abef0fd2fbad4a1613238e91949c29df98bd81365c7aab636ad1e5ad865e698cca38b009bf9b77a886518d40fc873666f8b430477765,gx-no-cache=1569354670560 HTTP/1.1" 200 30
190.171.154.42 - - [24/Sep/2019:16:56:35 -0300] "GET /cormun/servlet/licenciaspermisos?7bf6e3c3b169f5b80977a7fc3f4127d114d155b3e00993a1f70f8a0d582f67394a7c2528fb6cf726464690325ee13d77091aef2c4d5a1308be2486b0a0a321c01d4a9ac927f39bc1a5f6663a7a0832ffe27104f4df3ae1f5c92b531cb663f01594324819d4ed7f8fc2ab94fc468a27317445b046a923df8c195d3dbc44e694a6ebb4eae011cbe6dd72887a25a0b2d6ca1746caf9663342db9f5b9dc813bc521a86e0d3eca263f166f24f76d24055c69d,gx-no-cache=1569354670617 HTTP/1.1" 200 29
190.171.154.42 - - [24/Sep/2019:16:56:36 -0300] "POST /cormun/servlet/licenciaspermisos?a57e61f36e22f9991d2e04a53d806aaf,INS,0,,,,gx-no-cache=1569354670665 HTTP/1.1" 200 93
190.171.154.42 - - [24/Sep/2019:16:56:36 -0300] "GET /cormun/servlet/hpexe_return? HTTP/1.1" 200 1011
190.171.154.42 - - [24/Sep/2019:16:56:37 -0300] "GET /cormun/servlet/trlicencias HTTP/1.1" 200 12831
190.171.154.42 - - [24/Sep/2019:16:56:38 -0300] "GET /cormun/servlet/trlicencias HTTP/1.1" 200 12832
186.103.159.204 - - [24/Sep/2019:16:58:02 -0300] "POST /cormun/servlet/permisosadjuntos?dd9972192219f7521615488900dc515a,INS,17477002,P,20190924131715,, HTTP/1.1" 200 116
186.103.159.204 - - [24/Sep/2019:16:58:02 -0300] "GET /cormun/servlet/hpexe_return? HTTP/1.1" 200 1038
186.103.159.204 - - [24/Sep/2019:16:58:02 -0300] "GET /cormun/servlet/trpermisosadjuntos?17477002,20190924131715,P, HTTP/1.1" 200 6817
186.103.159.204 - - [24/Sep/2019:16:58:02 -0300] "GET /cormun/servlet/trpermisosadjuntos?17477002,20190924131715,P, HTTP/1.1" 200 6814
186.103.159.204 - - [24/Sep/2019:16:58:05 -0300] "GET /cormun/servlet/trpermisosgoce? HTTP/1.1" 200 13826
186.103.159.204 - - [24/Sep/2019:16:58:05 -0300] "GET /cormun/servlet/trpermisosgoce? HTTP/1.1" 200 13808
186.103.159.204 - - [24/Sep/2019:16:58:07 -0300] "POST /cormun/servlet/trpermisosgoce?dd9972192219f7521615488900dc515a,,gx-no-cache=1569354762007 HTTP/1.1" 200 10936
186.103.159.204 - - [24/Sep/2019:16:58:07 -0300] "GET /cormun/static/Shared/jqueryui/images/ui-bg_highlight-soft_100_c6c2c8_1x100.png HTTP/1.1" 404 1117
186.103.159.204 - - [24/Sep/2019:16:58:07 -0300] "GET /cormun/static/Shared/jqueryui/images/ui-icons_82798d_256x240.png HTTP/1.1" 404 1089
186.103.159.204 - - [24/Sep/2019:16:58:07 -0300] "GET /cormun/static/Shared/jqueryui/images/ui-bg_flat_55_fafafa_40x100.png HTTP/1.1" 404 1097
186.103.159.204 - - [24/Sep/2019:16:58:07 -0300] "GET /cormun/static/Shared/jqueryui/images/ui-icons_8d78a5_256x240.png HTTP/1.1" 404 1089
190.171.154.42 - - [24/Sep/2019:17:00:23 -0300] "GET /cormun/servlet/trlicenciaspermisosadjuntos?10523974,20190924000000,L, HTTP/1.1" 200 6675
190.171.154.42 - - [24/Sep/2019:17:00:24 -0300] "GET /cormun/servlet/trlicenciaspermisosadjuntos?10523974,20190924000000,L, HTTP/1.1" 200 6675
190.171.154.42 - - [24/Sep/2019:17:00:28 -0300] "GET /cormun/servlet/licenciaspermisosadjuntos?INS,10523974,L,20190924000000,, HTTP/1.1" 200 5970
190.171.154.42 - - [24/Sep/2019:17:00:29 -0300] "GET /cormun/static/about:blank HTTP/1.1" 404 1011
190.171.154.42 - - [24/Sep/2019:17:00:30 -0300] "GET /cormun/servlet/licenciaspermisosadjuntos?INS,10523974,L,20190924000000,, HTTP/1.1" 200 5959
190.171.154.42 - - [24/Sep/2019:17:00:58 -0300] "POST /cormun/servlet/licenciaspermisosadjuntos?a57e61f36e22f9991d2e04a53d806aaf,INS,10523974,L,20190924000000,, HTTP/1.1" 200 116
190.171.154.42 - - [24/Sep/2019:17:00:58 -0300] "GET /cormun/servlet/hpexe_return? HTTP/1.1" 200 1042
190.171.154.42 - - [24/Sep/2019:17:00:59 -0300] "GET /cormun/servlet/trlicenciaspermisosadjuntos?10523974,20190924000000,L, HTTP/1.1" 200 7212
190.171.154.42 - - [24/Sep/2019:17:01:00 -0300] "GET /cormun/servlet/trlicenciaspermisosadjuntos?10523974,20190924000000,L, HTTP/1.1" 200 7209
190.171.154.42 - - [24/Sep/2019:17:01:58 -0300] "POST /cormun/servlet/trlicenciaspermisosadjuntos?a57e61f36e22f9991d2e04a53d806aaf,10523974,20190924000000,L,,gx-no-cache=1569354993060 HTTP/1.1" 200 90
190.171.154.42 - - [24/Sep/2019:17:01:58 -0300] "GET /cormun/servlet/hpexe_link HTTP/1.1" 200 984
190.171.154.42 - - [24/Sep/2019:17:01:58 -0300] "GET /cormun/servlet/trlicencias HTTP/1.1" 200 12827
190.171.154.42 - - [24/Sep/2019:17:02:00 -0300] "GET /cormun/servlet/trlicencias HTTP/1.1" 200 12825
192.168.10.96 - - [24/Sep/2019:17:03:04 -0300] "GET /digitalizacion/servlet/hhome HTTP/1.1" 200 2610
192.168.10.96 - - [24/Sep/2019:17:03:04 -0300] "GET /digitalizacion/servlet/hlogin HTTP/1.1" 302 -
192.168.10.96 - - [24/Sep/2019:17:03:04 -0300] "GET /digitalizacion/servlet/hhome HTTP/1.1" 200 2596
192.168.10.96 - - [24/Sep/2019:17:03:04 -0300] "GET /digitalizacion/servlet/wblogin? HTTP/1.1" 200 2325
192.168.10.96 - - [24/Sep/2019:17:03:04 -0300] "GET /digitalizacion/servlet/hhome HTTP/1.1" 200 2624
192.168.10.96 - - [24/Sep/2019:17:03:11 -0300] "POST /digitalizacion/servlet/wblogin?e13dfd913891c27051b3732e1cc6e5a6,,gx-no-cache=1569358564789 HTTP/1.1" 200 836
192.168.10.96 - - [24/Sep/2019:17:03:13 -0300] "POST /digitalizacion/servlet/wblogin?e13dfd913891c27051b3732e1cc6e5a6,,gx-no-cache=1569358566843 HTTP/1.1" 200 65
192.168.10.96 - - [24/Sep/2019:17:03:13 -0300] "GET /digitalizacion/servlet/hhome HTTP/1.1" 200 2820
192.168.10.96 - - [24/Sep/2019:17:03:13 -0300] "GET /digitalizacion/servlet/hhome HTTP/1.1" 200 2818
192.168.10.96 - - [24/Sep/2019:17:03:16 -0300] "GET /digitalizacion/servlet/trdocumentos? HTTP/1.1" 200 9870
192.168.10.96 - - [24/Sep/2019:17:03:17 -0300] "GET /digitalizacion/servlet/trdocumentos? HTTP/1.1" 200 9868
192.168.10.96 - - [24/Sep/2019:17:03:17 -0300] "POST /digitalizacion/servlet/trdocumentos?gx-no-cache=1569358570985 HTTP/1.1" 200 449
192.168.10.96 - - [24/Sep/2019:17:03:17 -0300] "POST /digitalizacion/servlet/trdocumentos?gx-no-cache=1569358571020 HTTP/1.1" 200 78
192.168.10.96 - - [24/Sep/2019:17:03:21 -0300] "POST /digitalizacion/servlet/trdocumentos?gx-no-cache=1569358575332 HTTP/1.1" 200 237
192.168.10.96 - - [24/Sep/2019:17:03:32 -0300] "POST /digitalizacion/servlet/trdocumentos?e13dfd913891c27051b3732e1cc6e5a6,,gx-no-cache=1569358584646 HTTP/1.1" 200 4008
192.168.10.96 - - [24/Sep/2019:17:03:36 -0300] "GET /digitalizacion/servlet/wbadjunto?11325,PU HTTP/1.1" 302 -
192.168.10.96 - - [24/Sep/2019:17:03:36 -0300] "GET /digitalizacion/PublicTempStorage/4756721.tmp HTTP/1.1" 200 847490
190.171.141.82 - - [24/Sep/2019:17:03:41 -0300] "POST /cormun/servlet/trlicencias?e2523a51b0c28d7f9a65cfa1b32e9280,,gx-no-cache=1569355191360 HTTP/1.1" 440 972
190.171.141.82 - - [24/Sep/2019:17:03:44 -0300] "GET /cormun/servlet/trlicencias? HTTP/1.1" 200 6128
190.171.154.42 - - [24/Sep/2019:17:03:46 -0300] "POST /cormun/servlet/trlicencias?a57e61f36e22f9991d2e04a53d806aaf,gx-no-cache=1569355101345 HTTP/1.1" 200 10022
190.171.141.82 - - [24/Sep/2019:17:03:47 -0300] "GET /cormun/servlet/trlicencias? HTTP/1.1" 200 6128
190.171.141.82 - - [24/Sep/2019:17:03:47 -0300] "GET /cormun/servlet/hlogin HTTP/1.1" 200 1732
190.171.141.82 - - [24/Sep/2019:17:03:47 -0300] "GET /cormun/servlet/trlicencias? HTTP/1.1" 200 6128
190.171.154.42 - - [24/Sep/2019:17:03:47 -0300] "GET /cormun/static/Shared/jqueryui/images/ui-bg_highlight-soft_100_c6c2c8_1x100.png HTTP/1.1" 404 1117
190.171.154.42 - - [24/Sep/2019:17:03:47 -0300] "GET /cormun/static/Shared/jqueryui/images/ui-icons_82798d_256x240.png HTTP/1.1" 404 1089
190.171.154.42 - - [24/Sep/2019:17:03:47 -0300] "GET /cormun/static/Shared/jqueryui/images/ui-icons_8d78a5_256x240.png HTTP/1.1" 404 1089
190.171.154.42 - - [24/Sep/2019:17:03:47 -0300] "GET /cormun/static/Shared/jqueryui/images/ui-bg_flat_55_fafafa_40x100.png HTTP/1.1" 404 1097
190.171.141.82 - - [24/Sep/2019:17:03:50 -0300] "POST /cormun/servlet/hlogin?0b93da54bf4ff6afefd464880ca13053,gx-no-cache=1569355200643 HTTP/1.1" 200 90
190.171.141.82 - - [24/Sep/2019:17:03:50 -0300] "GET /cormun/servlet/hpexe_link HTTP/1.1" 200 951
190.171.141.82 - - [24/Sep/2019:17:03:51 -0300] "GET /cormun/servlet/trlicencias HTTP/1.1" 200 13347
190.171.141.82 - - [24/Sep/2019:17:03:53 -0300] "GET /cormun/servlet/trlicencias HTTP/1.1" 200 13229
190.171.141.138 - - [24/Sep/2019:17:04:02 -0300] "GET /cormun/servlet/trpermisosadjuntos?12518057,20190916162745,P, HTTP/1.1" 200 6794
190.171.141.138 - - [24/Sep/2019:17:04:03 -0300] "GET /cormun/servlet/trpermisosadjuntos?12518057,20190916162745,P, HTTP/1.1" 200 6794
190.171.141.82 - - [24/Sep/2019:17:04:05 -0300] "POST /cormun/servlet/trlicencias?0b93da54bf4ff6afefd464880ca13053,gx-no-cache=1569355214858 HTTP/1.1" 200 10786
190.171.141.138 - - [24/Sep/2019:17:04:05 -0300] "GET /cormun/servlet/permisosadjuntos?INS,12518057,P,20190916162745,, HTTP/1.1" 200 6102
190.171.141.138 - - [24/Sep/2019:17:04:06 -0300] "GET /cormun/static/about:blank HTTP/1.1" 404 1011
190.171.141.138 - - [24/Sep/2019:17:04:06 -0300] "GET /cormun/servlet/permisosadjuntos?INS,12518057,P,20190916162745,, HTTP/1.1" 200 6092
192.168.10.96 - - [24/Sep/2019:17:04:11 -0300] "POST /digitalizacion/servlet/trdocumentos?e13dfd913891c27051b3732e1cc6e5a6,,gx-no-cache=1569358623398 HTTP/1.1" 200 3194
190.171.141.138 - - [24/Sep/2019:17:04:15 -0300] "POST /cormun/servlet/permisosadjuntos?b3cf38106823c4fb1f09a144bdcef015,INS,12518057,P,20190916162745,, HTTP/1.1" 200 116
190.171.141.138 - - [24/Sep/2019:17:04:15 -0300] "GET /cormun/servlet/hpexe_return? HTTP/1.1" 200 1035
190.171.141.138 - - [24/Sep/2019:17:04:15 -0300] "GET /cormun/servlet/trpermisosadjuntos?12518057,20190916162745,P, HTTP/1.1" 200 7319
190.171.141.138 - - [24/Sep/2019:17:04:15 -0300] "GET /cormun/servlet/trpermisosadjuntos?12518057,20190916162745,P, HTTP/1.1" 200 7314
190.171.141.138 - - [24/Sep/2019:17:04:17 -0300] "POST /cormun/servlet/trpermisosadjuntos?b3cf38106823c4fb1f09a144bdcef015,12518057,20190916162745,P,,gx-no-cache=1569358734309 HTTP/1.1" 200 90
190.171.141.138 - - [24/Sep/2019:17:04:17 -0300] "GET /cormun/servlet/hpexe_link HTTP/1.1" 200 981
190.171.141.138 - - [24/Sep/2019:17:04:17 -0300] "GET /cormun/servlet/trpermisosgoce HTTP/1.1" 200 13569
190.171.141.138 - - [24/Sep/2019:17:04:18 -0300] "GET /cormun/servlet/trpermisosgoce HTTP/1.1" 200 13571
192.168.10.96 - - [24/Sep/2019:17:04:20 -0300] "POST /digitalizacion/servlet/trdocumentos?e13dfd913891c27051b3732e1cc6e5a6,,gx-no-cache=1569358632372 HTTP/1.1" 200 7277
192.168.10.96 - - [24/Sep/2019:17:04:20 -0300] "GET /digitalizacion/static/Resources/PXToolsGridNext.gif HTTP/1.1" 200 369
192.168.10.96 - - [24/Sep/2019:17:04:20 -0300] "GET /digitalizacion/static/Resources/PXToolsGridLast.gif HTTP/1.1" 200 370
190.171.141.138 - - [24/Sep/2019:17:04:21 -0300] "GET /cormun/servlet/trpermisosadjuntos?17138729,20190923120543,P, HTTP/1.1" 200 6791
190.171.141.138 - - [24/Sep/2019:17:04:22 -0300] "GET /cormun/servlet/trpermisosadjuntos?17138729,20190923120543,P, HTTP/1.1" 200 6791
190.171.141.138 - - [24/Sep/2019:17:04:23 -0300] "GET /cormun/servlet/permisosadjuntos?INS,17138729,P,20190923120543,, HTTP/1.1" 200 6099
190.171.141.138 - - [24/Sep/2019:17:04:23 -0300] "GET /cormun/static/about:blank HTTP/1.1" 404 1011
190.171.141.138 - - [24/Sep/2019:17:04:24 -0300] "GET /cormun/servlet/permisosadjuntos?INS,17138729,P,20190923120543,, HTTP/1.1" 200 6088
190.171.141.138 - - [24/Sep/2019:17:04:29 -0300] "POST /cormun/servlet/permisosadjuntos?b3cf38106823c4fb1f09a144bdcef015,INS,17138729,P,20190923120543,, HTTP/1.1" 200 116
190.171.141.138 - - [24/Sep/2019:17:04:29 -0300] "GET /cormun/servlet/hpexe_return? HTTP/1.1" 200 1036
190.171.141.138 - - [24/Sep/2019:17:04:29 -0300] "GET /cormun/servlet/trpermisosadjuntos?17138729,20190923120543,P, HTTP/1.1" 200 7314
192.168.10.96 - - [24/Sep/2019:17:04:30 -0300] "POST /digitalizacion/servlet/trdocumentos?e13dfd913891c27051b3732e1cc6e5a6,,gx-no-cache=1569358642301 HTTP/1.1" 200 3170
190.171.141.138 - - [24/Sep/2019:17:04:30 -0300] "GET /cormun/servlet/trpermisosadjuntos?17138729,20190923120543,P, HTTP/1.1" 200 7310
190.171.141.138 - - [24/Sep/2019:17:04:31 -0300] "POST /cormun/servlet/trpermisosadjuntos?b3cf38106823c4fb1f09a144bdcef015,17138729,20190923120543,P,,gx-no-cache=1569358748012 HTTP/1.1" 200 90
190.171.141.138 - - [24/Sep/2019:17:04:31 -0300] "GET /cormun/servlet/hpexe_link HTTP/1.1" 200 981
190.171.141.138 - - [24/Sep/2019:17:04:31 -0300] "GET /cormun/servlet/trpermisosgoce HTTP/1.1" 200 13574
190.171.141.138 - - [24/Sep/2019:17:04:32 -0300] "GET /cormun/servlet/trpermisosgoce HTTP/1.1" 200 13575
190.171.141.138 - - [24/Sep/2019:17:04:34 -0300] "GET /cormun/servlet/trpermisosadjuntos?11365202,20190924110810,P, HTTP/1.1" 200 6796
190.171.141.138 - - [24/Sep/2019:17:04:35 -0300] "GET /cormun/servlet/trpermisosadjuntos?11365202,20190924110810,P, HTTP/1.1" 200 6796
190.171.141.138 - - [24/Sep/2019:17:04:36 -0300] "GET /cormun/servlet/permisosadjuntos?INS,11365202,P,20190924110810,, HTTP/1.1" 200 6105
190.171.141.138 - - [24/Sep/2019:17:04:37 -0300] "GET /cormun/static/about:blank HTTP/1.1" 404 1011
190.171.141.138 - - [24/Sep/2019:17:04:37 -0300] "GET /cormun/servlet/permisosadjuntos?INS,11365202,P,20190924110810,, HTTP/1.1" 200 6095
190.171.141.138 - - [24/Sep/2019:17:04:42 -0300] "POST /cormun/servlet/permisosadjuntos?b3cf38106823c4fb1f09a144bdcef015,INS,11365202,P,20190924110810,, HTTP/1.1" 200 116
190.171.141.138 - - [24/Sep/2019:17:04:42 -0300] "GET /cormun/servlet/hpexe_return? HTTP/1.1" 200 1035
190.171.141.138 - - [24/Sep/2019:17:04:42 -0300] "GET /cormun/servlet/trpermisosadjuntos?11365202,20190924110810,P, HTTP/1.1" 200 7319
190.171.141.138 - - [24/Sep/2019:17:04:43 -0300] "GET /cormun/servlet/trpermisosadjuntos?11365202,20190924110810,P, HTTP/1.1" 200 7317
190.171.141.138 - - [24/Sep/2019:17:04:46 -0300] "POST /cormun/servlet/trpermisosadjuntos?b3cf38106823c4fb1f09a144bdcef015,11365202,20190924110810,P,,gx-no-cache=1569358763212 HTTP/1.1" 200 90
190.171.141.138 - - [24/Sep/2019:17:04:46 -0300] "GET /cormun/servlet/hpexe_link HTTP/1.1" 200 980
190.171.141.138 - - [24/Sep/2019:17:04:46 -0300] "GET /cormun/servlet/trpermisosgoce HTTP/1.1" 200 13566
190.171.141.138 - - [24/Sep/2019:17:04:47 -0300] "GET /cormun/servlet/trpermisosgoce HTTP/1.1" 200 13576
190.171.141.138 - - [24/Sep/2019:17:04:49 -0300] "POST /cormun/servlet/trpermisosgoce?b3cf38106823c4fb1f09a144bdcef015,gx-no-cache=1569358766530 HTTP/1.1" 200 10451
190.171.141.138 - - [24/Sep/2019:17:04:50 -0300] "GET /cormun/static/Shared/jqueryui/images/ui-bg_highlight-soft_100_c6c2c8_1x100.png HTTP/1.1" 404 1117
190.171.141.138 - - [24/Sep/2019:17:04:50 -0300] "GET /cormun/static/Shared/jqueryui/images/ui-icons_82798d_256x240.png HTTP/1.1" 404 1089
190.171.141.138 - - [24/Sep/2019:17:04:50 -0300] "GET /cormun/static/Shared/jqueryui/images/ui-icons_8d78a5_256x240.png HTTP/1.1" 404 1089
190.171.141.138 - - [24/Sep/2019:17:04:50 -0300] "GET /cormun/static/Shared/jqueryui/images/ui-bg_flat_55_fafafa_40x100.png HTTP/1.1" 404 1097
190.171.141.138 - - [24/Sep/2019:17:04:51 -0300] "POST /cormun/servlet/trpermisosgoce?b3cf38106823c4fb1f09a144bdcef015,gx-no-cache=1569358767820 HTTP/1.1" 200 10455
190.171.141.138 - - [24/Sep/2019:17:04:52 -0300] "POST /cormun/servlet/trpermisosgoce?b3cf38106823c4fb1f09a144bdcef015,gx-no-cache=1569358768988 HTTP/1.1" 200 10447
190.171.141.138 - - [24/Sep/2019:17:04:54 -0300] "POST /cormun/servlet/trpermisosgoce?b3cf38106823c4fb1f09a144bdcef015,gx-no-cache=1569358771311 HTTP/1.1" 200 10414
190.171.141.138 - - [24/Sep/2019:17:04:58 -0300] "GET /cormun/servlet/trautorizarpermisogoce? HTTP/1.1" 200 8692
190.171.141.138 - - [24/Sep/2019:17:04:58 -0300] "GET /cormun/servlet/trautorizarpermisogoce? HTTP/1.1" 200 8692
190.171.141.138 - - [24/Sep/2019:17:05:02 -0300] "POST /cormun/servlet/trautorizarpermisogoce?b3cf38106823c4fb1f09a144bdcef015,,gx-no-cache=1569358779608 HTTP/1.1" 200 5498
190.171.141.138 - - [24/Sep/2019:17:05:03 -0300] "POST /cormun/servlet/trautorizarpermisogoce?b3cf38106823c4fb1f09a144bdcef015,,gx-no-cache=1569358780588 HTTP/1.1" 200 5199
190.171.141.138 - - [24/Sep/2019:17:05:04 -0300] "POST /cormun/servlet/trautorizarpermisogoce?b3cf38106823c4fb1f09a144bdcef015,,gx-no-cache=1569358781575 HTTP/1.1" 200 4442
192.168.10.96 - - [24/Sep/2019:17:05:16 -0300] "POST /digitalizacion/servlet/trdocumentos?e13dfd913891c27051b3732e1cc6e5a6,,gx-no-cache=1569358689444 HTTP/1.1" 200 3645
190.171.154.42 - - [24/Sep/2019:17:05:29 -0300] "GET /cormun/servlet/alicenciaprn?10523974,L,20190924000000,PU HTTP/1.1" 200 1548
192.168.10.96 - - [24/Sep/2019:17:05:32 -0300] "POST /digitalizacion/servlet/trdocumentos?e13dfd913891c27051b3732e1cc6e5a6,,gx-no-cache=1569358704804 HTTP/1.1" 200 3657
192.168.10.96 - - [24/Sep/2019:17:05:35 -0300] "GET /digitalizacion/servlet/wbadjunto?11133,PU HTTP/1.1" 302 -
192.168.10.96 - - [24/Sep/2019:17:05:35 -0300] "GET /digitalizacion/PublicTempStorage/7478879.tmp HTTP/1.1" 200 904329
190.171.144.234 - - [24/Sep/2019:17:05:39 -0300] "GET /cormun/servlet/hlogin HTTP/1.1" 200 1716
190.171.144.234 - - [24/Sep/2019:17:05:48 -0300] "POST /cormun/servlet/hlogin?3c37ec698d7b84aeb93fc21e4fecb7ce,gx-no-cache=1569355225766 HTTP/1.1" 200 90
190.171.144.234 - - [24/Sep/2019:17:05:48 -0300] "GET /cormun/servlet/hpexe_link HTTP/1.1" 200 948
190.171.144.234 - - [24/Sep/2019:17:05:49 -0300] "GET /cormun/servlet/hhome HTTP/1.1" 200 4026
190.171.144.234 - - [24/Sep/2019:17:05:50 -0300] "GET /cormun/servlet/hhome HTTP/1.1" 200 4022
192.168.10.96 - - [24/Sep/2019:17:05:59 -0300] "POST /digitalizacion/servlet/trdocumentos?e13dfd913891c27051b3732e1cc6e5a6,,gx-no-cache=1569358731748 HTTP/1.1" 200 3814
192.168.10.96 - - [24/Sep/2019:17:06:01 -0300] "GET /digitalizacion/servlet/wbadjunto?12169,PU HTTP/1.1" 302 -
192.168.10.96 - - [24/Sep/2019:17:06:01 -0300] "GET /digitalizacion/PublicTempStorage/1271830.tmp HTTP/1.1" 200 957519
190.171.144.234 - - [24/Sep/2019:17:06:01 -0300] "GET /cormun/servlet/trpermisosgoce? HTTP/1.1" 200 9531
190.171.144.234 - - [24/Sep/2019:17:06:02 -0300] "GET /cormun/servlet/trpermisosgoce? HTTP/1.1" 200 9524
192.168.10.96 - - [24/Sep/2019:17:06:04 -0300] "GET /digitalizacion/servlet/wbadjunto?17324,PU HTTP/1.1" 302 -
192.168.10.96 - - [24/Sep/2019:17:06:04 -0300] "GET /digitalizacion/PublicTempStorage/8640774.tmp HTTP/1.1" 200 749010
192.168.10.89 - - [24/Sep/2019:17:06:09 -0300] "GET /digitalizacion/servlet/wblogin? HTTP/1.1" 200 2306
190.171.144.234 - - [24/Sep/2019:17:06:10 -0300] "GET /cormun/servlet/permisogoce?INS,0,,, HTTP/1.1" 200 6862
190.171.144.234 - - [24/Sep/2019:17:06:11 -0300] "GET /cormun/servlet/permisogoce?INS,0,,, HTTP/1.1" 200 6862
190.171.144.234 - - [24/Sep/2019:17:06:20 -0300] "GET /cormun/servlet/permisogoce?ca7a71190b201d5eef939c5867803a125ea88f57337b44ef4dbbc3c0a4062d41c0f7e1fa09b043bc7d7d4b8f180ead9d710bbdfa0852e2da5608505302eeb588,gx-no-cache=1569355257146 HTTP/1.1" 200 81
190.171.144.234 - - [24/Sep/2019:17:06:20 -0300] "GET /cormun/static/menuarrow.gif HTTP/1.1" 404 1015
192.168.10.89 - - [24/Sep/2019:17:06:22 -0300] "POST /digitalizacion/servlet/wblogin?86416568ad5d49c05b2f4f9926b2c781,,gx-no-cache=1569358755452 HTTP/1.1" 200 65
192.168.10.89 - - [24/Sep/2019:17:06:22 -0300] "GET /digitalizacion/servlet/hhome HTTP/1.1" 200 2820
190.171.152.138 - - [24/Sep/2019:17:06:22 -0300] "GET /cormun/servlet/hhome HTTP/1.1" 200 3415
192.168.10.89 - - [24/Sep/2019:17:06:22 -0300] "GET /digitalizacion/servlet/hhome HTTP/1.1" 200 2818
190.171.152.138 - - [24/Sep/2019:17:06:22 -0300] "GET /cormun/servlet/hhome HTTP/1.1" 200 3415
190.171.152.138 - - [24/Sep/2019:17:06:23 -0300] "GET /cormun/servlet/hlogin HTTP/1.1" 200 1729
190.171.152.138 - - [24/Sep/2019:17:06:23 -0300] "GET /cormun/servlet/hhome HTTP/1.1" 200 3424
192.168.10.89 - - [24/Sep/2019:17:06:27 -0300] "GET /digitalizacion/servlet/trdocumentos? HTTP/1.1" 200 9878
192.168.10.89 - - [24/Sep/2019:17:06:28 -0300] "GET /digitalizacion/servlet/trdocumentos? HTTP/1.1" 200 9875
192.168.10.89 - - [24/Sep/2019:17:06:28 -0300] "POST /digitalizacion/servlet/trdocumentos?gx-no-cache=1569358762019 HTTP/1.1" 200 449
192.168.10.89 - - [24/Sep/2019:17:06:28 -0300] "POST /digitalizacion/servlet/trdocumentos?gx-no-cache=1569358762053 HTTP/1.1" 200 78
192.168.10.96 - - [24/Sep/2019:17:06:32 -0300] "POST /digitalizacion/servlet/trdocumentos?e13dfd913891c27051b3732e1cc6e5a6,,gx-no-cache=1569358765238 HTTP/1.1" 200 3703
190.171.152.138 - - [24/Sep/2019:17:06:35 -0300] "POST /cormun/servlet/hlogin?2091ec0a65e0a3dceaf4d791f099f850,gx-no-cache=1569358868920 HTTP/1.1" 200 90
190.171.152.138 - - [24/Sep/2019:17:06:35 -0300] "GET /cormun/servlet/hpexe_link HTTP/1.1" 200 945
190.171.152.138 - - [24/Sep/2019:17:06:35 -0300] "GET /cormun/servlet/hhome HTTP/1.1" 200 3947
190.171.152.138 - - [24/Sep/2019:17:06:36 -0300] "GET /cormun/servlet/hhome HTTP/1.1" 200 3944
190.171.144.234 - - [24/Sep/2019:17:06:39 -0300] "GET /cormun/servlet/permisogoce?ca7a71190b201d5eef939c5867803a1232e7c91f5de2c8062758fefa5d7ada4a308bae70824f9ffc91aa0b72dcea304c648cbc2e742c875cdb1ed97f050fcc20,gx-no-cache=1569355276290 HTTP/1.1" 200 47
192.168.10.89 - - [24/Sep/2019:17:06:40 -0300] "GET /digitalizacion/servlet/wblogin? HTTP/1.1" 200 2324
190.171.144.234 - - [24/Sep/2019:17:06:43 -0300] "POST /cormun/servlet/permisogoce?3c37ec698d7b84aeb93fc21e4fecb7ce,INS,0,,,,gx-no-cache=1569355279773 HTTP/1.1" 200 93
190.171.144.234 - - [24/Sep/2019:17:06:43 -0300] "GET /cormun/servlet/hpexe_return? HTTP/1.1" 200 1006
190.171.144.234 - - [24/Sep/2019:17:06:43 -0300] "GET /cormun/servlet/trpermisosgoce HTTP/1.1" 200 9756
192.168.10.96 - - [24/Sep/2019:17:06:44 -0300] "GET /digitalizacion/servlet/wbadjunto?10427,PU HTTP/1.1" 302 -
192.168.10.96 - - [24/Sep/2019:17:06:44 -0300] "GET /digitalizacion/PublicTempStorage/2939240.tmp HTTP/1.1" 200 943584
190.171.144.234 - - [24/Sep/2019:17:06:44 -0300] "GET /cormun/servlet/trpermisosgoce HTTP/1.1" 200 9745
190.171.152.138 - - [24/Sep/2019:17:06:48 -0300] "GET /cormun/servlet/trpermisosgoce? HTTP/1.1" 200 10636
190.171.152.138 - - [24/Sep/2019:17:06:48 -0300] "GET /cormun/servlet/trpermisosgoce? HTTP/1.1" 200 10640
190.171.144.234 - - [24/Sep/2019:17:06:49 -0300] "GET /cormun/servlet/permisogoce?INS,0,,, HTTP/1.1" 200 6862
190.171.144.234 - - [24/Sep/2019:17:06:49 -0300] "GET /cormun/servlet/permisogoce?INS,0,,, HTTP/1.1" 200 6861
190.171.152.138 - - [24/Sep/2019:17:06:52 -0300] "GET /cormun/servlet/permisogoce?INS,0,,, HTTP/1.1" 200 6782
190.171.152.138 - - [24/Sep/2019:17:06:53 -0300] "GET /cormun/servlet/permisogoce?INS,0,,, HTTP/1.1" 200 6782
190.171.144.234 - - [24/Sep/2019:17:06:57 -0300] "GET /cormun/servlet/permisogoce?ca7a71190b201d5eef939c5867803a125ea88f57337b44ef4dbbc3c0a4062d41c0f7e1fa09b043bc7d7d4b8f180ead9d710bbdfa0852e2da5608505302eeb588,gx-no-cache=1569355294402 HTTP/1.1" 200 83
190.171.152.138 - - [24/Sep/2019:17:07:08 -0300] "GET /cormun/servlet/permisogoce?32b7a1ea8eef4236f8848457d70ee8e62dbfd04c9f9cc79b2b614230f47d1750df6296d076c7d48d97fe542c0fc9dddd,gx-no-cache=1569358901709 HTTP/1.1" 200 71
190.171.152.138 - - [24/Sep/2019:17:07:11 -0300] "GET /cormun/static/menuarrow.gif HTTP/1.1" 404 1015
190.171.144.234 - - [24/Sep/2019:17:07:18 -0300] "GET /cormun/servlet/permisogoce?ca7a71190b201d5eef939c5867803a1232e7c91f5de2c8062758fefa5d7ada4af58f3d374d4744c37a3aae7d0de44db4648cbc2e742c875cdb1ed97f050fcc20,gx-no-cache=1569355315162 HTTP/1.1" 200 47
190.171.152.138 - - [24/Sep/2019:17:07:18 -0300] "GET /cormun/servlet/permisogoce?32b7a1ea8eef4236f8848457d70ee8e6520f42ae4611e891b0af04aa799a46a4c203a02a37aea355fe3f47251c7496aa560ff0312860b2167fadd919b6ced601,gx-no-cache=1569358911564 HTTP/1.1" 200 47
190.171.144.234 - - [24/Sep/2019:17:07:23 -0300] "POST /cormun/servlet/permisogoce?3c37ec698d7b84aeb93fc21e4fecb7ce,INS,0,,,,gx-no-cache=1569355319717 HTTP/1.1" 200 93
190.171.144.234 - - [24/Sep/2019:17:07:23 -0300] "GET /cormun/servlet/hpexe_return? HTTP/1.1" 200 1006
190.171.144.234 - - [24/Sep/2019:17:07:23 -0300] "GET /cormun/servlet/trpermisosgoce HTTP/1.1" 200 9920
190.171.144.234 - - [24/Sep/2019:17:07:23 -0300] "GET /cormun/servlet/trpermisosgoce HTTP/1.1" 200 9928
190.171.152.138 - - [24/Sep/2019:17:07:25 -0300] "POST /cormun/servlet/permisogoce?2091ec0a65e0a3dceaf4d791f099f850,INS,0,,,,gx-no-cache=1569358918004 HTTP/1.1" 200 93
190.171.152.138 - - [24/Sep/2019:17:07:25 -0300] "GET /cormun/servlet/hpexe_return? HTTP/1.1" 200 1006
190.171.152.138 - - [24/Sep/2019:17:07:25 -0300] "GET /cormun/servlet/trpermisosgoce HTTP/1.1" 200 10985
190.171.152.138 - - [24/Sep/2019:17:07:26 -0300] "GET /cormun/servlet/trpermisosgoce HTTP/1.1" 200 10969
190.171.144.234 - - [24/Sep/2019:17:07:27 -0300] "GET /cormun/servlet/apermisogoceprn?19590668,P,20190924175942,PU HTTP/1.1" 200 1661
190.171.152.138 - - [24/Sep/2019:17:07:30 -0300] "GET /cormun/servlet/apermisogoceprn?9751801,P,20190924175946,PU HTTP/1.1" 200 1651
46.174.191.30 - - [24/Sep/2019:17:07:36 -0300] "GET / HTTP/1.0" 200 11197
190.171.141.82 - - [24/Sep/2019:17:08:10 -0300] "GET /cormun/servlet/hlogin HTTP/1.1" 200 1723
190.171.144.234 - - [24/Sep/2019:17:08:46 -0300] "GET /cormun/servlet/apermisogoceprn?19590668,P,20190924175903,PU HTTP/1.1" 200 1656
190.171.152.138 - - [24/Sep/2019:17:09:41 -0300] "GET /cormun/servlet/trpermisosadjuntos?9751801,20190924175946,P, HTTP/1.1" 200 6257
190.171.152.138 - - [24/Sep/2019:17:09:42 -0300] "GET /cormun/servlet/trpermisosadjuntos?9751801,20190924175946,P, HTTP/1.1" 200 6257
190.171.152.138 - - [24/Sep/2019:17:09:54 -0300] "GET /cormun/servlet/permisosadjuntos?INS,9751801,P,20190924175946,, HTTP/1.1" 200 5584
190.171.152.138 - - [24/Sep/2019:17:09:54 -0300] "GET /cormun/static/about:blank HTTP/1.1" 404 1011
190.171.152.138 - - [24/Sep/2019:17:09:54 -0300] "GET /cormun/servlet/permisosadjuntos?INS,9751801,P,20190924175946,, HTTP/1.1" 200 5574
190.171.144.234 - - [24/Sep/2019:17:10:32 -0300] "GET /cormun/servlet/apermisogoceprn?19590668,P,20190924175903,PU HTTP/1.1" 200 1661
190.171.144.234 - - [24/Sep/2019:17:12:39 -0300] "GET /cormun/servlet/apermisogoceprn?19590668,P,20190924175903,PU HTTP/1.1" 200 1661
190.171.154.42 - - [24/Sep/2019:17:12:45 -0300] "GET /cormun/servlet/licenciaspermisos?INS,0,,, HTTP/1.1" 200 7862
190.171.154.42 - - [24/Sep/2019:17:12:47 -0300] "GET /cormun/servlet/licenciaspermisos?INS,0,,, HTTP/1.1" 200 7870
190.171.154.42 - - [24/Sep/2019:17:12:51 -0300] "GET /cormun/servlet/prfichaempleado?,MD,,gxPopupLevel%3D0%3B HTTP/1.1" 200 9426
190.171.154.42 - - [24/Sep/2019:17:13:02 -0300] "POST /cormun/servlet/prfichaempleado?a57e61f36e22f9991d2e04a53d806aaf,,MD,,gxPopupLevel%3D0%3B,gx-no-cache=1569355657397 HTTP/1.1" 200 3428
190.171.154.42 - - [24/Sep/2019:17:13:05 -0300] "GET /cormun/servlet/licenciaspermisos?7bf6e3c3b169f5b80977a7fc3f4127d1fd2abb39091e10057e81ead471a4a3364e4ba4228a7623db172772ac5549981a,gx-no-cache=1569355659722 HTTP/1.1" 200 103
190.171.154.42 - - [24/Sep/2019:17:13:05 -0300] "POST /cormun/servlet/licenciaspermisos?a57e61f36e22f9991d2e04a53d806aaf,INS,0,,,,gx-no-cache=1569355659820 HTTP/1.1" 200 4970
190.171.144.234 - - [24/Sep/2019:17:13:21 -0300] "GET /cormun/servlet/apermisogoceprn?19590668,P,20190924175903,PU HTTP/1.1" 200 1658
190.171.154.42 - - [24/Sep/2019:17:13:36 -0300] "GET /cormun/static/menuarrow.gif HTTP/1.1" 404 1015
190.171.152.138 - - [24/Sep/2019:17:13:59 -0300] "POST /cormun/servlet/permisosadjuntos?2091ec0a65e0a3dceaf4d791f099f850,INS,9751801,P,20190924175946,, HTTP/1.1" 200 116
190.171.152.138 - - [24/Sep/2019:17:13:59 -0300] "GET /cormun/servlet/hpexe_return? HTTP/1.1" 200 1033
190.171.152.138 - - [24/Sep/2019:17:13:59 -0300] "GET /cormun/servlet/trpermisosadjuntos?9751801,20190924175946,P, HTTP/1.1" 200 6728
190.171.152.138 - - [24/Sep/2019:17:14:00 -0300] "GET /cormun/servlet/trpermisosadjuntos?9751801,20190924175946,P, HTTP/1.1" 200 6726
190.171.152.138 - - [24/Sep/2019:17:14:04 -0300] "POST /cormun/servlet/trpermisosadjuntos?2091ec0a65e0a3dceaf4d791f099f850,9751801,20190924175946,P,,gx-no-cache=1569359317848 HTTP/1.1" 200 90
190.171.152.138 - - [24/Sep/2019:17:14:04 -0300] "GET /cormun/servlet/hpexe_link HTTP/1.1" 200 978
190.171.152.138 - - [24/Sep/2019:17:14:04 -0300] "GET /cormun/servlet/trpermisosgoce HTTP/1.1" 200 10980
190.171.152.138 - - [24/Sep/2019:17:14:05 -0300] "GET /cormun/servlet/trpermisosgoce HTTP/1.1" 200 10969
190.171.144.234 - - [24/Sep/2019:17:14:12 -0300] "GET /cormun/servlet/apermisogoceprn?19590668,P,20190924175903,PU HTTP/1.1" 200 1656
190.171.152.138 - - [24/Sep/2019:17:14:18 -0300] "POST /cormun/servlet/trpermisosgoce?2091ec0a65e0a3dceaf4d791f099f850,gx-no-cache=1569359331458 HTTP/1.1" 200 8252
190.171.152.138 - - [24/Sep/2019:17:14:18 -0300] "GET /cormun/static/Shared/jqueryui/images/ui-bg_highlight-soft_100_c6c2c8_1x100.png HTTP/1.1" 404 1117
190.171.152.138 - - [24/Sep/2019:17:14:18 -0300] "GET /cormun/static/Shared/jqueryui/images/ui-icons_82798d_256x240.png HTTP/1.1" 404 1089
190.171.152.138 - - [24/Sep/2019:17:14:18 -0300] "GET /cormun/static/Shared/jqueryui/images/ui-bg_flat_55_fafafa_40x100.png HTTP/1.1" 404 1097
190.171.152.138 - - [24/Sep/2019:17:14:18 -0300] "GET /cormun/static/Shared/jqueryui/images/ui-icons_8d78a5_256x240.png HTTP/1.1" 404 1089
190.171.152.138 - - [24/Sep/2019:17:14:28 -0300] "GET /cormun/servlet/hlogin HTTP/1.1" 200 1734
190.171.144.234 - - [24/Sep/2019:17:14:32 -0300] "GET /cormun/servlet/apermisogoceprn?19590668,P,20190924175942,PU HTTP/1.1" 200 1669
190.171.152.138 - - [24/Sep/2019:17:14:51 -0300] "POST /cormun/servlet/hlogin?2091ec0a65e0a3dceaf4d791f099f850,gx-no-cache=1569359364805 HTTP/1.1" 200 90
190.171.152.138 - - [24/Sep/2019:17:14:51 -0300] "GET /cormun/servlet/hpexe_link HTTP/1.1" 200 945
190.171.152.138 - - [24/Sep/2019:17:14:51 -0300] "GET /cormun/servlet/hhome HTTP/1.1" 200 4305
190.171.152.138 - - [24/Sep/2019:17:14:52 -0300] "GET /cormun/servlet/hhome HTTP/1.1" 200 4301
190.171.152.138 - - [24/Sep/2019:17:14:56 -0300] "GET /cormun/servlet/trautorizarpermisogoce? HTTP/1.1" 200 7985
190.171.152.138 - - [24/Sep/2019:17:14:57 -0300] "GET /cormun/servlet/trautorizarpermisogoce? HTTP/1.1" 200 7983
190.171.152.138 - - [24/Sep/2019:17:15:14 -0300] "POST /cormun/servlet/trautorizarpermisogoce?2091ec0a65e0a3dceaf4d791f099f850,,gx-no-cache=1569359387276 HTTP/1.1" 200 4421
190.171.154.42 - - [24/Sep/2019:17:15:14 -0300] "GET /cormun/servlet/licenciaspermisos?7bf6e3c3b169f5b80977a7fc3f4127d155269e6ee10a12defe0d7c9e798c7c7c3d2277720d6869fb9e8467cd3032611d719a9463857c14417e7f87a722a13a89b8c7054e971ebe03fe487365bd0b4e9f010800bb96f57b9f27af6c1fdc81138b67839d6a144225b96d10a79aee03d829cccb5373b93c3548cab1abef0fd2fbadf5ddd34d7f2bd66b31b22ed2f3d613f0a09dd4691052e154c1e9faf673dc53923b008e134ff330224acc17346493240675d2338bc84cedeaf3c23236deded004f0c71e34d2cfd11f2af3ec79d4fb86d634b22f3d8688eb585f3b52a769cbe7b4,gx-no-cache=1569355789358 HTTP/1.1" 200 30
190.171.152.138 - - [24/Sep/2019:17:15:14 -0300] "GET /cormun/static/Shared/jqueryui/images/ui-bg_highlight-soft_100_c6c2c8_1x100.png HTTP/1.1" 404 1117
190.171.152.138 - - [24/Sep/2019:17:15:14 -0300] "GET /cormun/static/Shared/jqueryui/images/ui-icons_82798d_256x240.png HTTP/1.1" 404 1089
190.171.152.138 - - [24/Sep/2019:17:15:14 -0300] "GET /cormun/static/Shared/jqueryui/images/ui-bg_flat_55_fafafa_40x100.png HTTP/1.1" 404 1097
190.171.152.138 - - [24/Sep/2019:17:15:14 -0300] "GET /cormun/static/Shared/jqueryui/images/ui-icons_8d78a5_256x240.png HTTP/1.1" 404 1089
190.171.154.42 - - [24/Sep/2019:17:15:14 -0300] "GET /cormun/servlet/licenciaspermisos?7bf6e3c3b169f5b80977a7fc3f4127d114d155b3e00993a1f70f8a0d582f67394a7c2528fb6cf726464690325ee13d77091aef2c4d5a1308be2486b0a0a321c01d4a9ac927f39bc1a5f6663a7a0832ffe27104f4df3ae1f5c92b531cb663f01511044ec1e3ccc245a8454309dd7c2a037445b046a923df8c195d3dbc44e694a6c951d5a0710020c827cfd704d5b7089040afe76306ae60bcfe9624ceeacb7577bb3a3f122e4333119a54f5d03faa16ec41e1641ee9d854d7281ec4e7f4d63fa451b6f50884206b946eb542e7a4605ffbaa5137ad8915b494f41ea717c0ae32c9,gx-no-cache=1569355789619 HTTP/1.1" 200 29
190.171.154.42 - - [24/Sep/2019:17:15:15 -0300] "POST /cormun/servlet/licenciaspermisos?a57e61f36e22f9991d2e04a53d806aaf,INS,0,,,,gx-no-cache=1569355789801 HTTP/1.1" 200 93
190.171.154.42 - - [24/Sep/2019:17:15:15 -0300] "GET /cormun/servlet/hpexe_return? HTTP/1.1" 200 1033
190.171.154.42 - - [24/Sep/2019:17:15:16 -0300] "GET /cormun/servlet/trlicencias?gx-no-cache=1569355101345 HTTP/1.1" 200 13049
190.171.154.42 - - [24/Sep/2019:17:15:18 -0300] "GET /cormun/servlet/trlicencias?gx-no-cache=1569355101345 HTTP/1.1" 200 13060
190.171.152.138 - - [24/Sep/2019:17:15:25 -0300] "GET /cormun/servlet/hlogin HTTP/1.1" 200 1741
190.171.154.42 - - [24/Sep/2019:17:15:26 -0300] "GET /cormun/servlet/trlicenciaspermisosadjuntos?17503831,20190924000000,L, HTTP/1.1" 200 6690
190.171.154.42 - - [24/Sep/2019:17:15:28 -0300] "GET /cormun/servlet/trlicenciaspermisosadjuntos?17503831,20190924000000,L, HTTP/1.1" 200 6669
190.171.154.42 - - [24/Sep/2019:17:15:30 -0300] "GET /cormun/servlet/licenciaspermisosadjuntos?INS,17503831,L,20190924000000,, HTTP/1.1" 200 5969
190.171.154.42 - - [24/Sep/2019:17:15:30 -0300] "GET /cormun/static/about:blank HTTP/1.1" 404 1011
190.171.154.42 - - [24/Sep/2019:17:15:31 -0300] "GET /cormun/servlet/licenciaspermisosadjuntos?INS,17503831,L,20190924000000,, HTTP/1.1" 200 5958
190.171.152.138 - - [24/Sep/2019:17:15:36 -0300] "GET /cormun/servlet/hhome HTTP/1.1" 200 3415
190.171.152.138 - - [24/Sep/2019:17:15:37 -0300] "GET /cormun/servlet/hlogin HTTP/1.1" 200 1729
190.171.152.138 - - [24/Sep/2019:17:15:37 -0300] "GET /cormun/servlet/hhome HTTP/1.1" 200 3424
190.171.152.138 - - [24/Sep/2019:17:15:47 -0300] "POST /cormun/servlet/hlogin?2091ec0a65e0a3dceaf4d791f099f850,gx-no-cache=1569359420521 HTTP/1.1" 200 90
190.171.152.138 - - [24/Sep/2019:17:15:47 -0300] "GET /cormun/servlet/hpexe_link HTTP/1.1" 200 945
190.171.152.138 - - [24/Sep/2019:17:15:47 -0300] "GET /cormun/servlet/hhome HTTP/1.1" 200 3947
190.171.152.138 - - [24/Sep/2019:17:15:48 -0300] "GET /cormun/servlet/hhome HTTP/1.1" 200 3944
190.171.154.42 - - [24/Sep/2019:17:15:51 -0300] "POST /cormun/servlet/licenciaspermisosadjuntos?a57e61f36e22f9991d2e04a53d806aaf,INS,17503831,L,20190924000000,, HTTP/1.1" 200 116
