186.103.159.187 - - [10/Sep/2019:08:41:29 -0300] "GET /cormun/static/SmoothNavMenu/resources/SmoothNavMenuRender.js HTTP/1.1" 200 5951
186.103.159.187 - - [10/Sep/2019:08:41:29 -0300] "GET /cormun/static/scaMessage/js/jquery.pnotify.min.js HTTP/1.1" 200 13038
186.103.159.187 - - [10/Sep/2019:08:41:29 -0300] "GET /cormun/static/scaMessage/scaMessageRender.js HTTP/1.1" 200 11977
186.103.159.187 - - [10/Sep/2019:08:41:30 -0300] "GET /cormun/static/hmpwkw03.js?20189613443875 HTTP/1.1" 200 3965
186.103.159.187 - - [10/Sep/2019:08:41:30 -0300] "GET /cormun/static/Shared/jquery/jquery-1.4.2.min.js HTTP/1.1" 200 72174
186.103.159.187 - - [10/Sep/2019:08:41:30 -0300] "GET /cormun/static/Shared/jqueryui/jquery-ui.min.js HTTP/1.1" 200 240427
186.103.159.187 - - [10/Sep/2019:08:41:31 -0300] "GET /cormun/servlet/hlogin HTTP/1.1" 200 1733
186.103.159.187 - - [10/Sep/2019:08:41:31 -0300] "GET /cormun/static/Resources/indicator.gif HTTP/1.1" 200 1553
186.103.159.187 - - [10/Sep/2019:08:41:31 -0300] "GET /cormun/servlet/hhome HTTP/1.1" 200 3429
186.103.159.187 - - [10/Sep/2019:08:41:31 -0300] "GET /cormun/static/Resources/Spanish/PXTools.css?1155365 HTTP/1.1" 200 89042
186.103.159.187 - - [10/Sep/2019:08:41:31 -0300] "GET /cormun/static/Resources/ComunLogin.png HTTP/1.1" 200 17326
186.103.159.187 - - [10/Sep/2019:08:41:31 -0300] "GET /cormun/static/gxcfg.js?20177612122725 HTTP/1.1" 200 953
186.103.159.187 - - [10/Sep/2019:08:41:31 -0300] "GET /cormun/static/hlogin.js?20177612122738 HTTP/1.1" 200 2136
186.103.159.187 - - [10/Sep/2019:08:41:31 -0300] "GET /cormun/servlet/hhome HTTP/1.1" 200 3429
186.103.159.187 - - [10/Sep/2019:08:41:32 -0300] "GET /cormun/static/Resources/PXToolsLoginTop.png HTTP/1.1" 200 1337
186.103.159.187 - - [10/Sep/2019:08:41:32 -0300] "GET /cormun/static/Resources/PXToolsLoginBackground.png HTTP/1.1" 200 1164
186.103.159.187 - - [10/Sep/2019:08:41:32 -0300] "GET /cormun/static/Resources/PXToolsButtonLeft21.png HTTP/1.1" 200 1287
186.103.159.187 - - [10/Sep/2019:08:41:32 -0300] "GET /cormun/static/Resources/PXToolsButtonRight21.png HTTP/1.1" 200 1283
186.103.159.187 - - [10/Sep/2019:08:41:32 -0300] "GET /cormun/static/Resources/PXToolsButtonBackground2.png HTTP/1.1" 200 1181
186.103.159.187 - - [10/Sep/2019:08:41:32 -0300] "GET /cormun/static/Resources/PXToolsLoginBottom.png HTTP/1.1" 200 1389
190.171.144.234 - - [10/Sep/2019:08:41:40 -0300] "POST /cormun/servlet/solicitudot?gx-no-cache=1568115379888 HTTP/1.1" 200 3598
190.171.144.234 - - [10/Sep/2019:08:41:40 -0300] "POST /cormun/servlet/solicitudot?13aa097f54f747b7abe98ae9080c32ba,INS,0,0,,gx-no-cache=1568115380352 HTTP/1.1" 200 11868
186.103.159.187 - - [10/Sep/2019:08:41:43 -0300] "POST /cormun/servlet/hlogin?08d80fcdfbff05a18a6d113fc8a6157c,gx-no-cache=1568118872138 HTTP/1.1" 200 90
186.103.159.187 - - [10/Sep/2019:08:41:43 -0300] "GET /cormun/servlet/hpexe_link HTTP/1.1" 200 950
186.103.159.187 - - [10/Sep/2019:08:41:43 -0300] "GET /cormun/static/hpexe_link.js?20177612121795 HTTP/1.1" 200 625
186.103.159.187 - - [10/Sep/2019:08:41:43 -0300] "GET /cormun/static/gxcfg.js?20177612121792 HTTP/1.1" 200 953
186.103.159.187 - - [10/Sep/2019:08:41:43 -0300] "GET /cormun/servlet/hhome HTTP/1.1" 200 4034
186.103.159.187 - - [10/Sep/2019:08:41:44 -0300] "GET /cormun/servlet/hhome HTTP/1.1" 200 4030
186.103.159.187 - - [10/Sep/2019:08:41:44 -0300] "GET /cormun/static/SmoothNavMenu/resources/images/down.gif HTTP/1.1" 200 854
190.171.144.234 - - [10/Sep/2019:08:41:47 -0300] "GET /cormun/servlet/solicitudot?e616cf25caa35e39651597b260596d01f6f036c42ae53f799c28e3c6ba3d7eb4b5b1b40cbeda3fd7a0837cbb769504e8,gx-no-cache=1568115387213 HTTP/1.1" 200 30
190.171.144.234 - - [10/Sep/2019:08:41:47 -0300] "GET /cormun/servlet/solicitudot?e616cf25caa35e39651597b260596d0102f6f8cd7eaf671f819ca722c451a2b2ddbdb9f9da037533bf4a7f485461c4bde89880568815203cc92ec3e28cc13a51,gx-no-cache=1568115387452 HTTP/1.1" 200 30
190.171.144.234 - - [10/Sep/2019:08:41:47 -0300] "GET /cormun/servlet/solicitudot?e616cf25caa35e39651597b260596d01515c16f2d72e6399259e2ee154547f79,gx-no-cache=1568115387589 HTTP/1.1" 200 53
190.171.144.234 - - [10/Sep/2019:08:41:48 -0300] "POST /cormun/servlet/solicitudot?gx-no-cache=1568115387734 HTTP/1.1" 200 255
190.171.144.234 - - [10/Sep/2019:08:41:48 -0300] "GET /cormun/servlet/solicitudot?e616cf25caa35e39651597b260596d0127a7b5eb8c1c62b12b21ea2ca06fcb70a5f93363c301fb3cb832664c090e139f58e002f26c1c5759ba783f2090d369d9572cbc9a222c0f612e6a95f00ffd6ab13d1dd324e30f83aad22b2789fa181194dc8408548003c52a0a19471532dcd46cdd44bdc1337222eff3e3388c0b3747b4004d41a9e6b432c42c5a2bc9cdc9de1238f9ab7c1109e60a0cbc57a223fc42d06c1f9f53733e52e36780af2d5a41ec0f0447cce7418e842518bf33404247a591756c9ca08c191955e889735668ff462f705afff126d4d547de7c006802442aed9617943b6d9493bd0fc115e30f8e3799b14effc45a32ecac7c25bf7770904f2e2fccdcef2390f31acaf78b4923f801bef9a37ef8852addd6475458e677f9bb96492ecbec44fa1ff309da2eb4a18cd68ab3e9c72f98979a0557939ed6064e294b83918465986493e33ce1907a355104fd901807f6186dee220cfd3dc932bccc04f86ab306bedbe003514b7b46a326dda08ef790982c4a224f1161323b878147d9,gx-no-cache=1568115387904 HTTP/1.1" 200 30
186.103.159.187 - - [10/Sep/2019:08:41:48 -0300] "GET /cormun/servlet/trlicencias? HTTP/1.1" 200 10015
186.103.159.187 - - [10/Sep/2019:08:41:48 -0300] "GET /cormun/static/calendar-system.css?75620 HTTP/1.1" 200 5572
186.103.159.187 - - [10/Sep/2019:08:41:48 -0300] "GET /cormun/static/calendar.js?85251 HTTP/1.1" 200 26246
186.103.159.187 - - [10/Sep/2019:08:41:48 -0300] "GET /cormun/static/gxui/gxui-all.css?110300 HTTP/1.1" 200 2179
186.103.159.187 - - [10/Sep/2019:08:41:48 -0300] "GET /cormun/static/Shared/ext/resources/css/ext-all.css?205870 HTTP/1.1" 200 416045
186.103.159.187 - - [10/Sep/2019:08:41:48 -0300] "GET /cormun/static/gxcfg.js?20176272054169 HTTP/1.1" 200 953
186.103.159.187 - - [10/Sep/2019:08:41:48 -0300] "GET /cormun/static/calendar-setup.js?85251 HTTP/1.1" 200 2588
186.103.159.187 - - [10/Sep/2019:08:41:48 -0300] "GET /cormun/static/calendar-es.js?85251 HTTP/1.1" 200 1901
186.103.159.187 - - [10/Sep/2019:08:41:48 -0300] "GET /cormun/static/Resources/Spanish/PXTools.css?17315867 HTTP/1.1" 200 89042
186.103.159.187 - - [10/Sep/2019:08:41:49 -0300] "GET /cormun/static/Resources/PXToolsDataSearch.png HTTP/1.1" 200 419
186.103.159.187 - - [10/Sep/2019:08:41:49 -0300] "GET /cormun/static/Resources/PXTools/calendar.png HTTP/1.1" 200 1306
186.103.159.187 - - [10/Sep/2019:08:41:49 -0300] "GET /cormun/static/gxdec.js?85251 HTTP/1.1" 200 19579
186.103.159.187 - - [10/Sep/2019:08:41:49 -0300] "GET /cormun/static/trlicencias.js?20176272054837 HTTP/1.1" 200 41883
186.103.159.187 - - [10/Sep/2019:08:41:50 -0300] "GET /cormun/static/Resources/PXToolsGridFirstDisabled.gif HTTP/1.1" 200 100
186.103.159.187 - - [10/Sep/2019:08:41:50 -0300] "GET /cormun/static/Resources/PXToolsGridPreviousDisabled.gif HTTP/1.1" 200 90
186.103.159.187 - - [10/Sep/2019:08:41:50 -0300] "GET /cormun/static/Resources/PXToolsActionExcel.png HTTP/1.1" 200 3187
186.103.159.187 - - [10/Sep/2019:08:41:50 -0300] "GET /cormun/static/Resources/PXToolsGridLastDisabled.gif HTTP/1.1" 200 98
186.103.159.187 - - [10/Sep/2019:08:41:50 -0300] "GET /cormun/static/Resources/PXToolsGridNextDisabled.gif HTTP/1.1" 200 90
186.103.159.187 - - [10/Sep/2019:08:41:50 -0300] "GET /cormun/static/Resources/PXToolsGridPage.gif HTTP/1.1" 200 725
190.171.144.234 - - [10/Sep/2019:08:41:50 -0300] "POST /cormun/servlet/solicitudot?gx-no-cache=1568115390237 HTTP/1.1" 200 30
186.103.159.187 - - [10/Sep/2019:08:41:50 -0300] "GET /cormun/static/Resources/PXToolsGridNew.png HTTP/1.1" 200 2949
186.103.159.187 - - [10/Sep/2019:08:41:51 -0300] "GET /cormun/static/Resources/asc.gif HTTP/1.1" 200 67
186.103.159.187 - - [10/Sep/2019:08:41:51 -0300] "GET /cormun/static/Resources/desc.gif HTTP/1.1" 200 65
186.103.159.187 - - [10/Sep/2019:08:41:51 -0300] "GET /cormun//static/Resources/PXToolsActionDisabled.gif HTTP/1.1" 200 53
186.103.159.187 - - [10/Sep/2019:08:41:51 -0300] "GET /cormun//static/Resources/PXToolsGridDisplay.png HTTP/1.1" 200 362
186.103.159.187 - - [10/Sep/2019:08:41:51 -0300] "GET /cormun//static/Resources/PXTools/ActionInsert.png HTTP/1.1" 200 1482
186.103.159.187 - - [10/Sep/2019:08:41:51 -0300] "GET /cormun/servlet/trlicencias? HTTP/1.1" 200 10012
186.103.159.187 - - [10/Sep/2019:08:41:51 -0300] "GET /cormun//static/Resources/PXToolsHeaderHelp.png HTTP/1.1" 200 4055
186.103.159.187 - - [10/Sep/2019:08:41:51 -0300] "GET /cormun//static/Resources/PXToolsActionPrint.png HTTP/1.1" 200 3317
186.103.159.187 - - [10/Sep/2019:08:41:51 -0300] "GET /cormun//static/Resources/PXToolsHeaderFavorites.png HTTP/1.1" 200 2744
186.103.159.187 - - [10/Sep/2019:08:41:51 -0300] "GET /cormun/static/Shared/ext/resources/themes/images/default/tools/tool-sprites.gif HTTP/1.1" 200 5434
186.103.159.187 - - [10/Sep/2019:08:41:51 -0300] "GET /cormun/static/Shared/ext/resources/themes/images/default/panel/bg-headersPanel.png HTTP/1.1" 200 255
190.171.144.234 - - [10/Sep/2019:08:41:52 -0300] "POST /cormun/servlet/solicitudot?gx-no-cache=1568115392330 HTTP/1.1" 200 1361
190.171.144.234 - - [10/Sep/2019:08:41:52 -0300] "POST /cormun/servlet/solicitudot?gx-no-cache=1568115392563 HTTP/1.1" 200 38
186.103.159.187 - - [10/Sep/2019:08:42:21 -0300] "GET /cormun/servlet/licenciaspermisos?INS,0,,, HTTP/1.1" 200 7565
186.103.159.187 - - [10/Sep/2019:08:42:21 -0300] "GET /cormun/static/gxcfg.js?201762917281167 HTTP/1.1" 200 953
186.103.159.187 - - [10/Sep/2019:08:42:22 -0300] "GET /cormun/static/Resources/prompt.gif HTTP/1.1" 200 902
186.103.159.187 - - [10/Sep/2019:08:42:22 -0300] "GET /cormun/static/licenciaspermisos.js?201762917281260 HTTP/1.1" 200 37491
186.103.159.187 - - [10/Sep/2019:08:42:23 -0300] "GET /cormun/servlet/licenciaspermisos?INS,0,,, HTTP/1.1" 200 7572
186.103.159.187 - - [10/Sep/2019:08:42:27 -0300] "GET /cormun/static/Resources/resize.gif HTTP/1.1" 200 77
186.103.159.187 - - [10/Sep/2019:08:42:28 -0300] "GET /cormun/servlet/prfichaempleado?,MD,,gxPopupLevel%3D0%3B HTTP/1.1" 200 9326
186.103.159.187 - - [10/Sep/2019:08:42:28 -0300] "GET /cormun/static/gxcfg.js?20177612134814 HTTP/1.1" 200 953
186.103.159.187 - - [10/Sep/2019:08:42:28 -0300] "GET /cormun/static/Resources/PXToolsMenuSearch.png HTTP/1.1" 200 2914
186.103.159.187 - - [10/Sep/2019:08:42:28 -0300] "GET /cormun/static/Resources/PXToolsMenuSearchCancel.png HTTP/1.1" 200 2972
186.103.159.187 - - [10/Sep/2019:08:42:29 -0300] "GET /cormun/static/menusearch.js?201610171694467 HTTP/1.1" 200 1424
186.103.159.187 - - [10/Sep/2019:08:42:29 -0300] "GET /cormun/static/hmpwkw011.js?20177612121862 HTTP/1.1" 200 1968
186.103.159.187 - - [10/Sep/2019:08:42:29 -0300] "GET /cormun/static/prfichaempleado.js?20177612134999 HTTP/1.1" 200 16006
186.103.159.187 - - [10/Sep/2019:08:42:41 -0300] "POST /cormun/servlet/prfichaempleado?08d80fcdfbff05a18a6d113fc8a6157c,,MD,,gxPopupLevel%3D0%3B,gx-no-cache=1568118930252 HTTP/1.1" 200 3488
186.103.159.46 - - [10/Sep/2019:08:42:43 -0300] "GET /cormun/servlet/trpermisosadjuntos?15510753,20190910082437,P, HTTP/1.1" 200 6379
186.103.159.46 - - [10/Sep/2019:08:42:43 -0300] "GET /cormun/static/gxcfg.js?201762817193957 HTTP/1.1" 200 953
186.103.159.46 - - [10/Sep/2019:08:42:44 -0300] "GET /cormun/static/trpermisosadjuntos.js?201762817194366 HTTP/1.1" 200 20158
186.103.159.46 - - [10/Sep/2019:08:42:47 -0300] "GET /cormun/servlet/trpermisosadjuntos?15510753,20190910082437,P, HTTP/1.1" 200 6379
186.103.159.46 - - [10/Sep/2019:08:42:50 -0300] "GET /cormun/servlet/permisosadjuntos?INS,15510753,P,20190910082437,, HTTP/1.1" 200 5707
190.171.144.234 - - [10/Sep/2019:08:42:50 -0300] "GET /cormun/servlet/solicitudot?e616cf25caa35e39651597b260596d01d772f63c3ff6ea3343ff0ea75501d22121e2fe677aa3662739ed884695de7febdf5e414e90bf1b2c8535f1d38179b2912cdfa5fea3ec197534283f1bc818b855fd1ff7e6e6d27260d47ff8a59e1b806b9ca33c8d4a83e376b6be1394e2d99795,gx-no-cache=1568115450355 HTTP/1.1" 200 110
190.171.144.234 - - [10/Sep/2019:08:42:50 -0300] "POST /cormun/servlet/solicitudot?gx-no-cache=1568115450520 HTTP/1.1" 200 97
186.103.159.46 - - [10/Sep/2019:08:42:51 -0300] "GET /cormun/static/gxcfg.js?201762717441171 HTTP/1.1" 200 953
186.103.159.46 - - [10/Sep/2019:08:42:51 -0300] "GET /cormun/static/permisosadjuntos.js?201762717441184 HTTP/1.1" 200 8724
186.103.159.46 - - [10/Sep/2019:08:42:52 -0300] "GET /cormun/static/about:blank HTTP/1.1" 404 1011
186.103.159.46 - - [10/Sep/2019:08:42:53 -0300] "GET /cormun/servlet/permisosadjuntos?INS,15510753,P,20190910082437,, HTTP/1.1" 200 5697
190.171.144.234 - - [10/Sep/2019:08:42:55 -0300] "GET /cormun/servlet/solicitudot?e616cf25caa35e39651597b260596d011dea7ab7f41296baf52544aeea65c801d3d7e34ba137bfa2f9b197cf19753f64b35a68a301bc5390f9d687ee0a72aade35b6f474e8cc3108f110b485c0aff02274150f3f1015dcbc90846540c324f9f445ee582b689c0643d8be091f84e5414f01fc7fe02098e62aa5f10228c2cd2e01a2057795e977a0aadee28411147f350e86e5dd5fcd781195a7db69305a34efe230971ed4daec8224ab8b3b744de6acc90725ebcc6ccf2d2461056bd427398bd67b9a77b2dfe17d2331177743085f5dda,gx-no-cache=1568115455565 HTTP/1.1" 200 29
190.171.144.234 - - [10/Sep/2019:08:42:57 -0300] "GET /cormun/static/menuarrow.gif HTTP/1.1" 404 1015
190.171.144.234 - - [10/Sep/2019:08:43:01 -0300] "GET /cormun/servlet/solicitudot?e616cf25caa35e39651597b260596d010973eaf5df656c6997797001586376c40ea08dd3ec6b1cc8dfced94b7d6986c5,gx-no-cache=1568115461596 HTTP/1.1" 200 30
186.103.159.187 - - [10/Sep/2019:08:43:04 -0300] "GET /cormun/servlet/licenciaspermisos?17eb64dea071c31a4800e63f00e008525e516dd7508282901136cb2afcdc7ea29334d57546e8ad0e228b2f4a1e1f701e,gx-no-cache=1568118953810 HTTP/1.1" 200 116
186.103.159.187 - - [10/Sep/2019:08:43:04 -0300] "POST /cormun/servlet/licenciaspermisos?08d80fcdfbff05a18a6d113fc8a6157c,INS,0,,,,gx-no-cache=1568118953969 HTTP/1.1" 200 4752
190.171.141.90 - - [10/Sep/2019:08:43:06 -0300] "POST /cormun/servlet/trlicencias?d643096e6035f6a2e87b617f30a708f3,,gx-no-cache=1568115466941 HTTP/1.1" 200 13107
186.103.159.46 - - [10/Sep/2019:08:43:07 -0300] "POST /cormun/servlet/permisosadjuntos?bf18e0a8a019d6c46a567f98e865c4d9,INS,15510753,P,20190910082437,, HTTP/1.1" 200 116
186.103.159.46 - - [10/Sep/2019:08:43:07 -0300] "GET /cormun/servlet/hpexe_return? HTTP/1.1" 200 1037
190.171.144.234 - - [10/Sep/2019:08:43:07 -0300] "POST /cormun/servlet/solicitudot?gx-no-cache=1568115467341 HTTP/1.1" 200 30
186.103.159.46 - - [10/Sep/2019:08:43:08 -0300] "GET /cormun/servlet/trpermisosadjuntos?15510753,20190910082437,P, HTTP/1.1" 200 6848
186.103.159.46 - - [10/Sep/2019:08:43:10 -0300] "GET /cormun/servlet/trpermisosadjuntos?15510753,20190910082437,P, HTTP/1.1" 200 6843
186.103.159.46 - - [10/Sep/2019:08:43:21 -0300] "GET /cormun/servlet/trpermisosgoce? HTTP/1.1" 200 10799
186.103.159.46 - - [10/Sep/2019:08:43:24 -0300] "GET /cormun/servlet/trpermisosgoce? HTTP/1.1" 200 10792
190.171.144.234 - - [10/Sep/2019:08:43:28 -0300] "POST /cormun/servlet/solicitudot?13aa097f54f747b7abe98ae9080c32ba,INS,0,0,,gx-no-cache=1568115487484 HTTP/1.1" 200 93
190.171.144.234 - - [10/Sep/2019:08:43:28 -0300] "GET /cormun/servlet/hpexe_return? HTTP/1.1" 200 1000
190.171.144.234 - - [10/Sep/2019:08:43:28 -0300] "GET /cormun/servlet/trsolicitudot HTTP/1.1" 200 8615
190.171.144.234 - - [10/Sep/2019:08:43:29 -0300] "GET /cormun//static/Resources/PXToolsActionView.png HTTP/1.1" 200 2995
190.171.144.234 - - [10/Sep/2019:08:43:29 -0300] "GET /cormun//static/Resources/PXToolsRemoveAllAction.png HTTP/1.1" 200 3558
190.171.144.234 - - [10/Sep/2019:08:43:29 -0300] "GET /cormun/servlet/trsolicitudot HTTP/1.1" 200 8611
186.103.159.46 - - [10/Sep/2019:08:43:31 -0300] "POST /cormun/servlet/trpermisosgoce?bf18e0a8a019d6c46a567f98e865c4d9,,gx-no-cache=1568115491537 HTTP/1.1" 200 7979
186.103.159.46 - - [10/Sep/2019:08:43:36 -0300] "GET /cormun/servlet/trpermisosadjuntos?15510753,20190910082437,P, HTTP/1.1" 200 6844
186.103.159.46 - - [10/Sep/2019:08:43:38 -0300] "GET /cormun/servlet/trpermisosadjuntos?15510753,20190910082437,P, HTTP/1.1" 200 6844
190.171.144.234 - - [10/Sep/2019:08:43:43 -0300] "POST /cormun/servlet/trsolicitudot?13aa097f54f747b7abe98ae9080c32ba,gx-no-cache=1568115502849 HTTP/1.1" 200 4523
190.171.144.234 - - [10/Sep/2019:08:43:43 -0300] "GET /cormun/static/Shared/jqueryui/images/ui-bg_flat_55_fafafa_40x100.png HTTP/1.1" 404 1097
190.171.144.234 - - [10/Sep/2019:08:43:43 -0300] "GET /cormun/static/Shared/jqueryui/images/ui-bg_highlight-soft_100_c6c2c8_1x100.png HTTP/1.1" 404 1117
190.171.144.234 - - [10/Sep/2019:08:43:43 -0300] "GET /cormun/static/Shared/jqueryui/images/ui-icons_8d78a5_256x240.png HTTP/1.1" 404 1089
190.171.144.234 - - [10/Sep/2019:08:43:43 -0300] "GET /cormun/static/Shared/jqueryui/images/ui-icons_82798d_256x240.png HTTP/1.1" 404 1089
190.171.144.234 - - [10/Sep/2019:08:43:43 -0300] "POST /cormun/servlet/trsolicitudot?13aa097f54f747b7abe98ae9080c32ba,gx-no-cache=1568115503146 HTTP/1.1" 200 4306
186.103.159.46 - - [10/Sep/2019:08:43:44 -0300] "GET /cormun/servlet/trpermisosgoce? HTTP/1.1" 200 10799
186.103.159.46 - - [10/Sep/2019:08:43:46 -0300] "GET /cormun/servlet/trpermisosgoce? HTTP/1.1" 200 10804
186.103.159.187 - - [10/Sep/2019:08:43:50 -0300] "GET /cormun/static/menuarrow.gif HTTP/1.1" 404 1015
186.103.159.46 - - [10/Sep/2019:08:43:53 -0300] "POST /cormun/servlet/trpermisosgoce?bf18e0a8a019d6c46a567f98e865c4d9,,gx-no-cache=1568115513331 HTTP/1.1" 200 8034
186.103.159.46 - - [10/Sep/2019:08:43:54 -0300] "GET /cormun/static/Shared/jqueryui/images/ui-bg_highlight-soft_100_c6c2c8_1x100.png HTTP/1.1" 404 1117
186.103.159.46 - - [10/Sep/2019:08:43:54 -0300] "GET /cormun/static/Shared/jqueryui/images/ui-icons_82798d_256x240.png HTTP/1.1" 404 1089
186.103.159.46 - - [10/Sep/2019:08:43:54 -0300] "GET /cormun/static/Shared/jqueryui/images/ui-bg_flat_55_fafafa_40x100.png HTTP/1.1" 404 1097
186.103.159.46 - - [10/Sep/2019:08:43:54 -0300] "GET /cormun/static/Shared/jqueryui/images/ui-icons_8d78a5_256x240.png HTTP/1.1" 404 1089
190.171.144.234 - - [10/Sep/2019:08:43:54 -0300] "GET /cormun/servlet/hlogin HTTP/1.1" 200 1724
190.171.144.234 - - [10/Sep/2019:08:44:05 -0300] "POST /cormun/servlet/hlogin?0cbbe2d7a8ae446a32b23d3944ce4036,gx-no-cache=1568115524635 HTTP/1.1" 200 90
190.171.144.234 - - [10/Sep/2019:08:44:05 -0300] "GET /cormun/servlet/hpexe_link HTTP/1.1" 200 953
190.171.144.234 - - [10/Sep/2019:08:44:05 -0300] "GET /cormun/servlet/hhome HTTP/1.1" 200 4207
190.171.144.234 - - [10/Sep/2019:08:44:05 -0300] "GET /cormun/servlet/hhome HTTP/1.1" 200 4203
186.103.159.46 - - [10/Sep/2019:08:44:09 -0300] "GET /cormun/servlet/trlicencias? HTTP/1.1" 200 11158
190.171.141.90 - - [10/Sep/2019:08:44:10 -0300] "POST /cormun/servlet/trlicencias?d643096e6035f6a2e87b617f30a708f3,,gx-no-cache=1568115530822 HTTP/1.1" 200 13103
186.103.159.46 - - [10/Sep/2019:08:44:13 -0300] "GET /cormun/servlet/trlicencias? HTTP/1.1" 200 11156
190.171.144.234 - - [10/Sep/2019:08:44:13 -0300] "GET /cormun/servlet/trautorizarsolicitud? HTTP/1.1" 200 8673
190.171.144.234 - - [10/Sep/2019:08:44:13 -0300] "GET /cormun/static/gxcfg.js?2017111423403364 HTTP/1.1" 200 953
190.171.144.234 - - [10/Sep/2019:08:44:13 -0300] "GET /cormun/static/trautorizarsolicitud.js?201711142340425 HTTP/1.1" 200 53910
190.171.144.234 - - [10/Sep/2019:08:44:14 -0300] "GET /cormun/servlet/trautorizarsolicitud? HTTP/1.1" 200 8671
190.171.144.234 - - [10/Sep/2019:08:44:17 -0300] "POST /cormun/servlet/trautorizarsolicitud?0cbbe2d7a8ae446a32b23d3944ce4036,,gx-no-cache=1568115537392 HTTP/1.1" 200 4675
190.171.144.234 - - [10/Sep/2019:08:44:17 -0300] "GET /cormun/static/Shared/jqueryui/images/ui-bg_highlight-soft_100_c6c2c8_1x100.png HTTP/1.1" 404 1117
190.171.144.234 - - [10/Sep/2019:08:44:17 -0300] "GET /cormun/static/Shared/jqueryui/images/ui-icons_82798d_256x240.png HTTP/1.1" 404 1089
190.171.144.234 - - [10/Sep/2019:08:44:18 -0300] "GET /cormun/static/Shared/jqueryui/images/ui-bg_flat_55_fafafa_40x100.png HTTP/1.1" 404 1097
190.171.144.234 - - [10/Sep/2019:08:44:18 -0300] "GET /cormun/static/Shared/jqueryui/images/ui-icons_8d78a5_256x240.png HTTP/1.1" 404 1089
190.171.144.234 - - [10/Sep/2019:08:44:18 -0300] "POST /cormun/servlet/trautorizarsolicitud?0cbbe2d7a8ae446a32b23d3944ce4036,,gx-no-cache=1568115537809 HTTP/1.1" 200 4459
186.103.159.187 - - [10/Sep/2019:08:45:03 -0300] "GET /cormun/servlet/licenciaspermisos?17eb64dea071c31a4800e63f00e0085206f2a7f9094200f50f87646381c4b812e374cb19dcbaa906d25051b1fc0da9389592acefb3d0bfe3051899bf5fa4bd964e29b6ab28d022c3eb0ba9c9b67002bf8f75182472a1e1dbc1d4389be7e76c7554a4832c088152b21ba19a0cb7e27a427c7625cb7c89190d2475fe53d44e84f0c9df2d8ef94f356ac27c3ca80e6839de62d2a11f6651de904ce207e5f6af352c16f5026a45bf551d2ac29ab32634e013,gx-no-cache=1568119072192 HTTP/1.1" 200 30
186.103.159.187 - - [10/Sep/2019:08:45:03 -0300] "POST /cormun/servlet/licenciaspermisos?08d80fcdfbff05a18a6d113fc8a6157c,INS,0,,,,gx-no-cache=1568119072341 HTTP/1.1" 200 4832
186.103.159.187 - - [10/Sep/2019:08:45:10 -0300] "GET /cormun/servlet/prfichaempleado?,MD,,gxPopupLevel%3D0%3B HTTP/1.1" 200 9326
207.46.13.43 - - [10/Sep/2019:08:45:17 -0300] "GET /cormun/servlet/hhome HTTP/1.1" 200 3408
186.67.172.234 - - [10/Sep/2019:08:45:24 -0300] "GET /cormun/servlet/trlicencias? HTTP/1.1" 200 7282
186.67.172.234 - - [10/Sep/2019:08:45:25 -0300] "GET /cormun/servlet/hlogin HTTP/1.1" 200 1734
186.67.172.234 - - [10/Sep/2019:08:45:25 -0300] "GET /cormun/servlet/trlicencias? HTTP/1.1" 200 7293
186.103.159.187 - - [10/Sep/2019:08:45:33 -0300] "POST /cormun/servlet/prfichaempleado?08d80fcdfbff05a18a6d113fc8a6157c,,MD,,gxPopupLevel%3D0%3B,gx-no-cache=1568119102581 HTTP/1.1" 200 3196
186.67.172.234 - - [10/Sep/2019:08:45:33 -0300] "POST /cormun/servlet/hlogin?02c70e5acb92e553b99e26a372488699,gx-no-cache=1568115630727 HTTP/1.1" 200 90
186.67.172.234 - - [10/Sep/2019:08:45:33 -0300] "GET /cormun/servlet/hpexe_link HTTP/1.1" 200 951
186.67.172.234 - - [10/Sep/2019:08:45:34 -0300] "GET /cormun/servlet/trlicencias HTTP/1.1" 200 14832
186.67.172.234 - - [10/Sep/2019:08:45:34 -0300] "GET /cormun/servlet/trlicencias HTTP/1.1" 200 14816
186.103.159.187 - - [10/Sep/2019:08:45:45 -0300] "POST /cormun/servlet/prfichaempleado?08d80fcdfbff05a18a6d113fc8a6157c,,MD,,gxPopupLevel%3D0%3B,gx-no-cache=1568119114511 HTTP/1.1" 200 3423
186.103.159.187 - - [10/Sep/2019:08:46:00 -0300] "GET /cormun/servlet/licenciaspermisos?17eb64dea071c31a4800e63f00e008525e516dd7508282901136cb2afcdc7ea29c0faae4958a61ac8f87da362563dce8bd7a65aa476fbb0a5afaa481352984d2c02215a24d8d08af379a874223906d3524e3ee84a64c79aff574b8f6f9bc033bce8e43e29d5133dc303020ec9239b06c47aabbea90a960393e4b1c91c8438acd8f390dc6c849038539521a69c11d6581,gx-no-cache=1568119129311 HTTP/1.1" 200 97
186.103.159.187 - - [10/Sep/2019:08:46:00 -0300] "POST /cormun/servlet/licenciaspermisos?08d80fcdfbff05a18a6d113fc8a6157c,INS,0,,,,gx-no-cache=1568119129358 HTTP/1.1" 200 4821
186.67.172.234 - - [10/Sep/2019:08:46:15 -0300] "GET /cormun/servlet/hlogin HTTP/1.1" 200 1733
78.108.177.54 - - [10/Sep/2019:08:47:35 -0300] "GET / HTTP/1.0" 200 11197
190.171.143.82 - - [10/Sep/2019:08:48:22 -0300] "GET /cormun/servlet/hhome HTTP/1.1" 200 3416
190.171.143.82 - - [10/Sep/2019:08:48:23 -0300] "GET /cormun/servlet/hlogin HTTP/1.1" 200 1730
190.171.143.82 - - [10/Sep/2019:08:48:23 -0300] "GET /cormun/servlet/hhome HTTP/1.1" 200 3426
186.103.159.204 - - [10/Sep/2019:08:48:27 -0300] "GET /cormun/servlet/trinasistencia? HTTP/1.1" 200 6919
186.103.159.204 - - [10/Sep/2019:08:48:27 -0300] "GET /cormun/static/gxcfg.js?20175251284522 HTTP/1.1" 200 953
186.103.159.204 - - [10/Sep/2019:08:48:27 -0300] "GET /cormun/static/trinasistencia.js?2017525128510 HTTP/1.1" 200 34455
186.103.159.204 - - [10/Sep/2019:08:48:27 -0300] "GET /cormun/servlet/trinasistencia? HTTP/1.1" 200 6920
190.171.141.90 - - [10/Sep/2019:08:48:33 -0300] "GET /cormun/servlet/trsolicitudot? HTTP/1.1" 200 7435
190.171.141.90 - - [10/Sep/2019:08:48:34 -0300] "GET /cormun/static/gxcfg.js?2017111422585916 HTTP/1.1" 200 953
190.171.141.90 - - [10/Sep/2019:08:48:34 -0300] "GET /cormun/static/trsolicitudot.js?201711142259839 HTTP/1.1" 200 54041
190.171.141.90 - - [10/Sep/2019:08:48:35 -0300] "GET /cormun/servlet/trsolicitudot? HTTP/1.1" 200 7435
190.171.141.90 - - [10/Sep/2019:08:48:40 -0300] "POST /cormun/servlet/trsolicitudot?d643096e6035f6a2e87b617f30a708f3,,gx-no-cache=1568115800409 HTTP/1.1" 200 8966
190.171.141.90 - - [10/Sep/2019:08:48:40 -0300] "GET /cormun//static/Resources/PXToolsActionView.png HTTP/1.1" 200 2995
190.171.141.90 - - [10/Sep/2019:08:48:40 -0300] "GET /cormun//static/Resources/PXToolsGridUpdate.png HTTP/1.1" 200 2984
190.171.141.90 - - [10/Sep/2019:08:48:40 -0300] "GET /cormun//static/Resources/PXToolsRemoveAllAction.png HTTP/1.1" 200 3558
190.171.141.90 - - [10/Sep/2019:08:48:40 -0300] "GET /cormun//static/Resources/PXToolsGridDelete.png HTTP/1.1" 200 357
190.171.143.82 - - [10/Sep/2019:08:48:42 -0300] "POST /cormun/servlet/hlogin?28871c6a6373e6dbad2a8d07376d2b0a,gx-no-cache=1568116004407 HTTP/1.1" 200 90
190.171.143.82 - - [10/Sep/2019:08:48:42 -0300] "GET /cormun/servlet/hpexe_link HTTP/1.1" 200 949
190.171.143.82 - - [10/Sep/2019:08:48:42 -0300] "GET /cormun/servlet/hhome HTTP/1.1" 200 4075
190.171.143.82 - - [10/Sep/2019:08:48:43 -0300] "GET /cormun/servlet/hhome HTTP/1.1" 200 4070
190.171.143.82 - - [10/Sep/2019:08:48:46 -0300] "GET /cormun/servlet/trpermisosgoce? HTTP/1.1" 200 13684
190.171.143.82 - - [10/Sep/2019:08:48:47 -0300] "GET /cormun/servlet/trpermisosgoce? HTTP/1.1" 200 13683
190.171.143.82 - - [10/Sep/2019:08:48:53 -0300] "GET /cormun/servlet/permisogoce?INS,0,,, HTTP/1.1" 200 6912
190.171.143.82 - - [10/Sep/2019:08:48:53 -0300] "GET /cormun/servlet/permisogoce?INS,0,,, HTTP/1.1" 200 6911
186.103.159.187 - - [10/Sep/2019:08:49:10 -0300] "GET /cormun/servlet/licenciaspermisos?17eb64dea071c31a4800e63f00e00852df2733d0c0378a7c8f2e3da3240a05bd1525cd1560162d550ddb051c628508e6e7b81e9fd6d70c1bea979a789a56e25e02bf2e3bc7a3c4aae5687a8f1a6c34c53650879ed49eb6dbd342c2fcc89e1d4157f88ac5c48b1ea7fed639c4bcc474b11bf19d79bbcbf2ef63dc5a9ffa2abf671a5dbbb36f20136147761039a357adbf53c41a7eede496936a127e8e3b32b09bed38c4df0aa258b0a5864ebcbdf0ad7e,gx-no-cache=1568119319951 HTTP/1.1" 200 59
186.103.159.187 - - [10/Sep/2019:08:49:11 -0300] "POST /cormun/servlet/licenciaspermisos?08d80fcdfbff05a18a6d113fc8a6157c,INS,0,,,,gx-no-cache=1568119320030 HTTP/1.1" 200 93
186.103.159.187 - - [10/Sep/2019:08:49:11 -0300] "GET /cormun/servlet/hpexe_return? HTTP/1.1" 200 1013
186.103.159.187 - - [10/Sep/2019:08:49:11 -0300] "GET /cormun/static/gxcfg.js?2016101716175148 HTTP/1.1" 200 953
186.103.159.187 - - [10/Sep/2019:08:49:11 -0300] "GET /cormun/static/hpexe_return.js?2016101716175153 HTTP/1.1" 200 1633
186.103.159.187 - - [10/Sep/2019:08:49:11 -0300] "GET /cormun/static/Resources/Spanish/PXTools.css?167811 HTTP/1.1" 200 89042
186.103.159.187 - - [10/Sep/2019:08:49:11 -0300] "GET /cormun/servlet/trlicencias HTTP/1.1" 200 10597
186.103.159.187 - - [10/Sep/2019:08:49:13 -0300] "GET /cormun//static/Resources/PXToolsGridDelete.png HTTP/1.1" 200 357
186.103.159.187 - - [10/Sep/2019:08:49:13 -0300] "GET /cormun//static/Resources/PXToolsGridUpdate.png HTTP/1.1" 200 2984
186.103.159.187 - - [10/Sep/2019:08:49:13 -0300] "GET /cormun/servlet/trlicencias HTTP/1.1" 200 10591
190.171.143.82 - - [10/Sep/2019:08:49:36 -0300] "GET /cormun/servlet/permisogoce?b79e2200bacb430540136b0138d7a39fe578aacbd479eb96c95aeaac926ecdfa2cfb98642cee0aba041479810dbd161a,gx-no-cache=1568116058591 HTTP/1.1" 200 80
190.171.143.82 - - [10/Sep/2019:08:49:57 -0300] "GET /cormun/servlet/permisogoce?b79e2200bacb430540136b0138d7a39f8a130374dd5e240e1b1074bb6fa54080cf31e6cd8f1745f7b725ec95f4de9c32d8bea26ff892802aa2d52ceca3df6061,gx-no-cache=1568116079729 HTTP/1.1" 200 48
190.171.143.82 - - [10/Sep/2019:08:50:32 -0300] "POST /cormun/servlet/permisogoce?28871c6a6373e6dbad2a8d07376d2b0a,INS,0,,,,gx-no-cache=1568116113761 HTTP/1.1" 200 93
190.171.143.82 - - [10/Sep/2019:08:50:32 -0300] "GET /cormun/servlet/hpexe_return? HTTP/1.1" 200 1008
190.171.143.82 - - [10/Sep/2019:08:50:32 -0300] "GET /cormun/servlet/trpermisosgoce HTTP/1.1" 200 13866
190.171.143.82 - - [10/Sep/2019:08:50:33 -0300] "GET /cormun/servlet/trpermisosgoce HTTP/1.1" 200 13856
190.171.143.82 - - [10/Sep/2019:08:50:36 -0300] "GET /cormun/servlet/apermisogoceprn?9097127,P,20190910083757,PU HTTP/1.1" 200 1662
190.171.141.90 - - [10/Sep/2019:08:52:15 -0300] "GET /cormun/servlet/trsolicitudot? HTTP/1.1" 200 11856
190.171.141.90 - - [10/Sep/2019:08:52:16 -0300] "GET /cormun/servlet/trsolicitudot? HTTP/1.1" 200 11856
200.54.107.2 - - [10/Sep/2019:08:52:19 -0300] "GET /cormun/servlet/trlicencias? HTTP/1.1" 200 10733
200.54.107.2 - - [10/Sep/2019:08:52:21 -0300] "GET /cormun/servlet/trlicencias? HTTP/1.1" 200 10731
186.103.159.187 - - [10/Sep/2019:08:53:12 -0300] "GET /cormun/servlet/trlicenciaspermisosadjuntos?17505935,20190910000000,L, HTTP/1.1" 200 6390
186.103.159.187 - - [10/Sep/2019:08:53:12 -0300] "GET /cormun/static/gxcfg.js?20177612163414 HTTP/1.1" 200 953
186.103.159.187 - - [10/Sep/2019:08:53:12 -0300] "GET /cormun/static/trlicenciaspermisosadjuntos.js?20177612163719 HTTP/1.1" 200 21036
186.103.159.187 - - [10/Sep/2019:08:53:15 -0300] "GET /cormun/servlet/trlicenciaspermisosadjuntos?17505935,20190910000000,L, HTTP/1.1" 200 6390
186.103.159.187 - - [10/Sep/2019:08:53:19 -0300] "GET /cormun/servlet/licenciaspermisosadjuntos?INS,17505935,L,20190910000000,, HTTP/1.1" 200 5686
186.103.159.187 - - [10/Sep/2019:08:53:19 -0300] "GET /cormun/static/gxcfg.js?2017761263592 HTTP/1.1" 200 953
186.103.159.187 - - [10/Sep/2019:08:53:19 -0300] "GET /cormun/static/licenciaspermisosadjuntos.js?201776126362 HTTP/1.1" 200 8760
186.103.159.187 - - [10/Sep/2019:08:53:19 -0300] "GET /cormun/static/about:blank HTTP/1.1" 404 1011
186.103.159.187 - - [10/Sep/2019:08:53:20 -0300] "GET /cormun/servlet/licenciaspermisosadjuntos?INS,17505935,L,20190910000000,, HTTP/1.1" 200 5676
186.103.156.166 - - [10/Sep/2019:08:53:29 -0300] "GET /cormun/servlet/hlogin HTTP/1.1" 200 1721
186.103.159.187 - - [10/Sep/2019:08:53:50 -0300] "POST /cormun/servlet/licenciaspermisosadjuntos?08d80fcdfbff05a18a6d113fc8a6157c,INS,17505935,L,20190910000000,, HTTP/1.1" 200 6227
186.103.159.187 - - [10/Sep/2019:08:53:50 -0300] "GET /cormun/static/Shared/jqueryui/images/ui-bg_highlight-soft_100_c6c2c8_1x100.png HTTP/1.1" 404 1117
186.103.159.187 - - [10/Sep/2019:08:53:50 -0300] "GET /cormun/static/Shared/jqueryui/images/ui-bg_flat_55_994d53_40x100.png HTTP/1.1" 404 1097
186.103.159.187 - - [10/Sep/2019:08:53:50 -0300] "GET /cormun/static/Shared/jqueryui/images/ui-icons_82798d_256x240.png HTTP/1.1" 404 1089
186.103.159.187 - - [10/Sep/2019:08:53:50 -0300] "GET /cormun/static/Shared/jqueryui/images/ui-icons_ebccce_256x240.png HTTP/1.1" 404 1089
186.103.159.187 - - [10/Sep/2019:08:53:50 -0300] "GET /cormun/PrivateTempStorage/upload_00009258.jpeg HTTP/1.1" 200 722435
190.171.141.90 - - [10/Sep/2019:08:54:28 -0300] "GET /cormun/servlet/solicitudot?INS,0,0, HTTP/1.1" 200 15280
190.171.141.90 - - [10/Sep/2019:08:54:28 -0300] "GET /cormun/static/gxcfg.js?20189101114418 HTTP/1.1" 200 953
190.171.141.90 - - [10/Sep/2019:08:54:29 -0300] "GET /cormun/static/solicitudot.js?20189101114718 HTTP/1.1" 200 71883
186.103.159.187 - - [10/Sep/2019:08:54:29 -0300] "GET /cormun/servlet/trlicenciaspermisosadjuntos?17505935,20190910000000,L, HTTP/1.1" 200 6390
190.171.141.90 - - [10/Sep/2019:08:54:29 -0300] "GET /cormun/servlet/solicitudot?INS,0,0, HTTP/1.1" 200 15285
186.103.159.187 - - [10/Sep/2019:08:54:30 -0300] "GET /cormun/servlet/trlicenciaspermisosadjuntos?17505935,20190910000000,L, HTTP/1.1" 200 6390
190.171.141.90 - - [10/Sep/2019:08:54:38 -0300] "POST /cormun/servlet/solicitudot?gx-no-cache=1568116157302 HTTP/1.1" 200 3594
190.171.141.90 - - [10/Sep/2019:08:54:39 -0300] "POST /cormun/servlet/solicitudot?d643096e6035f6a2e87b617f30a708f3,INS,0,0,,gx-no-cache=1568116159180 HTTP/1.1" 200 12050
186.103.159.187 - - [10/Sep/2019:08:54:42 -0300] "GET /cormun/servlet/trlicencias? HTTP/1.1" 200 10593
186.103.159.187 - - [10/Sep/2019:08:54:44 -0300] "GET /cormun/servlet/trlicencias? HTTP/1.1" 200 10591
46.174.191.29 - - [10/Sep/2019:08:55:19 -0300] "GET / HTTP/1.0" 200 11197
190.171.143.106 - - [10/Sep/2019:08:55:21 -0300] "GET /cormun/servlet/trpermisosgoce HTTP/1.1" 200 9970
190.171.143.106 - - [10/Sep/2019:08:55:22 -0300] "GET /cormun/servlet/trpermisosgoce HTTP/1.1" 200 9971
190.171.143.106 - - [10/Sep/2019:08:55:30 -0300] "GET /cormun/servlet/trpermisosadjuntos?14332418,20190909155958,P, HTTP/1.1" 200 6392
190.171.143.106 - - [10/Sep/2019:08:55:31 -0300] "GET /cormun/static/gxcfg.js?201762817193957 HTTP/1.1" 200 953
190.171.143.106 - - [10/Sep/2019:08:55:31 -0300] "GET /cormun/static/Resources/Spanish/PXTools.css?17315867 HTTP/1.1" 200 89042
190.171.143.106 - - [10/Sep/2019:08:55:31 -0300] "GET /cormun/static/trpermisosadjuntos.js?201762817194366 HTTP/1.1" 200 20158
190.171.143.106 - - [10/Sep/2019:08:55:31 -0300] "GET /cormun/servlet/trpermisosadjuntos?14332418,20190909155958,P, HTTP/1.1" 200 6392
190.171.141.90 - - [10/Sep/2019:08:55:32 -0300] "GET /cormun/servlet/solicitudot?5cfd2b2e5f30da9915ad05e31977ed112e69f993fb4affe7965c6916ab583ec721b31f5aa242fa404c161f5c01e722eb,gx-no-cache=1568116212817 HTTP/1.1" 200 30
190.171.141.90 - - [10/Sep/2019:08:55:32 -0300] "GET /cormun/servlet/solicitudot?5cfd2b2e5f30da9915ad05e31977ed11cf33ab365a84f59400fa00f1dbb6423c61937fc0b347cf6965987179a88a4b267ceae610a3924ecc88f9d995711b2126,gx-no-cache=1568116212879 HTTP/1.1" 200 30
190.171.141.90 - - [10/Sep/2019:08:55:32 -0300] "GET /cormun/servlet/solicitudot?5cfd2b2e5f30da9915ad05e31977ed113481f0c5f7d8dca5b8a9a50b54cbaf3a,gx-no-cache=1568116212912 HTTP/1.1" 200 53
190.171.141.90 - - [10/Sep/2019:08:55:32 -0300] "POST /cormun/servlet/solicitudot?gx-no-cache=1568116212971 HTTP/1.1" 200 240
190.171.141.90 - - [10/Sep/2019:08:55:32 -0300] "GET /cormun/servlet/solicitudot?5cfd2b2e5f30da9915ad05e31977ed11f7fb70ddc3317e2c3e4fd94f7af9f945312d4b3dc321fb252ecc6e30d8dfd17a8d469d056357908db9ea1e858e00618e0dc708154a1aedf143d4103e521dbaf115899ce7ae9730903892eef1d87182dd309d3a8c06c58c4c2cd48a986704c90ac0c061fe67b675b691a70172957d5d359477ced44019b16ab9dd113181bd133aae791cc9a657a3fb0dde6b73b39965fa204d5b87b0c0995eec3d444e7c7dea116502e7f349b97b0d224da760a008c937552abed8a6071b67272495a815a52bd6e0178fd2ee34b7f0e78eb9bf6521c18ac11c3620d3ac6e8d452ef0958ae36446bd801a9dffdada7936d11f6cc95974aa0b2e8e5dbbfb19be8d36742af6b06c01abffc282c6dd1006e27095c6cd9bae6e2b87faa89ce056afa94c53d5453107aa5a72fa01f4e62bc98287feb333d2edf4c8de86bcf5eefbc20757d7b7907797e2454480e7d905eb07912aef1f0b7fcbd93bee56bdbb934b07a9c8b9bd946d0544e7220e8405ff2671046ef59446901c69,gx-no-cache=1568116213038 HTTP/1.1" 200 30
190.171.141.90 - - [10/Sep/2019:08:55:32 -0300] "POST /cormun/servlet/solicitudot?gx-no-cache=1568116213067 HTTP/1.1" 200 30
190.171.143.106 - - [10/Sep/2019:08:55:32 -0300] "GET /cormun/servlet/permisosadjuntos?INS,14332418,P,20190909155958,, HTTP/1.1" 200 5720
190.171.141.90 - - [10/Sep/2019:08:55:32 -0300] "POST /cormun/servlet/solicitudot?gx-no-cache=1568116213133 HTTP/1.1" 200 1362
190.171.143.106 - - [10/Sep/2019:08:55:32 -0300] "GET /cormun/static/gxcfg.js?201762717441171 HTTP/1.1" 200 953
190.171.143.106 - - [10/Sep/2019:08:55:32 -0300] "GET /cormun/static/permisosadjuntos.js?201762717441184 HTTP/1.1" 200 8724
190.171.141.90 - - [10/Sep/2019:08:55:33 -0300] "POST /cormun/servlet/solicitudot?gx-no-cache=1568116213193 HTTP/1.1" 200 38
190.171.143.106 - - [10/Sep/2019:08:55:33 -0300] "GET /cormun/static/about:blank HTTP/1.1" 404 1011
190.171.141.90 - - [10/Sep/2019:08:55:33 -0300] "GET /cormun/servlet/solicitudot?5cfd2b2e5f30da9915ad05e31977ed11853e5e62ca64b86c4967ea494f2e329f4d2cc3f5586352d195d278166e0162dae31ac89a90ac89263b519986fa431e17fbed0e3d9daa83e08271b43094896fd1911a6dc84be8fc47e153610e83778be915fc6e09b1504cf15e5b75d805507dec,gx-no-cache=1568116213239 HTTP/1.1" 200 110
190.171.141.90 - - [10/Sep/2019:08:55:33 -0300] "POST /cormun/servlet/solicitudot?gx-no-cache=1568116213276 HTTP/1.1" 200 97
190.171.143.106 - - [10/Sep/2019:08:55:33 -0300] "GET /cormun/servlet/permisosadjuntos?INS,14332418,P,20190909155958,, HTTP/1.1" 200 5711
190.171.141.90 - - [10/Sep/2019:08:55:40 -0300] "POST /cormun/servlet/solicitudot?gx-no-cache=1568116220314 HTTP/1.1" 200 30
186.103.159.187 - - [10/Sep/2019:08:55:40 -0300] "GET /cormun/servlet/alicenciaprn?17505935,L,20190910000000,PU HTTP/1.1" 200 1598
190.171.141.90 - - [10/Sep/2019:08:55:47 -0300] "POST /cormun/servlet/solicitudot?gx-no-cache=1568116228154 HTTP/1.1" 200 1362
190.171.141.90 - - [10/Sep/2019:08:55:48 -0300] "POST /cormun/servlet/solicitudot?gx-no-cache=1568116228208 HTTP/1.1" 200 38
190.171.141.90 - - [10/Sep/2019:08:55:48 -0300] "GET /cormun/servlet/solicitudot?5cfd2b2e5f30da9915ad05e31977ed11853e5e62ca64b86c4967ea494f2e329f4d2cc3f5586352d195d278166e0162dae31ac89a90ac89263b519986fa431e17fbed0e3d9daa83e08271b43094896fd1911a6dc84be8fc47e153610e83778be915fc6e09b1504cf15e5b75d805507dec,gx-no-cache=1568116228238 HTTP/1.1" 200 110
190.171.141.90 - - [10/Sep/2019:08:55:48 -0300] "POST /cormun/servlet/solicitudot?gx-no-cache=1568116228268 HTTP/1.1" 200 97
190.171.143.106 - - [10/Sep/2019:08:55:53 -0300] "POST /cormun/servlet/permisosadjuntos?9131393f9cb19b9cd93e58de6d1a5dcd,INS,14332418,P,20190909155958,, HTTP/1.1" 200 116
190.171.143.106 - - [10/Sep/2019:08:55:53 -0300] "GET /cormun/servlet/hpexe_return? HTTP/1.1" 200 1039
190.171.143.106 - - [10/Sep/2019:08:55:53 -0300] "GET /cormun/servlet/trpermisosadjuntos?14332418,20190909155958,P, HTTP/1.1" 200 6880
190.171.143.106 - - [10/Sep/2019:08:55:54 -0300] "GET /cormun/servlet/trpermisosadjuntos?14332418,20190909155958,P, HTTP/1.1" 200 6876
190.171.141.90 - - [10/Sep/2019:08:55:54 -0300] "GET /cormun/servlet/solicitudot?5cfd2b2e5f30da9915ad05e31977ed11c269be68b82668eeeb08c1b3ea8f38b2a67420142471884eaf29b09c2075302c471aac4fec91b00176651dbe7c8252cadbb93910e0024a1aa0272d693925b0c39cdd48e47f8f1d356fcabb5f0796447d7223e01b654051727fc468da71489317e5270a052d122ddd94e360006a04754ba66f360ab30ffb16fde06777208bdcba93dbb845a5028aa24df55242d8c9c0bf,gx-no-cache=1568116234746 HTTP/1.1" 200 29
190.171.141.90 - - [10/Sep/2019:08:55:54 -0300] "GET /cormun/static/menuarrow.gif HTTP/1.1" 404 1015
190.171.143.106 - - [10/Sep/2019:08:55:57 -0300] "GET /cormun/servlet/trpermisosgoce? HTTP/1.1" 200 9971
190.171.143.106 - - [10/Sep/2019:08:55:57 -0300] "GET /cormun/servlet/trpermisosgoce? HTTP/1.1" 200 9973
190.171.141.90 - - [10/Sep/2019:08:55:57 -0300] "GET /cormun/servlet/solicitudot?5cfd2b2e5f30da9915ad05e31977ed1176c82b5b804b858212fe1134eaa118654f5622a89ae9da9eb48bbe919a9c27f2,gx-no-cache=1568116237959 HTTP/1.1" 200 30
190.171.143.106 - - [10/Sep/2019:08:56:00 -0300] "POST /cormun/servlet/trpermisosgoce?9131393f9cb19b9cd93e58de6d1a5dcd,,gx-no-cache=1568116240844 HTTP/1.1" 200 7048
190.171.143.106 - - [10/Sep/2019:08:56:00 -0300] "GET /cormun/static/Shared/jqueryui/images/ui-bg_highlight-soft_100_c6c2c8_1x100.png HTTP/1.1" 404 1117
190.171.143.106 - - [10/Sep/2019:08:56:00 -0300] "GET /cormun/static/Shared/jqueryui/images/ui-icons_82798d_256x240.png HTTP/1.1" 404 1089
190.171.143.106 - - [10/Sep/2019:08:56:00 -0300] "GET /cormun/static/Shared/jqueryui/images/ui-icons_8d78a5_256x240.png HTTP/1.1" 404 1089
190.171.143.106 - - [10/Sep/2019:08:56:00 -0300] "GET /cormun/static/Shared/jqueryui/images/ui-bg_flat_55_fafafa_40x100.png HTTP/1.1" 404 1097
190.171.141.90 - - [10/Sep/2019:08:56:03 -0300] "POST /cormun/servlet/solicitudot?gx-no-cache=1568116243274 HTTP/1.1" 200 30
190.171.141.90 - - [10/Sep/2019:09:01:05 -0300] "POST /cormun/servlet/solicitudot?d643096e6035f6a2e87b617f30a708f3,INS,0,0,,gx-no-cache=1568116544869 HTTP/1.1" 200 93
190.171.141.90 - - [10/Sep/2019:09:01:05 -0300] "GET /cormun/servlet/hpexe_return? HTTP/1.1" 200 1003
190.171.141.90 - - [10/Sep/2019:09:01:05 -0300] "GET /cormun/static/gxcfg.js?2016101716175148 HTTP/1.1" 200 953
190.171.141.90 - - [10/Sep/2019:09:01:05 -0300] "GET /cormun/static/hpexe_return.js?2016101716175153 HTTP/1.1" 200 1633
190.171.141.90 - - [10/Sep/2019:09:01:05 -0300] "GET /cormun/static/Resources/Spanish/PXTools.css?167811 HTTP/1.1" 200 89042
190.171.141.90 - - [10/Sep/2019:09:01:05 -0300] "GET /cormun/servlet/trsolicitudot HTTP/1.1" 200 12188
190.171.141.90 - - [10/Sep/2019:09:01:06 -0300] "GET /cormun/servlet/trsolicitudot HTTP/1.1" 200 12184
190.171.141.90 - - [10/Sep/2019:09:01:12 -0300] "GET /cormun/servlet/solicitudot?INS,0,0, HTTP/1.1" 200 15279
190.171.141.90 - - [10/Sep/2019:09:01:13 -0300] "GET /cormun/servlet/solicitudot?INS,0,0, HTTP/1.1" 200 15284
192.168.10.89 - - [10/Sep/2019:09:01:17 -0300] "GET /cormun/servlet/hlogin HTTP/1.1" 200 1722
190.171.141.90 - - [10/Sep/2019:09:01:22 -0300] "POST /cormun/servlet/solicitudot?gx-no-cache=1568116562636 HTTP/1.1" 200 3594
190.171.141.90 - - [10/Sep/2019:09:01:22 -0300] "POST /cormun/servlet/solicitudot?d643096e6035f6a2e87b617f30a708f3,INS,0,0,,gx-no-cache=1568116562846 HTTP/1.1" 200 12048
190.171.141.90 - - [10/Sep/2019:09:01:27 -0300] "GET /cormun/servlet/solicitudot?5cfd2b2e5f30da9915ad05e31977ed112e69f993fb4affe7965c6916ab583ec721b31f5aa242fa404c161f5c01e722eb,gx-no-cache=1568116568133 HTTP/1.1" 200 30
190.171.141.90 - - [10/Sep/2019:09:01:27 -0300] "GET /cormun/servlet/solicitudot?5cfd2b2e5f30da9915ad05e31977ed11cf33ab365a84f59400fa00f1dbb6423c61937fc0b347cf6965987179a88a4b267ceae610a3924ecc88f9d995711b2126,gx-no-cache=1568116568188 HTTP/1.1" 200 30
190.171.141.90 - - [10/Sep/2019:09:01:28 -0300] "GET /cormun/servlet/solicitudot?5cfd2b2e5f30da9915ad05e31977ed113481f0c5f7d8dca5b8a9a50b54cbaf3a,gx-no-cache=1568116568224 HTTP/1.1" 200 53
190.171.141.90 - - [10/Sep/2019:09:01:28 -0300] "POST /cormun/servlet/solicitudot?gx-no-cache=1568116568259 HTTP/1.1" 200 240
190.171.141.90 - - [10/Sep/2019:09:01:28 -0300] "GET /cormun/servlet/solicitudot?5cfd2b2e5f30da9915ad05e31977ed11f7fb70ddc3317e2c3e4fd94f7af9f945312d4b3dc321fb252ecc6e30d8dfd17a8d469d056357908db9ea1e858e00618e0dc708154a1aedf143d4103e521dbaf115899ce7ae9730903892eef1d87182dd309d3a8c06c58c4c2cd48a986704c90ac0c061fe67b675b691a70172957d5d359477ced44019b16ab9dd113181bd133aae791cc9a657a3fb0dde6b73b39965fa204d5b87b0c0995eec3d444e7c7dea116502e7f349b97b0d224da760a008c937552abed8a6071b67272495a815a52bd6e0178fd2ee34b7f0e78eb9bf6521c18ac11c3620d3ac6e8d452ef0958ae36446bd801a9dffdada7936d11f6cc95974aa0b2e8e5dbbfb19be8d36742af6b06c01abffc282c6dd1006e27095c6cd9bae6e2b87faa89ce056afa94c53d5453107aa5a72fa01f4e62bc98287feb333d2edf4c8de86bcf5eefbc20757d7b7907797e2454480e7d905eb07912aef1f0b7fcbd93bee56bdbb934b07a9c8b9bd946d0544e7220e8405ff2671046ef59446901c69,gx-no-cache=1568116568300 HTTP/1.1" 200 30
190.171.141.90 - - [10/Sep/2019:09:01:29 -0300] "POST /cormun/servlet/solicitudot?gx-no-cache=1568116569733 HTTP/1.1" 200 30
192.168.10.89 - - [10/Sep/2019:09:01:30 -0300] "POST /cormun/servlet/hlogin?5fbde0ae0832c019df00310cac42ea2e,gx-no-cache=1568116234124 HTTP/1.1" 200 90
192.168.10.89 - - [10/Sep/2019:09:01:30 -0300] "GET /cormun/servlet/hpexe_link HTTP/1.1" 200 950
192.168.10.89 - - [10/Sep/2019:09:01:30 -0300] "GET /cormun/servlet/hhome HTTP/1.1" 200 3893
192.168.10.89 - - [10/Sep/2019:09:01:32 -0300] "GET /cormun/servlet/trsolicitudgral? HTTP/1.1" 200 12758
190.171.141.90 - - [10/Sep/2019:09:01:33 -0300] "POST /cormun/servlet/solicitudot?gx-no-cache=1568116573210 HTTP/1.1" 200 1362
190.171.141.90 - - [10/Sep/2019:09:01:33 -0300] "POST /cormun/servlet/solicitudot?gx-no-cache=1568116573258 HTTP/1.1" 200 38
190.171.141.90 - - [10/Sep/2019:09:01:33 -0300] "GET /cormun/servlet/solicitudot?5cfd2b2e5f30da9915ad05e31977ed11853e5e62ca64b86c4967ea494f2e329f4d2cc3f5586352d195d278166e0162dae31ac89a90ac89263b519986fa431e17fbed0e3d9daa83e08271b43094896fd1911a6dc84be8fc47e153610e83778be915fc6e09b1504cf15e5b75d805507dec,gx-no-cache=1568116573290 HTTP/1.1" 200 110
192.168.10.89 - - [10/Sep/2019:09:01:39 -0300] "POST /cormun/servlet/trsolicitudgral?5fbde0ae0832c019df00310cac42ea2e,,gx-no-cache=1568116243821 HTTP/1.1" 200 7064
200.54.103.162 - - [10/Sep/2019:09:01:48 -0300] "GET /cormun/servlet/hlogin HTTP/1.1" 200 1714
192.168.10.89 - - [10/Sep/2019:09:01:48 -0300] "GET /cormun/servlet/vesolicitudgral?2019,16059,, HTTP/1.1" 200 8506
200.54.103.162 - - [10/Sep/2019:09:01:48 -0300] "GET /cormun/static/gxcfg.js?20177612122725 HTTP/1.1" 304 -
192.168.10.89 - - [10/Sep/2019:09:01:48 -0300] "GET /cormun/pexe_scrolldiv.js HTTP/1.1" 404 1009
200.54.103.162 - - [10/Sep/2019:09:01:48 -0300] "GET /cormun/servlet/hlogin HTTP/1.1" 200 1725
200.54.103.162 - - [10/Sep/2019:09:01:49 -0300] "GET /favicon.ico HTTP/1.1" 200 21630
190.171.141.90 - - [10/Sep/2019:09:01:50 -0300] "POST /cormun/servlet/solicitudot?gx-no-cache=1568116591106 HTTP/1.1" 200 97
192.168.10.89 - - [10/Sep/2019:09:01:53 -0300] "POST /cormun/servlet/vesolicitudgral?5fbde0ae0832c019df00310cac42ea2e,2019,16059,,,gx-no-cache=1568116257181 HTTP/1.1" 200 93
192.168.10.89 - - [10/Sep/2019:09:01:53 -0300] "GET /cormun/servlet/hpexe_return? HTTP/1.1" 200 1013
192.168.10.89 - - [10/Sep/2019:09:01:53 -0300] "GET /cormun/servlet/trsolicitudgral? HTTP/1.1" 200 10191
200.54.103.162 - - [10/Sep/2019:09:01:56 -0300] "POST /cormun/servlet/hlogin?0a4a234d316bf8cbd4d284e39ee3d734,gx-no-cache=1568120249062 HTTP/1.1" 200 90
200.54.103.162 - - [10/Sep/2019:09:01:56 -0300] "GET /cormun/servlet/hpexe_link HTTP/1.1" 200 945
200.54.103.162 - - [10/Sep/2019:09:01:56 -0300] "GET /cormun/static/gxcfg.js?20177612121792 HTTP/1.1" 304 -
200.54.103.162 - - [10/Sep/2019:09:01:56 -0300] "GET /cormun/servlet/hhome HTTP/1.1" 200 4330
200.54.103.162 - - [10/Sep/2019:09:01:59 -0300] "GET /cormun/servlet/hhome HTTP/1.1" 200 4325
200.54.103.162 - - [10/Sep/2019:09:02:02 -0300] "GET /cormun/servlet/trlicencias? HTTP/1.1" 200 15706
200.54.103.162 - - [10/Sep/2019:09:02:05 -0300] "GET /cormun/servlet/trlicencias? HTTP/1.1" 200 15695
200.54.103.162 - - [10/Sep/2019:09:02:08 -0300] "GET /cormun/servlet/licenciaspermisos?INS,0,,, HTTP/1.1" 200 7867
200.54.103.162 - - [10/Sep/2019:09:02:10 -0300] "GET /cormun/servlet/licenciaspermisos?INS,0,,, HTTP/1.1" 200 7874
200.54.103.162 - - [10/Sep/2019:09:02:18 -0300] "GET /cormun/servlet/licenciaspermisos?de4a31ac6cb3a501c9f92eff4fe32390d4f4815f3d05149995c5b0aaf6685e9257ce8a1464a20648f3d1652bcba5c81f,gx-no-cache=1568120271103 HTTP/1.1" 200 88
200.54.103.162 - - [10/Sep/2019:09:02:18 -0300] "POST /cormun/servlet/licenciaspermisos?0a4a234d316bf8cbd4d284e39ee3d734,INS,0,,,,gx-no-cache=1568120271173 HTTP/1.1" 200 4950
190.171.141.90 - - [10/Sep/2019:09:02:26 -0300] "POST /cormun/servlet/solicitudot?gx-no-cache=1568116626801 HTTP/1.1" 200 30
190.171.141.90 - - [10/Sep/2019:09:02:26 -0300] "POST /cormun/servlet/solicitudot?gx-no-cache=1568116626885 HTTP/1.1" 200 1362
190.171.141.90 - - [10/Sep/2019:09:02:26 -0300] "POST /cormun/servlet/solicitudot?gx-no-cache=1568116627006 HTTP/1.1" 200 38
190.171.141.90 - - [10/Sep/2019:09:02:26 -0300] "GET /cormun/servlet/solicitudot?5cfd2b2e5f30da9915ad05e31977ed11853e5e62ca64b86c4967ea494f2e329f4d2cc3f5586352d195d278166e0162dae31ac89a90ac89263b519986fa431e17fbed0e3d9daa83e08271b43094896fd1911a6dc84be8fc47e153610e83778be915fc6e09b1504cf15e5b75d805507dec,gx-no-cache=1568116627051 HTTP/1.1" 200 110
190.171.141.90 - - [10/Sep/2019:09:02:26 -0300] "POST /cormun/servlet/solicitudot?gx-no-cache=1568116627084 HTTP/1.1" 200 97
190.171.141.90 - - [10/Sep/2019:09:02:26 -0300] "GET /cormun/servlet/solicitudot?5cfd2b2e5f30da9915ad05e31977ed11c269be68b82668eeeb08c1b3ea8f38b2a67420142471884eaf29b09c2075302c471aac4fec91b00176651dbe7c8252cadbb93910e0024a1aa0272d693925b0c39cdd48e47f8f1d356fcabb5f0796447d7223e01b654051727fc468da71489317e5270a052d122ddd94e360006a04754ba66f360ab30ffb16fde06777208bdcba93dbb845a5028aa24df55242d8c9c0bf,gx-no-cache=1568116627140 HTTP/1.1" 200 29
190.171.141.90 - - [10/Sep/2019:09:02:26 -0300] "GET /cormun/static/menuarrow.gif HTTP/1.1" 404 1015
190.171.141.90 - - [10/Sep/2019:09:02:29 -0300] "POST /cormun/servlet/solicitudot?gx-no-cache=1568116630132 HTTP/1.1" 200 30
190.171.141.90 - - [10/Sep/2019:09:02:29 -0300] "POST /cormun/servlet/solicitudot?gx-no-cache=1568116630174 HTTP/1.1" 200 1362
190.171.141.90 - - [10/Sep/2019:09:02:30 -0300] "POST /cormun/servlet/solicitudot?gx-no-cache=1568116630217 HTTP/1.1" 200 38
190.171.141.90 - - [10/Sep/2019:09:02:30 -0300] "GET /cormun/servlet/solicitudot?5cfd2b2e5f30da9915ad05e31977ed11853e5e62ca64b86c4967ea494f2e329f4d2cc3f5586352d195d278166e0162dae31ac89a90ac89263b519986fa431e17fbed0e3d9daa83e08271b43094896fd1911a6dc84be8fc47e153610e83778be915fc6e09b1504cf15e5b75d805507dec,gx-no-cache=1568116630242 HTTP/1.1" 200 110
190.171.141.90 - - [10/Sep/2019:09:02:30 -0300] "POST /cormun/servlet/solicitudot?gx-no-cache=1568116630272 HTTP/1.1" 200 97
190.171.141.90 - - [10/Sep/2019:09:02:31 -0300] "GET /cormun/servlet/solicitudot?5cfd2b2e5f30da9915ad05e31977ed1176c82b5b804b858212fe1134eaa118654f5622a89ae9da9eb48bbe919a9c27f2,gx-no-cache=1568116631269 HTTP/1.1" 200 30
190.171.141.90 - - [10/Sep/2019:09:02:35 -0300] "POST /cormun/servlet/solicitudot?gx-no-cache=1568116635813 HTTP/1.1" 200 30
190.171.141.90 - - [10/Sep/2019:09:02:38 -0300] "POST /cormun/servlet/solicitudot?d643096e6035f6a2e87b617f30a708f3,INS,0,0,,gx-no-cache=1568116638462 HTTP/1.1" 200 93
190.171.141.90 - - [10/Sep/2019:09:02:38 -0300] "GET /cormun/servlet/hpexe_return? HTTP/1.1" 200 1003
190.171.141.90 - - [10/Sep/2019:09:02:38 -0300] "GET /cormun/servlet/trsolicitudot HTTP/1.1" 200 12444
190.171.141.90 - - [10/Sep/2019:09:02:39 -0300] "GET /cormun/servlet/trsolicitudot HTTP/1.1" 200 12440
192.168.10.89 - - [10/Sep/2019:09:02:41 -0300] "POST /cormun/servlet/trsolicitudgral?5fbde0ae0832c019df00310cac42ea2e,,gx-no-cache=1568116305407 HTTP/1.1" 200 7313
200.54.103.162 - - [10/Sep/2019:09:02:44 -0300] "GET /cormun/static/menuarrow.gif HTTP/1.1" 404 1015
192.168.10.89 - - [10/Sep/2019:09:02:46 -0300] "GET /cormun/servlet/vesolicitudgral?2019,16060,, HTTP/1.1" 200 8506
