192.168.10.89 - - [10/Sep/2019:09:02:46 -0300] "GET /cormun/pexe_scrolldiv.js HTTP/1.1" 404 1009
190.171.141.90 - - [10/Sep/2019:09:02:59 -0300] "POST /cormun/servlet/trsolicitudot?d643096e6035f6a2e87b617f30a708f3,gx-no-cache=1568116659220 HTTP/1.1" 200 106
190.171.141.90 - - [10/Sep/2019:09:02:59 -0300] "GET /cormun/servlet/solicitudot?UPD,2019,16060, HTTP/1.1" 200 15810
190.171.141.90 - - [10/Sep/2019:09:03:00 -0300] "GET /cormun/servlet/solicitudot?UPD,2019,16060, HTTP/1.1" 200 15820
190.171.141.90 - - [10/Sep/2019:09:03:00 -0300] "POST /cormun/servlet/solicitudot?gx-no-cache=1568116660754 HTTP/1.1" 200 3594
190.171.141.90 - - [10/Sep/2019:09:03:00 -0300] "POST /cormun/servlet/solicitudot?d643096e6035f6a2e87b617f30a708f3,UPD,2019,16060,,gx-no-cache=1568116660952 HTTP/1.1" 200 12154
190.171.141.90 - - [10/Sep/2019:09:03:01 -0300] "GET /cormun/servlet/solicitudot?5cfd2b2e5f30da9915ad05e31977ed112e69f993fb4affe7965c6916ab583ec77e35db7a7e7dec8293bd31b974929dc3,gx-no-cache=1568116661256 HTTP/1.1" 200 30
190.171.141.90 - - [10/Sep/2019:09:03:01 -0300] "GET /cormun/servlet/solicitudot?5cfd2b2e5f30da9915ad05e31977ed11cf33ab365a84f59400fa00f1dbb6423c61937fc0b347cf6965987179a88a4b266150cc544582ce7c7b92ccaf39f1ae81,gx-no-cache=1568116661319 HTTP/1.1" 200 30
190.171.141.90 - - [10/Sep/2019:09:03:01 -0300] "GET /cormun/servlet/solicitudot?5cfd2b2e5f30da9915ad05e31977ed115641b85883cb5aee69c6c1b696d412c3d4a69921d704cb2421c5911cc7d3debd7992869e314182c5965085ac12b27075,gx-no-cache=1568116661346 HTTP/1.1" 200 53
190.171.141.90 - - [10/Sep/2019:09:03:01 -0300] "POST /cormun/servlet/solicitudot?gx-no-cache=1568116661376 HTTP/1.1" 200 238
190.171.141.90 - - [10/Sep/2019:09:03:01 -0300] "GET /cormun/servlet/solicitudot?5cfd2b2e5f30da9915ad05e31977ed11f7fb70ddc3317e2c3e4fd94f7af9f945312d4b3dc321fb252ecc6e30d8dfd17a8d469d056357908db9ea1e858e00618e0dc708154a1aedf143d4103e521dbaf115899ce7ae9730903892eef1d87182dd309d3a8c06c58c4c2cd48a986704c90ac0c061fe67b675b691a70172957d5d359477ced44019b16ab9dd113181bd133aae791cc9a657a3fb0dde6b73b39965fa204d5b87b0c0995eec3d444e7c7dea116502e7f349b97b0d224da760a008c937552abed8a6071b67272495a815a52bd6e0178fd2ee34b7f0e78eb9bf6521c18ac11c3620d3ac6e8d452ef0958ae36446bd801a9dffdada7936d11f6cc95974aa0b2e8e5dbbfb19be8d36742af6b06c01abffc282c6dd1006e27095c6cd9bae6e2b87faa89ce056afa94c53d5453107aa5a72fa01f4e62bc98287feb333d2edf4c8de86bcf5eefbc20757d7b7907797e2454480e7d905eb07912aef1f0b7fcbd93bee56bdbb934b07a9c8b9bd946d05443402071f238fa2859403b43c7db6215c,gx-no-cache=1568116661419 HTTP/1.1" 200 30
190.171.141.90 - - [10/Sep/2019:09:03:01 -0300] "POST /cormun/servlet/solicitudot?gx-no-cache=1568116661455 HTTP/1.1" 200 30
190.171.141.90 - - [10/Sep/2019:09:03:01 -0300] "POST /cormun/servlet/solicitudot?gx-no-cache=1568116661503 HTTP/1.1" 200 1362
190.171.141.90 - - [10/Sep/2019:09:03:01 -0300] "POST /cormun/servlet/solicitudot?gx-no-cache=1568116661559 HTTP/1.1" 200 40
192.168.10.89 - - [10/Sep/2019:09:03:03 -0300] "POST /cormun/servlet/vesolicitudgral?5fbde0ae0832c019df00310cac42ea2e,2019,16060,,,gx-no-cache=1568116327071 HTTP/1.1" 200 93
192.168.10.89 - - [10/Sep/2019:09:03:03 -0300] "GET /cormun/servlet/hpexe_return? HTTP/1.1" 200 1013
192.168.10.89 - - [10/Sep/2019:09:03:03 -0300] "GET /cormun/servlet/trsolicitudgral? HTTP/1.1" 200 10432
190.171.141.90 - - [10/Sep/2019:09:03:04 -0300] "GET /cormun/servlet/solicitudot?5cfd2b2e5f30da9915ad05e31977ed11853e5e62ca64b86c4967ea494f2e329f4d2cc3f5586352d195d278166e0162dae31ac89a90ac89263b519986fa431e17fbed0e3d9daa83e08271b43094896fd1911a6dc84be8fc47e153610e83778be915fc6e09b1504cf15e5b75d805507dec,gx-no-cache=1568116664378 HTTP/1.1" 200 110
190.171.141.90 - - [10/Sep/2019:09:03:04 -0300] "POST /cormun/servlet/solicitudot?gx-no-cache=1568116664413 HTTP/1.1" 200 97
190.171.141.90 - - [10/Sep/2019:09:03:10 -0300] "GET /cormun/servlet/solicitudot?5cfd2b2e5f30da9915ad05e31977ed119ca4fe95e6e6639bda2f01490b5b00420f4cf4f01fdabc29db3804f14bee54144f678ea97d9dfe362a8372722b11fc69a8e440936c23814cb0d9a9f87e48506af9c878d8d43b77f71d0cfbbf43ebe6ddc6f6d5fa178e0dba94ca5477570e9c92045506d989d86c60583604743c5427dbf6c8d56b420d08cc0661b36ebb8bd9753aca61e47f8c5b3da393f16f161170c1,gx-no-cache=1568116670369 HTTP/1.1" 200 29
190.171.141.90 - - [10/Sep/2019:09:03:10 -0300] "GET /cormun/servlet/solicitudot?5cfd2b2e5f30da9915ad05e31977ed1176c82b5b804b858212fe1134eaa118654f5622a89ae9da9eb48bbe919a9c27f2,gx-no-cache=1568116670396 HTTP/1.1" 200 30
190.171.141.90 - - [10/Sep/2019:09:03:10 -0300] "POST /cormun/servlet/solicitudot?gx-no-cache=1568116670428 HTTP/1.1" 200 30
190.171.141.90 - - [10/Sep/2019:09:03:10 -0300] "POST /cormun/servlet/solicitudot?d643096e6035f6a2e87b617f30a708f3,UPD,2019,16060,,gx-no-cache=1568116670458 HTTP/1.1" 200 93
190.171.141.90 - - [10/Sep/2019:09:03:10 -0300] "GET /cormun/servlet/hpexe_return? HTTP/1.1" 200 1009
190.171.141.90 - - [10/Sep/2019:09:03:10 -0300] "GET /cormun/servlet/trsolicitudot HTTP/1.1" 200 12444
190.171.141.90 - - [10/Sep/2019:09:03:11 -0300] "GET /cormun/servlet/trsolicitudot HTTP/1.1" 200 12439
192.168.10.89 - - [10/Sep/2019:09:03:14 -0300] "POST /cormun/servlet/trsolicitudgral?5fbde0ae0832c019df00310cac42ea2e,,gx-no-cache=1568116338348 HTTP/1.1" 200 7319
192.168.10.89 - - [10/Sep/2019:09:03:14 -0300] "POST /cormun/servlet/trsolicitudgral?5fbde0ae0832c019df00310cac42ea2e,,gx-no-cache=1568116338776 HTTP/1.1" 200 7318
192.168.10.89 - - [10/Sep/2019:09:03:16 -0300] "GET /cormun/servlet/vesolicitudgral?2019,16060,, HTTP/1.1" 200 8511
192.168.10.89 - - [10/Sep/2019:09:03:16 -0300] "GET /cormun/pexe_scrolldiv.js HTTP/1.1" 404 1009
192.168.10.89 - - [10/Sep/2019:09:03:22 -0300] "POST /cormun/servlet/vesolicitudgral?5fbde0ae0832c019df00310cac42ea2e,2019,16060,,,gx-no-cache=1568116346622 HTTP/1.1" 200 93
192.168.10.89 - - [10/Sep/2019:09:03:22 -0300] "GET /cormun/servlet/hpexe_return? HTTP/1.1" 200 1013
192.168.10.89 - - [10/Sep/2019:09:03:22 -0300] "GET /cormun/servlet/trsolicitudgral? HTTP/1.1" 200 10439
190.171.141.90 - - [10/Sep/2019:09:03:24 -0300] "POST /cormun/servlet/trsolicitudot?d643096e6035f6a2e87b617f30a708f3,gx-no-cache=1568116685061 HTTP/1.1" 200 106
190.171.141.90 - - [10/Sep/2019:09:03:25 -0300] "GET /cormun/servlet/solicitudot?UPD,2019,16060, HTTP/1.1" 200 15811
190.171.141.90 - - [10/Sep/2019:09:03:25 -0300] "GET /cormun/servlet/solicitudot?UPD,2019,16060, HTTP/1.1" 200 15821
190.171.141.90 - - [10/Sep/2019:09:03:26 -0300] "POST /cormun/servlet/solicitudot?gx-no-cache=1568116686440 HTTP/1.1" 200 3594
190.171.141.90 - - [10/Sep/2019:09:03:26 -0300] "POST /cormun/servlet/solicitudot?d643096e6035f6a2e87b617f30a708f3,UPD,2019,16060,,gx-no-cache=1568116686632 HTTP/1.1" 200 12158
190.171.141.90 - - [10/Sep/2019:09:03:26 -0300] "GET /cormun/servlet/solicitudot?5cfd2b2e5f30da9915ad05e31977ed112e69f993fb4affe7965c6916ab583ec77e35db7a7e7dec8293bd31b974929dc3,gx-no-cache=1568116686857 HTTP/1.1" 200 30
190.171.141.90 - - [10/Sep/2019:09:03:26 -0300] "GET /cormun/servlet/solicitudot?5cfd2b2e5f30da9915ad05e31977ed11cf33ab365a84f59400fa00f1dbb6423c61937fc0b347cf6965987179a88a4b266150cc544582ce7c7b92ccaf39f1ae81,gx-no-cache=1568116686894 HTTP/1.1" 200 30
190.171.141.90 - - [10/Sep/2019:09:03:26 -0300] "GET /cormun/servlet/solicitudot?5cfd2b2e5f30da9915ad05e31977ed115641b85883cb5aee69c6c1b696d412c3d4a69921d704cb2421c5911cc7d3debd7992869e314182c5965085ac12b27075,gx-no-cache=1568116686920 HTTP/1.1" 200 53
190.171.141.90 - - [10/Sep/2019:09:03:26 -0300] "POST /cormun/servlet/solicitudot?gx-no-cache=1568116686950 HTTP/1.1" 200 238
190.171.141.90 - - [10/Sep/2019:09:03:26 -0300] "GET /cormun/servlet/solicitudot?5cfd2b2e5f30da9915ad05e31977ed11f7fb70ddc3317e2c3e4fd94f7af9f945312d4b3dc321fb252ecc6e30d8dfd17a8d469d056357908db9ea1e858e00618e0dc708154a1aedf143d4103e521dbaf115899ce7ae9730903892eef1d87182dd309d3a8c06c58c4c2cd48a986704c90ac0c061fe67b675b691a70172957d5d359477ced44019b16ab9dd113181bd133aae791cc9a657a3fb0dde6b73b39965fa204d5b87b0c0995eec3d444e7c7dea116502e7f349b97b0d224da760a008c937552abed8a6071b67272495a815a52bd6e0178fd2ee34b7f0e78eb9bf6521c18ac11c3620d3ac6e8d452ef0958ae36446bd801a9dffdada7936d11f6cc95974aa0b2e8e5dbbfb19be8d36742af6b06c01abffc282c6dd1006e27095c6cd9bae6e2b87faa89ce056afa94c53d5453107aa5a72fa01f4e62bc98287feb333d2edf4c8de86bcf5eefbc20757d7b7907797e2454480e7d905eb07912aef1f0b7fcbd93bee56bdbb934b07a9c8b9bd946d05443402071f238fa2859403b43c7db6215c,gx-no-cache=1568116686988 HTTP/1.1" 200 30
190.171.141.90 - - [10/Sep/2019:09:03:26 -0300] "POST /cormun/servlet/solicitudot?gx-no-cache=1568116687014 HTTP/1.1" 200 30
190.171.141.90 - - [10/Sep/2019:09:03:26 -0300] "POST /cormun/servlet/solicitudot?gx-no-cache=1568116687062 HTTP/1.1" 200 1362
190.171.141.90 - - [10/Sep/2019:09:03:26 -0300] "POST /cormun/servlet/solicitudot?gx-no-cache=1568116687180 HTTP/1.1" 200 40
192.168.10.89 - - [10/Sep/2019:09:03:27 -0300] "GET /cormun/servlet/vesolicitudgral?2019,16059,, HTTP/1.1" 200 8506
192.168.10.89 - - [10/Sep/2019:09:03:27 -0300] "GET /cormun/pexe_scrolldiv.js HTTP/1.1" 404 1009
192.168.10.89 - - [10/Sep/2019:09:03:29 -0300] "POST /cormun/servlet/vesolicitudgral?5fbde0ae0832c019df00310cac42ea2e,2019,16059,,,gx-no-cache=1568116353467 HTTP/1.1" 200 93
192.168.10.89 - - [10/Sep/2019:09:03:29 -0300] "GET /cormun/servlet/hpexe_return? HTTP/1.1" 200 1012
192.168.10.89 - - [10/Sep/2019:09:03:29 -0300] "GET /cormun/servlet/trsolicitudgral HTTP/1.1" 200 10439
190.171.141.90 - - [10/Sep/2019:09:03:30 -0300] "GET /cormun/servlet/solicitudot?5cfd2b2e5f30da9915ad05e31977ed11853e5e62ca64b86c4967ea494f2e329f4d2cc3f5586352d195d278166e0162dae31ac89a90ac89263b519986fa431e17fbed0e3d9daa83e08271b43094896fd1911a6dc84be8fc47e153610e83778be915fc6e09b1504cf15e5b75d805507dec,gx-no-cache=1568116690638 HTTP/1.1" 200 110
190.171.141.90 - - [10/Sep/2019:09:03:30 -0300] "POST /cormun/servlet/solicitudot?gx-no-cache=1568116690673 HTTP/1.1" 200 97
190.171.141.90 - - [10/Sep/2019:09:03:30 -0300] "GET /cormun/servlet/solicitudot?5cfd2b2e5f30da9915ad05e31977ed119ca4fe95e6e6639bda2f01490b5b00420f4cf4f01fdabc29db3804f14bee54144f678ea97d9dfe362a8372722b11fc69a8e440936c23814cb0d9a9f87e48506af9c878d8d43b77f71d0cfbbf43ebe6ddc6f6d5fa178e0dba94ca5477570e9c92045506d989d86c60583604743c5427dbf6c8d56b420d08cc0661b36ebb8bd9753aca61e47f8c5b3da393f16f161170c1,gx-no-cache=1568116690718 HTTP/1.1" 200 29
190.171.141.90 - - [10/Sep/2019:09:03:30 -0300] "GET /cormun/servlet/solicitudot?5cfd2b2e5f30da9915ad05e31977ed1176c82b5b804b858212fe1134eaa118654f5622a89ae9da9eb48bbe919a9c27f2,gx-no-cache=1568116690747 HTTP/1.1" 200 30
190.171.141.90 - - [10/Sep/2019:09:03:30 -0300] "POST /cormun/servlet/solicitudot?gx-no-cache=1568116690782 HTTP/1.1" 200 30
200.54.103.162 - - [10/Sep/2019:09:03:46 -0300] "GET /cormun/servlet/licenciaspermisos?de4a31ac6cb3a501c9f92eff4fe3239056866999b0bda515918e429526430e14db00438e1a776efcdc714c016c297293225b7ac28db1334ed9e789c6b616c4c2c0bdac762eb568eb3a46ebcf02cdd9db1007314ee9dcb3a17a4f8b83eb8aa875211bfcba1a15cc46ce673696e7d135c8ac9fa4a667b63ef7fbc5ff5d033ae3f509299b08399ecc9a6cecf8d78e4ea059171244dd1178ce7ffe8be8637e28a34e6415cb16e30bc6443a22b99eaf4ca8f8,gx-no-cache=1568120358658 HTTP/1.1" 200 30
190.171.141.90 - - [10/Sep/2019:09:03:46 -0300] "POST /cormun/servlet/solicitudot?d643096e6035f6a2e87b617f30a708f3,UPD,2019,16060,,gx-no-cache=1568116706329 HTTP/1.1" 200 93
190.171.141.90 - - [10/Sep/2019:09:03:46 -0300] "GET /cormun/servlet/hpexe_return? HTTP/1.1" 200 1009
200.54.103.162 - - [10/Sep/2019:09:03:46 -0300] "GET /cormun/servlet/licenciaspermisos?de4a31ac6cb3a501c9f92eff4fe323908c2925e35a4ebd9e81587ccabf7657fb9aa190ab1415cec0c7284db65c9a5c7dd27481614c6281395bdd08f79e0be0fcc415b4da8d24fff1b824428d2410baf63bc9a9c823addc0b7099156029da82134e8ca5265f841d2302d7d44a2a24f6af82fabc1d8755b30839de1ec73c7e647385a10ca8cdfc3df3181e3be9af9a3b2d44966a208ef53852f1061be1b8500188597544dc14f7dcd300caa4172af605a8,gx-no-cache=1568120358735 HTTP/1.1" 200 29
190.171.141.90 - - [10/Sep/2019:09:03:46 -0300] "GET /cormun/servlet/trsolicitudot HTTP/1.1" 200 12444
200.54.103.162 - - [10/Sep/2019:09:03:46 -0300] "POST /cormun/servlet/licenciaspermisos?0a4a234d316bf8cbd4d284e39ee3d734,INS,0,,,,gx-no-cache=1568120358784 HTTP/1.1" 200 93
200.54.103.162 - - [10/Sep/2019:09:03:46 -0300] "GET /cormun/servlet/hpexe_return? HTTP/1.1" 200 1007
200.54.103.162 - - [10/Sep/2019:09:03:47 -0300] "GET /cormun/static/gxcfg.js?2016101716175148 HTTP/1.1" 304 -
190.171.141.90 - - [10/Sep/2019:09:03:47 -0300] "GET /cormun/servlet/trsolicitudot HTTP/1.1" 200 12439
200.54.103.162 - - [10/Sep/2019:09:03:47 -0300] "GET /cormun/servlet/trlicencias HTTP/1.1" 200 16423
200.54.103.162 - - [10/Sep/2019:09:03:49 -0300] "GET /cormun/servlet/trlicencias HTTP/1.1" 200 16417
200.54.103.162 - - [10/Sep/2019:09:03:53 -0300] "POST /cormun/servlet/trlicencias?0a4a234d316bf8cbd4d284e39ee3d734,gx-no-cache=1568120365632 HTTP/1.1" 200 14103
190.171.141.90 - - [10/Sep/2019:09:03:55 -0300] "POST /cormun/servlet/trsolicitudot?d643096e6035f6a2e87b617f30a708f3,gx-no-cache=1568116715297 HTTP/1.1" 200 9538
190.171.141.90 - - [10/Sep/2019:09:03:55 -0300] "GET /cormun/static/Shared/jqueryui/images/ui-bg_highlight-soft_100_c6c2c8_1x100.png HTTP/1.1" 404 1117
190.171.141.90 - - [10/Sep/2019:09:03:55 -0300] "GET /cormun/static/Shared/jqueryui/images/ui-icons_82798d_256x240.png HTTP/1.1" 404 1089
190.171.141.90 - - [10/Sep/2019:09:03:55 -0300] "GET /cormun/static/Shared/jqueryui/images/ui-bg_flat_55_fafafa_40x100.png HTTP/1.1" 404 1097
190.171.141.90 - - [10/Sep/2019:09:03:55 -0300] "GET /cormun/static/Shared/jqueryui/images/ui-icons_8d78a5_256x240.png HTTP/1.1" 404 1089
190.171.141.90 - - [10/Sep/2019:09:03:56 -0300] "POST /cormun/servlet/trsolicitudot?d643096e6035f6a2e87b617f30a708f3,gx-no-cache=1568116715891 HTTP/1.1" 200 9481
190.171.141.90 - - [10/Sep/2019:09:03:59 -0300] "POST /cormun/servlet/trsolicitudot?d643096e6035f6a2e87b617f30a708f3,gx-no-cache=1568116719402 HTTP/1.1" 200 9531
190.171.141.90 - - [10/Sep/2019:09:03:59 -0300] "POST /cormun/servlet/trsolicitudot?d643096e6035f6a2e87b617f30a708f3,gx-no-cache=1568116719890 HTTP/1.1" 200 9475
192.168.10.89 - - [10/Sep/2019:09:04:00 -0300] "GET /cormun/servlet/hlogin HTTP/1.1" 200 1740
200.54.103.162 - - [10/Sep/2019:09:04:06 -0300] "GET /cormun/servlet/alicenciaprn?18648415,L,20190910000000,PU HTTP/1.1" 200 1543
190.171.141.90 - - [10/Sep/2019:09:04:11 -0300] "POST /cormun/servlet/trsolicitudot?d643096e6035f6a2e87b617f30a708f3,gx-no-cache=1568116731449 HTTP/1.1" 200 6645
200.54.103.162 - - [10/Sep/2019:09:04:25 -0300] "GET /cormun/servlet/trlicenciaspermisosadjuntos?18648415,20190910000000,L, HTTP/1.1" 200 6673
200.54.103.162 - - [10/Sep/2019:09:04:27 -0300] "GET /cormun/servlet/trlicenciaspermisosadjuntos?18648415,20190910000000,L, HTTP/1.1" 200 6673
200.54.103.162 - - [10/Sep/2019:09:04:29 -0300] "GET /cormun/servlet/licenciaspermisosadjuntos?INS,18648415,L,20190910000000,, HTTP/1.1" 200 5974
200.54.103.162 - - [10/Sep/2019:09:04:30 -0300] "GET /cormun/static/about:blank HTTP/1.1" 404 1011
200.54.103.162 - - [10/Sep/2019:09:04:31 -0300] "GET /cormun/servlet/licenciaspermisosadjuntos?INS,18648415,L,20190910000000,, HTTP/1.1" 200 5963
200.54.103.162 - - [10/Sep/2019:09:04:46 -0300] "POST /cormun/servlet/licenciaspermisosadjuntos?0a4a234d316bf8cbd4d284e39ee3d734,INS,18648415,L,20190910000000,, HTTP/1.1" 200 116
200.54.103.162 - - [10/Sep/2019:09:04:46 -0300] "GET /cormun/servlet/hpexe_return? HTTP/1.1" 200 1036
200.54.103.162 - - [10/Sep/2019:09:04:46 -0300] "GET /cormun/servlet/trlicenciaspermisosadjuntos?18648415,20190910000000,L, HTTP/1.1" 200 7191
200.54.103.162 - - [10/Sep/2019:09:04:48 -0300] "GET /cormun/servlet/trlicenciaspermisosadjuntos?18648415,20190910000000,L, HTTP/1.1" 200 7187
200.54.103.162 - - [10/Sep/2019:09:04:57 -0300] "POST /cormun/servlet/trlicenciaspermisosadjuntos?0a4a234d316bf8cbd4d284e39ee3d734,18648415,20190910000000,L,,gx-no-cache=1568120429840 HTTP/1.1" 200 90
200.54.103.162 - - [10/Sep/2019:09:04:57 -0300] "GET /cormun/servlet/hpexe_link HTTP/1.1" 200 999
200.54.103.162 - - [10/Sep/2019:09:04:58 -0300] "GET /cormun/servlet/trlicencias?gx-no-cache=1568120365632 HTTP/1.1" 200 16414
200.54.103.162 - - [10/Sep/2019:09:05:00 -0300] "GET /cormun/servlet/trlicencias?gx-no-cache=1568120365632 HTTP/1.1" 200 16437
200.54.103.162 - - [10/Sep/2019:09:05:06 -0300] "POST /cormun/servlet/trlicencias?0a4a234d316bf8cbd4d284e39ee3d734,gx-no-cache=1568120365632,gx-no-cache=1568120438888 HTTP/1.1" 200 14101
200.54.103.162 - - [10/Sep/2019:09:05:10 -0300] "POST /cormun/servlet/trlicencias?0a4a234d316bf8cbd4d284e39ee3d734,gx-no-cache=1568120365632,gx-no-cache=1568120442197 HTTP/1.1" 200 14018
200.54.103.162 - - [10/Sep/2019:09:05:11 -0300] "GET /cormun/static/Shared/jqueryui/images/ui-bg_highlight-soft_100_c6c2c8_1x100.png HTTP/1.1" 404 1117
200.54.103.162 - - [10/Sep/2019:09:05:11 -0300] "GET /cormun/static/Shared/jqueryui/images/ui-icons_82798d_256x240.png HTTP/1.1" 404 1089
200.54.103.162 - - [10/Sep/2019:09:05:11 -0300] "GET /cormun/static/Shared/jqueryui/images/ui-icons_8d78a5_256x240.png HTTP/1.1" 404 1089
200.54.103.162 - - [10/Sep/2019:09:05:11 -0300] "GET /cormun/static/Shared/jqueryui/images/ui-bg_flat_55_fafafa_40x100.png HTTP/1.1" 404 1097
200.54.103.162 - - [10/Sep/2019:09:05:14 -0300] "GET /cormun/servlet/trsolicitudot? HTTP/1.1" 200 7561
200.54.103.162 - - [10/Sep/2019:09:05:16 -0300] "GET /cormun/servlet/trsolicitudot? HTTP/1.1" 200 7539
200.54.103.162 - - [10/Sep/2019:09:05:21 -0300] "GET /cormun/servlet/solicitudot?INS,0,0, HTTP/1.1" 200 15376
200.54.103.162 - - [10/Sep/2019:09:05:23 -0300] "GET /cormun/servlet/solicitudot?INS,0,0, HTTP/1.1" 200 15381
200.54.103.162 - - [10/Sep/2019:09:05:39 -0300] "POST /cormun/servlet/solicitudot?gx-no-cache=1568120471419 HTTP/1.1" 200 3483
200.54.103.162 - - [10/Sep/2019:09:05:39 -0300] "POST /cormun/servlet/solicitudot?0a4a234d316bf8cbd4d284e39ee3d734,INS,0,0,,gx-no-cache=1568120471676 HTTP/1.1" 200 11954
200.54.103.162 - - [10/Sep/2019:09:05:41 -0300] "GET /cormun/servlet/solicitudot?4d5ce3c279002bbe76f0608aeeaf2e82c4eb3236adcac4f9c01e8c5e4c43749448ce81c2d19770cb1a56f22af5704523,gx-no-cache=1568120473979 HTTP/1.1" 200 30
200.54.103.162 - - [10/Sep/2019:09:07:30 -0300] "GET /cormun/static/Resources/resize.gif HTTP/1.1" 200 77
200.54.103.162 - - [10/Sep/2019:09:07:30 -0300] "GET /cormun/servlet/prbanco?,MD,,gxPopupLevel%3D0%3B HTTP/1.1" 200 6698
200.54.103.162 - - [10/Sep/2019:09:07:30 -0300] "GET /cormun/static/gxcfg.js?20181161016094 HTTP/1.1" 200 953
200.54.103.162 - - [10/Sep/2019:09:07:30 -0300] "GET /cormun/static/Resources/PXToolsMenuSearch.png HTTP/1.1" 200 2914
200.54.103.162 - - [10/Sep/2019:09:07:30 -0300] "GET /cormun/static/Resources/PXToolsMenuSearchCancel.png HTTP/1.1" 200 2972
200.54.103.162 - - [10/Sep/2019:09:07:30 -0300] "GET /cormun/static/prbanco.js?2018116101633 HTTP/1.1" 200 10693
200.54.103.162 - - [10/Sep/2019:09:07:30 -0300] "GET /cormun/static/menusearch.js?201610171694467 HTTP/1.1" 200 1424
200.54.103.162 - - [10/Sep/2019:09:07:31 -0300] "GET /cormun/static/hmpwkw011.js?20177612121862 HTTP/1.1" 200 1968
200.54.103.162 - - [10/Sep/2019:09:07:53 -0300] "GET /cormun/servlet/solicitudot?4d5ce3c279002bbe76f0608aeeaf2e82f29654ce13d20fefc7801d592c005496,gx-no-cache=1568120605542 HTTP/1.1" 200 94
200.54.103.162 - - [10/Sep/2019:09:07:53 -0300] "GET /cormun/static/Shared/jqueryui/images/ui-bg_flat_55_994d53_40x100.png HTTP/1.1" 404 1097
200.54.103.162 - - [10/Sep/2019:09:07:53 -0300] "GET /cormun/static/Shared/jqueryui/images/ui-icons_ebccce_256x240.png HTTP/1.1" 404 1089
200.54.103.162 - - [10/Sep/2019:09:07:56 -0300] "GET /cormun/servlet/solicitudot?4d5ce3c279002bbe76f0608aeeaf2e827e04c43d51be5dd8fec223d064debdce,gx-no-cache=1568120608989 HTTP/1.1" 200 45
186.103.159.46 - - [10/Sep/2019:09:08:49 -0300] "POST /cormun/servlet/trlicencias?bf18e0a8a019d6c46a567f98e865c4d9,,gx-no-cache=1568117007225 HTTP/1.1" 200 8459
130.61.95.59 - - [10/Sep/2019:09:08:53 -0300] "CONNECT www.wikipedia.org:443 HTTP/1.0" 400 -
186.103.159.187 - - [10/Sep/2019:09:09:19 -0300] "GET /cormun/servlet/hlogin HTTP/1.1" 200 1739
200.54.103.162 - - [10/Sep/2019:09:09:27 -0300] "GET /cormun/servlet/solicitudot?4d5ce3c279002bbe76f0608aeeaf2e822fef2408503e034661fd4c55a42bda84ad75c6bee497f1be50b6a50dcdcea8c5,gx-no-cache=1568120699280 HTTP/1.1" 200 30
200.54.103.162 - - [10/Sep/2019:09:10:06 -0300] "POST /cormun/servlet/solicitudot?gx-no-cache=1568120739267 HTTP/1.1" 200 256
200.54.103.162 - - [10/Sep/2019:09:10:09 -0300] "GET /cormun/servlet/solicitudot?4d5ce3c279002bbe76f0608aeeaf2e82a92e267e906815beb644ce8baff8ddecafd6b5982c431a9af960e986e40e69f237386b029774408fc2f111ad8e604815f98abb456edaaf18c3f2ddac2128578f007bf496dd2aa1d8811022747edf770e4e8c1449f78d47a0a0715e64f004c92db6f7e2a5b7b2608aeccfa1b0cea24b1924d7bc4204480e234e7e74ad194814a080f36ebadaf2985a61a07a183383b04aa152e61e5a4b789e984237d6c6974b2b58e2bdb8c25fed369591b0efdea321a806c62a853ba76649a77bbad9614cbd6c20b50aeedf180a5f053910ab93757463e47bcbbe9216a1db82dee5fc686c78825e1eae11df5e23773f7aa3c0a3ac342f225b7ac28db1334ed9e789c6b616c4c23e406063e4d1c2ada88366d7433a5e2ae7749e7db224a803d02b39a669a80854d96cbf442019940a8148b83cd81afd4d98c5c9304e140d6960247ac8741611a64f0ff48e38065c26bd409068c6aa6b43cc309da246785ae2f777f91f36097bdff01539018363cd8c98e78b48aafc335c,gx-no-cache=1568120741673 HTTP/1.1" 200 30
200.54.103.162 - - [10/Sep/2019:09:10:12 -0300] "POST /cormun/servlet/solicitudot?gx-no-cache=1568120745151 HTTP/1.1" 200 30
200.54.103.162 - - [10/Sep/2019:09:10:37 -0300] "POST /cormun/servlet/solicitudot?gx-no-cache=1568120769410 HTTP/1.1" 200 1358
200.54.103.162 - - [10/Sep/2019:09:10:37 -0300] "POST /cormun/servlet/solicitudot?gx-no-cache=1568120769671 HTTP/1.1" 200 38
190.171.142.42 - - [10/Sep/2019:09:10:48 -0300] "POST /cormun/servlet/hlogin?65f454feda6afac455f9dc87a23dcee2,gx-no-cache=1568113535131 HTTP/1.1" 440 972
200.54.103.162 - - [10/Sep/2019:09:10:51 -0300] "GET /cormun/servlet/solicitudot?4d5ce3c279002bbe76f0608aeeaf2e82aab404516e92d7d3adfe5b5ae86b1a2d1875226bf451a2212a3dee7b8a30973922068a0eca419367d058d1650d9f543e3d9001f05e9574dd36ca443e9daa85f200bd1f077afbe03a220870f5a0c018c1f82d45de83a410b5459a326e422446ea,gx-no-cache=1568120784200 HTTP/1.1" 200 110
190.171.142.42 - - [10/Sep/2019:09:11:04 -0300] "POST /cormun/servlet/hlogin?65f454feda6afac455f9dc87a23dcee2,gx-no-cache=1568113550936 HTTP/1.1" 440 972
190.171.142.42 - - [10/Sep/2019:09:11:05 -0300] "GET /cormun/servlet/hlogin HTTP/1.1" 200 1734
200.54.103.162 - - [10/Sep/2019:09:11:07 -0300] "POST /cormun/servlet/solicitudot?gx-no-cache=1568120799589 HTTP/1.1" 200 97
190.171.142.42 - - [10/Sep/2019:09:11:28 -0300] "POST /cormun/servlet/hlogin?a119855f4015f0b15b059b271437dc8d,gx-no-cache=1568113575343 HTTP/1.1" 200 90
190.171.142.42 - - [10/Sep/2019:09:11:28 -0300] "GET /cormun/servlet/hpexe_link HTTP/1.1" 200 955
190.171.142.42 - - [10/Sep/2019:09:11:29 -0300] "GET /cormun/servlet/hhome HTTP/1.1" 200 4312
200.54.103.162 - - [10/Sep/2019:09:11:29 -0300] "POST /cormun/servlet/solicitudot?gx-no-cache=1568120821430 HTTP/1.1" 200 72
190.171.142.42 - - [10/Sep/2019:09:11:29 -0300] "GET /cormun/servlet/hhome HTTP/1.1" 200 4309
190.171.142.42 - - [10/Sep/2019:09:11:32 -0300] "GET /cormun/servlet/trlicencias? HTTP/1.1" 200 11495
190.171.142.42 - - [10/Sep/2019:09:11:33 -0300] "GET /cormun/servlet/trlicencias? HTTP/1.1" 200 11496
200.54.103.162 - - [10/Sep/2019:09:11:41 -0300] "GET /cormun/servlet/solicitudot?4d5ce3c279002bbe76f0608aeeaf2e82f696d9e5269381cdd485448febfb92d6d97b33102cdda64acbfdfb3139785e6ad86fcf6cb19219c010e1902d3d3aeb8b8e9063017cfcc0b8f79925ae71008dfedae04d7d571a3b9faee6ea1ac41727028b23b53e30535f3214ec6a18a2520492,gx-no-cache=1568120833588 HTTP/1.1" 200 29
190.171.142.42 - - [10/Sep/2019:09:11:41 -0300] "GET /cormun/servlet/alicenciaprn?13086850,L,20190909000000,PU HTTP/1.1" 200 1537
200.54.103.162 - - [10/Sep/2019:09:11:45 -0300] "GET /cormun/servlet/solicitudot?4d5ce3c279002bbe76f0608aeeaf2e82efbd8b6fc6a7b212189af73f05c2111adb59a2c66d85fcabc8bbae6e9ccd90d8,gx-no-cache=1568120837503 HTTP/1.1" 200 30
200.54.103.162 - - [10/Sep/2019:09:11:48 -0300] "POST /cormun/servlet/solicitudot?gx-no-cache=1568120841242 HTTP/1.1" 200 30
200.54.103.162 - - [10/Sep/2019:09:12:07 -0300] "POST /cormun/servlet/solicitudot?0a4a234d316bf8cbd4d284e39ee3d734,INS,0,0,,gx-no-cache=1568120860017 HTTP/1.1" 200 93
200.54.103.162 - - [10/Sep/2019:09:12:08 -0300] "GET /cormun/servlet/hpexe_return? HTTP/1.1" 200 1002
200.54.103.162 - - [10/Sep/2019:09:12:08 -0300] "GET /cormun/servlet/trsolicitudot HTTP/1.1" 200 8880
200.54.103.162 - - [10/Sep/2019:09:12:10 -0300] "GET /cormun/servlet/trsolicitudot HTTP/1.1" 200 8876
200.54.103.162 - - [10/Sep/2019:09:12:14 -0300] "GET /cormun/servlet/trlicencias? HTTP/1.1" 200 16230
200.54.103.162 - - [10/Sep/2019:09:12:16 -0300] "GET /cormun/servlet/trlicencias? HTTP/1.1" 200 16218
200.54.103.162 - - [10/Sep/2019:09:12:22 -0300] "POST /cormun/servlet/trlicencias?0a4a234d316bf8cbd4d284e39ee3d734,,gx-no-cache=1568120872875 HTTP/1.1" 200 14016
200.54.103.162 - - [10/Sep/2019:09:12:45 -0300] "GET /cormun/servlet/trsolicitudot? HTTP/1.1" 200 8875
200.54.103.162 - - [10/Sep/2019:09:12:47 -0300] "GET /cormun/servlet/trsolicitudot? HTTP/1.1" 200 8875
200.54.103.162 - - [10/Sep/2019:09:12:51 -0300] "POST /cormun/servlet/trsolicitudot?0a4a234d316bf8cbd4d284e39ee3d734,,gx-no-cache=1568120903984 HTTP/1.1" 200 106
200.54.103.162 - - [10/Sep/2019:09:12:51 -0300] "GET /cormun/servlet/solicitudot?UPD,2019,16061, HTTP/1.1" 200 15902
200.54.103.162 - - [10/Sep/2019:09:12:54 -0300] "GET /cormun/servlet/solicitudot?UPD,2019,16061, HTTP/1.1" 200 15912
200.54.103.162 - - [10/Sep/2019:09:12:54 -0300] "POST /cormun/servlet/solicitudot?gx-no-cache=1568120906991 HTTP/1.1" 200 3556
200.54.103.162 - - [10/Sep/2019:09:12:54 -0300] "POST /cormun/servlet/solicitudot?0a4a234d316bf8cbd4d284e39ee3d734,UPD,2019,16061,,gx-no-cache=1568120907239 HTTP/1.1" 200 12114
200.54.103.162 - - [10/Sep/2019:09:12:55 -0300] "GET /cormun/servlet/solicitudot?4d5ce3c279002bbe76f0608aeeaf2e82c4eb3236adcac4f9c01e8c5e4c437494caf7633d70131e68dc6f07485c398f09,gx-no-cache=1568120907657 HTTP/1.1" 200 30
200.54.103.162 - - [10/Sep/2019:09:12:55 -0300] "GET /cormun/servlet/solicitudot?4d5ce3c279002bbe76f0608aeeaf2e822fef2408503e034661fd4c55a42bda84ab0d5627c284d133ee975186c5476583,gx-no-cache=1568120907736 HTTP/1.1" 200 30
200.54.103.162 - - [10/Sep/2019:09:12:55 -0300] "GET /cormun/servlet/solicitudot?4d5ce3c279002bbe76f0608aeeaf2e82b32efc8b6e34c4418c67103785a85681f5167f453580c293ce19ff85620f08a4,gx-no-cache=1568120907783 HTTP/1.1" 200 45
200.54.103.162 - - [10/Sep/2019:09:12:55 -0300] "POST /cormun/servlet/solicitudot?gx-no-cache=1568120907838 HTTP/1.1" 200 255
200.54.103.162 - - [10/Sep/2019:09:12:55 -0300] "GET /cormun/servlet/solicitudot?4d5ce3c279002bbe76f0608aeeaf2e82a92e267e906815beb644ce8baff8ddecafd6b5982c431a9af960e986e40e69f237386b029774408fc2f111ad8e604815f98abb456edaaf18c3f2ddac2128578f007bf496dd2aa1d8811022747edf770e4e8c1449f78d47a0a0715e64f004c92db6f7e2a5b7b2608aeccfa1b0cea24b1924d7bc4204480e234e7e74ad194814a080f36ebadaf2985a61a07a183383b04aa152e61e5a4b789e984237d6c6974b2b58e2bdb8c25fed369591b0efdea321a806c62a853ba76649a77bbad9614cbd6c20b50aeedf180a5f053910ab93757463e47bcbbe9216a1db82dee5fc686c78825e1eae11df5e23773f7aa3c0a3ac342f225b7ac28db1334ed9e789c6b616c4c23e406063e4d1c2ada88366d7433a5e2ae7749e7db224a803d02b39a669a80854d96cbf442019940a8148b83cd81afd4d98c5c9304e140d6960247ac8741611a64f0ff48e38065c26bd409068c6aa6b43cc309da246785ae2f777f91f36097bdf3c9e5de36014c5f4acb3286a4f6da0b5,gx-no-cache=1568120907918 HTTP/1.1" 200 30
200.54.103.162 - - [10/Sep/2019:09:12:55 -0300] "POST /cormun/servlet/solicitudot?gx-no-cache=1568120908018 HTTP/1.1" 200 30
200.54.103.162 - - [10/Sep/2019:09:12:56 -0300] "POST /cormun/servlet/solicitudot?gx-no-cache=1568120908176 HTTP/1.1" 200 1361
200.54.103.162 - - [10/Sep/2019:09:12:56 -0300] "POST /cormun/servlet/solicitudot?gx-no-cache=1568120908774 HTTP/1.1" 200 41
200.54.103.162 - - [10/Sep/2019:09:12:58 -0300] "GET /cormun/servlet/solicitudot?4d5ce3c279002bbe76f0608aeeaf2e82aab404516e92d7d3adfe5b5ae86b1a2d1875226bf451a2212a3dee7b8a30973922068a0eca419367d058d1650d9f543e3d9001f05e9574dd36ca443e9daa85f200bd1f077afbe03a220870f5a0c018c1f82d45de83a410b5459a326e422446ea,gx-no-cache=1568120910892 HTTP/1.1" 200 110
200.54.103.162 - - [10/Sep/2019:09:12:58 -0300] "POST /cormun/servlet/solicitudot?gx-no-cache=1568120911082 HTTP/1.1" 200 67
200.54.103.162 - - [10/Sep/2019:09:12:59 -0300] "GET /cormun/servlet/solicitudot?4d5ce3c279002bbe76f0608aeeaf2e82d1a5db00196cdaebd913cd6f6fcfb297727383ede67a22ac37318a0a52c0b6808dece9c93b97bb8ee1c1817be3943ae9d2e9309b3f095efa4187c64e48c4cce21174dd09234d16b918b8b2989efdccfd6ba58d0c7c0ded4b972b6dc09eb56aab71736f5184b143c32c2c2faeb698b4c6dae04d7d571a3b9faee6ea1ac41727028b23b53e30535f3214ec6a18a2520492,gx-no-cache=1568120911331 HTTP/1.1" 200 29
200.54.103.162 - - [10/Sep/2019:09:12:59 -0300] "GET /cormun/servlet/solicitudot?4d5ce3c279002bbe76f0608aeeaf2e82efbd8b6fc6a7b212189af73f05c2111adb59a2c66d85fcabc8bbae6e9ccd90d8,gx-no-cache=1568120911471 HTTP/1.1" 200 30
200.54.103.162 - - [10/Sep/2019:09:12:59 -0300] "GET /cormun/static/menuarrow.gif HTTP/1.1" 404 1015
200.54.103.162 - - [10/Sep/2019:09:13:00 -0300] "GET /cormun/servlet/solicitudot?4d5ce3c279002bbe76f0608aeeaf2e82aab404516e92d7d3adfe5b5ae86b1a2d1875226bf451a2212a3dee7b8a30973922068a0eca419367d058d1650d9f543e3d9001f05e9574dd36ca443e9daa85f200bd1f077afbe03a220870f5a0c018c1f82d45de83a410b5459a326e422446ea,gx-no-cache=1568120913178 HTTP/1.1" 200 110
200.54.103.162 - - [10/Sep/2019:09:13:03 -0300] "POST /cormun/servlet/solicitudot?gx-no-cache=1568120915780 HTTP/1.1" 200 30
200.54.103.162 - - [10/Sep/2019:09:13:03 -0300] "POST /cormun/servlet/solicitudot?0a4a234d316bf8cbd4d284e39ee3d734,UPD,2019,16061,,gx-no-cache=1568120915918 HTTP/1.1" 200 93
200.54.103.162 - - [10/Sep/2019:09:13:03 -0300] "GET /cormun/servlet/hpexe_return? HTTP/1.1" 200 1008
200.54.103.162 - - [10/Sep/2019:09:13:04 -0300] "GET /cormun/servlet/trsolicitudot HTTP/1.1" 200 8885
200.54.103.162 - - [10/Sep/2019:09:13:05 -0300] "GET /cormun/servlet/trsolicitudot HTTP/1.1" 200 8881
186.103.159.204 - - [10/Sep/2019:09:14:53 -0300] "GET /cormun/servlet/inasistencia?INS,0, HTTP/1.1" 200 6816
186.103.159.204 - - [10/Sep/2019:09:14:53 -0300] "GET /cormun/static/gxcfg.js?20175251156660 HTTP/1.1" 200 953
186.103.159.204 - - [10/Sep/2019:09:14:53 -0300] "GET /cormun/static/inasistencia.js?20175251156775 HTTP/1.1" 200 27079
186.103.159.204 - - [10/Sep/2019:09:14:54 -0300] "GET /cormun/servlet/inasistencia?INS,0, HTTP/1.1" 200 6816
186.103.159.204 - - [10/Sep/2019:09:15:36 -0300] "GET /cormun/servlet/prfichaempleado?,MD,,gxPopupLevel%3D0%3B HTTP/1.1" 200 9314
186.103.159.204 - - [10/Sep/2019:09:16:16 -0300] "POST /cormun/servlet/prfichaempleado?aa7294f9318fc4fe53e9a639f097af24,,MD,,gxPopupLevel%3D0%3B,gx-no-cache=1568117454075 HTTP/1.1" 200 3188
186.103.159.204 - - [10/Sep/2019:09:16:24 -0300] "POST /cormun/servlet/prfichaempleado?aa7294f9318fc4fe53e9a639f097af24,,MD,,gxPopupLevel%3D0%3B,gx-no-cache=1568117462868 HTTP/1.1" 200 3188
186.103.159.204 - - [10/Sep/2019:09:16:26 -0300] "POST /cormun/servlet/prfichaempleado?aa7294f9318fc4fe53e9a639f097af24,,MD,,gxPopupLevel%3D0%3B,gx-no-cache=1568117464470 HTTP/1.1" 200 3188
186.103.159.204 - - [10/Sep/2019:09:16:36 -0300] "POST /cormun/servlet/prfichaempleado?aa7294f9318fc4fe53e9a639f097af24,,MD,,gxPopupLevel%3D0%3B,gx-no-cache=1568117474831 HTTP/1.1" 200 3188
200.54.103.162 - - [10/Sep/2019:09:18:12 -0300] "GET /cormun/servlet/vesolicitudot?2019,16061,, HTTP/1.1" 200 8690
200.54.103.162 - - [10/Sep/2019:09:18:12 -0300] "GET /cormun/pexe_scrolldiv.js HTTP/1.1" 404 1009
200.54.103.162 - - [10/Sep/2019:09:18:13 -0300] "GET /cormun/pexe_scrolldiv.js HTTP/1.1" 404 1009
200.54.103.162 - - [10/Sep/2019:09:18:14 -0300] "GET /cormun/servlet/vesolicitudot?2019,16061,, HTTP/1.1" 200 8690
200.54.103.162 - - [10/Sep/2019:09:20:14 -0300] "POST /cormun/servlet/vesolicitudot?0a4a234d316bf8cbd4d284e39ee3d734,2019,16061,,,gx-no-cache=1568121347097 HTTP/1.1" 200 90
200.54.103.162 - - [10/Sep/2019:09:20:15 -0300] "GET /cormun/servlet/hpexe_link HTTP/1.1" 200 959
200.54.103.162 - - [10/Sep/2019:09:20:15 -0300] "GET /cormun/servlet/trsolicitudot HTTP/1.1" 200 8882
200.54.103.162 - - [10/Sep/2019:09:20:17 -0300] "GET /cormun/servlet/trsolicitudot HTTP/1.1" 200 8881
200.54.103.162 - - [10/Sep/2019:09:20:20 -0300] "POST /cormun/servlet/trsolicitudot?0a4a234d316bf8cbd4d284e39ee3d734,gx-no-cache=1568121352357 HTTP/1.1" 200 5883
200.54.103.162 - - [10/Sep/2019:09:20:23 -0300] "POST /cormun/servlet/trsolicitudot?0a4a234d316bf8cbd4d284e39ee3d734,gx-no-cache=1568121355297 HTTP/1.1" 200 6133
200.54.103.162 - - [10/Sep/2019:09:20:23 -0300] "GET /cormun/static/Shared/jqueryui/images/ui-bg_highlight-soft_100_c6c2c8_1x100.png HTTP/1.1" 404 1117
200.54.103.162 - - [10/Sep/2019:09:20:23 -0300] "GET /cormun/static/Shared/jqueryui/images/ui-icons_82798d_256x240.png HTTP/1.1" 404 1089
200.54.103.162 - - [10/Sep/2019:09:20:23 -0300] "GET /cormun/static/Shared/jqueryui/images/ui-bg_flat_55_fafafa_40x100.png HTTP/1.1" 404 1097
200.54.103.162 - - [10/Sep/2019:09:20:23 -0300] "GET /cormun/static/Shared/jqueryui/images/ui-icons_8d78a5_256x240.png HTTP/1.1" 404 1089
200.54.103.162 - - [10/Sep/2019:09:20:25 -0300] "POST /cormun/servlet/trsolicitudot?0a4a234d316bf8cbd4d284e39ee3d734,gx-no-cache=1568121358185 HTTP/1.1" 200 107
200.54.103.162 - - [10/Sep/2019:09:20:26 -0300] "GET /cormun/servlet/trsolicitudadjuntos?2019,16061, HTTP/1.1" 200 6427
200.54.103.162 - - [10/Sep/2019:09:20:26 -0300] "GET /cormun/static/gxcfg.js?20177612135366 HTTP/1.1" 200 953
200.54.103.162 - - [10/Sep/2019:09:20:26 -0300] "GET /cormun/static/trsolicitudadjuntos.js?20177612135632 HTTP/1.1" 200 17922
200.54.103.162 - - [10/Sep/2019:09:20:27 -0300] "GET /cormun/servlet/trsolicitudadjuntos?2019,16061, HTTP/1.1" 200 6427
200.54.103.162 - - [10/Sep/2019:09:20:29 -0300] "GET /cormun/servlet/solicitudotadjuntos?INS,2019,16061,,1, HTTP/1.1" 200 6372
200.54.103.162 - - [10/Sep/2019:09:20:30 -0300] "GET /cormun/static/gxcfg.js?2017761244068 HTTP/1.1" 200 953
200.54.103.162 - - [10/Sep/2019:09:20:30 -0300] "GET /cormun/static/solicitudotadjuntos.js?2017761244086 HTTP/1.1" 200 11771
200.54.103.162 - - [10/Sep/2019:09:20:30 -0300] "GET /cormun/static/about:blank HTTP/1.1" 404 1011
200.54.103.162 - - [10/Sep/2019:09:20:31 -0300] "GET /cormun/servlet/solicitudotadjuntos?INS,2019,16061,,1, HTTP/1.1" 200 6365
200.54.103.162 - - [10/Sep/2019:09:20:31 -0300] "GET /cormun/servlet/solicitudotadjuntos?4d5ce3c279002bbe76f0608aeeaf2e827f4e323bd28ea73544084fb73cbbecfbde0f28357b1a2f8c255bc7e108a5bc1f,gx-no-cache=1568121364388 HTTP/1.1" 200 30
200.54.103.162 - - [10/Sep/2019:09:20:32 -0300] "POST /cormun/servlet/solicitudotadjuntos?0a4a234d316bf8cbd4d284e39ee3d734,INS,2019,16061,,1,,gx-no-cache=1568121364469 HTTP/1.1" 200 4092
200.54.103.162 - - [10/Sep/2019:09:20:33 -0300] "POST /cormun/servlet/solicitudotadjuntos?gx-no-cache=1568121366269 HTTP/1.1" 200 26
186.103.159.204 - - [10/Sep/2019:09:20:45 -0300] "POST /cormun/servlet/inasistencia?aa7294f9318fc4fe53e9a639f097af24,INS,0,,gx-no-cache=1568117723444 HTTP/1.1" 200 93
186.103.159.204 - - [10/Sep/2019:09:20:45 -0300] "GET /cormun/servlet/hpexe_return? HTTP/1.1" 200 1001
186.103.159.204 - - [10/Sep/2019:09:20:45 -0300] "GET /cormun/servlet/trinasistencia HTTP/1.1" 200 6923
186.103.159.204 - - [10/Sep/2019:09:20:46 -0300] "GET /cormun/servlet/trinasistencia HTTP/1.1" 200 6919
200.54.103.162 - - [10/Sep/2019:09:20:49 -0300] "GET /cormun/servlet/solicitudotadjuntos?4d5ce3c279002bbe76f0608aeeaf2e82ec811290ca818cf0eac5949096bd3eaa,gx-no-cache=1568121382058 HTTP/1.1" 200 30
200.54.103.162 - - [10/Sep/2019:09:20:49 -0300] "GET /cormun/servlet/solicitudotadjuntos?4d5ce3c279002bbe76f0608aeeaf2e82ec811290ca818cf0eac5949096bd3eaa,gx-no-cache=1568121382143 HTTP/1.1" 200 30
186.103.159.204 - - [10/Sep/2019:09:20:50 -0300] "GET /cormun/servlet/trinasistencia? HTTP/1.1" 200 6919
200.54.103.162 - - [10/Sep/2019:09:20:50 -0300] "POST /cormun/servlet/solicitudotadjuntos?0a4a234d316bf8cbd4d284e39ee3d734,INS,2019,16061,,1, HTTP/1.1" 200 116
200.54.103.162 - - [10/Sep/2019:09:20:50 -0300] "GET /cormun/servlet/hpexe_return? HTTP/1.1" 200 1021
186.103.159.204 - - [10/Sep/2019:09:20:50 -0300] "GET /cormun/servlet/trinasistencia? HTTP/1.1" 200 6920
200.54.103.162 - - [10/Sep/2019:09:20:50 -0300] "GET /cormun/servlet/trsolicitudadjuntos?2019,16061, HTTP/1.1" 200 9033
200.54.103.162 - - [10/Sep/2019:09:20:52 -0300] "GET /cormun/servlet/trsolicitudadjuntos?2019,16061, HTTP/1.1" 200 9031
186.103.159.204 - - [10/Sep/2019:09:20:53 -0300] "GET /cormun/servlet/inasistencia?INS,0, HTTP/1.1" 200 6816
186.103.159.204 - - [10/Sep/2019:09:20:53 -0300] "GET /cormun/servlet/inasistencia?INS,0, HTTP/1.1" 200 6816
200.54.103.162 - - [10/Sep/2019:09:20:54 -0300] "GET /cormun/servlet/solicitudotadjuntos?INS,2019,16061,,1, HTTP/1.1" 200 6372
200.54.103.162 - - [10/Sep/2019:09:20:54 -0300] "GET /cormun/static/about:blank HTTP/1.1" 404 1011
200.54.103.162 - - [10/Sep/2019:09:20:55 -0300] "GET /cormun/servlet/solicitudotadjuntos?INS,2019,16061,,1, HTTP/1.1" 200 6365
200.54.103.162 - - [10/Sep/2019:09:20:56 -0300] "GET /cormun/servlet/solicitudotadjuntos?4d5ce3c279002bbe76f0608aeeaf2e827f4e323bd28ea73544084fb73cbbecfbde0f28357b1a2f8c255bc7e108a5bc1f,gx-no-cache=1568121388483 HTTP/1.1" 200 30
200.54.103.162 - - [10/Sep/2019:09:20:56 -0300] "POST /cormun/servlet/solicitudotadjuntos?0a4a234d316bf8cbd4d284e39ee3d734,INS,2019,16061,,1,,gx-no-cache=1568121388620 HTTP/1.1" 200 4092
200.54.103.162 - - [10/Sep/2019:09:20:58 -0300] "POST /cormun/servlet/solicitudotadjuntos?gx-no-cache=1568121391181 HTTP/1.1" 200 26
200.54.103.162 - - [10/Sep/2019:09:21:04 -0300] "GET /cormun/servlet/solicitudotadjuntos?4d5ce3c279002bbe76f0608aeeaf2e82ec811290ca818cf0eac5949096bd3eaa,gx-no-cache=1568121397102 HTTP/1.1" 200 30
200.54.103.162 - - [10/Sep/2019:09:21:04 -0300] "GET /cormun/servlet/solicitudotadjuntos?4d5ce3c279002bbe76f0608aeeaf2e82ec811290ca818cf0eac5949096bd3eaa,gx-no-cache=1568121397194 HTTP/1.1" 200 30
200.54.103.162 - - [10/Sep/2019:09:21:05 -0300] "POST /cormun/servlet/solicitudotadjuntos?0a4a234d316bf8cbd4d284e39ee3d734,INS,2019,16061,,1, HTTP/1.1" 200 116
200.54.103.162 - - [10/Sep/2019:09:21:05 -0300] "GET /cormun/servlet/hpexe_return? HTTP/1.1" 200 1021
186.103.159.204 - - [10/Sep/2019:09:21:05 -0300] "GET /cormun/servlet/prfichaempleado?,MD,,gxPopupLevel%3D0%3B HTTP/1.1" 200 9314
200.54.103.162 - - [10/Sep/2019:09:21:06 -0300] "GET /cormun/servlet/trsolicitudadjuntos?2019,16061, HTTP/1.1" 200 9251
200.54.103.162 - - [10/Sep/2019:09:21:07 -0300] "GET /cormun/servlet/trsolicitudadjuntos?2019,16061, HTTP/1.1" 200 9249
200.54.103.162 - - [10/Sep/2019:09:21:09 -0300] "GET /cormun/servlet/solicitudotadjuntos?INS,2019,16061,,1, HTTP/1.1" 200 6372
200.54.103.162 - - [10/Sep/2019:09:21:10 -0300] "GET /cormun/static/about:blank HTTP/1.1" 404 1011
200.54.103.162 - - [10/Sep/2019:09:21:11 -0300] "GET /cormun/servlet/solicitudotadjuntos?INS,2019,16061,,1, HTTP/1.1" 200 6365
200.54.103.162 - - [10/Sep/2019:09:21:11 -0300] "GET /cormun/servlet/solicitudotadjuntos?4d5ce3c279002bbe76f0608aeeaf2e827f4e323bd28ea73544084fb73cbbecfbde0f28357b1a2f8c255bc7e108a5bc1f,gx-no-cache=1568121404060 HTTP/1.1" 200 30
200.54.103.162 - - [10/Sep/2019:09:21:12 -0300] "POST /cormun/servlet/solicitudotadjuntos?0a4a234d316bf8cbd4d284e39ee3d734,INS,2019,16061,,1,,gx-no-cache=1568121404191 HTTP/1.1" 200 4093
200.54.103.162 - - [10/Sep/2019:09:21:14 -0300] "POST /cormun/servlet/solicitudotadjuntos?gx-no-cache=1568121407285 HTTP/1.1" 200 26
186.103.159.204 - - [10/Sep/2019:09:21:16 -0300] "POST /cormun/servlet/prfichaempleado?aa7294f9318fc4fe53e9a639f097af24,,MD,,gxPopupLevel%3D0%3B,gx-no-cache=1568117754210 HTTP/1.1" 200 6367
200.54.103.162 - - [10/Sep/2019:09:21:19 -0300] "GET /cormun/servlet/solicitudotadjuntos?4d5ce3c279002bbe76f0608aeeaf2e82ec811290ca818cf0eac5949096bd3eaa,gx-no-cache=1568121412150 HTTP/1.1" 200 30
200.54.103.162 - - [10/Sep/2019:09:21:19 -0300] "GET /cormun/servlet/solicitudotadjuntos?4d5ce3c279002bbe76f0608aeeaf2e82ec811290ca818cf0eac5949096bd3eaa,gx-no-cache=1568121412180 HTTP/1.1" 200 30
200.54.103.162 - - [10/Sep/2019:09:21:20 -0300] "POST /cormun/servlet/solicitudotadjuntos?0a4a234d316bf8cbd4d284e39ee3d734,INS,2019,16061,,1, HTTP/1.1" 200 116
200.54.103.162 - - [10/Sep/2019:09:21:20 -0300] "GET /cormun/servlet/hpexe_return? HTTP/1.1" 200 1021
200.54.103.162 - - [10/Sep/2019:09:21:20 -0300] "GET /cormun/servlet/trsolicitudadjuntos?2019,16061, HTTP/1.1" 200 9436
200.54.103.162 - - [10/Sep/2019:09:21:21 -0300] "GET /cormun/servlet/trsolicitudadjuntos?2019,16061, HTTP/1.1" 200 9433
186.103.159.204 - - [10/Sep/2019:09:21:22 -0300] "POST /cormun/servlet/prfichaempleado?aa7294f9318fc4fe53e9a639f097af24,,MD,,gxPopupLevel%3D0%3B,gx-no-cache=1568117759473 HTTP/1.1" 200 6382
200.54.103.162 - - [10/Sep/2019:09:21:23 -0300] "GET /cormun/servlet/solicitudotadjuntos?INS,2019,16061,,1, HTTP/1.1" 200 6372
200.54.103.162 - - [10/Sep/2019:09:21:23 -0300] "GET /cormun/static/about:blank HTTP/1.1" 404 1011
200.54.103.162 - - [10/Sep/2019:09:21:24 -0300] "GET /cormun/servlet/solicitudotadjuntos?INS,2019,16061,,1, HTTP/1.1" 200 6365
200.54.103.162 - - [10/Sep/2019:09:21:25 -0300] "GET /cormun/servlet/solicitudotadjuntos?4d5ce3c279002bbe76f0608aeeaf2e827f4e323bd28ea73544084fb73cbbecfbde0f28357b1a2f8c255bc7e108a5bc1f,gx-no-cache=1568121417776 HTTP/1.1" 200 30
200.54.103.162 - - [10/Sep/2019:09:21:25 -0300] "POST /cormun/servlet/solicitudotadjuntos?0a4a234d316bf8cbd4d284e39ee3d734,INS,2019,16061,,1,,gx-no-cache=1568121417819 HTTP/1.1" 200 4093
200.54.103.162 - - [10/Sep/2019:09:21:27 -0300] "POST /cormun/servlet/solicitudotadjuntos?gx-no-cache=1568121420349 HTTP/1.1" 200 26
186.103.159.204 - - [10/Sep/2019:09:21:31 -0300] "POST /cormun/servlet/prfichaempleado?aa7294f9318fc4fe53e9a639f097af24,,MD,,gxPopupLevel%3D0%3B,gx-no-cache=1568117769015 HTTP/1.1" 200 6328
200.54.103.162 - - [10/Sep/2019:09:21:33 -0300] "GET /cormun/servlet/solicitudotadjuntos?4d5ce3c279002bbe76f0608aeeaf2e82ec811290ca818cf0eac5949096bd3eaa,gx-no-cache=1568121425509 HTTP/1.1" 200 30
200.54.103.162 - - [10/Sep/2019:09:21:33 -0300] "GET /cormun/servlet/solicitudotadjuntos?4d5ce3c279002bbe76f0608aeeaf2e82ec811290ca818cf0eac5949096bd3eaa,gx-no-cache=1568121425538 HTTP/1.1" 200 30
200.54.103.162 - - [10/Sep/2019:09:21:33 -0300] "POST /cormun/servlet/solicitudotadjuntos?0a4a234d316bf8cbd4d284e39ee3d734,INS,2019,16061,,1, HTTP/1.1" 200 116
200.54.103.162 - - [10/Sep/2019:09:21:33 -0300] "GET /cormun/servlet/hpexe_return? HTTP/1.1" 200 1021
200.54.103.162 - - [10/Sep/2019:09:21:33 -0300] "GET /cormun/servlet/trsolicitudadjuntos?2019,16061, HTTP/1.1" 200 9633
200.54.103.162 - - [10/Sep/2019:09:21:35 -0300] "GET /cormun/servlet/trsolicitudadjuntos?2019,16061, HTTP/1.1" 200 9634
186.103.159.204 - - [10/Sep/2019:09:21:35 -0300] "POST /cormun/servlet/prfichaempleado?aa7294f9318fc4fe53e9a639f097af24,,MD,,gxPopupLevel%3D0%3B,gx-no-cache=1568117773232 HTTP/1.1" 200 6324
200.54.103.162 - - [10/Sep/2019:09:21:37 -0300] "GET /cormun/servlet/solicitudotadjuntos?INS,2019,16061,,1, HTTP/1.1" 200 6372
186.103.159.204 - - [10/Sep/2019:09:21:37 -0300] "POST /cormun/servlet/prfichaempleado?aa7294f9318fc4fe53e9a639f097af24,,MD,,gxPopupLevel%3D0%3B,gx-no-cache=1568117775087 HTTP/1.1" 200 6452
200.54.103.162 - - [10/Sep/2019:09:21:37 -0300] "GET /cormun/static/about:blank HTTP/1.1" 404 1011
200.54.103.162 - - [10/Sep/2019:09:21:38 -0300] "GET /cormun/servlet/solicitudotadjuntos?INS,2019,16061,,1, HTTP/1.1" 200 6365
200.54.103.162 - - [10/Sep/2019:09:21:39 -0300] "GET /cormun/servlet/solicitudotadjuntos?4d5ce3c279002bbe76f0608aeeaf2e827f4e323bd28ea73544084fb73cbbecfbde0f28357b1a2f8c255bc7e108a5bc1f,gx-no-cache=1568121431724 HTTP/1.1" 200 30
200.54.103.162 - - [10/Sep/2019:09:21:39 -0300] "POST /cormun/servlet/solicitudotadjuntos?0a4a234d316bf8cbd4d284e39ee3d734,INS,2019,16061,,1,,gx-no-cache=1568121431866 HTTP/1.1" 200 4093
200.54.103.162 - - [10/Sep/2019:09:21:42 -0300] "POST /cormun/servlet/solicitudotadjuntos?gx-no-cache=1568121434566 HTTP/1.1" 200 26
200.54.103.162 - - [10/Sep/2019:09:21:46 -0300] "GET /cormun/servlet/solicitudotadjuntos?4d5ce3c279002bbe76f0608aeeaf2e82ec811290ca818cf0eac5949096bd3eaa,gx-no-cache=1568121439381 HTTP/1.1" 200 30
200.54.103.162 - - [10/Sep/2019:09:21:47 -0300] "GET /cormun/servlet/solicitudotadjuntos?4d5ce3c279002bbe76f0608aeeaf2e82ec811290ca818cf0eac5949096bd3eaa,gx-no-cache=1568121439422 HTTP/1.1" 200 30
200.54.103.162 - - [10/Sep/2019:09:21:47 -0300] "POST /cormun/servlet/solicitudotadjuntos?0a4a234d316bf8cbd4d284e39ee3d734,INS,2019,16061,,1, HTTP/1.1" 200 116
200.54.103.162 - - [10/Sep/2019:09:21:47 -0300] "GET /cormun/servlet/hpexe_return? HTTP/1.1" 200 1021
200.54.103.162 - - [10/Sep/2019:09:21:48 -0300] "GET /cormun/servlet/trsolicitudadjuntos?2019,16061, HTTP/1.1" 200 9878
200.54.103.162 - - [10/Sep/2019:09:21:50 -0300] "GET /cormun/servlet/trsolicitudadjuntos?2019,16061, HTTP/1.1" 200 9874
186.103.159.204 - - [10/Sep/2019:09:21:50 -0300] "POST /cormun/servlet/prfichaempleado?aa7294f9318fc4fe53e9a639f097af24,,MD,,gxPopupLevel%3D0%3B,gx-no-cache=1568117788191 HTTP/1.1" 200 6371
200.54.103.162 - - [10/Sep/2019:09:21:51 -0300] "GET /cormun/servlet/solicitudotadjuntos?INS,2019,16061,,1, HTTP/1.1" 200 6372
200.54.103.162 - - [10/Sep/2019:09:21:52 -0300] "GET /cormun/static/about:blank HTTP/1.1" 404 1011
186.103.159.204 - - [10/Sep/2019:09:21:52 -0300] "POST /cormun/servlet/prfichaempleado?aa7294f9318fc4fe53e9a639f097af24,,MD,,gxPopupLevel%3D0%3B,gx-no-cache=1568117790142 HTTP/1.1" 200 6393
200.54.103.162 - - [10/Sep/2019:09:21:53 -0300] "GET /cormun/servlet/solicitudotadjuntos?INS,2019,16061,,1, HTTP/1.1" 200 6365
200.54.103.162 - - [10/Sep/2019:09:21:53 -0300] "GET /cormun/servlet/solicitudotadjuntos?4d5ce3c279002bbe76f0608aeeaf2e827f4e323bd28ea73544084fb73cbbecfbde0f28357b1a2f8c255bc7e108a5bc1f,gx-no-cache=1568121446093 HTTP/1.1" 200 30
200.54.103.162 - - [10/Sep/2019:09:21:54 -0300] "POST /cormun/servlet/solicitudotadjuntos?0a4a234d316bf8cbd4d284e39ee3d734,INS,2019,16061,,1,,gx-no-cache=1568121446195 HTTP/1.1" 200 4093
186.103.159.204 - - [10/Sep/2019:09:21:54 -0300] "POST /cormun/servlet/prfichaempleado?aa7294f9318fc4fe53e9a639f097af24,,MD,,gxPopupLevel%3D0%3B,gx-no-cache=1568117791944 HTTP/1.1" 200 6291
186.103.159.204 - - [10/Sep/2019:09:21:55 -0300] "POST /cormun/servlet/prfichaempleado?aa7294f9318fc4fe53e9a639f097af24,,MD,,gxPopupLevel%3D0%3B,gx-no-cache=1568117793256 HTTP/1.1" 200 6287
200.54.103.162 - - [10/Sep/2019:09:21:57 -0300] "POST /cormun/servlet/solicitudotadjuntos?gx-no-cache=1568121449501 HTTP/1.1" 200 26
186.103.159.204 - - [10/Sep/2019:09:21:59 -0300] "POST /cormun/servlet/prfichaempleado?aa7294f9318fc4fe53e9a639f097af24,,MD,,gxPopupLevel%3D0%3B,gx-no-cache=1568117797200 HTTP/1.1" 200 6324
200.54.103.162 - - [10/Sep/2019:09:22:01 -0300] "GET /cormun/servlet/solicitudotadjuntos?4d5ce3c279002bbe76f0608aeeaf2e82ec811290ca818cf0eac5949096bd3eaa,gx-no-cache=1568121454277 HTTP/1.1" 200 30
200.54.103.162 - - [10/Sep/2019:09:22:01 -0300] "GET /cormun/servlet/solicitudotadjuntos?4d5ce3c279002bbe76f0608aeeaf2e82ec811290ca818cf0eac5949096bd3eaa,gx-no-cache=1568121454308 HTTP/1.1" 200 30
200.54.103.162 - - [10/Sep/2019:09:22:02 -0300] "POST /cormun/servlet/solicitudotadjuntos?0a4a234d316bf8cbd4d284e39ee3d734,INS,2019,16061,,1, HTTP/1.1" 200 116
200.54.103.162 - - [10/Sep/2019:09:22:02 -0300] "GET /cormun/servlet/hpexe_return? HTTP/1.1" 200 1021
200.54.103.162 - - [10/Sep/2019:09:22:03 -0300] "GET /cormun/servlet/trsolicitudadjuntos?2019,16061, HTTP/1.1" 200 10090
186.103.159.204 - - [10/Sep/2019:09:22:04 -0300] "POST /cormun/servlet/prfichaempleado?aa7294f9318fc4fe53e9a639f097af24,,MD,,gxPopupLevel%3D0%3B,gx-no-cache=1568117802112 HTTP/1.1" 200 6465
200.54.103.162 - - [10/Sep/2019:09:22:04 -0300] "GET /cormun/servlet/trsolicitudadjuntos?2019,16061, HTTP/1.1" 200 10087
200.54.103.162 - - [10/Sep/2019:09:22:07 -0300] "POST /cormun/servlet/trsolicitudadjuntos?0a4a234d316bf8cbd4d284e39ee3d734,2019,16061,,gx-no-cache=1568121460126 HTTP/1.1" 200 90
200.54.103.162 - - [10/Sep/2019:09:22:07 -0300] "GET /cormun/servlet/hpexe_link HTTP/1.1" 200 984
200.54.103.162 - - [10/Sep/2019:09:22:08 -0300] "GET /cormun/servlet/trsolicitudot?gx-no-cache=1568121355297 HTTP/1.1" 200 8882
186.103.159.204 - - [10/Sep/2019:09:22:09 -0300] "POST /cormun/servlet/prfichaempleado?aa7294f9318fc4fe53e9a639f097af24,,MD,,gxPopupLevel%3D0%3B,gx-no-cache=1568117807144 HTTP/1.1" 200 6329
200.54.103.162 - - [10/Sep/2019:09:22:09 -0300] "GET /cormun/servlet/trsolicitudot?gx-no-cache=1568121355297 HTTP/1.1" 200 8903
186.103.159.204 - - [10/Sep/2019:09:22:12 -0300] "POST /cormun/servlet/prfichaempleado?aa7294f9318fc4fe53e9a639f097af24,,MD,,gxPopupLevel%3D0%3B,gx-no-cache=1568117810696 HTTP/1.1" 200 4066
200.54.103.162 - - [10/Sep/2019:09:22:14 -0300] "POST /cormun/servlet/trsolicitudot?0a4a234d316bf8cbd4d284e39ee3d734,gx-no-cache=1568121355297,gx-no-cache=1568121466555 HTTP/1.1" 200 4726
200.54.103.162 - - [10/Sep/2019:09:22:14 -0300] "POST /cormun/servlet/trsolicitudot?0a4a234d316bf8cbd4d284e39ee3d734,gx-no-cache=1568121355297,gx-no-cache=1568121466873 HTTP/1.1" 200 4518
186.103.159.204 - - [10/Sep/2019:09:22:15 -0300] "POST /cormun/servlet/prfichaempleado?aa7294f9318fc4fe53e9a639f097af24,,MD,,gxPopupLevel%3D0%3B,gx-no-cache=1568117813208 HTTP/1.1" 200 6326
186.103.159.204 - - [10/Sep/2019:09:22:17 -0300] "POST /cormun/servlet/prfichaempleado?aa7294f9318fc4fe53e9a639f097af24,,MD,,gxPopupLevel%3D0%3B,gx-no-cache=1568117815353 HTTP/1.1" 200 6377
186.103.159.204 - - [10/Sep/2019:09:22:21 -0300] "POST /cormun/servlet/prfichaempleado?aa7294f9318fc4fe53e9a639f097af24,,MD,,gxPopupLevel%3D0%3B,gx-no-cache=1568117819272 HTTP/1.1" 200 6408
