190.171.143.82 - - [10/Sep/2019:10:05:48 -0300] "GET /cormun/static/about:blank HTTP/1.1" 404 1011
190.171.143.82 - - [10/Sep/2019:10:05:49 -0300] "GET /cormun/servlet/permisosingoceadjunto?INS,427,, HTTP/1.1" 200 5475
190.171.143.82 - - [10/Sep/2019:10:05:49 -0300] "GET /cormun/servlet/permisosingoceadjunto?ce0daa2f91e9b5c9a16417bf5ace80ffa15074ed6972309c2507c8e7b5a5faa8,gx-no-cache=1568120631540 HTTP/1.1" 200 26
190.171.152.114 - - [10/Sep/2019:10:06:00 -0300] "GET /cormun/servlet/hlogin HTTP/1.1" 200 1714
190.171.152.114 - - [10/Sep/2019:10:06:00 -0300] "GET /cormun/servlet/hlogin HTTP/1.1" 200 1722
190.171.143.82 - - [10/Sep/2019:10:06:07 -0300] "POST /cormun/servlet/permisosingoceadjunto?dc4dd3dd2378de88b529f42b7c9afd9c,INS,427,, HTTP/1.1" 200 116
190.171.143.82 - - [10/Sep/2019:10:06:07 -0300] "GET /cormun/servlet/hpexe_return? HTTP/1.1" 200 1025
190.171.143.82 - - [10/Sep/2019:10:06:07 -0300] "GET /cormun/servlet/trpermisosingoceadjunto?427,15123887, HTTP/1.1" 200 6624
190.171.143.82 - - [10/Sep/2019:10:06:07 -0300] "GET /cormun/servlet/trpermisosingoceadjunto?427,15123887, HTTP/1.1" 200 6620
190.171.152.114 - - [10/Sep/2019:10:06:09 -0300] "POST /cormun/servlet/hlogin?3bd3452f9dc2f5112d1222e3a618c0f8,gx-no-cache=1568120451276 HTTP/1.1" 200 90
190.171.152.114 - - [10/Sep/2019:10:06:09 -0300] "GET /cormun/servlet/hpexe_link HTTP/1.1" 200 941
190.171.152.114 - - [10/Sep/2019:10:06:09 -0300] "GET /cormun/servlet/hhome HTTP/1.1" 200 4269
190.171.152.114 - - [10/Sep/2019:10:06:10 -0300] "GET /cormun/servlet/hhome HTTP/1.1" 200 4265
190.171.152.114 - - [10/Sep/2019:10:06:14 -0300] "GET /cormun/servlet/trlicencias? HTTP/1.1" 200 12942
190.171.152.114 - - [10/Sep/2019:10:06:15 -0300] "GET /cormun/servlet/trlicencias? HTTP/1.1" 200 12963
190.171.152.114 - - [10/Sep/2019:10:06:19 -0300] "GET /cormun/servlet/trlicencias? HTTP/1.1" 200 12963
190.171.152.114 - - [10/Sep/2019:10:06:20 -0300] "GET /cormun/servlet/trlicencias? HTTP/1.1" 200 12950
190.171.143.82 - - [10/Sep/2019:10:06:50 -0300] "GET /cormun/servlet/trlicencias? HTTP/1.1" 200 10518
190.171.143.82 - - [10/Sep/2019:10:06:51 -0300] "GET /cormun/servlet/trlicencias? HTTP/1.1" 200 10502
190.171.143.82 - - [10/Sep/2019:10:07:28 -0300] "GET /cormun/servlet/trpermisosgoce? HTTP/1.1" 200 13867
190.171.143.82 - - [10/Sep/2019:10:07:29 -0300] "GET /cormun/servlet/trpermisosgoce? HTTP/1.1" 200 13861
190.171.143.82 - - [10/Sep/2019:10:07:31 -0300] "GET /cormun/servlet/permisogoce?INS,0,,, HTTP/1.1" 200 6913
190.171.143.82 - - [10/Sep/2019:10:07:32 -0300] "GET /cormun/servlet/permisogoce?INS,0,,, HTTP/1.1" 200 6913
190.171.141.90 - - [10/Sep/2019:10:07:45 -0300] "GET /cormun/servlet/trlicencias? HTTP/1.1" 200 7302
190.171.143.82 - - [10/Sep/2019:10:07:45 -0300] "GET /cormun/servlet/permisogoce?15e5568e2e49c79d44142ef5940e813ff1a5f2ad6dd831aabbc3788c4175e6b6f32fd6c00b3a11ba92bb893a76d3fb00c24de961631160c42160db634370c7df,gx-no-cache=1568120747189 HTTP/1.1" 200 83
190.171.141.90 - - [10/Sep/2019:10:07:46 -0300] "GET /cormun/servlet/hlogin HTTP/1.1" 200 1738
190.171.141.90 - - [10/Sep/2019:10:07:46 -0300] "GET /cormun/servlet/trlicencias? HTTP/1.1" 200 7299
190.171.141.90 - - [10/Sep/2019:10:07:51 -0300] "POST /cormun/servlet/hlogin?d93655539e95234237630f4f5c6ef917,gx-no-cache=1568120551306 HTTP/1.1" 200 90
190.171.141.90 - - [10/Sep/2019:10:07:51 -0300] "GET /cormun/servlet/hpexe_link HTTP/1.1" 200 956
190.171.141.90 - - [10/Sep/2019:10:07:51 -0300] "GET /cormun/servlet/trlicencias HTTP/1.1" 200 15050
190.171.141.90 - - [10/Sep/2019:10:07:52 -0300] "GET /cormun/servlet/trlicencias HTTP/1.1" 200 15044
190.171.143.82 - - [10/Sep/2019:10:07:55 -0300] "GET /cormun/servlet/permisogoce?15e5568e2e49c79d44142ef5940e813fcd8454fbe14bec07de000576d5ad7a88dfe3fde89cedb83b44dd7381050ab37be5884908b87e9799c1aed53d6e2e4443,gx-no-cache=1568120757283 HTTP/1.1" 200 48
190.171.141.90 - - [10/Sep/2019:10:07:56 -0300] "POST /cormun/servlet/trlicencias?d93655539e95234237630f4f5c6ef917,gx-no-cache=1568120556096 HTTP/1.1" 200 12833
190.171.143.82 - - [10/Sep/2019:10:07:59 -0300] "POST /cormun/servlet/permisogoce?dc4dd3dd2378de88b529f42b7c9afd9c,INS,0,,,,gx-no-cache=1568120761506 HTTP/1.1" 200 93
190.171.143.82 - - [10/Sep/2019:10:07:59 -0300] "GET /cormun/servlet/hpexe_return? HTTP/1.1" 200 1007
190.171.143.82 - - [10/Sep/2019:10:08:00 -0300] "GET /cormun/servlet/trpermisosgoce HTTP/1.1" 200 14127
190.171.143.82 - - [10/Sep/2019:10:08:01 -0300] "GET /cormun/servlet/trpermisosgoce HTTP/1.1" 200 14115
190.171.143.82 - - [10/Sep/2019:10:08:05 -0300] "GET /cormun/servlet/apermisogoceprn?15344156,P,20190910095636,PU HTTP/1.1" 200 1659
186.67.164.138 - - [10/Sep/2019:10:08:36 -0300] "GET /cormun/servlet/hlogin HTTP/1.1" 200 1716
186.67.164.138 - - [10/Sep/2019:10:08:37 -0300] "GET /cormun/servlet/hlogin HTTP/1.1" 200 1727
186.67.164.138 - - [10/Sep/2019:10:08:42 -0300] "POST /cormun/servlet/hlogin?c1bef6960131b723293cae31fca0205d,gx-no-cache=1568120602306 HTTP/1.1" 200 90
186.67.164.138 - - [10/Sep/2019:10:08:42 -0300] "GET /cormun/servlet/hpexe_link HTTP/1.1" 200 947
186.67.164.138 - - [10/Sep/2019:10:08:42 -0300] "GET /cormun/servlet/hhome HTTP/1.1" 200 4055
186.67.164.138 - - [10/Sep/2019:10:08:43 -0300] "GET /cormun/servlet/hhome HTTP/1.1" 200 4051
186.67.164.138 - - [10/Sep/2019:10:08:47 -0300] "GET /cormun/servlet/trlicencias? HTTP/1.1" 200 15006
186.67.164.138 - - [10/Sep/2019:10:08:48 -0300] "GET /cormun/servlet/trlicencias? HTTP/1.1" 200 15158
186.67.164.138 - - [10/Sep/2019:10:08:52 -0300] "GET /cormun/servlet/licenciaspermisos?INS,0,,, HTTP/1.1" 200 7586
186.67.164.138 - - [10/Sep/2019:10:08:53 -0300] "GET /cormun/servlet/licenciaspermisos?INS,0,,, HTTP/1.1" 200 7594
190.171.142.50 - - [10/Sep/2019:10:08:54 -0300] "GET /cormun/servlet/hlogin HTTP/1.1" 200 1721
190.171.142.50 - - [10/Sep/2019:10:08:54 -0300] "GET /cormun/servlet/hlogin HTTP/1.1" 200 1731
186.67.164.138 - - [10/Sep/2019:10:08:58 -0300] "GET /cormun/servlet/licenciaspermisos?dc1e2fbdaa4ec1b479671fd0e153427c79aab605ae626af6151ee7bea0eaefe056d2995094f679aabc65d3d256e2592f,gx-no-cache=1568120618308 HTTP/1.1" 200 105
186.67.164.138 - - [10/Sep/2019:10:08:58 -0300] "POST /cormun/servlet/licenciaspermisos?c1bef6960131b723293cae31fca0205d,INS,0,,,,gx-no-cache=1568120618364 HTTP/1.1" 200 4761
190.171.142.50 - - [10/Sep/2019:10:09:03 -0300] "POST /cormun/servlet/hlogin?fc9cc9f59361dae0184253871a56fe9d,gx-no-cache=1568123862851 HTTP/1.1" 200 90
190.171.142.50 - - [10/Sep/2019:10:09:04 -0300] "GET /cormun/servlet/hpexe_link HTTP/1.1" 200 949
190.171.142.50 - - [10/Sep/2019:10:09:04 -0300] "GET /cormun/servlet/hhome HTTP/1.1" 200 4025
190.171.142.50 - - [10/Sep/2019:10:09:05 -0300] "GET /cormun/servlet/hhome HTTP/1.1" 200 4021
190.171.142.50 - - [10/Sep/2019:10:09:07 -0300] "GET /cormun/servlet/trlicencias? HTTP/1.1" 200 13024
190.171.142.50 - - [10/Sep/2019:10:09:07 -0300] "GET /cormun/servlet/trlicencias? HTTP/1.1" 200 13021
190.171.143.82 - - [10/Sep/2019:10:09:21 -0300] "GET /cormun/servlet/trpermisosadjuntos?10873657,20190909141345,P, HTTP/1.1" 200 6887
190.171.143.82 - - [10/Sep/2019:10:09:22 -0300] "GET /cormun/servlet/trpermisosadjuntos?10873657,20190909141345,P, HTTP/1.1" 200 6888
190.171.152.114 - - [10/Sep/2019:10:10:21 -0300] "GET /cormun/servlet/alicenciaprn?19654054,L,20190908000000,PU HTTP/1.1" 200 1566
190.171.152.114 - - [10/Sep/2019:10:10:33 -0300] "GET /cormun/servlet/alicenciaprn?11163519,L,20190908000000,PU HTTP/1.1" 200 1571
186.67.164.138 - - [10/Sep/2019:10:10:51 -0300] "GET /cormun/static/menuarrow.gif HTTP/1.1" 404 1015
186.67.164.138 - - [10/Sep/2019:10:12:20 -0300] "GET /cormun/servlet/licenciaspermisos?dc1e2fbdaa4ec1b479671fd0e153427c3ff90c5e13ef3ee6ce63aab3187d601eba098ef0c7dc8a8fd26b956827bf06c0be054fc50fd20079b547c7cdc3d7ee7fd23465919b1aeefd3d9d36d3312489a42f5ee14672e3513d303d90b170774c16c9df651b95786ddac1e5409ebbeae73e2fcbd1183c04e43d90fa1655c36b9b7dd51d590050be4a6628f3e8aaafb9ab864cb30d61176ff721afc44aa599822299411a9621cf3635b3dca655a1eb25eae6,gx-no-cache=1568120820087 HTTP/1.1" 200 30
186.67.164.138 - - [10/Sep/2019:10:12:20 -0300] "POST /cormun/servlet/licenciaspermisos?c1bef6960131b723293cae31fca0205d,INS,0,,,,gx-no-cache=1568120820156 HTTP/1.1" 200 4850
186.67.164.138 - - [10/Sep/2019:10:13:24 -0300] "GET /cormun/servlet/licenciaspermisos?dc1e2fbdaa4ec1b479671fd0e153427c723a74b2ca0b6a088f3df3896856a884b08a65a3ecc74da334be56334321447be9f90b47386926400313a886961d15a128511f5851b90026e2305c0a4eb7997f2de1ee02dd8c8fa3d03494f9cb407e166c3dec0e8a64db3990225d270e2115d7a7d0732459ea8be054ebe9cd8225e290f57c030881e8dea3e50d6b9f3940b74fba45f65d6f57a2f7d23c9868bfcf9b1ce533b8f1bfbc7fa1f6d085d6d88ded90371afbac5b249677968689373e59c6556024b53d66f65c9dba5d97397db0ac059d8d564c8d6805c327efbf36f114c84bde7e51f1a1315474156d28c8e39ae909,gx-no-cache=1568120884055 HTTP/1.1" 200 62
186.67.164.138 - - [10/Sep/2019:10:13:27 -0300] "POST /cormun/servlet/licenciaspermisos?c1bef6960131b723293cae31fca0205d,INS,0,,,,gx-no-cache=1568120886892 HTTP/1.1" 200 93
186.67.164.138 - - [10/Sep/2019:10:13:27 -0300] "GET /cormun/servlet/hpexe_return? HTTP/1.1" 200 1008
186.67.164.138 - - [10/Sep/2019:10:13:27 -0300] "GET /cormun/servlet/trlicencias HTTP/1.1" 200 15563
186.67.164.138 - - [10/Sep/2019:10:13:28 -0300] "GET /cormun/servlet/trlicencias HTTP/1.1" 200 15564
186.67.164.138 - - [10/Sep/2019:10:13:34 -0300] "GET /cormun/servlet/trlicenciaspermisosadjuntos?17477102,20190910000000,L, HTTP/1.1" 200 6405
186.67.164.138 - - [10/Sep/2019:10:13:35 -0300] "GET /cormun/servlet/trlicenciaspermisosadjuntos?17477102,20190910000000,L, HTTP/1.1" 200 6406
186.67.164.138 - - [10/Sep/2019:10:13:36 -0300] "GET /cormun/servlet/licenciaspermisosadjuntos?INS,17477102,L,20190910000000,, HTTP/1.1" 200 5704
186.67.164.138 - - [10/Sep/2019:10:13:37 -0300] "GET /cormun/static/about:blank HTTP/1.1" 404 1011
186.67.164.138 - - [10/Sep/2019:10:13:37 -0300] "GET /cormun/servlet/licenciaspermisosadjuntos?INS,17477102,L,20190910000000,, HTTP/1.1" 200 5693
186.67.164.138 - - [10/Sep/2019:10:14:12 -0300] "POST /cormun/servlet/licenciaspermisosadjuntos?c1bef6960131b723293cae31fca0205d,INS,17477102,L,20190910000000,, HTTP/1.1" 200 116
186.67.164.138 - - [10/Sep/2019:10:14:12 -0300] "GET /cormun/servlet/hpexe_return? HTTP/1.1" 200 1037
186.67.164.138 - - [10/Sep/2019:10:14:12 -0300] "GET /cormun/servlet/trlicenciaspermisosadjuntos?17477102,20190910000000,L, HTTP/1.1" 200 6889
186.67.164.138 - - [10/Sep/2019:10:14:13 -0300] "GET /cormun/servlet/trlicenciaspermisosadjuntos?17477102,20190910000000,L, HTTP/1.1" 200 6885
186.67.164.138 - - [10/Sep/2019:10:14:16 -0300] "POST /cormun/servlet/trlicenciaspermisosadjuntos?c1bef6960131b723293cae31fca0205d,17477102,20190910000000,L,,gx-no-cache=1568120935814 HTTP/1.1" 200 90
186.67.164.138 - - [10/Sep/2019:10:14:16 -0300] "GET /cormun/servlet/hpexe_link HTTP/1.1" 200 979
186.67.164.138 - - [10/Sep/2019:10:14:16 -0300] "GET /cormun/servlet/trlicencias HTTP/1.1" 200 15571
186.67.164.138 - - [10/Sep/2019:10:14:17 -0300] "GET /cormun/servlet/trlicencias HTTP/1.1" 200 15547
186.67.164.138 - - [10/Sep/2019:10:14:45 -0300] "GET /cormun/servlet/alicenciaprn?17477102,L,20190910000000,PU HTTP/1.1" 200 1597
186.67.164.138 - - [10/Sep/2019:10:15:21 -0300] "POST /cormun/servlet/trlicencias?c1bef6960131b723293cae31fca0205d,gx-no-cache=1568121001433 HTTP/1.1" 200 13175
186.67.164.138 - - [10/Sep/2019:10:15:22 -0300] "GET /cormun/static/Shared/jqueryui/images/ui-bg_highlight-soft_100_c6c2c8_1x100.png HTTP/1.1" 404 1117
186.67.164.138 - - [10/Sep/2019:10:15:22 -0300] "GET /cormun/static/Shared/jqueryui/images/ui-icons_82798d_256x240.png HTTP/1.1" 404 1089
186.67.164.138 - - [10/Sep/2019:10:15:22 -0300] "GET /cormun/static/Shared/jqueryui/images/ui-bg_flat_55_fafafa_40x100.png HTTP/1.1" 404 1097
186.67.164.138 - - [10/Sep/2019:10:15:22 -0300] "GET /cormun/static/Shared/jqueryui/images/ui-icons_8d78a5_256x240.png HTTP/1.1" 404 1089
190.171.143.82 - - [10/Sep/2019:10:17:04 -0300] "GET /cormun/servlet/trpermisosgoce? HTTP/1.1" 200 14111
190.171.143.82 - - [10/Sep/2019:10:17:05 -0300] "GET /cormun/servlet/trpermisosgoce? HTTP/1.1" 200 14095
190.171.143.82 - - [10/Sep/2019:10:17:09 -0300] "GET /cormun/servlet/trpermisosadjuntos?10873657,20190909141345,P, HTTP/1.1" 200 6887
190.171.143.82 - - [10/Sep/2019:10:17:10 -0300] "GET /cormun/servlet/trpermisosadjuntos?10873657,20190909141345,P, HTTP/1.1" 200 6888
190.171.141.90 - - [10/Sep/2019:10:17:13 -0300] "POST /cormun/servlet/trlicencias?d93655539e95234237630f4f5c6ef917,gx-no-cache=1568121112839 HTTP/1.1" 200 12816
190.171.141.90 - - [10/Sep/2019:10:17:19 -0300] "POST /cormun/servlet/trlicencias?d93655539e95234237630f4f5c6ef917,gx-no-cache=1568121119626 HTTP/1.1" 200 12827
190.171.143.82 - - [10/Sep/2019:10:17:20 -0300] "GET /cormun/servlet/trpermisosgoce? HTTP/1.1" 200 14138
190.171.143.82 - - [10/Sep/2019:10:17:21 -0300] "GET /cormun/servlet/trpermisosgoce? HTTP/1.1" 200 14095
190.171.143.82 - - [10/Sep/2019:10:17:25 -0300] "POST /cormun/servlet/trpermisosgoce?dc4dd3dd2378de88b529f42b7c9afd9c,,gx-no-cache=1568121327664 HTTP/1.1" 200 11314
190.171.143.82 - - [10/Sep/2019:10:17:26 -0300] "GET /cormun/static/Shared/jqueryui/images/ui-bg_highlight-soft_100_c6c2c8_1x100.png HTTP/1.1" 404 1117
190.171.143.82 - - [10/Sep/2019:10:17:26 -0300] "GET /cormun/static/Shared/jqueryui/images/ui-icons_82798d_256x240.png HTTP/1.1" 404 1089
190.171.143.82 - - [10/Sep/2019:10:17:26 -0300] "GET /cormun/static/Shared/jqueryui/images/ui-icons_8d78a5_256x240.png HTTP/1.1" 404 1089
190.171.143.82 - - [10/Sep/2019:10:17:26 -0300] "GET /cormun/static/Shared/jqueryui/images/ui-bg_flat_55_fafafa_40x100.png HTTP/1.1" 404 1097
190.171.143.82 - - [10/Sep/2019:10:17:39 -0300] "POST /cormun/servlet/trpermisosgoce?dc4dd3dd2378de88b529f42b7c9afd9c,,gx-no-cache=1568121341574 HTTP/1.1" 200 11309
186.67.172.234 - - [10/Sep/2019:10:18:22 -0300] "GET /cormun/servlet/trlicencias? HTTP/1.1" 200 7283
186.67.172.234 - - [10/Sep/2019:10:18:24 -0300] "GET /cormun/servlet/hlogin HTTP/1.1" 200 1736
186.67.172.234 - - [10/Sep/2019:10:18:24 -0300] "GET /cormun/servlet/trlicencias? HTTP/1.1" 200 7294
186.67.172.234 - - [10/Sep/2019:10:18:38 -0300] "POST /cormun/servlet/hlogin?2da109410dcfffcb3341b0019aac262d,gx-no-cache=1568121215054 HTTP/1.1" 200 90
186.67.172.234 - - [10/Sep/2019:10:18:38 -0300] "GET /cormun/servlet/hpexe_link HTTP/1.1" 200 952
186.67.172.234 - - [10/Sep/2019:10:18:38 -0300] "GET /cormun/servlet/trlicencias HTTP/1.1" 200 15494
186.67.172.234 - - [10/Sep/2019:10:18:39 -0300] "GET /cormun/servlet/trlicencias HTTP/1.1" 200 15507
190.171.152.138 - - [10/Sep/2019:10:18:43 -0300] "GET /cormun/servlet/hhome HTTP/1.1" 200 3420
190.171.152.138 - - [10/Sep/2019:10:18:44 -0300] "GET /cormun/servlet/hlogin HTTP/1.1" 200 1735
190.171.152.138 - - [10/Sep/2019:10:18:44 -0300] "GET /cormun/servlet/hhome HTTP/1.1" 200 3430
190.171.152.138 - - [10/Sep/2019:10:18:44 -0300] "GET /favicon.ico HTTP/1.1" 200 21630
190.171.152.138 - - [10/Sep/2019:10:19:07 -0300] "POST /cormun/servlet/hlogin?55ef7713954ce0195db3aa31b3df6c82,gx-no-cache=1568124823225 HTTP/1.1" 200 90
190.171.152.138 - - [10/Sep/2019:10:19:07 -0300] "GET /cormun/servlet/hpexe_link HTTP/1.1" 200 952
190.171.152.138 - - [10/Sep/2019:10:19:07 -0300] "GET /cormun/servlet/hhome HTTP/1.1" 200 3953
190.171.152.138 - - [10/Sep/2019:10:19:08 -0300] "GET /cormun/servlet/hhome HTTP/1.1" 200 3949
190.171.152.138 - - [10/Sep/2019:10:19:10 -0300] "GET /cormun/servlet/trlicencias? HTTP/1.1" 200 14440
190.171.152.138 - - [10/Sep/2019:10:19:11 -0300] "GET /cormun/servlet/trlicencias? HTTP/1.1" 200 14422
190.171.152.138 - - [10/Sep/2019:10:19:22 -0300] "GET /cormun/servlet/alicenciaprn?15731333,L,20190910000000,PU HTTP/1.1" 200 1543
190.171.141.114 - - [10/Sep/2019:10:20:33 -0300] "GET /cormun/servlet/hlogin HTTP/1.1" 200 1723
190.171.141.114 - - [10/Sep/2019:10:20:33 -0300] "GET /cormun/static/gxcfg.js?20177612122725 HTTP/1.1" 304 -
190.171.141.114 - - [10/Sep/2019:10:20:33 -0300] "GET /cormun/static/messages.spa.js?85251 HTTP/1.1" 304 -
190.171.141.114 - - [10/Sep/2019:10:20:34 -0300] "GET /cormun/servlet/hlogin HTTP/1.1" 200 1734
190.171.141.114 - - [10/Sep/2019:10:20:35 -0300] "GET /favicon.ico HTTP/1.1" 200 21630
186.67.172.234 - - [10/Sep/2019:10:20:45 -0300] "POST /cormun/servlet/trlicencias?2da109410dcfffcb3341b0019aac262d,gx-no-cache=1568121342148 HTTP/1.1" 200 101
186.67.172.234 - - [10/Sep/2019:10:20:46 -0300] "GET /cormun/Licencias-1321.xls HTTP/1.1" 200 13824
190.171.141.114 - - [10/Sep/2019:10:22:14 -0300] "POST /cormun/servlet/hlogin?ab96d84c95462487a5307f748ac6875d,gx-no-cache=1568121417203 HTTP/1.1" 200 90
190.171.141.114 - - [10/Sep/2019:10:22:14 -0300] "GET /cormun/servlet/hpexe_link HTTP/1.1" 200 954
190.171.141.114 - - [10/Sep/2019:10:22:14 -0300] "GET /cormun/static/gxcfg.js?20177612121792 HTTP/1.1" 304 -
190.171.141.114 - - [10/Sep/2019:10:22:14 -0300] "GET /cormun/servlet/hhome HTTP/1.1" 200 4068
190.171.141.114 - - [10/Sep/2019:10:22:14 -0300] "GET /cormun/static/gxcfg.js?20175251212442 HTTP/1.1" 304 -
190.171.141.114 - - [10/Sep/2019:10:22:15 -0300] "GET /cormun/static/hmpwkw03.js?20189613443875 HTTP/1.1" 304 -
190.171.141.114 - - [10/Sep/2019:10:22:16 -0300] "GET /cormun/servlet/hhome HTTP/1.1" 200 4064
186.67.172.234 - - [10/Sep/2019:10:24:36 -0300] "GET /cormun/servlet/licenciaspermisos?INS,0,,, HTTP/1.1" 200 7890
186.67.172.234 - - [10/Sep/2019:10:24:36 -0300] "GET /cormun/static/gxcfg.js?201762917281167 HTTP/1.1" 200 953
186.67.172.234 - - [10/Sep/2019:10:24:36 -0300] "GET /cormun/static/Resources/prompt.gif HTTP/1.1" 200 902
186.67.172.234 - - [10/Sep/2019:10:24:36 -0300] "GET /cormun/static/licenciaspermisos.js?201762917281260 HTTP/1.1" 200 37491
186.67.172.234 - - [10/Sep/2019:10:24:36 -0300] "GET /cormun/servlet/licenciaspermisos?INS,0,,, HTTP/1.1" 200 7898
186.67.172.234 - - [10/Sep/2019:10:24:37 -0300] "GET /cormun/servlet/licenciaspermisos?INS,0,,, HTTP/1.1" 200 7898
186.67.172.234 - - [10/Sep/2019:10:24:37 -0300] "GET /cormun/servlet/licenciaspermisos?INS,0,,, HTTP/1.1" 200 7898
190.171.141.90 - - [10/Sep/2019:10:25:52 -0300] "POST /cormun/servlet/trlicencias?d93655539e95234237630f4f5c6ef917,gx-no-cache=1568121632581 HTTP/1.1" 200 12826
190.171.141.90 - - [10/Sep/2019:10:25:54 -0300] "GET /cormun/servlet/trsolicitudot? HTTP/1.1" 200 7441
190.171.141.90 - - [10/Sep/2019:10:25:55 -0300] "GET /cormun/servlet/trsolicitudot? HTTP/1.1" 200 7441
190.171.141.90 - - [10/Sep/2019:10:26:34 -0300] "GET /cormun/servlet/trsolicitudot? HTTP/1.1" 200 7441
190.171.141.90 - - [10/Sep/2019:10:26:35 -0300] "GET /cormun/servlet/trsolicitudot? HTTP/1.1" 200 7441
190.171.141.90 - - [10/Sep/2019:10:26:37 -0300] "POST /cormun/servlet/trsolicitudot?d93655539e95234237630f4f5c6ef917,,gx-no-cache=1568121677453 HTTP/1.1" 200 4541
190.171.141.114 - - [10/Sep/2019:10:27:18 -0300] "GET /cormun/servlet/trsolicitudot? HTTP/1.1" 200 7283
190.171.141.114 - - [10/Sep/2019:10:27:19 -0300] "GET /cormun/static/gxcfg.js?2017111422585916 HTTP/1.1" 200 953
190.171.141.114 - - [10/Sep/2019:10:27:19 -0300] "GET /cormun/static/trsolicitudot.js?201711142259839 HTTP/1.1" 200 54041
190.171.141.114 - - [10/Sep/2019:10:27:21 -0300] "GET /cormun/servlet/trsolicitudot? HTTP/1.1" 200 7283
190.171.141.114 - - [10/Sep/2019:10:27:56 -0300] "GET /cormun/servlet/solicitudot?INS,0,0, HTTP/1.1" 200 15126
190.171.141.114 - - [10/Sep/2019:10:27:56 -0300] "GET /cormun/static/gxcfg.js?20189101114418 HTTP/1.1" 200 953
190.171.141.114 - - [10/Sep/2019:10:27:56 -0300] "GET /cormun/static/solicitudot.js?20189101114718 HTTP/1.1" 200 71883
190.171.141.114 - - [10/Sep/2019:10:27:57 -0300] "GET /cormun/servlet/solicitudot?INS,0,0, HTTP/1.1" 200 15130
190.171.141.114 - - [10/Sep/2019:10:28:41 -0300] "POST /cormun/servlet/solicitudot?gx-no-cache=1568121803740 HTTP/1.1" 200 3491
190.171.141.114 - - [10/Sep/2019:10:28:41 -0300] "POST /cormun/servlet/solicitudot?ab96d84c95462487a5307f748ac6875d,INS,0,0,,gx-no-cache=1568121804249 HTTP/1.1" 200 11762
190.171.141.114 - - [10/Sep/2019:10:28:41 -0300] "GET /cormun/servlet/solicitudot?0da7430784708b7bb3f4726625e15f6d06174f1173b74637bc7de8d2611b98ba03cdc446d1f0dbb5604d51a90113f791,gx-no-cache=1568121804844 HTTP/1.1" 200 111
190.171.141.114 - - [10/Sep/2019:10:28:41 -0300] "GET /cormun/static/Shared/jqueryui/images/ui-bg_highlight-soft_100_c6c2c8_1x100.png HTTP/1.1" 404 1117
190.171.141.114 - - [10/Sep/2019:10:28:41 -0300] "GET /cormun/static/Shared/jqueryui/images/ui-icons_82798d_256x240.png HTTP/1.1" 404 1089
190.171.141.114 - - [10/Sep/2019:10:28:41 -0300] "GET /cormun/static/Shared/jqueryui/images/ui-bg_flat_55_994d53_40x100.png HTTP/1.1" 404 1097
190.171.141.114 - - [10/Sep/2019:10:28:41 -0300] "GET /cormun/static/Shared/jqueryui/images/ui-icons_ebccce_256x240.png HTTP/1.1" 404 1089
190.171.141.114 - - [10/Sep/2019:10:28:50 -0300] "GET /cormun/servlet/solicitudot?0da7430784708b7bb3f4726625e15f6dfbd5908d774ac43478c4a0d16211dc0fd216376d4597b0fb4c12b9678bd10eff,gx-no-cache=1568121813443 HTTP/1.1" 200 30
190.171.141.114 - - [10/Sep/2019:10:29:33 -0300] "GET /cormun/servlet/solicitudot?0da7430784708b7bb3f4726625e15f6dd3ff5984f95180b16d00b814489ae70e,gx-no-cache=1568121855995 HTTP/1.1" 200 94
190.171.141.114 - - [10/Sep/2019:10:29:33 -0300] "GET /cormun/servlet/solicitudot?0da7430784708b7bb3f4726625e15f6d17034c53e760458f3a3a03e7289b1960,gx-no-cache=1568121856052 HTTP/1.1" 200 29
190.171.141.114 - - [10/Sep/2019:10:29:42 -0300] "POST /cormun/servlet/solicitudot?gx-no-cache=1568121865178 HTTP/1.1" 200 255
190.171.141.114 - - [10/Sep/2019:10:29:46 -0300] "GET /cormun/servlet/solicitudot?0da7430784708b7bb3f4726625e15f6d8ad97a6dfee07dd691184c61e811d63c93ed308d72fb962596b5751e798b7406815ddfd2777c57e6a302fa53a4356d2fb1672673fe67518f459af946241f1fcfbc754539a34a7c3eddf4e0d0463250d995a3b17ac36a9b96f0146504795350cf49c7af6c3f5356b30a5fb897972ff7ebfdac092d59dd926f13b93eb14acaa9b0c6bc72e12b6cc117aaf34a2e46b574192ac602466a9fb044bbfca10e6909570603702dde00390ab640fc70eac62ec45e2e83a48b191ab282f287e7c7786ff7dd1b431a8f59b187c47fa3705be433d06033791348fe66f189e76a5001ce9edbbabf2ab32a5038726e4c8fd7f77b692c7c431f4690d36229a02df57305bebbed5977217d6335962d5985d23b8e6fb1e8ddb1276951d1a75f2220bc763c905c8d66def80330db2a0417afec9e41fe08da2596490e1c6b028ec4f7bb5abe7a3ba831447aaa0e63b07b6da70c5a38f1010ff4806a8e74cd72737937e434b534112a5a5a7fa337fe0e98f692d29e9c62ca7c1c,gx-no-cache=1568121868993 HTTP/1.1" 200 30
190.171.141.114 - - [10/Sep/2019:10:30:02 -0300] "POST /cormun/servlet/solicitudot?gx-no-cache=1568121885819 HTTP/1.1" 200 30
190.171.141.114 - - [10/Sep/2019:10:30:05 -0300] "POST /cormun/servlet/solicitudot?gx-no-cache=1568121888060 HTTP/1.1" 200 1360
190.171.141.114 - - [10/Sep/2019:10:30:05 -0300] "POST /cormun/servlet/solicitudot?gx-no-cache=1568121888151 HTTP/1.1" 200 38
186.67.172.234 - - [10/Sep/2019:10:31:01 -0300] "GET /cormun/servlet/licenciaspermisos?d2648265f4e54260891e5eba8106db16f49d7b7ebb01d1f93b52e86ba4565f2a2bb97a6f392212b2c2d1f91e04399772,gx-no-cache=1568121958066 HTTP/1.1" 200 87
186.67.172.234 - - [10/Sep/2019:10:31:01 -0300] "POST /cormun/servlet/licenciaspermisos?2da109410dcfffcb3341b0019aac262d,INS,0,,,,gx-no-cache=1568121958349 HTTP/1.1" 200 4968
186.67.172.234 - - [10/Sep/2019:10:31:27 -0300] "GET /cormun/static/menuarrow.gif HTTP/1.1" 404 1015
186.67.172.234 - - [10/Sep/2019:10:32:35 -0300] "GET /cormun/servlet/licenciaspermisos?d2648265f4e54260891e5eba8106db161ef036b3454c815d428f145abbf86d78db698c4383d81ecca8c40596ae706f735cf989911a13331aa96f83255618ca16b466a6df403e8568b928c1879b977648f71eb046f978662b8d1a5edb2419e41910125a86fd84e76f5711eec3af82d42993fc8c82907e8544193b2ba21cdbf9ff3751ab4a42c636d9042e8b2b23705838b9d54cdb0f6ab60af78b82ff5cd8c2b98aa29d1303dd4bc040cc890ba4c94ec2,gx-no-cache=1568122052051 HTTP/1.1" 200 30
186.67.172.234 - - [10/Sep/2019:10:32:35 -0300] "GET /cormun/servlet/licenciaspermisos?d2648265f4e54260891e5eba8106db16cc437dc90139c0a0decddacb2dac22457624131d0722670fd572f647d8bb69a7d3fb49ac853ddad1e8fa92157ef4263e5e02a5e4f71c173bd2ff5355cf086100bd7382b0c330b2c3397706f3c31034b68680ec56c9ca299c91cc9af4151c5db7ec3f3c87faa5bf1422223a492a3a50851ebfa9eb62470a5a014b091fb1d9f6a8a69294934e241b6bedef6e880bd45f234f5e7b85c4f56715bb31ac2cef6a7228,gx-no-cache=1568122052131 HTTP/1.1" 200 29
186.67.172.234 - - [10/Sep/2019:10:32:35 -0300] "POST /cormun/servlet/licenciaspermisos?2da109410dcfffcb3341b0019aac262d,INS,0,,,,gx-no-cache=1568122052170 HTTP/1.1" 200 93
186.67.172.234 - - [10/Sep/2019:10:32:35 -0300] "GET /cormun/servlet/hpexe_return? HTTP/1.1" 200 1009
186.67.172.234 - - [10/Sep/2019:10:32:36 -0300] "GET /cormun/servlet/trlicencias HTTP/1.1" 200 15850
186.67.172.234 - - [10/Sep/2019:10:32:37 -0300] "GET /cormun/servlet/trlicencias HTTP/1.1" 200 15845
186.67.172.234 - - [10/Sep/2019:10:32:41 -0300] "GET /cormun/servlet/alicenciaprn?13995687,L,20190910000000,PU HTTP/1.1" 200 1546
186.67.172.234 - - [10/Sep/2019:10:33:09 -0300] "GET /cormun/servlet/trlicenciaspermisosadjuntos?13995687,20190910000000,L, HTTP/1.1" 200 6702
186.67.172.234 - - [10/Sep/2019:10:33:09 -0300] "GET /cormun/servlet/trlicenciaspermisosadjuntos?13995687,20190910000000,L, HTTP/1.1" 200 6703
186.67.172.234 - - [10/Sep/2019:10:33:11 -0300] "GET /cormun/servlet/licenciaspermisosadjuntos?INS,13995687,L,20190910000000,, HTTP/1.1" 200 6001
186.67.172.234 - - [10/Sep/2019:10:33:11 -0300] "GET /cormun/static/gxcfg.js?2017761263592 HTTP/1.1" 200 953
186.67.172.234 - - [10/Sep/2019:10:33:11 -0300] "GET /cormun/static/licenciaspermisosadjuntos.js?201776126362 HTTP/1.1" 200 8760
186.67.172.234 - - [10/Sep/2019:10:33:11 -0300] "GET /cormun/static/about:blank HTTP/1.1" 404 1011
186.67.172.234 - - [10/Sep/2019:10:33:12 -0300] "GET /cormun/servlet/licenciaspermisosadjuntos?INS,13995687,L,20190910000000,, HTTP/1.1" 200 5990
186.67.172.234 - - [10/Sep/2019:10:33:26 -0300] "POST /cormun/servlet/licenciaspermisosadjuntos?2da109410dcfffcb3341b0019aac262d,INS,13995687,L,20190910000000,, HTTP/1.1" 200 116
186.67.172.234 - - [10/Sep/2019:10:33:26 -0300] "GET /cormun/servlet/hpexe_return? HTTP/1.1" 200 1038
186.67.172.234 - - [10/Sep/2019:10:33:27 -0300] "GET /cormun/servlet/trlicenciaspermisosadjuntos?13995687,20190910000000,L, HTTP/1.1" 200 7218
186.67.172.234 - - [10/Sep/2019:10:33:27 -0300] "GET /cormun/servlet/trlicenciaspermisosadjuntos?13995687,20190910000000,L, HTTP/1.1" 200 7214
186.67.172.234 - - [10/Sep/2019:10:34:14 -0300] "POST /cormun/servlet/trlicenciaspermisosadjuntos?2da109410dcfffcb3341b0019aac262d,13995687,20190910000000,L,,gx-no-cache=1568122151391 HTTP/1.1" 200 90
186.67.172.234 - - [10/Sep/2019:10:34:14 -0300] "GET /cormun/servlet/hpexe_link HTTP/1.1" 200 981
186.67.172.234 - - [10/Sep/2019:10:34:14 -0300] "GET /cormun/servlet/trlicencias HTTP/1.1" 200 15847
186.67.172.234 - - [10/Sep/2019:10:34:15 -0300] "GET /cormun/servlet/trlicencias HTTP/1.1" 200 15845
186.67.172.234 - - [10/Sep/2019:10:34:17 -0300] "POST /cormun/servlet/trlicencias?2da109410dcfffcb3341b0019aac262d,gx-no-cache=1568122154732 HTTP/1.1" 200 13502
186.67.172.234 - - [10/Sep/2019:10:34:18 -0300] "GET /cormun/static/Shared/jqueryui/images/ui-bg_highlight-soft_100_c6c2c8_1x100.png HTTP/1.1" 404 1117
186.67.172.234 - - [10/Sep/2019:10:34:18 -0300] "GET /cormun/static/Shared/jqueryui/images/ui-icons_82798d_256x240.png HTTP/1.1" 404 1089
186.67.172.234 - - [10/Sep/2019:10:34:18 -0300] "GET /cormun/static/Shared/jqueryui/images/ui-bg_flat_55_fafafa_40x100.png HTTP/1.1" 404 1097
186.67.172.234 - - [10/Sep/2019:10:34:18 -0300] "GET /cormun/static/Shared/jqueryui/images/ui-icons_8d78a5_256x240.png HTTP/1.1" 404 1089
190.171.141.114 - - [10/Sep/2019:10:34:37 -0300] "POST /cormun/servlet/solicitudot?gx-no-cache=1568122159940 HTTP/1.1" 200 30
190.171.141.114 - - [10/Sep/2019:10:34:37 -0300] "POST /cormun/servlet/solicitudot?gx-no-cache=1568122160071 HTTP/1.1" 200 1360
190.171.141.114 - - [10/Sep/2019:10:34:37 -0300] "POST /cormun/servlet/solicitudot?gx-no-cache=1568122160154 HTTP/1.1" 200 38
190.171.141.114 - - [10/Sep/2019:10:34:37 -0300] "GET /cormun/servlet/solicitudot?0da7430784708b7bb3f4726625e15f6d60ffd229db5feba09b6e5130d547d9107747a8ceccb08438b72946c04bf72f4dd310ecd54e89b1c28e9c140c17720eb0ccc3db3e70f8e1091bb266b697e3182da8ec05f5ffb27c0cfef7dd13ddf93c15f2263f22bae0fb11884b0e4ff6b58e2c,gx-no-cache=1568122160191 HTTP/1.1" 200 110
186.67.172.234 - - [10/Sep/2019:10:34:38 -0300] "POST /cormun/servlet/trlicencias?2da109410dcfffcb3341b0019aac262d,gx-no-cache=1568122174817 HTTP/1.1" 200 101
186.67.172.234 - - [10/Sep/2019:10:34:38 -0300] "GET /cormun/Licencias-6210.xls HTTP/1.1" 200 14336
190.171.141.114 - - [10/Sep/2019:10:35:18 -0300] "POST /cormun/servlet/solicitudot?gx-no-cache=1568122201359 HTTP/1.1" 200 64
190.171.141.114 - - [10/Sep/2019:10:35:39 -0300] "GET /cormun/servlet/solicitudot?0da7430784708b7bb3f4726625e15f6d62b706d772030f9d5c83fb721e6f886ee52078b098b59a1288d4c7ce10e697ebcca064b8585d8d490b238abde05f5b43bfcf5dd53e15e3c7a28af8143320b353c4b5c4300bdf63be6b7bffab32efe343a7011b0e5bc0c5f637f9d9b95975ff75,gx-no-cache=1568122222461 HTTP/1.1" 200 29
190.171.141.114 - - [10/Sep/2019:10:35:39 -0300] "GET /cormun/static/menuarrow.gif HTTP/1.1" 404 1015
190.171.141.114 - - [10/Sep/2019:10:35:44 -0300] "GET /cormun/servlet/solicitudot?0da7430784708b7bb3f4726625e15f6d50001ab039e9dd34c16756ceabc37f12446d9c6fbdda3147102ba3da85287336,gx-no-cache=1568122227121 HTTP/1.1" 200 30
190.171.141.114 - - [10/Sep/2019:10:35:53 -0300] "POST /cormun/servlet/solicitudot?gx-no-cache=1568122236822 HTTP/1.1" 200 30
200.111.191.212 - - [10/Sep/2019:10:36:35 -0300] "GET /cormun/servlet/trlicencias? HTTP/1.1" 200 7294
200.111.191.212 - - [10/Sep/2019:10:36:36 -0300] "GET /cormun/servlet/hlogin HTTP/1.1" 200 1735
200.111.191.212 - - [10/Sep/2019:10:36:36 -0300] "GET /cormun/servlet/trlicencias? HTTP/1.1" 200 7294
200.111.191.212 - - [10/Sep/2019:10:36:36 -0300] "GET /cormun/servlet/trlicencias? HTTP/1.1" 200 7294
200.111.191.212 - - [10/Sep/2019:10:36:48 -0300] "POST /cormun/servlet/hlogin?cf93607e81babf6d9dd7d0a9b48efa3b,gx-no-cache=1568122455022 HTTP/1.1" 200 90
200.111.191.212 - - [10/Sep/2019:10:36:48 -0300] "GET /cormun/servlet/hpexe_link HTTP/1.1" 200 953
200.111.191.212 - - [10/Sep/2019:10:36:48 -0300] "GET /cormun/servlet/trlicencias HTTP/1.1" 200 15008
200.111.191.212 - - [10/Sep/2019:10:36:48 -0300] "GET /cormun/servlet/trlicencias HTTP/1.1" 200 15012
200.111.191.212 - - [10/Sep/2019:10:36:52 -0300] "GET /cormun/servlet/trlicencias? HTTP/1.1" 200 15006
200.111.191.212 - - [10/Sep/2019:10:36:53 -0300] "GET /cormun/servlet/trlicencias? HTTP/1.1" 200 15012
200.111.191.212 - - [10/Sep/2019:10:37:05 -0300] "GET /cormun/servlet/licenciaspermisos?INS,0,,, HTTP/1.1" 200 7557
200.111.191.212 - - [10/Sep/2019:10:37:05 -0300] "GET /cormun/static/gxcfg.js?201762917281167 HTTP/1.1" 200 953
200.111.191.212 - - [10/Sep/2019:10:37:06 -0300] "GET /cormun/static/licenciaspermisos.js?201762917281260 HTTP/1.1" 200 37491
200.111.191.212 - - [10/Sep/2019:10:37:06 -0300] "GET /cormun/servlet/licenciaspermisos?INS,0,,, HTTP/1.1" 200 7565
200.111.191.212 - - [10/Sep/2019:10:37:10 -0300] "GET /cormun/servlet/licenciaspermisos?63e81e61aad4225d0e991d0c614ad87555d940e086a8cd06aa3af4aa8de17988f08a4a1eca302993dc5459bfe5a6eadf,gx-no-cache=1568122477515 HTTP/1.1" 200 90
200.111.191.212 - - [10/Sep/2019:10:37:10 -0300] "POST /cormun/servlet/licenciaspermisos?cf93607e81babf6d9dd7d0a9b48efa3b,INS,0,,,,gx-no-cache=1568122477549 HTTP/1.1" 200 4735
190.171.141.114 - - [10/Sep/2019:10:37:18 -0300] "POST /cormun/servlet/solicitudot?ab96d84c95462487a5307f748ac6875d,INS,0,0,,gx-no-cache=1568122321233 HTTP/1.1" 200 12074
200.111.191.212 - - [10/Sep/2019:10:37:59 -0300] "GET /cormun/servlet/licenciaspermisos?63e81e61aad4225d0e991d0c614ad87550d2bf349f44cfe24a8d99707a4097e018e83cae19e76e48d4fa6c2a2ca449f3c0dd9d60152486a66a7bb2d1959e7f2da9eb5c7f385fb0fdcdc73557c1deeeddc0b33da4dd9e8f1c140fbf36ee88d38c7c65ba113c1a2c5b0be2f67967833a5f2aa68fc0d3a558108a7f27a8fb448ba23c573ac4cc1f13a5816db0a149c2bff7b5c6dfcd3d857046807948794de67b18d31e6e8786b1cdc55acab7698b35e3fa,gx-no-cache=1568122526676 HTTP/1.1" 200 30
200.111.191.212 - - [10/Sep/2019:10:37:59 -0300] "GET /cormun/servlet/licenciaspermisos?63e81e61aad4225d0e991d0c614ad8752ba21511a5355a99c985eced83ffd49be8317c8f15cd37c0dc41e0b0bb662253732091159858c5d14b617422119b73c0def212b768ab1591bf7f55174087fd4149380970c34a646b50c505f1d41f8588a86e8c927f5e88aa2d152582bc37988adb1d6ff92a4786e75505080c88c81b3d531c94e95e5db8ef62eef38e3ddfc852c5991c1aa82297bb8061b9a78b12604178c742c775b56923686b65f52c3741c0,gx-no-cache=1568122526822 HTTP/1.1" 200 29
200.111.191.212 - - [10/Sep/2019:10:38:00 -0300] "POST /cormun/servlet/licenciaspermisos?cf93607e81babf6d9dd7d0a9b48efa3b,INS,0,,,,gx-no-cache=1568122526947 HTTP/1.1" 200 93
200.111.191.212 - - [10/Sep/2019:10:38:00 -0300] "GET /cormun/servlet/hpexe_return? HTTP/1.1" 200 1010
200.111.191.212 - - [10/Sep/2019:10:38:00 -0300] "GET /cormun/servlet/trlicencias HTTP/1.1" 200 15573
200.111.191.212 - - [10/Sep/2019:10:38:01 -0300] "GET /cormun/servlet/trlicencias HTTP/1.1" 200 15565
200.111.191.212 - - [10/Sep/2019:10:38:02 -0300] "GET /cormun/servlet/alicenciaprn?11287416,L,20190910000000,PU HTTP/1.1" 200 1537
190.171.141.114 - - [10/Sep/2019:10:38:11 -0300] "GET /cormun/servlet/solicitudot?0da7430784708b7bb3f4726625e15f6d90763128d7c717418b7df5a753f6f1b561e183b49906644e2b147a9e9551aa7b7a42d9caab9719bd10fcee3ca8d12113,gx-no-cache=1568122374474 HTTP/1.1" 200 30
190.171.141.114 - - [10/Sep/2019:10:38:11 -0300] "GET /cormun/servlet/solicitudot?0da7430784708b7bb3f4726625e15f6d8ad97a6dfee07dd691184c61e811d63c93ed308d72fb962596b5751e798b7406815ddfd2777c57e6a302fa53a4356d2fb1672673fe67518f459af946241f1fcfbc754539a34a7c3eddf4e0d0463250d995a3b17ac36a9b96f0146504795350cf49c7af6c3f5356b30a5fb897972ff7ebfdac092d59dd926f13b93eb14acaa9b0c6bc72e12b6cc117aaf34a2e46b574192ac602466a9fb044bbfca10e6909570603702dde00390ab640fc70eac62ec45e2e83a48b191ab282f287e7c7786ff7dd1b431a8f59b187c47fa3705be433d06033791348fe66f189e76a5001ce9edbbabf2ab32a5038726e4c8fd7f77b692c7c431f4690d36229a02df57305bebbed5977217d6335962d5985d23b8e6fb1e8ddb1276951d1a75f2220bc763c905c8d66def80330db2a0417afec9e41fe08da2596490e1c6b028ec4f7bb5abe7a3ba831447aaa0e63b07b6da70c5a38f1010ff4806a8e74cd72737937e434b534112a5acb6dd6734adc906c123fb53eea881f1c,gx-no-cache=1568122374573 HTTP/1.1" 200 30
190.171.141.114 - - [10/Sep/2019:10:38:11 -0300] "POST /cormun/servlet/solicitudot?gx-no-cache=1568122374612 HTTP/1.1" 200 30
190.171.141.114 - - [10/Sep/2019:10:38:11 -0300] "POST /cormun/servlet/solicitudot?gx-no-cache=1568122374673 HTTP/1.1" 200 1360
190.171.141.114 - - [10/Sep/2019:10:38:11 -0300] "POST /cormun/servlet/solicitudot?gx-no-cache=1568122374746 HTTP/1.1" 200 40
190.171.141.114 - - [10/Sep/2019:10:38:11 -0300] "GET /cormun/servlet/solicitudot?0da7430784708b7bb3f4726625e15f6d60ffd229db5feba09b6e5130d547d9107747a8ceccb08438b72946c04bf72f4dd310ecd54e89b1c28e9c140c17720eb0ccc3db3e70f8e1091bb266b697e3182da8ec05f5ffb27c0cfef7dd13ddf93c15f2263f22bae0fb11884b0e4ff6b58e2c,gx-no-cache=1568122374781 HTTP/1.1" 200 110
190.171.141.114 - - [10/Sep/2019:10:38:11 -0300] "POST /cormun/servlet/solicitudot?gx-no-cache=1568122374824 HTTP/1.1" 200 64
190.171.141.114 - - [10/Sep/2019:10:38:11 -0300] "GET /cormun/servlet/solicitudot?0da7430784708b7bb3f4726625e15f6d50001ab039e9dd34c16756ceabc37f12446d9c6fbdda3147102ba3da85287336,gx-no-cache=1568122374870 HTTP/1.1" 200 30
190.171.141.114 - - [10/Sep/2019:10:38:11 -0300] "POST /cormun/servlet/solicitudot?gx-no-cache=1568122374908 HTTP/1.1" 200 30
190.171.141.114 - - [10/Sep/2019:10:38:12 -0300] "POST /cormun/servlet/solicitudot?ab96d84c95462487a5307f748ac6875d,INS,0,0,,gx-no-cache=1568122374952 HTTP/1.1" 200 93
190.171.141.114 - - [10/Sep/2019:10:38:12 -0300] "GET /cormun/servlet/hpexe_return? HTTP/1.1" 200 1010
190.171.141.114 - - [10/Sep/2019:10:38:13 -0300] "GET /cormun/servlet/trsolicitudot HTTP/1.1" 200 8656
190.171.141.114 - - [10/Sep/2019:10:38:14 -0300] "GET /cormun//static/Resources/PXToolsActionView.png HTTP/1.1" 200 2995
190.171.141.114 - - [10/Sep/2019:10:38:14 -0300] "GET /cormun/servlet/trsolicitudot HTTP/1.1" 200 8652
190.171.141.114 - - [10/Sep/2019:10:38:14 -0300] "GET /cormun//static/Resources/PXToolsRemoveAllAction.png HTTP/1.1" 200 3558
190.171.141.114 - - [10/Sep/2019:10:38:21 -0300] "GET /cormun/servlet/trsolicitudot? HTTP/1.1" 200 8652
190.171.141.114 - - [10/Sep/2019:10:38:23 -0300] "GET /cormun/servlet/trsolicitudot? HTTP/1.1" 200 8652
190.171.141.114 - - [10/Sep/2019:10:38:25 -0300] "GET /cormun/servlet/solicitudot?INS,0,0, HTTP/1.1" 200 15126
190.171.141.114 - - [10/Sep/2019:10:38:27 -0300] "GET /cormun/servlet/solicitudot?INS,0,0, HTTP/1.1" 200 15131
190.171.152.114 - - [10/Sep/2019:10:38:35 -0300] "POST /cormun/servlet/trlicencias?3bd3452f9dc2f5112d1222e3a618c0f8,,gx-no-cache=1568122396946 HTTP/1.1" 200 5579
186.67.172.234 - - [10/Sep/2019:10:38:37 -0300] "GET /cormun/servlet/trautorizarsolicitud? HTTP/1.1" 200 8882
186.67.172.234 - - [10/Sep/2019:10:38:37 -0300] "GET /cormun/static/gxcfg.js?2017111423403364 HTTP/1.1" 200 953
186.67.172.234 - - [10/Sep/2019:10:38:38 -0300] "GET /cormun/static/trautorizarsolicitud.js?201711142340425 HTTP/1.1" 200 53910
186.67.172.234 - - [10/Sep/2019:10:38:38 -0300] "GET /cormun//static/Resources/PXToolsActionView.png HTTP/1.1" 200 2995
186.67.172.234 - - [10/Sep/2019:10:38:38 -0300] "GET /cormun//static/Resources/PXToolsRemoveAllAction.png HTTP/1.1" 200 3558
186.67.172.234 - - [10/Sep/2019:10:38:38 -0300] "GET /cormun/servlet/trautorizarsolicitud? HTTP/1.1" 200 8883
190.171.152.114 - - [10/Sep/2019:10:38:43 -0300] "GET /cormun/static/menuarrow.gif HTTP/1.1" 404 1015
190.171.141.114 - - [10/Sep/2019:10:38:43 -0300] "POST /cormun/servlet/solicitudot?gx-no-cache=1568122406380 HTTP/1.1" 200 3491
190.171.141.114 - - [10/Sep/2019:10:38:43 -0300] "POST /cormun/servlet/solicitudot?ab96d84c95462487a5307f748ac6875d,INS,0,0,,gx-no-cache=1568122406616 HTTP/1.1" 200 11762
186.67.172.234 - - [10/Sep/2019:10:38:45 -0300] "GET /cormun/servlet/hlogin HTTP/1.1" 200 1742
190.171.141.114 - - [10/Sep/2019:10:38:45 -0300] "GET /cormun/servlet/solicitudot?0da7430784708b7bb3f4726625e15f6dfbd5908d774ac43478c4a0d16211dc0fd216376d4597b0fb4c12b9678bd10eff,gx-no-cache=1568122408123 HTTP/1.1" 200 30
190.171.152.114 - - [10/Sep/2019:10:38:51 -0300] "POST /cormun/servlet/trlicencias?3bd3452f9dc2f5112d1222e3a618c0f8,,gx-no-cache=1568122412626 HTTP/1.1" 200 8535
190.171.141.114 - - [10/Sep/2019:10:39:23 -0300] "GET /cormun/servlet/solicitudot?0da7430784708b7bb3f4726625e15f6d90763128d7c717418b7df5a753f6f1b561e183b49906644e2b147a9e9551aa7b7a42d9caab9719bd10fcee3ca8d12113,gx-no-cache=1568122446546 HTTP/1.1" 200 30
190.171.141.114 - - [10/Sep/2019:10:39:23 -0300] "GET /cormun/servlet/solicitudot?0da7430784708b7bb3f4726625e15f6d17034c53e760458f3a3a03e7289b1960,gx-no-cache=1568122446605 HTTP/1.1" 200 29
190.171.141.114 - - [10/Sep/2019:10:39:31 -0300] "POST /cormun/servlet/solicitudot?gx-no-cache=1568122454510 HTTP/1.1" 200 255
190.171.141.114 - - [10/Sep/2019:10:39:34 -0300] "GET /cormun/servlet/solicitudot?0da7430784708b7bb3f4726625e15f6d8ad97a6dfee07dd691184c61e811d63c93ed308d72fb962596b5751e798b7406815ddfd2777c57e6a302fa53a4356d2fb1672673fe67518f459af946241f1fcfbc754539a34a7c3eddf4e0d0463250d995a3b17ac36a9b96f0146504795350cf49c7af6c3f5356b30a5fb897972ff7ebfdac092d59dd926f13b93eb14acaa9b0c6bc72e12b6cc117aaf34a2e46b574192ac602466a9fb044bbfca10e6909570603702dde00390ab640fc70eac62ec45e2e83a48b191ab282f287e7c7786ff7dd1b431a8f59b187c47fa3705be433d06033791348fe66f189e76a5001ce9edbbabf2ab32a5038726e4c8fd7f77b692c7c431f4690d36229a02df57305bebbed5977217d6335962d5985d23b8e6fb1e8ddb1276951d1a75f2220bc763c905c8d66def80330db2a0417afec9e41fe08da2596490e1c6b028ec4f7bb5abe7a3ba831447aaa0e63b07b6da70c5a38f1010ff4806a8e74cd72737937e434b534112a5a5a7fa337fe0e98f692d29e9c62ca7c1c,gx-no-cache=1568122457636 HTTP/1.1" 200 30
190.171.141.114 - - [10/Sep/2019:10:39:42 -0300] "POST /cormun/servlet/solicitudot?gx-no-cache=1568122465004 HTTP/1.1" 200 30
190.171.141.114 - - [10/Sep/2019:10:39:47 -0300] "GET /cormun/servlet/prsolicitudot?13301185,,,,,MD,,gxPopupLevel%3D0%3B HTTP/1.1" 200 6225
190.171.141.114 - - [10/Sep/2019:10:39:47 -0300] "GET /cormun/static/gxcfg.js?2017111422591492 HTTP/1.1" 200 953
190.171.141.114 - - [10/Sep/2019:10:39:47 -0300] "GET /cormun/static/prsolicitudot.js?2017111422591715 HTTP/1.1" 200 13680
190.171.141.114 - - [10/Sep/2019:10:39:54 -0300] "POST /cormun/servlet/solicitudot?gx-no-cache=1568122477824 HTTP/1.1" 200 1360
190.171.141.114 - - [10/Sep/2019:10:39:54 -0300] "POST /cormun/servlet/solicitudot?gx-no-cache=1568122477904 HTTP/1.1" 200 38
190.171.141.114 - - [10/Sep/2019:10:39:54 -0300] "GET /cormun/servlet/solicitudot?0da7430784708b7bb3f4726625e15f6d60ffd229db5feba09b6e5130d547d9107747a8ceccb08438b72946c04bf72f4dd310ecd54e89b1c28e9c140c17720eb0ccc3db3e70f8e1091bb266b697e3182da8ec05f5ffb27c0cfef7dd13ddf93c15f2263f22bae0fb11884b0e4ff6b58e2c,gx-no-cache=1568122477942 HTTP/1.1" 200 110
190.171.141.114 - - [10/Sep/2019:10:39:55 -0300] "POST /cormun/servlet/solicitudot?gx-no-cache=1568122477986 HTTP/1.1" 200 69
190.171.141.114 - - [10/Sep/2019:10:39:55 -0300] "GET /cormun/servlet/solicitudot?0da7430784708b7bb3f4726625e15f6d62b706d772030f9d5c83fb721e6f886ee52078b098b59a1288d4c7ce10e697ebcca064b8585d8d490b238abde05f5b43bfcf5dd53e15e3c7a28af8143320b353c4b5c4300bdf63be6b7bffab32efe343a7011b0e5bc0c5f637f9d9b95975ff75,gx-no-cache=1568122478033 HTTP/1.1" 200 29
190.171.141.114 - - [10/Sep/2019:10:39:55 -0300] "GET /cormun/servlet/solicitudot?0da7430784708b7bb3f4726625e15f6d50001ab039e9dd34c16756ceabc37f12446d9c6fbdda3147102ba3da85287336,gx-no-cache=1568122478088 HTTP/1.1" 200 30
190.171.141.114 - - [10/Sep/2019:10:40:35 -0300] "GET /cormun/servlet/solicitudot?0da7430784708b7bb3f4726625e15f6d60ffd229db5feba09b6e5130d547d9107747a8ceccb08438b72946c04bf72f4dd310ecd54e89b1c28e9c140c17720eb0ccc3db3e70f8e1091bb266b697e3182da8ec05f5ffb27c0cfef7dd13ddf93c15f2263f22bae0fb11884b0e4ff6b58e2c,gx-no-cache=1568122518133 HTTP/1.1" 200 110
190.171.141.114 - - [10/Sep/2019:10:41:07 -0300] "POST /cormun/servlet/solicitudot?gx-no-cache=1568122550285 HTTP/1.1" 200 102
190.171.141.114 - - [10/Sep/2019:10:41:23 -0300] "POST /cormun/servlet/solicitudot?gx-no-cache=1568122566035 HTTP/1.1" 200 33
190.171.141.114 - - [10/Sep/2019:10:41:33 -0300] "POST /cormun/servlet/solicitudot?ab96d84c95462487a5307f748ac6875d,INS,0,0,,gx-no-cache=1568122576260 HTTP/1.1" 200 93
190.171.141.114 - - [10/Sep/2019:10:41:33 -0300] "GET /cormun/servlet/hpexe_return? HTTP/1.1" 200 1010
190.171.141.114 - - [10/Sep/2019:10:41:34 -0300] "GET /cormun/servlet/trsolicitudot HTTP/1.1" 200 8993
190.171.141.114 - - [10/Sep/2019:10:41:36 -0300] "GET /cormun/servlet/trsolicitudot HTTP/1.1" 200 8987
190.171.154.42 - - [10/Sep/2019:10:41:42 -0300] "GET /cormun/servlet/hlogin HTTP/1.1" 200 1738
190.171.141.114 - - [10/Sep/2019:10:41:42 -0300] "GET /cormun/servlet/trsolicitudot? HTTP/1.1" 200 8987
190.171.154.42 - - [10/Sep/2019:10:41:42 -0300] "GET /cormun/servlet/hlogin HTTP/1.1" 200 1733
190.171.141.114 - - [10/Sep/2019:10:41:43 -0300] "GET /cormun/servlet/trsolicitudot? HTTP/1.1" 200 8989
190.171.141.114 - - [10/Sep/2019:10:41:53 -0300] "POST /cormun/servlet/trsolicitudot?ab96d84c95462487a5307f748ac6875d,,gx-no-cache=1568122596752 HTTP/1.1" 200 106
190.171.141.114 - - [10/Sep/2019:10:41:54 -0300] "GET /cormun/servlet/solicitudot?UPD,2019,16062, HTTP/1.1" 200 15609
190.171.141.114 - - [10/Sep/2019:10:41:55 -0300] "GET /cormun/servlet/solicitudot?UPD,2019,16062, HTTP/1.1" 200 15618
190.171.141.114 - - [10/Sep/2019:10:41:56 -0300] "POST /cormun/servlet/solicitudot?gx-no-cache=1568122599075 HTTP/1.1" 200 3547
190.171.141.114 - - [10/Sep/2019:10:41:56 -0300] "POST /cormun/servlet/solicitudot?ab96d84c95462487a5307f748ac6875d,UPD,2019,16062,,gx-no-cache=1568122599329 HTTP/1.1" 200 11882
190.171.141.114 - - [10/Sep/2019:10:41:56 -0300] "GET /cormun/servlet/solicitudot?0da7430784708b7bb3f4726625e15f6dfbd5908d774ac43478c4a0d16211dc0f98398f605e9480dedcee0a67c3945be3,gx-no-cache=1568122599708 HTTP/1.1" 200 30
190.171.141.114 - - [10/Sep/2019:10:41:56 -0300] "GET /cormun/servlet/solicitudot?0da7430784708b7bb3f4726625e15f6d90763128d7c717418b7df5a753f6f1b561e183b49906644e2b147a9e9551aa7bac62da0217638dd5c80f3de3a7c7b322,gx-no-cache=1568122599775 HTTP/1.1" 200 30
190.171.141.114 - - [10/Sep/2019:10:41:56 -0300] "GET /cormun/servlet/solicitudot?0da7430784708b7bb3f4726625e15f6d17034c53e760458f3a3a03e7289b1960,gx-no-cache=1568122599813 HTTP/1.1" 200 29
190.171.141.114 - - [10/Sep/2019:10:41:56 -0300] "POST /cormun/servlet/solicitudot?gx-no-cache=1568122599858 HTTP/1.1" 200 254
190.171.141.114 - - [10/Sep/2019:10:41:56 -0300] "GET /cormun/servlet/solicitudot?0da7430784708b7bb3f4726625e15f6d8ad97a6dfee07dd691184c61e811d63c93ed308d72fb962596b5751e798b7406815ddfd2777c57e6a302fa53a4356d2fb1672673fe67518f459af946241f1fcfbc754539a34a7c3eddf4e0d0463250d995a3b17ac36a9b96f0146504795350cf49c7af6c3f5356b30a5fb897972ff7ebfdac092d59dd926f13b93eb14acaa9b0c6bc72e12b6cc117aaf34a2e46b574192ac602466a9fb044bbfca10e6909570603702dde00390ab640fc70eac62ec45e2e83a48b191ab282f287e7c7786ff7dd1b431a8f59b187c47fa3705be433d06033791348fe66f189e76a5001ce9edbbabf2ab32a5038726e4c8fd7f77b692c7c431f4690d36229a02df57305bebbed5977217d6335962d5985d23b8e6fb1e8ddb1276951d1a75f2220bc763c905c8d66def80330db2a0417afec9e41fe08da2596490e1c6b028ec4f7bb5abe7a3ba831447aaa0e63b07b6da70c5a38f1010ff4806a8e74cd72737937e434b534112a5acb6dd6734adc906c123fb53eea881f1c,gx-no-cache=1568122599918 HTTP/1.1" 200 30
190.171.141.114 - - [10/Sep/2019:10:41:57 -0300] "POST /cormun/servlet/solicitudot?gx-no-cache=1568122599954 HTTP/1.1" 200 30
190.171.141.114 - - [10/Sep/2019:10:41:57 -0300] "POST /cormun/servlet/solicitudot?gx-no-cache=1568122600012 HTTP/1.1" 200 1360
190.171.141.114 - - [10/Sep/2019:10:41:57 -0300] "POST /cormun/servlet/solicitudot?gx-no-cache=1568122600091 HTTP/1.1" 200 40
190.171.141.114 - - [10/Sep/2019:10:41:59 -0300] "GET /cormun/servlet/solicitudot?0da7430784708b7bb3f4726625e15f6d60ffd229db5feba09b6e5130d547d9107747a8ceccb08438b72946c04bf72f4dd310ecd54e89b1c28e9c140c17720eb0ccc3db3e70f8e1091bb266b697e3182da8ec05f5ffb27c0cfef7dd13ddf93c15f2263f22bae0fb11884b0e4ff6b58e2c,gx-no-cache=1568122602188 HTTP/1.1" 200 110
190.171.141.114 - - [10/Sep/2019:10:42:19 -0300] "POST /cormun/servlet/solicitudot?gx-no-cache=1568122622753 HTTP/1.1" 200 102
200.54.107.2 - - [10/Sep/2019:10:42:30 -0300] "GET /cormun/servlet/hlogin HTTP/1.1" 200 1726
200.54.107.2 - - [10/Sep/2019:10:42:31 -0300] "GET /cormun/servlet/hlogin HTTP/1.1" 200 1732
200.54.107.2 - - [10/Sep/2019:10:42:32 -0300] "POST /cormun/servlet/hlogin?73a4fd23651944905d37e51d1755304b,gx-no-cache=1568122631792 HTTP/1.1" 200 90
200.54.107.2 - - [10/Sep/2019:10:42:32 -0300] "GET /cormun/servlet/hpexe_link HTTP/1.1" 200 952
200.54.107.2 - - [10/Sep/2019:10:42:32 -0300] "GET /cormun/servlet/hhome HTTP/1.1" 200 4320
190.171.141.114 - - [10/Sep/2019:10:42:33 -0300] "GET /cormun/servlet/solicitudot?0da7430784708b7bb3f4726625e15f6d95429af1404d768d8b6b4c01e48e6f63f8481eea64d7ef305c94915d44742090f552b95d118ddf0a2892dc42ea9f0f0a4ad05380bbc9491a33a70f186854fcd4ab64810fa291b8fe480536d694c57a598ea3885165fcac44b29c32254a76adb51484c2b9565da14bd612f390407c1c0018255462a5e28b7f0e7083285c4f7cf4ea2ccc589074b7917257471fa24b548b,gx-no-cache=1568122636261 HTTP/1.1" 200 29
190.171.141.114 - - [10/Sep/2019:10:42:33 -0300] "GET /cormun/servlet/solicitudot?0da7430784708b7bb3f4726625e15f6d50001ab039e9dd34c16756ceabc37f12446d9c6fbdda3147102ba3da85287336,gx-no-cache=1568122636309 HTTP/1.1" 200 30
190.171.141.114 - - [10/Sep/2019:10:42:33 -0300] "POST /cormun/servlet/solicitudot?gx-no-cache=1568122636349 HTTP/1.1" 200 30
200.54.107.2 - - [10/Sep/2019:10:42:33 -0300] "GET /cormun/servlet/hhome HTTP/1.1" 200 4316
190.171.141.114 - - [10/Sep/2019:10:42:33 -0300] "POST /cormun/servlet/solicitudot?ab96d84c95462487a5307f748ac6875d,UPD,2019,16062,,gx-no-cache=1568122636394 HTTP/1.1" 200 93
190.171.141.114 - - [10/Sep/2019:10:42:33 -0300] "GET /cormun/servlet/hpexe_return? HTTP/1.1" 200 1017
190.171.141.114 - - [10/Sep/2019:10:42:33 -0300] "GET /cormun/servlet/trsolicitudot HTTP/1.1" 200 9015
190.171.141.114 - - [10/Sep/2019:10:42:35 -0300] "GET /cormun/servlet/trsolicitudot HTTP/1.1" 200 9011
200.54.107.2 - - [10/Sep/2019:10:42:39 -0300] "GET /cormun/servlet/trpermisosgoce? HTTP/1.1" 200 9092
200.54.107.2 - - [10/Sep/2019:10:42:40 -0300] "GET /cormun/servlet/trpermisosgoce? HTTP/1.1" 200 9090
200.54.107.2 - - [10/Sep/2019:10:42:46 -0300] "GET /cormun/servlet/permisogoce?INS,0,,, HTTP/1.1" 200 7188
200.54.107.2 - - [10/Sep/2019:10:42:46 -0300] "GET /cormun/servlet/permisogoce?INS,0,,, HTTP/1.1" 200 7188
200.54.107.2 - - [10/Sep/2019:10:42:55 -0300] "GET /cormun/servlet/permisogoce?81c4fe4887292e9eceb25e290dece1ede77c4d456b78b4e894098cbfefd7d5f7d0e673164b6422d397e987c37c40f0b5dac14cd301ea70b53d982bb209c197f0,gx-no-cache=1568122654566 HTTP/1.1" 200 82
200.54.107.2 - - [10/Sep/2019:10:42:55 -0300] "GET /cormun/static/menuarrow.gif HTTP/1.1" 404 1015
200.54.107.2 - - [10/Sep/2019:10:43:06 -0300] "GET /cormun/servlet/permisogoce?81c4fe4887292e9eceb25e290dece1ed5a50cdcaa2ac1e0bf8fdd320dea69cb51d981fc99f373468dc7dc3323cd579979f6c0acce8fc04b2855af46d8fa34dc3,gx-no-cache=1568122666203 HTTP/1.1" 200 47
200.54.107.2 - - [10/Sep/2019:10:43:09 -0300] "POST /cormun/servlet/permisogoce?73a4fd23651944905d37e51d1755304b,INS,0,,,,gx-no-cache=1568122668674 HTTP/1.1" 200 93
200.54.107.2 - - [10/Sep/2019:10:43:09 -0300] "GET /cormun/servlet/hpexe_return? HTTP/1.1" 200 1011
200.54.107.2 - - [10/Sep/2019:10:43:10 -0300] "GET /cormun/servlet/trpermisosgoce HTTP/1.1" 200 9360
200.54.107.2 - - [10/Sep/2019:10:43:10 -0300] "GET /cormun/servlet/trpermisosgoce HTTP/1.1" 200 9355
200.54.107.2 - - [10/Sep/2019:10:43:14 -0300] "GET /cormun/servlet/apermisogoceprn?17525170,P,20190910103150,PU HTTP/1.1" 200 1660
