190.171.143.82 - - [09/Sep/2019:12:40:20 -0300] "GET /cormun/static/permisosingoce.js?20175251155177 HTTP/1.1" 200 25800
190.171.143.82 - - [09/Sep/2019:12:40:21 -0300] "GET /cormun/servlet/permisosingoce?INS,0, HTTP/1.1" 200 6857
190.171.141.114 - - [09/Sep/2019:12:40:46 -0300] "GET /cormun/servlet/hlogin HTTP/1.1" 200 1724
186.103.158.250 - - [09/Sep/2019:12:40:49 -0300] "POST /cormun/servlet/trsolicitudot?910bec20df63c3b9e2e1692e2027f5c1,,gx-no-cache=1568043329011 HTTP/1.1" 200 107
186.103.158.250 - - [09/Sep/2019:12:40:49 -0300] "GET /cormun/servlet/trsolicitudadjuntos?2019,16055, HTTP/1.1" 200 6425
186.103.158.250 - - [09/Sep/2019:12:40:51 -0300] "GET /cormun/servlet/trsolicitudadjuntos?2019,16055, HTTP/1.1" 200 6425
186.103.158.250 - - [09/Sep/2019:12:40:53 -0300] "GET /cormun/servlet/solicitudotadjuntos?INS,2019,16055,,1, HTTP/1.1" 200 6375
186.103.158.250 - - [09/Sep/2019:12:40:54 -0300] "GET /cormun/static/about:blank HTTP/1.1" 404 1011
190.171.143.82 - - [09/Sep/2019:12:40:54 -0300] "GET /cormun/servlet/permisosingoce?5977c5415ac099c15a6d75108e5fea7a2a8ea4648aff00c5d8468fc87aa2e6ed1c18aaa55292a2efa86d6f0e87c68ee8,gx-no-cache=1568043535951 HTTP/1.1" 200 77
186.103.158.250 - - [09/Sep/2019:12:40:55 -0300] "GET /cormun/servlet/solicitudotadjuntos?INS,2019,16055,,1, HTTP/1.1" 200 6369
186.103.158.250 - - [09/Sep/2019:12:40:55 -0300] "GET /cormun/servlet/solicitudotadjuntos?4006979dc519ad146e3255119c4e4f22abeee1436e00d964f64c12e41b45552d78042548f03a22f514d48f139f9c42e1,gx-no-cache=1568043335827 HTTP/1.1" 200 30
186.103.158.250 - - [09/Sep/2019:12:40:55 -0300] "POST /cormun/servlet/solicitudotadjuntos?910bec20df63c3b9e2e1692e2027f5c1,INS,2019,16055,,1,,gx-no-cache=1568043335882 HTTP/1.1" 200 4066
190.171.141.114 - - [09/Sep/2019:12:40:58 -0300] "POST /cormun/servlet/hlogin?6142de73c0a0da9d6aa18e07b2fe771a,gx-no-cache=1568043338746 HTTP/1.1" 200 428
190.171.143.82 - - [09/Sep/2019:12:41:02 -0300] "GET /cormun/servlet/permisosingoce?5977c5415ac099c15a6d75108e5fea7a5752a3ca52eac636997397bc0b71cf5002477dfb7f3544de90af23d242ca204e,gx-no-cache=1568043543990 HTTP/1.1" 200 33
190.171.143.82 - - [09/Sep/2019:12:41:04 -0300] "GET /cormun/servlet/permisosingoce?5977c5415ac099c15a6d75108e5fea7a76c132d981eff0a0eea4cc659477cf3bc7597a8b0d2ba9ab795ed7e318d61a2636394ed78996836bffaee9da125fdff3937d80c16e2a438ef3a0c367b4b83694159a0896076ff04a3bf1e12903d8f573c3496d23df52a718106525cddc2a2612ba3385c2457296bcfa002b7bd839287e648025a3107bcb62541b51b173e546b4,gx-no-cache=1568043546004 HTTP/1.1" 200 41
190.171.141.114 - - [09/Sep/2019:12:41:07 -0300] "POST /cormun/servlet/hlogin?6142de73c0a0da9d6aa18e07b2fe771a,gx-no-cache=1568043348284 HTTP/1.1" 200 90
190.171.141.114 - - [09/Sep/2019:12:41:07 -0300] "GET /cormun/servlet/hpexe_link HTTP/1.1" 200 967
190.171.141.114 - - [09/Sep/2019:12:41:08 -0300] "GET /cormun/servlet/prfichaempleado?,MD, HTTP/1.1" 200 9371
186.103.158.250 - - [09/Sep/2019:12:41:08 -0300] "POST /cormun/servlet/solicitudotadjuntos?gx-no-cache=1568043348870 HTTP/1.1" 200 26
186.103.158.250 - - [09/Sep/2019:12:41:23 -0300] "GET /cormun/servlet/solicitudotadjuntos?4006979dc519ad146e3255119c4e4f22035e623e18589d3e54f7f754fbf92988,gx-no-cache=1568043363205 HTTP/1.1" 200 30
186.103.158.250 - - [09/Sep/2019:12:41:23 -0300] "GET /cormun/servlet/solicitudotadjuntos?4006979dc519ad146e3255119c4e4f22035e623e18589d3e54f7f754fbf92988,gx-no-cache=1568043363302 HTTP/1.1" 200 30
186.103.158.250 - - [09/Sep/2019:12:41:23 -0300] "POST /cormun/servlet/solicitudotadjuntos?910bec20df63c3b9e2e1692e2027f5c1,INS,2019,16055,,1, HTTP/1.1" 200 116
186.103.158.250 - - [09/Sep/2019:12:41:23 -0300] "GET /cormun/servlet/hpexe_return? HTTP/1.1" 200 1027
186.103.158.250 - - [09/Sep/2019:12:41:24 -0300] "GET /cormun/servlet/trsolicitudadjuntos?2019,16055, HTTP/1.1" 200 9027
186.103.158.250 - - [09/Sep/2019:12:41:25 -0300] "GET /cormun/servlet/trsolicitudadjuntos?2019,16055, HTTP/1.1" 200 9026
186.103.158.250 - - [09/Sep/2019:12:41:28 -0300] "GET /cormun/servlet/solicitudotadjuntos?INS,2019,16055,,1, HTTP/1.1" 200 6376
186.103.158.250 - - [09/Sep/2019:12:41:29 -0300] "GET /cormun/static/about:blank HTTP/1.1" 404 1011
186.103.158.250 - - [09/Sep/2019:12:41:30 -0300] "GET /cormun/servlet/solicitudotadjuntos?INS,2019,16055,,1, HTTP/1.1" 200 6370
186.103.158.250 - - [09/Sep/2019:12:41:30 -0300] "GET /cormun/servlet/solicitudotadjuntos?4006979dc519ad146e3255119c4e4f22abeee1436e00d964f64c12e41b45552d78042548f03a22f514d48f139f9c42e1,gx-no-cache=1568043370523 HTTP/1.1" 200 30
186.103.158.250 - - [09/Sep/2019:12:41:30 -0300] "POST /cormun/servlet/solicitudotadjuntos?910bec20df63c3b9e2e1692e2027f5c1,INS,2019,16055,,1,,gx-no-cache=1568043370606 HTTP/1.1" 200 4068
190.171.141.114 - - [09/Sep/2019:12:41:32 -0300] "GET /cormun/servlet/hlogin HTTP/1.1" 200 1724
190.171.141.114 - - [09/Sep/2019:12:41:38 -0300] "POST /cormun/servlet/hlogin?6142de73c0a0da9d6aa18e07b2fe771a,gx-no-cache=1568043378925 HTTP/1.1" 200 90
190.171.141.114 - - [09/Sep/2019:12:41:38 -0300] "GET /cormun/servlet/hpexe_link HTTP/1.1" 200 967
186.103.158.250 - - [09/Sep/2019:12:41:38 -0300] "POST /cormun/servlet/solicitudotadjuntos?gx-no-cache=1568043378783 HTTP/1.1" 200 26
190.171.141.114 - - [09/Sep/2019:12:41:39 -0300] "GET /cormun/servlet/prfichaempleado?,MD, HTTP/1.1" 200 9371
190.171.141.114 - - [09/Sep/2019:12:41:46 -0300] "GET /cormun/servlet/hlogin HTTP/1.1" 200 1724
190.171.141.114 - - [09/Sep/2019:12:41:52 -0300] "POST /cormun/servlet/hlogin?6142de73c0a0da9d6aa18e07b2fe771a,gx-no-cache=1568043392648 HTTP/1.1" 200 90
190.171.141.114 - - [09/Sep/2019:12:41:52 -0300] "GET /cormun/servlet/hpexe_link HTTP/1.1" 200 967
190.171.141.114 - - [09/Sep/2019:12:41:52 -0300] "GET /cormun/servlet/prfichaempleado?,MD, HTTP/1.1" 200 9371
186.103.158.250 - - [09/Sep/2019:12:41:55 -0300] "GET /cormun/servlet/solicitudotadjuntos?4006979dc519ad146e3255119c4e4f22035e623e18589d3e54f7f754fbf92988,gx-no-cache=1568043395703 HTTP/1.1" 200 30
186.103.158.250 - - [09/Sep/2019:12:41:55 -0300] "GET /cormun/servlet/solicitudotadjuntos?4006979dc519ad146e3255119c4e4f22035e623e18589d3e54f7f754fbf92988,gx-no-cache=1568043395730 HTTP/1.1" 200 30
186.103.158.250 - - [09/Sep/2019:12:41:55 -0300] "POST /cormun/servlet/solicitudotadjuntos?910bec20df63c3b9e2e1692e2027f5c1,INS,2019,16055,,1, HTTP/1.1" 200 116
186.103.158.250 - - [09/Sep/2019:12:41:56 -0300] "GET /cormun/servlet/hpexe_return? HTTP/1.1" 200 1027
186.103.158.250 - - [09/Sep/2019:12:41:56 -0300] "GET /cormun/servlet/trsolicitudadjuntos?2019,16055, HTTP/1.1" 200 9243
186.103.158.250 - - [09/Sep/2019:12:41:57 -0300] "GET /cormun/servlet/trsolicitudadjuntos?2019,16055, HTTP/1.1" 200 9240
190.171.141.114 - - [09/Sep/2019:12:41:59 -0300] "POST /cormun/servlet/acontrolpreferencessavestate?None,CD-16,true HTTP/1.1" 200 35
190.171.141.114 - - [09/Sep/2019:12:42:01 -0300] "POST /cormun/servlet/prfichaempleado?6142de73c0a0da9d6aa18e07b2fe771a,,MD,,gx-no-cache=1568043401038 HTTP/1.1" 200 6359
190.171.141.114 - - [09/Sep/2019:12:42:01 -0300] "GET /cormun/static/Resources/PXToolsGridNext.gif HTTP/1.1" 200 369
190.171.141.114 - - [09/Sep/2019:12:42:01 -0300] "GET /cormun/static/Resources/PXToolsGridLast.gif HTTP/1.1" 200 370
186.103.158.250 - - [09/Sep/2019:12:42:02 -0300] "GET /cormun/servlet/solicitudotadjuntos?INS,2019,16055,,1, HTTP/1.1" 200 6377
186.103.158.250 - - [09/Sep/2019:12:42:02 -0300] "GET /cormun/static/about:blank HTTP/1.1" 404 1011
186.103.158.250 - - [09/Sep/2019:12:42:03 -0300] "GET /cormun/servlet/solicitudotadjuntos?INS,2019,16055,,1, HTTP/1.1" 200 6370
186.103.158.250 - - [09/Sep/2019:12:42:03 -0300] "GET /cormun/servlet/solicitudotadjuntos?4006979dc519ad146e3255119c4e4f22abeee1436e00d964f64c12e41b45552d78042548f03a22f514d48f139f9c42e1,gx-no-cache=1568043403952 HTTP/1.1" 200 30
186.103.158.250 - - [09/Sep/2019:12:42:04 -0300] "POST /cormun/servlet/solicitudotadjuntos?910bec20df63c3b9e2e1692e2027f5c1,INS,2019,16055,,1,,gx-no-cache=1568043404006 HTTP/1.1" 200 4067
190.171.141.114 - - [09/Sep/2019:12:42:06 -0300] "GET /cormun/servlet/hlogin HTTP/1.1" 200 1750
186.103.158.250 - - [09/Sep/2019:12:42:07 -0300] "POST /cormun/servlet/solicitudotadjuntos?gx-no-cache=1568043407653 HTTP/1.1" 200 26
190.171.141.114 - - [09/Sep/2019:12:42:13 -0300] "GET /cormun/servlet/hlogin HTTP/1.1" 200 1724
186.103.158.250 - - [09/Sep/2019:12:42:14 -0300] "GET /cormun/servlet/solicitudotadjuntos?4006979dc519ad146e3255119c4e4f22035e623e18589d3e54f7f754fbf92988,gx-no-cache=1568043414467 HTTP/1.1" 200 30
186.103.158.250 - - [09/Sep/2019:12:42:14 -0300] "GET /cormun/servlet/solicitudotadjuntos?4006979dc519ad146e3255119c4e4f22035e623e18589d3e54f7f754fbf92988,gx-no-cache=1568043414501 HTTP/1.1" 200 30
186.103.158.250 - - [09/Sep/2019:12:42:14 -0300] "POST /cormun/servlet/solicitudotadjuntos?910bec20df63c3b9e2e1692e2027f5c1,INS,2019,16055,,1, HTTP/1.1" 200 116
186.103.158.250 - - [09/Sep/2019:12:42:14 -0300] "GET /cormun/servlet/hpexe_return? HTTP/1.1" 200 1027
186.103.158.250 - - [09/Sep/2019:12:42:15 -0300] "GET /cormun/servlet/trsolicitudadjuntos?2019,16055, HTTP/1.1" 200 9430
186.103.158.250 - - [09/Sep/2019:12:42:16 -0300] "GET /cormun/servlet/trsolicitudadjuntos?2019,16055, HTTP/1.1" 200 9429
186.103.158.250 - - [09/Sep/2019:12:42:19 -0300] "GET /cormun/servlet/solicitudotadjuntos?INS,2019,16055,,1, HTTP/1.1" 200 6377
186.103.158.250 - - [09/Sep/2019:12:42:19 -0300] "GET /cormun/static/about:blank HTTP/1.1" 404 1011
186.103.158.250 - - [09/Sep/2019:12:42:20 -0300] "GET /cormun/servlet/solicitudotadjuntos?INS,2019,16055,,1, HTTP/1.1" 200 6370
186.103.158.250 - - [09/Sep/2019:12:42:21 -0300] "GET /cormun/servlet/solicitudotadjuntos?4006979dc519ad146e3255119c4e4f22abeee1436e00d964f64c12e41b45552d78042548f03a22f514d48f139f9c42e1,gx-no-cache=1568043421079 HTTP/1.1" 200 30
186.103.158.250 - - [09/Sep/2019:12:42:21 -0300] "POST /cormun/servlet/solicitudotadjuntos?910bec20df63c3b9e2e1692e2027f5c1,INS,2019,16055,,1,,gx-no-cache=1568043421192 HTTP/1.1" 200 4067
190.171.141.114 - - [09/Sep/2019:12:42:22 -0300] "POST /cormun/servlet/hlogin?6142de73c0a0da9d6aa18e07b2fe771a,gx-no-cache=1568043423492 HTTP/1.1" 200 90
190.171.141.114 - - [09/Sep/2019:12:42:22 -0300] "GET /cormun/servlet/hpexe_link HTTP/1.1" 200 967
190.171.141.114 - - [09/Sep/2019:12:42:23 -0300] "GET /cormun/servlet/prfichaempleado?,MD, HTTP/1.1" 200 9371
186.103.158.250 - - [09/Sep/2019:12:42:30 -0300] "POST /cormun/servlet/solicitudotadjuntos?gx-no-cache=1568043430761 HTTP/1.1" 200 26
190.171.141.114 - - [09/Sep/2019:12:42:31 -0300] "POST /cormun/servlet/acontrolpreferencessavestate?None,CD-16,true HTTP/1.1" 200 35
190.171.141.114 - - [09/Sep/2019:12:42:36 -0300] "POST /cormun/servlet/prfichaempleado?6142de73c0a0da9d6aa18e07b2fe771a,,MD,,gx-no-cache=1568043436911 HTTP/1.1" 200 6359
190.171.143.82 - - [09/Sep/2019:12:42:39 -0300] "POST /cormun/servlet/permisosingoce?f482678b653453059b2a07e7c587dac3,INS,0,,gx-no-cache=1568043640820 HTTP/1.1" 200 93
190.171.143.82 - - [09/Sep/2019:12:42:39 -0300] "GET /cormun/servlet/hpexe_return? HTTP/1.1" 200 1007
190.171.143.82 - - [09/Sep/2019:12:42:40 -0300] "GET /cormun/static/gxcfg.js?2016101716175148 HTTP/1.1" 304 -
190.171.143.82 - - [09/Sep/2019:12:42:40 -0300] "GET /cormun/servlet/trpermisosingoce HTTP/1.1" 200 7838
190.171.141.114 - - [09/Sep/2019:12:42:40 -0300] "GET /cormun/servlet/hlogin HTTP/1.1" 200 1724
190.171.143.82 - - [09/Sep/2019:12:42:41 -0300] "GET /cormun/servlet/trpermisosingoce HTTP/1.1" 200 7834
190.171.143.82 - - [09/Sep/2019:12:42:46 -0300] "GET /cormun/servlet/apermisosingoceprn?427,PU HTTP/1.1" 200 1674
190.171.141.114 - - [09/Sep/2019:12:42:49 -0300] "GET /cormun/servlet/hlogin HTTP/1.1" 200 1724
186.103.158.250 - - [09/Sep/2019:12:42:56 -0300] "POST /cormun/servlet/solicitudotadjuntos?gx-no-cache=1568043456322 HTTP/1.1" 200 26
190.171.141.114 - - [09/Sep/2019:12:42:57 -0300] "POST /cormun/servlet/hlogin?6142de73c0a0da9d6aa18e07b2fe771a,gx-no-cache=1568043458332 HTTP/1.1" 200 90
190.171.141.114 - - [09/Sep/2019:12:42:57 -0300] "GET /cormun/servlet/hpexe_link HTTP/1.1" 200 967
190.171.141.114 - - [09/Sep/2019:12:42:58 -0300] "GET /cormun/servlet/prfichaempleado?,MD, HTTP/1.1" 200 9371
186.103.158.250 - - [09/Sep/2019:12:43:04 -0300] "GET /cormun/servlet/solicitudotadjuntos?4006979dc519ad146e3255119c4e4f22035e623e18589d3e54f7f754fbf92988,gx-no-cache=1568043464787 HTTP/1.1" 200 30
186.103.158.250 - - [09/Sep/2019:12:43:04 -0300] "GET /cormun/servlet/solicitudotadjuntos?4006979dc519ad146e3255119c4e4f22035e623e18589d3e54f7f754fbf92988,gx-no-cache=1568043464818 HTTP/1.1" 200 30
186.103.158.250 - - [09/Sep/2019:12:43:05 -0300] "POST /cormun/servlet/solicitudotadjuntos?910bec20df63c3b9e2e1692e2027f5c1,INS,2019,16055,,1, HTTP/1.1" 200 116
186.103.158.250 - - [09/Sep/2019:12:43:05 -0300] "GET /cormun/servlet/hpexe_return? HTTP/1.1" 200 1027
186.103.158.250 - - [09/Sep/2019:12:43:05 -0300] "GET /cormun/servlet/trsolicitudadjuntos?2019,16055, HTTP/1.1" 200 9659
186.103.158.250 - - [09/Sep/2019:12:43:07 -0300] "GET /cormun/servlet/trsolicitudadjuntos?2019,16055, HTTP/1.1" 200 9655
190.171.141.114 - - [09/Sep/2019:12:43:07 -0300] "POST /cormun/servlet/acontrolpreferencessavestate?None,CD-16,true HTTP/1.1" 200 35
186.103.158.250 - - [09/Sep/2019:12:43:10 -0300] "GET /cormun/servlet/solicitudotadjuntos?INS,2019,16055,,1, HTTP/1.1" 200 6377
186.103.158.250 - - [09/Sep/2019:12:43:10 -0300] "GET /cormun/static/about:blank HTTP/1.1" 404 1011
186.103.158.250 - - [09/Sep/2019:12:43:11 -0300] "GET /cormun/servlet/solicitudotadjuntos?INS,2019,16055,,1, HTTP/1.1" 200 6370
186.103.158.250 - - [09/Sep/2019:12:43:12 -0300] "GET /cormun/servlet/solicitudotadjuntos?4006979dc519ad146e3255119c4e4f22abeee1436e00d964f64c12e41b45552d78042548f03a22f514d48f139f9c42e1,gx-no-cache=1568043472084 HTTP/1.1" 200 30
186.103.158.250 - - [09/Sep/2019:12:43:12 -0300] "POST /cormun/servlet/solicitudotadjuntos?910bec20df63c3b9e2e1692e2027f5c1,INS,2019,16055,,1,,gx-no-cache=1568043472181 HTTP/1.1" 200 4068
190.171.141.114 - - [09/Sep/2019:12:43:33 -0300] "POST /cormun/servlet/prfichaempleado?6142de73c0a0da9d6aa18e07b2fe771a,,MD,,gx-no-cache=1568043494340 HTTP/1.1" 200 3409
186.103.158.250 - - [09/Sep/2019:12:43:36 -0300] "POST /cormun/servlet/solicitudotadjuntos?gx-no-cache=1568043496531 HTTP/1.1" 200 26
190.171.141.114 - - [09/Sep/2019:12:43:40 -0300] "POST /cormun/servlet/prfichaempleado?6142de73c0a0da9d6aa18e07b2fe771a,,MD,,gx-no-cache=1568043500550 HTTP/1.1" 200 3409
190.171.141.114 - - [09/Sep/2019:12:43:42 -0300] "POST /cormun/servlet/prfichaempleado?6142de73c0a0da9d6aa18e07b2fe771a,,MD,,gx-no-cache=1568043502562 HTTP/1.1" 200 3409
190.171.141.114 - - [09/Sep/2019:12:43:47 -0300] "POST /cormun/servlet/prfichaempleado?6142de73c0a0da9d6aa18e07b2fe771a,,MD,,gx-no-cache=1568043508314 HTTP/1.1" 200 3178
190.171.141.114 - - [09/Sep/2019:12:43:52 -0300] "POST /cormun/servlet/prfichaempleado?6142de73c0a0da9d6aa18e07b2fe771a,,MD,,gx-no-cache=1568043512809 HTTP/1.1" 200 3183
186.103.158.250 - - [09/Sep/2019:12:43:54 -0300] "POST /cormun/servlet/solicitudotadjuntos?gx-no-cache=1568043514419 HTTP/1.1" 200 26
190.171.141.114 - - [09/Sep/2019:12:43:56 -0300] "GET /cormun/servlet/hlogin HTTP/1.1" 200 1750
190.171.141.114 - - [09/Sep/2019:12:43:58 -0300] "POST /cormun/servlet/hlogin?6142de73c0a0da9d6aa18e07b2fe771a,gx-no-cache=1568043519502 HTTP/1.1" 200 451
190.171.143.82 - - [09/Sep/2019:12:44:09 -0300] "GET /cormun/servlet/trlicencias? HTTP/1.1" 200 10365
190.171.143.82 - - [09/Sep/2019:12:44:10 -0300] "GET /cormun/servlet/trlicencias? HTTP/1.1" 200 10364
186.103.158.250 - - [09/Sep/2019:12:44:12 -0300] "GET /cormun/servlet/solicitudotadjuntos?4006979dc519ad146e3255119c4e4f22035e623e18589d3e54f7f754fbf92988,gx-no-cache=1568043532530 HTTP/1.1" 200 30
186.103.158.250 - - [09/Sep/2019:12:44:12 -0300] "GET /cormun/servlet/solicitudotadjuntos?4006979dc519ad146e3255119c4e4f22035e623e18589d3e54f7f754fbf92988,gx-no-cache=1568043532559 HTTP/1.1" 200 30
186.103.158.250 - - [09/Sep/2019:12:44:12 -0300] "POST /cormun/servlet/solicitudotadjuntos?910bec20df63c3b9e2e1692e2027f5c1,INS,2019,16055,,1, HTTP/1.1" 200 116
186.103.158.250 - - [09/Sep/2019:12:44:12 -0300] "GET /cormun/servlet/hpexe_return? HTTP/1.1" 200 1027
186.103.158.250 - - [09/Sep/2019:12:44:13 -0300] "GET /cormun/servlet/trsolicitudadjuntos?2019,16055, HTTP/1.1" 200 9923
186.103.158.250 - - [09/Sep/2019:12:44:15 -0300] "GET /cormun/servlet/trsolicitudadjuntos?2019,16055, HTTP/1.1" 200 9921
186.103.158.250 - - [09/Sep/2019:12:44:19 -0300] "GET /cormun/servlet/solicitudotadjuntos?INS,2019,16055,,1, HTTP/1.1" 200 6376
186.103.158.250 - - [09/Sep/2019:12:44:19 -0300] "GET /cormun/static/about:blank HTTP/1.1" 404 1011
190.171.141.114 - - [09/Sep/2019:12:44:19 -0300] "GET /cormun/servlet/hlogin HTTP/1.1" 200 1724
186.103.158.250 - - [09/Sep/2019:12:44:20 -0300] "GET /cormun/servlet/solicitudotadjuntos?INS,2019,16055,,1, HTTP/1.1" 200 6369
186.103.158.250 - - [09/Sep/2019:12:44:21 -0300] "GET /cormun/servlet/solicitudotadjuntos?4006979dc519ad146e3255119c4e4f22abeee1436e00d964f64c12e41b45552d78042548f03a22f514d48f139f9c42e1,gx-no-cache=1568043541103 HTTP/1.1" 200 30
186.103.158.250 - - [09/Sep/2019:12:44:21 -0300] "POST /cormun/servlet/solicitudotadjuntos?910bec20df63c3b9e2e1692e2027f5c1,INS,2019,16055,,1,,gx-no-cache=1568043541163 HTTP/1.1" 200 4067
190.171.141.114 - - [09/Sep/2019:12:44:27 -0300] "POST /cormun/servlet/hlogin?6142de73c0a0da9d6aa18e07b2fe771a,gx-no-cache=1568043548315 HTTP/1.1" 200 90
190.171.141.114 - - [09/Sep/2019:12:44:27 -0300] "GET /cormun/servlet/hpexe_link HTTP/1.1" 200 967
190.171.141.114 - - [09/Sep/2019:12:44:28 -0300] "GET /cormun/servlet/prfichaempleado?,MD, HTTP/1.1" 200 9371
186.103.158.250 - - [09/Sep/2019:12:44:36 -0300] "GET /cormun/servlet/trsolicitudot? HTTP/1.1" 200 8908
186.103.158.250 - - [09/Sep/2019:12:44:38 -0300] "GET /cormun/servlet/trsolicitudot? HTTP/1.1" 200 8896
190.171.141.114 - - [09/Sep/2019:12:44:38 -0300] "POST /cormun/servlet/acontrolpreferencessavestate?None,CD-16,true HTTP/1.1" 200 35
186.103.158.250 - - [09/Sep/2019:12:44:43 -0300] "POST /cormun/servlet/trsolicitudot?910bec20df63c3b9e2e1692e2027f5c1,,gx-no-cache=1568043562548 HTTP/1.1" 200 5906
190.171.141.114 - - [09/Sep/2019:12:44:45 -0300] "GET /cormun/servlet/hlogin HTTP/1.1" 200 1750
186.103.158.250 - - [09/Sep/2019:12:44:47 -0300] "POST /cormun/servlet/trsolicitudot?910bec20df63c3b9e2e1692e2027f5c1,,gx-no-cache=1568043567581 HTTP/1.1" 200 107
186.103.158.250 - - [09/Sep/2019:12:44:48 -0300] "GET /cormun/servlet/trsolicitudadjuntos?2019,16055, HTTP/1.1" 200 9918
190.171.141.114 - - [09/Sep/2019:12:44:49 -0300] "POST /cormun/servlet/hlogin?6142de73c0a0da9d6aa18e07b2fe771a,gx-no-cache=1568043569782 HTTP/1.1" 200 456
186.103.158.250 - - [09/Sep/2019:12:44:49 -0300] "GET /cormun/servlet/trsolicitudadjuntos?2019,16055, HTTP/1.1" 200 9919
190.171.141.114 - - [09/Sep/2019:12:44:53 -0300] "POST /cormun/servlet/hlogin?6142de73c0a0da9d6aa18e07b2fe771a,gx-no-cache=1568043573689 HTTP/1.1" 200 90
190.171.141.114 - - [09/Sep/2019:12:44:53 -0300] "GET /cormun/servlet/hpexe_link HTTP/1.1" 200 967
190.171.141.114 - - [09/Sep/2019:12:44:54 -0300] "GET /cormun/servlet/prfichaempleado?,MD, HTTP/1.1" 200 9387
190.171.141.114 - - [09/Sep/2019:12:45:03 -0300] "GET /cormun/servlet/hlogin HTTP/1.1" 200 1750
190.171.141.114 - - [09/Sep/2019:12:45:04 -0300] "GET /cormun/servlet/prfichaempleado?,MD, HTTP/1.1" 302 -
190.171.141.114 - - [09/Sep/2019:12:45:04 -0300] "GET /cormun/servlet/hlogin HTTP/1.1" 200 1760
190.171.141.114 - - [09/Sep/2019:12:45:05 -0300] "GET /cormun/servlet/hlogin HTTP/1.1" 200 1724
190.171.141.114 - - [09/Sep/2019:12:45:11 -0300] "GET /cormun/servlet/hlogin HTTP/1.1" 200 1724
190.171.141.114 - - [09/Sep/2019:12:45:18 -0300] "POST /cormun/servlet/hlogin?6142de73c0a0da9d6aa18e07b2fe771a,gx-no-cache=1568043599039 HTTP/1.1" 200 90
190.171.141.114 - - [09/Sep/2019:12:45:18 -0300] "GET /cormun/servlet/hpexe_link HTTP/1.1" 200 967
190.171.141.114 - - [09/Sep/2019:12:45:19 -0300] "GET /cormun/servlet/prfichaempleado?,MD, HTTP/1.1" 200 9387
190.171.141.114 - - [09/Sep/2019:12:46:25 -0300] "POST /cormun/servlet/prfichaempleado?6142de73c0a0da9d6aa18e07b2fe771a,,MD,,gx-no-cache=1568043665183 HTTP/1.1" 200 6359
190.171.141.114 - - [09/Sep/2019:12:46:28 -0300] "POST /cormun/servlet/prfichaempleado?6142de73c0a0da9d6aa18e07b2fe771a,,MD,,gx-no-cache=1568043668107 HTTP/1.1" 200 6371
190.171.141.114 - - [09/Sep/2019:12:46:28 -0300] "GET /cormun/static/Resources/PXToolsGridFirst.gif HTTP/1.1" 200 379
190.171.141.114 - - [09/Sep/2019:12:46:28 -0300] "GET /cormun/static/Resources/PXToolsGridPrevious.gif HTTP/1.1" 200 369
190.171.141.114 - - [09/Sep/2019:12:46:33 -0300] "POST /cormun/servlet/prfichaempleado?6142de73c0a0da9d6aa18e07b2fe771a,,MD,,gx-no-cache=1568043673104 HTTP/1.1" 200 6316
190.171.141.114 - - [09/Sep/2019:12:46:37 -0300] "POST /cormun/servlet/acontrolpreferencessavestate?None,CD-16,true HTTP/1.1" 200 35
190.171.141.114 - - [09/Sep/2019:12:46:50 -0300] "POST /cormun/servlet/prfichaempleado?6142de73c0a0da9d6aa18e07b2fe771a,,MD,,gx-no-cache=1568043690534 HTTP/1.1" 200 3176
190.171.141.114 - - [09/Sep/2019:12:46:55 -0300] "GET /cormun/servlet/hlogin HTTP/1.1" 200 1724
190.171.141.114 - - [09/Sep/2019:12:47:08 -0300] "POST /cormun/servlet/hlogin?6142de73c0a0da9d6aa18e07b2fe771a,gx-no-cache=1568043709073 HTTP/1.1" 200 90
190.171.141.114 - - [09/Sep/2019:12:47:08 -0300] "GET /cormun/servlet/hpexe_link HTTP/1.1" 200 967
190.171.141.114 - - [09/Sep/2019:12:47:09 -0300] "GET /cormun/servlet/prfichaempleado?,MD, HTTP/1.1" 200 9371
186.103.158.250 - - [09/Sep/2019:12:47:09 -0300] "GET /cormun/servlet/trsolicitudot? HTTP/1.1" 200 8908
186.103.158.250 - - [09/Sep/2019:12:47:11 -0300] "GET /cormun/servlet/trsolicitudot? HTTP/1.1" 200 8896
190.171.141.114 - - [09/Sep/2019:12:47:15 -0300] "POST /cormun/servlet/prfichaempleado?6142de73c0a0da9d6aa18e07b2fe771a,,MD,,gx-no-cache=1568043715165 HTTP/1.1" 200 6359
190.171.141.114 - - [09/Sep/2019:12:48:31 -0300] "GET /cormun/servlet/hlogin HTTP/1.1" 200 1723
190.171.141.114 - - [09/Sep/2019:12:48:41 -0300] "POST /cormun/servlet/hlogin?6dab79f2de8fd41a68150e406d8f42ae,gx-no-cache=1568043801663 HTTP/1.1" 200 90
190.171.141.114 - - [09/Sep/2019:12:48:41 -0300] "GET /cormun/servlet/hpexe_link HTTP/1.1" 200 951
190.171.141.114 - - [09/Sep/2019:12:48:41 -0300] "GET /cormun/servlet/hhome HTTP/1.1" 200 4065
190.171.141.114 - - [09/Sep/2019:12:48:43 -0300] "GET /cormun/servlet/hhome HTTP/1.1" 200 4061
190.171.141.114 - - [09/Sep/2019:12:48:47 -0300] "GET /cormun/servlet/trlicencias? HTTP/1.1" 200 10749
190.171.141.114 - - [09/Sep/2019:12:48:49 -0300] "GET /cormun/servlet/trlicencias? HTTP/1.1" 200 10691
190.171.141.114 - - [09/Sep/2019:12:48:52 -0300] "GET /cormun/servlet/trlicencias? HTTP/1.1" 200 10692
190.171.141.114 - - [09/Sep/2019:12:48:54 -0300] "GET /cormun/servlet/trlicencias? HTTP/1.1" 200 10745
186.67.172.234 - - [09/Sep/2019:12:49:05 -0300] "GET /cormun/servlet/hlogin HTTP/1.1" 200 1720
186.67.172.234 - - [09/Sep/2019:12:49:18 -0300] "POST /cormun/servlet/hlogin?14b5e5d943afb57296cb47da52b99773,gx-no-cache=1568043788827 HTTP/1.1" 200 90
186.67.172.234 - - [09/Sep/2019:12:49:18 -0300] "GET /cormun/servlet/hpexe_link HTTP/1.1" 200 952
186.67.172.234 - - [09/Sep/2019:12:49:18 -0300] "GET /cormun/servlet/hhome HTTP/1.1" 200 4358
186.67.172.234 - - [09/Sep/2019:12:49:18 -0300] "GET /cormun/servlet/hhome HTTP/1.1" 200 4355
186.67.172.234 - - [09/Sep/2019:12:49:23 -0300] "GET /cormun/servlet/trpermisosgoce? HTTP/1.1" 200 15932
186.67.172.234 - - [09/Sep/2019:12:49:23 -0300] "GET /cormun/servlet/trpermisosgoce? HTTP/1.1" 200 15945
192.168.10.89 - - [09/Sep/2019:12:49:26 -0300] "GET /digitalizacion/servlet/wblogin? HTTP/1.1" 200 2330
186.67.172.234 - - [09/Sep/2019:12:49:26 -0300] "GET /cormun/servlet/permisogoce?INS,0,,, HTTP/1.1" 200 7222
186.67.172.234 - - [09/Sep/2019:12:49:26 -0300] "GET /cormun/servlet/permisogoce?INS,0,,, HTTP/1.1" 200 7223
190.171.142.10 - - [09/Sep/2019:12:49:29 -0300] "GET /cormun/servlet/prfichaempleado?,MD,,gxPopupLevel%3D0%3B HTTP/1.1" 200 9344
186.67.172.234 - - [09/Sep/2019:12:49:33 -0300] "GET /cormun/servlet/permisogoce?d282fb05d83723013291668a86da9d7fe996070a92d8e7584792fd630f77a124a472f62de6adca1387d7c3f5971abc47d31b3869e0af70fb4b85617062a7cf0d,gx-no-cache=1568043804212 HTTP/1.1" 200 77
186.67.172.234 - - [09/Sep/2019:12:49:33 -0300] "GET /cormun/static/menuarrow.gif HTTP/1.1" 404 1015
186.67.172.234 - - [09/Sep/2019:12:49:45 -0300] "GET /cormun/servlet/permisogoce?d282fb05d83723013291668a86da9d7f0d6f5389d077148182d4f5b3e06a68124aa6c1569712226531ac93db7a78b3bf376cc1b06f6ca20ed57df304c03d55ed,gx-no-cache=1568043815928 HTTP/1.1" 200 46
190.171.142.10 - - [09/Sep/2019:12:49:46 -0300] "GET /cormun/servlet/permisogoce?0a4a75153e7a0887fc55a04098ee458fee9a71f4e09ac82305f95fc05f200529797b1556814c3079355c6779cf3170422a9aa7a8d3c1b930f55803ff06ea6dd6,gx-no-cache=1568043866708 HTTP/1.1" 200 74
190.171.142.10 - - [09/Sep/2019:12:49:46 -0300] "GET /cormun/static/menuarrow.gif HTTP/1.1" 404 1015
186.67.172.234 - - [09/Sep/2019:12:49:47 -0300] "POST /cormun/servlet/permisogoce?14b5e5d943afb57296cb47da52b99773,INS,0,,,,gx-no-cache=1568043818268 HTTP/1.1" 200 93
186.67.172.234 - - [09/Sep/2019:12:49:47 -0300] "GET /cormun/servlet/hpexe_return? HTTP/1.1" 200 1010
186.67.172.234 - - [09/Sep/2019:12:49:48 -0300] "GET /cormun/servlet/trpermisosgoce HTTP/1.1" 200 16223
186.67.172.234 - - [09/Sep/2019:12:49:48 -0300] "GET /cormun/servlet/trpermisosgoce HTTP/1.1" 200 16195
186.67.172.234 - - [09/Sep/2019:12:49:53 -0300] "GET /cormun/servlet/trpermisosadjuntos?16255371,20190909123830,P, HTTP/1.1" 200 6665
186.67.172.234 - - [09/Sep/2019:12:49:53 -0300] "GET /cormun/servlet/trpermisosadjuntos?16255371,20190909123830,P, HTTP/1.1" 200 6665
190.171.142.10 - - [09/Sep/2019:12:50:27 -0300] "GET /cormun/servlet/permisogoce?0a4a75153e7a0887fc55a04098ee458f01605c80c3c83466ec3615f8ecfab7c576fa7fcdf475ec35b632b431f7a65a87b66a811d77d4833133f83b700720177b,gx-no-cache=1568043907192 HTTP/1.1" 200 47
186.67.172.234 - - [09/Sep/2019:12:50:28 -0300] "GET /cormun/servlet/permisosadjuntos?INS,16255371,P,20190909123830,, HTTP/1.1" 200 5995
186.67.172.234 - - [09/Sep/2019:12:50:28 -0300] "GET /cormun/static/about:blank HTTP/1.1" 404 1011
186.67.172.234 - - [09/Sep/2019:12:50:28 -0300] "GET /cormun/servlet/permisosadjuntos?INS,16255371,P,20190909123830,, HTTP/1.1" 200 5984
186.67.172.234 - - [09/Sep/2019:12:50:33 -0300] "POST /cormun/servlet/permisosadjuntos?14b5e5d943afb57296cb47da52b99773,INS,16255371,P,20190909123830,, HTTP/1.1" 200 116
186.67.172.234 - - [09/Sep/2019:12:50:33 -0300] "GET /cormun/servlet/hpexe_return? HTTP/1.1" 200 1037
186.67.172.234 - - [09/Sep/2019:12:50:34 -0300] "GET /cormun/servlet/trpermisosadjuntos?16255371,20190909123830,P, HTTP/1.1" 200 7186
186.67.172.234 - - [09/Sep/2019:12:50:34 -0300] "GET /cormun/servlet/trpermisosadjuntos?16255371,20190909123830,P, HTTP/1.1" 200 7182
190.171.142.10 - - [09/Sep/2019:12:50:36 -0300] "POST /cormun/servlet/permisogoce?cbd9d12e3d1f1ad91cc5a12fac5a1f60,INS,0,,,,gx-no-cache=1568043916170 HTTP/1.1" 200 93
190.171.142.10 - - [09/Sep/2019:12:50:36 -0300] "GET /cormun/servlet/hpexe_return? HTTP/1.1" 200 1010
190.171.142.10 - - [09/Sep/2019:12:50:36 -0300] "GET /cormun/servlet/trpermisosgoce? HTTP/1.1" 200 8614
186.67.172.234 - - [09/Sep/2019:12:50:37 -0300] "POST /cormun/servlet/trpermisosadjuntos?14b5e5d943afb57296cb47da52b99773,16255371,20190909123830,P,,gx-no-cache=1568043867866 HTTP/1.1" 200 90
186.67.172.234 - - [09/Sep/2019:12:50:37 -0300] "GET /cormun/servlet/hpexe_link HTTP/1.1" 200 982
186.67.172.234 - - [09/Sep/2019:12:50:37 -0300] "GET /cormun/servlet/trpermisosgoce HTTP/1.1" 200 16207
186.67.172.234 - - [09/Sep/2019:12:50:37 -0300] "GET /cormun/servlet/trpermisosgoce HTTP/1.1" 200 16218
190.171.142.10 - - [09/Sep/2019:12:50:38 -0300] "GET /cormun/servlet/trpermisosgoce? HTTP/1.1" 200 8615
186.67.172.234 - - [09/Sep/2019:12:50:41 -0300] "POST /cormun/servlet/trpermisosgoce?14b5e5d943afb57296cb47da52b99773,gx-no-cache=1568043871533 HTTP/1.1" 200 13275
186.67.172.234 - - [09/Sep/2019:12:50:41 -0300] "GET /cormun/static/Shared/jqueryui/images/ui-bg_highlight-soft_100_c6c2c8_1x100.png HTTP/1.1" 404 1117
186.67.172.234 - - [09/Sep/2019:12:50:41 -0300] "GET /cormun/static/Shared/jqueryui/images/ui-icons_82798d_256x240.png HTTP/1.1" 404 1089
186.67.172.234 - - [09/Sep/2019:12:50:41 -0300] "GET /cormun/static/Shared/jqueryui/images/ui-icons_8d78a5_256x240.png HTTP/1.1" 404 1089
186.67.172.234 - - [09/Sep/2019:12:50:41 -0300] "GET /cormun/static/Shared/jqueryui/images/ui-bg_flat_55_fafafa_40x100.png HTTP/1.1" 404 1097
186.67.172.234 - - [09/Sep/2019:12:50:44 -0300] "GET /cormun/servlet/trautorizarpermisogoce? HTTP/1.1" 200 8041
190.171.142.10 - - [09/Sep/2019:12:50:44 -0300] "GET /cormun/servlet/permisogoce?INS,0,,, HTTP/1.1" 200 6887
186.67.172.234 - - [09/Sep/2019:12:50:44 -0300] "GET /cormun/servlet/trautorizarpermisogoce? HTTP/1.1" 200 8041
190.171.142.10 - - [09/Sep/2019:12:50:46 -0300] "GET /cormun/servlet/permisogoce?INS,0,,, HTTP/1.1" 200 6887
186.67.172.234 - - [09/Sep/2019:12:50:46 -0300] "POST /cormun/servlet/trautorizarpermisogoce?14b5e5d943afb57296cb47da52b99773,,gx-no-cache=1568043877475 HTTP/1.1" 200 4446
190.171.142.10 - - [09/Sep/2019:12:50:49 -0300] "GET /cormun/servlet/trpermisosgoce? HTTP/1.1" 200 8619
190.171.142.10 - - [09/Sep/2019:12:50:50 -0300] "GET /cormun/servlet/trpermisosgoce? HTTP/1.1" 200 8615
190.171.142.10 - - [09/Sep/2019:12:50:57 -0300] "GET /cormun/servlet/apermisogoceprn?17139418,P,20190909121717,PU HTTP/1.1" 200 1653
190.171.142.10 - - [09/Sep/2019:12:50:57 -0300] "GET /cormun/servlet/apermisogoceprn?17139418,P,20190909121717,PU HTTP/1.1" 200 1654
190.171.141.114 - - [09/Sep/2019:12:54:04 -0300] "GET /cormun/servlet/licenciaspermisos?INS,0,,, HTTP/1.1" 200 7600
190.171.141.114 - - [09/Sep/2019:12:54:04 -0300] "GET /cormun/static/gxcfg.js?201762917281167 HTTP/1.1" 200 953
190.171.141.114 - - [09/Sep/2019:12:54:04 -0300] "GET /cormun/static/licenciaspermisos.js?201762917281260 HTTP/1.1" 200 37491
190.171.141.114 - - [09/Sep/2019:12:54:06 -0300] "GET /cormun/servlet/licenciaspermisos?INS,0,,, HTTP/1.1" 200 7608
190.171.141.114 - - [09/Sep/2019:12:54:09 -0300] "GET /cormun/servlet/trlicencias? HTTP/1.1" 200 10691
190.171.141.114 - - [09/Sep/2019:12:54:10 -0300] "GET /cormun/servlet/trlicencias? HTTP/1.1" 200 10747
190.171.141.114 - - [09/Sep/2019:12:54:14 -0300] "GET /cormun/servlet/trpermisosgoce? HTTP/1.1" 200 12236
190.171.141.114 - - [09/Sep/2019:12:54:15 -0300] "GET /cormun/servlet/trpermisosgoce? HTTP/1.1" 200 12235
190.171.141.114 - - [09/Sep/2019:12:54:35 -0300] "GET /cormun/servlet/permisogoce?INS,0,,, HTTP/1.1" 200 6908
190.171.141.114 - - [09/Sep/2019:12:54:37 -0300] "GET /cormun/servlet/permisogoce?INS,0,,, HTTP/1.1" 200 6909
190.171.141.114 - - [09/Sep/2019:12:54:42 -0300] "GET /cormun/servlet/prfichaempleado?,MD,,gxPopupLevel%3D0%3B HTTP/1.1" 200 9377
190.171.141.114 - - [09/Sep/2019:12:54:56 -0300] "POST /cormun/servlet/prfichaempleado?6dab79f2de8fd41a68150e406d8f42ae,,MD,,gxPopupLevel%3D0%3B,gx-no-cache=1568044177040 HTTP/1.1" 200 3524
190.171.141.114 - - [09/Sep/2019:12:55:01 -0300] "GET /cormun/servlet/permisogoce?00aa7c78b1299e14d48777ced2c44b06d18d9ddffab8acd3ca2b78a28bba2422a9254c2e07ea49399a81ff1f086ca1c52042f8229de32c3b8c1f04663f51bc2d,gx-no-cache=1568044181759 HTTP/1.1" 200 75
190.171.141.114 - - [09/Sep/2019:12:55:01 -0300] "GET /cormun/static/menuarrow.gif HTTP/1.1" 404 1015
190.171.141.114 - - [09/Sep/2019:12:55:07 -0300] "GET /cormun/servlet/permisogoce?00aa7c78b1299e14d48777ced2c44b06f53806b526204b97bbe501628fd6ebf6a25227c97557ad305ede0e0ad0121da0cd66f9b563b9d58eadbabe864df3bb06,gx-no-cache=1568044188567 HTTP/1.1" 200 45
190.171.141.114 - - [09/Sep/2019:12:55:11 -0300] "POST /cormun/servlet/permisogoce?6dab79f2de8fd41a68150e406d8f42ae,INS,0,,,,gx-no-cache=1568044192039 HTTP/1.1" 200 93
190.171.141.114 - - [09/Sep/2019:12:55:11 -0300] "GET /cormun/servlet/hpexe_return? HTTP/1.1" 200 1009
190.171.141.114 - - [09/Sep/2019:12:55:12 -0300] "GET /cormun/static/gxcfg.js?2016101716175148 HTTP/1.1" 304 -
190.171.141.114 - - [09/Sep/2019:12:55:12 -0300] "GET /cormun/servlet/trpermisosgoce HTTP/1.1" 200 12473
190.171.141.114 - - [09/Sep/2019:12:55:14 -0300] "GET /cormun/servlet/trpermisosgoce HTTP/1.1" 200 12472
190.171.141.114 - - [09/Sep/2019:12:55:23 -0300] "GET /cormun/servlet/apermisogoceprn?11274732,P,20190909124340,PU HTTP/1.1" 200 1652
190.171.141.114 - - [09/Sep/2019:12:55:55 -0300] "GET /cormun/servlet/permisogoce?INS,0,,, HTTP/1.1" 200 6909
190.171.141.114 - - [09/Sep/2019:12:55:56 -0300] "GET /cormun/servlet/permisogoce?INS,0,,, HTTP/1.1" 200 6909
190.171.141.114 - - [09/Sep/2019:12:56:01 -0300] "GET /cormun/servlet/prfichaempleado?,MD,,gxPopupLevel%3D0%3B HTTP/1.1" 200 9377
190.171.141.114 - - [09/Sep/2019:12:56:11 -0300] "POST /cormun/servlet/prfichaempleado?6dab79f2de8fd41a68150e406d8f42ae,,MD,,gxPopupLevel%3D0%3B,gx-no-cache=1568044251903 HTTP/1.1" 200 3186
186.103.159.188 - - [09/Sep/2019:12:56:14 -0300] "GET /cormun/servlet/hlogin HTTP/1.1" 200 1718
190.171.141.114 - - [09/Sep/2019:12:56:15 -0300] "POST /cormun/servlet/prfichaempleado?6dab79f2de8fd41a68150e406d8f42ae,,MD,,gxPopupLevel%3D0%3B,gx-no-cache=1568044256031 HTTP/1.1" 200 3186
190.171.141.114 - - [09/Sep/2019:12:56:21 -0300] "GET /cormun/servlet/prfichaempleado?,MD,,gxPopupLevel%3D0%3B HTTP/1.1" 200 9377
186.103.159.188 - - [09/Sep/2019:12:56:23 -0300] "POST /cormun/servlet/hlogin?5f840d69dd2dfff0a7b5f0b7c2a93845,gx-no-cache=1568044263550 HTTP/1.1" 200 90
186.103.159.188 - - [09/Sep/2019:12:56:23 -0300] "GET /cormun/servlet/hpexe_link HTTP/1.1" 200 949
186.103.159.188 - - [09/Sep/2019:12:56:23 -0300] "GET /cormun/static/hpexe_link.js?20177612121795 HTTP/1.1" 304 -
186.103.159.188 - - [09/Sep/2019:12:56:23 -0300] "GET /cormun/servlet/hhome HTTP/1.1" 200 4045
186.103.159.188 - - [09/Sep/2019:12:56:23 -0300] "GET /cormun/static/Resources/Spanish/PXTools.css?11423723 HTTP/1.1" 304 -
186.103.159.188 - - [09/Sep/2019:12:56:24 -0300] "GET /cormun/static/hhome.js?20175251212450 HTTP/1.1" 304 -
186.103.159.188 - - [09/Sep/2019:12:56:24 -0300] "GET /cormun/static/hwchdr01.js?201752511465785 HTTP/1.1" 304 -
186.103.159.188 - - [09/Sep/2019:12:56:24 -0300] "GET /cormun/static/hpexe_scripts.js?201752511465715 HTTP/1.1" 304 -
186.103.159.188 - - [09/Sep/2019:12:56:24 -0300] "GET /cormun/static/cmcontrolpreferences.js?201752511465670 HTTP/1.1" 304 -
186.103.159.188 - - [09/Sep/2019:12:56:24 -0300] "GET /cormun/static/hpexe_messagecontroller.js?20177611595012 HTTP/1.1" 304 -
186.103.159.188 - - [09/Sep/2019:12:56:24 -0300] "GET /cormun/static/hpexe_messagegenexuscomponent.js?201752511465344 HTTP/1.1" 304 -
186.103.159.188 - - [09/Sep/2019:12:56:24 -0300] "GET /cormun/static/hpexe_recentlink.js?20177611595044 HTTP/1.1" 304 -
186.103.159.188 - - [09/Sep/2019:12:56:24 -0300] "GET /cormun/static/hpexe_messagepopupcomponent.js?20161017169425 HTTP/1.1" 304 -
186.103.159.188 - - [09/Sep/2019:12:56:24 -0300] "GET /cormun/servlet/hhome HTTP/1.1" 200 4040
186.103.159.188 - - [09/Sep/2019:12:56:28 -0300] "GET /cormun/servlet/trlicencias? HTTP/1.1" 200 15825
186.103.159.188 - - [09/Sep/2019:12:56:28 -0300] "GET /cormun/static/Resources/Spanish/PXTools.css?17315867 HTTP/1.1" 304 -
186.103.159.188 - - [09/Sep/2019:12:56:28 -0300] "GET /cormun/static/trlicencias.js?20176272054837 HTTP/1.1" 304 -
186.103.159.188 - - [09/Sep/2019:12:56:29 -0300] "GET /cormun/servlet/trlicencias? HTTP/1.1" 200 15809
190.171.141.114 - - [09/Sep/2019:12:56:34 -0300] "POST /cormun/servlet/prfichaempleado?6dab79f2de8fd41a68150e406d8f42ae,,MD,,gxPopupLevel%3D0%3B,gx-no-cache=1568044275488 HTTP/1.1" 200 3421
190.171.141.114 - - [09/Sep/2019:12:56:38 -0300] "GET /cormun/servlet/permisogoce?00aa7c78b1299e14d48777ced2c44b065df78a422bb8e3befce6fc2dd687c5eea9254c2e07ea49399a81ff1f086ca1c52042f8229de32c3b8c1f04663f51bc2d,gx-no-cache=1568044279508 HTTP/1.1" 200 83
190.171.141.114 - - [09/Sep/2019:12:56:44 -0300] "GET /cormun/servlet/permisogoce?00aa7c78b1299e14d48777ced2c44b06d5d94beda61f43810201910746ec1cf3b2b2645d37e7f5d2e7f2b46e386f10cbcd66f9b563b9d58eadbabe864df3bb06,gx-no-cache=1568044285404 HTTP/1.1" 200 45
190.171.141.114 - - [09/Sep/2019:12:56:56 -0300] "POST /cormun/servlet/permisogoce?6dab79f2de8fd41a68150e406d8f42ae,INS,0,,,,gx-no-cache=1568044296441 HTTP/1.1" 200 93
190.171.141.114 - - [09/Sep/2019:12:56:56 -0300] "GET /cormun/servlet/hpexe_return? HTTP/1.1" 200 1009
190.171.141.114 - - [09/Sep/2019:12:56:56 -0300] "GET /cormun/servlet/trpermisosgoce HTTP/1.1" 200 12758
190.171.141.114 - - [09/Sep/2019:12:56:58 -0300] "GET /cormun/servlet/trpermisosgoce HTTP/1.1" 200 12754
192.168.10.96 - - [09/Sep/2019:12:56:58 -0300] "GET /cormun/servlet/trsolicitudgral? HTTP/1.1" 500 10
190.171.141.114 - - [09/Sep/2019:12:57:04 -0300] "GET /cormun/servlet/trpermisosgoce? HTTP/1.1" 200 12753
190.171.141.114 - - [09/Sep/2019:12:57:06 -0300] "GET /cormun/servlet/trpermisosgoce? HTTP/1.1" 200 12753
190.171.141.114 - - [09/Sep/2019:12:57:13 -0300] "GET /cormun/servlet/apermisogoceprn?17134446,P,20190909124459,PU HTTP/1.1" 200 1653
192.168.10.89 - - [09/Sep/2019:12:57:19 -0300] "GET /cormun/servlet/hlogin HTTP/1.1" 200 1719
192.168.10.89 - - [09/Sep/2019:12:57:20 -0300] "GET /cormun/servlet/hlogin HTTP/1.1" 200 1729
192.168.10.89 - - [09/Sep/2019:12:57:29 -0300] "GET /cormun/servlet/hlogin HTTP/1.1" 200 1721
190.171.141.114 - - [09/Sep/2019:12:57:31 -0300] "GET /cormun/servlet/permisogoce?INS,0,,, HTTP/1.1" 200 6909
190.171.141.114 - - [09/Sep/2019:12:57:33 -0300] "GET /cormun/servlet/permisogoce?INS,0,,, HTTP/1.1" 200 6909
190.171.141.114 - - [09/Sep/2019:12:57:35 -0300] "GET /cormun/servlet/prfichaempleado?,MD,,gxPopupLevel%3D0%3B HTTP/1.1" 200 9377
192.168.10.89 - - [09/Sep/2019:12:57:39 -0300] "POST /cormun/servlet/hlogin?2a68b1c75daef090da5ef966a20bfa98,gx-no-cache=1568044004245 HTTP/1.1" 200 90
192.168.10.89 - - [09/Sep/2019:12:57:39 -0300] "GET /cormun/servlet/hpexe_link HTTP/1.1" 200 951
192.168.10.89 - - [09/Sep/2019:12:57:40 -0300] "GET /cormun/servlet/hhome HTTP/1.1" 200 3893
192.168.10.89 - - [09/Sep/2019:12:57:44 -0300] "GET /cormun/servlet/trsolicitudgral? HTTP/1.1" 200 20468
186.103.159.204 - - [09/Sep/2019:12:57:50 -0300] "GET /cormun/servlet/hlogin HTTP/1.1" 200 1728
186.103.159.204 - - [09/Sep/2019:12:57:51 -0300] "POST /cormun/servlet/hlogin?0580a485a02e501a813cbfaa563bda86,gx-no-cache=1568044351422 HTTP/1.1" 200 90
186.103.159.204 - - [09/Sep/2019:12:57:51 -0300] "GET /cormun/servlet/hpexe_link HTTP/1.1" 200 953
186.103.159.204 - - [09/Sep/2019:12:57:51 -0300] "GET /cormun/servlet/hhome HTTP/1.1" 200 4026
186.103.159.204 - - [09/Sep/2019:12:57:52 -0300] "GET /cormun/servlet/hhome HTTP/1.1" 200 4021
192.168.10.89 - - [09/Sep/2019:12:57:53 -0300] "POST /cormun/servlet/trsolicitudgral?2a68b1c75daef090da5ef966a20bfa98,,gx-no-cache=1568044017827 HTTP/1.1" 200 104
192.168.10.89 - - [09/Sep/2019:12:57:53 -0300] "GET /cormun/SolicitudGral-747.xls HTTP/1.1" 200 17920
186.103.159.204 - - [09/Sep/2019:12:57:54 -0300] "GET /cormun/servlet/trpermisosgoce? HTTP/1.1" 200 12823
186.103.159.204 - - [09/Sep/2019:12:57:54 -0300] "GET /cormun/servlet/trpermisosgoce? HTTP/1.1" 200 12820
190.171.141.114 - - [09/Sep/2019:12:57:55 -0300] "POST /cormun/servlet/prfichaempleado?6dab79f2de8fd41a68150e406d8f42ae,,MD,,gxPopupLevel%3D0%3B,gx-no-cache=1568044355548 HTTP/1.1" 200 3422
190.171.141.114 - - [09/Sep/2019:12:57:59 -0300] "GET /cormun/servlet/permisogoce?00aa7c78b1299e14d48777ced2c44b06abd43d26f3288c61a209c8f3d16d6691a9254c2e07ea49399a81ff1f086ca1c52042f8229de32c3b8c1f04663f51bc2d,gx-no-cache=1568044359974 HTTP/1.1" 200 84
192.168.10.89 - - [09/Sep/2019:12:58:00 -0300] "OPTIONS /cormun/ HTTP/1.1" 200 -
192.168.10.89 - - [09/Sep/2019:12:58:00 -0300] "OPTIONS /cormun/ HTTP/1.1" 200 -
190.171.141.114 - - [09/Sep/2019:12:58:03 -0300] "GET /cormun/servlet/permisogoce?00aa7c78b1299e14d48777ced2c44b067f454c693414312c0df153e69f741fa942d7f4792e0bc8f1aae943299a238f7fcd66f9b563b9d58eadbabe864df3bb06,gx-no-cache=1568044363989 HTTP/1.1" 200 45
192.168.10.89 - - [09/Sep/2019:12:58:05 -0300] "HEAD /cormun/SolicitudGral-747.xls HTTP/1.1" 200 -
192.168.10.89 - - [09/Sep/2019:12:58:05 -0300] "OPTIONS / HTTP/1.1" 200 11217
192.168.10.89 - - [09/Sep/2019:12:58:05 -0300] "HEAD /cormun/SolicitudGral-747.xls HTTP/1.1" 200 -
192.168.10.89 - - [09/Sep/2019:12:58:09 -0300] "GET /cormun/SolicitudGral-747.xls HTTP/1.1" 200 17920
192.168.10.89 - - [09/Sep/2019:12:58:09 -0300] "HEAD /cormun/SolicitudGral-747.xls HTTP/1.1" 200 -
190.171.141.114 - - [09/Sep/2019:12:58:11 -0300] "POST /cormun/servlet/permisogoce?6dab79f2de8fd41a68150e406d8f42ae,INS,0,,,,gx-no-cache=1568044371992 HTTP/1.1" 200 93
190.171.141.114 - - [09/Sep/2019:12:58:11 -0300] "GET /cormun/servlet/hpexe_return? HTTP/1.1" 200 1009
190.171.141.114 - - [09/Sep/2019:12:58:12 -0300] "GET /cormun/servlet/trpermisosgoce HTTP/1.1" 200 12955
190.171.141.114 - - [09/Sep/2019:12:58:14 -0300] "GET /cormun/servlet/trpermisosgoce HTTP/1.1" 200 12951
190.171.141.114 - - [09/Sep/2019:12:58:18 -0300] "GET /cormun/servlet/trpermisosgoce? HTTP/1.1" 200 12945
190.171.141.114 - - [09/Sep/2019:12:58:20 -0300] "GET /cormun/servlet/trpermisosgoce? HTTP/1.1" 200 12955
190.171.141.114 - - [09/Sep/2019:12:58:23 -0300] "GET /cormun/servlet/apermisogoceprn?13220238,P,20190909124636,PU HTTP/1.1" 200 1658
186.103.159.188 - - [09/Sep/2019:13:01:18 -0300] "GET /cormun/servlet/hlogin HTTP/1.1" 200 1718
186.103.159.188 - - [09/Sep/2019:13:01:24 -0300] "POST /cormun/servlet/hlogin?5f840d69dd2dfff0a7b5f0b7c2a93845,gx-no-cache=1568044564638 HTTP/1.1" 200 90
186.103.159.188 - - [09/Sep/2019:13:01:24 -0300] "GET /cormun/servlet/hpexe_link HTTP/1.1" 200 953
186.103.159.188 - - [09/Sep/2019:13:01:24 -0300] "GET /cormun/servlet/trlicencias HTTP/1.1" 200 15811
186.103.159.188 - - [09/Sep/2019:13:01:25 -0300] "GET /cormun/servlet/trlicencias HTTP/1.1" 200 15818
186.103.158.250 - - [09/Sep/2019:13:01:32 -0300] "POST /cormun/servlet/trsolicitudot?910bec20df63c3b9e2e1692e2027f5c1,,gx-no-cache=1568044571567 HTTP/1.1" 200 5905
186.103.158.250 - - [09/Sep/2019:13:01:35 -0300] "POST /cormun/servlet/trsolicitudot?910bec20df63c3b9e2e1692e2027f5c1,,gx-no-cache=1568044574959 HTTP/1.1" 200 107
186.103.158.250 - - [09/Sep/2019:13:01:35 -0300] "GET /cormun/servlet/trsolicitudadjuntos?2019,16055, HTTP/1.1" 200 9916
186.103.158.250 - - [09/Sep/2019:13:01:38 -0300] "GET /cormun/servlet/trsolicitudadjuntos?2019,16055, HTTP/1.1" 200 9920
186.103.158.250 - - [09/Sep/2019:13:01:42 -0300] "GET /cormun/servlet/solicitudotadjuntos?INS,2019,16055,,1, HTTP/1.1" 200 6376
186.103.158.250 - - [09/Sep/2019:13:01:43 -0300] "GET /cormun/static/about:blank HTTP/1.1" 404 1011
186.103.158.250 - - [09/Sep/2019:13:01:44 -0300] "GET /cormun/servlet/solicitudotadjuntos?INS,2019,16055,,1, HTTP/1.1" 200 6370
186.103.158.250 - - [09/Sep/2019:13:01:44 -0300] "GET /cormun/servlet/solicitudotadjuntos?4006979dc519ad146e3255119c4e4f22abeee1436e00d964f64c12e41b45552d78042548f03a22f514d48f139f9c42e1,gx-no-cache=1568044584713 HTTP/1.1" 200 30
186.103.158.250 - - [09/Sep/2019:13:01:45 -0300] "POST /cormun/servlet/solicitudotadjuntos?910bec20df63c3b9e2e1692e2027f5c1,INS,2019,16055,,1,,gx-no-cache=1568044585078 HTTP/1.1" 200 4067
186.103.158.250 - - [09/Sep/2019:13:01:48 -0300] "POST /cormun/servlet/solicitudotadjuntos?gx-no-cache=1568044588796 HTTP/1.1" 200 26
186.103.158.250 - - [09/Sep/2019:13:01:59 -0300] "GET /cormun/servlet/solicitudotadjuntos?4006979dc519ad146e3255119c4e4f22035e623e18589d3e54f7f754fbf92988,gx-no-cache=1568044599829 HTTP/1.1" 200 30
186.103.158.250 - - [09/Sep/2019:13:01:59 -0300] "GET /cormun/servlet/solicitudotadjuntos?4006979dc519ad146e3255119c4e4f22035e623e18589d3e54f7f754fbf92988,gx-no-cache=1568044599867 HTTP/1.1" 200 30
186.103.158.250 - - [09/Sep/2019:13:02:00 -0300] "POST /cormun/servlet/solicitudotadjuntos?910bec20df63c3b9e2e1692e2027f5c1,INS,2019,16055,,1, HTTP/1.1" 200 116
186.103.158.250 - - [09/Sep/2019:13:02:00 -0300] "GET /cormun/servlet/hpexe_return? HTTP/1.1" 200 1027
186.103.158.250 - - [09/Sep/2019:13:02:01 -0300] "GET /cormun/servlet/trsolicitudadjuntos?2019,16055, HTTP/1.1" 200 10170
186.103.158.250 - - [09/Sep/2019:13:02:02 -0300] "GET /cormun/servlet/trsolicitudadjuntos?2019,16055, HTTP/1.1" 200 10166
186.103.158.250 - - [09/Sep/2019:13:02:05 -0300] "GET /cormun/servlet/trautorizarsolicitud? HTTP/1.1" 200 7446
186.103.158.250 - - [09/Sep/2019:13:02:07 -0300] "GET /cormun/servlet/trautorizarsolicitud? HTTP/1.1" 200 7433
186.103.158.250 - - [09/Sep/2019:13:02:12 -0300] "GET /cormun/servlet/trsolicitudot? HTTP/1.1" 200 8897
186.103.158.250 - - [09/Sep/2019:13:02:13 -0300] "GET /cormun/servlet/trsolicitudot? HTTP/1.1" 200 8896
186.103.158.250 - - [09/Sep/2019:13:02:19 -0300] "POST /cormun/servlet/trsolicitudot?910bec20df63c3b9e2e1692e2027f5c1,,gx-no-cache=1568044618851 HTTP/1.1" 200 4755
186.103.158.250 - - [09/Sep/2019:13:02:19 -0300] "GET /cormun/static/Shared/jqueryui/images/ui-bg_highlight-soft_100_c6c2c8_1x100.png HTTP/1.1" 404 1117
186.103.158.250 - - [09/Sep/2019:13:02:19 -0300] "GET /cormun/static/Shared/jqueryui/images/ui-icons_82798d_256x240.png HTTP/1.1" 404 1089
186.103.158.250 - - [09/Sep/2019:13:02:19 -0300] "GET /cormun/static/Shared/jqueryui/images/ui-bg_flat_55_fafafa_40x100.png HTTP/1.1" 404 1097
186.103.158.250 - - [09/Sep/2019:13:02:19 -0300] "GET /cormun/static/Shared/jqueryui/images/ui-icons_8d78a5_256x240.png HTTP/1.1" 404 1089
186.103.158.250 - - [09/Sep/2019:13:02:19 -0300] "POST /cormun/servlet/trsolicitudot?910bec20df63c3b9e2e1692e2027f5c1,,gx-no-cache=1568044619386 HTTP/1.1" 200 4535
186.103.158.250 - - [09/Sep/2019:13:02:23 -0300] "GET /cormun/servlet/trautorizarsolicitud? HTTP/1.1" 200 8792
186.103.158.250 - - [09/Sep/2019:13:02:24 -0300] "GET /cormun/servlet/trautorizarsolicitud? HTTP/1.1" 200 8794
186.103.158.250 - - [09/Sep/2019:13:02:32 -0300] "POST /cormun/servlet/trautorizarsolicitud?910bec20df63c3b9e2e1692e2027f5c1,,gx-no-cache=1568044631885 HTTP/1.1" 200 4684
186.103.158.250 - - [09/Sep/2019:13:02:32 -0300] "POST /cormun/servlet/trautorizarsolicitud?910bec20df63c3b9e2e1692e2027f5c1,,gx-no-cache=1568044632293 HTTP/1.1" 200 4466
186.103.158.250 - - [09/Sep/2019:13:02:36 -0300] "GET /cormun/servlet/trsolicitudot? HTTP/1.1" 200 7546
186.103.158.250 - - [09/Sep/2019:13:02:38 -0300] "GET /cormun/servlet/trsolicitudot? HTTP/1.1" 200 7546
186.103.158.250 - - [09/Sep/2019:13:02:41 -0300] "GET /cormun/servlet/solicitudot?INS,0,0, HTTP/1.1" 200 15378
186.103.158.250 - - [09/Sep/2019:13:02:43 -0300] "GET /cormun/servlet/solicitudot?INS,0,0, HTTP/1.1" 200 15383
190.171.141.90 - - [09/Sep/2019:13:03:17 -0300] "GET /cormun/servlet/licenciaspermisos?DSP,10049006,L,20190813000000, HTTP/1.1" 200 6309
190.171.141.90 - - [09/Sep/2019:13:03:18 -0300] "GET /cormun/static/gxcfg.js?201762917281167 HTTP/1.1" 200 953
190.171.141.90 - - [09/Sep/2019:13:03:18 -0300] "GET /cormun/static/Resources/prompt.gif HTTP/1.1" 200 902
190.171.141.90 - - [09/Sep/2019:13:03:18 -0300] "GET /cormun/static/licenciaspermisos.js?201762917281260 HTTP/1.1" 200 37491
190.171.141.90 - - [09/Sep/2019:13:03:18 -0300] "GET /cormun/servlet/hlogin HTTP/1.1" 200 1766
190.171.141.90 - - [09/Sep/2019:13:03:18 -0300] "GET /cormun/servlet/licenciaspermisos?DSP,10049006,L,20190813000000, HTTP/1.1" 200 6306
190.171.144.234 - - [09/Sep/2019:13:03:28 -0300] "GET /cormun/servlet/hlogin HTTP/1.1" 200 1725
190.171.144.234 - - [09/Sep/2019:13:03:28 -0300] "GET /cormun/static/gxtimezone.js?85251 HTTP/1.1" 200 5781
190.171.144.234 - - [09/Sep/2019:13:03:28 -0300] "GET /cormun/static/gxcfg.js?20177612122725 HTTP/1.1" 200 953
190.171.144.234 - - [09/Sep/2019:13:03:28 -0300] "GET /cormun/static/messages.spa.js?85251 HTTP/1.1" 200 30736
190.171.144.234 - - [09/Sep/2019:13:03:28 -0300] "GET /cormun/static/Resources/ComunLogin.png HTTP/1.1" 200 17326
190.171.144.234 - - [09/Sep/2019:13:03:28 -0300] "GET /cormun/static/hlogin.js?20177612122738 HTTP/1.1" 200 2136
190.171.144.234 - - [09/Sep/2019:13:03:28 -0300] "GET /cormun/static/Resources/Spanish/PXTools.css?1155365 HTTP/1.1" 200 89042
190.171.144.234 - - [09/Sep/2019:13:03:28 -0300] "GET /cormun/static/gxgral.js?85251 HTTP/1.1" 200 384558
190.171.144.234 - - [09/Sep/2019:13:03:28 -0300] "GET /cormun/static/Resources/PXToolsLoginTop.png HTTP/1.1" 200 1337
190.171.144.234 - - [09/Sep/2019:13:03:28 -0300] "GET /cormun/static/Resources/PXToolsLoginBackground.png HTTP/1.1" 200 1164
190.171.144.234 - - [09/Sep/2019:13:03:28 -0300] "GET /cormun/static/Resources/PXToolsButtonRight21.png HTTP/1.1" 200 1283
190.171.144.234 - - [09/Sep/2019:13:03:28 -0300] "GET /cormun/static/Resources/PXToolsLoginBottom.png HTTP/1.1" 200 1389
190.171.144.234 - - [09/Sep/2019:13:03:28 -0300] "GET /cormun/static/Resources/PXToolsButtonBackground2.png HTTP/1.1" 200 1181
190.171.144.234 - - [09/Sep/2019:13:03:28 -0300] "GET /cormun/static/Resources/PXToolsButtonLeft21.png HTTP/1.1" 200 1287
190.171.144.234 - - [09/Sep/2019:13:03:28 -0300] "GET /cormun/servlet/hlogin HTTP/1.1" 200 1735
190.171.144.234 - - [09/Sep/2019:13:03:28 -0300] "GET /cormun/static/Resources/indicator.gif HTTP/1.1" 200 1553
190.171.144.234 - - [09/Sep/2019:13:03:28 -0300] "GET /cormun/static/Resources/indicator.gif HTTP/1.1" 206 1
190.171.144.234 - - [09/Sep/2019:13:03:28 -0300] "GET /cormun/static/Resources/indicator.gif HTTP/1.1" 206 321
190.171.144.234 - - [09/Sep/2019:13:03:28 -0300] "GET /favicon.ico HTTP/1.1" 200 21630
190.171.144.234 - - [09/Sep/2019:13:03:36 -0300] "POST /cormun/servlet/hlogin?389a223847195fdbf0e07052496a8333,gx-no-cache=1568044697447 HTTP/1.1" 200 90
190.171.144.234 - - [09/Sep/2019:13:03:36 -0300] "GET /cormun/servlet/hpexe_link HTTP/1.1" 200 953
190.171.144.234 - - [09/Sep/2019:13:03:36 -0300] "GET /cormun/static/gxcfg.js?20177612121792 HTTP/1.1" 200 953
