192.168.10.96 - - [09/Sep/2019:12:01:47 -0300] "GET /cormun/static/Shared/jqueryui/images/ui-bg_flat_55_fafafa_40x100.png HTTP/1.1" 404 1097
186.67.164.138 - - [09/Sep/2019:12:01:48 -0300] "GET /cormun/servlet/trlicencias? HTTP/1.1" 200 15158
192.168.10.96 - - [09/Sep/2019:12:01:48 -0300] "GET /cormun/servlet/trautorizarot? HTTP/1.1" 200 10029
192.168.10.96 - - [09/Sep/2019:12:01:49 -0300] "GET /cormun/servlet/trautorizarot? HTTP/1.1" 200 10028
186.67.164.138 - - [09/Sep/2019:12:01:49 -0300] "GET /cormun/servlet/trlicencias? HTTP/1.1" 200 15003
186.67.164.138 - - [09/Sep/2019:12:01:50 -0300] "GET /favicon.ico HTTP/1.1" 200 21630
192.168.10.96 - - [09/Sep/2019:12:01:52 -0300] "POST /cormun/servlet/trautorizarot?a000756e06f337cb827faf1a54272426,,gx-no-cache=1568040657199 HTTP/1.1" 200 6538
192.168.10.96 - - [09/Sep/2019:12:01:56 -0300] "GET /cormun/servlet/trsolicitudgral? HTTP/1.1" 200 8357
192.168.10.96 - - [09/Sep/2019:12:01:56 -0300] "GET /cormun/servlet/trsolicitudgral? HTTP/1.1" 200 8357
192.168.10.96 - - [09/Sep/2019:12:01:59 -0300] "POST /cormun/servlet/trsolicitudgral?a000756e06f337cb827faf1a54272426,,gx-no-cache=1568040663795 HTTP/1.1" 200 6590
192.168.10.96 - - [09/Sep/2019:12:02:00 -0300] "GET /cormun/servlet/vesolicitudgral?2019,15915,, HTTP/1.1" 200 8425
192.168.10.96 - - [09/Sep/2019:12:02:00 -0300] "GET /cormun/pexe_scrolldiv.js HTTP/1.1" 404 1009
192.168.10.96 - - [09/Sep/2019:12:02:01 -0300] "GET /cormun/pexe_scrolldiv.js HTTP/1.1" 404 1009
192.168.10.96 - - [09/Sep/2019:12:02:01 -0300] "GET /cormun/servlet/vesolicitudgral?2019,15915,, HTTP/1.1" 200 8424
192.168.10.96 - - [09/Sep/2019:12:02:04 -0300] "GET /cormun/servlet/vesolicitudgral?2019,15915,,SolicitudOTAdjuntos HTTP/1.1" 200 10670
192.168.10.96 - - [09/Sep/2019:12:02:04 -0300] "GET /cormun/pexe_scrolldiv.js HTTP/1.1" 404 1009
192.168.10.96 - - [09/Sep/2019:12:02:04 -0300] "GET /cormun/pexe_scrolldiv.js HTTP/1.1" 404 1009
192.168.10.96 - - [09/Sep/2019:12:02:05 -0300] "GET /cormun/servlet/vesolicitudgral?2019,15915,,SolicitudOTAdjuntos HTTP/1.1" 200 10675
192.168.10.96 - - [09/Sep/2019:12:02:05 -0300] "POST /cormun/servlet/acontrolpreferencessavestate?None,RRHH+DANIELA,true HTTP/1.1" 200 35
192.168.10.96 - - [09/Sep/2019:12:02:06 -0300] "GET /cormun/PublicTempStorage/ced.identidad887529.pdf HTTP/1.1" 200 91892
192.168.10.96 - - [09/Sep/2019:12:02:21 -0300] "GET /cormun/PublicTempStorage/cuprum7807119.pdf HTTP/1.1" 200 407478
192.168.10.96 - - [09/Sep/2019:12:02:30 -0300] "GET /cormun/PublicTempStorage/fonasa885649.pdf HTTP/1.1" 200 131717
192.168.10.96 - - [09/Sep/2019:12:03:38 -0300] "GET /cormun/PublicTempStorage/cert._antecedentes_marisel3207399.pdf HTTP/1.1" 200 176731
192.168.10.96 - - [09/Sep/2019:12:03:47 -0300] "GET /cormun/PublicTempStorage/curriculum_marisel1905588.pdf HTTP/1.1" 200 749923
192.168.10.96 - - [09/Sep/2019:12:04:06 -0300] "GET /cormun/PublicTempStorage/titulo_marisel3677047.pdf HTTP/1.1" 200 226863
200.54.237.82 - - [09/Sep/2019:12:07:26 -0300] "GET /cormun/servlet/trlicencias? HTTP/1.1" 200 7296
200.54.237.82 - - [09/Sep/2019:12:07:27 -0300] "GET /cormun/servlet/hlogin HTTP/1.1" 200 1738
192.168.10.89 - - [09/Sep/2019:12:08:01 -0300] "GET /digitalizacion/servlet/wblogin? HTTP/1.1" 200 2311
192.168.10.89 - - [09/Sep/2019:12:08:02 -0300] "GET /digitalizacion/static/gxcfg.js?201842010284377 HTTP/1.1" 304 -
192.168.10.89 - - [09/Sep/2019:12:08:02 -0300] "GET /digitalizacion/static/Resources/Comun33.png HTTP/1.1" 304 -
192.168.10.89 - - [09/Sep/2019:12:08:02 -0300] "GET /digitalizacion/static/wblogin.js?201842010284433 HTTP/1.1" 304 -
192.168.10.89 - - [09/Sep/2019:12:08:02 -0300] "GET /digitalizacion/static/hmplogin.js?201841414365131 HTTP/1.1" 304 -
192.168.10.89 - - [09/Sep/2019:12:08:02 -0300] "GET /digitalizacion/servlet/wblogin? HTTP/1.1" 200 2323
200.54.237.82 - - [09/Sep/2019:12:08:05 -0300] "POST /cormun/servlet/hlogin?51909d567bb47c9afbca0e374d36735b,gx-no-cache=1568041365545 HTTP/1.1" 200 90
200.54.237.82 - - [09/Sep/2019:12:08:05 -0300] "GET /cormun/servlet/hpexe_link HTTP/1.1" 200 957
192.168.10.89 - - [09/Sep/2019:12:08:05 -0300] "POST /digitalizacion/servlet/wblogin?ad60612d50308faf1ed96b6d3aa5fc5f,,gx-no-cache=1568041029932 HTTP/1.1" 200 65
192.168.10.89 - - [09/Sep/2019:12:08:05 -0300] "GET /digitalizacion/servlet/hhome HTTP/1.1" 200 2826
192.168.10.89 - - [09/Sep/2019:12:08:05 -0300] "GET /digitalizacion/static/gxcfg.js?201841414272279 HTTP/1.1" 304 -
200.54.237.82 - - [09/Sep/2019:12:08:05 -0300] "GET /cormun/servlet/trlicencias HTTP/1.1" 200 10527
192.168.10.89 - - [09/Sep/2019:12:08:06 -0300] "GET /digitalizacion/servlet/hhome HTTP/1.1" 200 2825
192.168.10.89 - - [09/Sep/2019:12:08:10 -0300] "GET /digitalizacion/servlet/trdocumentos? HTTP/1.1" 200 9882
192.168.10.89 - - [09/Sep/2019:12:08:10 -0300] "GET /digitalizacion/static/gxcfg.js?20186221492466 HTTP/1.1" 304 -
192.168.10.89 - - [09/Sep/2019:12:08:10 -0300] "GET /digitalizacion/static/trdocumentos.js?20186221492798 HTTP/1.1" 304 -
192.168.10.89 - - [09/Sep/2019:12:08:11 -0300] "GET /digitalizacion/static/Shared/ext/resources/themes/images/default/tools/tool-sprites.gif HTTP/1.1" 304 -
192.168.10.89 - - [09/Sep/2019:12:08:11 -0300] "POST /digitalizacion/servlet/trdocumentos?gx-no-cache=1568041035848 HTTP/1.1" 200 449
192.168.10.89 - - [09/Sep/2019:12:08:11 -0300] "GET /digitalizacion/servlet/trdocumentos? HTTP/1.1" 200 9879
192.168.10.89 - - [09/Sep/2019:12:08:11 -0300] "POST /digitalizacion/servlet/trdocumentos?gx-no-cache=1568041036003 HTTP/1.1" 200 78
192.168.10.89 - - [09/Sep/2019:12:08:14 -0300] "POST /digitalizacion/servlet/trdocumentos?gx-no-cache=1568041039257 HTTP/1.1" 200 237
200.54.237.82 - - [09/Sep/2019:12:08:15 -0300] "GET /cormun/servlet/licenciaspermisos?INS,0,,, HTTP/1.1" 200 7866
200.54.237.82 - - [09/Sep/2019:12:08:15 -0300] "GET /cormun/static/gxcfg.js?201762917281167 HTTP/1.1" 200 953
200.54.237.82 - - [09/Sep/2019:12:08:15 -0300] "GET /cormun/static/Resources/prompt.gif HTTP/1.1" 200 902
200.54.237.82 - - [09/Sep/2019:12:08:15 -0300] "GET /cormun/static/licenciaspermisos.js?201762917281260 HTTP/1.1" 200 37491
192.168.10.89 - - [09/Sep/2019:12:08:21 -0300] "POST /digitalizacion/servlet/trdocumentos?ad60612d50308faf1ed96b6d3aa5fc5f,,gx-no-cache=1568041044066 HTTP/1.1" 200 4164
192.168.10.89 - - [09/Sep/2019:12:08:25 -0300] "GET /digitalizacion/servlet/wbadjunto?9618,PU HTTP/1.1" 302 -
192.168.10.89 - - [09/Sep/2019:12:08:25 -0300] "GET /digitalizacion/PublicTempStorage/3383340.tmp HTTP/1.1" 200 975496
192.168.10.89 - - [09/Sep/2019:12:09:00 -0300] "POST /digitalizacion/servlet/trdocumentos?gx-no-cache=1568041084416 HTTP/1.1" 200 186
192.168.10.89 - - [09/Sep/2019:12:09:03 -0300] "POST /digitalizacion/servlet/trdocumentos?ad60612d50308faf1ed96b6d3aa5fc5f,,gx-no-cache=1568041086914 HTTP/1.1" 200 3821
192.168.10.89 - - [09/Sep/2019:12:09:06 -0300] "GET /digitalizacion/servlet/wbadjunto?21147,PU HTTP/1.1" 302 -
192.168.10.89 - - [09/Sep/2019:12:09:06 -0300] "GET /digitalizacion/PublicTempStorage/9217427.tmp HTTP/1.1" 200 914646
192.168.10.89 - - [09/Sep/2019:12:09:32 -0300] "GET /digitalizacion/servlet/wbadjunto?21146,PU HTTP/1.1" 302 -
192.168.10.89 - - [09/Sep/2019:12:09:32 -0300] "GET /digitalizacion/PublicTempStorage/3469716.tmp HTTP/1.1" 200 450814
200.54.237.82 - - [09/Sep/2019:12:13:33 -0300] "GET /cormun/static/Resources/resize.gif HTTP/1.1" 200 77
200.54.237.82 - - [09/Sep/2019:12:13:34 -0300] "GET /cormun/servlet/prfichaempleado?,MD,,gxPopupLevel%3D0%3B HTTP/1.1" 200 9435
200.54.237.82 - - [09/Sep/2019:12:13:34 -0300] "GET /cormun/static/gxcfg.js?20177612134814 HTTP/1.1" 200 953
200.54.237.82 - - [09/Sep/2019:12:13:34 -0300] "GET /cormun/static/Resources/PXToolsMenuSearch.png HTTP/1.1" 200 2914
200.54.237.82 - - [09/Sep/2019:12:13:34 -0300] "GET /cormun/static/Resources/PXToolsMenuSearchCancel.png HTTP/1.1" 200 2972
200.54.237.82 - - [09/Sep/2019:12:13:34 -0300] "GET /cormun/static/menusearch.js?201610171694467 HTTP/1.1" 200 1424
200.54.237.82 - - [09/Sep/2019:12:13:34 -0300] "GET /cormun/static/prfichaempleado.js?20177612134999 HTTP/1.1" 200 16006
200.54.237.82 - - [09/Sep/2019:12:13:34 -0300] "GET /cormun/static/hmpwkw011.js?20177612121862 HTTP/1.1" 200 1968
200.54.237.82 - - [09/Sep/2019:12:13:47 -0300] "POST /cormun/servlet/prfichaempleado?51909d567bb47c9afbca0e374d36735b,,MD,,gxPopupLevel%3D0%3B,gx-no-cache=1568041707679 HTTP/1.1" 200 3424
200.54.237.82 - - [09/Sep/2019:12:13:51 -0300] "GET /cormun/servlet/licenciaspermisos?f24fb1b45a5325fb099b5c740e14fd36e6e9b1e9aff4e6954217e958f1a09125553b0148f8be5fada18dcd0da27b2ab3,gx-no-cache=1568041711530 HTTP/1.1" 200 94
200.54.237.82 - - [09/Sep/2019:12:13:51 -0300] "POST /cormun/servlet/licenciaspermisos?51909d567bb47c9afbca0e374d36735b,INS,0,,,,gx-no-cache=1568041711727 HTTP/1.1" 200 4958
200.54.237.82 - - [09/Sep/2019:12:15:23 -0300] "GET /cormun/static/menuarrow.gif HTTP/1.1" 404 1015
200.54.103.162 - - [09/Sep/2019:12:23:05 -0300] "POST /cormun/servlet/trlicencias?153794f3b8ad221f48cfb4dca755e100,gx-no-cache=1568042265786 HTTP/1.1" 440 972
200.54.103.162 - - [09/Sep/2019:12:23:07 -0300] "GET /cormun/servlet/trlicencias HTTP/1.1" 200 7296
200.54.103.162 - - [09/Sep/2019:12:23:08 -0300] "GET /cormun/servlet/hlogin HTTP/1.1" 200 1736
200.54.103.162 - - [09/Sep/2019:12:23:08 -0300] "GET /cormun/servlet/trlicencias HTTP/1.1" 200 7296
200.54.103.162 - - [09/Sep/2019:12:23:20 -0300] "POST /cormun/servlet/hlogin?c1e6de3dfdff60ae32b750d074f9a46d,gx-no-cache=1568042280009 HTTP/1.1" 200 90
200.54.103.162 - - [09/Sep/2019:12:23:20 -0300] "GET /cormun/servlet/hpexe_link HTTP/1.1" 200 957
200.54.103.162 - - [09/Sep/2019:12:23:20 -0300] "GET /cormun/servlet/trlicencias HTTP/1.1" 200 15409
200.54.103.162 - - [09/Sep/2019:12:23:22 -0300] "GET /cormun/servlet/trlicencias HTTP/1.1" 200 15398
192.168.10.89 - - [09/Sep/2019:12:24:42 -0300] "GET /digitalizacion/servlet/wbadjunto?21144,PU HTTP/1.1" 302 -
192.168.10.89 - - [09/Sep/2019:12:24:42 -0300] "GET /digitalizacion/PublicTempStorage/1780633.tmp HTTP/1.1" 200 515744
192.168.10.89 - - [09/Sep/2019:12:24:48 -0300] "GET /digitalizacion/servlet/wbadjunto?21143,PU HTTP/1.1" 302 -
192.168.10.89 - - [09/Sep/2019:12:24:48 -0300] "GET /digitalizacion/PublicTempStorage/7647813.tmp HTTP/1.1" 200 483673
192.168.10.89 - - [09/Sep/2019:12:24:52 -0300] "GET /digitalizacion/servlet/wbadjunto?21145,PU HTTP/1.1" 302 -
192.168.10.89 - - [09/Sep/2019:12:24:52 -0300] "GET /digitalizacion/PublicTempStorage/3181993.tmp HTTP/1.1" 200 489092
78.108.177.52 - - [09/Sep/2019:12:24:59 -0300] "GET / HTTP/1.0" 200 11197
192.168.10.89 - - [09/Sep/2019:12:25:00 -0300] "POST /digitalizacion/servlet/trdocumentos?gx-no-cache=1568042044775 HTTP/1.1" 200 147
192.168.10.89 - - [09/Sep/2019:12:25:02 -0300] "POST /digitalizacion/servlet/trdocumentos?ad60612d50308faf1ed96b6d3aa5fc5f,,gx-no-cache=1568042046015 HTTP/1.1" 200 3709
192.168.10.89 - - [09/Sep/2019:12:25:06 -0300] "GET /digitalizacion/servlet/wbadjunto?2951,PU HTTP/1.1" 302 -
192.168.10.89 - - [09/Sep/2019:12:25:06 -0300] "GET /digitalizacion/PublicTempStorage/5118066.tmp HTTP/1.1" 200 471086
192.168.10.89 - - [09/Sep/2019:12:25:09 -0300] "GET /digitalizacion/servlet/wbadjunto?2952,PU HTTP/1.1" 302 -
192.168.10.89 - - [09/Sep/2019:12:25:09 -0300] "GET /digitalizacion/PublicTempStorage/199254.tmp HTTP/1.1" 200 386461
192.168.10.89 - - [09/Sep/2019:12:25:12 -0300] "GET /digitalizacion/servlet/wbadjunto?2953,PU HTTP/1.1" 302 -
192.168.10.89 - - [09/Sep/2019:12:25:12 -0300] "GET /digitalizacion/PublicTempStorage/6307631.tmp HTTP/1.1" 200 502018
192.168.10.89 - - [09/Sep/2019:12:25:15 -0300] "GET /digitalizacion/servlet/wbadjunto?2954,PU HTTP/1.1" 302 -
192.168.10.89 - - [09/Sep/2019:12:25:15 -0300] "GET /digitalizacion/PublicTempStorage/3113705.tmp HTTP/1.1" 200 886410
192.168.10.89 - - [09/Sep/2019:12:25:20 -0300] "POST /digitalizacion/servlet/trdocumentos?gx-no-cache=1568042064968 HTTP/1.1" 200 234
192.168.10.89 - - [09/Sep/2019:12:25:23 -0300] "POST /digitalizacion/servlet/trdocumentos?ad60612d50308faf1ed96b6d3aa5fc5f,,gx-no-cache=1568042066327 HTTP/1.1" 200 3752
190.171.142.10 - - [09/Sep/2019:12:26:15 -0300] "GET /cormun/servlet/hlogin HTTP/1.1" 200 1721
200.54.237.82 - - [09/Sep/2019:12:26:34 -0300] "GET /cormun/servlet/prfichaempleado?,MD,,gxPopupLevel%3D0%3B HTTP/1.1" 200 9435
200.54.237.82 - - [09/Sep/2019:12:26:37 -0300] "GET /cormun/servlet/licenciaspermisos?f24fb1b45a5325fb099b5c740e14fd363044a81477f77b3fb240c8993c12bb0491bd192de2ba035cd0642d3145fba8b3a35cdd9dae75a98def0e924c1548e37003d141b18a9a1a19fdd839bb86a56f3deb4002c95189983a7dcc1ca66a7de6c731a305d31ce24b2b78e09780090a58225e11b6ba7c2188bac0e5fc4b7161599a08dcbc2c3ea296a6ad7ba2930d34fa7686f003701432487b5cb3f8f77fea354f5553e49b77dec48222519cdfb8031c3a,gx-no-cache=1568042477079 HTTP/1.1" 200 30
200.54.237.82 - - [09/Sep/2019:12:26:39 -0300] "GET /cormun/servlet/licenciaspermisos?f24fb1b45a5325fb099b5c740e14fd363044a81477f77b3fb240c8993c12bb04a8529ce9f289bed95bf3b5ffbe65d4fba35cdd9dae75a98def0e924c1548e37003d141b18a9a1a19fdd839bb86a56f3deb4002c95189983a7dcc1ca66a7de6c731a305d31ce24b2b78e09780090a58225e11b6ba7c2188bac0e5fc4b7161599a08dcbc2c3ea296a6ad7ba2930d34fa7686f003701432487b5cb3f8f77fea354f5553e49b77dec48222519cdfb8031c3a,gx-no-cache=1568042479442 HTTP/1.1" 200 30
200.54.237.82 - - [09/Sep/2019:12:26:39 -0300] "POST /cormun/servlet/licenciaspermisos?51909d567bb47c9afbca0e374d36735b,INS,0,,,,gx-no-cache=1568042479568 HTTP/1.1" 200 5053
190.171.142.10 - - [09/Sep/2019:12:26:41 -0300] "POST /cormun/servlet/hlogin?cbd9d12e3d1f1ad91cc5a12fac5a1f60,gx-no-cache=1568042480322 HTTP/1.1" 200 90
190.171.142.10 - - [09/Sep/2019:12:26:41 -0300] "GET /cormun/servlet/hpexe_link HTTP/1.1" 200 950
190.171.142.10 - - [09/Sep/2019:12:26:41 -0300] "GET /cormun/servlet/hhome HTTP/1.1" 200 4041
200.54.237.82 - - [09/Sep/2019:12:26:42 -0300] "GET /cormun/servlet/prfichaempleado?,MD,,gxPopupLevel%3D0%3B HTTP/1.1" 200 9435
190.171.142.10 - - [09/Sep/2019:12:26:43 -0300] "GET /cormun/servlet/hhome HTTP/1.1" 200 4037
200.54.237.82 - - [09/Sep/2019:12:26:49 -0300] "GET /cormun/servlet/licenciaspermisos?f24fb1b45a5325fb099b5c740e14fd36e6e9b1e9aff4e6954217e958f1a091250a63bc15259cd09efe2bfd510e7a1a70ce0904eceb7f4f6026c47973e1f065768c0e488fe96a23f31c5eedfc92c5df497537a3ebc9e77c7be39570184a07b4ff1e8761657520272d60cfe8d4893ce7835553e49b77dec48222519cdfb8031c3a,gx-no-cache=1568042489669 HTTP/1.1" 200 93
200.54.237.82 - - [09/Sep/2019:12:26:49 -0300] "POST /cormun/servlet/licenciaspermisos?51909d567bb47c9afbca0e374d36735b,INS,0,,,,gx-no-cache=1568042489799 HTTP/1.1" 200 5042
200.54.237.82 - - [09/Sep/2019:12:26:52 -0300] "GET /cormun/servlet/licenciaspermisos?f24fb1b45a5325fb099b5c740e14fd363044a81477f77b3fb240c8993c12bb0491bd192de2ba035cd0642d3145fba8b3a35cdd9dae75a98def0e924c1548e37003d141b18a9a1a19fdd839bb86a56f3deb4002c95189983a7dcc1ca66a7de6c731a305d31ce24b2b78e09780090a58225e11b6ba7c2188bac0e5fc4b7161599a08dcbc2c3ea296a6ad7ba2930d34fa7686f003701432487b5cb3f8f77fea354f5553e49b77dec48222519cdfb8031c3a,gx-no-cache=1568042492160 HTTP/1.1" 200 30
200.54.237.82 - - [09/Sep/2019:12:26:52 -0300] "POST /cormun/servlet/licenciaspermisos?51909d567bb47c9afbca0e374d36735b,INS,0,,,,gx-no-cache=1568042492252 HTTP/1.1" 200 5050
200.54.237.82 - - [09/Sep/2019:12:27:18 -0300] "GET /cormun/servlet/licenciaspermisos?f24fb1b45a5325fb099b5c740e14fd36e6e9b1e9aff4e6954217e958f1a091250a63bc15259cd09efe2bfd510e7a1a70ce0904eceb7f4f6026c47973e1f065768c0e488fe96a23f31c5eedfc92c5df497537a3ebc9e77c7be39570184a07b4ff1e8761657520272d60cfe8d4893ce7835553e49b77dec48222519cdfb8031c3a,gx-no-cache=1568042518254 HTTP/1.1" 200 93
200.54.237.82 - - [09/Sep/2019:12:27:18 -0300] "POST /cormun/servlet/licenciaspermisos?51909d567bb47c9afbca0e374d36735b,INS,0,,,,gx-no-cache=1568042518562 HTTP/1.1" 200 5039
200.54.237.82 - - [09/Sep/2019:12:27:18 -0300] "GET /cormun/servlet/licenciaspermisos?f24fb1b45a5325fb099b5c740e14fd36920f8fc97d0d800f076394b3e67bc02d640715923cd22c3f3bb68481ac2496a74db9ddcc9395da8452ea84cdb4c4b64be3c43c037e6979b3bc3275ed1631771578c9e6f2e8de4acf9bf3231a9f76ccc80733e1b4e1b1598d82db1fbb3720cb5b970a06ff3f9675c70fd2333948dd724e1b10c308ea13e07cd847481c4f0303021f24ddcea4ff805f27db5444d1c58d46dbb84e42afcd0c99c0e7f5f859229a02,gx-no-cache=1568042518910 HTTP/1.1" 200 29
200.54.237.82 - - [09/Sep/2019:12:27:19 -0300] "POST /cormun/servlet/licenciaspermisos?51909d567bb47c9afbca0e374d36735b,INS,0,,,,gx-no-cache=1568042519022 HTTP/1.1" 200 93
200.54.237.82 - - [09/Sep/2019:12:27:19 -0300] "GET /cormun/servlet/hpexe_return? HTTP/1.1" 200 1014
200.54.237.82 - - [09/Sep/2019:12:27:19 -0300] "GET /cormun/static/gxcfg.js?2016101716175148 HTTP/1.1" 200 953
200.54.237.82 - - [09/Sep/2019:12:27:19 -0300] "GET /cormun/static/hpexe_return.js?2016101716175153 HTTP/1.1" 200 1633
200.54.237.82 - - [09/Sep/2019:12:27:20 -0300] "GET /cormun/static/Resources/Spanish/PXTools.css?167811 HTTP/1.1" 200 89042
200.54.237.82 - - [09/Sep/2019:12:27:20 -0300] "GET /cormun/servlet/trlicencias HTTP/1.1" 200 11007
200.54.237.82 - - [09/Sep/2019:12:27:21 -0300] "GET /cormun//static/Resources/PXToolsGridUpdate.png HTTP/1.1" 200 2984
200.54.237.82 - - [09/Sep/2019:12:27:21 -0300] "GET /cormun//static/Resources/PXToolsGridDelete.png HTTP/1.1" 200 357
200.54.237.82 - - [09/Sep/2019:12:27:28 -0300] "GET /cormun/servlet/alicenciaprn?18446514,L,20190909000000,PU HTTP/1.1" 200 1530
190.171.141.122 - - [09/Sep/2019:12:27:33 -0300] "GET /cormun/servlet/trsolicitudot? HTTP/1.1" 200 6426
190.171.141.122 - - [09/Sep/2019:12:27:34 -0300] "GET /cormun/servlet/hlogin HTTP/1.1" 200 1742
190.171.141.122 - - [09/Sep/2019:12:27:34 -0300] "GET /cormun/servlet/trsolicitudot? HTTP/1.1" 200 6419
190.171.141.122 - - [09/Sep/2019:12:27:44 -0300] "POST /cormun/servlet/hlogin?9380298336f813ff435f45c74f8750cb,gx-no-cache=1568042544534 HTTP/1.1" 200 454
190.171.141.122 - - [09/Sep/2019:12:27:48 -0300] "POST /cormun/servlet/hlogin?9380298336f813ff435f45c74f8750cb,gx-no-cache=1568042548762 HTTP/1.1" 200 90
190.171.141.122 - - [09/Sep/2019:12:27:48 -0300] "GET /cormun/servlet/hpexe_link HTTP/1.1" 200 958
190.171.141.122 - - [09/Sep/2019:12:27:48 -0300] "GET /cormun/servlet/trsolicitudot HTTP/1.1" 200 7377
190.171.141.122 - - [09/Sep/2019:12:27:49 -0300] "GET /cormun/servlet/trsolicitudot HTTP/1.1" 200 7376
190.171.142.10 - - [09/Sep/2019:12:27:52 -0300] "GET /cormun/servlet/trpermisosgoce? HTTP/1.1" 200 8387
190.171.141.122 - - [09/Sep/2019:12:27:53 -0300] "GET /cormun/servlet/trcontratosolicitud? HTTP/1.1" 200 14768
190.171.142.10 - - [09/Sep/2019:12:27:53 -0300] "GET /cormun/servlet/trpermisosgoce? HTTP/1.1" 200 8385
190.171.141.122 - - [09/Sep/2019:12:27:54 -0300] "GET /cormun/servlet/trcontratosolicitud? HTTP/1.1" 200 14774
190.171.142.10 - - [09/Sep/2019:12:28:03 -0300] "POST /cormun/servlet/trpermisosgoce?cbd9d12e3d1f1ad91cc5a12fac5a1f60,,gx-no-cache=1568042563653 HTTP/1.1" 200 5554
190.171.142.10 - - [09/Sep/2019:12:28:12 -0300] "GET /cormun/servlet/permisogoce?INS,0,,, HTTP/1.1" 200 6886
190.171.142.10 - - [09/Sep/2019:12:28:14 -0300] "GET /cormun/servlet/permisogoce?INS,0,,, HTTP/1.1" 200 6889
190.171.141.122 - - [09/Sep/2019:12:29:13 -0300] "GET /cormun/servlet/trsolicitudot? HTTP/1.1" 200 7376
190.171.141.122 - - [09/Sep/2019:12:29:14 -0300] "GET /cormun/servlet/trsolicitudot? HTTP/1.1" 200 7376
190.171.141.122 - - [09/Sep/2019:12:29:21 -0300] "GET /cormun/static/menuarrow.gif HTTP/1.1" 404 1015
190.171.141.122 - - [09/Sep/2019:12:29:28 -0300] "POST /cormun/servlet/trsolicitudot?9380298336f813ff435f45c74f8750cb,,gx-no-cache=1568042648646 HTTP/1.1" 200 4303
190.171.141.122 - - [09/Sep/2019:12:29:37 -0300] "POST /cormun/servlet/trsolicitudot?9380298336f813ff435f45c74f8750cb,,gx-no-cache=1568042657991 HTTP/1.1" 200 6695
190.171.141.114 - - [09/Sep/2019:12:29:46 -0300] "GET /cormun/servlet/hlogin HTTP/1.1" 200 1724
190.171.141.114 - - [09/Sep/2019:12:29:56 -0300] "POST /cormun/servlet/hlogin?6142de73c0a0da9d6aa18e07b2fe771a,gx-no-cache=1568042676883 HTTP/1.1" 200 90
190.171.141.114 - - [09/Sep/2019:12:29:56 -0300] "GET /cormun/servlet/hpexe_link HTTP/1.1" 200 954
190.171.141.114 - - [09/Sep/2019:12:29:56 -0300] "GET /cormun/static/gxcfg.js?20177612121792 HTTP/1.1" 304 -
190.171.141.114 - - [09/Sep/2019:12:29:56 -0300] "GET /cormun/servlet/hhome HTTP/1.1" 200 4068
190.171.141.114 - - [09/Sep/2019:12:29:57 -0300] "GET /cormun/static/gxcfg.js?20175251212442 HTTP/1.1" 304 -
190.171.141.114 - - [09/Sep/2019:12:29:58 -0300] "GET /cormun/servlet/hhome HTTP/1.1" 200 4064
190.171.141.114 - - [09/Sep/2019:12:30:07 -0300] "GET /cormun/servlet/trpermisosgoce? HTTP/1.1" 200 12239
190.171.141.114 - - [09/Sep/2019:12:30:07 -0300] "GET /cormun/static/gxcfg.js?20177612163875 HTTP/1.1" 304 -
190.171.141.114 - - [09/Sep/2019:12:30:09 -0300] "GET /cormun/servlet/trpermisosgoce? HTTP/1.1" 200 12235
190.171.141.114 - - [09/Sep/2019:12:30:13 -0300] "GET /cormun/servlet/trpermisosgoce? HTTP/1.1" 200 12235
190.171.141.114 - - [09/Sep/2019:12:30:15 -0300] "GET /cormun/servlet/trpermisosgoce? HTTP/1.1" 200 12234
190.171.141.114 - - [09/Sep/2019:12:30:20 -0300] "GET /cormun/servlet/permisogoce?INS,0,,, HTTP/1.1" 200 6912
190.171.141.114 - - [09/Sep/2019:12:30:20 -0300] "GET /cormun/static/gxcfg.js?201776126440 HTTP/1.1" 304 -
190.171.141.90 - - [09/Sep/2019:12:30:20 -0300] "GET /cormun/servlet/hlogin HTTP/1.1" 200 1730
190.171.141.90 - - [09/Sep/2019:12:30:20 -0300] "GET /cormun/static/gxtimezone.js?85251 HTTP/1.1" 200 5781
190.171.141.90 - - [09/Sep/2019:12:30:20 -0300] "GET /cormun/static/gxcfg.js?20177612122725 HTTP/1.1" 200 953
190.171.141.90 - - [09/Sep/2019:12:30:20 -0300] "GET /cormun/static/messages.spa.js?85251 HTTP/1.1" 200 30736
190.171.141.90 - - [09/Sep/2019:12:30:20 -0300] "GET /cormun/static/Resources/ComunLogin.png HTTP/1.1" 200 17326
190.171.141.90 - - [09/Sep/2019:12:30:20 -0300] "GET /cormun/static/hlogin.js?20177612122738 HTTP/1.1" 200 2136
190.171.141.90 - - [09/Sep/2019:12:30:21 -0300] "GET /cormun/static/Resources/Spanish/PXTools.css?1155365 HTTP/1.1" 200 89042
190.171.141.90 - - [09/Sep/2019:12:30:21 -0300] "GET /cormun/static/gxgral.js?85251 HTTP/1.1" 200 384558
190.171.141.90 - - [09/Sep/2019:12:30:21 -0300] "GET /cormun/static/Resources/PXToolsLoginTop.png HTTP/1.1" 200 1337
190.171.141.90 - - [09/Sep/2019:12:30:21 -0300] "GET /cormun/static/Resources/PXToolsButtonRight21.png HTTP/1.1" 200 1283
190.171.141.90 - - [09/Sep/2019:12:30:21 -0300] "GET /cormun/static/Resources/PXToolsButtonBackground2.png HTTP/1.1" 200 1181
190.171.141.90 - - [09/Sep/2019:12:30:21 -0300] "GET /cormun/static/Resources/PXToolsButtonLeft21.png HTTP/1.1" 200 1287
190.171.141.90 - - [09/Sep/2019:12:30:21 -0300] "GET /cormun/static/Resources/PXToolsLoginBackground.png HTTP/1.1" 200 1164
190.171.141.90 - - [09/Sep/2019:12:30:21 -0300] "GET /cormun/static/Resources/indicator.gif HTTP/1.1" 200 1553
190.171.141.90 - - [09/Sep/2019:12:30:21 -0300] "GET /cormun/static/Resources/PXToolsLoginBottom.png HTTP/1.1" 200 1389
190.171.141.114 - - [09/Sep/2019:12:30:21 -0300] "GET /cormun/servlet/permisogoce?INS,0,,, HTTP/1.1" 200 6911
190.171.141.114 - - [09/Sep/2019:12:30:26 -0300] "GET /cormun/servlet/prfichaempleado?,MD,,gxPopupLevel%3D0%3B HTTP/1.1" 200 9377
190.171.141.90 - - [09/Sep/2019:12:30:27 -0300] "POST /cormun/servlet/hlogin?e4a59f28cea851147120cfc7a4d22052,gx-no-cache=1568042707357 HTTP/1.1" 200 90
190.171.141.90 - - [09/Sep/2019:12:30:27 -0300] "GET /cormun/servlet/hpexe_link HTTP/1.1" 200 953
190.171.141.90 - - [09/Sep/2019:12:30:27 -0300] "GET /cormun/static/gxcfg.js?20177612121792 HTTP/1.1" 200 953
190.171.141.90 - - [09/Sep/2019:12:30:27 -0300] "GET /cormun/static/hpexe_link.js?20177612121795 HTTP/1.1" 200 625
190.171.141.90 - - [09/Sep/2019:12:30:27 -0300] "GET /cormun/servlet/hhome HTTP/1.1" 200 4230
190.171.141.90 - - [09/Sep/2019:12:30:27 -0300] "GET /cormun/static/Shared/jqueryui/jquery-ui.min.css?1245370 HTTP/1.1" 200 30288
190.171.141.90 - - [09/Sep/2019:12:30:27 -0300] "GET /cormun/static/SmoothNavMenu/resources/ddsmoothmenu-v.css?1012540 HTTP/1.1" 200 1188
190.171.141.90 - - [09/Sep/2019:12:30:27 -0300] "GET /cormun/static/gxcfg.js?20175251212442 HTTP/1.1" 200 953
190.171.141.90 - - [09/Sep/2019:12:30:27 -0300] "GET /cormun/static/SmoothNavMenu/resources/ddsmoothmenu.css?1012540 HTTP/1.1" 200 2223
190.171.141.90 - - [09/Sep/2019:12:30:27 -0300] "GET /cormun/static/scaMessage/css/jquery.pnotify.default.css?1716380 HTTP/1.1" 200 1707
190.171.141.90 - - [09/Sep/2019:12:30:27 -0300] "GET /cormun/static/PXToolsJavascripts/pexe_autoreload.js HTTP/1.1" 200 1762
190.171.141.90 - - [09/Sep/2019:12:30:27 -0300] "GET /cormun/static/PXToolsJavascripts/pexe_cookies.js HTTP/1.1" 200 792
190.171.141.90 - - [09/Sep/2019:12:30:27 -0300] "GET /cormun/static/Resources/Spanish/PXTools.css?11423723 HTTP/1.1" 200 89042
190.171.141.90 - - [09/Sep/2019:12:30:27 -0300] "GET /cormun/static/PXToolsJavascripts/pexe_windows.js HTTP/1.1" 200 15207
190.171.141.90 - - [09/Sep/2019:12:30:27 -0300] "GET /cormun/static/PXToolsJavascripts/pexe_grid.js HTTP/1.1" 200 7559
190.171.141.90 - - [09/Sep/2019:12:30:27 -0300] "GET /cormun/static/PXToolsJavascripts/pexe_griddivfix.js HTTP/1.1" 200 6644
190.171.141.90 - - [09/Sep/2019:12:30:27 -0300] "GET /cormun/static/PXToolsJavascripts/pexe_link.js HTTP/1.1" 200 5671
190.171.141.90 - - [09/Sep/2019:12:30:27 -0300] "GET /cormun/static/PXToolsJavascripts/pexe_menudivfix.js HTTP/1.1" 200 333
190.171.141.90 - - [09/Sep/2019:12:30:27 -0300] "GET /cormun/static/PXToolsJavascripts/pexe_menus.js HTTP/1.1" 200 1286
190.171.141.90 - - [09/Sep/2019:12:30:27 -0300] "GET /cormun/static/PXToolsJavascripts/pexe_layers.js HTTP/1.1" 200 4114
190.171.141.90 - - [09/Sep/2019:12:30:27 -0300] "GET /cormun/static/PXToolsJavascripts/pexe_oav.js HTTP/1.1" 200 645
190.171.141.90 - - [09/Sep/2019:12:30:27 -0300] "GET /cormun/static/PXToolsJavascripts/pexe_oavdivfix.js HTTP/1.1" 200 639
190.171.141.90 - - [09/Sep/2019:12:30:27 -0300] "GET /cormun/static/PXToolsJavascripts/pexe_picture.js HTTP/1.1" 200 689
190.171.141.90 - - [09/Sep/2019:12:30:27 -0300] "GET /cormun/static/PXToolsJavascripts/pexe_popup.js HTTP/1.1" 200 13458
190.171.141.90 - - [09/Sep/2019:12:30:27 -0300] "GET /cormun/static/PXToolsJavascripts/pexe_scrolldiv.js HTTP/1.1" 200 4138
190.171.141.90 - - [09/Sep/2019:12:30:27 -0300] "GET /cormun/static/PXToolsJavascripts/pexe_tabdivfix.js HTTP/1.1" 200 876
190.171.141.90 - - [09/Sep/2019:12:30:27 -0300] "GET /cormun/static/PXToolsJavascripts/pexe_tabs.js HTTP/1.1" 200 3748
190.171.141.90 - - [09/Sep/2019:12:30:27 -0300] "GET /cormun/static/PXToolsJavascripts/pexe_upload.js HTTP/1.1" 200 1423
190.171.141.90 - - [09/Sep/2019:12:30:27 -0300] "GET /cormun/static/PXToolsJavascripts/PXToolsJavascriptsRender.js HTTP/1.1" 200 367
190.171.141.90 - - [09/Sep/2019:12:30:27 -0300] "GET /cormun/static/Resources/logo4.png HTTP/1.1" 200 6582
190.171.141.90 - - [09/Sep/2019:12:30:27 -0300] "GET /cormun/static/Resources/PXToolsHeaderActionsLeft.png HTTP/1.1" 200 1118
190.171.141.90 - - [09/Sep/2019:12:30:27 -0300] "GET /cormun/static/RunJS/RunJS.js HTTP/1.1" 200 288
190.171.141.90 - - [09/Sep/2019:12:30:27 -0300] "GET /cormun/static/hhome.js?20175251212450 HTTP/1.1" 200 777
190.171.141.90 - - [09/Sep/2019:12:30:27 -0300] "GET /cormun/static/hwchdr01.js?201752511465785 HTTP/1.1" 200 1183
190.171.141.90 - - [09/Sep/2019:12:30:27 -0300] "GET /cormun/static/Shared/ext/locale/ext-lang-en.js HTTP/1.1" 200 10940
190.171.141.90 - - [09/Sep/2019:12:30:27 -0300] "GET /cormun/static/hpexe_recentlink.js?20177611595044 HTTP/1.1" 200 2144
190.171.141.90 - - [09/Sep/2019:12:30:27 -0300] "GET /cormun/static/hpexe_scripts.js?201752511465715 HTTP/1.1" 200 1544
190.171.141.90 - - [09/Sep/2019:12:30:27 -0300] "GET /cormun/static/hpexe_messagecontroller.js?20177611595012 HTTP/1.1" 200 870
190.171.141.90 - - [09/Sep/2019:12:30:27 -0300] "GET /cormun/static/hpexe_messagepopupcomponent.js?20161017169425 HTTP/1.1" 200 605
190.171.141.90 - - [09/Sep/2019:12:30:27 -0300] "GET /cormun/static/gxui/gxui-all.js HTTP/1.1" 200 107772
190.171.141.90 - - [09/Sep/2019:12:30:27 -0300] "GET /cormun/static/Resources/PXToolsFooterBackground2.png HTTP/1.1" 200 1172
190.171.141.90 - - [09/Sep/2019:12:30:27 -0300] "GET /cormun/static/Resources/PXToolsHeaderHome.png HTTP/1.1" 200 4147
190.171.141.90 - - [09/Sep/2019:12:30:27 -0300] "GET /cormun/static/Resources/PXToolsHeaderBackground2.png HTTP/1.1" 200 1174
190.171.141.90 - - [09/Sep/2019:12:30:27 -0300] "GET /cormun/static/Resources/PXToolsDataTitle.png HTTP/1.1" 200 1173
190.171.141.90 - - [09/Sep/2019:12:30:27 -0300] "GET /cormun/static/Resources/PXToolsHeaderActionsBackground.png HTTP/1.1" 200 484
190.171.141.90 - - [09/Sep/2019:12:30:27 -0300] "GET /cormun/static/Resources/PXToolsHeaderSecurity.png HTTP/1.1" 200 4166
190.171.141.90 - - [09/Sep/2019:12:30:27 -0300] "GET /cormun/static/Resources/PXToolsHeaderLogin.png HTTP/1.1" 200 4279
190.171.141.90 - - [09/Sep/2019:12:30:27 -0300] "GET /cormun/static/Resources/PXToolsHeaderActionsRight.png HTTP/1.1" 200 1201
190.171.141.122 - - [09/Sep/2019:12:30:27 -0300] "POST /cormun/servlet/trsolicitudot?9380298336f813ff435f45c74f8750cb,,gx-no-cache=1568042708418 HTTP/1.1" 200 6989
190.171.141.90 - - [09/Sep/2019:12:30:27 -0300] "GET /cormun/static/Resources/PXToolsHeaderPreferences.png HTTP/1.1" 200 4189
190.171.141.90 - - [09/Sep/2019:12:30:27 -0300] "GET /cormun/static/cmcontrolpreferences.js?201752511465670 HTTP/1.1" 200 1375
190.171.141.90 - - [09/Sep/2019:12:30:27 -0300] "GET /cormun/static/hpexe_messagegenexuscomponent.js?201752511465344 HTTP/1.1" 200 587
190.171.141.90 - - [09/Sep/2019:12:30:27 -0300] "GET /cormun/static/Shared/jquery/jquery-1.4.2.min.js HTTP/1.1" 200 72174
190.171.141.90 - - [09/Sep/2019:12:30:28 -0300] "GET /cormun/static/SmoothNavMenu/resources/ddsmoothmenu.js HTTP/1.1" 200 12712
190.171.141.90 - - [09/Sep/2019:12:30:28 -0300] "GET /cormun/static/SmoothNavMenu/resources/SmoothNavMenuRender.js HTTP/1.1" 200 5951
190.171.141.90 - - [09/Sep/2019:12:30:28 -0300] "GET /cormun/static/scaMessage/js/jquery.pnotify.min.js HTTP/1.1" 200 13038
190.171.141.90 - - [09/Sep/2019:12:30:28 -0300] "GET /cormun/static/scaMessage/scaMessageRender.js HTTP/1.1" 200 11977
190.171.141.90 - - [09/Sep/2019:12:30:28 -0300] "GET /cormun/static/hmpwkw03.js?20189613443875 HTTP/1.1" 200 3965
190.171.141.90 - - [09/Sep/2019:12:30:28 -0300] "GET /cormun/static/Shared/jquery/jquery-1.10.2.min.js HTTP/1.1" 200 273199
190.171.141.90 - - [09/Sep/2019:12:30:28 -0300] "GET /cormun/static/Shared/jqueryui/jquery-ui.min.js HTTP/1.1" 200 240427
190.171.141.90 - - [09/Sep/2019:12:30:28 -0300] "GET /cormun/static/Shared/ext/ext-all.js HTTP/1.1" 200 1289687
190.171.141.90 - - [09/Sep/2019:12:30:29 -0300] "GET /cormun/static/SmoothNavMenu/resources/images/down.gif HTTP/1.1" 200 854
190.171.141.90 - - [09/Sep/2019:12:30:29 -0300] "GET /cormun/static/SmoothNavMenu/resources/images/right.gif HTTP/1.1" 200 860
190.171.141.90 - - [09/Sep/2019:12:30:29 -0300] "GET /cormun/servlet/hhome HTTP/1.1" 200 4226
190.171.141.90 - - [09/Sep/2019:12:30:32 -0300] "GET /cormun/servlet/trlicencias? HTTP/1.1" 200 14969
190.171.141.90 - - [09/Sep/2019:12:30:32 -0300] "GET /cormun/static/gxui/gxui-all.css?110300 HTTP/1.1" 200 2179
190.171.141.90 - - [09/Sep/2019:12:30:32 -0300] "GET /cormun/static/calendar-system.css?75620 HTTP/1.1" 200 5572
190.171.141.90 - - [09/Sep/2019:12:30:32 -0300] "GET /cormun/static/Resources/Spanish/PXTools.css?17315867 HTTP/1.1" 200 89042
190.171.141.90 - - [09/Sep/2019:12:30:32 -0300] "GET /cormun/static/gxcfg.js?20176272054169 HTTP/1.1" 200 953
190.171.141.90 - - [09/Sep/2019:12:30:32 -0300] "GET /cormun/static/calendar.js?85251 HTTP/1.1" 200 26246
190.171.141.90 - - [09/Sep/2019:12:30:32 -0300] "GET /cormun/static/calendar-setup.js?85251 HTTP/1.1" 200 2588
190.171.141.90 - - [09/Sep/2019:12:30:32 -0300] "GET /cormun/static/calendar-es.js?85251 HTTP/1.1" 200 1901
190.171.141.90 - - [09/Sep/2019:12:30:32 -0300] "GET /cormun/static/Resources/PXTools/calendar.png HTTP/1.1" 200 1306
190.171.141.90 - - [09/Sep/2019:12:30:32 -0300] "GET /cormun/static/Resources/PXToolsDataSearch.png HTTP/1.1" 200 419
190.171.141.90 - - [09/Sep/2019:12:30:32 -0300] "GET /cormun/static/gxdec.js?85251 HTTP/1.1" 200 19579
190.171.141.90 - - [09/Sep/2019:12:30:32 -0300] "GET /cormun/static/trlicencias.js?20176272054837 HTTP/1.1" 200 41883
190.171.141.90 - - [09/Sep/2019:12:30:32 -0300] "GET /cormun/static/Resources/PXToolsGridFirstDisabled.gif HTTP/1.1" 200 100
190.171.141.90 - - [09/Sep/2019:12:30:32 -0300] "GET /cormun/static/Resources/PXToolsGridPreviousDisabled.gif HTTP/1.1" 200 90
190.171.141.90 - - [09/Sep/2019:12:30:32 -0300] "GET /cormun/static/Resources/PXToolsGridNextDisabled.gif HTTP/1.1" 200 90
190.171.141.90 - - [09/Sep/2019:12:30:32 -0300] "GET /cormun/static/Resources/PXToolsGridLastDisabled.gif HTTP/1.1" 200 98
190.171.141.90 - - [09/Sep/2019:12:30:32 -0300] "GET /cormun/static/Resources/PXToolsGridPage.gif HTTP/1.1" 200 725
190.171.141.90 - - [09/Sep/2019:12:30:32 -0300] "GET /cormun/static/Shared/ext/resources/css/ext-all.css?205870 HTTP/1.1" 200 416045
190.171.141.90 - - [09/Sep/2019:12:30:32 -0300] "GET /cormun/static/Resources/PXToolsActionExcel.png HTTP/1.1" 200 3187
190.171.141.90 - - [09/Sep/2019:12:30:32 -0300] "GET /cormun/static/Resources/PXToolsGridNew.png HTTP/1.1" 200 2949
190.171.141.90 - - [09/Sep/2019:12:30:33 -0300] "GET /cormun/static/Resources/desc.gif HTTP/1.1" 200 65
190.171.141.90 - - [09/Sep/2019:12:30:33 -0300] "GET /cormun/static/Resources/asc.gif HTTP/1.1" 200 67
190.171.141.90 - - [09/Sep/2019:12:30:33 -0300] "GET /cormun//static/Resources/PXToolsActionDisabled.gif HTTP/1.1" 200 53
190.171.141.90 - - [09/Sep/2019:12:30:33 -0300] "GET /cormun//static/Resources/PXToolsGridDisplay.png HTTP/1.1" 200 362
190.171.141.90 - - [09/Sep/2019:12:30:33 -0300] "GET /cormun//static/Resources/PXTools/ActionInsert.png HTTP/1.1" 200 1482
190.171.141.90 - - [09/Sep/2019:12:30:33 -0300] "GET /cormun//static/Resources/PXToolsHeaderFavorites.png HTTP/1.1" 200 2744
190.171.141.90 - - [09/Sep/2019:12:30:33 -0300] "GET /cormun//static/Resources/PXToolsActionPrint.png HTTP/1.1" 200 3317
190.171.141.90 - - [09/Sep/2019:12:30:33 -0300] "GET /cormun//static/Resources/PXToolsHeaderHelp.png HTTP/1.1" 200 4055
190.171.141.90 - - [09/Sep/2019:12:30:33 -0300] "GET /cormun/static/Shared/ext/resources/themes/images/default/tools/tool-sprites.gif HTTP/1.1" 200 5434
190.171.141.90 - - [09/Sep/2019:12:30:33 -0300] "GET /cormun/static/Shared/ext/resources/themes/images/default/panel/bg-headersPanel.png HTTP/1.1" 200 255
190.171.141.90 - - [09/Sep/2019:12:30:34 -0300] "GET /cormun/servlet/trlicencias? HTTP/1.1" 200 14956
190.171.141.90 - - [09/Sep/2019:12:30:35 -0300] "GET /cormun/static/menuarrow.gif HTTP/1.1" 404 1015
190.171.141.114 - - [09/Sep/2019:12:30:46 -0300] "GET /cormun/servlet/prfichaempleado?,MD,,gxPopupLevel%3D0%3B HTTP/1.1" 200 9377
190.171.141.90 - - [09/Sep/2019:12:30:49 -0300] "POST /cormun/servlet/trlicencias?e4a59f28cea851147120cfc7a4d22052,,gx-no-cache=1568042730418 HTTP/1.1" 200 4363
190.171.141.114 - - [09/Sep/2019:12:30:58 -0300] "POST /cormun/servlet/prfichaempleado?6142de73c0a0da9d6aa18e07b2fe771a,,MD,,gxPopupLevel%3D0%3B,gx-no-cache=1568042738630 HTTP/1.1" 200 3418
190.171.141.114 - - [09/Sep/2019:12:31:02 -0300] "GET /cormun/servlet/permisogoce?029b1d797ca964366ea276099f06f590b3ec421baaa7b1d639141af552ff5d437c80febe6b462e40b2d2f90e7f97fd9b,gx-no-cache=1568042742795 HTTP/1.1" 200 79
190.171.141.114 - - [09/Sep/2019:12:31:02 -0300] "GET /cormun/static/menuarrow.gif HTTP/1.1" 404 1015
200.54.237.82 - - [09/Sep/2019:12:31:05 -0300] "GET /cormun/servlet/trlicenciaspermisosadjuntos?18446514,20190909000000,L, HTTP/1.1" 200 6674
200.54.237.82 - - [09/Sep/2019:12:31:05 -0300] "GET /cormun/static/gxcfg.js?20177612163414 HTTP/1.1" 200 953
190.171.141.90 - - [09/Sep/2019:12:31:05 -0300] "POST /cormun/servlet/trlicencias?e4a59f28cea851147120cfc7a4d22052,,gx-no-cache=1568042746606 HTTP/1.1" 200 5572
200.54.237.82 - - [09/Sep/2019:12:31:05 -0300] "GET /cormun/static/trlicenciaspermisosadjuntos.js?20177612163719 HTTP/1.1" 200 21036
200.54.237.82 - - [09/Sep/2019:12:31:07 -0300] "GET /cormun/servlet/licenciaspermisosadjuntos?INS,18446514,L,20190909000000,, HTTP/1.1" 200 5974
200.54.237.82 - - [09/Sep/2019:12:31:08 -0300] "GET /cormun/static/gxcfg.js?2017761263592 HTTP/1.1" 200 953
200.54.237.82 - - [09/Sep/2019:12:31:08 -0300] "GET /cormun/static/licenciaspermisosadjuntos.js?201776126362 HTTP/1.1" 200 8760
200.54.237.82 - - [09/Sep/2019:12:31:08 -0300] "HEAD /cormun/static/about:blank HTTP/1.1" 404 -
200.54.237.82 - - [09/Sep/2019:12:31:26 -0300] "POST /cormun/servlet/licenciaspermisosadjuntos?51909d567bb47c9afbca0e374d36735b,INS,18446514,L,20190909000000,, HTTP/1.1" 200 116
200.54.237.82 - - [09/Sep/2019:12:31:26 -0300] "GET /cormun/servlet/hpexe_return? HTTP/1.1" 200 1043
200.54.237.82 - - [09/Sep/2019:12:31:27 -0300] "GET /cormun/servlet/trlicenciaspermisosadjuntos?18446514,20190909000000,L, HTTP/1.1" 200 7220
200.54.237.82 - - [09/Sep/2019:12:31:28 -0300] "GET /cormun/PublicTempStorage/licencia_medica_maria_alicia_%282%29781162.pdf HTTP/1.1" 206 833298
200.54.237.82 - - [09/Sep/2019:12:31:31 -0300] "GET /cormun/servlet/trlicencias? HTTP/1.1" 200 10871
200.54.237.82 - - [09/Sep/2019:12:31:40 -0300] "POST /cormun/servlet/trlicencias?51909d567bb47c9afbca0e374d36735b,,gx-no-cache=1568042779641 HTTP/1.1" 200 8168
200.54.237.82 - - [09/Sep/2019:12:31:40 -0300] "GET /cormun/static/Shared/jqueryui/images/ui-icons_8d78a5_256x240.png HTTP/1.1" 404 1089
200.54.237.82 - - [09/Sep/2019:12:31:40 -0300] "GET /cormun/static/Shared/jqueryui/images/ui-bg_highlight-soft_100_c6c2c8_1x100.png HTTP/1.1" 404 1117
200.54.237.82 - - [09/Sep/2019:12:31:40 -0300] "GET /cormun/static/Shared/jqueryui/images/ui-icons_82798d_256x240.png HTTP/1.1" 404 1089
200.54.237.82 - - [09/Sep/2019:12:31:40 -0300] "GET /cormun/static/Shared/jqueryui/images/ui-bg_flat_55_fafafa_40x100.png HTTP/1.1" 404 1097
190.171.141.90 - - [09/Sep/2019:12:31:46 -0300] "POST /cormun/servlet/trlicencias?e4a59f28cea851147120cfc7a4d22052,,gx-no-cache=1568042785967 HTTP/1.1" 200 14577
186.103.158.250 - - [09/Sep/2019:12:32:05 -0300] "GET /cormun/servlet/hlogin HTTP/1.1" 200 1721
186.103.158.250 - - [09/Sep/2019:12:32:05 -0300] "GET /cormun/static/gxcfg.js?20177612122725 HTTP/1.1" 304 -
186.103.158.250 - - [09/Sep/2019:12:32:06 -0300] "GET /cormun/servlet/hlogin HTTP/1.1" 200 1732
190.171.141.90 - - [09/Sep/2019:12:32:06 -0300] "POST /cormun/servlet/trlicencias?e4a59f28cea851147120cfc7a4d22052,,gx-no-cache=1568042807256 HTTP/1.1" 200 14574
186.103.158.250 - - [09/Sep/2019:12:32:13 -0300] "POST /cormun/servlet/hlogin?910bec20df63c3b9e2e1692e2027f5c1,gx-no-cache=1568042813154 HTTP/1.1" 200 90
186.103.158.250 - - [09/Sep/2019:12:32:13 -0300] "GET /cormun/servlet/hpexe_link HTTP/1.1" 200 951
186.103.158.250 - - [09/Sep/2019:12:32:13 -0300] "GET /cormun/servlet/hhome HTTP/1.1" 200 4325
186.103.158.250 - - [09/Sep/2019:12:32:16 -0300] "GET /cormun/servlet/hhome HTTP/1.1" 200 4320
186.103.158.250 - - [09/Sep/2019:12:32:19 -0300] "GET /cormun/servlet/trsolicitudot? HTTP/1.1" 200 8987
186.103.158.250 - - [09/Sep/2019:12:32:20 -0300] "GET /cormun/static/gxcfg.js?2017111422585916 HTTP/1.1" 304 -
186.103.158.250 - - [09/Sep/2019:12:32:21 -0300] "GET /cormun/servlet/trsolicitudot? HTTP/1.1" 200 8986
186.103.158.250 - - [09/Sep/2019:12:32:25 -0300] "POST /cormun/servlet/trsolicitudot?910bec20df63c3b9e2e1692e2027f5c1,,gx-no-cache=1568042825558 HTTP/1.1" 200 5987
186.103.158.250 - - [09/Sep/2019:12:32:34 -0300] "POST /cormun/servlet/trsolicitudot?910bec20df63c3b9e2e1692e2027f5c1,,gx-no-cache=1568042833841 HTTP/1.1" 200 4777
186.103.158.250 - - [09/Sep/2019:12:32:34 -0300] "GET /cormun/static/Shared/jqueryui/images/ui-bg_highlight-soft_100_c6c2c8_1x100.png HTTP/1.1" 404 1117
186.103.158.250 - - [09/Sep/2019:12:32:34 -0300] "GET /cormun/static/Shared/jqueryui/images/ui-icons_82798d_256x240.png HTTP/1.1" 404 1089
186.103.158.250 - - [09/Sep/2019:12:32:34 -0300] "GET /cormun/static/Shared/jqueryui/images/ui-icons_8d78a5_256x240.png HTTP/1.1" 404 1089
186.103.158.250 - - [09/Sep/2019:12:32:34 -0300] "GET /cormun/static/Shared/jqueryui/images/ui-bg_flat_55_fafafa_40x100.png HTTP/1.1" 404 1097
186.103.158.250 - - [09/Sep/2019:12:32:35 -0300] "POST /cormun/servlet/trsolicitudot?910bec20df63c3b9e2e1692e2027f5c1,,gx-no-cache=1568042834604 HTTP/1.1" 200 4528
192.168.10.89 - - [09/Sep/2019:12:32:38 -0300] "POST /digitalizacion/servlet/trdocumentos?ad60612d50308faf1ed96b6d3aa5fc5f,,gx-no-cache=1568042501767 HTTP/1.1" 200 3177
186.103.158.250 - - [09/Sep/2019:12:32:42 -0300] "GET /cormun/servlet/trautorizarsolicitud? HTTP/1.1" 200 8883
192.168.10.89 - - [09/Sep/2019:12:32:43 -0300] "POST /digitalizacion/servlet/trdocumentos?gx-no-cache=1568042507391 HTTP/1.1" 200 186
186.103.158.250 - - [09/Sep/2019:12:32:43 -0300] "GET /cormun/servlet/trautorizarsolicitud? HTTP/1.1" 200 8882
192.168.10.89 - - [09/Sep/2019:12:32:44 -0300] "POST /digitalizacion/servlet/trdocumentos?ad60612d50308faf1ed96b6d3aa5fc5f,,gx-no-cache=1568042508477 HTTP/1.1" 200 4671
186.103.158.250 - - [09/Sep/2019:12:32:54 -0300] "POST /cormun/servlet/trautorizarsolicitud?910bec20df63c3b9e2e1692e2027f5c1,,gx-no-cache=1568042854495 HTTP/1.1" 200 4712
186.103.158.250 - - [09/Sep/2019:12:32:55 -0300] "POST /cormun/servlet/trautorizarsolicitud?910bec20df63c3b9e2e1692e2027f5c1,,gx-no-cache=1568042854902 HTTP/1.1" 200 4465
192.168.10.89 - - [09/Sep/2019:12:32:55 -0300] "POST /digitalizacion/servlet/trdocumentos?gx-no-cache=1568042520188 HTTP/1.1" 200 234
192.168.10.89 - - [09/Sep/2019:12:32:57 -0300] "POST /digitalizacion/servlet/trdocumentos?ad60612d50308faf1ed96b6d3aa5fc5f,,gx-no-cache=1568042521181 HTTP/1.1" 200 3177
186.103.158.250 - - [09/Sep/2019:12:33:01 -0300] "GET /cormun/servlet/trsolicitudot? HTTP/1.1" 200 7546
192.168.10.89 - - [09/Sep/2019:12:33:01 -0300] "POST /digitalizacion/servlet/trdocumentos?gx-no-cache=1568042525852 HTTP/1.1" 200 147
186.103.158.250 - - [09/Sep/2019:12:33:02 -0300] "GET /cormun/servlet/trsolicitudot? HTTP/1.1" 200 7546
192.168.10.89 - - [09/Sep/2019:12:33:03 -0300] "POST /digitalizacion/servlet/trdocumentos?ad60612d50308faf1ed96b6d3aa5fc5f,,gx-no-cache=1568042527132 HTTP/1.1" 200 3041
186.103.158.250 - - [09/Sep/2019:12:33:06 -0300] "GET /cormun/servlet/solicitudot?INS,0,0, HTTP/1.1" 200 15379
186.103.158.250 - - [09/Sep/2019:12:33:06 -0300] "GET /cormun/static/gxcfg.js?20189101114418 HTTP/1.1" 304 -
186.103.158.250 - - [09/Sep/2019:12:33:08 -0300] "GET /cormun/servlet/solicitudot?INS,0,0, HTTP/1.1" 200 15384
186.103.158.250 - - [09/Sep/2019:12:33:29 -0300] "POST /cormun/servlet/solicitudot?gx-no-cache=1568042889069 HTTP/1.1" 200 3483
186.103.158.250 - - [09/Sep/2019:12:33:29 -0300] "POST /cormun/servlet/solicitudot?910bec20df63c3b9e2e1692e2027f5c1,INS,0,0,,gx-no-cache=1568042889576 HTTP/1.1" 200 11968
186.103.158.250 - - [09/Sep/2019:12:36:28 -0300] "GET /cormun/servlet/solicitudot?4006979dc519ad146e3255119c4e4f220c7a0326f337aa1d7f57adb9d9c6a544ab500bbd6be3d373cf2b894934eb16bc,gx-no-cache=1568043068948 HTTP/1.1" 200 30
186.103.158.250 - - [09/Sep/2019:12:37:54 -0300] "GET /cormun/servlet/prbanco?,MD,,gxPopupLevel%3D0%3B HTTP/1.1" 200 6681
186.103.158.250 - - [09/Sep/2019:12:37:54 -0300] "GET /cormun/static/gxcfg.js?20181161016094 HTTP/1.1" 200 953
186.103.158.250 - - [09/Sep/2019:12:37:54 -0300] "GET /cormun/static/prbanco.js?2018116101633 HTTP/1.1" 200 10693
186.103.158.250 - - [09/Sep/2019:12:38:12 -0300] "GET /cormun/servlet/solicitudot?4006979dc519ad146e3255119c4e4f22a6ccaee33a44de8c4da5eeff7ab1ee3a7cb00c5a450f68d278f119afe746b63f39cc31e4082230bc6f1bb6f957e66324,gx-no-cache=1568043172100 HTTP/1.1" 200 30
186.103.158.250 - - [09/Sep/2019:12:38:15 -0300] "GET /cormun/servlet/solicitudot?4006979dc519ad146e3255119c4e4f2254be5e1e7e8e9066cd7738238e355a6a,gx-no-cache=1568043175199 HTTP/1.1" 200 53
186.103.158.250 - - [09/Sep/2019:12:38:35 -0300] "POST /cormun/servlet/solicitudot?gx-no-cache=1568043195729 HTTP/1.1" 200 256
186.103.158.250 - - [09/Sep/2019:12:38:39 -0300] "GET /cormun/servlet/solicitudot?4006979dc519ad146e3255119c4e4f2202fca763b573277076b205da755ee4522f7c2fec55fb3290d4a8853914ead5abe97e9bb697d0f922898ed55a1da33c2adffb9069a1df47fda1ce3238d3e9d01fea0c37043047f68092be0da1136692fc23a45946bdee33a3587923799fd3df798698018a6e43c75ff19cec7733d95e5aee5a9f2492748e6e90d241369c4dc8f25ca0a3f0e05cf5f3c8c7b56cac17ab6ab1d09ad2392a52ba64054888720f668cc139e4217245d101e1b02afce59e5b7a03f04636c10fc4b33db9a71bc44ebe16e699459acd31fe143d1fed62dc2e175a92062f020e2449332d73d4cfa08d6f6d44296eb13eb7df135df00019767e25d07add7182ca2503c630aa7b818f90a911661b2fae4aa62a80fc6f2d5cfdec2cfac216f95801d2c78b5fd5205aff9599a48f93f5071c3f4a717dee9093da7935ebf953c43875fb10af84e7629a43908828b8e7803d310626c85daf04154ac6e7ab5fd856aaaf56f8a97e73211bba096c2674c2576b52b9ec70571245b216bf8f69,gx-no-cache=1568043199116 HTTP/1.1" 200 30
186.103.158.250 - - [09/Sep/2019:12:38:44 -0300] "POST /cormun/servlet/solicitudot?gx-no-cache=1568043204886 HTTP/1.1" 200 298
186.103.158.250 - - [09/Sep/2019:12:38:48 -0300] "GET /cormun/servlet/solicitudot?4006979dc519ad146e3255119c4e4f2202fca763b573277076b205da755ee452f5c78160bfe201d5f5c5ea22b7772533e97e9bb697d0f922898ed55a1da33c2adffb9069a1df47fda1ce3238d3e9d01fea0c37043047f68092be0da1136692fc23a45946bdee33a3587923799fd3df798698018a6e43c75ff19cec7733d95e5aee5a9f2492748e6e90d241369c4dc8f25ca0a3f0e05cf5f3c8c7b56cac17ab6ab1d09ad2392a52ba64054888720f668cc139e4217245d101e1b02afce59e5b7a03f04636c10fc4b33db9a71bc44ebe16e699459acd31fe143d1fed62dc2e175a92062f020e2449332d73d4cfa08d6f6d781b703044204263ff7bd65edcfd03587add7182ca2503c630aa7b818f90a911661b2fae4aa62a80fc6f2d5cfdec2cfac216f95801d2c78b5fd5205aff9599a48f93f5071c3f4a717dee9093da7935eb86d353a00646d6661c246ce39ccb8c8aa602ec5ca055b4b95b153f7457578bde068ef7800e9408553c30ddadc32a3013314efd2aaeee955a2b6ccb424099444026b30a2db59ba7930bb957045fbb3ef8,gx-no-cache=1568043208919 HTTP/1.1" 200 30
186.103.158.250 - - [09/Sep/2019:12:38:53 -0300] "POST /cormun/servlet/solicitudot?gx-no-cache=1568043213736 HTTP/1.1" 200 30
186.103.158.250 - - [09/Sep/2019:12:38:55 -0300] "POST /cormun/servlet/solicitudot?gx-no-cache=1568043215532 HTTP/1.1" 200 1358
186.103.158.250 - - [09/Sep/2019:12:38:55 -0300] "POST /cormun/servlet/solicitudot?gx-no-cache=1568043215624 HTTP/1.1" 200 38
186.103.158.250 - - [09/Sep/2019:12:39:04 -0300] "GET /cormun/servlet/solicitudot?4006979dc519ad146e3255119c4e4f2243b7a55198899a5bf971c000f038f4e41f0511878e2b4bc54176e21b7ba45a676e3221d3f9a0dedb97b35b4de8f0d965fa7cba7e236206e70cabf8c6256c1284b325b6b4c3964272e2d133fc9b338cf5d444d2bb3d94b00a1cbdf1ef47884a2c,gx-no-cache=1568043224891 HTTP/1.1" 200 110
190.171.143.82 - - [09/Sep/2019:12:39:26 -0300] "GET /cormun/servlet/hhome HTTP/1.1" 200 3418
190.171.143.82 - - [09/Sep/2019:12:39:27 -0300] "GET /cormun/servlet/hlogin HTTP/1.1" 200 1732
190.171.143.82 - - [09/Sep/2019:12:39:27 -0300] "GET /cormun/servlet/hhome HTTP/1.1" 200 3427
186.103.158.250 - - [09/Sep/2019:12:39:30 -0300] "POST /cormun/servlet/solicitudot?gx-no-cache=1568043250810 HTTP/1.1" 200 83
186.103.158.250 - - [09/Sep/2019:12:39:42 -0300] "GET /cormun/servlet/solicitudot?4006979dc519ad146e3255119c4e4f224fcd3d5ebea25b5e7e7d3eba27822e1486a1c38594c656713d54114c53ab148e37f5805ce103a2c0f1108c62bbc25dbe9b6df2db35b9f6f70e4ae8127c7be095568a2a8ea64188d11fe5d25768302fac6b773f5fcad4a40a2573e17154e86567,gx-no-cache=1568043261982 HTTP/1.1" 200 29
186.103.158.250 - - [09/Sep/2019:12:39:42 -0300] "GET /cormun/static/menuarrow.gif HTTP/1.1" 404 1015
190.171.143.82 - - [09/Sep/2019:12:39:43 -0300] "POST /cormun/servlet/hlogin?f482678b653453059b2a07e7c587dac3,gx-no-cache=1568043464864 HTTP/1.1" 200 90
190.171.143.82 - - [09/Sep/2019:12:39:43 -0300] "GET /cormun/servlet/hpexe_link HTTP/1.1" 200 950
190.171.143.82 - - [09/Sep/2019:12:39:43 -0300] "GET /cormun/servlet/hhome HTTP/1.1" 200 4075
190.171.143.82 - - [09/Sep/2019:12:39:44 -0300] "GET /cormun/servlet/hhome HTTP/1.1" 200 4070
190.171.143.82 - - [09/Sep/2019:12:39:48 -0300] "GET /cormun/servlet/trlicencias? HTTP/1.1" 200 10366
190.171.143.82 - - [09/Sep/2019:12:39:49 -0300] "GET /cormun/servlet/trlicencias? HTTP/1.1" 200 10364
186.103.158.250 - - [09/Sep/2019:12:39:50 -0300] "GET /cormun/servlet/solicitudot?4006979dc519ad146e3255119c4e4f2210d3b034feb192d6e90efc88500b71b432fc78753391d8233cd48c1fda686ccf,gx-no-cache=1568043270005 HTTP/1.1" 200 30
190.171.143.82 - - [09/Sep/2019:12:39:55 -0300] "GET /cormun/servlet/trpermisosingoce? HTTP/1.1" 200 6984
190.171.143.82 - - [09/Sep/2019:12:39:55 -0300] "GET /cormun/static/gxcfg.js?201742714253516 HTTP/1.1" 304 -
190.171.143.82 - - [09/Sep/2019:12:39:55 -0300] "GET /cormun/servlet/trpermisosingoce? HTTP/1.1" 200 6985
186.103.158.250 - - [09/Sep/2019:12:39:56 -0300] "POST /cormun/servlet/solicitudot?gx-no-cache=1568043276505 HTTP/1.1" 200 30
186.103.158.250 - - [09/Sep/2019:12:40:07 -0300] "POST /cormun/servlet/solicitudot?910bec20df63c3b9e2e1692e2027f5c1,INS,0,0,,gx-no-cache=1568043287424 HTTP/1.1" 200 93
186.103.158.250 - - [09/Sep/2019:12:40:08 -0300] "GET /cormun/servlet/hpexe_return? HTTP/1.1" 200 1008
186.103.158.250 - - [09/Sep/2019:12:40:08 -0300] "GET /cormun/static/gxcfg.js?2016101716175148 HTTP/1.1" 304 -
186.103.158.250 - - [09/Sep/2019:12:40:08 -0300] "GET /cormun/servlet/trsolicitudot HTTP/1.1" 200 8900
186.103.158.250 - - [09/Sep/2019:12:40:10 -0300] "GET /cormun/servlet/trsolicitudot HTTP/1.1" 200 8896
186.103.158.250 - - [09/Sep/2019:12:40:14 -0300] "GET /cormun/servlet/trsolicitudot? HTTP/1.1" 200 8896
186.103.158.250 - - [09/Sep/2019:12:40:16 -0300] "GET /cormun/servlet/trsolicitudot? HTTP/1.1" 200 8896
190.171.143.82 - - [09/Sep/2019:12:40:20 -0300] "GET /cormun/servlet/permisosingoce?INS,0, HTTP/1.1" 200 6856
190.171.143.82 - - [09/Sep/2019:12:40:20 -0300] "GET /cormun/static/gxcfg.js?201752511551633 HTTP/1.1" 200 953
