186.67.172.234 - - [06/Sep/2019:11:01:56 -0300] "GET /cormun/static/PXToolsJavascripts/pexe_link.js HTTP/1.1" 200 5671
186.67.172.234 - - [06/Sep/2019:11:01:56 -0300] "GET /cormun/static/PXToolsJavascripts/pexe_menudivfix.js HTTP/1.1" 200 333
186.67.172.234 - - [06/Sep/2019:11:01:56 -0300] "GET /cormun/static/PXToolsJavascripts/pexe_menus.js HTTP/1.1" 200 1286
186.67.172.234 - - [06/Sep/2019:11:01:56 -0300] "GET /cormun/static/PXToolsJavascripts/pexe_oav.js HTTP/1.1" 200 645
186.67.172.234 - - [06/Sep/2019:11:01:56 -0300] "GET /cormun/static/PXToolsJavascripts/pexe_oavdivfix.js HTTP/1.1" 200 639
186.67.172.234 - - [06/Sep/2019:11:01:56 -0300] "GET /cormun/static/PXToolsJavascripts/pexe_picture.js HTTP/1.1" 200 689
186.67.172.234 - - [06/Sep/2019:11:01:56 -0300] "GET /cormun/static/PXToolsJavascripts/pexe_popup.js HTTP/1.1" 200 13458
186.67.172.234 - - [06/Sep/2019:11:01:57 -0300] "GET /cormun/static/PXToolsJavascripts/pexe_scrolldiv.js HTTP/1.1" 200 4138
186.67.172.234 - - [06/Sep/2019:11:01:57 -0300] "GET /cormun/static/PXToolsJavascripts/pexe_layers.js HTTP/1.1" 200 4114
186.67.172.234 - - [06/Sep/2019:11:01:57 -0300] "GET /cormun/static/PXToolsJavascripts/pexe_tabdivfix.js HTTP/1.1" 200 876
186.67.172.234 - - [06/Sep/2019:11:01:57 -0300] "GET /cormun/static/PXToolsJavascripts/pexe_tabs.js HTTP/1.1" 200 3748
186.67.172.234 - - [06/Sep/2019:11:01:57 -0300] "GET /cormun/static/PXToolsJavascripts/pexe_upload.js HTTP/1.1" 200 1423
186.67.172.234 - - [06/Sep/2019:11:01:57 -0300] "GET /cormun/static/PXToolsJavascripts/PXToolsJavascriptsRender.js HTTP/1.1" 200 367
186.67.172.234 - - [06/Sep/2019:11:01:57 -0300] "GET /cormun/static/Resources/logo4.png HTTP/1.1" 200 6582
186.67.172.234 - - [06/Sep/2019:11:01:57 -0300] "GET /cormun/static/PXToolsJavascripts/pexe_cookies.js HTTP/1.1" 200 792
186.67.172.234 - - [06/Sep/2019:11:01:57 -0300] "GET /cormun/static/Resources/PXToolsHeaderActionsLeft.png HTTP/1.1" 200 1118
186.67.172.234 - - [06/Sep/2019:11:01:57 -0300] "GET /cormun/static/RunJS/RunJS.js HTTP/1.1" 200 288
186.67.172.234 - - [06/Sep/2019:11:01:57 -0300] "GET /cormun/static/gxui/gxui-all.js HTTP/1.1" 200 107772
200.111.191.212 - - [06/Sep/2019:11:01:58 -0300] "POST /cormun/servlet/trautorizarpermisogoce?2c2737c6f978fd9cfccac3a5d4d42bc1,,gx-no-cache=1567778358198 HTTP/1.1" 200 9864
186.67.172.234 - - [06/Sep/2019:11:01:58 -0300] "GET /cormun/static/Shared/ext/locale/ext-lang-en.js HTTP/1.1" 200 10940
186.67.172.234 - - [06/Sep/2019:11:01:58 -0300] "GET /cormun/static/hhome.js?20175251212450 HTTP/1.1" 200 777
190.171.141.106 - - [06/Sep/2019:11:01:58 -0300] "GET /cormun/servlet/solicitudot?12b761a666d4cb1806b86e2d325fe8b1b8a471783e108350a6448e5a0358d206bf48c9287441a946e3fd639fdbaa85d8,gx-no-cache=1567774598997 HTTP/1.1" 200 30
186.67.172.234 - - [06/Sep/2019:11:01:59 -0300] "GET /cormun/static/hwchdr01.js?201752511465785 HTTP/1.1" 200 1183
190.171.141.106 - - [06/Sep/2019:11:01:59 -0300] "POST /cormun/servlet/solicitudot?gx-no-cache=1567774599286 HTTP/1.1" 200 34
186.67.172.234 - - [06/Sep/2019:11:01:59 -0300] "GET /cormun/static/hpexe_recentlink.js?20177611595044 HTTP/1.1" 200 2144
186.67.172.234 - - [06/Sep/2019:11:01:59 -0300] "GET /cormun/static/hpexe_scripts.js?201752511465715 HTTP/1.1" 200 1544
186.67.172.234 - - [06/Sep/2019:11:01:59 -0300] "GET /cormun/static/hpexe_messagecontroller.js?20177611595012 HTTP/1.1" 200 870
186.67.172.234 - - [06/Sep/2019:11:01:59 -0300] "GET /cormun/static/hpexe_messagepopupcomponent.js?20161017169425 HTTP/1.1" 200 605
186.67.172.234 - - [06/Sep/2019:11:02:00 -0300] "GET /cormun/static/hpexe_messagegenexuscomponent.js?201752511465344 HTTP/1.1" 200 587
186.67.172.234 - - [06/Sep/2019:11:02:00 -0300] "GET /cormun/static/cmcontrolpreferences.js?201752511465670 HTTP/1.1" 200 1375
200.111.191.212 - - [06/Sep/2019:11:02:00 -0300] "POST /cormun/servlet/trautorizarpermisogoce?2c2737c6f978fd9cfccac3a5d4d42bc1,,gx-no-cache=1567778359857 HTTP/1.1" 200 9595
186.67.172.234 - - [06/Sep/2019:11:02:00 -0300] "GET /cormun/static/Shared/jquery/jquery-1.4.2.min.js HTTP/1.1" 200 72174
186.67.172.234 - - [06/Sep/2019:11:02:00 -0300] "GET /cormun/static/Shared/ext/ext-all.js HTTP/1.1" 200 1289687
186.67.172.234 - - [06/Sep/2019:11:02:01 -0300] "GET /cormun/static/Shared/jqueryui/jquery-ui.min.js HTTP/1.1" 200 240427
186.67.172.234 - - [06/Sep/2019:11:02:01 -0300] "GET /cormun/static/Shared/jquery/jquery-1.10.2.min.js HTTP/1.1" 200 273199
186.67.172.234 - - [06/Sep/2019:11:02:01 -0300] "GET /cormun/static/SmoothNavMenu/resources/ddsmoothmenu.js HTTP/1.1" 200 12712
186.67.172.234 - - [06/Sep/2019:11:02:01 -0300] "GET /cormun/static/SmoothNavMenu/resources/SmoothNavMenuRender.js HTTP/1.1" 200 5951
186.67.172.234 - - [06/Sep/2019:11:02:01 -0300] "GET /cormun/static/scaMessage/js/jquery.pnotify.min.js HTTP/1.1" 200 13038
186.67.172.234 - - [06/Sep/2019:11:02:01 -0300] "GET /cormun/static/scaMessage/scaMessageRender.js HTTP/1.1" 200 11977
186.67.172.234 - - [06/Sep/2019:11:02:01 -0300] "GET /cormun/static/hmpwkw03.js?20189613443875 HTTP/1.1" 200 3965
186.67.172.234 - - [06/Sep/2019:11:02:01 -0300] "GET /cormun/static/Resources/PXToolsHeaderHome.png HTTP/1.1" 200 4147
186.67.172.234 - - [06/Sep/2019:11:02:02 -0300] "GET /cormun/static/Resources/PXToolsHeaderPreferences.png HTTP/1.1" 200 4189
186.67.172.234 - - [06/Sep/2019:11:02:02 -0300] "GET /cormun/static/Resources/PXToolsHeaderLogin.png HTTP/1.1" 200 4279
186.67.172.234 - - [06/Sep/2019:11:02:02 -0300] "GET /cormun/static/Resources/PXToolsHeaderActionsRight.png HTTP/1.1" 200 1201
186.67.172.234 - - [06/Sep/2019:11:02:02 -0300] "GET /cormun/static/Resources/PXToolsHeaderSecurity.png HTTP/1.1" 200 4166
186.67.172.234 - - [06/Sep/2019:11:02:02 -0300] "GET /cormun/static/Resources/PXToolsHeaderBackground2.png HTTP/1.1" 200 1174
186.67.172.234 - - [06/Sep/2019:11:02:02 -0300] "GET /cormun/static/Resources/PXToolsFooterBackground2.png HTTP/1.1" 200 1172
186.67.172.234 - - [06/Sep/2019:11:02:02 -0300] "GET /cormun/static/Resources/PXToolsHeaderActionsBackground.png HTTP/1.1" 200 484
186.67.172.234 - - [06/Sep/2019:11:02:02 -0300] "GET /cormun/static/Resources/PXToolsDataTitle.png HTTP/1.1" 200 1173
186.67.172.234 - - [06/Sep/2019:11:02:03 -0300] "GET /cormun/static/SmoothNavMenu/resources/images/right.gif HTTP/1.1" 200 860
186.67.172.234 - - [06/Sep/2019:11:02:03 -0300] "GET /cormun/static/SmoothNavMenu/resources/images/down.gif HTTP/1.1" 200 854
186.67.172.234 - - [06/Sep/2019:11:02:03 -0300] "GET /cormun/servlet/hhome HTTP/1.1" 200 4354
200.111.191.212 - - [06/Sep/2019:11:02:04 -0300] "POST /cormun/servlet/trautorizarpermisogoce?2c2737c6f978fd9cfccac3a5d4d42bc1,,gx-no-cache=1567778363085 HTTP/1.1" 200 9341
200.111.191.212 - - [06/Sep/2019:11:02:08 -0300] "POST /cormun/servlet/trautorizarpermisogoce?2c2737c6f978fd9cfccac3a5d4d42bc1,,gx-no-cache=1567778366310 HTTP/1.1" 200 9112
186.67.172.234 - - [06/Sep/2019:11:02:09 -0300] "GET /cormun/servlet/trpermisosgoce? HTTP/1.1" 200 15072
186.67.172.234 - - [06/Sep/2019:11:02:09 -0300] "GET /cormun/static/gxui/gxui-all.css?110300 HTTP/1.1" 200 2179
186.67.172.234 - - [06/Sep/2019:11:02:09 -0300] "GET /cormun/static/calendar-system.css?75620 HTTP/1.1" 200 5572
186.67.172.234 - - [06/Sep/2019:11:02:09 -0300] "GET /cormun/static/gxcfg.js?20177612163875 HTTP/1.1" 200 953
186.67.172.234 - - [06/Sep/2019:11:02:09 -0300] "GET /cormun/static/calendar-es.js?85251 HTTP/1.1" 200 1901
186.67.172.234 - - [06/Sep/2019:11:02:09 -0300] "GET /cormun/static/calendar-setup.js?85251 HTTP/1.1" 200 2588
186.67.172.234 - - [06/Sep/2019:11:02:09 -0300] "GET /cormun/static/calendar.js?85251 HTTP/1.1" 200 26246
186.67.172.234 - - [06/Sep/2019:11:02:09 -0300] "GET /cormun/static/Resources/PXToolsDataSearch.png HTTP/1.1" 200 419
186.67.172.234 - - [06/Sep/2019:11:02:09 -0300] "GET /cormun/static/gxdec.js?85251 HTTP/1.1" 200 19579
186.67.172.234 - - [06/Sep/2019:11:02:10 -0300] "GET /cormun/static/Resources/PXTools/calendar.png HTTP/1.1" 200 1306
186.67.172.234 - - [06/Sep/2019:11:02:10 -0300] "GET /cormun/static/trpermisosgoce.js?20177612164335 HTTP/1.1" 200 35904
186.67.172.234 - - [06/Sep/2019:11:02:10 -0300] "GET /cormun/static/Resources/PXToolsGridFirstDisabled.gif HTTP/1.1" 200 100
186.67.172.234 - - [06/Sep/2019:11:02:10 -0300] "GET /cormun/static/Resources/PXToolsGridPreviousDisabled.gif HTTP/1.1" 200 90
186.67.172.234 - - [06/Sep/2019:11:02:10 -0300] "GET /cormun/static/Resources/PXToolsGridLastDisabled.gif HTTP/1.1" 200 98
186.67.172.234 - - [06/Sep/2019:11:02:10 -0300] "GET /cormun/static/Resources/PXToolsGridNextDisabled.gif HTTP/1.1" 200 90
186.67.172.234 - - [06/Sep/2019:11:02:10 -0300] "GET /cormun/static/Resources/PXToolsGridPage.gif HTTP/1.1" 200 725
186.67.172.234 - - [06/Sep/2019:11:02:10 -0300] "GET /cormun/static/Resources/PXToolsActionExcel.png HTTP/1.1" 200 3187
186.67.172.234 - - [06/Sep/2019:11:02:10 -0300] "GET /cormun/static/Resources/PXToolsGridNew.png HTTP/1.1" 200 2949
186.67.172.234 - - [06/Sep/2019:11:02:10 -0300] "GET /cormun/static/Shared/ext/resources/css/ext-all.css?205870 HTTP/1.1" 200 416045
200.111.191.212 - - [06/Sep/2019:11:02:10 -0300] "POST /cormun/servlet/trautorizarpermisogoce?2c2737c6f978fd9cfccac3a5d4d42bc1,,gx-no-cache=1567778370298 HTTP/1.1" 200 8855
186.67.172.234 - - [06/Sep/2019:11:02:11 -0300] "GET /cormun/static/Resources/desc.gif HTTP/1.1" 200 65
186.67.172.234 - - [06/Sep/2019:11:02:11 -0300] "GET /cormun/static/Resources/asc.gif HTTP/1.1" 200 67
186.67.172.234 - - [06/Sep/2019:11:02:11 -0300] "GET /cormun//static/Resources/PXToolsActionDisabled.gif HTTP/1.1" 200 53
186.67.172.234 - - [06/Sep/2019:11:02:11 -0300] "GET /cormun//static/Resources/PXTools/ActionInsert.png HTTP/1.1" 200 1482
186.67.172.234 - - [06/Sep/2019:11:02:11 -0300] "GET /cormun//static/Resources/PXToolsGridDisplay.png HTTP/1.1" 200 362
186.67.172.234 - - [06/Sep/2019:11:02:11 -0300] "GET /cormun//static/Resources/PXToolsGridDelete.png HTTP/1.1" 200 357
186.67.172.234 - - [06/Sep/2019:11:02:11 -0300] "GET /cormun//static/Resources/PXToolsActionPrint.png HTTP/1.1" 200 3317
186.67.172.234 - - [06/Sep/2019:11:02:11 -0300] "GET /cormun//static/Resources/PXToolsHeaderFavorites.png HTTP/1.1" 200 2744
186.67.172.234 - - [06/Sep/2019:11:02:11 -0300] "GET /cormun//static/Resources/PXToolsHeaderHelp.png HTTP/1.1" 200 4055
186.67.172.234 - - [06/Sep/2019:11:02:11 -0300] "GET /cormun/servlet/trpermisosgoce? HTTP/1.1" 200 15070
186.67.172.234 - - [06/Sep/2019:11:02:11 -0300] "GET /cormun/static/Shared/ext/resources/themes/images/default/tools/tool-sprites.gif HTTP/1.1" 200 5434
186.67.172.234 - - [06/Sep/2019:11:02:11 -0300] "GET /cormun/static/Shared/ext/resources/themes/images/default/panel/bg-headersPanel.png HTTP/1.1" 200 255
200.111.191.212 - - [06/Sep/2019:11:02:12 -0300] "POST /cormun/servlet/trautorizarpermisogoce?2c2737c6f978fd9cfccac3a5d4d42bc1,,gx-no-cache=1567778372629 HTTP/1.1" 200 8598
186.67.172.234 - - [06/Sep/2019:11:02:14 -0300] "GET /cormun/servlet/permisogoce?INS,0,,, HTTP/1.1" 200 7227
186.67.172.234 - - [06/Sep/2019:11:02:14 -0300] "GET /cormun/static/gxcfg.js?201776126440 HTTP/1.1" 200 953
186.67.172.234 - - [06/Sep/2019:11:02:14 -0300] "GET /cormun/static/Resources/prompt.gif HTTP/1.1" 200 902
200.111.191.212 - - [06/Sep/2019:11:02:14 -0300] "POST /cormun/servlet/trautorizarpermisogoce?2c2737c6f978fd9cfccac3a5d4d42bc1,,gx-no-cache=1567778374065 HTTP/1.1" 200 8417
186.67.172.234 - - [06/Sep/2019:11:02:14 -0300] "GET /cormun/static/permisogoce.js?2017761264459 HTTP/1.1" 200 27897
186.67.172.234 - - [06/Sep/2019:11:02:14 -0300] "GET /cormun/servlet/permisogoce?INS,0,,, HTTP/1.1" 200 7226
200.111.191.212 - - [06/Sep/2019:11:02:15 -0300] "POST /cormun/servlet/trautorizarpermisogoce?2c2737c6f978fd9cfccac3a5d4d42bc1,,gx-no-cache=1567778375958 HTTP/1.1" 200 8144
200.111.191.212 - - [06/Sep/2019:11:02:17 -0300] "POST /cormun/servlet/trautorizarpermisogoce?2c2737c6f978fd9cfccac3a5d4d42bc1,,gx-no-cache=1567778377285 HTTP/1.1" 200 7925
200.111.191.212 - - [06/Sep/2019:11:02:20 -0300] "POST /cormun/servlet/trautorizarpermisogoce?2c2737c6f978fd9cfccac3a5d4d42bc1,,gx-no-cache=1567778379177 HTTP/1.1" 200 7684
186.67.172.234 - - [06/Sep/2019:11:02:22 -0300] "GET /cormun/servlet/permisogoce?d9b83acfdbc1e90000db1927b7ac9167afd21c335d62fe8cb222645794cb21d77510e391bf6cbd76b9e92d872b037e033935472c769864a000fb02437a319e60,gx-no-cache=1567774583427 HTTP/1.1" 200 82
186.67.172.234 - - [06/Sep/2019:11:02:22 -0300] "GET /cormun/static/menuarrow.gif HTTP/1.1" 404 1015
200.111.191.212 - - [06/Sep/2019:11:02:24 -0300] "POST /cormun/servlet/trautorizarpermisogoce?2c2737c6f978fd9cfccac3a5d4d42bc1,,gx-no-cache=1567778381553 HTTP/1.1" 200 7442
200.111.191.212 - - [06/Sep/2019:11:02:28 -0300] "POST /cormun/servlet/trautorizarpermisogoce?2c2737c6f978fd9cfccac3a5d4d42bc1,,gx-no-cache=1567778386219 HTTP/1.1" 200 7113
200.111.191.212 - - [06/Sep/2019:11:02:30 -0300] "POST /cormun/servlet/trautorizarpermisogoce?2c2737c6f978fd9cfccac3a5d4d42bc1,,gx-no-cache=1567778390486 HTTP/1.1" 200 6894
200.111.191.212 - - [06/Sep/2019:11:02:37 -0300] "POST /cormun/servlet/trautorizarpermisogoce?2c2737c6f978fd9cfccac3a5d4d42bc1,,gx-no-cache=1567778391866 HTTP/1.1" 200 6683
200.111.191.212 - - [06/Sep/2019:11:02:38 -0300] "POST /cormun/servlet/trautorizarpermisogoce?2c2737c6f978fd9cfccac3a5d4d42bc1,,gx-no-cache=1567778399334 HTTP/1.1" 200 6453
186.67.172.234 - - [06/Sep/2019:11:02:39 -0300] "GET /cormun/servlet/permisogoce?d9b83acfdbc1e90000db1927b7ac9167db0db5bd8d1258524bcf64eb2f297fcc2e2024f1b2b08883bd10f7471cbdfd7f0d5c1fe4ff06d176f32ec2216d6ed72a,gx-no-cache=1567774600799 HTTP/1.1" 200 48
200.111.191.212 - - [06/Sep/2019:11:02:46 -0300] "POST /cormun/servlet/trautorizarpermisogoce?2c2737c6f978fd9cfccac3a5d4d42bc1,,gx-no-cache=1567778403250 HTTP/1.1" 200 6227
186.67.172.234 - - [06/Sep/2019:11:02:48 -0300] "POST /cormun/servlet/permisogoce?d76d118de062465edabdb2086c0d4c06,INS,0,,,,gx-no-cache=1567774608251 HTTP/1.1" 200 93
186.67.172.234 - - [06/Sep/2019:11:02:48 -0300] "GET /cormun/servlet/hpexe_return? HTTP/1.1" 200 1011
186.67.172.234 - - [06/Sep/2019:11:02:48 -0300] "GET /cormun/static/gxcfg.js?2016101716175148 HTTP/1.1" 200 953
186.67.172.234 - - [06/Sep/2019:11:02:48 -0300] "GET /cormun/static/hpexe_return.js?2016101716175153 HTTP/1.1" 200 1633
186.67.172.234 - - [06/Sep/2019:11:02:48 -0300] "GET /cormun/static/Resources/Spanish/PXTools.css?167811 HTTP/1.1" 200 89042
200.111.191.212 - - [06/Sep/2019:11:02:49 -0300] "POST /cormun/servlet/trautorizarpermisogoce?2c2737c6f978fd9cfccac3a5d4d42bc1,,gx-no-cache=1567778408966 HTTP/1.1" 200 5996
186.67.172.234 - - [06/Sep/2019:11:02:50 -0300] "GET /cormun/servlet/trpermisosgoce HTTP/1.1" 200 15386
186.67.172.234 - - [06/Sep/2019:11:02:51 -0300] "GET /cormun//static/Resources/PXToolsGridUpdate.png HTTP/1.1" 200 2984
186.67.172.234 - - [06/Sep/2019:11:02:51 -0300] "GET /cormun/servlet/trpermisosgoce HTTP/1.1" 200 15381
186.67.172.234 - - [06/Sep/2019:11:02:52 -0300] "GET /cormun/servlet/permisogoce?INS,0,,, HTTP/1.1" 200 7226
200.111.191.212 - - [06/Sep/2019:11:02:53 -0300] "POST /cormun/servlet/trautorizarpermisogoce?2c2737c6f978fd9cfccac3a5d4d42bc1,,gx-no-cache=1567778412686 HTTP/1.1" 200 5734
186.67.172.234 - - [06/Sep/2019:11:02:53 -0300] "GET /cormun/servlet/permisogoce?INS,0,,, HTTP/1.1" 200 7226
200.111.191.212 - - [06/Sep/2019:11:02:54 -0300] "POST /cormun/servlet/trautorizarpermisogoce?2c2737c6f978fd9cfccac3a5d4d42bc1,,gx-no-cache=1567778414954 HTTP/1.1" 200 5496
200.111.191.212 - - [06/Sep/2019:11:02:56 -0300] "POST /cormun/servlet/trautorizarpermisogoce?2c2737c6f978fd9cfccac3a5d4d42bc1,,gx-no-cache=1567778416270 HTTP/1.1" 200 5206
200.111.191.212 - - [06/Sep/2019:11:02:57 -0300] "POST /cormun/servlet/trautorizarpermisogoce?2c2737c6f978fd9cfccac3a5d4d42bc1,,gx-no-cache=1567778418162 HTTP/1.1" 200 4445
200.111.191.212 - - [06/Sep/2019:11:03:01 -0300] "GET /cormun/servlet/trsolicitudot? HTTP/1.1" 200 7541
200.111.191.212 - - [06/Sep/2019:11:03:01 -0300] "GET /cormun/servlet/trsolicitudot? HTTP/1.1" 200 7540
186.67.172.234 - - [06/Sep/2019:11:03:02 -0300] "GET /cormun/servlet/permisogoce?d9b83acfdbc1e90000db1927b7ac9167dfe037d703300b4bcba51a1c10a596147510e391bf6cbd76b9e92d872b037e033935472c769864a000fb02437a319e60,gx-no-cache=1567774623674 HTTP/1.1" 200 84
200.111.191.212 - - [06/Sep/2019:11:03:07 -0300] "POST /cormun/servlet/trsolicitudot?2c2737c6f978fd9cfccac3a5d4d42bc1,,gx-no-cache=1567778427585 HTTP/1.1" 200 8977
200.111.191.212 - - [06/Sep/2019:11:03:09 -0300] "GET /cormun/servlet/vesolicitudot?2019,16050,, HTTP/1.1" 200 8694
200.111.191.212 - - [06/Sep/2019:11:03:10 -0300] "GET /cormun/static/gxcfg.js?2017111422591385 HTTP/1.1" 200 953
200.111.191.212 - - [06/Sep/2019:11:03:10 -0300] "GET /cormun/pexe_scrolldiv.js HTTP/1.1" 404 1009
200.111.191.212 - - [06/Sep/2019:11:03:10 -0300] "GET /cormun/static/Resources/PXToolsTabFirstSelected.png HTTP/1.1" 200 1259
200.111.191.212 - - [06/Sep/2019:11:03:10 -0300] "GET /cormun/static/hwcviewtabs.js?20177611594913 HTTP/1.1" 200 1074
200.111.191.212 - - [06/Sep/2019:11:03:10 -0300] "GET /cormun/static/vesolicitudot.js?2017111422591449 HTTP/1.1" 200 6091
200.111.191.212 - - [06/Sep/2019:11:03:10 -0300] "GET /cormun/pexe_scrolldiv.js HTTP/1.1" 404 1009
200.111.191.212 - - [06/Sep/2019:11:03:10 -0300] "GET /cormun/static/hpexe_tabsview.js?201610171694228 HTTP/1.1" 200 1661
200.111.191.212 - - [06/Sep/2019:11:03:10 -0300] "GET /cormun/static/Resources/PXToolsTabLastUnselected.png HTTP/1.1" 200 1291
200.111.191.212 - - [06/Sep/2019:11:03:10 -0300] "GET /cormun/static/Resources/PXToolsTabNext.gif HTTP/1.1" 200 168
200.111.191.212 - - [06/Sep/2019:11:03:10 -0300] "GET /cormun/static/Resources/PXToolsTabPrevious.gif HTTP/1.1" 200 172
200.111.191.212 - - [06/Sep/2019:11:03:10 -0300] "GET /cormun/static/tbsolicitudot01.js?2017111422581186 HTTP/1.1" 200 30566
200.111.191.212 - - [06/Sep/2019:11:03:10 -0300] "GET /cormun/static/calendar-system.css HTTP/1.1" 200 5572
200.111.191.212 - - [06/Sep/2019:11:03:10 -0300] "GET /cormun/static/Resources/PXToolsTabBackSelected.png HTTP/1.1" 200 1157
200.111.191.212 - - [06/Sep/2019:11:03:10 -0300] "GET /cormun/static/Resources/PXToolsTabBackUnselected.png HTTP/1.1" 200 1175
190.171.141.106 - - [06/Sep/2019:11:03:10 -0300] "POST /cormun/servlet/solicitudot?a509f1d21d1da3d4651131d4824a2b64,INS,0,0,,gx-no-cache=1567774663667 HTTP/1.1" 200 93
200.111.191.212 - - [06/Sep/2019:11:03:10 -0300] "GET /cormun/static/Resources/PXToolsTabSelectedUnselected.png HTTP/1.1" 200 1428
200.111.191.212 - - [06/Sep/2019:11:03:10 -0300] "GET /cormun/static/Resources/PXToolsTabUnselectedUnselected.png HTTP/1.1" 200 1459
200.111.191.212 - - [06/Sep/2019:11:03:10 -0300] "GET /cormun/servlet/vesolicitudot?2019,16050,, HTTP/1.1" 200 8694
190.171.141.106 - - [06/Sep/2019:11:03:10 -0300] "GET /cormun/servlet/hpexe_return? HTTP/1.1" 200 1008
190.171.141.106 - - [06/Sep/2019:11:03:11 -0300] "GET /cormun/servlet/trsolicitudot HTTP/1.1" 200 8657
186.67.172.234 - - [06/Sep/2019:11:03:11 -0300] "GET /cormun/servlet/permisogoce?d9b83acfdbc1e90000db1927b7ac9167ff0b58a3973ad9e4a4223360569fb37e8a01efb10a2cdec17805d7f9068febf30d5c1fe4ff06d176f32ec2216d6ed72a,gx-no-cache=1567774632814 HTTP/1.1" 200 48
190.171.141.106 - - [06/Sep/2019:11:03:12 -0300] "GET /cormun/servlet/trsolicitudot HTTP/1.1" 200 8653
200.111.191.212 - - [06/Sep/2019:11:03:13 -0300] "POST /cormun/servlet/vesolicitudot?2c2737c6f978fd9cfccac3a5d4d42bc1,2019,16050,,,gx-no-cache=1567778434032 HTTP/1.1" 200 93
200.111.191.212 - - [06/Sep/2019:11:03:13 -0300] "GET /cormun/servlet/hpexe_return? HTTP/1.1" 200 1007
200.111.191.212 - - [06/Sep/2019:11:03:13 -0300] "GET /cormun/servlet/trsolicitudot? HTTP/1.1" 200 11926
200.111.191.212 - - [06/Sep/2019:11:03:14 -0300] "GET /cormun/servlet/trsolicitudot? HTTP/1.1" 200 11921
200.111.191.212 - - [06/Sep/2019:11:03:17 -0300] "GET /cormun/servlet/vesolicitudot?2019,16025,, HTTP/1.1" 200 8735
200.111.191.212 - - [06/Sep/2019:11:03:17 -0300] "GET /cormun/pexe_scrolldiv.js HTTP/1.1" 404 1009
200.111.191.212 - - [06/Sep/2019:11:03:18 -0300] "GET /cormun/servlet/vesolicitudot?2019,16025,, HTTP/1.1" 200 8734
190.171.141.106 - - [06/Sep/2019:11:03:18 -0300] "POST /cormun/servlet/trsolicitudot?a509f1d21d1da3d4651131d4824a2b64,gx-no-cache=1567774677562 HTTP/1.1" 200 4580
190.171.141.106 - - [06/Sep/2019:11:03:18 -0300] "GET /cormun/static/Shared/jqueryui/images/ui-bg_highlight-soft_100_c6c2c8_1x100.png HTTP/1.1" 404 1117
190.171.141.106 - - [06/Sep/2019:11:03:18 -0300] "GET /cormun/static/Shared/jqueryui/images/ui-icons_8d78a5_256x240.png HTTP/1.1" 404 1089
190.171.141.106 - - [06/Sep/2019:11:03:18 -0300] "GET /cormun/static/Shared/jqueryui/images/ui-icons_82798d_256x240.png HTTP/1.1" 404 1089
190.171.141.106 - - [06/Sep/2019:11:03:18 -0300] "GET /cormun/static/Shared/jqueryui/images/ui-bg_flat_55_fafafa_40x100.png HTTP/1.1" 404 1097
190.171.141.106 - - [06/Sep/2019:11:03:19 -0300] "POST /cormun/servlet/trsolicitudot?a509f1d21d1da3d4651131d4824a2b64,gx-no-cache=1567774678938 HTTP/1.1" 200 4319
200.111.191.212 - - [06/Sep/2019:11:03:19 -0300] "POST /cormun/servlet/vesolicitudot?2c2737c6f978fd9cfccac3a5d4d42bc1,2019,16025,,,gx-no-cache=1567778440222 HTTP/1.1" 200 93
200.111.191.212 - - [06/Sep/2019:11:03:19 -0300] "GET /cormun/servlet/hpexe_return? HTTP/1.1" 200 1006
200.111.191.212 - - [06/Sep/2019:11:03:20 -0300] "GET /cormun/servlet/trsolicitudot HTTP/1.1" 200 11926
200.111.191.212 - - [06/Sep/2019:11:03:21 -0300] "GET /cormun/servlet/trsolicitudot HTTP/1.1" 200 11921
186.67.172.234 - - [06/Sep/2019:11:03:23 -0300] "POST /cormun/servlet/permisogoce?d76d118de062465edabdb2086c0d4c06,INS,0,,,,gx-no-cache=1567774644059 HTTP/1.1" 200 93
200.111.191.212 - - [06/Sep/2019:11:03:23 -0300] "GET /cormun/servlet/vesolicitudot?2019,16010,, HTTP/1.1" 200 8711
186.67.172.234 - - [06/Sep/2019:11:03:23 -0300] "GET /cormun/servlet/hpexe_return? HTTP/1.1" 200 1011
200.111.191.212 - - [06/Sep/2019:11:03:23 -0300] "GET /cormun/pexe_scrolldiv.js HTTP/1.1" 404 1009
186.67.172.234 - - [06/Sep/2019:11:03:23 -0300] "GET /cormun/servlet/trpermisosgoce HTTP/1.1" 200 15538
200.111.191.212 - - [06/Sep/2019:11:03:23 -0300] "GET /cormun/servlet/vesolicitudot?2019,16010,, HTTP/1.1" 200 8711
186.67.172.234 - - [06/Sep/2019:11:03:24 -0300] "GET /cormun/servlet/trpermisosgoce HTTP/1.1" 200 15549
186.67.172.234 - - [06/Sep/2019:11:03:26 -0300] "GET /cormun/servlet/trpermisosadjuntos?13820373,20190906095158,P, HTTP/1.1" 200 6671
186.67.172.234 - - [06/Sep/2019:11:03:27 -0300] "GET /cormun/static/gxcfg.js?201762817193957 HTTP/1.1" 200 953
186.67.172.234 - - [06/Sep/2019:11:03:27 -0300] "GET /cormun/static/trpermisosadjuntos.js?201762817194366 HTTP/1.1" 200 20158
186.67.172.234 - - [06/Sep/2019:11:03:27 -0300] "GET /cormun/static/Resources/Spanish/PXTools.css?17315867 HTTP/1.1" 200 89042
186.67.172.234 - - [06/Sep/2019:11:03:27 -0300] "GET /cormun/servlet/trpermisosadjuntos?13820373,20190906095158,P, HTTP/1.1" 200 6672
200.111.191.212 - - [06/Sep/2019:11:03:28 -0300] "POST /cormun/servlet/vesolicitudot?2c2737c6f978fd9cfccac3a5d4d42bc1,2019,16010,,,gx-no-cache=1567778447706 HTTP/1.1" 200 93
200.111.191.212 - - [06/Sep/2019:11:03:28 -0300] "GET /cormun/servlet/hpexe_return? HTTP/1.1" 200 1006
200.111.191.212 - - [06/Sep/2019:11:03:28 -0300] "GET /cormun/servlet/trsolicitudot HTTP/1.1" 200 11926
200.111.191.212 - - [06/Sep/2019:11:03:29 -0300] "GET /cormun/servlet/trsolicitudot HTTP/1.1" 200 11921
186.67.172.234 - - [06/Sep/2019:11:03:29 -0300] "GET /cormun/servlet/permisosadjuntos?INS,13820373,P,20190906095158,, HTTP/1.1" 200 6000
186.67.172.234 - - [06/Sep/2019:11:03:29 -0300] "GET /cormun/static/gxcfg.js?201762717441171 HTTP/1.1" 200 953
186.67.172.234 - - [06/Sep/2019:11:03:29 -0300] "GET /cormun/static/permisosadjuntos.js?201762717441184 HTTP/1.1" 200 8724
186.67.172.234 - - [06/Sep/2019:11:03:29 -0300] "GET /cormun/static/about:blank HTTP/1.1" 404 1011
186.67.172.234 - - [06/Sep/2019:11:03:29 -0300] "GET /cormun/servlet/permisosadjuntos?INS,13820373,P,20190906095158,, HTTP/1.1" 200 5990
200.111.191.212 - - [06/Sep/2019:11:03:39 -0300] "GET /cormun/servlet/hlogin HTTP/1.1" 200 1732
200.111.191.212 - - [06/Sep/2019:11:03:46 -0300] "POST /cormun/servlet/hlogin?2c2737c6f978fd9cfccac3a5d4d42bc1,gx-no-cache=1567778466886 HTTP/1.1" 200 90
200.111.191.212 - - [06/Sep/2019:11:03:46 -0300] "GET /cormun/servlet/hpexe_link HTTP/1.1" 200 946
200.111.191.212 - - [06/Sep/2019:11:03:46 -0300] "GET /cormun/servlet/hhome HTTP/1.1" 200 4026
200.111.191.212 - - [06/Sep/2019:11:03:46 -0300] "GET /cormun/servlet/hhome HTTP/1.1" 200 4022
200.111.191.212 - - [06/Sep/2019:11:03:50 -0300] "GET /cormun/servlet/trlicencias? HTTP/1.1" 200 15819
200.111.191.212 - - [06/Sep/2019:11:03:51 -0300] "GET /cormun/static/gxcfg.js?20176272054169 HTTP/1.1" 200 953
200.111.191.212 - - [06/Sep/2019:11:03:51 -0300] "GET /cormun/static/trlicencias.js?20176272054837 HTTP/1.1" 200 41883
200.111.191.212 - - [06/Sep/2019:11:03:51 -0300] "GET /cormun/servlet/trlicencias? HTTP/1.1" 200 15817
186.67.172.234 - - [06/Sep/2019:11:03:57 -0300] "POST /cormun/servlet/permisosadjuntos?d76d118de062465edabdb2086c0d4c06,INS,13820373,P,20190906095158,, HTTP/1.1" 200 116
186.67.172.234 - - [06/Sep/2019:11:03:57 -0300] "GET /cormun/servlet/hpexe_return? HTTP/1.1" 200 1039
186.67.172.234 - - [06/Sep/2019:11:03:58 -0300] "GET /cormun/servlet/trpermisosadjuntos?13820373,20190906095158,P, HTTP/1.1" 200 7185
186.67.172.234 - - [06/Sep/2019:11:03:58 -0300] "GET /cormun/servlet/trpermisosadjuntos?13820373,20190906095158,P, HTTP/1.1" 200 7182
186.67.172.234 - - [06/Sep/2019:11:04:07 -0300] "POST /cormun/servlet/trpermisosadjuntos?d76d118de062465edabdb2086c0d4c06,13820373,20190906095158,P,,gx-no-cache=1567774686961 HTTP/1.1" 200 90
186.67.172.234 - - [06/Sep/2019:11:04:07 -0300] "GET /cormun/servlet/hpexe_link HTTP/1.1" 200 984
186.67.172.234 - - [06/Sep/2019:11:04:08 -0300] "GET /cormun/servlet/trpermisosgoce HTTP/1.1" 200 15551
186.67.172.234 - - [06/Sep/2019:11:04:08 -0300] "GET /cormun/servlet/trpermisosgoce HTTP/1.1" 200 15536
186.67.172.234 - - [06/Sep/2019:11:04:12 -0300] "GET /cormun/servlet/trpermisosadjuntos?13947301,20190906095119,P, HTTP/1.1" 200 6673
186.67.172.234 - - [06/Sep/2019:11:04:12 -0300] "GET /cormun/servlet/trpermisosadjuntos?13947301,20190906095119,P, HTTP/1.1" 200 6674
186.67.172.234 - - [06/Sep/2019:11:04:15 -0300] "GET /cormun/servlet/permisosadjuntos?INS,13947301,P,20190906095119,, HTTP/1.1" 200 5999
186.67.172.234 - - [06/Sep/2019:11:04:15 -0300] "GET /cormun/static/about:blank HTTP/1.1" 404 1011
186.67.172.234 - - [06/Sep/2019:11:04:15 -0300] "GET /cormun/servlet/permisosadjuntos?INS,13947301,P,20190906095119,, HTTP/1.1" 200 5990
186.67.172.234 - - [06/Sep/2019:11:04:28 -0300] "POST /cormun/servlet/permisosadjuntos?d76d118de062465edabdb2086c0d4c06,INS,13947301,P,20190906095119,, HTTP/1.1" 200 116
186.67.172.234 - - [06/Sep/2019:11:04:28 -0300] "GET /cormun/servlet/hpexe_return? HTTP/1.1" 200 1039
186.67.172.234 - - [06/Sep/2019:11:04:29 -0300] "GET /cormun/servlet/trpermisosadjuntos?13947301,20190906095119,P, HTTP/1.1" 200 7196
186.67.172.234 - - [06/Sep/2019:11:04:29 -0300] "GET /cormun/servlet/trpermisosadjuntos?13947301,20190906095119,P, HTTP/1.1" 200 7192
186.67.172.234 - - [06/Sep/2019:11:04:36 -0300] "POST /cormun/servlet/trpermisosadjuntos?d76d118de062465edabdb2086c0d4c06,13947301,20190906095119,P,,gx-no-cache=1567774716441 HTTP/1.1" 200 90
186.67.172.234 - - [06/Sep/2019:11:04:36 -0300] "GET /cormun/servlet/hpexe_link HTTP/1.1" 200 984
186.67.172.234 - - [06/Sep/2019:11:04:37 -0300] "GET /cormun/servlet/trpermisosgoce HTTP/1.1" 200 15549
186.67.172.234 - - [06/Sep/2019:11:04:37 -0300] "GET /cormun/servlet/trpermisosgoce HTTP/1.1" 200 15536
186.67.172.234 - - [06/Sep/2019:11:04:42 -0300] "POST /cormun/servlet/trpermisosgoce?d76d118de062465edabdb2086c0d4c06,gx-no-cache=1567774722697 HTTP/1.1" 200 12635
186.67.172.234 - - [06/Sep/2019:11:04:42 -0300] "GET /cormun/static/Shared/jqueryui/images/ui-bg_highlight-soft_100_c6c2c8_1x100.png HTTP/1.1" 404 1117
186.67.172.234 - - [06/Sep/2019:11:04:42 -0300] "GET /cormun/static/Shared/jqueryui/images/ui-bg_flat_55_fafafa_40x100.png HTTP/1.1" 404 1097
186.67.172.234 - - [06/Sep/2019:11:04:42 -0300] "GET /cormun/static/Shared/jqueryui/images/ui-icons_82798d_256x240.png HTTP/1.1" 404 1089
186.67.172.234 - - [06/Sep/2019:11:04:42 -0300] "GET /cormun/static/Shared/jqueryui/images/ui-icons_8d78a5_256x240.png HTTP/1.1" 404 1089
186.67.172.234 - - [06/Sep/2019:11:04:46 -0300] "POST /cormun/servlet/trpermisosgoce?d76d118de062465edabdb2086c0d4c06,gx-no-cache=1567774725959 HTTP/1.1" 200 12600
186.67.172.234 - - [06/Sep/2019:11:04:50 -0300] "GET /cormun/servlet/trautorizarpermisogoce? HTTP/1.1" 200 8334
186.67.172.234 - - [06/Sep/2019:11:04:50 -0300] "GET /cormun/static/gxcfg.js?20177612165975 HTTP/1.1" 200 953
186.67.172.234 - - [06/Sep/2019:11:04:50 -0300] "GET /cormun/static/trautorizarpermisogoce.js?2017761217384 HTTP/1.1" 200 34948
186.67.172.234 - - [06/Sep/2019:11:04:51 -0300] "GET /cormun/servlet/trautorizarpermisogoce? HTTP/1.1" 200 8333
186.67.172.234 - - [06/Sep/2019:11:04:53 -0300] "POST /cormun/servlet/trautorizarpermisogoce?d76d118de062465edabdb2086c0d4c06,,gx-no-cache=1567774734366 HTTP/1.1" 200 5218
186.103.159.46 - - [06/Sep/2019:11:04:54 -0300] "POST /cormun/servlet/trlicencias?0f735cec12d892877c703e258e1771fe,,gx-no-cache=1567774774824 HTTP/1.1" 440 972
186.67.172.234 - - [06/Sep/2019:11:04:55 -0300] "POST /cormun/servlet/trautorizarpermisogoce?d76d118de062465edabdb2086c0d4c06,,gx-no-cache=1567774735924 HTTP/1.1" 200 4452
186.103.159.46 - - [06/Sep/2019:11:04:55 -0300] "GET /cormun/servlet/trlicencias? HTTP/1.1" 200 7294
186.103.159.46 - - [06/Sep/2019:11:04:58 -0300] "GET /cormun/servlet/hlogin HTTP/1.1" 200 1739
186.103.159.46 - - [06/Sep/2019:11:04:58 -0300] "GET /cormun/servlet/trlicencias? HTTP/1.1" 200 7294
186.103.159.46 - - [06/Sep/2019:11:05:06 -0300] "POST /cormun/servlet/hlogin?62f0c80a63eafae34f12815a84aced9e,gx-no-cache=1567774787071 HTTP/1.1" 200 90
186.103.159.46 - - [06/Sep/2019:11:05:06 -0300] "GET /cormun/servlet/hpexe_link HTTP/1.1" 200 955
186.103.159.46 - - [06/Sep/2019:11:05:07 -0300] "GET /cormun/servlet/trlicencias HTTP/1.1" 200 11098
186.103.159.46 - - [06/Sep/2019:11:05:09 -0300] "GET /cormun/servlet/trlicencias HTTP/1.1" 200 11096
186.103.159.46 - - [06/Sep/2019:11:05:15 -0300] "POST /cormun/servlet/trlicencias?62f0c80a63eafae34f12815a84aced9e,gx-no-cache=1567774795328 HTTP/1.1" 200 8405
186.67.164.138 - - [06/Sep/2019:11:05:55 -0300] "GET /cormun/servlet/hlogin HTTP/1.1" 200 1718
186.67.164.138 - - [06/Sep/2019:11:06:01 -0300] "POST /cormun/servlet/hlogin?b5d06780bc124e9a0ab16ede88f29595,gx-no-cache=1567778442094 HTTP/1.1" 200 90
186.67.164.138 - - [06/Sep/2019:11:06:01 -0300] "GET /cormun/servlet/hpexe_link HTTP/1.1" 200 989
186.67.164.138 - - [06/Sep/2019:11:06:02 -0300] "GET /cormun/servlet/licenciaspermisosadjuntos?INS,15465221,L,20190906000000,, HTTP/1.1" 200 5699
186.67.164.138 - - [06/Sep/2019:11:06:02 -0300] "GET /cormun/static/about:blank HTTP/1.1" 404 1011
186.67.164.138 - - [06/Sep/2019:11:06:03 -0300] "GET /cormun/servlet/licenciaspermisosadjuntos?INS,15465221,L,20190906000000,, HTTP/1.1" 200 5698
186.67.164.138 - - [06/Sep/2019:11:06:08 -0300] "GET /cormun/servlet/trlicencias? HTTP/1.1" 200 15588
186.67.164.138 - - [06/Sep/2019:11:06:09 -0300] "GET /cormun/servlet/trlicencias? HTTP/1.1" 200 15582
186.67.164.138 - - [06/Sep/2019:11:06:21 -0300] "POST /cormun/servlet/trlicencias?b5d06780bc124e9a0ab16ede88f29595,,gx-no-cache=1567778455965 HTTP/1.1" 200 13313
186.67.164.138 - - [06/Sep/2019:11:06:21 -0300] "GET /cormun/static/Shared/jqueryui/images/ui-bg_highlight-soft_100_c6c2c8_1x100.png HTTP/1.1" 404 1117
186.67.164.138 - - [06/Sep/2019:11:06:21 -0300] "GET /cormun/static/Shared/jqueryui/images/ui-icons_82798d_256x240.png HTTP/1.1" 404 1089
186.67.164.138 - - [06/Sep/2019:11:06:22 -0300] "GET /cormun/static/Shared/jqueryui/images/ui-bg_flat_55_fafafa_40x100.png HTTP/1.1" 404 1097
186.67.164.138 - - [06/Sep/2019:11:06:22 -0300] "GET /cormun/static/Shared/jqueryui/images/ui-icons_8d78a5_256x240.png HTTP/1.1" 404 1089
186.67.164.138 - - [06/Sep/2019:11:06:24 -0300] "GET /cormun/servlet/trlicenciaspermisosadjuntos?15465221,20190906000000,L, HTTP/1.1" 200 6411
186.67.164.138 - - [06/Sep/2019:11:06:25 -0300] "GET /cormun/servlet/trlicenciaspermisosadjuntos?15465221,20190906000000,L, HTTP/1.1" 200 6412
186.67.164.138 - - [06/Sep/2019:11:06:27 -0300] "GET /cormun/servlet/licenciaspermisosadjuntos?INS,15465221,L,20190906000000,, HTTP/1.1" 200 5708
186.67.164.138 - - [06/Sep/2019:11:06:27 -0300] "GET /cormun/static/about:blank HTTP/1.1" 404 1011
186.67.164.138 - - [06/Sep/2019:11:06:28 -0300] "GET /cormun/servlet/licenciaspermisosadjuntos?INS,15465221,L,20190906000000,, HTTP/1.1" 200 5698
66.249.69.57 - - [06/Sep/2019:11:06:35 -0300] "GET /cormun/servlet/hlogin HTTP/1.1" 200 1711
66.249.69.57 - - [06/Sep/2019:11:06:36 -0300] "GET /cormun/servlet/hlogin?_escaped_fragment_= HTTP/1.1" 200 1722
186.67.164.138 - - [06/Sep/2019:11:07:43 -0300] "POST /cormun/servlet/licenciaspermisosadjuntos?b5d06780bc124e9a0ab16ede88f29595,INS,15465221,L,20190906000000,, HTTP/1.1" 200 116
186.67.164.138 - - [06/Sep/2019:11:07:43 -0300] "GET /cormun/servlet/hpexe_return? HTTP/1.1" 200 1041
186.67.164.138 - - [06/Sep/2019:11:07:44 -0300] "GET /cormun/servlet/trlicenciaspermisosadjuntos?15465221,20190906000000,L, HTTP/1.1" 200 6896
186.67.164.138 - - [06/Sep/2019:11:07:45 -0300] "GET /cormun/servlet/trlicenciaspermisosadjuntos?15465221,20190906000000,L, HTTP/1.1" 200 6893
186.103.159.189 - - [06/Sep/2019:11:08:56 -0300] "POST /cormun/servlet/trpermisosgoce?1fade6bf1a3dd838935c955855067e8c,,gx-no-cache=1567775013503 HTTP/1.1" 200 9785
190.171.154.42 - - [06/Sep/2019:11:09:32 -0300] "GET /cormun/servlet/hlogin HTTP/1.1" 200 1721
186.67.164.138 - - [06/Sep/2019:11:09:45 -0300] "POST /cormun/servlet/trlicenciaspermisosadjuntos?b5d06780bc124e9a0ab16ede88f29595,15465221,20190906000000,L,,gx-no-cache=1567778665291 HTTP/1.1" 200 90
186.67.164.138 - - [06/Sep/2019:11:09:45 -0300] "GET /cormun/servlet/hpexe_link HTTP/1.1" 200 985
190.171.154.42 - - [06/Sep/2019:11:09:45 -0300] "POST /cormun/servlet/hlogin?848fddd761f62e80a55c20769d3e1e78,gx-no-cache=1567778663411 HTTP/1.1" 200 90
190.171.154.42 - - [06/Sep/2019:11:09:45 -0300] "GET /cormun/servlet/hpexe_link HTTP/1.1" 200 949
186.67.164.138 - - [06/Sep/2019:11:09:45 -0300] "GET /cormun/servlet/trlicencias? HTTP/1.1" 200 15584
190.171.154.42 - - [06/Sep/2019:11:09:45 -0300] "GET /cormun/servlet/hhome HTTP/1.1" 200 4322
190.171.154.42 - - [06/Sep/2019:11:09:48 -0300] "GET /cormun/servlet/hhome HTTP/1.1" 200 4318
186.67.164.138 - - [06/Sep/2019:11:09:49 -0300] "GET /cormun/servlet/trlicencias? HTTP/1.1" 200 15580
190.171.154.42 - - [06/Sep/2019:11:09:52 -0300] "GET /cormun/servlet/trlicencias? HTTP/1.1" 200 12747
186.67.164.138 - - [06/Sep/2019:11:09:53 -0300] "POST /cormun/servlet/trlicencias?b5d06780bc124e9a0ab16ede88f29595,,gx-no-cache=1567778671778 HTTP/1.1" 200 13186
186.67.164.138 - - [06/Sep/2019:11:09:53 -0300] "GET /cormun/static/Shared/jqueryui/images/ui-bg_highlight-soft_100_c6c2c8_1x100.png HTTP/1.1" 404 1117
186.67.164.138 - - [06/Sep/2019:11:09:53 -0300] "GET /cormun/static/Shared/jqueryui/images/ui-icons_82798d_256x240.png HTTP/1.1" 404 1089
186.67.164.138 - - [06/Sep/2019:11:09:53 -0300] "GET /cormun/static/Shared/jqueryui/images/ui-icons_8d78a5_256x240.png HTTP/1.1" 404 1089
186.67.164.138 - - [06/Sep/2019:11:09:53 -0300] "GET /cormun/static/Shared/jqueryui/images/ui-bg_flat_55_fafafa_40x100.png HTTP/1.1" 404 1097
190.171.154.42 - - [06/Sep/2019:11:09:54 -0300] "GET /cormun/servlet/trlicencias? HTTP/1.1" 200 12744
190.171.154.42 - - [06/Sep/2019:11:09:59 -0300] "GET /cormun/static/menuarrow.gif HTTP/1.1" 404 1015
190.171.154.42 - - [06/Sep/2019:11:10:09 -0300] "POST /cormun/servlet/trlicencias?848fddd761f62e80a55c20769d3e1e78,,gx-no-cache=1567778686735 HTTP/1.1" 200 19231
190.171.154.42 - - [06/Sep/2019:11:10:25 -0300] "GET /cormun/servlet/alicenciaprn?11364738,L,20190905000000,PU HTTP/1.1" 200 1535
190.171.154.42 - - [06/Sep/2019:11:10:51 -0300] "GET /cormun/servlet/alicenciaprn?15123859,L,20190905000000,PU HTTP/1.1" 200 1569
190.171.141.122 - - [06/Sep/2019:11:11:19 -0300] "POST /cormun/servlet/trlicencias?6c604856baf51500499041ce2ae7b6ac,,gx-no-cache=1567778759579 HTTP/1.1" 440 972
190.171.141.122 - - [06/Sep/2019:11:11:21 -0300] "GET /cormun/servlet/trlicencias? HTTP/1.1" 200 7294
190.171.141.122 - - [06/Sep/2019:11:11:22 -0300] "GET /cormun/servlet/hlogin HTTP/1.1" 200 1736
190.171.141.122 - - [06/Sep/2019:11:11:22 -0300] "GET /cormun/servlet/trlicencias? HTTP/1.1" 200 7294
190.171.141.122 - - [06/Sep/2019:11:11:28 -0300] "POST /cormun/servlet/hlogin?5ff55b5accc002b740cb675391dc3b32,gx-no-cache=1567778769393 HTTP/1.1" 200 90
190.171.141.122 - - [06/Sep/2019:11:11:29 -0300] "GET /cormun/servlet/hpexe_link HTTP/1.1" 200 954
190.171.141.122 - - [06/Sep/2019:11:11:29 -0300] "GET /cormun/servlet/trlicencias HTTP/1.1" 200 10252
190.171.141.122 - - [06/Sep/2019:11:11:29 -0300] "GET /cormun/servlet/trlicencias HTTP/1.1" 200 10251
190.171.154.42 - - [06/Sep/2019:11:12:03 -0300] "GET /cormun/servlet/licenciaspermisos?DSP,11364738,L,20190905000000, HTTP/1.1" 200 7380
190.171.154.42 - - [06/Sep/2019:11:12:05 -0300] "GET /cormun/servlet/licenciaspermisos?DSP,11364738,L,20190905000000, HTTP/1.1" 200 7379
190.171.154.42 - - [06/Sep/2019:11:12:16 -0300] "POST /cormun/servlet/licenciaspermisos?848fddd761f62e80a55c20769d3e1e78,DSP,11364738,L,20190905000000,,gx-no-cache=1567778814455 HTTP/1.1" 200 90
190.171.154.42 - - [06/Sep/2019:11:12:16 -0300] "GET /cormun/servlet/hpexe_link HTTP/1.1" 200 982
190.171.154.42 - - [06/Sep/2019:11:12:17 -0300] "GET /cormun/servlet/trlicencias? HTTP/1.1" 200 21122
190.171.154.42 - - [06/Sep/2019:11:12:20 -0300] "GET /cormun/servlet/trlicencias? HTTP/1.1" 200 21126
190.171.154.42 - - [06/Sep/2019:11:12:28 -0300] "GET /cormun/servlet/licenciaspermisos?DSP,15123859,L,20190905000000, HTTP/1.1" 200 7419
190.171.154.42 - - [06/Sep/2019:11:12:30 -0300] "GET /cormun/servlet/licenciaspermisos?DSP,15123859,L,20190905000000, HTTP/1.1" 200 7420
190.171.141.122 - - [06/Sep/2019:11:13:01 -0300] "GET /cormun/servlet/trpermisosingoce? HTTP/1.1" 200 8331
190.171.141.122 - - [06/Sep/2019:11:13:02 -0300] "GET /cormun/servlet/trpermisosingoce? HTTP/1.1" 200 8331
190.171.154.42 - - [06/Sep/2019:11:13:22 -0300] "POST /cormun/servlet/licenciaspermisos?848fddd761f62e80a55c20769d3e1e78,DSP,15123859,L,20190905000000,,gx-no-cache=1567778879926 HTTP/1.1" 200 90
190.171.154.42 - - [06/Sep/2019:11:13:22 -0300] "GET /cormun/servlet/hpexe_link HTTP/1.1" 200 981
190.171.154.42 - - [06/Sep/2019:11:13:22 -0300] "GET /cormun/servlet/trlicencias HTTP/1.1" 200 21140
190.171.154.42 - - [06/Sep/2019:11:13:25 -0300] "GET /cormun/servlet/trlicencias HTTP/1.1" 200 21126
192.168.10.96 - - [06/Sep/2019:11:19:17 -0300] "GET /cormun/servlet/trsolicitudgral? HTTP/1.1" 500 10
192.168.10.96 - - [06/Sep/2019:11:19:20 -0300] "GET /cormun/servlet/hlogin HTTP/1.1" 200 1718
192.168.10.96 - - [06/Sep/2019:11:19:20 -0300] "GET /cormun/servlet/hlogin HTTP/1.1" 200 1718
192.168.10.96 - - [06/Sep/2019:11:19:26 -0300] "POST /cormun/servlet/hlogin?e8aad0fd63044db740d6fc2d97c6aa8e,gx-no-cache=1567778911552 HTTP/1.1" 200 90
192.168.10.96 - - [06/Sep/2019:11:19:26 -0300] "GET /cormun/servlet/hpexe_link HTTP/1.1" 200 945
192.168.10.96 - - [06/Sep/2019:11:19:26 -0300] "GET /cormun/servlet/hhome HTTP/1.1" 200 4770
192.168.10.96 - - [06/Sep/2019:11:19:26 -0300] "GET /cormun/servlet/hhome HTTP/1.1" 200 4767
192.168.10.96 - - [06/Sep/2019:11:19:29 -0300] "GET /cormun/servlet/trsolicitudgral? HTTP/1.1" 200 20505
192.168.10.96 - - [06/Sep/2019:11:19:29 -0300] "GET /cormun/servlet/trsolicitudgral? HTTP/1.1" 200 20502
192.168.10.96 - - [06/Sep/2019:11:19:37 -0300] "POST /cormun/servlet/trsolicitudgral?e8aad0fd63044db740d6fc2d97c6aa8e,,gx-no-cache=1567778922895 HTTP/1.1" 200 7292
190.171.142.42 - - [06/Sep/2019:11:19:47 -0300] "GET /cormun/servlet/trrenuncias? HTTP/1.1" 200 6092
190.171.142.42 - - [06/Sep/2019:11:19:47 -0300] "GET /cormun/static/gxcfg.js?20175251282642 HTTP/1.1" 200 953
190.171.142.42 - - [06/Sep/2019:11:19:48 -0300] "GET /cormun/static/trrenuncias.js?20175251283179 HTTP/1.1" 200 31174
190.171.142.42 - - [06/Sep/2019:11:19:48 -0300] "GET /cormun/servlet/hlogin HTTP/1.1" 200 1741
190.171.142.42 - - [06/Sep/2019:11:19:48 -0300] "GET /cormun/servlet/trrenuncias? HTTP/1.1" 200 6089
190.171.142.42 - - [06/Sep/2019:11:20:10 -0300] "POST /cormun/servlet/hlogin?c686e0db60746adc647f3ab40fa1cd81,gx-no-cache=1567775693554 HTTP/1.1" 200 90
190.171.142.42 - - [06/Sep/2019:11:20:10 -0300] "GET /cormun/servlet/hpexe_link HTTP/1.1" 200 960
190.171.142.42 - - [06/Sep/2019:11:20:10 -0300] "GET /cormun/servlet/trrenuncias HTTP/1.1" 200 7788
190.171.142.42 - - [06/Sep/2019:11:20:11 -0300] "GET /cormun/servlet/trrenuncias HTTP/1.1" 200 7786
190.171.142.42 - - [06/Sep/2019:11:20:19 -0300] "GET /cormun/servlet/renuncias?INS,0, HTTP/1.1" 200 6451
190.171.142.42 - - [06/Sep/2019:11:20:19 -0300] "GET /cormun/static/renuncias.js?201742692287 HTTP/1.1" 200 14762
190.171.142.42 - - [06/Sep/2019:11:20:19 -0300] "GET /cormun/static/Resources/Spanish/PXTools.css?11294912 HTTP/1.1" 200 89042
190.171.142.42 - - [06/Sep/2019:11:20:19 -0300] "GET /cormun/static/gxcfg.js?2017426922787 HTTP/1.1" 200 953
190.171.142.42 - - [06/Sep/2019:11:20:19 -0300] "GET /cormun/servlet/renuncias?INS,0, HTTP/1.1" 200 6452
190.171.142.42 - - [06/Sep/2019:11:20:22 -0300] "GET /cormun/static/menuarrow.gif HTTP/1.1" 404 1015
190.171.142.42 - - [06/Sep/2019:11:20:27 -0300] "GET /cormun/servlet/renuncias?54ea8ebb0b62e3a9e8b19b712695d1249bef8c3ce39e35b435e2de4da11023c050a1ca29209c0f296aace98c2341ca37,gx-no-cache=1567775711626 HTTP/1.1" 200 33
190.171.142.42 - - [06/Sep/2019:11:22:38 -0300] "GET /cormun/servlet/prfichaempleado?,MD,,gxPopupLevel%3D0%3B HTTP/1.1" 200 9410
190.171.142.42 - - [06/Sep/2019:11:23:57 -0300] "GET /cormun/servlet/prfichaempleado?,MD,,gxPopupLevel%3D0%3B HTTP/1.1" 200 9410
190.171.142.42 - - [06/Sep/2019:11:24:03 -0300] "GET /cormun/servlet/renuncias?54ea8ebb0b62e3a9e8b19b712695d1244ea75e5214183b29b4e134d3620e5d6786ffb61c643314d5118369bd9d51df72,gx-no-cache=1567775926794 HTTP/1.1" 200 72
186.105.46.7 - - [06/Sep/2019:11:28:31 -0300] "GET /cormun/servlet/hlogin HTTP/1.1" 200 1729
186.105.46.7 - - [06/Sep/2019:11:28:31 -0300] "GET /cormun/static/gxtimezone.js?85251 HTTP/1.1" 200 5781
186.105.46.7 - - [06/Sep/2019:11:28:31 -0300] "GET /cormun/static/gxcfg.js?20177612122725 HTTP/1.1" 200 953
186.105.46.7 - - [06/Sep/2019:11:28:31 -0300] "GET /cormun/static/Resources/ComunLogin.png HTTP/1.1" 200 17326
186.105.46.7 - - [06/Sep/2019:11:28:31 -0300] "GET /cormun/static/messages.spa.js?85251 HTTP/1.1" 200 30736
186.105.46.7 - - [06/Sep/2019:11:28:31 -0300] "GET /cormun/static/Resources/Spanish/PXTools.css?1155365 HTTP/1.1" 200 89042
186.105.46.7 - - [06/Sep/2019:11:28:32 -0300] "GET /cormun/static/hlogin.js?20177612122738 HTTP/1.1" 200 2136
186.105.46.7 - - [06/Sep/2019:11:28:33 -0300] "GET /cormun/static/gxgral.js?85251 HTTP/1.1" 200 384558
186.105.46.7 - - [06/Sep/2019:11:28:33 -0300] "GET /cormun/static/Resources/PXToolsLoginTop.png HTTP/1.1" 200 1337
186.105.46.7 - - [06/Sep/2019:11:28:33 -0300] "GET /cormun/static/Resources/PXToolsLoginBackground.png HTTP/1.1" 200 1164
186.105.46.7 - - [06/Sep/2019:11:28:33 -0300] "GET /cormun/static/Resources/PXToolsButtonLeft21.png HTTP/1.1" 200 1287
186.105.46.7 - - [06/Sep/2019:11:28:33 -0300] "GET /cormun/static/Resources/PXToolsButtonRight21.png HTTP/1.1" 200 1283
186.105.46.7 - - [06/Sep/2019:11:28:33 -0300] "GET /cormun/static/Resources/PXToolsButtonBackground2.png HTTP/1.1" 200 1181
186.105.46.7 - - [06/Sep/2019:11:28:33 -0300] "GET /cormun/static/Resources/PXToolsLoginBottom.png HTTP/1.1" 200 1389
186.105.46.7 - - [06/Sep/2019:11:28:34 -0300] "GET /cormun/servlet/hlogin HTTP/1.1" 200 1737
186.105.46.7 - - [06/Sep/2019:11:28:34 -0300] "GET /cormun/static/Resources/indicator.gif HTTP/1.1" 200 1553
186.105.46.7 - - [06/Sep/2019:11:28:34 -0300] "GET /cormun/static/Resources/indicator.gif HTTP/1.1" 200 1553
186.105.46.7 - - [06/Sep/2019:11:28:34 -0300] "GET /favicon.ico HTTP/1.1" 200 21630
190.171.141.122 - - [06/Sep/2019:11:29:25 -0300] "GET /cormun/servlet/trpermisosingoceadjunto?425,17134154, HTTP/1.1" 200 6441
190.171.141.122 - - [06/Sep/2019:11:29:26 -0300] "GET /cormun/servlet/trpermisosingoceadjunto?425,17134154, HTTP/1.1" 200 6442
190.171.141.122 - - [06/Sep/2019:11:29:27 -0300] "GET /cormun/servlet/permisosingoceadjunto?INS,425,, HTTP/1.1" 200 5746
190.171.141.122 - - [06/Sep/2019:11:29:27 -0300] "GET /cormun/static/gxcfg.js?201752511552178 HTTP/1.1" 200 953
190.171.141.122 - - [06/Sep/2019:11:29:27 -0300] "GET /cormun/static/permisosingoceadjunto.js?201752511552188 HTTP/1.1" 200 6883
190.171.141.122 - - [06/Sep/2019:11:29:28 -0300] "GET /cormun/static/about:blank HTTP/1.1" 404 1011
190.171.141.122 - - [06/Sep/2019:11:29:28 -0300] "GET /cormun/servlet/permisosingoceadjunto?INS,425,, HTTP/1.1" 200 5732
190.171.141.122 - - [06/Sep/2019:11:29:28 -0300] "GET /cormun/servlet/permisosingoceadjunto?292f954c74022ca97430505dd2715494264b462671e4ad3fc9206981d1a653db,gx-no-cache=1567779849045 HTTP/1.1" 200 26
190.171.141.122 - - [06/Sep/2019:11:29:43 -0300] "POST /cormun/servlet/permisosingoceadjunto?5ff55b5accc002b740cb675391dc3b32,INS,425,, HTTP/1.1" 200 116
190.171.141.122 - - [06/Sep/2019:11:29:43 -0300] "GET /cormun/servlet/hpexe_return? HTTP/1.1" 200 1025
190.171.141.122 - - [06/Sep/2019:11:29:43 -0300] "GET /cormun/servlet/trpermisosingoceadjunto?425,17134154, HTTP/1.1" 200 6875
190.171.141.122 - - [06/Sep/2019:11:29:44 -0300] "GET /cormun/servlet/trpermisosingoceadjunto?425,17134154, HTTP/1.1" 200 6872
190.171.141.122 - - [06/Sep/2019:11:29:45 -0300] "POST /cormun/servlet/trpermisosingoceadjunto?5ff55b5accc002b740cb675391dc3b32,425,17134154,,gx-no-cache=1567779866412 HTTP/1.1" 200 90
190.171.141.122 - - [06/Sep/2019:11:29:46 -0300] "GET /cormun/servlet/hpexe_link HTTP/1.1" 200 973
190.171.141.122 - - [06/Sep/2019:11:29:46 -0300] "GET /cormun/servlet/trpermisosingoce HTTP/1.1" 200 8332
190.171.141.122 - - [06/Sep/2019:11:29:46 -0300] "GET /cormun/servlet/trpermisosingoce HTTP/1.1" 200 8331
190.171.141.122 - - [06/Sep/2019:11:29:51 -0300] "POST /cormun/servlet/trpermisosingoce?5ff55b5accc002b740cb675391dc3b32,gx-no-cache=1567779871657 HTTP/1.1" 200 5471
190.171.141.122 - - [06/Sep/2019:11:29:51 -0300] "GET /cormun/static/Shared/jqueryui/images/ui-bg_highlight-soft_100_c6c2c8_1x100.png HTTP/1.1" 404 1117
190.171.141.122 - - [06/Sep/2019:11:29:51 -0300] "GET /cormun/static/Shared/jqueryui/images/ui-icons_82798d_256x240.png HTTP/1.1" 404 1089
190.171.141.122 - - [06/Sep/2019:11:29:51 -0300] "GET /cormun/static/Shared/jqueryui/images/ui-bg_flat_55_fafafa_40x100.png HTTP/1.1" 404 1097
190.171.141.122 - - [06/Sep/2019:11:29:51 -0300] "GET /cormun/static/Shared/jqueryui/images/ui-icons_8d78a5_256x240.png HTTP/1.1" 404 1089
190.171.141.122 - - [06/Sep/2019:11:29:56 -0300] "GET /cormun/servlet/trpermisosingoceautorizar? HTTP/1.1" 200 7881
190.171.141.122 - - [06/Sep/2019:11:29:56 -0300] "GET /cormun/static/gxcfg.js?20175251281010 HTTP/1.1" 200 953
190.171.141.122 - - [06/Sep/2019:11:29:56 -0300] "GET /cormun/static/trpermisosingoceautorizar.js?20175251281518 HTTP/1.1" 200 32551
190.171.141.122 - - [06/Sep/2019:11:29:56 -0300] "GET /cormun/servlet/trpermisosingoceautorizar? HTTP/1.1" 200 7880
190.171.141.122 - - [06/Sep/2019:11:29:59 -0300] "POST /cormun/servlet/trpermisosingoceautorizar?5ff55b5accc002b740cb675391dc3b32,,gx-no-cache=1567779880208 HTTP/1.1" 200 4375
190.171.142.42 - - [06/Sep/2019:11:30:13 -0300] "POST /cormun/servlet/renuncias?c686e0db60746adc647f3ab40fa1cd81,INS,0,,gx-no-cache=1567776296770 HTTP/1.1" 200 93
190.171.142.42 - - [06/Sep/2019:11:30:13 -0300] "GET /cormun/servlet/hpexe_return? HTTP/1.1" 200 1011
190.171.142.42 - - [06/Sep/2019:11:30:13 -0300] "GET /cormun/servlet/trrenuncias HTTP/1.1" 200 8079
190.171.142.42 - - [06/Sep/2019:11:30:14 -0300] "GET /cormun/servlet/trrenuncias HTTP/1.1" 200 8075
190.171.141.122 - - [06/Sep/2019:11:30:15 -0300] "GET /cormun/servlet/trpermisosingoce? HTTP/1.1" 200 8290
190.171.141.122 - - [06/Sep/2019:11:30:15 -0300] "GET /cormun/servlet/trpermisosingoce? HTTP/1.1" 200 8290
190.171.142.42 - - [06/Sep/2019:11:30:20 -0300] "GET /cormun/servlet/trrenunciasadjuntos?250,18039688, HTTP/1.1" 200 6312
190.171.142.42 - - [06/Sep/2019:11:30:20 -0300] "GET /cormun/static/gxcfg.js?20177612185036 HTTP/1.1" 200 953
190.171.142.42 - - [06/Sep/2019:11:30:20 -0300] "GET /cormun/static/trrenunciasadjuntos.js?20177612185280 HTTP/1.1" 200 15250
190.171.142.42 - - [06/Sep/2019:11:30:20 -0300] "GET /cormun/servlet/trrenunciasadjuntos?250,18039688, HTTP/1.1" 200 6312
190.171.142.42 - - [06/Sep/2019:11:30:22 -0300] "GET /cormun/servlet/renunciasadjuntos?INS,250,, HTTP/1.1" 200 5655
190.171.142.42 - - [06/Sep/2019:11:30:22 -0300] "GET /cormun/static/gxcfg.js?2017761273622 HTTP/1.1" 200 953
190.171.142.42 - - [06/Sep/2019:11:30:22 -0300] "GET /cormun/static/renunciasadjuntos.js?2017761273629 HTTP/1.1" 200 5937
190.171.142.42 - - [06/Sep/2019:11:30:23 -0300] "GET /cormun/static/about:blank HTTP/1.1" 404 1011
190.171.142.42 - - [06/Sep/2019:11:30:23 -0300] "GET /cormun/servlet/renunciasadjuntos?INS,250,, HTTP/1.1" 200 5641
190.171.142.42 - - [06/Sep/2019:11:30:41 -0300] "POST /cormun/servlet/renunciasadjuntos?c686e0db60746adc647f3ab40fa1cd81,INS,250,, HTTP/1.1" 200 116
190.171.142.42 - - [06/Sep/2019:11:30:41 -0300] "GET /cormun/servlet/hpexe_return? HTTP/1.1" 200 1029
190.171.142.42 - - [06/Sep/2019:11:30:41 -0300] "GET /cormun/servlet/trrenunciasadjuntos?250,18039688, HTTP/1.1" 200 6714
