190.171.134.178 - - [03/Sep/2019:16:32:30 -0300] "GET /cormun/servlet/solicitudot?ea7dd1ac5ad143a43a27ec7ffb5cdae2465951a12a294255c33f397ff6a96567d69b49313224333c5f885f954a9956e58d17281a89baf6ca046e64df6273db7f6ecebbf9829834ecaa6c4071f7f42e70804bce957c38bb9a4170d3291bb8a2c9451467fe3602fd9903fc7ab4e309386a7cfd9f8e1a5cbfc76de94e584d1d66d06ace9ea7c0a1b83d34a5d30a2bcd969788aac20c23efba46b02936c5c80e8378deefee4ed892a0d03b949e9357a7b6349c55c260332f6760777884ab0e89e76c9d70e50a82079be977e9354ac8e3c08a870ac0609b30d5df8167deb8c93d26153fcdd4afe9f954f928781726d4acb550a960c8bbd426dcb91f8e70c83cffeb94fe2dfe5b8ce48fedea7f268c74d6cc3db7681bc42b5fde416d45f7f0dfec7c5adeb38b56d3e0e6bfec4c601fca9ac260f4b137576f847b73c4dd84f6205169c5aedab05a3aeae45c3f2a9cb3ce33b57769313387a33f9a0da230afe47973546f49088bd6bd611a22aa95dee94128e6b54c192b7a0e55e8d1586a8498a0c25b2e,gx-no-cache=1567538832000 HTTP/1.1" 200 30
190.171.134.178 - - [03/Sep/2019:16:32:30 -0300] "POST /cormun/servlet/solicitudot?gx-no-cache=1567538832062 HTTP/1.1" 200 30
190.171.134.178 - - [03/Sep/2019:16:32:31 -0300] "POST /cormun/servlet/solicitudot?gx-no-cache=1567538832139 HTTP/1.1" 200 1360
190.171.134.178 - - [03/Sep/2019:16:32:31 -0300] "POST /cormun/servlet/solicitudot?gx-no-cache=1567538832203 HTTP/1.1" 200 38
190.171.134.178 - - [03/Sep/2019:16:32:31 -0300] "GET /cormun/servlet/solicitudot?ea7dd1ac5ad143a43a27ec7ffb5cdae2de274a61f997d98408fae5b3167f6692a50c783d43f22b23a2a4e43aa832467c82798c09dd7e852b1f21ff44c30cb6a0f3ef70cf8080dc750ff4e7517b1de2f9d9bc6bd49ee9906b2996e5fb70ffeaf8839df26f9d6e5eaaf6a473fa3f092903,gx-no-cache=1567538832235 HTTP/1.1" 200 110
190.171.134.178 - - [03/Sep/2019:16:32:31 -0300] "POST /cormun/servlet/solicitudot?gx-no-cache=1567538832294 HTTP/1.1" 200 97
190.171.134.178 - - [03/Sep/2019:16:32:31 -0300] "GET /cormun/servlet/solicitudot?ea7dd1ac5ad143a43a27ec7ffb5cdae25529246c72f1239cb83c0e9dba4b17918dc1c704b0405d293d19bbba0ae6042b,gx-no-cache=1567538832348 HTTP/1.1" 200 30
190.171.134.178 - - [03/Sep/2019:16:32:34 -0300] "GET /cormun/servlet/solicitudot?ea7dd1ac5ad143a43a27ec7ffb5cdae2465951a12a294255c33f397ff6a96567d69b49313224333c5f885f954a9956e58d17281a89baf6ca046e64df6273db7f6ecebbf9829834ecaa6c4071f7f42e70804bce957c38bb9a4170d3291bb8a2c9451467fe3602fd9903fc7ab4e309386a7cfd9f8e1a5cbfc76de94e584d1d66d06ace9ea7c0a1b83d34a5d30a2bcd969788aac20c23efba46b02936c5c80e8378deefee4ed892a0d03b949e9357a7b6349c55c260332f6760777884ab0e89e76c9d70e50a82079be977e9354ac8e3c08a870ac0609b30d5df8167deb8c93d26153fcdd4afe9f954f928781726d4acb550a960c8bbd426dcb91f8e70c83cffeb94fe2dfe5b8ce48fedea7f268c74d6cc3db7681bc42b5fde416d45f7f0dfec7c5adeb38b56d3e0e6bfec4c601fca9ac260f4b137576f847b73c4dd84f6205169c5aedab05a3aeae45c3f2a9cb3ce33b57769313387a33f9a0da230afe47973546f49088bd6bd611a22aa95dee94128e6b54c192b7a0e55e8d1586a8498a0c25b2e,gx-no-cache=1567538835111 HTTP/1.1" 200 30
190.171.134.178 - - [03/Sep/2019:16:32:34 -0300] "POST /cormun/servlet/solicitudot?gx-no-cache=1567538835155 HTTP/1.1" 200 30
190.171.134.178 - - [03/Sep/2019:16:32:34 -0300] "POST /cormun/servlet/solicitudot?gx-no-cache=1567538835273 HTTP/1.1" 200 1360
190.171.134.178 - - [03/Sep/2019:16:32:34 -0300] "POST /cormun/servlet/solicitudot?gx-no-cache=1567538835380 HTTP/1.1" 200 38
190.171.134.178 - - [03/Sep/2019:16:32:34 -0300] "GET /cormun/servlet/solicitudot?ea7dd1ac5ad143a43a27ec7ffb5cdae2de274a61f997d98408fae5b3167f6692a50c783d43f22b23a2a4e43aa832467c82798c09dd7e852b1f21ff44c30cb6a0f3ef70cf8080dc750ff4e7517b1de2f9d9bc6bd49ee9906b2996e5fb70ffeaf8839df26f9d6e5eaaf6a473fa3f092903,gx-no-cache=1567538835424 HTTP/1.1" 200 110
190.171.134.178 - - [03/Sep/2019:16:32:34 -0300] "POST /cormun/servlet/solicitudot?gx-no-cache=1567538835513 HTTP/1.1" 200 97
186.103.158.250 - - [03/Sep/2019:16:33:18 -0300] "POST /cormun/servlet/hlogin?3120ceead288ecc848a5d3072bc1667d,gx-no-cache=1567538878686 HTTP/1.1" 200 90
186.103.158.250 - - [03/Sep/2019:16:33:18 -0300] "GET /cormun/servlet/hpexe_link HTTP/1.1" 200 957
186.103.158.250 - - [03/Sep/2019:16:33:18 -0300] "GET /cormun/servlet/solicitudot?INS,0,0, HTTP/1.1" 200 15192
186.103.158.250 - - [03/Sep/2019:16:33:21 -0300] "GET /cormun/servlet/solicitudot?INS,0,0, HTTP/1.1" 200 15197
186.103.158.250 - - [03/Sep/2019:16:34:02 -0300] "POST /cormun/servlet/solicitudot?gx-no-cache=1567538921301 HTTP/1.1" 200 3595
186.103.158.250 - - [03/Sep/2019:16:34:02 -0300] "POST /cormun/servlet/solicitudot?3120ceead288ecc848a5d3072bc1667d,INS,0,0,,gx-no-cache=1567538923072 HTTP/1.1" 200 11818
186.103.158.250 - - [03/Sep/2019:16:34:07 -0300] "GET /cormun/servlet/solicitudot?fc4135feec9dda5b919ea33cfa471c234f0149ad51527fd33a104329717cc922c945386df43fff839074354ca3d385d8,gx-no-cache=1567538928011 HTTP/1.1" 200 111
186.103.158.250 - - [03/Sep/2019:16:34:07 -0300] "GET /cormun/static/Shared/jqueryui/images/ui-bg_highlight-soft_100_c6c2c8_1x100.png HTTP/1.1" 404 1117
186.103.158.250 - - [03/Sep/2019:16:34:07 -0300] "GET /cormun/static/Shared/jqueryui/images/ui-icons_82798d_256x240.png HTTP/1.1" 404 1089
186.103.158.250 - - [03/Sep/2019:16:34:07 -0300] "GET /cormun/servlet/solicitudot?fc4135feec9dda5b919ea33cfa471c23668ffaa031d74847116548fb058b0fe024afd68625bcb9af436aa84ce9465ac9,gx-no-cache=1567538928294 HTTP/1.1" 200 30
186.103.158.250 - - [03/Sep/2019:16:34:07 -0300] "GET /cormun/static/Shared/jqueryui/images/ui-bg_flat_55_994d53_40x100.png HTTP/1.1" 404 1097
186.103.158.250 - - [03/Sep/2019:16:34:07 -0300] "GET /cormun/static/Shared/jqueryui/images/ui-icons_ebccce_256x240.png HTTP/1.1" 404 1089
186.103.158.250 - - [03/Sep/2019:16:34:07 -0300] "GET /cormun/servlet/solicitudot?fc4135feec9dda5b919ea33cfa471c23ce0fafac259af0a576a2d4e3e1ccb4ce,gx-no-cache=1567538928433 HTTP/1.1" 200 53
186.103.158.250 - - [03/Sep/2019:16:34:07 -0300] "POST /cormun/servlet/solicitudot?gx-no-cache=1567538928572 HTTP/1.1" 200 255
186.103.158.250 - - [03/Sep/2019:16:34:08 -0300] "GET /cormun/servlet/solicitudot?fc4135feec9dda5b919ea33cfa471c232f4318a5d7f0b50ab6ecc0e2f1d8f021be903e7dbe0652da5c04e8f464d01ad8f1c4f38ed86467df46317357b0a21f041bde5f8654c5f66d85bd7517677285f8967adf0f048a39ae63f2a3fd20d3f7bbb541dcfb53171c372690837bb9113aec3e7267048da1ccb9521a5448172c3b05d31c41a5eda5bac3ac606a5c6dccd58f34abc7b715b9cc8222a343830bd13889175ee50ecf187d55647daaa5c0bc754dd7b8b67c2fb1653aa936c25ba87a0eb8ad8619aa1f1178be3b476a7c387328f459d15c8f8513aedd52e5c04e289c37349ef77487d8715e67123f2af410f4475679bb2bd5c2701c4b552937f06d6c08945a7be0a3fa9a012aebca311a107dd5de8eeadac69c3f452a5d6e740429771727c922e5b9461d4ac0c70b0fa397c3422b42e759d706d205d72354260fb953bd38ce432109ad2e5dd66f3da2635a113cb0fa19f256bb918a7efead9e3b595dbec75acf1fcd0300f3ce6c6b4bc84ac68f0ef1562138863b5218ce78d5e8f16191a0,gx-no-cache=1567538928759 HTTP/1.1" 200 30
186.103.158.250 - - [03/Sep/2019:16:34:08 -0300] "POST /cormun/servlet/solicitudot?gx-no-cache=1567538929144 HTTP/1.1" 200 30
186.103.158.250 - - [03/Sep/2019:16:34:08 -0300] "POST /cormun/servlet/solicitudot?gx-no-cache=1567538929256 HTTP/1.1" 200 1362
186.103.158.250 - - [03/Sep/2019:16:34:08 -0300] "POST /cormun/servlet/solicitudot?gx-no-cache=1567538929349 HTTP/1.1" 200 38
186.103.158.250 - - [03/Sep/2019:16:34:08 -0300] "GET /cormun/servlet/solicitudot?fc4135feec9dda5b919ea33cfa471c234ae77807a35ed0321688d5ccd485320cb242b6b5297cd238150363aa6b595614acf048e9da1aa8e2d5e765d05c3fd9a220afaab06ccd2a02b61550d06af8f76c9aeab3e7f8f33f01b6200c9074d5838b9c9d5e4e5072cabe9ce63dcde238b70b,gx-no-cache=1567538929393 HTTP/1.1" 200 110
190.171.134.178 - - [03/Sep/2019:16:34:14 -0300] "POST /cormun/servlet/solicitudot?gx-no-cache=1567538936017 HTTP/1.1" 200 30
186.103.158.250 - - [03/Sep/2019:16:34:18 -0300] "POST /cormun/servlet/solicitudot?gx-no-cache=1567538939325 HTTP/1.1" 200 30
186.103.158.250 - - [03/Sep/2019:16:34:21 -0300] "GET /cormun/servlet/prcontratosol?12694048,,,,,MD,,gxPopupLevel%3D0%3B HTTP/1.1" 200 10160
186.103.158.250 - - [03/Sep/2019:16:34:28 -0300] "POST /cormun/servlet/solicitudot?gx-no-cache=1567538949470 HTTP/1.1" 200 1444
186.103.158.250 - - [03/Sep/2019:16:34:28 -0300] "POST /cormun/servlet/solicitudot?gx-no-cache=1567538949627 HTTP/1.1" 200 117
186.103.158.250 - - [03/Sep/2019:16:34:29 -0300] "GET /cormun/servlet/solicitudot?fc4135feec9dda5b919ea33cfa471c234ae77807a35ed0321688d5ccd485320cb242b6b5297cd238150363aa6b595614acf048e9da1aa8e2d5e765d05c3fd9a220afaab06ccd2a02b61550d06af8f76c9aeab3e7f8f33f01b6200c9074d5838b9c9d5e4e5072cabe9ce63dcde238b70b,gx-no-cache=1567538949729 HTTP/1.1" 200 110
186.103.158.250 - - [03/Sep/2019:16:34:29 -0300] "POST /cormun/servlet/solicitudot?gx-no-cache=1567538949821 HTTP/1.1" 200 97
186.103.158.250 - - [03/Sep/2019:16:34:29 -0300] "GET /cormun/servlet/solicitudot?fc4135feec9dda5b919ea33cfa471c23ca000b120c1872f3444a62db44b865c66458d5e63b69e7df28d5aa8f6c53e760f94f4859ca4b826ce6a447f76fb5c3f1b9cc45b9797a2813e41424a085529c6e333ad080ff98ade299d7b1771484935a9630868dba48592f070e2a2189edfa61753b992242a2d014d2f85ef3e1b9967c407ae07cc676197d866bf18fda7b0a0bd20cf3f19dfa363fb77f9d4179fef6bb,gx-no-cache=1567538949961 HTTP/1.1" 200 29
186.103.158.250 - - [03/Sep/2019:16:34:29 -0300] "GET /cormun/servlet/solicitudot?fc4135feec9dda5b919ea33cfa471c2397f34bdf2d6d49e219eb7a09b566dce190a83a08728e62da14b858258e603cc9,gx-no-cache=1567538950006 HTTP/1.1" 200 134
186.103.158.250 - - [03/Sep/2019:16:34:35 -0300] "GET /cormun/servlet/prfichaempleado?,MD,,gxPopupLevel%3D0%3B HTTP/1.1" 200 9394
186.103.158.250 - - [03/Sep/2019:16:34:47 -0300] "POST /cormun/servlet/prfichaempleado?3120ceead288ecc848a5d3072bc1667d,,MD,,gxPopupLevel%3D0%3B,gx-no-cache=1567538968222 HTTP/1.1" 200 3414
190.171.141.90 - - [03/Sep/2019:16:35:00 -0300] "GET /cormun/servlet/trlicencias? HTTP/1.1" 200 7300
190.171.134.178 - - [03/Sep/2019:16:35:00 -0300] "GET /cormun/servlet/solicitudot?ea7dd1ac5ad143a43a27ec7ffb5cdae2de274a61f997d98408fae5b3167f6692a50c783d43f22b23a2a4e43aa832467c82798c09dd7e852b1f21ff44c30cb6a0f3ef70cf8080dc750ff4e7517b1de2f9d9bc6bd49ee9906b2996e5fb70ffeaf8839df26f9d6e5eaaf6a473fa3f092903,gx-no-cache=1567538981371 HTTP/1.1" 200 110
190.171.141.90 - - [03/Sep/2019:16:35:01 -0300] "GET /cormun/servlet/hlogin HTTP/1.1" 200 1741
190.171.141.90 - - [03/Sep/2019:16:35:01 -0300] "GET /cormun/servlet/trlicencias? HTTP/1.1" 200 7300
190.171.141.90 - - [03/Sep/2019:16:35:01 -0300] "GET /favicon.ico HTTP/1.1" 200 21630
186.103.158.250 - - [03/Sep/2019:16:35:11 -0300] "GET /cormun/servlet/prlicenciaspermisos?13568596,L,,MD,,gxPopupLevel%3D0%3B HTTP/1.1" 200 5667
190.171.134.178 - - [03/Sep/2019:16:35:12 -0300] "POST /cormun/servlet/solicitudot?gx-no-cache=1567538993092 HTTP/1.1" 200 255
190.171.141.90 - - [03/Sep/2019:16:35:15 -0300] "POST /cormun/servlet/hlogin?c06515c20e49ad6c078078bf10cc2e1e,gx-no-cache=1567538996833 HTTP/1.1" 200 449
190.171.134.178 - - [03/Sep/2019:16:35:17 -0300] "GET /cormun/servlet/solicitudot?ea7dd1ac5ad143a43a27ec7ffb5cdae2465951a12a294255c33f397ff6a9656706c9ae9085a13b9897a481ed7ad11f6d8d17281a89baf6ca046e64df6273db7f6ecebbf9829834ecaa6c4071f7f42e70804bce957c38bb9a4170d3291bb8a2c9451467fe3602fd9903fc7ab4e309386a7cfd9f8e1a5cbfc76de94e584d1d66d06ace9ea7c0a1b83d34a5d30a2bcd969788aac20c23efba46b02936c5c80e8378deefee4ed892a0d03b949e9357a7b6349c55c260332f6760777884ab0e89e76c9d70e50a82079be977e9354ac8e3c08a870ac0609b30d5df8167deb8c93d26153fcdd4afe9f954f928781726d4acb550a960c8bbd426dcb91f8e70c83cffeb94fe2dfe5b8ce48fedea7f268c74d6cc3d84f17cea2294ebd4dedde284e90a529fff362c574c110a359da4c01debd7abc73224b5a598fff238af4bd135a6b61aa00d5e637b6dc98712421171dd0dcbdabbd0ef2b107d4476b5fc8b2fa34284f35a9a47534b393cf76eb69ad6db0cf82628db7f171f1b7ca561d25089848b7ffbe9,gx-no-cache=1567538998271 HTTP/1.1" 200 30
190.171.134.178 - - [03/Sep/2019:16:35:17 -0300] "POST /cormun/servlet/solicitudot?gx-no-cache=1567538998306 HTTP/1.1" 200 30
190.171.134.178 - - [03/Sep/2019:16:35:17 -0300] "POST /cormun/servlet/solicitudot?gx-no-cache=1567538998420 HTTP/1.1" 200 1360
190.171.134.178 - - [03/Sep/2019:16:35:17 -0300] "POST /cormun/servlet/solicitudot?gx-no-cache=1567538998541 HTTP/1.1" 200 40
190.171.134.178 - - [03/Sep/2019:16:35:17 -0300] "GET /cormun/servlet/solicitudot?ea7dd1ac5ad143a43a27ec7ffb5cdae2de274a61f997d98408fae5b3167f6692a50c783d43f22b23a2a4e43aa832467c82798c09dd7e852b1f21ff44c30cb6a0f3ef70cf8080dc750ff4e7517b1de2f9d9bc6bd49ee9906b2996e5fb70ffeaf8839df26f9d6e5eaaf6a473fa3f092903,gx-no-cache=1567538998623 HTTP/1.1" 200 110
190.171.134.178 - - [03/Sep/2019:16:35:17 -0300] "POST /cormun/servlet/solicitudot?gx-no-cache=1567538998690 HTTP/1.1" 200 97
186.103.158.250 - - [03/Sep/2019:16:35:18 -0300] "POST /cormun/servlet/solicitudot?gx-no-cache=1567538999167 HTTP/1.1" 200 1363
190.171.141.90 - - [03/Sep/2019:16:35:25 -0300] "POST /cormun/servlet/hlogin?c06515c20e49ad6c078078bf10cc2e1e,gx-no-cache=1567539007397 HTTP/1.1" 200 449
186.103.158.250 - - [03/Sep/2019:16:35:28 -0300] "POST /cormun/servlet/solicitudot?gx-no-cache=1567539009025 HTTP/1.1" 200 41
186.103.158.250 - - [03/Sep/2019:16:35:28 -0300] "GET /cormun/servlet/solicitudot?fc4135feec9dda5b919ea33cfa471c234ae77807a35ed0321688d5ccd485320cb242b6b5297cd238150363aa6b595614acf048e9da1aa8e2d5e765d05c3fd9a220afaab06ccd2a02b61550d06af8f76c9aeab3e7f8f33f01b6200c9074d5838b9c9d5e4e5072cabe9ce63dcde238b70b,gx-no-cache=1567539009138 HTTP/1.1" 200 110
186.103.158.250 - - [03/Sep/2019:16:35:28 -0300] "POST /cormun/servlet/solicitudot?gx-no-cache=1567539009247 HTTP/1.1" 200 72
190.171.134.178 - - [03/Sep/2019:16:35:41 -0300] "POST /cormun/servlet/solicitudot?gx-no-cache=1567539022794 HTTP/1.1" 200 64
190.171.134.178 - - [03/Sep/2019:16:35:58 -0300] "POST /cormun/servlet/solicitudot?gx-no-cache=1567539039179 HTTP/1.1" 200 72
186.103.158.250 - - [03/Sep/2019:16:36:00 -0300] "POST /cormun/servlet/solicitudot?gx-no-cache=1567539041588 HTTP/1.1" 200 105
186.103.158.250 - - [03/Sep/2019:16:36:05 -0300] "GET /cormun/static/menuarrow.gif HTTP/1.1" 404 1015
190.171.134.178 - - [03/Sep/2019:16:36:13 -0300] "GET /cormun/servlet/solicitudot?ea7dd1ac5ad143a43a27ec7ffb5cdae25529246c72f1239cb83c0e9dba4b17918dc1c704b0405d293d19bbba0ae6042b,gx-no-cache=1567539054743 HTTP/1.1" 200 30
190.171.134.178 - - [03/Sep/2019:16:36:13 -0300] "POST /cormun/servlet/solicitudot?gx-no-cache=1567539054787 HTTP/1.1" 200 30
190.171.134.178 - - [03/Sep/2019:16:36:14 -0300] "POST /cormun/servlet/solicitudot?638d72b30748af7adcf714aa200b8382,INS,0,0,,gx-no-cache=1567539054837 HTTP/1.1" 200 93
190.171.134.178 - - [03/Sep/2019:16:36:14 -0300] "GET /cormun/servlet/hpexe_return? HTTP/1.1" 200 1005
190.171.134.178 - - [03/Sep/2019:16:36:14 -0300] "GET /cormun/servlet/trsolicitudot HTTP/1.1" 200 8601
190.171.134.178 - - [03/Sep/2019:16:36:16 -0300] "GET /cormun/servlet/trsolicitudot HTTP/1.1" 200 8597
190.171.134.178 - - [03/Sep/2019:16:36:19 -0300] "POST /cormun/servlet/trsolicitudot?638d72b30748af7adcf714aa200b8382,gx-no-cache=1567539060445 HTTP/1.1" 200 107
190.171.134.178 - - [03/Sep/2019:16:36:19 -0300] "GET /cormun/servlet/trsolicitudadjuntos?2019,16037, HTTP/1.1" 200 6116
186.103.158.250 - - [03/Sep/2019:16:36:19 -0300] "GET /cormun/servlet/solicitudot?fc4135feec9dda5b919ea33cfa471c234ae77807a35ed0321688d5ccd485320cb242b6b5297cd238150363aa6b595614acf048e9da1aa8e2d5e765d05c3fd9a220afaab06ccd2a02b61550d06af8f76c9aeab3e7f8f33f01b6200c9074d5838b9c9d5e4e5072cabe9ce63dcde238b70b,gx-no-cache=1567539060691 HTTP/1.1" 200 110
190.171.134.178 - - [03/Sep/2019:16:36:20 -0300] "GET /cormun/servlet/trsolicitudadjuntos?2019,16037, HTTP/1.1" 200 6116
186.103.158.250 - - [03/Sep/2019:16:36:30 -0300] "GET /cormun/servlet/solicitudot?fc4135feec9dda5b919ea33cfa471c2397f34bdf2d6d49e219eb7a09b566dce1d02dfaf86ea02d317039a0f2bf650f99,gx-no-cache=1567539071667 HTTP/1.1" 200 134
186.103.158.250 - - [03/Sep/2019:16:36:47 -0300] "GET /cormun/servlet/solicitudot?fc4135feec9dda5b919ea33cfa471c2310ebb35d48cb9690818fcaaaafdcaa438825d737832a22ac9f4207b8bae75d3f,gx-no-cache=1567539088143 HTTP/1.1" 200 30
186.103.158.250 - - [03/Sep/2019:16:36:47 -0300] "POST /cormun/servlet/solicitudot?gx-no-cache=1567539088254 HTTP/1.1" 200 122
190.171.154.42 - - [03/Sep/2019:16:36:54 -0300] "GET /cormun/servlet/hlogin HTTP/1.1" 200 1721
190.171.154.42 - - [03/Sep/2019:16:37:38 -0300] "POST /cormun/servlet/hlogin?ceb7a76d7f44c2d0752e8e392c7fea34,gx-no-cache=1567539138259 HTTP/1.1" 200 90
190.171.154.42 - - [03/Sep/2019:16:37:38 -0300] "GET /cormun/servlet/hpexe_link HTTP/1.1" 200 948
190.171.154.42 - - [03/Sep/2019:16:37:38 -0300] "GET /cormun/servlet/hhome HTTP/1.1" 200 4320
190.171.154.42 - - [03/Sep/2019:16:37:40 -0300] "GET /cormun/servlet/hhome HTTP/1.1" 200 4316
190.171.134.178 - - [03/Sep/2019:16:37:46 -0300] "GET /cormun/servlet/solicitudotadjuntos?INS,2019,16037,,1, HTTP/1.1" 200 6058
190.171.134.178 - - [03/Sep/2019:16:37:47 -0300] "GET /cormun/static/about:blank HTTP/1.1" 404 1011
190.171.134.178 - - [03/Sep/2019:16:37:48 -0300] "GET /cormun/servlet/solicitudotadjuntos?INS,2019,16037,,1, HTTP/1.1" 200 6052
190.171.134.178 - - [03/Sep/2019:16:37:48 -0300] "GET /cormun/servlet/solicitudotadjuntos?ea7dd1ac5ad143a43a27ec7ffb5cdae248c6bc25c414bd302afc7ee3b8687ab17fb04b2c63df4622f8185f31efc21f32,gx-no-cache=1567539149657 HTTP/1.1" 200 30
190.171.134.178 - - [03/Sep/2019:16:37:48 -0300] "POST /cormun/servlet/solicitudotadjuntos?638d72b30748af7adcf714aa200b8382,INS,2019,16037,,1,,gx-no-cache=1567539149721 HTTP/1.1" 200 3881
186.103.158.250 - - [03/Sep/2019:16:37:49 -0300] "GET /cormun/servlet/prlicenciaspermisos?13568596,L,,MD,,gxPopupLevel%3D0%3B HTTP/1.1" 200 5667
190.171.134.178 - - [03/Sep/2019:16:37:52 -0300] "POST /cormun/servlet/solicitudotadjuntos?gx-no-cache=1567539153349 HTTP/1.1" 200 26
186.103.158.250 - - [03/Sep/2019:16:37:59 -0300] "GET /cormun/servlet/solicitudot?fc4135feec9dda5b919ea33cfa471c234ae77807a35ed0321688d5ccd485320cb242b6b5297cd238150363aa6b595614acf048e9da1aa8e2d5e765d05c3fd9a220afaab06ccd2a02b61550d06af8f76c9aeab3e7f8f33f01b6200c9074d5838b9c9d5e4e5072cabe9ce63dcde238b70b,gx-no-cache=1567539160408 HTTP/1.1" 200 110
186.103.158.250 - - [03/Sep/2019:16:38:01 -0300] "GET /cormun/servlet/solicitudot?fc4135feec9dda5b919ea33cfa471c234ae77807a35ed0321688d5ccd485320cb242b6b5297cd238150363aa6b595614acf048e9da1aa8e2d5e765d05c3fd9a220afaab06ccd2a02b61550d06af8f76c9aeab3e7f8f33f01b6200c9074d5838b9c9d5e4e5072cabe9ce63dcde238b70b,gx-no-cache=1567539162315 HTTP/1.1" 200 110
186.103.158.250 - - [03/Sep/2019:16:38:03 -0300] "POST /cormun/servlet/solicitudot?gx-no-cache=1567539163919 HTTP/1.1" 200 32
190.171.142.42 - - [03/Sep/2019:16:38:03 -0300] "GET /cormun/servlet/hlogin HTTP/1.1" 200 1718
190.171.134.178 - - [03/Sep/2019:16:38:15 -0300] "GET /cormun/servlet/solicitudotadjuntos?ea7dd1ac5ad143a43a27ec7ffb5cdae2c9f8a35219186d2e9dc7060505bd21bb,gx-no-cache=1567539176133 HTTP/1.1" 200 30
190.171.134.178 - - [03/Sep/2019:16:38:15 -0300] "GET /cormun/servlet/solicitudotadjuntos?ea7dd1ac5ad143a43a27ec7ffb5cdae2c9f8a35219186d2e9dc7060505bd21bb,gx-no-cache=1567539176268 HTTP/1.1" 200 30
190.171.134.178 - - [03/Sep/2019:16:38:18 -0300] "POST /cormun/servlet/solicitudotadjuntos?638d72b30748af7adcf714aa200b8382,INS,2019,16037,,1, HTTP/1.1" 200 116
190.171.134.178 - - [03/Sep/2019:16:38:18 -0300] "GET /cormun/servlet/hpexe_return? HTTP/1.1" 200 1025
190.171.134.178 - - [03/Sep/2019:16:38:19 -0300] "GET /cormun/servlet/trsolicitudadjuntos?2019,16037, HTTP/1.1" 200 8719
190.171.134.178 - - [03/Sep/2019:16:38:20 -0300] "GET /cormun/servlet/trsolicitudadjuntos?2019,16037, HTTP/1.1" 200 8717
190.171.142.42 - - [03/Sep/2019:16:38:21 -0300] "POST /cormun/servlet/hlogin?c37cc465ccb2bdf6544febe0bacf0310,gx-no-cache=1567535581210 HTTP/1.1" 200 90
190.171.142.42 - - [03/Sep/2019:16:38:21 -0300] "GET /cormun/servlet/hpexe_link HTTP/1.1" 200 949
190.171.142.42 - - [03/Sep/2019:16:38:21 -0300] "GET /cormun/servlet/hhome HTTP/1.1" 200 4305
190.171.142.42 - - [03/Sep/2019:16:38:21 -0300] "GET /cormun/servlet/hhome HTTP/1.1" 200 4301
190.171.134.178 - - [03/Sep/2019:16:38:23 -0300] "GET /cormun/servlet/solicitudotadjuntos?INS,2019,16037,,1, HTTP/1.1" 200 6057
190.171.134.178 - - [03/Sep/2019:16:38:24 -0300] "GET /cormun/static/about:blank HTTP/1.1" 404 1011
190.171.134.178 - - [03/Sep/2019:16:38:24 -0300] "GET /cormun/servlet/solicitudotadjuntos?INS,2019,16037,,1, HTTP/1.1" 200 6051
190.171.134.178 - - [03/Sep/2019:16:38:24 -0300] "GET /cormun/servlet/solicitudotadjuntos?ea7dd1ac5ad143a43a27ec7ffb5cdae248c6bc25c414bd302afc7ee3b8687ab17fb04b2c63df4622f8185f31efc21f32,gx-no-cache=1567539185743 HTTP/1.1" 200 30
190.171.134.178 - - [03/Sep/2019:16:38:24 -0300] "POST /cormun/servlet/solicitudotadjuntos?638d72b30748af7adcf714aa200b8382,INS,2019,16037,,1,,gx-no-cache=1567539185803 HTTP/1.1" 200 3880
190.171.142.42 - - [03/Sep/2019:16:38:24 -0300] "GET /cormun/servlet/trsolicitudot? HTTP/1.1" 200 7522
190.171.142.42 - - [03/Sep/2019:16:38:25 -0300] "GET /cormun/static/gxui/gxui-all.css?120300 HTTP/1.1" 200 2179
190.171.142.42 - - [03/Sep/2019:16:38:25 -0300] "GET /cormun/static/calendar-system.css?85620 HTTP/1.1" 200 5572
190.171.142.42 - - [03/Sep/2019:16:38:25 -0300] "GET /cormun/static/gxcfg.js?2017111422585916 HTTP/1.1" 200 953
190.171.142.42 - - [03/Sep/2019:16:38:25 -0300] "GET /cormun/static/trsolicitudot.js?201711142259839 HTTP/1.1" 200 54041
190.171.142.42 - - [03/Sep/2019:16:38:25 -0300] "GET /cormun/static/Resources/Spanish/PXTools.css?1255365 HTTP/1.1" 200 89042
190.171.142.42 - - [03/Sep/2019:16:38:25 -0300] "GET /cormun/static/Shared/ext/resources/css/ext-all.css?215870 HTTP/1.1" 200 416045
190.171.142.42 - - [03/Sep/2019:16:38:25 -0300] "GET /cormun/servlet/trsolicitudot? HTTP/1.1" 200 7521
190.171.134.178 - - [03/Sep/2019:16:38:27 -0300] "POST /cormun/servlet/solicitudotadjuntos?gx-no-cache=1567539188084 HTTP/1.1" 200 26
190.171.142.42 - - [03/Sep/2019:16:38:29 -0300] "GET /cormun/servlet/solicitudot?INS,0,0, HTTP/1.1" 200 15355
190.171.142.42 - - [03/Sep/2019:16:38:29 -0300] "GET /cormun/static/gxcfg.js?20189101114418 HTTP/1.1" 200 953
190.171.142.42 - - [03/Sep/2019:16:38:29 -0300] "GET /cormun/static/solicitudot.js?20189101114718 HTTP/1.1" 200 71883
190.171.142.42 - - [03/Sep/2019:16:38:29 -0300] "GET /cormun/servlet/solicitudot?INS,0,0, HTTP/1.1" 200 15362
190.171.134.178 - - [03/Sep/2019:16:38:40 -0300] "POST /cormun/servlet/solicitudotadjuntos?gx-no-cache=1567539201489 HTTP/1.1" 200 26
186.103.158.250 - - [03/Sep/2019:16:38:47 -0300] "POST /cormun/servlet/solicitudot?3120ceead288ecc848a5d3072bc1667d,INS,0,0,,gx-no-cache=1567539207794 HTTP/1.1" 200 93
186.103.158.250 - - [03/Sep/2019:16:38:47 -0300] "GET /cormun/servlet/hpexe_return? HTTP/1.1" 200 1000
186.103.158.250 - - [03/Sep/2019:16:38:47 -0300] "GET /cormun/servlet/hhome HTTP/1.1" 200 4303
190.171.134.178 - - [03/Sep/2019:16:38:48 -0300] "GET /cormun/servlet/solicitudotadjuntos?ea7dd1ac5ad143a43a27ec7ffb5cdae2c9f8a35219186d2e9dc7060505bd21bb,gx-no-cache=1567539209863 HTTP/1.1" 200 30
190.171.134.178 - - [03/Sep/2019:16:38:48 -0300] "GET /cormun/servlet/solicitudotadjuntos?ea7dd1ac5ad143a43a27ec7ffb5cdae2c9f8a35219186d2e9dc7060505bd21bb,gx-no-cache=1567539209888 HTTP/1.1" 200 30
190.171.134.178 - - [03/Sep/2019:16:38:49 -0300] "POST /cormun/servlet/solicitudotadjuntos?638d72b30748af7adcf714aa200b8382,INS,2019,16037,,1, HTTP/1.1" 200 116
186.103.158.250 - - [03/Sep/2019:16:38:49 -0300] "GET /cormun/servlet/hhome HTTP/1.1" 200 4298
190.171.134.178 - - [03/Sep/2019:16:38:49 -0300] "GET /cormun/servlet/hpexe_return? HTTP/1.1" 200 1025
190.171.134.178 - - [03/Sep/2019:16:38:49 -0300] "GET /cormun/servlet/trsolicitudadjuntos?2019,16037, HTTP/1.1" 200 8943
190.171.134.178 - - [03/Sep/2019:16:38:51 -0300] "GET /cormun/servlet/trsolicitudadjuntos?2019,16037, HTTP/1.1" 200 8942
190.171.134.178 - - [03/Sep/2019:16:38:58 -0300] "GET /cormun/servlet/solicitudotadjuntos?INS,2019,16037,,1, HTTP/1.1" 200 6058
190.171.134.178 - - [03/Sep/2019:16:38:58 -0300] "GET /cormun/static/about:blank HTTP/1.1" 404 1011
190.171.134.178 - - [03/Sep/2019:16:38:59 -0300] "GET /cormun/servlet/solicitudotadjuntos?INS,2019,16037,,1, HTTP/1.1" 200 6052
190.171.134.178 - - [03/Sep/2019:16:38:59 -0300] "GET /cormun/servlet/solicitudotadjuntos?ea7dd1ac5ad143a43a27ec7ffb5cdae248c6bc25c414bd302afc7ee3b8687ab17fb04b2c63df4622f8185f31efc21f32,gx-no-cache=1567539220567 HTTP/1.1" 200 30
190.171.134.178 - - [03/Sep/2019:16:38:59 -0300] "POST /cormun/servlet/solicitudotadjuntos?638d72b30748af7adcf714aa200b8382,INS,2019,16037,,1,,gx-no-cache=1567539220659 HTTP/1.1" 200 3881
190.171.134.178 - - [03/Sep/2019:16:39:03 -0300] "POST /cormun/servlet/solicitudotadjuntos?gx-no-cache=1567539224854 HTTP/1.1" 200 26
190.171.142.42 - - [03/Sep/2019:16:39:10 -0300] "POST /cormun/servlet/solicitudot?gx-no-cache=1567535630930 HTTP/1.1" 200 3483
190.171.142.42 - - [03/Sep/2019:16:39:11 -0300] "POST /cormun/servlet/solicitudot?c37cc465ccb2bdf6544febe0bacf0310,INS,0,0,,gx-no-cache=1567535631091 HTTP/1.1" 200 11968
190.171.142.42 - - [03/Sep/2019:16:39:15 -0300] "GET /cormun/servlet/solicitudot?f370e96be86d32ff8f21b092d062a062e7d20a2b759b332b5bf04346abf3b5a0dd3959b0d23e08bad54e9137f6fb5727,gx-no-cache=1567535635673 HTTP/1.1" 200 30
190.171.134.178 - - [03/Sep/2019:16:39:29 -0300] "GET /cormun/servlet/solicitudotadjuntos?ea7dd1ac5ad143a43a27ec7ffb5cdae2c9f8a35219186d2e9dc7060505bd21bb,gx-no-cache=1567539250329 HTTP/1.1" 200 30
190.171.134.178 - - [03/Sep/2019:16:39:29 -0300] "GET /cormun/servlet/solicitudotadjuntos?ea7dd1ac5ad143a43a27ec7ffb5cdae2c9f8a35219186d2e9dc7060505bd21bb,gx-no-cache=1567539250414 HTTP/1.1" 200 30
190.171.134.178 - - [03/Sep/2019:16:39:29 -0300] "POST /cormun/servlet/solicitudotadjuntos?638d72b30748af7adcf714aa200b8382,INS,2019,16037,,1, HTTP/1.1" 200 116
190.171.134.178 - - [03/Sep/2019:16:39:29 -0300] "GET /cormun/servlet/hpexe_return? HTTP/1.1" 200 1025
190.171.134.178 - - [03/Sep/2019:16:39:30 -0300] "GET /cormun/servlet/trsolicitudadjuntos?2019,16037, HTTP/1.1" 200 9122
190.171.134.178 - - [03/Sep/2019:16:39:31 -0300] "GET /cormun/servlet/trsolicitudadjuntos?2019,16037, HTTP/1.1" 200 9121
190.171.134.178 - - [03/Sep/2019:16:39:34 -0300] "GET /cormun/servlet/solicitudotadjuntos?INS,2019,16037,,1, HTTP/1.1" 200 6058
190.171.134.178 - - [03/Sep/2019:16:39:34 -0300] "GET /cormun/static/about:blank HTTP/1.1" 404 1011
190.171.154.42 - - [03/Sep/2019:16:39:34 -0300] "GET /cormun/servlet/trpermisosgoce? HTTP/1.1" 200 16117
190.171.134.178 - - [03/Sep/2019:16:39:35 -0300] "GET /cormun/servlet/solicitudotadjuntos?INS,2019,16037,,1, HTTP/1.1" 200 6052
190.171.134.178 - - [03/Sep/2019:16:39:35 -0300] "GET /cormun/servlet/solicitudotadjuntos?ea7dd1ac5ad143a43a27ec7ffb5cdae248c6bc25c414bd302afc7ee3b8687ab17fb04b2c63df4622f8185f31efc21f32,gx-no-cache=1567539256733 HTTP/1.1" 200 30
190.171.134.178 - - [03/Sep/2019:16:39:35 -0300] "POST /cormun/servlet/solicitudotadjuntos?638d72b30748af7adcf714aa200b8382,INS,2019,16037,,1,,gx-no-cache=1567539256818 HTTP/1.1" 200 3881
190.171.154.42 - - [03/Sep/2019:16:39:36 -0300] "GET /cormun/servlet/trpermisosgoce? HTTP/1.1" 200 16089
190.171.154.42 - - [03/Sep/2019:16:39:40 -0300] "GET /cormun/servlet/permisogoce?INS,0,,, HTTP/1.1" 200 7188
190.171.134.178 - - [03/Sep/2019:16:39:42 -0300] "POST /cormun/servlet/solicitudotadjuntos?gx-no-cache=1567539263359 HTTP/1.1" 200 26
190.171.154.42 - - [03/Sep/2019:16:39:42 -0300] "GET /cormun/servlet/permisogoce?INS,0,,, HTTP/1.1" 200 7188
190.171.134.178 - - [03/Sep/2019:16:39:50 -0300] "GET /cormun/servlet/solicitudotadjuntos?ea7dd1ac5ad143a43a27ec7ffb5cdae2c9f8a35219186d2e9dc7060505bd21bb,gx-no-cache=1567539271961 HTTP/1.1" 200 30
190.171.134.178 - - [03/Sep/2019:16:39:51 -0300] "GET /cormun/servlet/solicitudotadjuntos?ea7dd1ac5ad143a43a27ec7ffb5cdae2c9f8a35219186d2e9dc7060505bd21bb,gx-no-cache=1567539272093 HTTP/1.1" 200 30
190.171.134.178 - - [03/Sep/2019:16:39:52 -0300] "POST /cormun/servlet/solicitudotadjuntos?638d72b30748af7adcf714aa200b8382,INS,2019,16037,,1, HTTP/1.1" 200 116
190.171.134.178 - - [03/Sep/2019:16:39:52 -0300] "GET /cormun/servlet/hpexe_return? HTTP/1.1" 200 1025
190.171.134.178 - - [03/Sep/2019:16:39:53 -0300] "GET /cormun/servlet/trsolicitudadjuntos?2019,16037, HTTP/1.1" 200 9323
190.171.134.178 - - [03/Sep/2019:16:39:54 -0300] "GET /cormun/servlet/trsolicitudadjuntos?2019,16037, HTTP/1.1" 200 9321
190.171.134.178 - - [03/Sep/2019:16:39:57 -0300] "GET /cormun/servlet/solicitudotadjuntos?INS,2019,16037,,1, HTTP/1.1" 200 6058
190.171.134.178 - - [03/Sep/2019:16:39:57 -0300] "GET /cormun/static/about:blank HTTP/1.1" 404 1011
190.171.134.178 - - [03/Sep/2019:16:39:58 -0300] "GET /cormun/servlet/solicitudotadjuntos?INS,2019,16037,,1, HTTP/1.1" 200 6052
190.171.134.178 - - [03/Sep/2019:16:39:58 -0300] "GET /cormun/servlet/solicitudotadjuntos?ea7dd1ac5ad143a43a27ec7ffb5cdae248c6bc25c414bd302afc7ee3b8687ab17fb04b2c63df4622f8185f31efc21f32,gx-no-cache=1567539279819 HTTP/1.1" 200 30
190.171.134.178 - - [03/Sep/2019:16:39:58 -0300] "POST /cormun/servlet/solicitudotadjuntos?638d72b30748af7adcf714aa200b8382,INS,2019,16037,,1,,gx-no-cache=1567539279933 HTTP/1.1" 200 3880
190.171.134.178 - - [03/Sep/2019:16:40:03 -0300] "POST /cormun/servlet/solicitudotadjuntos?gx-no-cache=1567539284428 HTTP/1.1" 200 26
190.171.154.42 - - [03/Sep/2019:16:40:08 -0300] "GET /cormun/servlet/prfichaempleado?,MD,,gxPopupLevel%3D0%3B HTTP/1.1" 200 9423
190.171.134.178 - - [03/Sep/2019:16:40:12 -0300] "GET /cormun/servlet/solicitudotadjuntos?ea7dd1ac5ad143a43a27ec7ffb5cdae2c9f8a35219186d2e9dc7060505bd21bb,gx-no-cache=1567539293221 HTTP/1.1" 200 30
190.171.134.178 - - [03/Sep/2019:16:40:12 -0300] "GET /cormun/servlet/solicitudotadjuntos?ea7dd1ac5ad143a43a27ec7ffb5cdae2c9f8a35219186d2e9dc7060505bd21bb,gx-no-cache=1567539293332 HTTP/1.1" 200 30
190.171.134.178 - - [03/Sep/2019:16:40:12 -0300] "POST /cormun/servlet/solicitudotadjuntos?638d72b30748af7adcf714aa200b8382,INS,2019,16037,,1, HTTP/1.1" 200 116
190.171.134.178 - - [03/Sep/2019:16:40:12 -0300] "GET /cormun/servlet/hpexe_return? HTTP/1.1" 200 1025
190.171.134.178 - - [03/Sep/2019:16:40:13 -0300] "GET /cormun/servlet/trsolicitudadjuntos?2019,16037, HTTP/1.1" 200 9605
190.171.134.178 - - [03/Sep/2019:16:40:14 -0300] "GET /cormun/servlet/trsolicitudadjuntos?2019,16037, HTTP/1.1" 200 9602
190.171.134.178 - - [03/Sep/2019:16:40:20 -0300] "GET /cormun/servlet/solicitudotadjuntos?INS,2019,16037,,1, HTTP/1.1" 200 6058
190.171.134.178 - - [03/Sep/2019:16:40:20 -0300] "GET /cormun/static/about:blank HTTP/1.1" 404 1011
190.171.134.178 - - [03/Sep/2019:16:40:21 -0300] "GET /cormun/servlet/solicitudotadjuntos?INS,2019,16037,,1, HTTP/1.1" 200 6052
190.171.134.178 - - [03/Sep/2019:16:40:21 -0300] "GET /cormun/servlet/solicitudotadjuntos?ea7dd1ac5ad143a43a27ec7ffb5cdae248c6bc25c414bd302afc7ee3b8687ab17fb04b2c63df4622f8185f31efc21f32,gx-no-cache=1567539303074 HTTP/1.1" 200 30
190.171.134.178 - - [03/Sep/2019:16:40:22 -0300] "POST /cormun/servlet/solicitudotadjuntos?638d72b30748af7adcf714aa200b8382,INS,2019,16037,,1,,gx-no-cache=1567539303190 HTTP/1.1" 200 3880
190.171.134.178 - - [03/Sep/2019:16:40:27 -0300] "POST /cormun/servlet/solicitudotadjuntos?gx-no-cache=1567539308924 HTTP/1.1" 200 26
190.171.134.178 - - [03/Sep/2019:16:40:36 -0300] "GET /cormun/servlet/solicitudotadjuntos?ea7dd1ac5ad143a43a27ec7ffb5cdae2c9f8a35219186d2e9dc7060505bd21bb,gx-no-cache=1567539317526 HTTP/1.1" 200 30
190.171.134.178 - - [03/Sep/2019:16:40:36 -0300] "GET /cormun/servlet/solicitudotadjuntos?ea7dd1ac5ad143a43a27ec7ffb5cdae2c9f8a35219186d2e9dc7060505bd21bb,gx-no-cache=1567539317551 HTTP/1.1" 200 30
190.171.134.178 - - [03/Sep/2019:16:40:39 -0300] "POST /cormun/servlet/solicitudotadjuntos?638d72b30748af7adcf714aa200b8382,INS,2019,16037,,1, HTTP/1.1" 200 116
190.171.134.178 - - [03/Sep/2019:16:40:39 -0300] "GET /cormun/servlet/hpexe_return? HTTP/1.1" 200 1025
190.171.134.178 - - [03/Sep/2019:16:40:40 -0300] "GET /cormun/servlet/trsolicitudadjuntos?2019,16037, HTTP/1.1" 200 9830
190.171.134.178 - - [03/Sep/2019:16:40:42 -0300] "GET /cormun/servlet/trsolicitudadjuntos?2019,16037, HTTP/1.1" 200 9821
190.171.154.42 - - [03/Sep/2019:16:40:52 -0300] "POST /cormun/servlet/prfichaempleado?ceb7a76d7f44c2d0752e8e392c7fea34,,MD,,gxPopupLevel%3D0%3B,gx-no-cache=1567539331538 HTTP/1.1" 200 3544
190.171.154.42 - - [03/Sep/2019:16:40:58 -0300] "GET /cormun/servlet/permisogoce?3413210bbc8577d3e9ed04322c48d6b796130f464f90f93dc0821fde75b8a570364a0437f4986cf3d09ba0ace373ac66b9bb9cd366429d359e421e4a7fcaff1a,gx-no-cache=1567539338630 HTTP/1.1" 200 80
190.171.154.42 - - [03/Sep/2019:16:40:59 -0300] "GET /cormun/static/menuarrow.gif HTTP/1.1" 404 1015
200.111.191.212 - - [03/Sep/2019:16:41:05 -0300] "GET /cormun/servlet/trpermisosgoce? HTTP/1.1" 200 6121
190.171.154.42 - - [03/Sep/2019:16:41:05 -0300] "GET /cormun/servlet/permisogoce?3413210bbc8577d3e9ed04322c48d6b7cb83eefe59a4bb344ae730ffe561ccd9645a362d96fd8f5fb6b252c4b199e01145f4ba2358494e2d1cfe3151271a03f2,gx-no-cache=1567539345507 HTTP/1.1" 200 47
200.111.191.212 - - [03/Sep/2019:16:41:05 -0300] "GET /cormun/servlet/hlogin HTTP/1.1" 200 1742
200.111.191.212 - - [03/Sep/2019:16:41:05 -0300] "GET /cormun/servlet/trpermisosgoce? HTTP/1.1" 200 6121
200.111.191.212 - - [03/Sep/2019:16:41:18 -0300] "POST /cormun/servlet/hlogin?9412866bbd8219af1f4ccacea303cce6,gx-no-cache=1567539516671 HTTP/1.1" 200 90
200.111.191.212 - - [03/Sep/2019:16:41:18 -0300] "GET /cormun/servlet/hpexe_link HTTP/1.1" 200 959
200.111.191.212 - - [03/Sep/2019:16:41:18 -0300] "GET /cormun/servlet/trpermisosgoce HTTP/1.1" 200 15412
200.111.191.212 - - [03/Sep/2019:16:41:19 -0300] "GET /cormun/servlet/trpermisosgoce HTTP/1.1" 200 15431
190.171.142.42 - - [03/Sep/2019:16:41:48 -0300] "GET /cormun/servlet/prbanco?,MD,,gxPopupLevel%3D0%3B HTTP/1.1" 200 6664
190.171.142.42 - - [03/Sep/2019:16:41:48 -0300] "GET /cormun/static/gxcfg.js?20181161016094 HTTP/1.1" 200 953
190.171.142.42 - - [03/Sep/2019:16:41:48 -0300] "GET /cormun/static/prbanco.js?2018116101633 HTTP/1.1" 200 10693
190.171.142.42 - - [03/Sep/2019:16:41:52 -0300] "GET /cormun/servlet/solicitudot?f370e96be86d32ff8f21b092d062a0620a99fd1a70507e8c75388ce322e317034e5c59e65b9724e8e673fa07833b8a16895cd044828b82c285f24e1ee649afd7,gx-no-cache=1567535792798 HTTP/1.1" 200 30
190.171.142.42 - - [03/Sep/2019:16:41:54 -0300] "GET /cormun/servlet/solicitudot?f370e96be86d32ff8f21b092d062a0626227cc15c3d7c7d96991b2f59571ed63,gx-no-cache=1567535794310 HTTP/1.1" 200 53
200.111.191.212 - - [03/Sep/2019:16:42:07 -0300] "GET /cormun/servlet/permisogoce?INS,0,,, HTTP/1.1" 200 6871
200.111.191.212 - - [03/Sep/2019:16:42:07 -0300] "GET /cormun/servlet/permisogoce?INS,0,,, HTTP/1.1" 200 6870
200.111.191.212 - - [03/Sep/2019:16:42:13 -0300] "GET /cormun/servlet/permisogoce?47860af7a44c0b98039fbda9284a16e5773ffe49ab843af8510e05a0278ec0ed687dbb934b1b74c522b87894f00428a53bc589af5d1e2e40087b472db6bfc67e,gx-no-cache=1567539572187 HTTP/1.1" 200 79
190.171.142.42 - - [03/Sep/2019:16:42:17 -0300] "POST /cormun/servlet/solicitudot?gx-no-cache=1567535817152 HTTP/1.1" 200 255
190.171.142.42 - - [03/Sep/2019:16:42:20 -0300] "GET /cormun/servlet/solicitudot?f370e96be86d32ff8f21b092d062a062a938a87810db2f5173c72f1d80a955246473875e1696a61c5dbddc544682f3483630cf21db1843670fdc7e98a8a426d3a89f6bea57e932fc387c41201d1faa50e73fca1e9dfe385855eb185d2f6b1aeb210c904a21c123ff73b4227b9a649b185c43a535862888f1bd5ce107501dbcac09b284de2f2d7ad46cfa2139926420b5fbf80174314fd84fb2ee9283f243aaed4f6b2b8ec7fdc1d7dc759c0322ccac18ea5edfb27431415e7d11473256798092647c2d46828914a41295bd55f6db6df52f2e4e8ea09731f09291b6f0e31fdf1717766d1209c35989a440006e2c8b3c96ea292673394d822f665d2a2489a1a280834cf8967cbaf8d78ce81c47e2ef0f2793d57ae99e44eca11f73e51911e4ac458d11d723e969ae837bb03fc576762b23407d270bf9e90626b5a4df038e77d02f13da82dbcf07b43a56fbfcdaa3d482393d9311a887a769cbe5cedba7ee49b463284d7c9812c18728e99a7aac89f1ac4271fe68e0c6eb3130b4b31a639fe1696f,gx-no-cache=1567535820506 HTTP/1.1" 200 30
200.111.191.212 - - [03/Sep/2019:16:42:20 -0300] "GET /cormun/servlet/permisogoce?47860af7a44c0b98039fbda9284a16e570068dc9f4b6eb8549fd70c0654da5aaf047830da60a2b076daedf19a8e2f10cf266c211d12fc4c6b9ed2ec519960635,gx-no-cache=1567539578803 HTTP/1.1" 200 47
190.171.154.42 - - [03/Sep/2019:16:42:22 -0300] "POST /cormun/servlet/permisogoce?ceb7a76d7f44c2d0752e8e392c7fea34,INS,0,,,,gx-no-cache=1567539421916 HTTP/1.1" 200 93
190.171.154.42 - - [03/Sep/2019:16:42:22 -0300] "GET /cormun/servlet/hpexe_return? HTTP/1.1" 200 1007
190.171.154.42 - - [03/Sep/2019:16:42:23 -0300] "GET /cormun/servlet/trpermisosgoce HTTP/1.1" 200 16329
190.171.142.42 - - [03/Sep/2019:16:42:24 -0300] "POST /cormun/servlet/solicitudot?gx-no-cache=1567535824366 HTTP/1.1" 200 30
190.171.154.42 - - [03/Sep/2019:16:42:25 -0300] "GET /cormun/servlet/trpermisosgoce HTTP/1.1" 200 16334
190.171.142.42 - - [03/Sep/2019:16:42:26 -0300] "POST /cormun/servlet/solicitudot?gx-no-cache=1567535826332 HTTP/1.1" 200 1358
190.171.142.42 - - [03/Sep/2019:16:42:26 -0300] "POST /cormun/servlet/solicitudot?gx-no-cache=1567535826469 HTTP/1.1" 200 38
200.111.191.212 - - [03/Sep/2019:16:42:30 -0300] "POST /cormun/servlet/permisogoce?9412866bbd8219af1f4ccacea303cce6,INS,0,,,,gx-no-cache=1567539588485 HTTP/1.1" 200 93
200.111.191.212 - - [03/Sep/2019:16:42:30 -0300] "GET /cormun/servlet/hpexe_return? HTTP/1.1" 200 1013
200.111.191.212 - - [03/Sep/2019:16:42:30 -0300] "GET /cormun/servlet/trpermisosgoce HTTP/1.1" 200 15686
200.111.191.212 - - [03/Sep/2019:16:42:31 -0300] "GET /cormun/servlet/trpermisosgoce HTTP/1.1" 200 15674
200.111.191.212 - - [03/Sep/2019:16:42:34 -0300] "GET /cormun/servlet/apermisogoceprn?17235254,P,20190903153113,PU HTTP/1.1" 200 1660
200.111.191.212 - - [03/Sep/2019:16:42:42 -0300] "GET /cormun/servlet/permisogoce?INS,0,,, HTTP/1.1" 200 6871
200.111.191.212 - - [03/Sep/2019:16:42:43 -0300] "GET /cormun/servlet/permisogoce?INS,0,,, HTTP/1.1" 200 6871
190.171.154.42 - - [03/Sep/2019:16:42:46 -0300] "GET /cormun/servlet/apermisogoceprn?16196473,P,20190903152846,PU HTTP/1.1" 200 1700
200.111.191.212 - - [03/Sep/2019:16:42:49 -0300] "GET /cormun/servlet/permisogoce?47860af7a44c0b98039fbda9284a16e5773ffe49ab843af8510e05a0278ec0ed687dbb934b1b74c522b87894f00428a53bc589af5d1e2e40087b472db6bfc67e,gx-no-cache=1567539607511 HTTP/1.1" 200 79
200.111.191.212 - - [03/Sep/2019:16:42:59 -0300] "POST /cormun/servlet/permisogoce?9412866bbd8219af1f4ccacea303cce6,INS,0,,,,gx-no-cache=1567539617775 HTTP/1.1" 200 93
200.111.191.212 - - [03/Sep/2019:16:42:59 -0300] "GET /cormun/servlet/hpexe_return? HTTP/1.1" 200 1013
200.111.191.212 - - [03/Sep/2019:16:42:59 -0300] "GET /cormun/servlet/trpermisosgoce HTTP/1.1" 200 15675
200.111.191.212 - - [03/Sep/2019:16:43:00 -0300] "GET /cormun/servlet/trpermisosgoce HTTP/1.1" 200 15671
190.171.142.42 - - [03/Sep/2019:16:43:03 -0300] "GET /cormun/servlet/solicitudot?f370e96be86d32ff8f21b092d062a0629a61221d0ea86eb6858550fd1a41c55cb0a677ca4564c6826e5a4b7e3575a672fe83ecd3a934d8e92677802d8855f29ba864bc544b8ec7d4f02205d41f83fc0e1f65668e91d3b288ee7ca8352ea08f9ad0c59639d711eca4d09732b1152c4ef0,gx-no-cache=1567535863784 HTTP/1.1" 200 110
190.171.142.42 - - [03/Sep/2019:16:43:14 -0300] "POST /cormun/servlet/solicitudot?gx-no-cache=1567535874736 HTTP/1.1" 200 97
190.171.134.178 - - [03/Sep/2019:16:45:18 -0300] "GET /cormun/servlet/hlogin HTTP/1.1" 200 1747
190.171.134.178 - - [03/Sep/2019:16:45:31 -0300] "POST /cormun/servlet/hlogin?638d72b30748af7adcf714aa200b8382,gx-no-cache=1567539612159 HTTP/1.1" 200 467
190.171.134.178 - - [03/Sep/2019:16:45:37 -0300] "POST /cormun/servlet/hlogin?638d72b30748af7adcf714aa200b8382,gx-no-cache=1567539618350 HTTP/1.1" 200 90
190.171.134.178 - - [03/Sep/2019:16:45:37 -0300] "GET /cormun/servlet/hpexe_link HTTP/1.1" 200 948
190.171.134.178 - - [03/Sep/2019:16:45:37 -0300] "GET /cormun/servlet/hhome HTTP/1.1" 200 4231
190.171.134.178 - - [03/Sep/2019:16:45:38 -0300] "GET /cormun/servlet/hhome HTTP/1.1" 200 4227
190.171.134.178 - - [03/Sep/2019:16:45:46 -0300] "GET /cormun/servlet/trautorizarsolicitud? HTTP/1.1" 200 7340
190.171.134.178 - - [03/Sep/2019:16:45:47 -0300] "GET /cormun/servlet/trautorizarsolicitud? HTTP/1.1" 200 7340
190.171.134.178 - - [03/Sep/2019:16:45:52 -0300] "GET /cormun/servlet/trautorizarsolicitud? HTTP/1.1" 200 7340
190.171.134.178 - - [03/Sep/2019:16:45:53 -0300] "GET /cormun/servlet/trautorizarsolicitud? HTTP/1.1" 200 7340
190.171.134.178 - - [03/Sep/2019:16:46:00 -0300] "GET /cormun/servlet/hlogin HTTP/1.1" 200 1740
190.171.134.178 - - [03/Sep/2019:16:46:12 -0300] "POST /cormun/servlet/hlogin?638d72b30748af7adcf714aa200b8382,gx-no-cache=1567539653414 HTTP/1.1" 200 90
190.171.134.178 - - [03/Sep/2019:16:46:12 -0300] "GET /cormun/servlet/hpexe_link HTTP/1.1" 200 948
190.171.134.178 - - [03/Sep/2019:16:46:12 -0300] "GET /cormun/servlet/hhome HTTP/1.1" 200 4009
190.171.134.178 - - [03/Sep/2019:16:46:13 -0300] "GET /cormun/servlet/hhome HTTP/1.1" 200 4005
190.171.134.178 - - [03/Sep/2019:16:46:21 -0300] "GET /cormun/servlet/trsolicitudot? HTTP/1.1" 200 8599
190.171.134.178 - - [03/Sep/2019:16:46:22 -0300] "GET /cormun/servlet/trsolicitudot? HTTP/1.1" 200 8597
190.171.134.178 - - [03/Sep/2019:16:46:26 -0300] "POST /cormun/servlet/trsolicitudot?638d72b30748af7adcf714aa200b8382,,gx-no-cache=1567539667907 HTTP/1.1" 200 4523
190.171.134.178 - - [03/Sep/2019:16:46:27 -0300] "GET /cormun/static/Shared/jqueryui/images/ui-bg_highlight-soft_100_c6c2c8_1x100.png HTTP/1.1" 404 1117
190.171.134.178 - - [03/Sep/2019:16:46:27 -0300] "GET /cormun/static/Shared/jqueryui/images/ui-icons_82798d_256x240.png HTTP/1.1" 404 1089
190.171.134.178 - - [03/Sep/2019:16:46:27 -0300] "GET /cormun/static/Shared/jqueryui/images/ui-icons_8d78a5_256x240.png HTTP/1.1" 404 1089
190.171.134.178 - - [03/Sep/2019:16:46:27 -0300] "GET /cormun/static/Shared/jqueryui/images/ui-bg_flat_55_fafafa_40x100.png HTTP/1.1" 404 1097
190.171.134.178 - - [03/Sep/2019:16:46:27 -0300] "POST /cormun/servlet/trsolicitudot?638d72b30748af7adcf714aa200b8382,,gx-no-cache=1567539668366 HTTP/1.1" 200 4308
190.171.134.178 - - [03/Sep/2019:16:46:59 -0300] "GET /cormun/servlet/hlogin HTTP/1.1" 200 1735
190.171.134.178 - - [03/Sep/2019:16:47:11 -0300] "POST /cormun/servlet/hlogin?638d72b30748af7adcf714aa200b8382,gx-no-cache=1567539712530 HTTP/1.1" 200 90
190.171.134.178 - - [03/Sep/2019:16:47:11 -0300] "GET /cormun/servlet/hpexe_link HTTP/1.1" 200 948
190.171.134.178 - - [03/Sep/2019:16:47:11 -0300] "GET /cormun/servlet/hhome HTTP/1.1" 200 4231
190.171.134.178 - - [03/Sep/2019:16:47:12 -0300] "GET /cormun/servlet/hhome HTTP/1.1" 200 4227
190.171.134.178 - - [03/Sep/2019:16:47:17 -0300] "GET /cormun/servlet/trautorizarsolicitud? HTTP/1.1" 200 8687
190.171.134.178 - - [03/Sep/2019:16:47:18 -0300] "GET /cormun/servlet/trautorizarsolicitud? HTTP/1.1" 200 8685
190.171.134.178 - - [03/Sep/2019:16:47:23 -0300] "POST /cormun/servlet/trautorizarsolicitud?638d72b30748af7adcf714aa200b8382,,gx-no-cache=1567539724164 HTTP/1.1" 200 4669
190.171.134.178 - - [03/Sep/2019:16:47:23 -0300] "POST /cormun/servlet/trautorizarsolicitud?638d72b30748af7adcf714aa200b8382,,gx-no-cache=1567539724480 HTTP/1.1" 200 4458
190.171.154.42 - - [03/Sep/2019:16:47:47 -0300] "GET /cormun/servlet/hlogin HTTP/1.1" 200 1739
200.111.191.212 - - [03/Sep/2019:16:48:21 -0300] "GET /cormun/servlet/trlicencias? HTTP/1.1" 200 15978
200.111.191.212 - - [03/Sep/2019:16:48:22 -0300] "GET /cormun/servlet/trlicencias? HTTP/1.1" 200 15971
192.168.10.96 - - [03/Sep/2019:16:49:49 -0300] "GET /cormun/servlet/hlogin HTTP/1.1" 200 1721
192.168.10.96 - - [03/Sep/2019:16:49:55 -0300] "POST /cormun/servlet/hlogin?1b6a06446756769ec6c9c760d254ed44,gx-no-cache=1567539541453 HTTP/1.1" 200 90
192.168.10.96 - - [03/Sep/2019:16:49:55 -0300] "GET /cormun/servlet/hpexe_link HTTP/1.1" 200 951
192.168.10.96 - - [03/Sep/2019:16:49:55 -0300] "GET /cormun/servlet/hhome HTTP/1.1" 200 4776
192.168.10.96 - - [03/Sep/2019:16:49:56 -0300] "GET /cormun/servlet/hhome HTTP/1.1" 200 4772
192.168.10.96 - - [03/Sep/2019:16:49:57 -0300] "GET /cormun/servlet/trsolicitudgral? HTTP/1.1" 200 15445
192.168.10.96 - - [03/Sep/2019:16:49:58 -0300] "GET /cormun/servlet/trsolicitudgral? HTTP/1.1" 200 15443
192.168.10.96 - - [03/Sep/2019:16:50:12 -0300] "POST /cormun/servlet/trsolicitudgral?1b6a06446756769ec6c9c760d254ed44,,gx-no-cache=1567539558200 HTTP/1.1" 200 13032
200.111.191.212 - - [03/Sep/2019:16:51:10 -0300] "GET /cormun/servlet/trlicencias? HTTP/1.1" 200 15985
200.111.191.212 - - [03/Sep/2019:16:51:11 -0300] "GET /cormun/servlet/trlicencias? HTTP/1.1" 200 15985
200.111.191.212 - - [03/Sep/2019:16:51:20 -0300] "GET /cormun/servlet/licenciaspermisos?INS,0,,, HTTP/1.1" 200 7564
200.111.191.212 - - [03/Sep/2019:16:51:20 -0300] "GET /cormun/servlet/licenciaspermisos?INS,0,,, HTTP/1.1" 200 7572
200.111.191.212 - - [03/Sep/2019:16:51:27 -0300] "GET /cormun/servlet/licenciaspermisos?47860af7a44c0b98039fbda9284a16e54ef3698a90f3bd766b57c96873fe3d7e8142f72704539cb8f0937716d779afb5,gx-no-cache=1567540125650 HTTP/1.1" 200 89
200.111.191.212 - - [03/Sep/2019:16:51:27 -0300] "POST /cormun/servlet/licenciaspermisos?9412866bbd8219af1f4ccacea303cce6,INS,0,,,,gx-no-cache=1567540125690 HTTP/1.1" 200 4742
200.111.191.212 - - [03/Sep/2019:16:52:49 -0300] "GET /cormun/servlet/licenciaspermisos?47860af7a44c0b98039fbda9284a16e50bbdb2d13871bf4ac70b8b997943c4794316e022faac8597e28abb6289e19d07ce699d41ff1bdad09f0e927bf518f2aaa93a3c76f40025fce2b4afe8aa85e6a38c676e34c4f645fdaafa189dcda4246b461c127af2f06bdb265784d484568cf9ae1fd8709c6723c831addc4db5be9e992ecc132290df9e55eeaf87deb09cec78f118896cbf866f41b1efd2ddc9632c053bc589af5d1e2e40087b472db6bfc67e,gx-no-cache=1567540207475 HTTP/1.1" 200 30
200.111.191.212 - - [03/Sep/2019:16:52:49 -0300] "GET /cormun/servlet/licenciaspermisos?47860af7a44c0b98039fbda9284a16e5aa66c51034b507f2e9b8c3da1798e719628ce17776ed9919a5de1882b5df7779eabf5f7fe40029df99763be59ccf3f189ad0b578f66bc932d997bcf38ae854d53f105ca9181bd9dcee60b100e6d62eca144bdaca886cfe6c96482c887481c17a5356d3e77a1d685687e278d4d513233939610dce5b9a1fcbca32e13d0c140a14bfd680cf87106c284904a6daa4271656ec23a12c9fc791ea5e3d22fc0f810c54,gx-no-cache=1567540207503 HTTP/1.1" 200 29
200.111.191.212 - - [03/Sep/2019:16:52:49 -0300] "POST /cormun/servlet/licenciaspermisos?9412866bbd8219af1f4ccacea303cce6,INS,0,,,,gx-no-cache=1567540207521 HTTP/1.1" 200 93
200.111.191.212 - - [03/Sep/2019:16:52:49 -0300] "GET /cormun/servlet/hpexe_return? HTTP/1.1" 200 1015
200.111.191.212 - - [03/Sep/2019:16:52:49 -0300] "GET /cormun/servlet/trlicencias HTTP/1.1" 200 16650
200.111.191.212 - - [03/Sep/2019:16:52:50 -0300] "GET /cormun/servlet/trlicencias HTTP/1.1" 200 16385
200.111.191.212 - - [03/Sep/2019:16:52:52 -0300] "GET /cormun/servlet/alicenciaprn?14638581,L,20190903000000,PU HTTP/1.1" 200 1536
190.171.154.42 - - [03/Sep/2019:16:59:07 -0300] "POST /cormun/servlet/hlogin?ceb7a76d7f44c2d0752e8e392c7fea34,gx-no-cache=1567540426858 HTTP/1.1" 200 90
190.171.154.42 - - [03/Sep/2019:16:59:07 -0300] "GET /cormun/servlet/hpexe_link HTTP/1.1" 200 953
190.171.154.42 - - [03/Sep/2019:16:59:07 -0300] "GET /cormun/servlet/trpermisosgoce HTTP/1.1" 200 16324
190.171.154.42 - - [03/Sep/2019:16:59:10 -0300] "GET /cormun/servlet/trpermisosgoce HTTP/1.1" 200 16305
190.171.154.42 - - [03/Sep/2019:16:59:17 -0300] "GET /cormun/servlet/trlicencias? HTTP/1.1" 200 11532
190.171.154.42 - - [03/Sep/2019:16:59:19 -0300] "GET /cormun/servlet/trlicencias? HTTP/1.1" 200 11531
190.171.154.42 - - [03/Sep/2019:16:59:32 -0300] "GET /cormun/servlet/licenciaspermisos?INS,0,,, HTTP/1.1" 200 7860
190.171.154.42 - - [03/Sep/2019:16:59:34 -0300] "GET /cormun/servlet/licenciaspermisos?INS,0,,, HTTP/1.1" 200 7868
190.171.154.42 - - [03/Sep/2019:16:59:41 -0300] "GET /cormun/servlet/prfichaempleado?,MD,,gxPopupLevel%3D0%3B HTTP/1.1" 200 9424
190.171.154.42 - - [03/Sep/2019:16:59:54 -0300] "POST /cormun/servlet/prfichaempleado?ceb7a76d7f44c2d0752e8e392c7fea34,,MD,,gxPopupLevel%3D0%3B,gx-no-cache=1567540473955 HTTP/1.1" 200 3419
190.171.154.42 - - [03/Sep/2019:17:00:04 -0300] "GET /cormun/servlet/licenciaspermisos?3413210bbc8577d3e9ed04322c48d6b74c3598f1282080c4f0c12adf39e1382e4b3a1100824ba5810bbf61dd8b781431,gx-no-cache=1567540483984 HTTP/1.1" 200 87
190.171.154.42 - - [03/Sep/2019:17:00:04 -0300] "POST /cormun/servlet/licenciaspermisos?ceb7a76d7f44c2d0752e8e392c7fea34,INS,0,,,,gx-no-cache=1567540484060 HTTP/1.1" 200 4953
200.54.103.162 - - [03/Sep/2019:17:00:04 -0300] "GET /cormun/servlet/hlogin HTTP/1.1" 200 1720
200.54.103.162 - - [03/Sep/2019:17:00:08 -0300] "GET /cormun/servlet/hlogin HTTP/1.1" 200 1730
200.54.103.162 - - [03/Sep/2019:17:00:14 -0300] "POST /cormun/servlet/hlogin?e2ca6e50039a39fb7dfd31846f05d0be,gx-no-cache=1567540546185 HTTP/1.1" 200 90
200.54.103.162 - - [03/Sep/2019:17:00:14 -0300] "GET /cormun/servlet/hpexe_link HTTP/1.1" 200 950
200.54.103.162 - - [03/Sep/2019:17:00:14 -0300] "GET /cormun/servlet/hhome HTTP/1.1" 200 4335
200.54.103.162 - - [03/Sep/2019:17:00:16 -0300] "GET /cormun/servlet/hhome HTTP/1.1" 200 4331
200.54.103.162 - - [03/Sep/2019:17:00:19 -0300] "GET /cormun/servlet/trsolicitudot? HTTP/1.1" 200 7552
200.54.103.162 - - [03/Sep/2019:17:00:21 -0300] "GET /cormun/servlet/trsolicitudot? HTTP/1.1" 200 7550
200.54.103.162 - - [03/Sep/2019:17:00:25 -0300] "POST /cormun/servlet/trsolicitudot?e2ca6e50039a39fb7dfd31846f05d0be,,gx-no-cache=1567540557724 HTTP/1.1" 200 4548
200.54.103.162 - - [03/Sep/2019:17:00:31 -0300] "POST /cormun/servlet/trsolicitudot?e2ca6e50039a39fb7dfd31846f05d0be,,gx-no-cache=1567540563032 HTTP/1.1" 200 4548
200.54.103.162 - - [03/Sep/2019:17:00:38 -0300] "POST /cormun/servlet/trsolicitudot?e2ca6e50039a39fb7dfd31846f05d0be,,gx-no-cache=1567540570307 HTTP/1.1" 200 4548
200.54.103.162 - - [03/Sep/2019:17:00:42 -0300] "POST /cormun/servlet/trsolicitudot?e2ca6e50039a39fb7dfd31846f05d0be,,gx-no-cache=1567540574517 HTTP/1.1" 200 5981
200.54.103.162 - - [03/Sep/2019:17:00:43 -0300] "GET /cormun//static/Resources/PXToolsActionView.png HTTP/1.1" 200 2995
200.54.103.162 - - [03/Sep/2019:17:00:43 -0300] "GET /cormun//static/Resources/PXToolsRemoveAllAction.png HTTP/1.1" 200 3558
