190.171.141.106 - - [02/Sep/2019:10:41:45 -0300] "GET /cormun/static/vesolicitudot.js?2017111422591449 HTTP/1.1" 200 6091
190.171.141.106 - - [02/Sep/2019:10:41:45 -0300] "GET /cormun/static/hwcviewtabs.js?20177611594913 HTTP/1.1" 200 1074
190.171.141.106 - - [02/Sep/2019:10:41:45 -0300] "GET /cormun/static/Resources/PXToolsTabLastUnselected.png HTTP/1.1" 200 1291
190.171.141.106 - - [02/Sep/2019:10:41:45 -0300] "GET /cormun/static/hpexe_tabsview.js?201610171694228 HTTP/1.1" 200 1661
190.171.141.106 - - [02/Sep/2019:10:41:45 -0300] "GET /cormun/static/Resources/PXToolsTabNext.gif HTTP/1.1" 200 168
190.171.141.106 - - [02/Sep/2019:10:41:45 -0300] "GET /cormun/static/Resources/PXToolsTabPrevious.gif HTTP/1.1" 200 172
190.171.141.106 - - [02/Sep/2019:10:41:45 -0300] "GET /cormun/static/tbsolicitudot01.js?2017111422581186 HTTP/1.1" 200 30566
190.171.141.106 - - [02/Sep/2019:10:41:46 -0300] "GET /cormun/static/calendar-system.css HTTP/1.1" 200 5572
190.171.141.106 - - [02/Sep/2019:10:41:46 -0300] "GET /cormun/static/Resources/PXToolsTabBackUnselected.png HTTP/1.1" 200 1175
190.171.141.106 - - [02/Sep/2019:10:41:46 -0300] "GET /cormun/static/Resources/PXToolsTabBackSelected.png HTTP/1.1" 200 1157
190.171.141.106 - - [02/Sep/2019:10:41:46 -0300] "GET /cormun/static/Resources/PXToolsTabSelectedUnselected.png HTTP/1.1" 200 1428
190.171.141.106 - - [02/Sep/2019:10:41:46 -0300] "GET /cormun/static/Resources/PXToolsTabUnselectedUnselected.png HTTP/1.1" 200 1459
190.171.141.106 - - [02/Sep/2019:10:41:46 -0300] "GET /cormun/servlet/vesolicitudot?2019,16023,, HTTP/1.1" 200 8617
89.248.174.219 - - [02/Sep/2019:10:41:52 -0300] "GET /cgi-bin/webctrl.cgi?action=tree_page HTTP/1.1" 404 999
190.171.142.50 - - [02/Sep/2019:10:42:01 -0300] "GET /cormun/servlet/solicitudot?5deb125586da4e88d1c3e4d60eed94a130d2197d14f09b2fa168fc11ad672c6ad2899cbb6e7985129031c89e2485745590a76a4f6f3be37143c0e5d5989271b1421fb8e7bae10941db40e2282ed85655be085923ab92412ea48aa25cc476bae105f7f01a6484cc155e627d48fab39405,gx-no-cache=1567434650733 HTTP/1.1" 200 110
190.171.142.50 - - [02/Sep/2019:10:42:01 -0300] "POST /cormun/servlet/solicitudot?gx-no-cache=1567434650780 HTTP/1.1" 200 110
190.171.143.82 - - [02/Sep/2019:10:42:01 -0300] "GET /cormun/servlet/trautorizarpermisogoce? HTTP/1.1" 200 6011
190.171.143.82 - - [02/Sep/2019:10:42:01 -0300] "GET /cormun/static/gxui/gxui-all.css?110300 HTTP/1.1" 200 2179
190.171.143.82 - - [02/Sep/2019:10:42:01 -0300] "GET /cormun/static/Resources/Spanish/PXTools.css?1155365 HTTP/1.1" 200 89042
190.171.143.82 - - [02/Sep/2019:10:42:02 -0300] "GET /cormun/static/SmoothNavMenu/resources/ddsmoothmenu.css?1012540 HTTP/1.1" 200 2223
190.171.143.82 - - [02/Sep/2019:10:42:02 -0300] "GET /cormun/static/calendar-system.css?75620 HTTP/1.1" 200 5572
190.171.143.82 - - [02/Sep/2019:10:42:02 -0300] "GET /cormun/static/SmoothNavMenu/resources/ddsmoothmenu-v.css?1012540 HTTP/1.1" 200 1188
190.171.143.82 - - [02/Sep/2019:10:42:02 -0300] "GET /cormun/static/Shared/jqueryui/jquery-ui.min.css?1245370 HTTP/1.1" 200 30288
190.171.143.82 - - [02/Sep/2019:10:42:02 -0300] "GET /cormun/static/gxtimezone.js?85251 HTTP/1.1" 200 5781
190.171.143.82 - - [02/Sep/2019:10:42:02 -0300] "GET /cormun/static/gxcfg.js?20177612165975 HTTP/1.1" 200 953
190.171.143.82 - - [02/Sep/2019:10:42:02 -0300] "GET /cormun/static/Shared/ext/resources/css/ext-all.css?205870 HTTP/1.1" 200 416045
190.171.143.82 - - [02/Sep/2019:10:42:02 -0300] "GET /cormun/static/scaMessage/css/jquery.pnotify.default.css?1716380 HTTP/1.1" 200 1707
190.171.143.82 - - [02/Sep/2019:10:42:02 -0300] "GET /cormun/static/calendar-setup.js?85251 HTTP/1.1" 200 2588
190.171.143.82 - - [02/Sep/2019:10:42:02 -0300] "GET /cormun/static/calendar.js?85251 HTTP/1.1" 200 26246
190.171.143.82 - - [02/Sep/2019:10:42:02 -0300] "GET /cormun/static/calendar-es.js?85251 HTTP/1.1" 200 1901
190.171.143.82 - - [02/Sep/2019:10:42:02 -0300] "GET /cormun/static/gxgral.js?85251 HTTP/1.1" 200 384558
190.171.143.82 - - [02/Sep/2019:10:42:02 -0300] "GET /cormun/static/RunJS/RunJS.js HTTP/1.1" 200 288
190.171.143.82 - - [02/Sep/2019:10:42:03 -0300] "GET /cormun/static/PXToolsJavascripts/pexe_cookies.js HTTP/1.1" 200 792
190.171.143.82 - - [02/Sep/2019:10:42:03 -0300] "GET /cormun/static/PXToolsJavascripts/pexe_autoreload.js HTTP/1.1" 200 1762
190.171.143.82 - - [02/Sep/2019:10:42:03 -0300] "GET /cormun/static/gxui/gxui-all.js HTTP/1.1" 200 107772
190.171.143.82 - - [02/Sep/2019:10:42:03 -0300] "GET /cormun/static/PXToolsJavascripts/pexe_windows.js HTTP/1.1" 200 15207
190.171.143.82 - - [02/Sep/2019:10:42:03 -0300] "GET /cormun/static/PXToolsJavascripts/pexe_grid.js HTTP/1.1" 200 7559
190.171.143.82 - - [02/Sep/2019:10:42:03 -0300] "GET /cormun/static/PXToolsJavascripts/pexe_griddivfix.js HTTP/1.1" 200 6644
190.171.143.82 - - [02/Sep/2019:10:42:03 -0300] "GET /cormun/static/PXToolsJavascripts/pexe_menus.js HTTP/1.1" 200 1286
190.171.143.82 - - [02/Sep/2019:10:42:03 -0300] "GET /cormun/static/PXToolsJavascripts/pexe_menudivfix.js HTTP/1.1" 200 333
190.171.143.82 - - [02/Sep/2019:10:42:03 -0300] "GET /cormun/static/PXToolsJavascripts/pexe_layers.js HTTP/1.1" 200 4114
190.171.143.82 - - [02/Sep/2019:10:42:03 -0300] "GET /cormun/static/PXToolsJavascripts/pexe_oavdivfix.js HTTP/1.1" 200 639
190.171.143.82 - - [02/Sep/2019:10:42:03 -0300] "GET /cormun/static/PXToolsJavascripts/pexe_oav.js HTTP/1.1" 200 645
190.171.143.82 - - [02/Sep/2019:10:42:03 -0300] "GET /cormun/static/PXToolsJavascripts/pexe_picture.js HTTP/1.1" 200 689
190.171.143.82 - - [02/Sep/2019:10:42:03 -0300] "GET /cormun/static/PXToolsJavascripts/pexe_popup.js HTTP/1.1" 200 13458
190.171.143.82 - - [02/Sep/2019:10:42:03 -0300] "GET /cormun/static/PXToolsJavascripts/pexe_tabdivfix.js HTTP/1.1" 200 876
190.171.143.82 - - [02/Sep/2019:10:42:03 -0300] "GET /cormun/static/PXToolsJavascripts/pexe_scrolldiv.js HTTP/1.1" 200 4138
190.171.143.82 - - [02/Sep/2019:10:42:03 -0300] "GET /cormun/static/PXToolsJavascripts/pexe_link.js HTTP/1.1" 200 5671
190.171.143.82 - - [02/Sep/2019:10:42:03 -0300] "GET /cormun/static/PXToolsJavascripts/pexe_tabs.js HTTP/1.1" 200 3748
190.171.143.82 - - [02/Sep/2019:10:42:03 -0300] "GET /cormun/static/PXToolsJavascripts/pexe_upload.js HTTP/1.1" 200 1423
190.171.143.82 - - [02/Sep/2019:10:42:03 -0300] "GET /cormun/static/PXToolsJavascripts/PXToolsJavascriptsRender.js HTTP/1.1" 200 367
190.171.143.82 - - [02/Sep/2019:10:42:03 -0300] "GET /cormun/static/Resources/PXToolsHeaderActionsLeft.png HTTP/1.1" 200 1118
190.171.143.82 - - [02/Sep/2019:10:42:03 -0300] "GET /cormun/static/Resources/logo4.png HTTP/1.1" 200 6582
190.171.143.82 - - [02/Sep/2019:10:42:03 -0300] "GET /cormun/static/Shared/ext/locale/ext-lang-en.js HTTP/1.1" 200 10940
190.171.143.82 - - [02/Sep/2019:10:42:03 -0300] "GET /cormun/static/messages.spa.js?85251 HTTP/1.1" 200 30736
190.171.143.82 - - [02/Sep/2019:10:42:03 -0300] "GET /cormun/static/gxdec.js?85251 HTTP/1.1" 200 19579
190.171.143.82 - - [02/Sep/2019:10:42:03 -0300] "GET /cormun/static/trautorizarpermisogoce.js?2017761217384 HTTP/1.1" 200 34948
190.171.143.82 - - [02/Sep/2019:10:42:03 -0300] "GET /cormun/static/hwchdr01.js?201752511465785 HTTP/1.1" 200 1183
190.171.143.82 - - [02/Sep/2019:10:42:03 -0300] "GET /cormun/static/hpexe_scripts.js?201752511465715 HTTP/1.1" 200 1544
190.171.143.82 - - [02/Sep/2019:10:42:03 -0300] "GET /cormun/static/hpexe_recentlink.js?20177611595044 HTTP/1.1" 200 2144
190.171.143.82 - - [02/Sep/2019:10:42:03 -0300] "GET /cormun/static/hpexe_messagecontroller.js?20177611595012 HTTP/1.1" 200 870
190.171.143.82 - - [02/Sep/2019:10:42:03 -0300] "GET /cormun/static/hpexe_messagepopupcomponent.js?20161017169425 HTTP/1.1" 200 605
190.171.143.82 - - [02/Sep/2019:10:42:04 -0300] "GET /cormun/static/hpexe_messagegenexuscomponent.js?201752511465344 HTTP/1.1" 200 587
190.171.143.82 - - [02/Sep/2019:10:42:04 -0300] "GET /cormun/static/cmcontrolpreferences.js?201752511465670 HTTP/1.1" 200 1375
190.171.143.82 - - [02/Sep/2019:10:42:04 -0300] "GET /cormun/static/Shared/jquery/jquery-1.4.2.min.js HTTP/1.1" 200 72174
190.171.143.82 - - [02/Sep/2019:10:42:04 -0300] "GET /cormun/static/Shared/jquery/jquery-1.10.2.min.js HTTP/1.1" 200 273199
190.171.143.82 - - [02/Sep/2019:10:42:04 -0300] "GET /cormun/static/Shared/jqueryui/jquery-ui.min.js HTTP/1.1" 200 240427
190.171.143.82 - - [02/Sep/2019:10:42:04 -0300] "GET /cormun/static/Shared/ext/ext-all.js HTTP/1.1" 200 1289687
190.171.143.82 - - [02/Sep/2019:10:42:04 -0300] "GET /cormun/static/SmoothNavMenu/resources/SmoothNavMenuRender.js HTTP/1.1" 200 5951
190.171.143.82 - - [02/Sep/2019:10:42:04 -0300] "GET /cormun/static/SmoothNavMenu/resources/ddsmoothmenu.js HTTP/1.1" 200 12712
190.171.143.82 - - [02/Sep/2019:10:42:04 -0300] "GET /cormun/static/scaMessage/js/jquery.pnotify.min.js HTTP/1.1" 200 13038
190.171.143.82 - - [02/Sep/2019:10:42:04 -0300] "GET /cormun/static/scaMessage/scaMessageRender.js HTTP/1.1" 200 11977
190.171.143.82 - - [02/Sep/2019:10:42:05 -0300] "GET /cormun/static/hmpwkw03.js?20189613443875 HTTP/1.1" 200 3965
190.171.143.82 - - [02/Sep/2019:10:42:05 -0300] "GET /cormun/static/Resources/PXToolsHeaderHome.png HTTP/1.1" 200 4147
190.171.143.82 - - [02/Sep/2019:10:42:05 -0300] "GET /cormun/static/Resources/PXToolsHeaderLogin.png HTTP/1.1" 200 4279
190.171.143.82 - - [02/Sep/2019:10:42:05 -0300] "GET /cormun/static/Resources/PXToolsHeaderSecurity.png HTTP/1.1" 200 4166
190.171.143.82 - - [02/Sep/2019:10:42:05 -0300] "GET /cormun/static/Resources/PXToolsHeaderPreferences.png HTTP/1.1" 200 4189
190.171.143.82 - - [02/Sep/2019:10:42:05 -0300] "GET /cormun/static/Resources/PXToolsHeaderActionsRight.png HTTP/1.1" 200 1201
190.171.143.82 - - [02/Sep/2019:10:42:05 -0300] "GET /cormun/static/Resources/PXTools/calendar.png HTTP/1.1" 200 1306
190.171.143.82 - - [02/Sep/2019:10:42:05 -0300] "GET /cormun/static/Resources/PXToolsDataSearch.png HTTP/1.1" 200 419
190.171.143.82 - - [02/Sep/2019:10:42:05 -0300] "GET /cormun/static/Resources/PXToolsGridFirstDisabled.gif HTTP/1.1" 200 100
190.171.143.82 - - [02/Sep/2019:10:42:05 -0300] "GET /cormun/static/Resources/PXToolsGridPreviousDisabled.gif HTTP/1.1" 200 90
190.171.143.82 - - [02/Sep/2019:10:42:05 -0300] "GET /cormun/static/Resources/PXToolsGridNextDisabled.gif HTTP/1.1" 200 90
190.171.143.82 - - [02/Sep/2019:10:42:05 -0300] "GET /cormun/static/Resources/PXToolsGridLastDisabled.gif HTTP/1.1" 200 98
190.171.143.82 - - [02/Sep/2019:10:42:05 -0300] "GET /cormun/static/Resources/PXToolsGridPage.gif HTTP/1.1" 200 725
190.171.143.82 - - [02/Sep/2019:10:42:05 -0300] "GET /cormun/static/Resources/PXToolsActionExcel.png HTTP/1.1" 200 3187
190.171.143.82 - - [02/Sep/2019:10:42:05 -0300] "GET /cormun/static/Resources/PXToolsFooterBackground2.png HTTP/1.1" 200 1172
190.171.143.82 - - [02/Sep/2019:10:42:05 -0300] "GET /cormun/static/Resources/PXToolsHeaderBackground2.png HTTP/1.1" 200 1174
190.171.143.82 - - [02/Sep/2019:10:42:05 -0300] "GET /cormun/static/Resources/PXToolsHeaderActionsBackground.png HTTP/1.1" 200 484
190.171.143.82 - - [02/Sep/2019:10:42:05 -0300] "GET /cormun/static/Resources/PXToolsDataTitle.png HTTP/1.1" 200 1173
190.171.143.82 - - [02/Sep/2019:10:42:06 -0300] "GET /cormun/servlet/trautorizarpermisogoce? HTTP/1.1" 200 6022
190.171.143.82 - - [02/Sep/2019:10:42:06 -0300] "GET /cormun/static/Resources/desc.gif HTTP/1.1" 200 65
190.171.143.82 - - [02/Sep/2019:10:42:06 -0300] "GET /cormun/static/Resources/indicator.gif HTTP/1.1" 200 1553
190.171.143.82 - - [02/Sep/2019:10:42:06 -0300] "GET /cormun/static/Resources/asc.gif HTTP/1.1" 200 67
190.171.143.82 - - [02/Sep/2019:10:42:06 -0300] "GET /cormun/servlet/trautorizarpermisogoce? HTTP/1.1" 200 6022
190.171.143.82 - - [02/Sep/2019:10:42:06 -0300] "GET /cormun/servlet/hlogin HTTP/1.1" 200 1743
190.171.143.82 - - [02/Sep/2019:10:42:07 -0300] "GET /cormun/static/gxcfg.js?20177612122725 HTTP/1.1" 200 953
190.171.143.82 - - [02/Sep/2019:10:42:07 -0300] "GET /cormun/static/Resources/ComunLogin.png HTTP/1.1" 200 17326
190.171.143.82 - - [02/Sep/2019:10:42:07 -0300] "GET /cormun/static/hlogin.js?20177612122738 HTTP/1.1" 200 2136
190.171.143.82 - - [02/Sep/2019:10:42:07 -0300] "GET /cormun/static/Resources/PXToolsLoginBackground.png HTTP/1.1" 200 1164
190.171.143.82 - - [02/Sep/2019:10:42:07 -0300] "GET /cormun/static/Resources/PXToolsLoginBottom.png HTTP/1.1" 200 1389
190.171.143.82 - - [02/Sep/2019:10:42:07 -0300] "GET /cormun/static/Resources/PXToolsButtonBackground2.png HTTP/1.1" 200 1181
190.171.143.82 - - [02/Sep/2019:10:42:07 -0300] "GET /cormun/static/Resources/PXToolsButtonLeft21.png HTTP/1.1" 200 1287
190.171.143.82 - - [02/Sep/2019:10:42:07 -0300] "GET /cormun/static/Resources/PXToolsButtonRight21.png HTTP/1.1" 200 1283
190.171.143.82 - - [02/Sep/2019:10:42:07 -0300] "GET /cormun/static/Resources/PXToolsLoginTop.png HTTP/1.1" 200 1337
190.171.143.82 - - [02/Sep/2019:10:42:07 -0300] "GET /cormun/static/Resources/indicator.gif HTTP/1.1" 200 1553
190.171.143.82 - - [02/Sep/2019:10:42:07 -0300] "GET /favicon.ico HTTP/1.1" 200 21630
190.171.142.50 - - [02/Sep/2019:10:42:08 -0300] "GET /cormun/servlet/solicitudot?5deb125586da4e88d1c3e4d60eed94a15787bd2dd98b001fc8d00e3a51da1f29d50342cceb59e7b409ff70692293a1aa6b909f56278510e06eef25f0889b7d27a046d702b5f03bd5fcd99d69779736d6ff831e404bc0f1ccaf1dca4b5d0174d3e15e2189fcdb962de498d8ad4c318a4d,gx-no-cache=1567434658343 HTTP/1.1" 200 29
190.171.142.50 - - [02/Sep/2019:10:42:08 -0300] "GET /cormun/static/menuarrow.gif HTTP/1.1" 404 1015
190.171.142.50 - - [02/Sep/2019:10:42:11 -0300] "GET /cormun/servlet/solicitudot?5deb125586da4e88d1c3e4d60eed94a101c11e15061bf346b41fd423780fb8bf3f867aadcebabaa2d9468c552078d716,gx-no-cache=1567434661274 HTTP/1.1" 200 30
190.171.142.50 - - [02/Sep/2019:10:42:11 -0300] "POST /cormun/servlet/solicitudot?gx-no-cache=1567434661303 HTTP/1.1" 200 34
190.171.143.82 - - [02/Sep/2019:10:42:30 -0300] "POST /cormun/servlet/hlogin?680cf935fdfcf352f1a4a720fbd7430c,gx-no-cache=1567431431576 HTTP/1.1" 200 455
190.171.142.50 - - [02/Sep/2019:10:42:40 -0300] "POST /cormun/servlet/solicitudot?a74c1b147dfef19da8147492f1ac3dd8,INS,0,0,,gx-no-cache=1567434689481 HTTP/1.1" 200 93
190.171.142.50 - - [02/Sep/2019:10:42:40 -0300] "GET /cormun/servlet/hpexe_return? HTTP/1.1" 200 1013
190.171.142.50 - - [02/Sep/2019:10:42:41 -0300] "GET /cormun/servlet/trsolicitudot HTTP/1.1" 200 8580
190.171.142.50 - - [02/Sep/2019:10:42:41 -0300] "GET /cormun/servlet/trsolicitudot HTTP/1.1" 200 8577
190.171.144.234 - - [02/Sep/2019:10:42:41 -0300] "GET /cormun/servlet/hlogin HTTP/1.1" 200 1725
190.171.144.234 - - [02/Sep/2019:10:42:42 -0300] "GET /cormun/servlet/hlogin HTTP/1.1" 200 1735
190.171.142.50 - - [02/Sep/2019:10:42:45 -0300] "POST /cormun/servlet/trsolicitudot?a74c1b147dfef19da8147492f1ac3dd8,gx-no-cache=1567434694925 HTTP/1.1" 200 107
190.171.142.50 - - [02/Sep/2019:10:42:45 -0300] "GET /cormun/servlet/trsolicitudadjuntos?2019,16024, HTTP/1.1" 200 6141
190.171.142.50 - - [02/Sep/2019:10:42:45 -0300] "GET /cormun/static/gxcfg.js?20177612135366 HTTP/1.1" 200 953
190.171.142.50 - - [02/Sep/2019:10:42:45 -0300] "GET /cormun/static/trsolicitudadjuntos.js?20177612135632 HTTP/1.1" 200 17922
190.171.142.50 - - [02/Sep/2019:10:42:45 -0300] "GET /cormun/servlet/trsolicitudadjuntos?2019,16024, HTTP/1.1" 200 6140
190.171.142.50 - - [02/Sep/2019:10:42:49 -0300] "GET /cormun/servlet/solicitudotadjuntos?INS,2019,16024,,1, HTTP/1.1" 200 6085
190.171.142.50 - - [02/Sep/2019:10:42:49 -0300] "GET /cormun/static/gxcfg.js?2017761244068 HTTP/1.1" 200 953
190.171.142.50 - - [02/Sep/2019:10:42:49 -0300] "GET /cormun/static/solicitudotadjuntos.js?2017761244086 HTTP/1.1" 200 11771
190.171.142.50 - - [02/Sep/2019:10:42:49 -0300] "GET /cormun/static/about:blank HTTP/1.1" 404 1011
190.171.142.50 - - [02/Sep/2019:10:42:49 -0300] "GET /cormun/servlet/solicitudotadjuntos?INS,2019,16024,,1, HTTP/1.1" 200 6078
190.171.142.50 - - [02/Sep/2019:10:42:49 -0300] "GET /cormun/servlet/solicitudotadjuntos?5deb125586da4e88d1c3e4d60eed94a1512f287cca63f2f753f32c18f492fe3af335fae996d9c388ec2d3dcea908e7a4,gx-no-cache=1567434699423 HTTP/1.1" 200 30
190.171.142.50 - - [02/Sep/2019:10:42:50 -0300] "POST /cormun/servlet/solicitudotadjuntos?a74c1b147dfef19da8147492f1ac3dd8,INS,2019,16024,,1,,gx-no-cache=1567434699546 HTTP/1.1" 200 3896
190.171.144.234 - - [02/Sep/2019:10:42:50 -0300] "POST /cormun/servlet/hlogin?35671883bc10c75adb53b4ba43f36f3f,gx-no-cache=1567431451219 HTTP/1.1" 200 90
190.171.144.234 - - [02/Sep/2019:10:42:50 -0300] "GET /cormun/servlet/hpexe_link HTTP/1.1" 200 955
190.171.144.234 - - [02/Sep/2019:10:42:50 -0300] "GET /cormun/servlet/hhome HTTP/1.1" 200 4033
190.171.143.82 - - [02/Sep/2019:10:42:51 -0300] "POST /cormun/servlet/hlogin?680cf935fdfcf352f1a4a720fbd7430c,gx-no-cache=1567431452670 HTTP/1.1" 200 90
190.171.143.82 - - [02/Sep/2019:10:42:51 -0300] "GET /cormun/servlet/hpexe_link HTTP/1.1" 200 960
190.171.143.82 - - [02/Sep/2019:10:42:51 -0300] "GET /cormun/static/hpexe_link.js?20177612121795 HTTP/1.1" 200 625
190.171.143.82 - - [02/Sep/2019:10:42:51 -0300] "GET /cormun/static/gxcfg.js?20177612121792 HTTP/1.1" 200 953
190.171.143.82 - - [02/Sep/2019:10:42:51 -0300] "GET /cormun/servlet/trautorizarpermisogoce HTTP/1.1" 200 7000
190.171.143.82 - - [02/Sep/2019:10:42:52 -0300] "GET /cormun/static/Resources/asc.gif HTTP/1.1" 200 67
190.171.143.82 - - [02/Sep/2019:10:42:52 -0300] "GET /cormun/servlet/trautorizarpermisogoce HTTP/1.1" 200 6998
190.171.143.82 - - [02/Sep/2019:10:42:52 -0300] "GET /cormun/static/SmoothNavMenu/resources/images/right.gif HTTP/1.1" 200 860
190.171.143.82 - - [02/Sep/2019:10:42:52 -0300] "GET /cormun/static/SmoothNavMenu/resources/images/down.gif HTTP/1.1" 200 854
190.171.143.82 - - [02/Sep/2019:10:42:52 -0300] "GET /cormun/static/Shared/ext/resources/themes/images/default/panel/bg-headersPanel.png HTTP/1.1" 200 255
190.171.143.82 - - [02/Sep/2019:10:42:52 -0300] "GET /cormun/static/Shared/ext/resources/themes/images/default/tools/tool-sprites.gif HTTP/1.1" 200 5434
190.171.144.234 - - [02/Sep/2019:10:42:53 -0300] "GET /cormun/servlet/hhome HTTP/1.1" 200 4029
190.171.142.50 - - [02/Sep/2019:10:42:55 -0300] "POST /cormun/servlet/solicitudotadjuntos?gx-no-cache=1567434705193 HTTP/1.1" 200 26
190.171.144.234 - - [02/Sep/2019:10:42:57 -0300] "GET /cormun/servlet/trlicencias? HTTP/1.1" 200 9566
190.171.141.106 - - [02/Sep/2019:10:42:57 -0300] "GET /cormun/servlet/trsolicitudot?gx-no-cache=1567429185548 HTTP/1.1" 200 8829
190.171.141.106 - - [02/Sep/2019:10:42:58 -0300] "GET /cormun/servlet/trsolicitudot?gx-no-cache=1567429185548 HTTP/1.1" 200 8850
190.171.144.234 - - [02/Sep/2019:10:42:59 -0300] "GET /cormun/servlet/trlicencias? HTTP/1.1" 200 9564
190.171.143.82 - - [02/Sep/2019:10:42:59 -0300] "GET /cormun/servlet/trautorizarsolicitud? HTTP/1.1" 200 7452
190.171.143.82 - - [02/Sep/2019:10:42:59 -0300] "GET /cormun/static/gxui/gxui-all.css?120300 HTTP/1.1" 200 2179
190.171.143.82 - - [02/Sep/2019:10:42:59 -0300] "GET /cormun/static/calendar-system.css?85620 HTTP/1.1" 200 5572
190.171.143.82 - - [02/Sep/2019:10:42:59 -0300] "GET /cormun/static/gxcfg.js?2017111423403364 HTTP/1.1" 200 953
190.171.143.82 - - [02/Sep/2019:10:42:59 -0300] "GET /cormun/static/trautorizarsolicitud.js?201711142340425 HTTP/1.1" 200 53910
190.171.143.82 - - [02/Sep/2019:10:42:59 -0300] "GET /cormun/static/Resources/Spanish/PXTools.css?1255365 HTTP/1.1" 200 89042
190.171.143.82 - - [02/Sep/2019:10:43:00 -0300] "GET /cormun/static/Shared/ext/resources/css/ext-all.css?215870 HTTP/1.1" 200 416045
190.171.141.106 - - [02/Sep/2019:10:43:01 -0300] "POST /cormun/servlet/trsolicitudot?c2b8b5a0b4531b35e60079a1766342db,gx-no-cache=1567429185548,gx-no-cache=1567431464252 HTTP/1.1" 200 5891
190.171.143.82 - - [02/Sep/2019:10:43:01 -0300] "GET /cormun/servlet/trautorizarsolicitud? HTTP/1.1" 200 7452
190.171.141.106 - - [02/Sep/2019:10:43:05 -0300] "POST /cormun/servlet/trsolicitudot?c2b8b5a0b4531b35e60079a1766342db,gx-no-cache=1567429185548,gx-no-cache=1567431468016 HTTP/1.1" 200 5891
190.171.142.50 - - [02/Sep/2019:10:43:05 -0300] "GET /cormun/servlet/solicitudotadjuntos?5deb125586da4e88d1c3e4d60eed94a1126642ed3202df2f8a5b58a75fa4d2e7,gx-no-cache=1567434715509 HTTP/1.1" 200 30
190.171.142.50 - - [02/Sep/2019:10:43:05 -0300] "GET /cormun/servlet/solicitudotadjuntos?5deb125586da4e88d1c3e4d60eed94a1126642ed3202df2f8a5b58a75fa4d2e7,gx-no-cache=1567434715523 HTTP/1.1" 200 30
190.171.142.50 - - [02/Sep/2019:10:43:06 -0300] "POST /cormun/servlet/solicitudotadjuntos?a74c1b147dfef19da8147492f1ac3dd8,INS,2019,16024,,1, HTTP/1.1" 200 116
190.171.142.50 - - [02/Sep/2019:10:43:06 -0300] "GET /cormun/servlet/hpexe_return? HTTP/1.1" 200 1032
190.171.142.50 - - [02/Sep/2019:10:43:06 -0300] "GET /cormun/servlet/trsolicitudadjuntos?2019,16024, HTTP/1.1" 200 8740
190.171.142.50 - - [02/Sep/2019:10:43:07 -0300] "GET /cormun/servlet/trsolicitudadjuntos?2019,16024, HTTP/1.1" 200 8739
190.171.143.82 - - [02/Sep/2019:10:43:08 -0300] "POST /cormun/servlet/trautorizarsolicitud?680cf935fdfcf352f1a4a720fbd7430c,,gx-no-cache=1567431470037 HTTP/1.1" 200 4481
190.171.142.50 - - [02/Sep/2019:10:43:09 -0300] "GET /cormun/servlet/solicitudotadjuntos?INS,2019,16024,,1, HTTP/1.1" 200 6085
190.171.142.50 - - [02/Sep/2019:10:43:09 -0300] "GET /cormun/static/about:blank HTTP/1.1" 404 1011
190.171.142.50 - - [02/Sep/2019:10:43:09 -0300] "GET /cormun/servlet/solicitudotadjuntos?INS,2019,16024,,1, HTTP/1.1" 200 6078
190.171.143.82 - - [02/Sep/2019:10:43:09 -0300] "POST /cormun/servlet/trautorizarsolicitud?680cf935fdfcf352f1a4a720fbd7430c,,gx-no-cache=1567431471209 HTTP/1.1" 200 4481
190.171.142.50 - - [02/Sep/2019:10:43:09 -0300] "GET /cormun/servlet/solicitudotadjuntos?5deb125586da4e88d1c3e4d60eed94a1512f287cca63f2f753f32c18f492fe3af335fae996d9c388ec2d3dcea908e7a4,gx-no-cache=1567434719468 HTTP/1.1" 200 30
190.171.142.50 - - [02/Sep/2019:10:43:09 -0300] "POST /cormun/servlet/solicitudotadjuntos?a74c1b147dfef19da8147492f1ac3dd8,INS,2019,16024,,1,,gx-no-cache=1567434719500 HTTP/1.1" 200 3896
190.171.142.50 - - [02/Sep/2019:10:43:12 -0300] "POST /cormun/servlet/solicitudotadjuntos?gx-no-cache=1567434721941 HTTP/1.1" 200 26
190.171.141.106 - - [02/Sep/2019:10:43:12 -0300] "POST /cormun/servlet/trsolicitudot?c2b8b5a0b4531b35e60079a1766342db,gx-no-cache=1567429185548,gx-no-cache=1567431475449 HTTP/1.1" 200 4548
200.54.107.2 - - [02/Sep/2019:10:43:14 -0300] "GET /cormun/servlet/licenciaspermisos?d9894741970a4a0a6bc93244a0ed11b00083988e43f357ddc7ce352e8dfe9ba826e1427f46fd6ecf7989caf829eaf2e6,gx-no-cache=1567431479053 HTTP/1.1" 200 70
200.54.107.2 - - [02/Sep/2019:10:43:15 -0300] "POST /cormun/servlet/licenciaspermisos?68bc81a3c99d867b2ec0f4ebfde0c15b,INS,0,,,,gx-no-cache=1567431479220 HTTP/1.1" 200 4957
190.171.143.82 - - [02/Sep/2019:10:43:17 -0300] "POST /cormun/servlet/trautorizarsolicitud?680cf935fdfcf352f1a4a720fbd7430c,,gx-no-cache=1567431479141 HTTP/1.1" 200 4482
190.171.141.106 - - [02/Sep/2019:10:43:18 -0300] "POST /cormun/servlet/trsolicitudot?c2b8b5a0b4531b35e60079a1766342db,gx-no-cache=1567429185548,gx-no-cache=1567431481948 HTTP/1.1" 200 90
190.171.141.106 - - [02/Sep/2019:10:43:19 -0300] "GET /cormun/servlet/hpexe_link HTTP/1.1" 200 977
190.171.141.106 - - [02/Sep/2019:10:43:19 -0300] "GET /cormun/servlet/trautorizarsolicitud HTTP/1.1" 200 8717
190.171.141.106 - - [02/Sep/2019:10:43:19 -0300] "GET /cormun/servlet/trautorizarsolicitud HTTP/1.1" 200 8716
190.171.142.50 - - [02/Sep/2019:10:43:20 -0300] "GET /cormun/servlet/solicitudotadjuntos?5deb125586da4e88d1c3e4d60eed94a1126642ed3202df2f8a5b58a75fa4d2e7,gx-no-cache=1567434729712 HTTP/1.1" 200 30
190.171.142.50 - - [02/Sep/2019:10:43:20 -0300] "GET /cormun/servlet/solicitudotadjuntos?5deb125586da4e88d1c3e4d60eed94a1126642ed3202df2f8a5b58a75fa4d2e7,gx-no-cache=1567434729726 HTTP/1.1" 200 30
190.171.142.50 - - [02/Sep/2019:10:43:20 -0300] "POST /cormun/servlet/solicitudotadjuntos?a74c1b147dfef19da8147492f1ac3dd8,INS,2019,16024,,1, HTTP/1.1" 200 116
190.171.142.50 - - [02/Sep/2019:10:43:20 -0300] "GET /cormun/servlet/hpexe_return? HTTP/1.1" 200 1032
190.171.142.50 - - [02/Sep/2019:10:43:21 -0300] "GET /cormun/servlet/trsolicitudadjuntos?2019,16024, HTTP/1.1" 200 8952
190.171.142.50 - - [02/Sep/2019:10:43:21 -0300] "GET /cormun/servlet/trsolicitudadjuntos?2019,16024, HTTP/1.1" 200 8950
190.171.143.82 - - [02/Sep/2019:10:43:22 -0300] "POST /cormun/servlet/trautorizarsolicitud?680cf935fdfcf352f1a4a720fbd7430c,,gx-no-cache=1567431484110 HTTP/1.1" 200 4483
190.171.141.106 - - [02/Sep/2019:10:43:22 -0300] "POST /cormun/servlet/trautorizarsolicitud?c2b8b5a0b4531b35e60079a1766342db,gx-no-cache=1567431485867 HTTP/1.1" 200 4674
190.171.141.106 - - [02/Sep/2019:10:43:22 -0300] "GET /cormun/static/Shared/jqueryui/images/ui-bg_highlight-soft_100_c6c2c8_1x100.png HTTP/1.1" 404 1117
190.171.141.106 - - [02/Sep/2019:10:43:22 -0300] "GET /cormun/static/Shared/jqueryui/images/ui-bg_flat_55_fafafa_40x100.png HTTP/1.1" 404 1097
190.171.141.106 - - [02/Sep/2019:10:43:22 -0300] "GET /cormun/static/Shared/jqueryui/images/ui-icons_82798d_256x240.png HTTP/1.1" 404 1089
190.171.141.106 - - [02/Sep/2019:10:43:23 -0300] "GET /cormun/static/Shared/jqueryui/images/ui-icons_8d78a5_256x240.png HTTP/1.1" 404 1089
190.171.141.106 - - [02/Sep/2019:10:43:23 -0300] "POST /cormun/servlet/trautorizarsolicitud?c2b8b5a0b4531b35e60079a1766342db,gx-no-cache=1567431486166 HTTP/1.1" 200 4457
190.171.142.50 - - [02/Sep/2019:10:43:23 -0300] "GET /cormun/servlet/solicitudotadjuntos?INS,2019,16024,,1, HTTP/1.1" 200 6085
190.171.143.82 - - [02/Sep/2019:10:43:23 -0300] "POST /cormun/servlet/trautorizarsolicitud?680cf935fdfcf352f1a4a720fbd7430c,,gx-no-cache=1567431485040 HTTP/1.1" 200 4483
190.171.142.50 - - [02/Sep/2019:10:43:23 -0300] "GET /cormun/static/about:blank HTTP/1.1" 404 1011
190.171.142.50 - - [02/Sep/2019:10:43:23 -0300] "GET /cormun/servlet/solicitudotadjuntos?INS,2019,16024,,1, HTTP/1.1" 200 6078
190.171.142.50 - - [02/Sep/2019:10:43:24 -0300] "GET /cormun/servlet/solicitudotadjuntos?5deb125586da4e88d1c3e4d60eed94a1512f287cca63f2f753f32c18f492fe3af335fae996d9c388ec2d3dcea908e7a4,gx-no-cache=1567434733935 HTTP/1.1" 200 30
190.171.142.50 - - [02/Sep/2019:10:43:24 -0300] "POST /cormun/servlet/solicitudotadjuntos?a74c1b147dfef19da8147492f1ac3dd8,INS,2019,16024,,1,,gx-no-cache=1567434734026 HTTP/1.1" 200 3896
190.171.143.82 - - [02/Sep/2019:10:43:27 -0300] "GET /cormun/servlet/trautorizarpermisogoce? HTTP/1.1" 200 6999
190.171.142.50 - - [02/Sep/2019:10:43:27 -0300] "POST /cormun/servlet/solicitudotadjuntos?gx-no-cache=1567434737142 HTTP/1.1" 200 26
190.171.143.82 - - [02/Sep/2019:10:43:28 -0300] "GET /cormun/servlet/trautorizarpermisogoce? HTTP/1.1" 200 6998
190.171.141.90 - - [02/Sep/2019:10:43:29 -0300] "GET /cormun/servlet/trlicencias? HTTP/1.1" 200 8297
190.171.141.90 - - [02/Sep/2019:10:43:30 -0300] "GET /cormun/servlet/trlicencias? HTTP/1.1" 200 8295
190.171.143.82 - - [02/Sep/2019:10:43:33 -0300] "POST /cormun/servlet/trautorizarpermisogoce?680cf935fdfcf352f1a4a720fbd7430c,,gx-no-cache=1567431494954 HTTP/1.1" 200 5202
190.171.143.82 - - [02/Sep/2019:10:43:34 -0300] "GET /cormun//static/Resources/PXToolsGridDisplay.png HTTP/1.1" 200 362
190.171.143.82 - - [02/Sep/2019:10:43:34 -0300] "GET /cormun//static/Resources/PXTools/ActionInsert.png HTTP/1.1" 200 1482
190.171.143.82 - - [02/Sep/2019:10:43:34 -0300] "GET /cormun//static/Resources/PXToolsHeaderHelp.png HTTP/1.1" 200 4055
190.171.143.82 - - [02/Sep/2019:10:43:34 -0300] "GET /cormun//static/Resources/PXToolsHeaderFavorites.png HTTP/1.1" 200 2744
190.171.143.82 - - [02/Sep/2019:10:43:34 -0300] "GET /cormun//static/Resources/PXToolsActionDisabled.gif HTTP/1.1" 200 53
190.171.143.82 - - [02/Sep/2019:10:43:34 -0300] "GET /cormun//static/Resources/PXToolsActionPrint.png HTTP/1.1" 200 3317
190.171.142.50 - - [02/Sep/2019:10:43:35 -0300] "GET /cormun/servlet/solicitudotadjuntos?5deb125586da4e88d1c3e4d60eed94a1126642ed3202df2f8a5b58a75fa4d2e7,gx-no-cache=1567434745319 HTTP/1.1" 200 30
190.171.142.50 - - [02/Sep/2019:10:43:35 -0300] "GET /cormun/servlet/solicitudotadjuntos?5deb125586da4e88d1c3e4d60eed94a1126642ed3202df2f8a5b58a75fa4d2e7,gx-no-cache=1567434745334 HTTP/1.1" 200 30
190.171.142.50 - - [02/Sep/2019:10:43:36 -0300] "POST /cormun/servlet/solicitudotadjuntos?a74c1b147dfef19da8147492f1ac3dd8,INS,2019,16024,,1, HTTP/1.1" 200 116
190.171.142.50 - - [02/Sep/2019:10:43:36 -0300] "GET /cormun/servlet/hpexe_return? HTTP/1.1" 200 1032
190.171.142.50 - - [02/Sep/2019:10:43:36 -0300] "GET /cormun/servlet/trsolicitudadjuntos?2019,16024, HTTP/1.1" 200 9125
190.171.142.50 - - [02/Sep/2019:10:43:37 -0300] "GET /cormun/servlet/trsolicitudadjuntos?2019,16024, HTTP/1.1" 200 9123
190.171.141.106 - - [02/Sep/2019:10:43:37 -0300] "GET /cormun/servlet/trsolicitudot? HTTP/1.1" 200 7473
190.171.141.106 - - [02/Sep/2019:10:43:38 -0300] "GET /cormun/servlet/trsolicitudot? HTTP/1.1" 200 7472
186.103.159.204 - - [02/Sep/2019:10:43:38 -0300] "GET /cormun/servlet/trlicencias? HTTP/1.1" 200 7294
186.103.159.204 - - [02/Sep/2019:10:43:38 -0300] "GET /cormun/servlet/hlogin HTTP/1.1" 200 1735
186.103.159.204 - - [02/Sep/2019:10:43:38 -0300] "GET /cormun/servlet/trlicencias? HTTP/1.1" 200 7294
190.171.142.50 - - [02/Sep/2019:10:43:39 -0300] "GET /cormun/servlet/solicitudotadjuntos?INS,2019,16024,,1, HTTP/1.1" 200 6085
186.103.159.204 - - [02/Sep/2019:10:43:39 -0300] "POST /cormun/servlet/hlogin?d2192dc4169a618f7449f27f6c82967f,gx-no-cache=1567427899176 HTTP/1.1" 200 90
186.103.159.204 - - [02/Sep/2019:10:43:39 -0300] "GET /cormun/servlet/hpexe_link HTTP/1.1" 200 953
190.171.142.50 - - [02/Sep/2019:10:43:39 -0300] "GET /cormun/static/about:blank HTTP/1.1" 404 1011
190.171.142.50 - - [02/Sep/2019:10:43:39 -0300] "GET /cormun/servlet/solicitudotadjuntos?INS,2019,16024,,1, HTTP/1.1" 200 6078
186.103.159.204 - - [02/Sep/2019:10:43:39 -0300] "GET /cormun/servlet/trlicencias HTTP/1.1" 200 9857
190.171.142.50 - - [02/Sep/2019:10:43:40 -0300] "GET /cormun/servlet/solicitudotadjuntos?5deb125586da4e88d1c3e4d60eed94a1512f287cca63f2f753f32c18f492fe3af335fae996d9c388ec2d3dcea908e7a4,gx-no-cache=1567434749994 HTTP/1.1" 200 30
186.103.159.204 - - [02/Sep/2019:10:43:40 -0300] "GET /cormun/servlet/trlicencias HTTP/1.1" 200 9838
190.171.142.50 - - [02/Sep/2019:10:43:40 -0300] "POST /cormun/servlet/solicitudotadjuntos?a74c1b147dfef19da8147492f1ac3dd8,INS,2019,16024,,1,,gx-no-cache=1567434750059 HTTP/1.1" 200 3896
190.171.141.106 - - [02/Sep/2019:10:43:40 -0300] "GET /cormun/servlet/solicitudot?INS,0,0, HTTP/1.1" 200 15307
190.171.141.106 - - [02/Sep/2019:10:43:41 -0300] "GET /cormun/servlet/solicitudot?INS,0,0, HTTP/1.1" 200 15312
190.171.142.50 - - [02/Sep/2019:10:43:42 -0300] "POST /cormun/servlet/solicitudotadjuntos?gx-no-cache=1567434752552 HTTP/1.1" 200 26
190.171.141.90 - - [02/Sep/2019:10:43:48 -0300] "POST /cormun/servlet/trlicencias?19638c91134a02d4de47dcc21d5b2862,,gx-no-cache=1567427911502 HTTP/1.1" 200 5352
190.171.142.50 - - [02/Sep/2019:10:43:50 -0300] "GET /cormun/servlet/solicitudotadjuntos?5deb125586da4e88d1c3e4d60eed94a1126642ed3202df2f8a5b58a75fa4d2e7,gx-no-cache=1567434759904 HTTP/1.1" 200 30
190.171.142.50 - - [02/Sep/2019:10:43:50 -0300] "GET /cormun/servlet/solicitudotadjuntos?5deb125586da4e88d1c3e4d60eed94a1126642ed3202df2f8a5b58a75fa4d2e7,gx-no-cache=1567434759918 HTTP/1.1" 200 30
190.171.142.50 - - [02/Sep/2019:10:43:51 -0300] "POST /cormun/servlet/solicitudotadjuntos?a74c1b147dfef19da8147492f1ac3dd8,INS,2019,16024,,1, HTTP/1.1" 200 116
190.171.142.50 - - [02/Sep/2019:10:43:51 -0300] "GET /cormun/servlet/hpexe_return? HTTP/1.1" 200 1032
190.171.142.50 - - [02/Sep/2019:10:43:52 -0300] "GET /cormun/servlet/trsolicitudadjuntos?2019,16024, HTTP/1.1" 200 9328
190.171.142.50 - - [02/Sep/2019:10:43:53 -0300] "GET /cormun/servlet/trsolicitudadjuntos?2019,16024, HTTP/1.1" 200 9327
190.171.141.106 - - [02/Sep/2019:10:43:54 -0300] "POST /cormun/servlet/solicitudot?gx-no-cache=1567431517321 HTTP/1.1" 200 3483
190.171.141.106 - - [02/Sep/2019:10:43:54 -0300] "POST /cormun/servlet/solicitudot?c2b8b5a0b4531b35e60079a1766342db,INS,0,0,,gx-no-cache=1567431517554 HTTP/1.1" 200 11961
190.171.142.50 - - [02/Sep/2019:10:43:55 -0300] "GET /cormun/servlet/solicitudotadjuntos?INS,2019,16024,,1, HTTP/1.1" 200 6084
190.171.142.50 - - [02/Sep/2019:10:43:55 -0300] "GET /cormun/static/about:blank HTTP/1.1" 404 1011
190.171.142.50 - - [02/Sep/2019:10:43:55 -0300] "GET /cormun/servlet/solicitudotadjuntos?INS,2019,16024,,1, HTTP/1.1" 200 6077
190.171.142.50 - - [02/Sep/2019:10:43:55 -0300] "GET /cormun/servlet/solicitudotadjuntos?5deb125586da4e88d1c3e4d60eed94a1512f287cca63f2f753f32c18f492fe3af335fae996d9c388ec2d3dcea908e7a4,gx-no-cache=1567434765549 HTTP/1.1" 200 30
190.171.142.50 - - [02/Sep/2019:10:43:56 -0300] "POST /cormun/servlet/solicitudotadjuntos?a74c1b147dfef19da8147492f1ac3dd8,INS,2019,16024,,1,,gx-no-cache=1567434765569 HTTP/1.1" 200 3896
190.171.142.50 - - [02/Sep/2019:10:43:58 -0300] "POST /cormun/servlet/solicitudotadjuntos?gx-no-cache=1567434767557 HTTP/1.1" 200 26
190.171.141.106 - - [02/Sep/2019:10:43:58 -0300] "GET /cormun/servlet/solicitudot?5d74ef64980b00415088a18990b9ba4a89bd69a3abf972d19b73c57bfb51b9c8140ef27eca61258dd0f5296de9366fa5,gx-no-cache=1567431521427 HTTP/1.1" 200 30
190.171.142.50 - - [02/Sep/2019:10:44:05 -0300] "GET /cormun/servlet/solicitudotadjuntos?5deb125586da4e88d1c3e4d60eed94a1126642ed3202df2f8a5b58a75fa4d2e7,gx-no-cache=1567434774880 HTTP/1.1" 200 30
190.171.142.50 - - [02/Sep/2019:10:44:05 -0300] "GET /cormun/servlet/solicitudotadjuntos?5deb125586da4e88d1c3e4d60eed94a1126642ed3202df2f8a5b58a75fa4d2e7,gx-no-cache=1567434774894 HTTP/1.1" 200 30
190.171.142.50 - - [02/Sep/2019:10:44:06 -0300] "POST /cormun/servlet/solicitudotadjuntos?a74c1b147dfef19da8147492f1ac3dd8,INS,2019,16024,,1, HTTP/1.1" 200 116
190.171.142.50 - - [02/Sep/2019:10:44:06 -0300] "GET /cormun/servlet/hpexe_return? HTTP/1.1" 200 1032
190.171.142.50 - - [02/Sep/2019:10:44:07 -0300] "GET /cormun/servlet/trsolicitudadjuntos?2019,16024, HTTP/1.1" 200 9595
190.171.142.50 - - [02/Sep/2019:10:44:08 -0300] "GET /cormun/servlet/trsolicitudadjuntos?2019,16024, HTTP/1.1" 200 9594
190.171.142.50 - - [02/Sep/2019:10:44:09 -0300] "GET /cormun/servlet/solicitudotadjuntos?INS,2019,16024,,1, HTTP/1.1" 200 6084
190.171.142.50 - - [02/Sep/2019:10:44:09 -0300] "GET /cormun/static/about:blank HTTP/1.1" 404 1011
190.171.142.50 - - [02/Sep/2019:10:44:09 -0300] "GET /cormun/servlet/solicitudotadjuntos?INS,2019,16024,,1, HTTP/1.1" 200 6077
190.171.142.50 - - [02/Sep/2019:10:44:10 -0300] "GET /cormun/servlet/solicitudotadjuntos?5deb125586da4e88d1c3e4d60eed94a1512f287cca63f2f753f32c18f492fe3af335fae996d9c388ec2d3dcea908e7a4,gx-no-cache=1567434780031 HTTP/1.1" 200 30
190.171.142.50 - - [02/Sep/2019:10:44:10 -0300] "POST /cormun/servlet/solicitudotadjuntos?a74c1b147dfef19da8147492f1ac3dd8,INS,2019,16024,,1,,gx-no-cache=1567434780050 HTTP/1.1" 200 3896
190.171.143.82 - - [02/Sep/2019:10:44:11 -0300] "POST /cormun/servlet/trautorizarpermisogoce?680cf935fdfcf352f1a4a720fbd7430c,,gx-no-cache=1567431533026 HTTP/1.1" 200 5221
190.171.143.82 - - [02/Sep/2019:10:44:11 -0300] "GET /cormun/static/Shared/jqueryui/images/ui-bg_highlight-soft_100_c6c2c8_1x100.png HTTP/1.1" 404 1117
190.171.143.82 - - [02/Sep/2019:10:44:11 -0300] "GET /cormun/static/Shared/jqueryui/images/ui-icons_82798d_256x240.png HTTP/1.1" 404 1089
190.171.143.82 - - [02/Sep/2019:10:44:11 -0300] "GET /cormun/static/Shared/jqueryui/images/ui-bg_flat_55_fafafa_40x100.png HTTP/1.1" 404 1097
190.171.143.82 - - [02/Sep/2019:10:44:11 -0300] "GET /cormun/static/Shared/jqueryui/images/ui-icons_8d78a5_256x240.png HTTP/1.1" 404 1089
190.171.141.106 - - [02/Sep/2019:10:44:12 -0300] "GET /cormun/servlet/solicitudot?5d74ef64980b00415088a18990b9ba4ab2d84f252fd46348d9a021644125eb0e,gx-no-cache=1567431535171 HTTP/1.1" 200 94
190.171.141.106 - - [02/Sep/2019:10:44:12 -0300] "GET /cormun/static/Shared/jqueryui/images/ui-bg_highlight-soft_100_c6c2c8_1x100.png HTTP/1.1" 404 1117
190.171.141.106 - - [02/Sep/2019:10:44:12 -0300] "GET /cormun/static/Shared/jqueryui/images/ui-bg_flat_55_994d53_40x100.png HTTP/1.1" 404 1097
190.171.141.106 - - [02/Sep/2019:10:44:12 -0300] "GET /cormun/static/Shared/jqueryui/images/ui-icons_82798d_256x240.png HTTP/1.1" 404 1089
190.171.141.106 - - [02/Sep/2019:10:44:12 -0300] "GET /cormun/static/Shared/jqueryui/images/ui-icons_ebccce_256x240.png HTTP/1.1" 404 1089
190.171.141.106 - - [02/Sep/2019:10:44:12 -0300] "GET /cormun/servlet/prbanco?,MD,,gxPopupLevel%3D0%3B HTTP/1.1" 200 6603
190.171.142.50 - - [02/Sep/2019:10:44:13 -0300] "POST /cormun/servlet/solicitudotadjuntos?gx-no-cache=1567434783080 HTTP/1.1" 200 26
190.171.143.82 - - [02/Sep/2019:10:44:17 -0300] "POST /cormun/servlet/trautorizarpermisogoce?680cf935fdfcf352f1a4a720fbd7430c,,gx-no-cache=1567431539217 HTTP/1.1" 200 5221
190.171.142.50 - - [02/Sep/2019:10:44:21 -0300] "GET /cormun/servlet/solicitudotadjuntos?5deb125586da4e88d1c3e4d60eed94a1126642ed3202df2f8a5b58a75fa4d2e7,gx-no-cache=1567434790824 HTTP/1.1" 200 30
190.171.142.50 - - [02/Sep/2019:10:44:21 -0300] "GET /cormun/servlet/solicitudotadjuntos?5deb125586da4e88d1c3e4d60eed94a1126642ed3202df2f8a5b58a75fa4d2e7,gx-no-cache=1567434790838 HTTP/1.1" 200 30
190.171.142.50 - - [02/Sep/2019:10:44:22 -0300] "POST /cormun/servlet/solicitudotadjuntos?a74c1b147dfef19da8147492f1ac3dd8,INS,2019,16024,,1, HTTP/1.1" 200 116
190.171.142.50 - - [02/Sep/2019:10:44:22 -0300] "GET /cormun/servlet/hpexe_return? HTTP/1.1" 200 1032
190.171.142.50 - - [02/Sep/2019:10:44:23 -0300] "GET /cormun/servlet/trsolicitudadjuntos?2019,16024, HTTP/1.1" 200 9802
190.171.142.50 - - [02/Sep/2019:10:44:24 -0300] "GET /cormun/servlet/trsolicitudadjuntos?2019,16024, HTTP/1.1" 200 9796
190.171.141.106 - - [02/Sep/2019:10:44:26 -0300] "GET /cormun/servlet/solicitudot?5d74ef64980b00415088a18990b9ba4ae1f4d309ff0a1c9600a00443ce3c2b6b737d48ceda64379d9c1602d27cca212fb5641707d1e7a4fd42c5c9f505847481,gx-no-cache=1567431549944 HTTP/1.1" 200 30
190.171.141.106 - - [02/Sep/2019:10:44:26 -0300] "GET /cormun/servlet/solicitudot?5d74ef64980b00415088a18990b9ba4ae8eeb87fd05ae2980262ec1422de8820,gx-no-cache=1567431550049 HTTP/1.1" 200 53
190.171.142.50 - - [02/Sep/2019:10:44:28 -0300] "POST /cormun/servlet/trsolicitudadjuntos?a74c1b147dfef19da8147492f1ac3dd8,2019,16024,,gx-no-cache=1567434798008 HTTP/1.1" 200 90
190.171.142.50 - - [02/Sep/2019:10:44:28 -0300] "GET /cormun/servlet/hpexe_link HTTP/1.1" 200 974
190.171.142.50 - - [02/Sep/2019:10:44:28 -0300] "GET /cormun/servlet/trsolicitudot HTTP/1.1" 200 8578
190.171.142.50 - - [02/Sep/2019:10:44:28 -0300] "GET /cormun/servlet/trsolicitudot HTTP/1.1" 200 8577
190.171.142.50 - - [02/Sep/2019:10:44:38 -0300] "POST /cormun/servlet/trsolicitudot?a74c1b147dfef19da8147492f1ac3dd8,gx-no-cache=1567434808447 HTTP/1.1" 200 106
190.171.142.50 - - [02/Sep/2019:10:44:39 -0300] "GET /cormun/servlet/solicitudot?UPD,2019,16024, HTTP/1.1" 200 15616
190.171.141.106 - - [02/Sep/2019:10:44:39 -0300] "POST /cormun/servlet/solicitudot?gx-no-cache=1567431562263 HTTP/1.1" 200 255
190.171.142.50 - - [02/Sep/2019:10:44:39 -0300] "GET /cormun/servlet/solicitudot?UPD,2019,16024, HTTP/1.1" 200 15625
190.171.142.50 - - [02/Sep/2019:10:44:40 -0300] "POST /cormun/servlet/solicitudot?gx-no-cache=1567434809517 HTTP/1.1" 200 3556
190.171.142.50 - - [02/Sep/2019:10:44:40 -0300] "POST /cormun/servlet/solicitudot?a74c1b147dfef19da8147492f1ac3dd8,UPD,2019,16024,,gx-no-cache=1567434809698 HTTP/1.1" 200 11925
190.171.142.50 - - [02/Sep/2019:10:44:40 -0300] "GET /cormun/servlet/solicitudot?5deb125586da4e88d1c3e4d60eed94a1ec5e9ca25614904d2c8dd644167d4f8002cc58c33fe6a5f7b20c65b6ac538947,gx-no-cache=1567434809902 HTTP/1.1" 200 30
190.171.142.50 - - [02/Sep/2019:10:44:40 -0300] "GET /cormun/servlet/solicitudot?5deb125586da4e88d1c3e4d60eed94a1d096aeeb51f1b5f116e9309346504c7468c2dc3c6ec16ffcd370892e9c834dcc47ec6279d54e7fb2e5511b3c5de52036,gx-no-cache=1567434809930 HTTP/1.1" 200 30
190.171.142.50 - - [02/Sep/2019:10:44:40 -0300] "GET /cormun/servlet/solicitudot?5deb125586da4e88d1c3e4d60eed94a10d55b10588b05b779c129a7b44b876f6,gx-no-cache=1567434809950 HTTP/1.1" 200 29
190.171.142.50 - - [02/Sep/2019:10:44:40 -0300] "POST /cormun/servlet/solicitudot?gx-no-cache=1567434809974 HTTP/1.1" 200 240
190.171.142.50 - - [02/Sep/2019:10:44:40 -0300] "GET /cormun/servlet/solicitudot?5deb125586da4e88d1c3e4d60eed94a173ab1463e1230880a22d48dd4f693aa998c702ef4313a80b14ed1973f6353c6921d28e4833a3f795ffb64972355b2e46fcb44a1cc72f7cb601de589d9af10084b58eb984c5a75aab0bb1b6f067629bff7e174c2ddf71fa53a138c65804bae7675a3b6513f00efc6c93787a6ddf2dfa0ba22e53944b4478cd9f268cd6fd7b57982936372ff3cc5f2860d655cd81b7668a5878104ecca2dfce893e00cbc6c1810a5fadc480d395abbf264c43a11b6c6644eb65aa10d49aa055a10cea598a622cb6d7ee9c8d9dbf7edbafe195c035240d6f9472ce74052d70369c4eba34bd01793fc4aa26da1ae7f5e601c9b711c3e38064f74d37166bf29e9e83f4e46744c13088c3651d4c113fafd63b245ed65a5c5f92aec297da4dacbb38e388588b63a4526fcf38df989f9a9c15112f0240ba0d386ad533a07a3712a2c041c2e48d332abc6edd34a8a90138cc5d7f9675a9267bee06df6a80e4ba6df1a0ff54902710b188e0b37dd6b2b4b66364266c70487aaa5493,gx-no-cache=1567434810003 HTTP/1.1" 200 30
190.171.142.50 - - [02/Sep/2019:10:44:40 -0300] "POST /cormun/servlet/solicitudot?gx-no-cache=1567434810031 HTTP/1.1" 200 30
190.171.141.106 - - [02/Sep/2019:10:44:40 -0300] "GET /cormun/servlet/solicitudot?5d74ef64980b00415088a18990b9ba4aa759cf20a99611e0696285c849dbf582d154fe6d6bd9aa74a4876742e689ad5a54eec4d4f1cdb6b33dffbebc77d1b3304235c0d91f4bdb95d26887b50e887a3f14563c07e0fba8c779a2d195d51edbadae7bfed90aead0978c29371340241192baab6ffb591e81ccfd02834f7b18ec6148c06de35416bc4b026248d4c6dfd639271cf2ec0689bb3b962a8c4a299f344f3e5296f3dbeb22766694e2b44a33208155904bbbd876520bdce5a3da655f31fbcf56cfb4cf180bd774bd5b4f3994dc2d023af43383c78d5605da3e6bdcee72a9413b9b1d3a038057eb6237a5a7a266f92082b8d9f659f482f42b577868aadf0f70ec99b9102608828448a8da74cfa1ef7d4508323163c055b4bfce87966d57b07dd6fb12cf09eded8136eccec2e895a1afc5128fdd83e552fe57ecec531759184b1de258dad68659a47dd51bb268181f2c51bb74692ec6b12ff37555a33b080a5ebd44b03075828797a7171ab2999caac3d2facda24387ee62e08f5b05c5439a,gx-no-cache=1567431563634 HTTP/1.1" 200 30
190.171.142.50 - - [02/Sep/2019:10:44:40 -0300] "POST /cormun/servlet/solicitudot?gx-no-cache=1567434810063 HTTP/1.1" 200 1361
190.171.142.50 - - [02/Sep/2019:10:44:40 -0300] "POST /cormun/servlet/solicitudot?gx-no-cache=1567434810212 HTTP/1.1" 200 41
190.171.142.50 - - [02/Sep/2019:10:44:42 -0300] "GET /cormun/servlet/solicitudot?5deb125586da4e88d1c3e4d60eed94a130d2197d14f09b2fa168fc11ad672c6ad2899cbb6e7985129031c89e2485745590a76a4f6f3be37143c0e5d5989271b1421fb8e7bae10941db40e2282ed85655be085923ab92412ea48aa25cc476bae105f7f01a6484cc155e627d48fab39405,gx-no-cache=1567434811611 HTTP/1.1" 200 110
190.171.142.50 - - [02/Sep/2019:10:44:42 -0300] "POST /cormun/servlet/solicitudot?gx-no-cache=1567434811634 HTTP/1.1" 200 109
190.171.142.50 - - [02/Sep/2019:10:44:43 -0300] "GET /cormun/servlet/solicitudot?5deb125586da4e88d1c3e4d60eed94a1d25a5e6d73597f77b4cbfd691db00546334bc3b6009850934d091f9c5cceb45108fb48a23608ada431602fcb9e46fa9eaeba255d7684a2e1e21e9037ca0db3a64a5c8fdd9f568afc91c0f7f12903a091c3bed432265c75e5f231d6ea3ca90817bb9bfe0ff4868678816e1fd3cce4d37a3cb456f4948a9d2936f276b6376537a601d52282d4d975a90f1f4c077f779423a28f6b15ef58c0a710172ae23fc76f370407dbb81455af46730f1ebbd47d7df46c0da6858a743d161f5b64ad74721298,gx-no-cache=1567434812904 HTTP/1.1" 200 30
186.67.164.138 - - [02/Sep/2019:10:44:46 -0300] "POST /cormun/servlet/hlogin?e32e732582d30f61a8355b106490e258,gx-no-cache=1567431572080 HTTP/1.1" 200 90
186.67.164.138 - - [02/Sep/2019:10:44:46 -0300] "GET /cormun/servlet/hpexe_link HTTP/1.1" 200 946
186.67.164.138 - - [02/Sep/2019:10:44:46 -0300] "GET /cormun/static/gxcfg.js?20177612121792 HTTP/1.1" 200 953
186.67.164.138 - - [02/Sep/2019:10:44:46 -0300] "GET /cormun/static/hpexe_link.js?20177612121795 HTTP/1.1" 200 625
186.67.164.138 - - [02/Sep/2019:10:44:46 -0300] "GET /cormun/servlet/hhome HTTP/1.1" 200 4137
186.67.164.138 - - [02/Sep/2019:10:44:46 -0300] "GET /cormun/static/gxcfg.js?20175251212442 HTTP/1.1" 200 953
186.67.164.138 - - [02/Sep/2019:10:44:46 -0300] "GET /cormun/static/PXToolsJavascripts/pexe_windows.js HTTP/1.1" 200 15207
186.67.164.138 - - [02/Sep/2019:10:44:46 -0300] "GET /cormun/static/PXToolsJavascripts/pexe_grid.js HTTP/1.1" 200 7559
186.67.164.138 - - [02/Sep/2019:10:44:46 -0300] "GET /cormun/static/PXToolsJavascripts/pexe_griddivfix.js HTTP/1.1" 200 6644
186.67.164.138 - - [02/Sep/2019:10:44:46 -0300] "GET /cormun/static/PXToolsJavascripts/pexe_link.js HTTP/1.1" 200 5671
186.67.164.138 - - [02/Sep/2019:10:44:46 -0300] "GET /cormun/static/Resources/Spanish/PXTools.css?11423723 HTTP/1.1" 200 89042
186.67.164.138 - - [02/Sep/2019:10:44:46 -0300] "GET /cormun/static/PXToolsJavascripts/pexe_autoreload.js HTTP/1.1" 200 1762
186.67.164.138 - - [02/Sep/2019:10:44:46 -0300] "GET /cormun/static/PXToolsJavascripts/pexe_cookies.js HTTP/1.1" 200 792
186.67.164.138 - - [02/Sep/2019:10:44:46 -0300] "GET /cormun/static/PXToolsJavascripts/pexe_menudivfix.js HTTP/1.1" 200 333
186.67.164.138 - - [02/Sep/2019:10:44:46 -0300] "GET /cormun/static/PXToolsJavascripts/pexe_layers.js HTTP/1.1" 200 4114
186.67.164.138 - - [02/Sep/2019:10:44:46 -0300] "GET /cormun/static/PXToolsJavascripts/pexe_menus.js HTTP/1.1" 200 1286
186.67.164.138 - - [02/Sep/2019:10:44:46 -0300] "GET /cormun/static/PXToolsJavascripts/pexe_oav.js HTTP/1.1" 200 645
186.67.164.138 - - [02/Sep/2019:10:44:46 -0300] "GET /cormun/static/PXToolsJavascripts/pexe_oavdivfix.js HTTP/1.1" 200 639
186.67.164.138 - - [02/Sep/2019:10:44:46 -0300] "GET /cormun/static/PXToolsJavascripts/pexe_picture.js HTTP/1.1" 200 689
186.67.164.138 - - [02/Sep/2019:10:44:46 -0300] "GET /cormun/static/PXToolsJavascripts/pexe_popup.js HTTP/1.1" 200 13458
186.67.164.138 - - [02/Sep/2019:10:44:47 -0300] "GET /cormun/static/PXToolsJavascripts/pexe_scrolldiv.js HTTP/1.1" 200 4138
186.67.164.138 - - [02/Sep/2019:10:44:47 -0300] "GET /cormun/static/PXToolsJavascripts/pexe_tabdivfix.js HTTP/1.1" 200 876
186.67.164.138 - - [02/Sep/2019:10:44:47 -0300] "GET /cormun/static/PXToolsJavascripts/pexe_tabs.js HTTP/1.1" 200 3748
186.67.164.138 - - [02/Sep/2019:10:44:47 -0300] "GET /cormun/static/PXToolsJavascripts/pexe_upload.js HTTP/1.1" 200 1423
186.67.164.138 - - [02/Sep/2019:10:44:47 -0300] "GET /cormun/static/PXToolsJavascripts/PXToolsJavascriptsRender.js HTTP/1.1" 200 367
186.67.164.138 - - [02/Sep/2019:10:44:47 -0300] "GET /cormun/static/Resources/logo4.png HTTP/1.1" 200 6582
186.67.164.138 - - [02/Sep/2019:10:44:47 -0300] "GET /cormun/static/Resources/PXToolsHeaderActionsLeft.png HTTP/1.1" 200 1118
186.67.164.138 - - [02/Sep/2019:10:44:47 -0300] "GET /cormun/static/hhome.js?20175251212450 HTTP/1.1" 200 777
186.67.164.138 - - [02/Sep/2019:10:44:47 -0300] "GET /cormun/static/gxui/gxui-all.js HTTP/1.1" 200 107772
186.67.164.138 - - [02/Sep/2019:10:44:47 -0300] "GET /cormun/static/Shared/ext/locale/ext-lang-en.js HTTP/1.1" 200 10940
186.67.164.138 - - [02/Sep/2019:10:44:47 -0300] "GET /cormun/static/RunJS/RunJS.js HTTP/1.1" 200 288
186.67.164.138 - - [02/Sep/2019:10:44:47 -0300] "GET /cormun/static/hwchdr01.js?201752511465785 HTTP/1.1" 200 1183
186.67.164.138 - - [02/Sep/2019:10:44:47 -0300] "GET /cormun/static/hpexe_recentlink.js?20177611595044 HTTP/1.1" 200 2144
186.67.164.138 - - [02/Sep/2019:10:44:47 -0300] "GET /cormun/static/hpexe_scripts.js?201752511465715 HTTP/1.1" 200 1544
186.67.164.138 - - [02/Sep/2019:10:44:47 -0300] "GET /cormun/static/hpexe_messagecontroller.js?20177611595012 HTTP/1.1" 200 870
186.67.164.138 - - [02/Sep/2019:10:44:47 -0300] "GET /cormun/static/cmcontrolpreferences.js?201752511465670 HTTP/1.1" 200 1375
186.67.164.138 - - [02/Sep/2019:10:44:47 -0300] "GET /cormun/static/hpexe_messagepopupcomponent.js?20161017169425 HTTP/1.1" 200 605
186.67.164.138 - - [02/Sep/2019:10:44:47 -0300] "GET /cormun/static/hpexe_messagegenexuscomponent.js?201752511465344 HTTP/1.1" 200 587
186.67.164.138 - - [02/Sep/2019:10:44:47 -0300] "GET /cormun/static/SmoothNavMenu/resources/ddsmoothmenu.js HTTP/1.1" 200 12712
186.67.164.138 - - [02/Sep/2019:10:44:47 -0300] "GET /cormun/static/SmoothNavMenu/resources/SmoothNavMenuRender.js HTTP/1.1" 200 5951
186.67.164.138 - - [02/Sep/2019:10:44:47 -0300] "GET /cormun/static/Shared/jquery/jquery-1.4.2.min.js HTTP/1.1" 200 72174
186.67.164.138 - - [02/Sep/2019:10:44:47 -0300] "GET /cormun/static/Resources/PXToolsHeaderLogin.png HTTP/1.1" 200 4279
186.67.164.138 - - [02/Sep/2019:10:44:47 -0300] "GET /cormun/static/Shared/jqueryui/jquery-ui.min.js HTTP/1.1" 200 240427
186.67.164.138 - - [02/Sep/2019:10:44:47 -0300] "GET /cormun/static/Resources/PXToolsDataTitle.png HTTP/1.1" 200 1173
186.67.164.138 - - [02/Sep/2019:10:44:47 -0300] "GET /cormun/static/Resources/PXToolsHeaderActionsRight.png HTTP/1.1" 200 1201
186.67.164.138 - - [02/Sep/2019:10:44:47 -0300] "GET /cormun/static/Resources/PXToolsHeaderActionsBackground.png HTTP/1.1" 200 484
186.67.164.138 - - [02/Sep/2019:10:44:47 -0300] "GET /cormun/static/Resources/PXToolsFooterBackground2.png HTTP/1.1" 200 1172
186.67.164.138 - - [02/Sep/2019:10:44:47 -0300] "GET /cormun/static/Resources/PXToolsHeaderBackground2.png HTTP/1.1" 200 1174
186.67.164.138 - - [02/Sep/2019:10:44:47 -0300] "GET /cormun/static/Resources/PXToolsHeaderPreferences.png HTTP/1.1" 200 4189
186.67.164.138 - - [02/Sep/2019:10:44:47 -0300] "GET /cormun/static/Resources/PXToolsHeaderHome.png HTTP/1.1" 200 4147
186.67.164.138 - - [02/Sep/2019:10:44:47 -0300] "GET /cormun/static/Resources/PXToolsHeaderSecurity.png HTTP/1.1" 200 4166
186.67.164.138 - - [02/Sep/2019:10:44:47 -0300] "GET /cormun/static/Shared/jquery/jquery-1.10.2.min.js HTTP/1.1" 200 273199
186.67.164.138 - - [02/Sep/2019:10:44:47 -0300] "GET /cormun/static/scaMessage/scaMessageRender.js HTTP/1.1" 200 11977
