190.171.141.114 - - [23/Aug/2019:09:17:59 -0300] "GET /cormun/servlet/solicitudot?1ccfecfe00ef995e0a42763868de8b42cdc8781f7e67ecb5ba081cf067594e4c164106444820638fb2b8f843700579539a03e6b318d69673fd5306acc05567b597207d65b8c81b7174b58ac87d5fdc5ef7c4fc58aa17ae36b84b905aae4032f1691b81dd2d106b72a986894941afc739ea541729fcfb026f661c4a7855940d6f3b2494b404e2937b373018b3848c54d86f8bae770c963e5003563892b77a7f06efe0a325d6b15347d088767f6653bf2f2e87a7a850d679b32cd1fc37f653f0fca7152c46dc126ec808070a330d8d3ef7ddaa43e2ebcddb6acdfdc1296d756591e8112a75b07ca5f504362a5f4a0c02fa68b13cdbc899c9e4392b592e57422ecff75f93bbad532c131fcab9d32192cdc5ec9c8d2b6d90f9a0c96ec9b1365bdaddb0270ef510e94077d5239b16094ecec53db78bbf59715d4fe7d8c8345c2ed79f4f193eaba904db5db22eef2180379fc6a04f210daadf3393d710297d6fee2e99a8a23116ed793b1d63361b330f7c04ce7b58e8b7256c08c17ab55d6ac0119a5f,gx-no-cache=1566562364954 HTTP/1.1" 200 30
190.171.141.114 - - [23/Aug/2019:09:17:59 -0300] "POST /cormun/servlet/solicitudot?gx-no-cache=1566562365095 HTTP/1.1" 200 30
190.171.141.114 - - [23/Aug/2019:09:17:59 -0300] "POST /cormun/servlet/solicitudot?gx-no-cache=1566562365293 HTTP/1.1" 200 1362
190.171.141.114 - - [23/Aug/2019:09:18:00 -0300] "POST /cormun/servlet/solicitudot?gx-no-cache=1566562365510 HTTP/1.1" 200 38
190.171.141.114 - - [23/Aug/2019:09:18:00 -0300] "GET /cormun/servlet/solicitudot?1ccfecfe00ef995e0a42763868de8b421b71f2a9a0707a10a7248c8f3865ed22b4999cb0a767ce89c535de29675e957b3c4b1444d3377992940427d80a85f70914d6700f151b19b52dbee590945d7e170fc17591cc16dafc390ffc4834976f0673141200f6f1810c8b41f76df96171c5,gx-no-cache=1566562365664 HTTP/1.1" 200 110
190.171.141.114 - - [23/Aug/2019:09:18:14 -0300] "POST /cormun/servlet/solicitudot?gx-no-cache=1566562379983 HTTP/1.1" 200 97
190.171.141.114 - - [23/Aug/2019:09:18:24 -0300] "POST /cormun/servlet/solicitudot?gx-no-cache=1566562390290 HTTP/1.1" 200 30
190.171.141.114 - - [23/Aug/2019:09:18:29 -0300] "GET /cormun/servlet/prfichaempleado?,MD,,gxPopupLevel%3D0%3B HTTP/1.1" 200 9368
190.171.141.114 - - [23/Aug/2019:09:18:44 -0300] "POST /cormun/servlet/prfichaempleado?af1edafc1b97252b31bed6de6d79335a,,MD,,gxPopupLevel%3D0%3B,gx-no-cache=1566562409853 HTTP/1.1" 200 3481
190.171.141.114 - - [23/Aug/2019:09:18:49 -0300] "POST /cormun/servlet/solicitudot?gx-no-cache=1566562414387 HTTP/1.1" 200 1360
190.171.141.114 - - [23/Aug/2019:09:18:52 -0300] "GET /cormun/static/menuarrow.gif HTTP/1.1" 404 1015
190.171.141.114 - - [23/Aug/2019:09:19:03 -0300] "POST /cormun/servlet/solicitudot?gx-no-cache=1566562428781 HTTP/1.1" 200 41
190.171.141.114 - - [23/Aug/2019:09:19:03 -0300] "GET /cormun/servlet/solicitudot?1ccfecfe00ef995e0a42763868de8b421b71f2a9a0707a10a7248c8f3865ed22b4999cb0a767ce89c535de29675e957b3c4b1444d3377992940427d80a85f70914d6700f151b19b52dbee590945d7e170fc17591cc16dafc390ffc4834976f0673141200f6f1810c8b41f76df96171c5,gx-no-cache=1566562428952 HTTP/1.1" 200 110
190.171.141.114 - - [23/Aug/2019:09:19:03 -0300] "POST /cormun/servlet/solicitudot?gx-no-cache=1566562429149 HTTP/1.1" 200 97
190.171.141.114 - - [23/Aug/2019:09:19:04 -0300] "GET /cormun/servlet/solicitudot?1ccfecfe00ef995e0a42763868de8b42f716d5ac174811674c1f8a2f60e7354f8c337eee232bf3c787e1f26138783531fe97321adc73d2be046e8181898905a5d96ad375160f52766de1a7faffead4149ac3c53f22d5152af60d943cf2140af747319f573951679659f8209c00dd5b7a4f00945a1d1c440f288df563ea74dfab4d875c0d9a22eff1042e9d75e15cf76f8a7d970d6a3d5013e0e4140506c43c7f,gx-no-cache=1566562429326 HTTP/1.1" 200 29
190.171.141.122 - - [23/Aug/2019:09:19:05 -0300] "POST /cormun/servlet/hlogin?e1d0e6e192a3d91a4a09dde2018ac85f,gx-no-cache=1566562428325 HTTP/1.1" 200 90
190.171.141.122 - - [23/Aug/2019:09:19:06 -0300] "GET /cormun/servlet/hpexe_link HTTP/1.1" 200 951
190.171.141.122 - - [23/Aug/2019:09:19:06 -0300] "GET /cormun/servlet/trlicencias HTTP/1.1" 200 11042
190.171.141.114 - - [23/Aug/2019:09:19:07 -0300] "GET /cormun/servlet/solicitudot?1ccfecfe00ef995e0a42763868de8b421b71f2a9a0707a10a7248c8f3865ed22b4999cb0a767ce89c535de29675e957b3c4b1444d3377992940427d80a85f70914d6700f151b19b52dbee590945d7e170fc17591cc16dafc390ffc4834976f0673141200f6f1810c8b41f76df96171c5,gx-no-cache=1566562432427 HTTP/1.1" 200 110
190.171.141.122 - - [23/Aug/2019:09:19:07 -0300] "GET /cormun/servlet/trlicencias HTTP/1.1" 200 11044
190.171.141.122 - - [23/Aug/2019:09:19:09 -0300] "GET /cormun/servlet/trlicencias? HTTP/1.1" 200 11040
190.171.141.122 - - [23/Aug/2019:09:19:10 -0300] "GET /cormun/servlet/trlicencias? HTTP/1.1" 200 11040
190.171.141.122 - - [23/Aug/2019:09:19:14 -0300] "POST /cormun/servlet/trlicencias?e1d0e6e192a3d91a4a09dde2018ac85f,,gx-no-cache=1566562436391 HTTP/1.1" 200 8302
190.171.141.114 - - [23/Aug/2019:09:19:22 -0300] "POST /cormun/servlet/solicitudot?gx-no-cache=1566562448116 HTTP/1.1" 200 30
190.171.141.122 - - [23/Aug/2019:09:19:25 -0300] "POST /cormun/servlet/trlicencias?e1d0e6e192a3d91a4a09dde2018ac85f,,gx-no-cache=1566562447302 HTTP/1.1" 200 8302
190.171.141.114 - - [23/Aug/2019:09:19:26 -0300] "POST /cormun/servlet/solicitudot?gx-no-cache=1566562450845 HTTP/1.1" 200 1360
190.171.141.114 - - [23/Aug/2019:09:19:26 -0300] "POST /cormun/servlet/solicitudot?gx-no-cache=1566562451869 HTTP/1.1" 200 41
190.171.141.114 - - [23/Aug/2019:09:19:26 -0300] "GET /cormun/servlet/solicitudot?1ccfecfe00ef995e0a42763868de8b421b71f2a9a0707a10a7248c8f3865ed22b4999cb0a767ce89c535de29675e957b3c4b1444d3377992940427d80a85f70914d6700f151b19b52dbee590945d7e170fc17591cc16dafc390ffc4834976f0673141200f6f1810c8b41f76df96171c5,gx-no-cache=1566562452036 HTTP/1.1" 200 110
190.171.141.114 - - [23/Aug/2019:09:19:26 -0300] "POST /cormun/servlet/solicitudot?gx-no-cache=1566562452194 HTTP/1.1" 200 97
190.171.141.114 - - [23/Aug/2019:09:19:31 -0300] "GET /cormun/servlet/prsolicitudot?16494793,,,,,MD,,gxPopupLevel%3D0%3B HTTP/1.1" 200 7416
190.171.141.114 - - [23/Aug/2019:09:19:31 -0300] "GET /cormun/static/gxcfg.js?2017111422591492 HTTP/1.1" 200 953
190.171.141.114 - - [23/Aug/2019:09:19:31 -0300] "GET /cormun/static/prsolicitudot.js?2017111422591715 HTTP/1.1" 200 13680
190.171.141.122 - - [23/Aug/2019:09:19:34 -0300] "POST /cormun/servlet/trlicencias?e1d0e6e192a3d91a4a09dde2018ac85f,,gx-no-cache=1566562456837 HTTP/1.1" 200 8309
190.171.141.114 - - [23/Aug/2019:09:19:36 -0300] "GET /cormun/servlet/solicitudot?1ccfecfe00ef995e0a42763868de8b42b2e29592316ae1942e7885b1431f4a0917aecbc45e92c55b23791451906c2aec,gx-no-cache=1566562462025 HTTP/1.1" 200 30
190.171.141.114 - - [23/Aug/2019:09:19:38 -0300] "GET /cormun/servlet/prcontratosol?16494793,,,,,MD,,gxPopupLevel%3D0%3B HTTP/1.1" 200 9405
190.171.141.114 - - [23/Aug/2019:09:19:39 -0300] "GET /cormun/static/gxcfg.js?201761413223964 HTTP/1.1" 200 953
190.171.141.114 - - [23/Aug/2019:09:19:39 -0300] "GET /cormun/static/prcontratosol.js?201761413224174 HTTP/1.1" 200 15806
190.171.141.122 - - [23/Aug/2019:09:19:41 -0300] "GET /cormun/servlet/trlicencias? HTTP/1.1" 200 11040
190.171.141.122 - - [23/Aug/2019:09:19:42 -0300] "GET /cormun/servlet/trlicencias? HTTP/1.1" 200 11040
190.171.141.114 - - [23/Aug/2019:09:19:56 -0300] "GET /cormun/servlet/prpersonalsolicitud?16494793,,,,,MD,,gxPopupLevel%3D0%3B HTTP/1.1" 200 5704
190.171.141.114 - - [23/Aug/2019:09:19:56 -0300] "GET /cormun/static/gxcfg.js?20175251253686 HTTP/1.1" 200 953
190.171.141.114 - - [23/Aug/2019:09:19:56 -0300] "GET /cormun/static/prpersonalsolicitud.js?20175251253921 HTTP/1.1" 200 13873
190.171.141.122 - - [23/Aug/2019:09:20:00 -0300] "POST /cormun/servlet/trlicencias?e1d0e6e192a3d91a4a09dde2018ac85f,,gx-no-cache=1566562482522 HTTP/1.1" 200 8309
190.171.141.122 - - [23/Aug/2019:09:20:20 -0300] "POST /cormun/servlet/trlicencias?e1d0e6e192a3d91a4a09dde2018ac85f,,gx-no-cache=1566562502599 HTTP/1.1" 200 8300
190.171.141.114 - - [23/Aug/2019:09:20:38 -0300] "GET /cormun/servlet/prcontratosol?16494793,,,,,MD,,gxPopupLevel%3D0%3B HTTP/1.1" 200 9405
190.171.141.114 - - [23/Aug/2019:09:20:48 -0300] "POST /cormun/servlet/solicitudot?gx-no-cache=1566562533880 HTTP/1.1" 200 30
190.171.141.114 - - [23/Aug/2019:09:20:49 -0300] "POST /cormun/servlet/solicitudot?gx-no-cache=1566562534487 HTTP/1.1" 200 1360
190.171.141.114 - - [23/Aug/2019:09:20:50 -0300] "POST /cormun/servlet/solicitudot?gx-no-cache=1566562535354 HTTP/1.1" 200 41
190.171.141.114 - - [23/Aug/2019:09:20:50 -0300] "GET /cormun/servlet/solicitudot?1ccfecfe00ef995e0a42763868de8b421b71f2a9a0707a10a7248c8f3865ed22b4999cb0a767ce89c535de29675e957b3c4b1444d3377992940427d80a85f70914d6700f151b19b52dbee590945d7e170fc17591cc16dafc390ffc4834976f0673141200f6f1810c8b41f76df96171c5,gx-no-cache=1566562535526 HTTP/1.1" 200 110
190.171.141.114 - - [23/Aug/2019:09:20:50 -0300] "POST /cormun/servlet/solicitudot?gx-no-cache=1566562535679 HTTP/1.1" 200 97
190.171.141.114 - - [23/Aug/2019:09:20:50 -0300] "GET /cormun/servlet/prsolicitudot?16494793,,,,,MD,,gxPopupLevel%3D0%3B HTTP/1.1" 200 7416
190.171.141.122 - - [23/Aug/2019:09:20:52 -0300] "POST /cormun/servlet/trlicencias?e1d0e6e192a3d91a4a09dde2018ac85f,,gx-no-cache=1566562534309 HTTP/1.1" 200 8301
190.171.141.114 - - [23/Aug/2019:09:20:55 -0300] "GET /cormun/servlet/solicitudot?1ccfecfe00ef995e0a42763868de8b421b71f2a9a0707a10a7248c8f3865ed22b4999cb0a767ce89c535de29675e957b3c4b1444d3377992940427d80a85f70914d6700f151b19b52dbee590945d7e170fc17591cc16dafc390ffc4834976f0673141200f6f1810c8b41f76df96171c5,gx-no-cache=1566562540952 HTTP/1.1" 200 110
190.171.141.114 - - [23/Aug/2019:09:20:55 -0300] "GET /cormun/servlet/solicitudot?1ccfecfe00ef995e0a42763868de8b42b2e29592316ae1942e7885b1431f4a0917aecbc45e92c55b23791451906c2aec,gx-no-cache=1566562541112 HTTP/1.1" 200 30
190.171.141.122 - - [23/Aug/2019:09:21:06 -0300] "POST /cormun/servlet/trlicencias?e1d0e6e192a3d91a4a09dde2018ac85f,,gx-no-cache=1566562548308 HTTP/1.1" 200 8301
190.171.141.114 - - [23/Aug/2019:09:21:35 -0300] "POST /cormun/servlet/solicitudot?gx-no-cache=1566562580318 HTTP/1.1" 200 32
190.171.141.122 - - [23/Aug/2019:09:23:25 -0300] "POST /cormun/servlet/trlicencias?e1d0e6e192a3d91a4a09dde2018ac85f,,gx-no-cache=1566562687837 HTTP/1.1" 200 8301
190.171.141.122 - - [23/Aug/2019:09:24:06 -0300] "POST /cormun/servlet/trlicencias?e1d0e6e192a3d91a4a09dde2018ac85f,,gx-no-cache=1566562729218 HTTP/1.1" 200 8307
190.171.141.114 - - [23/Aug/2019:09:25:16 -0300] "POST /cormun/servlet/solicitudot?gx-no-cache=1566562802022 HTTP/1.1" 200 72
192.168.10.89 - - [23/Aug/2019:09:25:29 -0300] "POST /cormun/servlet/trsolicitudgral?1a11cf071f92a86d707edbb65ddc6aaa,gx-no-cache=1566561525631,gx-no-cache=1566562478849 HTTP/1.1" 200 6682
190.171.141.114 - - [23/Aug/2019:09:25:47 -0300] "GET /cormun/servlet/solicitudot?1ccfecfe00ef995e0a42763868de8b42b2e29592316ae1942e7885b1431f4a092e40133badf4aa2705f6ddff8a5e5851,gx-no-cache=1566562833122 HTTP/1.1" 200 30
190.171.141.114 - - [23/Aug/2019:09:25:47 -0300] "POST /cormun/servlet/solicitudot?gx-no-cache=1566562833286 HTTP/1.1" 200 32
190.171.141.114 - - [23/Aug/2019:09:26:14 -0300] "POST /cormun/servlet/solicitudot?af1edafc1b97252b31bed6de6d79335a,INS,0,0,,gx-no-cache=1566562859083 HTTP/1.1" 200 93
190.171.141.114 - - [23/Aug/2019:09:26:14 -0300] "GET /cormun/servlet/hpexe_return? HTTP/1.1" 200 1004
190.171.141.114 - - [23/Aug/2019:09:26:14 -0300] "GET /cormun/servlet/trsolicitudot HTTP/1.1" 200 8741
190.171.141.114 - - [23/Aug/2019:09:26:17 -0300] "GET /cormun/servlet/trsolicitudot HTTP/1.1" 200 8737
190.171.141.114 - - [23/Aug/2019:09:26:21 -0300] "GET /cormun/servlet/trsolicitudot? HTTP/1.1" 200 8737
190.171.141.114 - - [23/Aug/2019:09:26:23 -0300] "GET /cormun/servlet/trsolicitudot? HTTP/1.1" 200 8737
190.171.141.114 - - [23/Aug/2019:09:26:36 -0300] "POST /cormun/servlet/trsolicitudot?af1edafc1b97252b31bed6de6d79335a,,gx-no-cache=1566562881019 HTTP/1.1" 200 4577
190.171.141.114 - - [23/Aug/2019:09:26:36 -0300] "GET /cormun/static/Shared/jqueryui/images/ui-bg_highlight-soft_100_c6c2c8_1x100.png HTTP/1.1" 404 1117
190.171.141.114 - - [23/Aug/2019:09:26:36 -0300] "GET /cormun/static/Shared/jqueryui/images/ui-icons_82798d_256x240.png HTTP/1.1" 404 1089
190.171.141.114 - - [23/Aug/2019:09:26:36 -0300] "GET /cormun/static/Shared/jqueryui/images/ui-bg_flat_55_fafafa_40x100.png HTTP/1.1" 404 1097
190.171.141.114 - - [23/Aug/2019:09:26:36 -0300] "GET /cormun/static/Shared/jqueryui/images/ui-icons_8d78a5_256x240.png HTTP/1.1" 404 1089
190.171.141.114 - - [23/Aug/2019:09:26:37 -0300] "POST /cormun/servlet/trsolicitudot?af1edafc1b97252b31bed6de6d79335a,,gx-no-cache=1566562882299 HTTP/1.1" 200 4311
190.171.141.114 - - [23/Aug/2019:09:26:44 -0300] "GET /cormun/servlet/hlogin HTTP/1.1" 200 1718
190.171.141.114 - - [23/Aug/2019:09:26:54 -0300] "POST /cormun/servlet/hlogin?af1edafc1b97252b31bed6de6d79335a,gx-no-cache=1566562900091 HTTP/1.1" 200 90
190.171.141.114 - - [23/Aug/2019:09:26:54 -0300] "GET /cormun/servlet/hpexe_link HTTP/1.1" 200 947
190.171.141.114 - - [23/Aug/2019:09:26:54 -0300] "GET /cormun/servlet/hhome HTTP/1.1" 200 4306
190.171.141.114 - - [23/Aug/2019:09:26:56 -0300] "GET /cormun/servlet/hhome HTTP/1.1" 200 4301
190.171.141.114 - - [23/Aug/2019:09:27:22 -0300] "GET /cormun/servlet/trautorizarsolicitud? HTTP/1.1" 200 8869
190.171.141.114 - - [23/Aug/2019:09:27:22 -0300] "GET /cormun/servlet/trautorizarsolicitud? HTTP/1.1" 200 8869
190.171.141.114 - - [23/Aug/2019:09:27:24 -0300] "GET /cormun/servlet/trautorizarsolicitud? HTTP/1.1" 200 8868
190.171.141.114 - - [23/Aug/2019:09:27:28 -0300] "POST /cormun/servlet/trautorizarsolicitud?af1edafc1b97252b31bed6de6d79335a,,gx-no-cache=1566562933363 HTTP/1.1" 200 5920
192.168.10.89 - - [23/Aug/2019:09:27:29 -0300] "GET /cormun/servlet/vesolicitudgral?2019,15972,, HTTP/1.1" 200 8466
192.168.10.89 - - [23/Aug/2019:09:27:29 -0300] "GET /cormun/pexe_scrolldiv.js HTTP/1.1" 404 1009
178.216.26.187 - - [23/Aug/2019:09:27:44 -0300] "GET / HTTP/1.1" 200 11217
186.103.159.188 - - [23/Aug/2019:09:27:47 -0300] "GET /cormun/servlet/hlogin HTTP/1.1" 200 1716
190.171.141.114 - - [23/Aug/2019:09:27:49 -0300] "POST /cormun/servlet/trautorizarsolicitud?af1edafc1b97252b31bed6de6d79335a,,gx-no-cache=1566562954792 HTTP/1.1" 200 4722
190.171.141.114 - - [23/Aug/2019:09:27:49 -0300] "GET /cormun/static/Shared/jqueryui/images/ui-bg_highlight-soft_100_c6c2c8_1x100.png HTTP/1.1" 404 1117
190.171.141.114 - - [23/Aug/2019:09:27:49 -0300] "GET /cormun/static/Shared/jqueryui/images/ui-icons_82798d_256x240.png HTTP/1.1" 404 1089
190.171.141.114 - - [23/Aug/2019:09:27:49 -0300] "GET /cormun/static/Shared/jqueryui/images/ui-bg_flat_55_fafafa_40x100.png HTTP/1.1" 404 1097
190.171.141.114 - - [23/Aug/2019:09:27:49 -0300] "GET /cormun/static/Shared/jqueryui/images/ui-icons_8d78a5_256x240.png HTTP/1.1" 404 1089
190.171.141.114 - - [23/Aug/2019:09:27:51 -0300] "POST /cormun/servlet/trautorizarsolicitud?af1edafc1b97252b31bed6de6d79335a,,gx-no-cache=1566562955346 HTTP/1.1" 200 4455
186.103.159.188 - - [23/Aug/2019:09:27:58 -0300] "POST /cormun/servlet/hlogin?d6e78a2e82879a927152b1b675981b88,gx-no-cache=1566562963854 HTTP/1.1" 200 90
186.103.159.188 - - [23/Aug/2019:09:27:58 -0300] "GET /cormun/servlet/hpexe_link HTTP/1.1" 200 948
186.103.159.188 - - [23/Aug/2019:09:27:58 -0300] "GET /cormun/servlet/hhome HTTP/1.1" 200 4237
186.103.159.188 - - [23/Aug/2019:09:27:59 -0300] "GET /cormun/servlet/hhome HTTP/1.1" 200 4235
186.103.159.188 - - [23/Aug/2019:09:28:09 -0300] "GET /cormun/servlet/trsolicitudot? HTTP/1.1" 200 8840
186.103.159.188 - - [23/Aug/2019:09:28:10 -0300] "GET /cormun/servlet/trsolicitudot? HTTP/1.1" 200 8839
186.103.159.188 - - [23/Aug/2019:09:28:14 -0300] "GET /cormun/servlet/solicitudot?INS,0,0, HTTP/1.1" 200 15292
192.168.10.89 - - [23/Aug/2019:09:28:14 -0300] "POST /cormun/servlet/vesolicitudgral?1a11cf071f92a86d707edbb65ddc6aaa,2019,15972,,,gx-no-cache=1566562643762 HTTP/1.1" 200 90
192.168.10.89 - - [23/Aug/2019:09:28:14 -0300] "GET /cormun/servlet/hpexe_link HTTP/1.1" 200 981
192.168.10.89 - - [23/Aug/2019:09:28:15 -0300] "GET /cormun/servlet/trsolicitudgral?gx-no-cache=1566561525631 HTTP/1.1" 200 9813
186.103.159.188 - - [23/Aug/2019:09:28:15 -0300] "GET /cormun/servlet/solicitudot?INS,0,0, HTTP/1.1" 200 15297
192.168.10.89 - - [23/Aug/2019:09:28:17 -0300] "GET /cormun/servlet/solicitudgral3?UPD,2019,15972, HTTP/1.1" 200 13346
192.168.10.89 - - [23/Aug/2019:09:28:18 -0300] "POST /cormun/servlet/solicitudgral3?gx-no-cache=1566562648098 HTTP/1.1" 200 4216
192.168.10.89 - - [23/Aug/2019:09:28:19 -0300] "GET /cormun/servlet/solicitudgral3?bdaff2fc16b30f71e78b8c302b8bbf3249e74faf5be15e0c5fc4824e888d49672183c92a335da252ca9e0a185cbff12d53ca12a1f62dcdeb1e7d7fb60abcb910896c63d20565ac175be9052a726585a99f8e8f3a6e85669c69ff039c9351a0d9c1ccad9e99b618716f4be94f3dc4bfce6c89fd387679782e8c641ab649cb5f31269845c898d4a428326372f6e04c09ba58c0556e2e61475cd00736a265deeffc22f5263b7d21bbd11505d9d4615b151596d23d218bf38f343d18044caf83a431be70d27744c6c34fcd850a593777efcee56bf2e57693a914ea5aa52733acb9218dc81b4aeabd11e810183ae5e35a3c219a4075500b4aaf69557f0f93d7a0d0a00e69d65108442d846d9c57b76fae00e60dfe91665a54afc8655b15eab0538c7f56208a35c5af9acb20666d19045b306c2c44b37b60b6e2f88d10649abc92183d2981a45d2c9a12238b2d9d2c108ad499,gx-no-cache=1566562648314 HTTP/1.1" 200 240
192.168.10.89 - - [23/Aug/2019:09:28:19 -0300] "GET /cormun/servlet/solicitudgral3?bdaff2fc16b30f71e78b8c302b8bbf327998a5986bff8d3c6b3f375f5a4cb7fb46f164173e0bc78d979a55dc984e5e82c6084028531511e66cd61fe7e3c1e3e1d271cbb596b9cfe3c143d66f8774ee7330f3e4ee83114a7494383e28d4172b64,gx-no-cache=1566562648335 HTTP/1.1" 200 42
192.168.10.89 - - [23/Aug/2019:09:28:19 -0300] "GET /cormun/servlet/solicitudgral3?bdaff2fc16b30f71e78b8c302b8bbf321562d7db6590c1cbf38d755f3dc285300ada7f27c339b0d79b3f799791d79b25ec0cf90b4ccb60779f072f42ad7938c917d2f35dcf9e4cffa5973c539c00fb28b93621d527beec6edb9ae93fd07152dfce5c3bca3f3a9a370a2b3bf11624d6bf0bf5c8f7fc5a651bd08b355060f8e30d,gx-no-cache=1566562648409 HTTP/1.1" 200 41
192.168.10.89 - - [23/Aug/2019:09:28:19 -0300] "GET /cormun/servlet/solicitudgral3?bdaff2fc16b30f71e78b8c302b8bbf320fcc0f8a90f5d53670b0f7714dac4d1a6ddbbaf5b63657ee78a92c1a4c6db18b53ca12a1f62dcdeb1e7d7fb60abcb910a8927d51d9f182ed0a7b4ffe6085c861724139d45d6b4c980a89854fcb143f92,gx-no-cache=1566562649043 HTTP/1.1" 200 30
192.168.10.89 - - [23/Aug/2019:09:28:20 -0300] "POST /cormun/servlet/solicitudgral3?gx-no-cache=1566562649761 HTTP/1.1" 200 109
192.168.10.89 - - [23/Aug/2019:09:28:21 -0300] "POST /cormun/servlet/solicitudgral3?1a11cf071f92a86d707edbb65ddc6aaa,UPD,2019,15972,,gx-no-cache=1566562650626 HTTP/1.1" 200 11963
192.168.10.89 - - [23/Aug/2019:09:28:24 -0300] "POST /cormun/servlet/solicitudgral3?1a11cf071f92a86d707edbb65ddc6aaa,UPD,2019,15972,,gx-no-cache=1566562654110 HTTP/1.1" 200 12019
186.103.159.188 - - [23/Aug/2019:09:28:25 -0300] "POST /cormun/servlet/solicitudot?gx-no-cache=1566562991546 HTTP/1.1" 200 3604
186.103.159.188 - - [23/Aug/2019:09:28:26 -0300] "POST /cormun/servlet/solicitudot?d6e78a2e82879a927152b1b675981b88,INS,0,0,,gx-no-cache=1566562991821 HTTP/1.1" 200 12069
192.168.10.89 - - [23/Aug/2019:09:28:26 -0300] "GET /cormun/servlet/solicitudgral3?bdaff2fc16b30f71e78b8c302b8bbf32480ae8a93d2af44f1b89c16b97998560c885270ec313e932c0bf4e95f74be65b9f4b4416c3e691c095bc3be1a505daaf246bef5a1614d09b2f27bcc6f8a25d47a9400b725c65e0724cb6649723c4bddb30ccf317c4258dc857f13a322d1d427b81964ccc4de8ddf6de7e0e080f70166dedaeb138e96807c1cbc1e2a44ca7555a3ad76f21e1486091364400fe3a5954b8,gx-no-cache=1566562655843 HTTP/1.1" 200 30
192.168.10.89 - - [23/Aug/2019:09:28:27 -0300] "GET /cormun/servlet/solicitudgral3?bdaff2fc16b30f71e78b8c302b8bbf32f4e0a07ec1a05c25e553f48db889b9c16327f8023bb8b1d45607e9479d63a11271f53c936b2b6325d352df71812d76bb53ca12a1f62dcdeb1e7d7fb60abcb91029df3cbdbe6951c299d4b76dd2a69c5fbf6e0b85f0252aed75cea88def005ffa44cd216ffcfd0e2cf66d1fbbc2255c16dc5b5c21dba9daf744c2b7973af83d93,gx-no-cache=1566562657257 HTTP/1.1" 200 30
186.103.159.188 - - [23/Aug/2019:09:28:30 -0300] "GET /cormun/servlet/solicitudot?f2bee5f1284017416e665fe45a6874fe9d0e179c5d7c585ac349e7cbd716d7161b5444bdd1b4f527eebc134a08faca5e,gx-no-cache=1566562995924 HTTP/1.1" 200 30
186.103.159.188 - - [23/Aug/2019:09:28:30 -0300] "GET /cormun/servlet/solicitudot?f2bee5f1284017416e665fe45a6874fe3c9520ff2db382f26caa1e9ba449024daf3c5b29f15405582ebbdf74e5c6890137a5e9a02f9aff556dfa45e1201efae0,gx-no-cache=1566562996007 HTTP/1.1" 200 30
186.103.159.188 - - [23/Aug/2019:09:28:30 -0300] "GET /cormun/servlet/solicitudot?f2bee5f1284017416e665fe45a6874fe0b0d51cc090518c415c64efe7d922783,gx-no-cache=1566562996124 HTTP/1.1" 200 53
186.103.159.188 - - [23/Aug/2019:09:28:30 -0300] "POST /cormun/servlet/solicitudot?gx-no-cache=1566562996218 HTTP/1.1" 200 256
186.103.159.188 - - [23/Aug/2019:09:28:30 -0300] "GET /cormun/servlet/solicitudot?f2bee5f1284017416e665fe45a6874fe3b9d046a9ac55495761cdd686e0363676a8fa0207b67cd217f669e674897f7f0258a4665fa46020339c50c3b7b75c6125270ab886a1f68d10430c44f039128e3a1d74657ced4d6f9f68b448f23abbf98116f4eea5325cf74a609c55eadcd588d2fa7991cd6c33ca272ea25f4b7e2936ae1ee93fdec30a758f62daf1163bbf30f38ee369c4b2bd34c0afc7e377eba130400471f5e93a96f2996d51d11c19fdc6c449ff15eed5ca6f6fda153d42dcb922333417206fd4857f1a61be27aa7dea35cc1dd7f8e0abd8ae94e8c008f308e55229cc9d940a0b906040ff53e4821f2c5397fd0752eab08e6939c48658cf6e784d03de6267a57ff3ca7f231a7a85a8f5bd9e7927a3aff1677df5ed0e673de49f43b30767e05073ae37b58283a2081d57783b3e62e9e65f88e41cff39a0a3f405baa93f2de403f9337eb012453dabf64893849db2f0cdfa63863b538cac92744292b144d3db87bd9b29deaeee0788f6f8601cbf3facf7b4885f690880c34162d44f0,gx-no-cache=1566562996316 HTTP/1.1" 200 30
186.103.159.188 - - [23/Aug/2019:09:28:33 -0300] "POST /cormun/servlet/solicitudot?gx-no-cache=1566562999318 HTTP/1.1" 200 30
186.103.159.188 - - [23/Aug/2019:09:28:37 -0300] "GET /cormun/servlet/prcontratosol?12516634,,,,,MD,,gxPopupLevel%3D0%3B HTTP/1.1" 200 9221
186.103.159.188 - - [23/Aug/2019:09:28:37 -0300] "GET /cormun/static/gxcfg.js?201761413223964 HTTP/1.1" 304 -
192.168.10.89 - - [23/Aug/2019:09:28:54 -0300] "POST /cormun/servlet/solicitudgral3?1a11cf071f92a86d707edbb65ddc6aaa,UPD,2019,15972,,gx-no-cache=1566562684095 HTTP/1.1" 200 93
192.168.10.89 - - [23/Aug/2019:09:28:55 -0300] "GET /cormun/servlet/hpexe_return? HTTP/1.1" 200 1030
192.168.10.89 - - [23/Aug/2019:09:28:55 -0300] "GET /cormun/servlet/trsolicitudgral?gx-no-cache=1566561525631 HTTP/1.1" 200 9813
66.249.83.29 - - [23/Aug/2019:09:29:43 -0300] "GET /cormun/servlet/hlogin HTTP/1.1" 200 1721
66.249.83.27 - - [23/Aug/2019:09:29:44 -0300] "GET /cormun/servlet/hlogin?_escaped_fragment_= HTTP/1.1" 200 1724
66.249.83.25 - - [23/Aug/2019:09:29:44 -0300] "GET /favicon.ico HTTP/1.1" 200 21630
190.171.141.82 - - [23/Aug/2019:09:29:59 -0300] "GET /cormun/servlet/hlogin HTTP/1.1" 200 1728
190.171.141.82 - - [23/Aug/2019:09:30:00 -0300] "GET /cormun/servlet/hlogin HTTP/1.1" 200 1733
190.171.141.82 - - [23/Aug/2019:09:30:14 -0300] "POST /cormun/servlet/hlogin?d4875c6fb3651dbd5f8d3c271c63011d,gx-no-cache=1566563095507 HTTP/1.1" 200 90
190.171.141.82 - - [23/Aug/2019:09:30:14 -0300] "GET /cormun/servlet/hpexe_link HTTP/1.1" 200 953
190.171.141.82 - - [23/Aug/2019:09:30:14 -0300] "GET /cormun/servlet/hhome HTTP/1.1" 200 4347
190.171.141.82 - - [23/Aug/2019:09:30:16 -0300] "GET /cormun/servlet/hhome HTTP/1.1" 200 4343
190.171.141.82 - - [23/Aug/2019:09:30:29 -0300] "GET /cormun/servlet/trlicencias? HTTP/1.1" 200 12615
190.171.141.82 - - [23/Aug/2019:09:30:31 -0300] "GET /cormun/servlet/trlicencias? HTTP/1.1" 200 12613
190.171.141.82 - - [23/Aug/2019:09:30:35 -0300] "POST /cormun/servlet/trlicencias?d4875c6fb3651dbd5f8d3c271c63011d,,gx-no-cache=1566563116883 HTTP/1.1" 200 9953
186.103.159.188 - - [23/Aug/2019:09:31:00 -0300] "POST /cormun/servlet/solicitudot?gx-no-cache=1566563146524 HTTP/1.1" 200 1442
186.103.159.188 - - [23/Aug/2019:09:31:01 -0300] "GET /cormun/static/Shared/jqueryui/images/ui-bg_highlight-soft_100_c6c2c8_1x100.png HTTP/1.1" 404 1117
186.103.159.188 - - [23/Aug/2019:09:31:01 -0300] "GET /cormun/static/Shared/jqueryui/images/ui-icons_ebccce_256x240.png HTTP/1.1" 404 1089
186.103.159.188 - - [23/Aug/2019:09:31:01 -0300] "GET /cormun/static/Shared/jqueryui/images/ui-bg_flat_55_994d53_40x100.png HTTP/1.1" 404 1097
186.103.159.188 - - [23/Aug/2019:09:31:01 -0300] "GET /cormun/static/Shared/jqueryui/images/ui-icons_82798d_256x240.png HTTP/1.1" 404 1089
186.103.159.188 - - [23/Aug/2019:09:31:01 -0300] "POST /cormun/servlet/solicitudot?gx-no-cache=1566563146989 HTTP/1.1" 200 117
186.103.159.188 - - [23/Aug/2019:09:31:01 -0300] "GET /cormun/servlet/solicitudot?f2bee5f1284017416e665fe45a6874fe5e8a3cb2084753dd8585ca9ddfb23c94173432c14dfa9d035e7db778628ec39c88f842816aa6f88bd019fc69150290f98ecda82c7995cdfe1d983ce962e3c11d1d5fd5e8196acfe43f0946952998dcc033d8ab0d479f5a828b54c8c0a540ca62,gx-no-cache=1566563147072 HTTP/1.1" 200 110
186.103.159.188 - - [23/Aug/2019:09:31:01 -0300] "POST /cormun/servlet/solicitudot?gx-no-cache=1566563147216 HTTP/1.1" 200 64
186.103.159.188 - - [23/Aug/2019:09:31:01 -0300] "GET /cormun/servlet/solicitudot?f2bee5f1284017416e665fe45a6874fe6f0b727a4975b91a1d20868d417780bf073ad4a87f090c6a65b035488d75f428d7f561452bd2393613f36607249f66a2abc51cccf1f91c921c8030da4717e0d995a06264203d213596d5a85cfba93432d41c9e2ef960bdd13ad9df43e8aa9bd2,gx-no-cache=1566563147317 HTTP/1.1" 200 29
186.103.159.188 - - [23/Aug/2019:09:31:01 -0300] "GET /cormun/servlet/solicitudot?f2bee5f1284017416e665fe45a6874fe697738ae7efc133b05307977601f355ef9c4099af721907b222141cbb1aee121,gx-no-cache=1566563147409 HTTP/1.1" 200 30
186.103.159.188 - - [23/Aug/2019:09:31:01 -0300] "POST /cormun/servlet/solicitudot?gx-no-cache=1566563147630 HTTP/1.1" 200 257
186.103.159.188 - - [23/Aug/2019:09:31:02 -0300] "GET /cormun/servlet/solicitudot?f2bee5f1284017416e665fe45a6874fe3b9d046a9ac55495761cdd686e0363676a8fa0207b67cd217f669e674897f7f0258a4665fa46020339c50c3b7b75c6125270ab886a1f68d10430c44f039128e3a1d74657ced4d6f9f68b448f23abbf98116f4eea5325cf74a609c55eadcd588d2fa7991cd6c33ca272ea25f4b7e2936ae1ee93fdec30a758f62daf1163bbf30f38ee369c4b2bd34c0afc7e377eba130400471f5e93a96f2996d51d11c19fdc6c449ff15eed5ca6f6fda153d42dcb922333417206fd4857f1a61be27aa7dea35cc1dd7f8e0abd8ae94e8c008f308e55229cc9d940a0b906040ff53e4821f2c5397fd0752eab08e6939c48658cf6e784d03de6267a57ff3ca7f231a7a85a8f5bd9e7927a3aff1677df5ed0e673de49f43b30767e05073ae37b58283a2081d57783b3e62e9e65f88e41cff39a0a3f405baa93f2de403f9337eb012453dabf64893849db2f0cdfa63863b538cac92744292b144d3db87bd9b29deaeee0788f6f86010411265bb6a3595661d344818e392e29,gx-no-cache=1566563147747 HTTP/1.1" 200 30
186.103.159.188 - - [23/Aug/2019:09:31:02 -0300] "POST /cormun/servlet/solicitudot?gx-no-cache=1566563147836 HTTP/1.1" 200 30
186.103.159.188 - - [23/Aug/2019:09:31:02 -0300] "POST /cormun/servlet/solicitudot?gx-no-cache=1566563147996 HTTP/1.1" 200 1442
186.103.159.188 - - [23/Aug/2019:09:31:02 -0300] "POST /cormun/servlet/solicitudot?gx-no-cache=1566563148124 HTTP/1.1" 200 121
186.103.159.188 - - [23/Aug/2019:09:31:02 -0300] "GET /cormun/servlet/solicitudot?f2bee5f1284017416e665fe45a6874fe5e8a3cb2084753dd8585ca9ddfb23c94173432c14dfa9d035e7db778628ec39c88f842816aa6f88bd019fc69150290f98ecda82c7995cdfe1d983ce962e3c11d1d5fd5e8196acfe43f0946952998dcc033d8ab0d479f5a828b54c8c0a540ca62,gx-no-cache=1566563148222 HTTP/1.1" 200 110
192.168.10.89 - - [23/Aug/2019:09:32:06 -0300] "POST /cormun/servlet/trsolicitudgral?1a11cf071f92a86d707edbb65ddc6aaa,gx-no-cache=1566561525631,gx-no-cache=1566562875205 HTTP/1.1" 200 5496
192.168.10.89 - - [23/Aug/2019:09:32:06 -0300] "GET /cormun/static/Shared/jqueryui/images/ui-bg_highlight-soft_100_c6c2c8_1x100.png HTTP/1.1" 404 1117
192.168.10.89 - - [23/Aug/2019:09:32:06 -0300] "GET /cormun/static/Shared/jqueryui/images/ui-icons_82798d_256x240.png HTTP/1.1" 404 1089
192.168.10.89 - - [23/Aug/2019:09:32:06 -0300] "GET /cormun/static/Shared/jqueryui/images/ui-bg_flat_55_fafafa_40x100.png HTTP/1.1" 404 1097
192.168.10.89 - - [23/Aug/2019:09:32:06 -0300] "GET /cormun/static/Shared/jqueryui/images/ui-icons_8d78a5_256x240.png HTTP/1.1" 404 1089
192.168.10.89 - - [23/Aug/2019:09:32:23 -0300] "POST /cormun/servlet/trsolicitudgral?1a11cf071f92a86d707edbb65ddc6aaa,gx-no-cache=1566561525631,gx-no-cache=1566562893086 HTTP/1.1" 200 6682
186.103.159.188 - - [23/Aug/2019:09:32:29 -0300] "POST /cormun/servlet/solicitudot?gx-no-cache=1566563235230 HTTP/1.1" 200 1362
186.103.159.188 - - [23/Aug/2019:09:32:29 -0300] "GET /cormun/static/menuarrow.gif HTTP/1.1" 404 1015
186.103.159.188 - - [23/Aug/2019:09:32:33 -0300] "GET /cormun/servlet/prlicenciaspermisos?15122782,L,,MD,,gxPopupLevel%3D0%3B HTTP/1.1" 200 6891
186.103.159.188 - - [23/Aug/2019:09:32:33 -0300] "GET /cormun/static/gxcfg.js?20176272053834 HTTP/1.1" 304 -
186.103.159.188 - - [23/Aug/2019:09:32:43 -0300] "POST /cormun/servlet/solicitudot?gx-no-cache=1566563248908 HTTP/1.1" 200 257
186.103.159.188 - - [23/Aug/2019:09:32:43 -0300] "GET /cormun/servlet/solicitudot?f2bee5f1284017416e665fe45a6874fe3b9d046a9ac55495761cdd686e0363676a8fa0207b67cd217f669e674897f7f0258a4665fa46020339c50c3b7b75c6125270ab886a1f68d10430c44f039128e3a1d74657ced4d6f9f68b448f23abbf98116f4eea5325cf74a609c55eadcd588d2fa7991cd6c33ca272ea25f4b7e2936ae1ee93fdec30a758f62daf1163bbf30f38ee369c4b2bd34c0afc7e377eba130400471f5e93a96f2996d51d11c19fdc6c449ff15eed5ca6f6fda153d42dcb922333417206fd4857f1a61be27aa7dea35cc1dd7f8e0abd8ae94e8c008f308e55229cc9d940a0b906040ff53e4821f2c5397fd0752eab08e6939c48658cf6e784d03de6267a57ff3ca7f231a7a85a8f5bd9e7927a3aff1677df5ed0e673de49f43b30767e05073ae37b58283a2081d57783b3e62e9e65f88e41cff39a0a3f405baa93f2de403f9337eb012453dabf64893849db2f0cdfa63863b538cac92744292b144d3db87bd9b29deaeee0788f6f86010411265bb6a3595661d344818e392e29,gx-no-cache=1566563249034 HTTP/1.1" 200 30
186.103.159.188 - - [23/Aug/2019:09:32:43 -0300] "POST /cormun/servlet/solicitudot?gx-no-cache=1566563249418 HTTP/1.1" 200 30
186.103.159.188 - - [23/Aug/2019:09:32:43 -0300] "POST /cormun/servlet/solicitudot?gx-no-cache=1566563249504 HTTP/1.1" 200 1362
186.103.159.188 - - [23/Aug/2019:09:33:05 -0300] "POST /cormun/servlet/solicitudot?gx-no-cache=1566563271529 HTTP/1.1" 200 41
186.103.159.188 - - [23/Aug/2019:09:33:05 -0300] "GET /cormun/servlet/solicitudot?f2bee5f1284017416e665fe45a6874fe5e8a3cb2084753dd8585ca9ddfb23c94173432c14dfa9d035e7db778628ec39c88f842816aa6f88bd019fc69150290f98ecda82c7995cdfe1d983ce962e3c11d1d5fd5e8196acfe43f0946952998dcc033d8ab0d479f5a828b54c8c0a540ca62,gx-no-cache=1566563271659 HTTP/1.1" 200 110
186.103.159.188 - - [23/Aug/2019:09:33:06 -0300] "POST /cormun/servlet/solicitudot?gx-no-cache=1566563271693 HTTP/1.1" 200 72
186.103.159.188 - - [23/Aug/2019:09:33:47 -0300] "GET /cormun/servlet/solicitudot?f2bee5f1284017416e665fe45a6874fe697738ae7efc133b05307977601f355e59dc53bd2cfcc686c8fdf87911c3ac7f,gx-no-cache=1566563313459 HTTP/1.1" 200 30
186.103.159.188 - - [23/Aug/2019:09:34:04 -0300] "POST /cormun/servlet/solicitudot?gx-no-cache=1566563330301 HTTP/1.1" 200 32
190.171.153.26 - - [23/Aug/2019:09:34:11 -0300] "GET /cormun/servlet/hlogin HTTP/1.1" 200 1716
190.171.153.26 - - [23/Aug/2019:09:34:11 -0300] "GET /cormun/static/Resources/Spanish/PXTools.css?1155365 HTTP/1.1" 200 89042
190.171.153.26 - - [23/Aug/2019:09:34:11 -0300] "GET /cormun/static/gxtimezone.js?85251 HTTP/1.1" 200 5781
190.171.153.26 - - [23/Aug/2019:09:34:11 -0300] "GET /cormun/static/gxcfg.js?20177612122725 HTTP/1.1" 200 953
190.171.153.26 - - [23/Aug/2019:09:34:11 -0300] "GET /cormun/static/hlogin.js?20177612122738 HTTP/1.1" 200 2136
190.171.153.26 - - [23/Aug/2019:09:34:11 -0300] "GET /cormun/static/messages.spa.js?85251 HTTP/1.1" 200 30736
190.171.153.26 - - [23/Aug/2019:09:34:11 -0300] "GET /cormun/static/gxgral.js?85251 HTTP/1.1" 200 384558
190.171.153.26 - - [23/Aug/2019:09:34:11 -0300] "GET /cormun/static/Resources/ComunLogin.png HTTP/1.1" 200 17326
190.171.153.26 - - [23/Aug/2019:09:34:11 -0300] "GET /cormun/static/Resources/PXToolsLoginTop.png HTTP/1.1" 200 1337
190.171.153.26 - - [23/Aug/2019:09:34:11 -0300] "GET /cormun/static/Resources/PXToolsButtonBackground2.png HTTP/1.1" 200 1181
190.171.153.26 - - [23/Aug/2019:09:34:11 -0300] "GET /cormun/static/Resources/PXToolsLoginBackground.png HTTP/1.1" 200 1164
190.171.153.26 - - [23/Aug/2019:09:34:11 -0300] "GET /cormun/static/Resources/PXToolsButtonRight21.png HTTP/1.1" 200 1283
190.171.153.26 - - [23/Aug/2019:09:34:11 -0300] "GET /cormun/static/Resources/PXToolsButtonLeft21.png HTTP/1.1" 200 1287
190.171.153.26 - - [23/Aug/2019:09:34:11 -0300] "GET /cormun/static/Resources/indicator.gif HTTP/1.1" 200 1553
190.171.153.26 - - [23/Aug/2019:09:34:11 -0300] "GET /cormun/servlet/hlogin HTTP/1.1" 200 1725
190.171.153.26 - - [23/Aug/2019:09:34:11 -0300] "GET /cormun/static/Resources/ComunLogin.png HTTP/1.1" 200 17326
190.171.153.26 - - [23/Aug/2019:09:34:11 -0300] "GET /cormun/static/Resources/PXToolsLoginTop.png HTTP/1.1" 200 1337
190.171.153.26 - - [23/Aug/2019:09:34:11 -0300] "GET /cormun/static/Resources/PXToolsButtonLeft21.png HTTP/1.1" 200 1287
190.171.153.26 - - [23/Aug/2019:09:34:11 -0300] "GET /cormun/static/Resources/PXToolsButtonRight21.png HTTP/1.1" 200 1283
190.171.153.26 - - [23/Aug/2019:09:34:11 -0300] "GET /cormun/static/Resources/PXToolsLoginBackground.png HTTP/1.1" 200 1164
190.171.153.26 - - [23/Aug/2019:09:34:11 -0300] "GET /cormun/static/Resources/PXToolsButtonBackground2.png HTTP/1.1" 200 1181
190.171.153.26 - - [23/Aug/2019:09:34:11 -0300] "GET /cormun/static/Resources/PXToolsLoginBottom.png HTTP/1.1" 200 1389
190.171.153.26 - - [23/Aug/2019:09:34:11 -0300] "GET /favicon.ico HTTP/1.1" 200 21630
186.103.159.188 - - [23/Aug/2019:09:34:34 -0300] "POST /cormun/servlet/solicitudot?d6e78a2e82879a927152b1b675981b88,INS,0,0,,gx-no-cache=1566563359705 HTTP/1.1" 200 93
186.103.159.188 - - [23/Aug/2019:09:34:35 -0300] "GET /cormun/servlet/hpexe_return? HTTP/1.1" 200 1003
186.103.159.188 - - [23/Aug/2019:09:34:35 -0300] "GET /cormun/servlet/trsolicitudot HTTP/1.1" 200 9319
186.103.159.188 - - [23/Aug/2019:09:34:36 -0300] "GET /cormun/servlet/trsolicitudot HTTP/1.1" 200 9315
192.168.10.89 - - [23/Aug/2019:09:34:54 -0300] "GET /cormun/servlet/solicitudgral3?UPD,2019,15971, HTTP/1.1" 200 13354
192.168.10.89 - - [23/Aug/2019:09:34:54 -0300] "GET /cormun/static/hmpwkw03.js?20189613443875 HTTP/1.1" 304 -
192.168.10.89 - - [23/Aug/2019:09:34:56 -0300] "POST /cormun/servlet/solicitudgral3?gx-no-cache=1566563045135 HTTP/1.1" 200 4225
192.168.10.89 - - [23/Aug/2019:09:34:56 -0300] "GET /cormun/servlet/solicitudgral3?bdaff2fc16b30f71e78b8c302b8bbf3249e74faf5be15e0c5fc4824e888d49672757b6ad53ea839d55cf11533c27e47453ca12a1f62dcdeb1e7d7fb60abcb910896c63d20565ac175be9052a726585a99f8e8f3a6e85669c69ff039c9351a0d9c1ccad9e99b618716f4be94f3dc4bfce6c89fd387679782e8c641ab649cb5f31269845c898d4a428326372f6e04c09ba58c0556e2e61475cd00736a265deeffc22f5263b7d21bbd11505d9d4615b151596d23d218bf38f343d18044caf83a431be70d27744c6c34fcd850a593777efcee56bf2e57693a914ea5aa52733acb9218dc81b4aeabd11e810183ae5e35a3c219a4075500b4aaf69557f0f93d7a0d0a00e69d65108442d846d9c57b76fae00e60dfe91665a54afc8655b15eab0538c7f56208a35c5af9acb20666d19045b306c2c44b37b60b6e2f88d10649abc92183d2981a45d2c9a12238b2d9d2c108ad499,gx-no-cache=1566563045473 HTTP/1.1" 200 297
192.168.10.89 - - [23/Aug/2019:09:34:56 -0300] "GET /cormun/servlet/solicitudgral3?bdaff2fc16b30f71e78b8c302b8bbf32cde28b24bc5c18a2906d49b8c05e9f14487fc7de1cf4bb703c863fe9f13f0e76c6084028531511e66cd61fe7e3c1e3e1d271cbb596b9cfe3c143d66f8774ee7330f3e4ee83114a7494383e28d4172b64,gx-no-cache=1566563045499 HTTP/1.1" 200 42
192.168.10.89 - - [23/Aug/2019:09:34:56 -0300] "GET /cormun/servlet/solicitudgral3?bdaff2fc16b30f71e78b8c302b8bbf321562d7db6590c1cbf38d755f3dc285300ada7f27c339b0d79b3f799791d79b25ec0cf90b4ccb60779f072f42ad7938c917d2f35dcf9e4cffa5973c539c00fb28699ac51a8e9337fb216b896c42aa232448277d834143ef7ca55e5bb4dbebc2a9d469146de485fd49826f48ecf1f2e9de,gx-no-cache=1566563045558 HTTP/1.1" 200 41
190.171.153.26 - - [23/Aug/2019:09:34:56 -0300] "POST /cormun/servlet/hlogin?59ada3451380a6cbcbf055f4414d7369,gx-no-cache=1566563386042 HTTP/1.1" 200 90
190.171.153.26 - - [23/Aug/2019:09:34:56 -0300] "GET /cormun/servlet/hpexe_link HTTP/1.1" 200 945
190.171.153.26 - - [23/Aug/2019:09:34:56 -0300] "GET /cormun/static/gxcfg.js?20177612121792 HTTP/1.1" 200 953
190.171.153.26 - - [23/Aug/2019:09:34:56 -0300] "GET /cormun/static/hpexe_link.js?20177612121795 HTTP/1.1" 200 625
190.171.153.26 - - [23/Aug/2019:09:34:56 -0300] "GET /cormun/servlet/hhome HTTP/1.1" 200 4166
190.171.153.26 - - [23/Aug/2019:09:34:56 -0300] "GET /cormun/static/SmoothNavMenu/resources/ddsmoothmenu.css?1012540 HTTP/1.1" 200 2223
190.171.153.26 - - [23/Aug/2019:09:34:56 -0300] "GET /cormun/static/Resources/Spanish/PXTools.css?11423723 HTTP/1.1" 200 89042
190.171.153.26 - - [23/Aug/2019:09:34:56 -0300] "GET /cormun/static/SmoothNavMenu/resources/ddsmoothmenu-v.css?1012540 HTTP/1.1" 200 1188
190.171.153.26 - - [23/Aug/2019:09:34:56 -0300] "GET /cormun/static/gxcfg.js?20175251212442 HTTP/1.1" 200 953
190.171.153.26 - - [23/Aug/2019:09:34:56 -0300] "GET /cormun/static/scaMessage/css/jquery.pnotify.default.css?1716380 HTTP/1.1" 200 1707
190.171.153.26 - - [23/Aug/2019:09:34:56 -0300] "GET /cormun/static/PXToolsJavascripts/pexe_autoreload.js HTTP/1.1" 200 1762
190.171.153.26 - - [23/Aug/2019:09:34:56 -0300] "GET /cormun/static/Shared/jqueryui/jquery-ui.min.css?1245370 HTTP/1.1" 200 30288
190.171.153.26 - - [23/Aug/2019:09:34:56 -0300] "GET /cormun/static/PXToolsJavascripts/pexe_cookies.js HTTP/1.1" 200 792
190.171.153.26 - - [23/Aug/2019:09:34:56 -0300] "GET /cormun/static/PXToolsJavascripts/pexe_windows.js HTTP/1.1" 200 15207
190.171.153.26 - - [23/Aug/2019:09:34:56 -0300] "GET /cormun/static/PXToolsJavascripts/pexe_grid.js HTTP/1.1" 200 7559
190.171.153.26 - - [23/Aug/2019:09:34:56 -0300] "GET /cormun/static/PXToolsJavascripts/pexe_link.js HTTP/1.1" 200 5671
190.171.153.26 - - [23/Aug/2019:09:34:56 -0300] "GET /cormun/static/PXToolsJavascripts/pexe_griddivfix.js HTTP/1.1" 200 6644
190.171.153.26 - - [23/Aug/2019:09:34:56 -0300] "GET /cormun/static/PXToolsJavascripts/pexe_menudivfix.js HTTP/1.1" 200 333
190.171.153.26 - - [23/Aug/2019:09:34:57 -0300] "GET /cormun/static/PXToolsJavascripts/pexe_menus.js HTTP/1.1" 200 1286
190.171.153.26 - - [23/Aug/2019:09:34:57 -0300] "GET /cormun/static/PXToolsJavascripts/pexe_layers.js HTTP/1.1" 200 4114
190.171.153.26 - - [23/Aug/2019:09:34:57 -0300] "GET /cormun/static/PXToolsJavascripts/pexe_oav.js HTTP/1.1" 200 645
190.171.153.26 - - [23/Aug/2019:09:34:57 -0300] "GET /cormun/static/PXToolsJavascripts/pexe_oavdivfix.js HTTP/1.1" 200 639
190.171.153.26 - - [23/Aug/2019:09:34:57 -0300] "GET /cormun/static/PXToolsJavascripts/pexe_picture.js HTTP/1.1" 200 689
190.171.153.26 - - [23/Aug/2019:09:34:57 -0300] "GET /cormun/static/PXToolsJavascripts/pexe_tabdivfix.js HTTP/1.1" 200 876
190.171.153.26 - - [23/Aug/2019:09:34:57 -0300] "GET /cormun/static/PXToolsJavascripts/pexe_popup.js HTTP/1.1" 200 13458
190.171.153.26 - - [23/Aug/2019:09:34:57 -0300] "GET /cormun/static/PXToolsJavascripts/pexe_tabs.js HTTP/1.1" 200 3748
190.171.153.26 - - [23/Aug/2019:09:34:57 -0300] "GET /cormun/static/PXToolsJavascripts/pexe_upload.js HTTP/1.1" 200 1423
190.171.153.26 - - [23/Aug/2019:09:34:57 -0300] "GET /cormun/static/PXToolsJavascripts/pexe_scrolldiv.js HTTP/1.1" 200 4138
190.171.153.26 - - [23/Aug/2019:09:34:57 -0300] "GET /cormun/static/PXToolsJavascripts/PXToolsJavascriptsRender.js HTTP/1.1" 200 367
190.171.153.26 - - [23/Aug/2019:09:34:57 -0300] "GET /cormun/static/RunJS/RunJS.js HTTP/1.1" 200 288
190.171.153.26 - - [23/Aug/2019:09:34:57 -0300] "GET /cormun/static/hhome.js?20175251212450 HTTP/1.1" 200 777
190.171.153.26 - - [23/Aug/2019:09:34:57 -0300] "GET /cormun/static/hpexe_recentlink.js?20177611595044 HTTP/1.1" 200 2144
190.171.153.26 - - [23/Aug/2019:09:34:57 -0300] "GET /cormun/static/hpexe_scripts.js?201752511465715 HTTP/1.1" 200 1544
190.171.153.26 - - [23/Aug/2019:09:34:57 -0300] "GET /cormun/static/hpexe_messagecontroller.js?20177611595012 HTTP/1.1" 200 870
190.171.153.26 - - [23/Aug/2019:09:34:57 -0300] "GET /cormun/static/hwchdr01.js?201752511465785 HTTP/1.1" 200 1183
190.171.153.26 - - [23/Aug/2019:09:34:57 -0300] "GET /cormun/static/Shared/ext/locale/ext-lang-en.js HTTP/1.1" 200 10940
190.171.153.26 - - [23/Aug/2019:09:34:57 -0300] "GET /cormun/static/hpexe_messagepopupcomponent.js?20161017169425 HTTP/1.1" 200 605
190.171.153.26 - - [23/Aug/2019:09:34:57 -0300] "GET /cormun/static/hpexe_messagegenexuscomponent.js?201752511465344 HTTP/1.1" 200 587
190.171.153.26 - - [23/Aug/2019:09:34:57 -0300] "GET /cormun/static/cmcontrolpreferences.js?201752511465670 HTTP/1.1" 200 1375
190.171.153.26 - - [23/Aug/2019:09:34:57 -0300] "GET /cormun/static/gxui/gxui-all.js HTTP/1.1" 200 107772
190.171.153.26 - - [23/Aug/2019:09:34:57 -0300] "GET /cormun/static/SmoothNavMenu/resources/ddsmoothmenu.js HTTP/1.1" 200 12712
190.171.153.26 - - [23/Aug/2019:09:34:57 -0300] "GET /cormun/static/Shared/jquery/jquery-1.4.2.min.js HTTP/1.1" 200 72174
192.168.10.89 - - [23/Aug/2019:09:34:57 -0300] "GET /cormun/servlet/solicitudgral3?bdaff2fc16b30f71e78b8c302b8bbf320fcc0f8a90f5d53670b0f7714dac4d1a6ddbbaf5b63657ee78a92c1a4c6db18b53ca12a1f62dcdeb1e7d7fb60abcb910a8927d51d9f182ed0a7b4ffe6085c861724139d45d6b4c980a89854fcb143f92,gx-no-cache=1566563046674 HTTP/1.1" 200 30
190.171.153.26 - - [23/Aug/2019:09:34:57 -0300] "GET /cormun/static/SmoothNavMenu/resources/SmoothNavMenuRender.js HTTP/1.1" 200 5951
190.171.153.26 - - [23/Aug/2019:09:34:57 -0300] "GET /cormun/static/Shared/jquery/jquery-1.10.2.min.js HTTP/1.1" 200 273199
192.168.10.89 - - [23/Aug/2019:09:34:57 -0300] "POST /cormun/servlet/solicitudgral3?gx-no-cache=1566563046698 HTTP/1.1" 200 109
190.171.153.26 - - [23/Aug/2019:09:34:57 -0300] "GET /cormun/static/scaMessage/js/jquery.pnotify.min.js HTTP/1.1" 200 13038
190.171.153.26 - - [23/Aug/2019:09:34:57 -0300] "GET /cormun/static/scaMessage/scaMessageRender.js HTTP/1.1" 200 11977
190.171.153.26 - - [23/Aug/2019:09:34:57 -0300] "GET /cormun/static/hmpwkw03.js?20189613443875 HTTP/1.1" 200 3965
190.171.153.26 - - [23/Aug/2019:09:34:57 -0300] "GET /cormun/static/Resources/PXToolsFooterBackground2.png HTTP/1.1" 200 1172
190.171.153.26 - - [23/Aug/2019:09:34:57 -0300] "GET /cormun/static/Resources/PXToolsHeaderActionsBackground.png HTTP/1.1" 200 484
190.171.153.26 - - [23/Aug/2019:09:34:57 -0300] "GET /cormun/static/Resources/PXToolsDataTitle.png HTTP/1.1" 200 1173
190.171.153.26 - - [23/Aug/2019:09:34:57 -0300] "GET /cormun/static/Resources/PXToolsHeaderBackground2.png HTTP/1.1" 200 1174
192.168.10.89 - - [23/Aug/2019:09:34:57 -0300] "POST /cormun/servlet/solicitudgral3?1a11cf071f92a86d707edbb65ddc6aaa,UPD,2019,15971,,gx-no-cache=1566563046730 HTTP/1.1" 200 12014
190.171.153.26 - - [23/Aug/2019:09:34:57 -0300] "GET /cormun/static/Resources/logo4.png HTTP/1.1" 200 6582
190.171.153.26 - - [23/Aug/2019:09:34:57 -0300] "GET /cormun/static/Resources/PXToolsHeaderActionsLeft.png HTTP/1.1" 200 1118
190.171.153.26 - - [23/Aug/2019:09:34:57 -0300] "GET /cormun/static/Resources/PXToolsHeaderHome.png HTTP/1.1" 200 4147
190.171.153.26 - - [23/Aug/2019:09:34:57 -0300] "GET /cormun/static/Resources/PXToolsHeaderLogin.png HTTP/1.1" 200 4279
190.171.153.26 - - [23/Aug/2019:09:34:57 -0300] "GET /cormun/static/Resources/PXToolsHeaderPreferences.png HTTP/1.1" 200 4189
190.171.153.26 - - [23/Aug/2019:09:34:57 -0300] "GET /cormun/static/Resources/PXToolsHeaderSecurity.png HTTP/1.1" 200 4166
190.171.153.26 - - [23/Aug/2019:09:34:57 -0300] "GET /cormun/static/Resources/PXToolsHeaderActionsRight.png HTTP/1.1" 200 1201
192.168.10.89 - - [23/Aug/2019:09:34:57 -0300] "GET /cormun/servlet/solicitudgral3?bdaff2fc16b30f71e78b8c302b8bbf32480ae8a93d2af44f1b89c16b97998560c885270ec313e932c0bf4e95f74be65b43b9089f180fb3fcbba6493bd87ccba6890c85bfea03b93dab67f0b7bff00224ca893606843374e6f344721f464317e7f108e4b8e0a59756e02acfa9c04855be,gx-no-cache=1566563047033 HTTP/1.1" 200 29
192.168.10.89 - - [23/Aug/2019:09:34:57 -0300] "GET /cormun/servlet/solicitudgral3?bdaff2fc16b30f71e78b8c302b8bbf32f4e0a07ec1a05c25e553f48db889b9c1b1b44e12f042e6387d18b47c4120f29771f53c936b2b6325d352df71812d76bb53ca12a1f62dcdeb1e7d7fb60abcb91029df3cbdbe6951c299d4b76dd2a69c5f2a6195afca26d30bd74516474c93dbb21899fd58388677ff77da1df0d2f63a69dc5b5c21dba9daf744c2b7973af83d93,gx-no-cache=1566563047052 HTTP/1.1" 200 30
190.171.153.26 - - [23/Aug/2019:09:34:57 -0300] "GET /cormun/static/Shared/jqueryui/jquery-ui.min.js HTTP/1.1" 200 240427
190.171.153.26 - - [23/Aug/2019:09:34:57 -0300] "GET /cormun/static/Shared/ext/ext-all.js HTTP/1.1" 200 1289687
190.171.153.26 - - [23/Aug/2019:09:34:58 -0300] "GET /cormun/static/SmoothNavMenu/resources/images/down.gif HTTP/1.1" 200 854
190.171.153.26 - - [23/Aug/2019:09:34:58 -0300] "GET /cormun/servlet/hhome HTTP/1.1" 200 4162
190.171.153.26 - - [23/Aug/2019:09:34:58 -0300] "GET /cormun/static/SmoothNavMenu/resources/images/right.gif HTTP/1.1" 200 860
186.103.159.188 - - [23/Aug/2019:09:34:59 -0300] "POST /cormun/servlet/trsolicitudot?d6e78a2e82879a927152b1b675981b88,gx-no-cache=1566563385363 HTTP/1.1" 200 5969
186.103.159.188 - - [23/Aug/2019:09:35:00 -0300] "GET /cormun/static/Shared/jqueryui/images/ui-bg_highlight-soft_100_c6c2c8_1x100.png HTTP/1.1" 404 1117
186.103.159.188 - - [23/Aug/2019:09:35:00 -0300] "GET /cormun/static/Shared/jqueryui/images/ui-bg_flat_55_fafafa_40x100.png HTTP/1.1" 404 1097
186.103.159.188 - - [23/Aug/2019:09:35:00 -0300] "GET /cormun/static/Shared/jqueryui/images/ui-icons_8d78a5_256x240.png HTTP/1.1" 404 1089
186.103.159.188 - - [23/Aug/2019:09:35:00 -0300] "GET /cormun/static/Shared/jqueryui/images/ui-icons_82798d_256x240.png HTTP/1.1" 404 1089
186.103.159.188 - - [23/Aug/2019:09:35:00 -0300] "POST /cormun/servlet/trsolicitudot?d6e78a2e82879a927152b1b675981b88,gx-no-cache=1566563385803 HTTP/1.1" 200 5911
186.103.159.188 - - [23/Aug/2019:09:35:10 -0300] "GET /cormun/servlet/hlogin HTTP/1.1" 200 1716
186.103.159.188 - - [23/Aug/2019:09:35:17 -0300] "POST /cormun/servlet/hlogin?d6e78a2e82879a927152b1b675981b88,gx-no-cache=1566563402841 HTTP/1.1" 200 90
186.103.159.188 - - [23/Aug/2019:09:35:17 -0300] "GET /cormun/servlet/hpexe_link HTTP/1.1" 200 948
186.103.159.188 - - [23/Aug/2019:09:35:17 -0300] "GET /cormun/servlet/hhome HTTP/1.1" 200 4041
186.103.159.188 - - [23/Aug/2019:09:35:18 -0300] "GET /cormun/servlet/hhome HTTP/1.1" 200 4039
186.103.159.188 - - [23/Aug/2019:09:35:24 -0300] "GET /cormun/servlet/hlogin HTTP/1.1" 200 1716
192.168.10.89 - - [23/Aug/2019:09:35:27 -0300] "POST /cormun/servlet/solicitudgral3?1a11cf071f92a86d707edbb65ddc6aaa,UPD,2019,15971,,gx-no-cache=1566563076878 HTTP/1.1" 200 93
192.168.10.89 - - [23/Aug/2019:09:35:27 -0300] "GET /cormun/servlet/hpexe_return? HTTP/1.1" 200 1030
192.168.10.89 - - [23/Aug/2019:09:35:27 -0300] "GET /cormun/static/messages.spa.js?85251 HTTP/1.1" 304 -
192.168.10.89 - - [23/Aug/2019:09:35:28 -0300] "GET /cormun/servlet/trsolicitudgral?gx-no-cache=1566561525631 HTTP/1.1" 200 9819
192.168.10.89 - - [23/Aug/2019:09:35:31 -0300] "POST /cormun/servlet/trsolicitudgral?1a11cf071f92a86d707edbb65ddc6aaa,gx-no-cache=1566561525631,gx-no-cache=1566563080694 HTTP/1.1" 200 5499
192.168.10.89 - - [23/Aug/2019:09:35:31 -0300] "GET /cormun/static/Shared/jqueryui/images/ui-bg_highlight-soft_100_c6c2c8_1x100.png HTTP/1.1" 404 1117
192.168.10.89 - - [23/Aug/2019:09:35:31 -0300] "GET /cormun/static/Shared/jqueryui/images/ui-icons_82798d_256x240.png HTTP/1.1" 404 1089
192.168.10.89 - - [23/Aug/2019:09:35:31 -0300] "GET /cormun/static/Shared/jqueryui/images/ui-bg_flat_55_fafafa_40x100.png HTTP/1.1" 404 1097
192.168.10.89 - - [23/Aug/2019:09:35:31 -0300] "GET /cormun/static/Shared/jqueryui/images/ui-icons_8d78a5_256x240.png HTTP/1.1" 404 1089
186.103.159.188 - - [23/Aug/2019:09:35:40 -0300] "POST /cormun/servlet/hlogin?d6e78a2e82879a927152b1b675981b88,gx-no-cache=1566563425922 HTTP/1.1" 200 90
186.103.159.188 - - [23/Aug/2019:09:35:40 -0300] "GET /cormun/servlet/hpexe_link HTTP/1.1" 200 948
186.103.159.188 - - [23/Aug/2019:09:35:40 -0300] "GET /cormun/servlet/hhome HTTP/1.1" 200 4237
186.103.159.188 - - [23/Aug/2019:09:35:40 -0300] "GET /cormun/servlet/hhome HTTP/1.1" 200 4235
186.103.159.188 - - [23/Aug/2019:09:35:45 -0300] "GET /cormun/servlet/trautorizarsolicitud? HTTP/1.1" 200 8767
186.103.159.188 - - [23/Aug/2019:09:35:45 -0300] "GET /cormun/servlet/trautorizarsolicitud? HTTP/1.1" 200 8769
186.103.159.188 - - [23/Aug/2019:09:35:52 -0300] "POST /cormun/servlet/trautorizarsolicitud?d6e78a2e82879a927152b1b675981b88,,gx-no-cache=1566563437931 HTTP/1.1" 200 4707
190.171.153.26 - - [23/Aug/2019:09:35:52 -0300] "GET /cormun/servlet/trpermisosgoce? HTTP/1.1" 200 9225
190.171.153.26 - - [23/Aug/2019:09:35:52 -0300] "GET /cormun/static/calendar-system.css?75620 HTTP/1.1" 200 5572
190.171.153.26 - - [23/Aug/2019:09:35:52 -0300] "GET /cormun/static/gxui/gxui-all.css?110300 HTTP/1.1" 200 2179
190.171.153.26 - - [23/Aug/2019:09:35:52 -0300] "GET /cormun/static/calendar-setup.js?85251 HTTP/1.1" 200 2588
186.103.159.188 - - [23/Aug/2019:09:35:52 -0300] "GET /cormun/static/Shared/jqueryui/images/ui-bg_highlight-soft_100_c6c2c8_1x100.png HTTP/1.1" 404 1117
190.171.153.26 - - [23/Aug/2019:09:35:52 -0300] "GET /cormun/static/calendar-es.js?85251 HTTP/1.1" 200 1901
190.171.153.26 - - [23/Aug/2019:09:35:52 -0300] "GET /cormun/static/gxcfg.js?20177612163875 HTTP/1.1" 200 953
186.103.159.188 - - [23/Aug/2019:09:35:52 -0300] "GET /cormun/static/Shared/jqueryui/images/ui-icons_8d78a5_256x240.png HTTP/1.1" 404 1089
190.171.153.26 - - [23/Aug/2019:09:35:52 -0300] "GET /cormun/static/calendar.js?85251 HTTP/1.1" 200 26246
186.103.159.188 - - [23/Aug/2019:09:35:52 -0300] "GET /cormun/static/Shared/jqueryui/images/ui-icons_82798d_256x240.png HTTP/1.1" 404 1089
186.103.159.188 - - [23/Aug/2019:09:35:52 -0300] "GET /cormun/static/Shared/jqueryui/images/ui-bg_flat_55_fafafa_40x100.png HTTP/1.1" 404 1097
190.171.153.26 - - [23/Aug/2019:09:35:52 -0300] "GET /cormun/static/gxdec.js?85251 HTTP/1.1" 200 19579
