190.171.141.114 - - [22/Aug/2019:11:07:38 -0300] "POST /cormun/servlet/solicitudotadjuntos?ffa654f045abaf5c5ebf0e26210a1451,INS,2019,15978,,2,,gx-no-cache=1566482543903 HTTP/1.1" 200 4020
190.171.141.114 - - [22/Aug/2019:11:07:45 -0300] "POST /cormun/servlet/solicitudotadjuntos?gx-no-cache=1566482550193 HTTP/1.1" 200 26
190.171.141.114 - - [22/Aug/2019:11:07:50 -0300] "GET /cormun/servlet/solicitudotadjuntos?1ee9b6ac2fa7d33e3ab0984416b197be1cf4e621b40a9e3c56f756b17aff06cf,gx-no-cache=1566482555377 HTTP/1.1" 200 30
190.171.141.114 - - [22/Aug/2019:11:07:50 -0300] "GET /cormun/servlet/solicitudotadjuntos?1ee9b6ac2fa7d33e3ab0984416b197be1cf4e621b40a9e3c56f756b17aff06cf,gx-no-cache=1566482555420 HTTP/1.1" 200 30
190.171.141.114 - - [22/Aug/2019:11:07:50 -0300] "POST /cormun/servlet/solicitudotadjuntos?ffa654f045abaf5c5ebf0e26210a1451,INS,2019,15978,,2, HTTP/1.1" 200 116
190.171.141.114 - - [22/Aug/2019:11:07:50 -0300] "GET /cormun/servlet/hpexe_return? HTTP/1.1" 200 1019
190.171.141.114 - - [22/Aug/2019:11:07:51 -0300] "GET /cormun/servlet/trsolicitudadjuntos?2019,15978, HTTP/1.1" 200 10244
190.171.141.114 - - [22/Aug/2019:11:07:52 -0300] "GET /cormun/servlet/trsolicitudadjuntos?2019,15978, HTTP/1.1" 200 10242
190.171.141.122 - - [22/Aug/2019:11:07:53 -0300] "POST /cormun/servlet/solicitudot?edd9a357f2bc6ef604bdd9d41c1866ce,INS,0,0,,gx-no-cache=1566482555951 HTTP/1.1" 200 93
190.171.141.122 - - [22/Aug/2019:11:07:53 -0300] "GET /cormun/servlet/hpexe_return? HTTP/1.1" 200 1006
190.171.141.122 - - [22/Aug/2019:11:07:53 -0300] "GET /cormun/static/gxcfg.js?2016101716175148 HTTP/1.1" 200 953
190.171.141.122 - - [22/Aug/2019:11:07:53 -0300] "GET /cormun/static/hpexe_return.js?2016101716175153 HTTP/1.1" 200 1633
190.171.141.122 - - [22/Aug/2019:11:07:53 -0300] "GET /cormun/static/Resources/Spanish/PXTools.css?167811 HTTP/1.1" 200 89042
190.171.141.122 - - [22/Aug/2019:11:07:53 -0300] "GET /cormun/servlet/trsolicitudot HTTP/1.1" 200 8918
190.171.141.122 - - [22/Aug/2019:11:07:54 -0300] "GET /cormun//static/Resources/PXToolsActionView.png HTTP/1.1" 200 2995
190.171.141.122 - - [22/Aug/2019:11:07:54 -0300] "GET /cormun//static/Resources/PXToolsGridUpdate.png HTTP/1.1" 200 2984
190.171.141.122 - - [22/Aug/2019:11:07:54 -0300] "GET /cormun//static/Resources/PXToolsGridDelete.png HTTP/1.1" 200 357
190.171.141.122 - - [22/Aug/2019:11:07:54 -0300] "GET /cormun//static/Resources/PXToolsRemoveAllAction.png HTTP/1.1" 200 3558
190.171.141.122 - - [22/Aug/2019:11:07:54 -0300] "GET /cormun//static/Resources/PXTools/ActionInsert.png HTTP/1.1" 200 1482
190.171.141.122 - - [22/Aug/2019:11:07:54 -0300] "GET /cormun/servlet/trsolicitudot HTTP/1.1" 200 8914
190.171.141.122 - - [22/Aug/2019:11:07:58 -0300] "POST /cormun/servlet/trsolicitudot?edd9a357f2bc6ef604bdd9d41c1866ce,gx-no-cache=1566482561591 HTTP/1.1" 200 107
190.171.141.122 - - [22/Aug/2019:11:07:58 -0300] "GET /cormun/servlet/trsolicitudadjuntos?2019,15982, HTTP/1.1" 200 6434
190.171.141.122 - - [22/Aug/2019:11:07:58 -0300] "GET /cormun/static/gxui/gxui-all.css?110300 HTTP/1.1" 200 2179
190.171.141.122 - - [22/Aug/2019:11:07:58 -0300] "GET /cormun/static/gxcfg.js?20177612135366 HTTP/1.1" 200 953
190.171.141.122 - - [22/Aug/2019:11:07:58 -0300] "GET /cormun/static/trsolicitudadjuntos.js?20177612135632 HTTP/1.1" 200 17922
190.171.141.122 - - [22/Aug/2019:11:07:59 -0300] "GET /cormun/static/Shared/ext/resources/css/ext-all.css?205870 HTTP/1.1" 200 416045
190.171.141.114 - - [22/Aug/2019:11:07:59 -0300] "POST /cormun/servlet/trsolicitudadjuntos?ffa654f045abaf5c5ebf0e26210a1451,2019,15978,,gx-no-cache=1566482564480 HTTP/1.1" 200 90
190.171.141.114 - - [22/Aug/2019:11:07:59 -0300] "GET /cormun/servlet/hpexe_link HTTP/1.1" 200 962
190.171.141.122 - - [22/Aug/2019:11:07:59 -0300] "GET /cormun/servlet/trsolicitudadjuntos?2019,15982, HTTP/1.1" 200 6433
190.171.141.114 - - [22/Aug/2019:11:07:59 -0300] "GET /cormun/servlet/trsolicitudot HTTP/1.1" 200 8648
190.171.141.114 - - [22/Aug/2019:11:08:01 -0300] "GET /cormun/servlet/trsolicitudot HTTP/1.1" 200 8647
190.171.141.122 - - [22/Aug/2019:11:08:01 -0300] "GET /cormun/servlet/solicitudotadjuntos?INS,2019,15982,,1, HTTP/1.1" 200 6377
190.171.141.122 - - [22/Aug/2019:11:08:01 -0300] "GET /cormun/static/gxcfg.js?2017761244068 HTTP/1.1" 200 953
190.171.141.122 - - [22/Aug/2019:11:08:01 -0300] "GET /cormun/static/solicitudotadjuntos.js?2017761244086 HTTP/1.1" 200 11771
190.171.141.122 - - [22/Aug/2019:11:08:01 -0300] "GET /cormun/static/about:blank HTTP/1.1" 404 1011
190.171.141.122 - - [22/Aug/2019:11:08:01 -0300] "GET /cormun/servlet/solicitudotadjuntos?INS,2019,15982,,1, HTTP/1.1" 200 6371
190.171.141.122 - - [22/Aug/2019:11:08:02 -0300] "GET /cormun/servlet/solicitudotadjuntos?132a095e701f50c135f03ad7fde1dc040c22fc796ae216175f54b7129ed8443d99fdf798365b728a72e580d10c7f39bc,gx-no-cache=1566482565643 HTTP/1.1" 200 30
190.171.141.122 - - [22/Aug/2019:11:08:02 -0300] "POST /cormun/servlet/solicitudotadjuntos?edd9a357f2bc6ef604bdd9d41c1866ce,INS,2019,15982,,1,,gx-no-cache=1566482565715 HTTP/1.1" 200 4094
190.171.141.122 - - [22/Aug/2019:11:08:04 -0300] "POST /cormun/servlet/solicitudotadjuntos?gx-no-cache=1566482567485 HTTP/1.1" 200 26
190.171.141.114 - - [22/Aug/2019:11:08:05 -0300] "POST /cormun/servlet/trsolicitudot?ffa654f045abaf5c5ebf0e26210a1451,gx-no-cache=1566482570156 HTTP/1.1" 200 4525
190.171.141.114 - - [22/Aug/2019:11:08:05 -0300] "GET /cormun/static/Shared/jqueryui/images/ui-bg_flat_55_fafafa_40x100.png HTTP/1.1" 404 1097
190.171.141.114 - - [22/Aug/2019:11:08:05 -0300] "GET /cormun/static/Shared/jqueryui/images/ui-icons_8d78a5_256x240.png HTTP/1.1" 404 1089
190.171.141.114 - - [22/Aug/2019:11:08:05 -0300] "POST /cormun/servlet/trsolicitudot?ffa654f045abaf5c5ebf0e26210a1451,gx-no-cache=1566482570730 HTTP/1.1" 200 4304
190.171.141.122 - - [22/Aug/2019:11:08:25 -0300] "GET /cormun/servlet/solicitudotadjuntos?132a095e701f50c135f03ad7fde1dc04d32c0a89b380680dfd26f7f3e603fe29,gx-no-cache=1566482588286 HTTP/1.1" 200 30
190.171.141.122 - - [22/Aug/2019:11:08:25 -0300] "GET /cormun/servlet/solicitudotadjuntos?132a095e701f50c135f03ad7fde1dc04d32c0a89b380680dfd26f7f3e603fe29,gx-no-cache=1566482588511 HTTP/1.1" 200 30
190.171.141.114 - - [22/Aug/2019:11:08:26 -0300] "GET /cormun/servlet/hlogin HTTP/1.1" 200 1714
190.171.141.114 - - [22/Aug/2019:11:08:26 -0300] "GET /cormun/servlet/hlogin HTTP/1.1" 200 1714
190.171.141.122 - - [22/Aug/2019:11:08:27 -0300] "POST /cormun/servlet/solicitudotadjuntos?edd9a357f2bc6ef604bdd9d41c1866ce,INS,2019,15982,,1, HTTP/1.1" 200 116
190.171.141.122 - - [22/Aug/2019:11:08:27 -0300] "GET /cormun/servlet/hpexe_return? HTTP/1.1" 200 1026
190.171.141.122 - - [22/Aug/2019:11:08:27 -0300] "GET /cormun/servlet/trsolicitudadjuntos?2019,15982, HTTP/1.1" 200 9043
190.171.141.122 - - [22/Aug/2019:11:08:28 -0300] "GET /cormun/servlet/trsolicitudadjuntos?2019,15982, HTTP/1.1" 200 9041
190.171.141.122 - - [22/Aug/2019:11:08:30 -0300] "GET /cormun/servlet/solicitudotadjuntos?INS,2019,15982,,1, HTTP/1.1" 200 6377
190.171.141.122 - - [22/Aug/2019:11:08:30 -0300] "GET /cormun/static/about:blank HTTP/1.1" 404 1011
190.171.141.122 - - [22/Aug/2019:11:08:30 -0300] "GET /cormun/servlet/solicitudotadjuntos?INS,2019,15982,,1, HTTP/1.1" 200 6371
190.171.141.122 - - [22/Aug/2019:11:08:31 -0300] "GET /cormun/servlet/solicitudotadjuntos?132a095e701f50c135f03ad7fde1dc040c22fc796ae216175f54b7129ed8443d99fdf798365b728a72e580d10c7f39bc,gx-no-cache=1566482594223 HTTP/1.1" 200 30
190.171.141.122 - - [22/Aug/2019:11:08:31 -0300] "POST /cormun/servlet/solicitudotadjuntos?edd9a357f2bc6ef604bdd9d41c1866ce,INS,2019,15982,,1,,gx-no-cache=1566482594353 HTTP/1.1" 200 4094
190.171.141.122 - - [22/Aug/2019:11:08:33 -0300] "POST /cormun/servlet/solicitudotadjuntos?gx-no-cache=1566482596671 HTTP/1.1" 200 26
190.171.141.114 - - [22/Aug/2019:11:08:37 -0300] "POST /cormun/servlet/hlogin?ffa654f045abaf5c5ebf0e26210a1451,gx-no-cache=1566482602712 HTTP/1.1" 200 90
190.171.141.114 - - [22/Aug/2019:11:08:37 -0300] "GET /cormun/servlet/hpexe_link HTTP/1.1" 200 944
190.171.141.114 - - [22/Aug/2019:11:08:38 -0300] "GET /cormun/servlet/hhome HTTP/1.1" 200 4301
190.171.141.114 - - [22/Aug/2019:11:08:39 -0300] "GET /cormun/servlet/hhome HTTP/1.1" 200 4296
190.171.141.122 - - [22/Aug/2019:11:08:42 -0300] "GET /cormun/servlet/solicitudotadjuntos?132a095e701f50c135f03ad7fde1dc04d32c0a89b380680dfd26f7f3e603fe29,gx-no-cache=1566482605264 HTTP/1.1" 200 30
190.171.141.122 - - [22/Aug/2019:11:08:42 -0300] "GET /cormun/servlet/solicitudotadjuntos?132a095e701f50c135f03ad7fde1dc04d32c0a89b380680dfd26f7f3e603fe29,gx-no-cache=1566482605282 HTTP/1.1" 200 30
190.171.141.122 - - [22/Aug/2019:11:08:42 -0300] "POST /cormun/servlet/solicitudotadjuntos?edd9a357f2bc6ef604bdd9d41c1866ce,INS,2019,15982,,1, HTTP/1.1" 200 116
190.171.141.122 - - [22/Aug/2019:11:08:42 -0300] "GET /cormun/servlet/hpexe_return? HTTP/1.1" 200 1026
190.171.141.122 - - [22/Aug/2019:11:08:42 -0300] "GET /cormun/servlet/trsolicitudadjuntos?2019,15982, HTTP/1.1" 200 9263
190.171.141.122 - - [22/Aug/2019:11:08:42 -0300] "GET /cormun/servlet/trsolicitudadjuntos?2019,15982, HTTP/1.1" 200 9261
200.111.191.212 - - [22/Aug/2019:11:08:43 -0300] "GET /cormun/static/menuarrow.gif HTTP/1.1" 404 1015
190.171.141.114 - - [22/Aug/2019:11:08:44 -0300] "GET /cormun/servlet/trautorizarsolicitud? HTTP/1.1" 200 8780
190.171.141.122 - - [22/Aug/2019:11:08:44 -0300] "GET /cormun/servlet/solicitudotadjuntos?INS,2019,15982,,1, HTTP/1.1" 200 6377
190.171.141.122 - - [22/Aug/2019:11:08:45 -0300] "GET /cormun/static/about:blank HTTP/1.1" 404 1011
190.171.141.122 - - [22/Aug/2019:11:08:45 -0300] "GET /cormun/servlet/solicitudotadjuntos?INS,2019,15982,,1, HTTP/1.1" 200 6371
190.171.141.122 - - [22/Aug/2019:11:08:45 -0300] "GET /cormun/servlet/solicitudotadjuntos?132a095e701f50c135f03ad7fde1dc040c22fc796ae216175f54b7129ed8443d99fdf798365b728a72e580d10c7f39bc,gx-no-cache=1566482608802 HTTP/1.1" 200 30
190.171.141.122 - - [22/Aug/2019:11:08:45 -0300] "POST /cormun/servlet/solicitudotadjuntos?edd9a357f2bc6ef604bdd9d41c1866ce,INS,2019,15982,,1,,gx-no-cache=1566482608847 HTTP/1.1" 200 4094
190.171.141.114 - - [22/Aug/2019:11:08:45 -0300] "GET /cormun/servlet/trautorizarsolicitud? HTTP/1.1" 200 8778
190.171.141.122 - - [22/Aug/2019:11:08:47 -0300] "POST /cormun/servlet/solicitudotadjuntos?gx-no-cache=1566482611230 HTTP/1.1" 200 26
190.171.141.114 - - [22/Aug/2019:11:08:49 -0300] "GET /cormun/servlet/trautorizarsolicitud? HTTP/1.1" 200 8778
190.171.141.114 - - [22/Aug/2019:11:08:51 -0300] "GET /cormun/servlet/trautorizarsolicitud? HTTP/1.1" 200 8778
200.111.191.212 - - [22/Aug/2019:11:08:52 -0300] "POST /cormun/servlet/trlicencias?7e4e8c8ca6d131b3e8356cd14311061e,,gx-no-cache=1566482773472 HTTP/1.1" 200 5999
190.171.152.138 - - [22/Aug/2019:11:08:54 -0300] "GET /cormun/servlet/hhome HTTP/1.1" 200 3422
190.171.152.138 - - [22/Aug/2019:11:08:54 -0300] "GET /cormun/servlet/hhome HTTP/1.1" 200 3423
190.171.152.138 - - [22/Aug/2019:11:08:54 -0300] "GET /cormun/servlet/hlogin HTTP/1.1" 200 1739
190.171.152.138 - - [22/Aug/2019:11:08:55 -0300] "GET /cormun/servlet/hhome HTTP/1.1" 200 3433
190.171.141.122 - - [22/Aug/2019:11:08:56 -0300] "GET /cormun/servlet/solicitudotadjuntos?132a095e701f50c135f03ad7fde1dc04d32c0a89b380680dfd26f7f3e603fe29,gx-no-cache=1566482619258 HTTP/1.1" 200 30
190.171.141.122 - - [22/Aug/2019:11:08:56 -0300] "GET /cormun/servlet/solicitudotadjuntos?132a095e701f50c135f03ad7fde1dc04d32c0a89b380680dfd26f7f3e603fe29,gx-no-cache=1566482619327 HTTP/1.1" 200 30
190.171.141.122 - - [22/Aug/2019:11:08:56 -0300] "POST /cormun/servlet/solicitudotadjuntos?edd9a357f2bc6ef604bdd9d41c1866ce,INS,2019,15982,,1, HTTP/1.1" 200 116
190.171.141.122 - - [22/Aug/2019:11:08:56 -0300] "GET /cormun/servlet/hpexe_return? HTTP/1.1" 200 1026
190.171.141.122 - - [22/Aug/2019:11:08:56 -0300] "GET /cormun/servlet/trsolicitudadjuntos?2019,15982, HTTP/1.1" 200 9447
190.171.141.122 - - [22/Aug/2019:11:08:57 -0300] "GET /cormun/servlet/trsolicitudadjuntos?2019,15982, HTTP/1.1" 200 9445
190.171.141.122 - - [22/Aug/2019:11:08:59 -0300] "GET /cormun/servlet/solicitudotadjuntos?INS,2019,15982,,1, HTTP/1.1" 200 6377
190.171.141.122 - - [22/Aug/2019:11:08:59 -0300] "GET /cormun/static/about:blank HTTP/1.1" 404 1011
190.171.141.122 - - [22/Aug/2019:11:08:59 -0300] "GET /cormun/servlet/solicitudotadjuntos?INS,2019,15982,,1, HTTP/1.1" 200 6370
190.171.141.122 - - [22/Aug/2019:11:09:00 -0300] "GET /cormun/servlet/solicitudotadjuntos?132a095e701f50c135f03ad7fde1dc040c22fc796ae216175f54b7129ed8443d99fdf798365b728a72e580d10c7f39bc,gx-no-cache=1566482623245 HTTP/1.1" 200 30
190.171.141.122 - - [22/Aug/2019:11:09:00 -0300] "POST /cormun/servlet/solicitudotadjuntos?edd9a357f2bc6ef604bdd9d41c1866ce,INS,2019,15982,,1,,gx-no-cache=1566482623319 HTTP/1.1" 200 4094
200.111.191.212 - - [22/Aug/2019:11:09:00 -0300] "GET /cormun/servlet/trsolicitudot? HTTP/1.1" 200 7239
200.111.191.212 - - [22/Aug/2019:11:09:00 -0300] "GET /cormun/servlet/trsolicitudot? HTTP/1.1" 200 7239
200.111.191.212 - - [22/Aug/2019:11:09:05 -0300] "POST /cormun/servlet/trsolicitudot?7e4e8c8ca6d131b3e8356cd14311061e,,gx-no-cache=1566482786648 HTTP/1.1" 200 4333
190.171.141.122 - - [22/Aug/2019:11:09:05 -0300] "POST /cormun/servlet/solicitudotadjuntos?gx-no-cache=1566482628888 HTTP/1.1" 200 26
200.111.191.212 - - [22/Aug/2019:11:09:06 -0300] "POST /cormun/servlet/trsolicitudot?7e4e8c8ca6d131b3e8356cd14311061e,,gx-no-cache=1566482787853 HTTP/1.1" 200 4335
190.171.141.114 - - [22/Aug/2019:11:09:07 -0300] "POST /cormun/servlet/trautorizarsolicitud?ffa654f045abaf5c5ebf0e26210a1451,,gx-no-cache=1566482632010 HTTP/1.1" 200 4670
190.171.141.114 - - [22/Aug/2019:11:09:07 -0300] "GET /cormun/static/Shared/jqueryui/images/ui-bg_highlight-soft_100_c6c2c8_1x100.png HTTP/1.1" 404 1117
190.171.141.114 - - [22/Aug/2019:11:09:07 -0300] "GET /cormun/static/Shared/jqueryui/images/ui-icons_82798d_256x240.png HTTP/1.1" 404 1089
190.171.141.114 - - [22/Aug/2019:11:09:07 -0300] "GET /cormun/static/Shared/jqueryui/images/ui-bg_flat_55_fafafa_40x100.png HTTP/1.1" 404 1097
190.171.141.114 - - [22/Aug/2019:11:09:07 -0300] "GET /cormun/static/Shared/jqueryui/images/ui-icons_8d78a5_256x240.png HTTP/1.1" 404 1089
190.171.152.138 - - [22/Aug/2019:11:09:07 -0300] "POST /cormun/servlet/hlogin?7f8498b375e642cf59351e96bd139180,gx-no-cache=1566482624152 HTTP/1.1" 200 90
190.171.152.138 - - [22/Aug/2019:11:09:07 -0300] "GET /cormun/servlet/hpexe_link HTTP/1.1" 200 955
190.171.141.114 - - [22/Aug/2019:11:09:07 -0300] "POST /cormun/servlet/trautorizarsolicitud?ffa654f045abaf5c5ebf0e26210a1451,,gx-no-cache=1566482632449 HTTP/1.1" 200 4450
190.171.152.138 - - [22/Aug/2019:11:09:07 -0300] "GET /cormun/servlet/hhome HTTP/1.1" 200 3955
190.171.152.138 - - [22/Aug/2019:11:09:08 -0300] "GET /cormun/servlet/hhome HTTP/1.1" 200 3953
200.111.191.212 - - [22/Aug/2019:11:09:09 -0300] "POST /cormun/servlet/trsolicitudot?7e4e8c8ca6d131b3e8356cd14311061e,,gx-no-cache=1566482790617 HTTP/1.1" 200 4337
190.171.152.138 - - [22/Aug/2019:11:09:11 -0300] "GET /cormun/servlet/trlicencias? HTTP/1.1" 200 12755
190.171.141.122 - - [22/Aug/2019:11:09:11 -0300] "GET /cormun/servlet/solicitudotadjuntos?132a095e701f50c135f03ad7fde1dc04d32c0a89b380680dfd26f7f3e603fe29,gx-no-cache=1566482634816 HTTP/1.1" 200 30
190.171.141.122 - - [22/Aug/2019:11:09:11 -0300] "GET /cormun/servlet/solicitudotadjuntos?132a095e701f50c135f03ad7fde1dc04d32c0a89b380680dfd26f7f3e603fe29,gx-no-cache=1566482634851 HTTP/1.1" 200 30
190.171.141.122 - - [22/Aug/2019:11:09:11 -0300] "POST /cormun/servlet/solicitudotadjuntos?edd9a357f2bc6ef604bdd9d41c1866ce,INS,2019,15982,,1, HTTP/1.1" 200 116
190.171.152.138 - - [22/Aug/2019:11:09:11 -0300] "GET /cormun/servlet/trlicencias? HTTP/1.1" 200 12753
190.171.141.122 - - [22/Aug/2019:11:09:11 -0300] "GET /cormun/servlet/hpexe_return? HTTP/1.1" 200 1026
190.171.141.122 - - [22/Aug/2019:11:09:12 -0300] "GET /cormun/servlet/trsolicitudadjuntos?2019,15982, HTTP/1.1" 200 9658
200.111.191.212 - - [22/Aug/2019:11:09:12 -0300] "GET /cormun/static/menuarrow.gif HTTP/1.1" 404 1015
190.171.141.122 - - [22/Aug/2019:11:09:12 -0300] "GET /cormun/servlet/trsolicitudadjuntos?2019,15982, HTTP/1.1" 200 9659
190.171.141.122 - - [22/Aug/2019:11:09:15 -0300] "GET /cormun/servlet/solicitudotadjuntos?INS,2019,15982,,1, HTTP/1.1" 200 6377
190.171.141.122 - - [22/Aug/2019:11:09:15 -0300] "GET /cormun/static/about:blank HTTP/1.1" 404 1011
190.171.141.122 - - [22/Aug/2019:11:09:16 -0300] "GET /cormun/servlet/solicitudotadjuntos?INS,2019,15982,,1, HTTP/1.1" 200 6370
200.111.191.212 - - [22/Aug/2019:11:09:16 -0300] "POST /cormun/servlet/trsolicitudot?7e4e8c8ca6d131b3e8356cd14311061e,,gx-no-cache=1566482797462 HTTP/1.1" 200 6297
190.171.141.122 - - [22/Aug/2019:11:09:16 -0300] "GET /cormun/servlet/solicitudotadjuntos?132a095e701f50c135f03ad7fde1dc040c22fc796ae216175f54b7129ed8443d99fdf798365b728a72e580d10c7f39bc,gx-no-cache=1566482639800 HTTP/1.1" 200 30
190.171.141.122 - - [22/Aug/2019:11:09:16 -0300] "POST /cormun/servlet/solicitudotadjuntos?edd9a357f2bc6ef604bdd9d41c1866ce,INS,2019,15982,,1,,gx-no-cache=1566482639869 HTTP/1.1" 200 4094
190.171.141.122 - - [22/Aug/2019:11:09:20 -0300] "POST /cormun/servlet/solicitudotadjuntos?gx-no-cache=1566482644218 HTTP/1.1" 200 26
200.111.191.212 - - [22/Aug/2019:11:09:29 -0300] "GET /cormun/servlet/vesolicitudot?2019,15771,, HTTP/1.1" 200 8443
200.111.191.212 - - [22/Aug/2019:11:09:29 -0300] "GET /cormun/pexe_scrolldiv.js HTTP/1.1" 404 1009
200.111.191.212 - - [22/Aug/2019:11:09:29 -0300] "GET /cormun/servlet/vesolicitudot?2019,15771,, HTTP/1.1" 200 8443
190.171.141.122 - - [22/Aug/2019:11:09:30 -0300] "GET /cormun/servlet/solicitudotadjuntos?132a095e701f50c135f03ad7fde1dc04d32c0a89b380680dfd26f7f3e603fe29,gx-no-cache=1566482653371 HTTP/1.1" 200 30
190.171.141.122 - - [22/Aug/2019:11:09:30 -0300] "GET /cormun/servlet/solicitudotadjuntos?132a095e701f50c135f03ad7fde1dc04d32c0a89b380680dfd26f7f3e603fe29,gx-no-cache=1566482653422 HTTP/1.1" 200 30
190.171.141.122 - - [22/Aug/2019:11:09:30 -0300] "POST /cormun/servlet/solicitudotadjuntos?edd9a357f2bc6ef604bdd9d41c1866ce,INS,2019,15982,,1, HTTP/1.1" 200 116
190.171.141.122 - - [22/Aug/2019:11:09:30 -0300] "GET /cormun/servlet/hpexe_return? HTTP/1.1" 200 1026
190.171.141.122 - - [22/Aug/2019:11:09:30 -0300] "GET /cormun/servlet/trsolicitudadjuntos?2019,15982, HTTP/1.1" 200 9941
190.171.141.122 - - [22/Aug/2019:11:09:31 -0300] "GET /cormun/servlet/trsolicitudadjuntos?2019,15982, HTTP/1.1" 200 9939
190.171.141.122 - - [22/Aug/2019:11:09:34 -0300] "GET /cormun/servlet/solicitudotadjuntos?INS,2019,15982,,1, HTTP/1.1" 200 6377
190.171.141.122 - - [22/Aug/2019:11:09:34 -0300] "GET /cormun/static/about:blank HTTP/1.1" 404 1011
190.171.141.122 - - [22/Aug/2019:11:09:34 -0300] "GET /cormun/servlet/solicitudotadjuntos?INS,2019,15982,,1, HTTP/1.1" 200 6370
190.171.141.122 - - [22/Aug/2019:11:09:35 -0300] "GET /cormun/servlet/solicitudotadjuntos?132a095e701f50c135f03ad7fde1dc040c22fc796ae216175f54b7129ed8443d99fdf798365b728a72e580d10c7f39bc,gx-no-cache=1566482658287 HTTP/1.1" 200 30
190.171.141.122 - - [22/Aug/2019:11:09:35 -0300] "POST /cormun/servlet/solicitudotadjuntos?edd9a357f2bc6ef604bdd9d41c1866ce,INS,2019,15982,,1,,gx-no-cache=1566482658333 HTTP/1.1" 200 4094
190.171.141.122 - - [22/Aug/2019:11:09:37 -0300] "POST /cormun/servlet/solicitudotadjuntos?gx-no-cache=1566482660968 HTTP/1.1" 200 26
200.111.191.212 - - [22/Aug/2019:11:09:40 -0300] "POST /cormun/servlet/vesolicitudot?7e4e8c8ca6d131b3e8356cd14311061e,2019,15771,,,gx-no-cache=1566482821835 HTTP/1.1" 200 93
200.111.191.212 - - [22/Aug/2019:11:09:40 -0300] "GET /cormun/servlet/hpexe_return? HTTP/1.1" 200 1015
200.111.191.212 - - [22/Aug/2019:11:09:40 -0300] "GET /cormun/servlet/trsolicitudot? HTTP/1.1" 200 9212
200.111.191.212 - - [22/Aug/2019:11:09:41 -0300] "GET /cormun/servlet/trsolicitudot? HTTP/1.1" 200 9208
190.171.152.138 - - [22/Aug/2019:11:09:41 -0300] "GET /cormun/servlet/alicenciaprn?18375139,L,20190822000000,PU HTTP/1.1" 200 1550
190.171.141.122 - - [22/Aug/2019:11:09:43 -0300] "GET /cormun/servlet/solicitudotadjuntos?132a095e701f50c135f03ad7fde1dc04d32c0a89b380680dfd26f7f3e603fe29,gx-no-cache=1566482666842 HTTP/1.1" 200 30
190.171.141.122 - - [22/Aug/2019:11:09:43 -0300] "GET /cormun/servlet/solicitudotadjuntos?132a095e701f50c135f03ad7fde1dc04d32c0a89b380680dfd26f7f3e603fe29,gx-no-cache=1566482666860 HTTP/1.1" 200 30
190.171.141.122 - - [22/Aug/2019:11:09:43 -0300] "POST /cormun/servlet/solicitudotadjuntos?edd9a357f2bc6ef604bdd9d41c1866ce,INS,2019,15982,,1, HTTP/1.1" 200 116
190.171.141.122 - - [22/Aug/2019:11:09:43 -0300] "GET /cormun/servlet/hpexe_return? HTTP/1.1" 200 1026
190.171.141.122 - - [22/Aug/2019:11:09:44 -0300] "GET /cormun/servlet/trsolicitudadjuntos?2019,15982, HTTP/1.1" 200 10151
190.171.141.122 - - [22/Aug/2019:11:09:44 -0300] "GET /cormun/servlet/trsolicitudadjuntos?2019,15982, HTTP/1.1" 200 10144
200.111.191.212 - - [22/Aug/2019:11:09:47 -0300] "POST /cormun/servlet/trsolicitudot?7e4e8c8ca6d131b3e8356cd14311061e,,gx-no-cache=1566482828957 HTTP/1.1" 200 14081
190.171.141.122 - - [22/Aug/2019:11:09:54 -0300] "POST /cormun/servlet/trsolicitudadjuntos?edd9a357f2bc6ef604bdd9d41c1866ce,2019,15982,,gx-no-cache=1566482677409 HTTP/1.1" 200 90
190.171.141.122 - - [22/Aug/2019:11:09:54 -0300] "GET /cormun/servlet/hpexe_link HTTP/1.1" 200 967
190.171.141.122 - - [22/Aug/2019:11:09:54 -0300] "GET /cormun/static/gxcfg.js?20177612121792 HTTP/1.1" 200 953
190.171.141.122 - - [22/Aug/2019:11:09:54 -0300] "GET /cormun/static/hpexe_link.js?20177612121795 HTTP/1.1" 200 625
190.171.141.122 - - [22/Aug/2019:11:09:54 -0300] "GET /cormun/servlet/trsolicitudot HTTP/1.1" 200 8915
190.171.141.122 - - [22/Aug/2019:11:09:54 -0300] "GET /cormun/servlet/trsolicitudot HTTP/1.1" 200 8914
200.111.191.212 - - [22/Aug/2019:11:09:56 -0300] "GET /cormun/servlet/vesolicitudot?2019,15899,, HTTP/1.1" 200 8403
200.111.191.212 - - [22/Aug/2019:11:09:56 -0300] "GET /cormun/pexe_scrolldiv.js HTTP/1.1" 404 1009
200.111.191.212 - - [22/Aug/2019:11:09:56 -0300] "GET /cormun/servlet/vesolicitudot?2019,15899,, HTTP/1.1" 200 8403
200.111.191.212 - - [22/Aug/2019:11:10:01 -0300] "POST /cormun/servlet/vesolicitudot?7e4e8c8ca6d131b3e8356cd14311061e,2019,15899,,,gx-no-cache=1566482842999 HTTP/1.1" 200 93
200.111.191.212 - - [22/Aug/2019:11:10:01 -0300] "GET /cormun/servlet/hpexe_return? HTTP/1.1" 200 1013
200.111.191.212 - - [22/Aug/2019:11:10:02 -0300] "GET /cormun/servlet/trsolicitudot? HTTP/1.1" 200 16974
200.111.191.212 - - [22/Aug/2019:11:10:02 -0300] "GET /cormun/servlet/trsolicitudot? HTTP/1.1" 200 16969
200.111.191.212 - - [22/Aug/2019:11:10:13 -0300] "GET /cormun/servlet/vesolicitudot?2019,15900,, HTTP/1.1" 200 8395
200.111.191.212 - - [22/Aug/2019:11:10:13 -0300] "GET /cormun/pexe_scrolldiv.js HTTP/1.1" 404 1009
200.111.191.212 - - [22/Aug/2019:11:10:13 -0300] "GET /cormun/servlet/vesolicitudot?2019,15900,, HTTP/1.1" 200 8395
190.171.152.138 - - [22/Aug/2019:11:10:17 -0300] "GET /cormun/servlet/hlogin HTTP/1.1" 200 1744
190.171.141.122 - - [22/Aug/2019:11:10:19 -0300] "POST /cormun/servlet/trsolicitudot?edd9a357f2bc6ef604bdd9d41c1866ce,gx-no-cache=1566482702515 HTTP/1.1" 200 4747
190.171.141.122 - - [22/Aug/2019:11:10:19 -0300] "GET /cormun/static/Shared/jqueryui/images/ui-bg_highlight-soft_100_c6c2c8_1x100.png HTTP/1.1" 404 1117
190.171.141.122 - - [22/Aug/2019:11:10:19 -0300] "GET /cormun/static/Shared/jqueryui/images/ui-icons_82798d_256x240.png HTTP/1.1" 404 1089
190.171.141.122 - - [22/Aug/2019:11:10:19 -0300] "GET /cormun/static/Shared/jqueryui/images/ui-bg_flat_55_fafafa_40x100.png HTTP/1.1" 404 1097
190.171.141.122 - - [22/Aug/2019:11:10:19 -0300] "GET /cormun/static/Shared/jqueryui/images/ui-icons_8d78a5_256x240.png HTTP/1.1" 404 1089
190.171.141.122 - - [22/Aug/2019:11:10:19 -0300] "POST /cormun/servlet/trsolicitudot?edd9a357f2bc6ef604bdd9d41c1866ce,gx-no-cache=1566482702848 HTTP/1.1" 200 4527
200.111.191.212 - - [22/Aug/2019:11:10:22 -0300] "GET /cormun/servlet/trsolicitudot? HTTP/1.1" 200 16973
200.111.191.212 - - [22/Aug/2019:11:10:23 -0300] "GET /cormun/servlet/trsolicitudot? HTTP/1.1" 200 16969
190.171.141.122 - - [22/Aug/2019:11:10:26 -0300] "GET /cormun/servlet/trautorizarsolicitud? HTTP/1.1" 200 8808
190.171.141.122 - - [22/Aug/2019:11:10:26 -0300] "GET /cormun/static/gxcfg.js?2017111423403364 HTTP/1.1" 200 953
190.171.141.122 - - [22/Aug/2019:11:10:26 -0300] "GET /cormun/static/trautorizarsolicitud.js?201711142340425 HTTP/1.1" 200 53910
190.171.141.122 - - [22/Aug/2019:11:10:27 -0300] "GET /cormun/servlet/trautorizarsolicitud? HTTP/1.1" 200 8808
200.111.191.212 - - [22/Aug/2019:11:10:27 -0300] "GET /cormun/servlet/vesolicitudot?2019,15862,, HTTP/1.1" 200 8400
200.111.191.212 - - [22/Aug/2019:11:10:27 -0300] "GET /cormun/pexe_scrolldiv.js HTTP/1.1" 404 1009
200.111.191.212 - - [22/Aug/2019:11:10:27 -0300] "GET /cormun/pexe_scrolldiv.js HTTP/1.1" 404 1009
200.111.191.212 - - [22/Aug/2019:11:10:27 -0300] "GET /cormun/servlet/vesolicitudot?2019,15862,, HTTP/1.1" 200 8400
200.111.191.212 - - [22/Aug/2019:11:10:31 -0300] "GET /cormun/servlet/vesolicitudot?2019,15862,,SolicitudOTLog HTTP/1.1" 200 9259
200.111.191.212 - - [22/Aug/2019:11:10:31 -0300] "GET /cormun/pexe_scrolldiv.js HTTP/1.1" 404 1009
200.111.191.212 - - [22/Aug/2019:11:10:31 -0300] "GET /cormun/static/Resources/PXToolsTabLastSelected.png HTTP/1.1" 200 1262
200.111.191.212 - - [22/Aug/2019:11:10:31 -0300] "GET /cormun/static/tbsolicitudot03.js?20177611592012 HTTP/1.1" 200 13332
200.111.191.212 - - [22/Aug/2019:11:10:31 -0300] "GET /cormun/static/gxui/gxui-all.css HTTP/1.1" 200 2179
200.111.191.212 - - [22/Aug/2019:11:10:31 -0300] "GET /cormun/static/Resources/PXToolsTabFirstUnselected.png HTTP/1.1" 200 1264
200.111.191.212 - - [22/Aug/2019:11:10:31 -0300] "GET /cormun/static/Resources/PXToolsTabUnselectedSelected.png HTTP/1.1" 200 1444
200.111.191.212 - - [22/Aug/2019:11:10:31 -0300] "GET /cormun/servlet/vesolicitudot?2019,15862,,SolicitudOTLog HTTP/1.1" 200 9259
200.111.191.212 - - [22/Aug/2019:11:10:31 -0300] "GET /cormun/static/Shared/ext/resources/css/ext-all.css HTTP/1.1" 200 416045
200.111.191.212 - - [22/Aug/2019:11:10:32 -0300] "POST /cormun/servlet/acontrolpreferencessavestate?None,CA-7,true HTTP/1.1" 200 35
200.111.191.212 - - [22/Aug/2019:11:10:35 -0300] "GET /cormun/servlet/vesolicitudot?2019,15862,,General HTTP/1.1" 200 8406
200.111.191.212 - - [22/Aug/2019:11:10:35 -0300] "GET /cormun/pexe_scrolldiv.js HTTP/1.1" 404 1009
200.111.191.212 - - [22/Aug/2019:11:10:35 -0300] "GET /cormun/servlet/vesolicitudot?2019,15862,,General HTTP/1.1" 200 8406
190.171.141.122 - - [22/Aug/2019:11:10:37 -0300] "POST /cormun/servlet/trautorizarsolicitud?edd9a357f2bc6ef604bdd9d41c1866ce,,gx-no-cache=1566482721115 HTTP/1.1" 200 116
190.171.141.122 - - [22/Aug/2019:11:10:38 -0300] "GET /cormun/servlet/solicitudotlog?INS,2019,15982,0,ANU, HTTP/1.1" 200 6136
190.171.141.122 - - [22/Aug/2019:11:10:38 -0300] "GET /cormun/static/gxcfg.js?2017761245646 HTTP/1.1" 200 953
190.171.141.122 - - [22/Aug/2019:11:10:38 -0300] "GET /cormun/static/solicitudotlog.js?2017761245655 HTTP/1.1" 200 8934
190.171.141.122 - - [22/Aug/2019:11:10:38 -0300] "GET /cormun/servlet/solicitudotlog?INS,2019,15982,0,ANU, HTTP/1.1" 200 6137
190.171.141.122 - - [22/Aug/2019:11:10:39 -0300] "GET /cormun/servlet/solicitudotlog?132a095e701f50c135f03ad7fde1dc040c22fc796ae216175f54b7129ed8443de275f21e923b1ff1660d7b6389b3217e28c7b01ff58ded3ec5301f8f9e469560affa9d173b9e4e0f28bdb317be8c814f2a6a87093862ca503530a41b00940fcb7272ed6d92c5312b3bf7aa3b63e2302ab7801e159344cb4306c3145e67bfe943431c756e16996eb97eeb59939fe5324206c9e5ea5c559c9c9c102cf0dfd899b2,gx-no-cache=1566482722447 HTTP/1.1" 200 94
200.111.191.212 - - [22/Aug/2019:11:10:39 -0300] "GET /cormun/servlet/hlogin HTTP/1.1" 200 1756
190.171.141.122 - - [22/Aug/2019:11:10:42 -0300] "POST /cormun/servlet/solicitudotlog?edd9a357f2bc6ef604bdd9d41c1866ce,INS,2019,15982,0,ANU,,gx-no-cache=1566482725818 HTTP/1.1" 200 93
190.171.141.122 - - [22/Aug/2019:11:10:42 -0300] "GET /cormun/servlet/hpexe_return? HTTP/1.1" 200 1028
190.171.141.122 - - [22/Aug/2019:11:10:42 -0300] "GET /cormun/servlet/trautorizarsolicitud HTTP/1.1" 200 8812
190.171.141.122 - - [22/Aug/2019:11:10:43 -0300] "GET /cormun/servlet/trautorizarsolicitud HTTP/1.1" 200 8808
190.171.141.122 - - [22/Aug/2019:11:10:59 -0300] "POST /cormun/servlet/trautorizarsolicitud?edd9a357f2bc6ef604bdd9d41c1866ce,gx-no-cache=1566482742379 HTTP/1.1" 200 116
190.171.141.122 - - [22/Aug/2019:11:10:59 -0300] "GET /cormun/servlet/solicitudotlog?INS,2019,15982,0,ANU, HTTP/1.1" 200 6137
190.171.141.122 - - [22/Aug/2019:11:10:59 -0300] "GET /cormun/servlet/solicitudotlog?INS,2019,15982,0,ANU, HTTP/1.1" 200 6137
190.171.141.122 - - [22/Aug/2019:11:11:00 -0300] "GET /cormun/servlet/solicitudotlog?132a095e701f50c135f03ad7fde1dc040c22fc796ae216175f54b7129ed8443de275f21e923b1ff1660d7b6389b3217e28c7b01ff58ded3ec5301f8f9e469560affa9d173b9e4e0f28bdb317be8c814f2a6a87093862ca503530a41b00940fcb7272ed6d92c5312b3bf7aa3b63e2302ab7801e159344cb4306c3145e67bfe943431c756e16996eb97eeb59939fe5324206c9e5ea5c559c9c9c102cf0dfd899b2,gx-no-cache=1566482743480 HTTP/1.1" 200 94
190.171.141.122 - - [22/Aug/2019:11:11:01 -0300] "POST /cormun/servlet/solicitudotlog?edd9a357f2bc6ef604bdd9d41c1866ce,INS,2019,15982,0,ANU,,gx-no-cache=1566482744379 HTTP/1.1" 200 93
190.171.141.122 - - [22/Aug/2019:11:11:01 -0300] "GET /cormun/servlet/hpexe_return? HTTP/1.1" 200 1028
190.171.141.122 - - [22/Aug/2019:11:11:01 -0300] "GET /cormun/servlet/trautorizarsolicitud HTTP/1.1" 200 8812
190.171.141.122 - - [22/Aug/2019:11:11:01 -0300] "GET /cormun/servlet/trautorizarsolicitud HTTP/1.1" 200 8808
190.171.141.122 - - [22/Aug/2019:11:11:11 -0300] "POST /cormun/servlet/trautorizarsolicitud?edd9a357f2bc6ef604bdd9d41c1866ce,gx-no-cache=1566482754937 HTTP/1.1" 200 4680
190.171.141.122 - - [22/Aug/2019:11:11:12 -0300] "POST /cormun/servlet/trautorizarsolicitud?edd9a357f2bc6ef604bdd9d41c1866ce,gx-no-cache=1566482755235 HTTP/1.1" 200 4463
13.229.137.236 - - [22/Aug/2019:11:11:14 -0300] "GET /manager/html HTTP/1.1" 401 2474
13.229.137.236 - tomcat [22/Aug/2019:11:11:14 -0300] "GET /manager/html HTTP/1.1" 403 3196
13.229.137.236 - - [22/Aug/2019:11:11:15 -0300] "GET /manager/html HTTP/1.1" 401 2474
13.229.137.236 - - [22/Aug/2019:11:11:15 -0300] "GET /manager/html HTTP/1.1" 401 2474
13.229.137.236 - - [22/Aug/2019:11:11:16 -0300] "GET /manager/html HTTP/1.1" 401 2474
13.229.137.236 - - [22/Aug/2019:11:11:17 -0300] "GET /manager/html HTTP/1.1" 401 2474
13.229.137.236 - - [22/Aug/2019:11:11:17 -0300] "GET /manager/html HTTP/1.1" 401 2474
13.229.137.236 - - [22/Aug/2019:11:11:18 -0300] "GET /manager/html HTTP/1.1" 401 2474
13.229.137.236 - - [22/Aug/2019:11:11:18 -0300] "GET /manager/html HTTP/1.1" 401 2474
13.229.137.236 - - [22/Aug/2019:11:11:19 -0300] "GET /manager/html HTTP/1.1" 401 2474
13.229.137.236 - - [22/Aug/2019:11:11:19 -0300] "GET /manager/html HTTP/1.1" 401 2474
13.229.137.236 - - [22/Aug/2019:11:11:20 -0300] "GET /manager/html HTTP/1.1" 401 2474
13.229.137.236 - - [22/Aug/2019:11:11:20 -0300] "GET /manager/html HTTP/1.1" 401 2474
13.229.137.236 - - [22/Aug/2019:11:11:21 -0300] "GET /manager/html HTTP/1.1" 401 2474
13.229.137.236 - - [22/Aug/2019:11:11:21 -0300] "GET /manager/html HTTP/1.1" 401 2474
13.229.137.236 - - [22/Aug/2019:11:11:22 -0300] "GET /manager/html HTTP/1.1" 401 2474
13.229.137.236 - - [22/Aug/2019:11:11:22 -0300] "GET /manager/html HTTP/1.1" 401 2474
13.229.137.236 - - [22/Aug/2019:11:11:22 -0300] "GET /manager/html HTTP/1.1" 401 2474
13.229.137.236 - - [22/Aug/2019:11:11:23 -0300] "GET /manager/html HTTP/1.1" 401 2474
13.229.137.236 - - [22/Aug/2019:11:11:23 -0300] "GET /manager/html HTTP/1.1" 401 2474
13.229.137.236 - - [22/Aug/2019:11:11:24 -0300] "GET /manager/html HTTP/1.1" 401 2474
13.229.137.236 - - [22/Aug/2019:11:11:24 -0300] "GET /manager/html HTTP/1.1" 401 2474
13.229.137.236 - - [22/Aug/2019:11:11:25 -0300] "GET /manager/html HTTP/1.1" 401 2474
13.229.137.236 - - [22/Aug/2019:11:11:25 -0300] "GET /manager/html HTTP/1.1" 401 2474
13.229.137.236 - - [22/Aug/2019:11:11:26 -0300] "GET /manager/html HTTP/1.1" 401 2474
13.229.137.236 - both [22/Aug/2019:11:11:26 -0300] "GET /manager/html HTTP/1.1" 403 3196
13.229.137.236 - - [22/Aug/2019:11:11:27 -0300] "GET /manager/html HTTP/1.1" 401 2474
13.229.137.236 - - [22/Aug/2019:11:11:27 -0300] "GET /manager/html HTTP/1.1" 401 2474
13.229.137.236 - - [22/Aug/2019:11:11:28 -0300] "GET /manager/html HTTP/1.1" 401 2474
13.229.137.236 - - [22/Aug/2019:11:11:28 -0300] "GET /manager/html HTTP/1.1" 401 2474
13.229.137.236 - - [22/Aug/2019:11:11:29 -0300] "GET /manager/html HTTP/1.1" 401 2474
13.229.137.236 - - [22/Aug/2019:11:11:29 -0300] "GET /manager/html HTTP/1.1" 401 2474
13.229.137.236 - - [22/Aug/2019:11:11:29 -0300] "GET /manager/html HTTP/1.1" 401 2474
13.229.137.236 - - [22/Aug/2019:11:11:30 -0300] "GET /manager/html HTTP/1.1" 401 2474
13.229.137.236 - - [22/Aug/2019:11:11:30 -0300] "GET /manager/html HTTP/1.1" 401 2474
13.229.137.236 - - [22/Aug/2019:11:11:31 -0300] "GET /manager/html HTTP/1.1" 401 2474
13.229.137.236 - - [22/Aug/2019:11:11:31 -0300] "GET /manager/html HTTP/1.1" 401 2474
13.229.137.236 - - [22/Aug/2019:11:11:32 -0300] "GET /manager/html HTTP/1.1" 401 2474
13.229.137.236 - - [22/Aug/2019:11:11:32 -0300] "GET /manager/html HTTP/1.1" 401 2474
13.229.137.236 - - [22/Aug/2019:11:11:33 -0300] "GET /manager/html HTTP/1.1" 401 2474
13.229.137.236 - - [22/Aug/2019:11:11:33 -0300] "GET /manager/html HTTP/1.1" 401 2474
190.171.141.122 - - [22/Aug/2019:11:11:34 -0300] "GET /cormun/servlet/trsolicitudot? HTTP/1.1" 200 7551
190.171.141.122 - - [22/Aug/2019:11:11:35 -0300] "GET /cormun/servlet/trsolicitudot? HTTP/1.1" 200 7550
190.171.141.122 - - [22/Aug/2019:11:11:38 -0300] "POST /cormun/servlet/trsolicitudot?edd9a357f2bc6ef604bdd9d41c1866ce,,gx-no-cache=1566482781617 HTTP/1.1" 200 7845
190.171.141.122 - - [22/Aug/2019:11:11:43 -0300] "GET /cormun/servlet/vesolicitudot?2019,15982,, HTTP/1.1" 200 8685
190.171.141.122 - - [22/Aug/2019:11:11:43 -0300] "GET /cormun/static/gxcfg.js?2017111422591385 HTTP/1.1" 200 953
190.171.141.122 - - [22/Aug/2019:11:11:43 -0300] "GET /cormun/pexe_scrolldiv.js HTTP/1.1" 404 1009
190.171.141.122 - - [22/Aug/2019:11:11:43 -0300] "GET /cormun/static/Resources/PXToolsTabFirstSelected.png HTTP/1.1" 200 1259
190.171.141.122 - - [22/Aug/2019:11:11:44 -0300] "GET /cormun/static/vesolicitudot.js?2017111422591449 HTTP/1.1" 200 6091
190.171.141.122 - - [22/Aug/2019:11:11:44 -0300] "GET /cormun/static/hpexe_tabsview.js?201610171694228 HTTP/1.1" 200 1661
190.171.141.122 - - [22/Aug/2019:11:11:44 -0300] "GET /cormun/static/hwcviewtabs.js?20177611594913 HTTP/1.1" 200 1074
190.171.141.122 - - [22/Aug/2019:11:11:44 -0300] "GET /cormun/static/Resources/PXToolsTabLastUnselected.png HTTP/1.1" 200 1291
190.171.141.122 - - [22/Aug/2019:11:11:44 -0300] "GET /cormun/static/Resources/PXToolsTabPrevious.gif HTTP/1.1" 200 172
190.171.141.122 - - [22/Aug/2019:11:11:44 -0300] "GET /cormun/static/Resources/PXToolsTabNext.gif HTTP/1.1" 200 168
190.171.141.122 - - [22/Aug/2019:11:11:44 -0300] "GET /cormun/static/tbsolicitudot01.js?2017111422581186 HTTP/1.1" 200 30566
190.171.141.122 - - [22/Aug/2019:11:11:44 -0300] "GET /cormun/static/calendar-system.css HTTP/1.1" 200 5572
190.171.141.122 - - [22/Aug/2019:11:11:44 -0300] "GET /cormun/static/Resources/PXToolsTabBackSelected.png HTTP/1.1" 200 1157
190.171.141.122 - - [22/Aug/2019:11:11:44 -0300] "GET /cormun/static/Resources/PXToolsTabBackUnselected.png HTTP/1.1" 200 1175
190.171.141.122 - - [22/Aug/2019:11:11:44 -0300] "GET /cormun/static/Resources/PXToolsTabSelectedUnselected.png HTTP/1.1" 200 1428
190.171.141.122 - - [22/Aug/2019:11:11:44 -0300] "GET /cormun/static/Resources/PXToolsTabUnselectedUnselected.png HTTP/1.1" 200 1459
190.171.141.122 - - [22/Aug/2019:11:11:44 -0300] "GET /cormun/servlet/vesolicitudot?2019,15982,, HTTP/1.1" 200 8684
190.171.141.122 - - [22/Aug/2019:11:11:46 -0300] "GET /cormun/servlet/vesolicitudot?2019,15982,,SolicitudOTAdjuntos HTTP/1.1" 200 11460
190.171.141.122 - - [22/Aug/2019:11:11:46 -0300] "GET /cormun/pexe_scrolldiv.js HTTP/1.1" 404 1009
190.171.141.122 - - [22/Aug/2019:11:11:46 -0300] "GET /cormun/static/tbsolicitudot02.js?201711142258496 HTTP/1.1" 200 15626
190.171.141.122 - - [22/Aug/2019:11:11:47 -0300] "GET /cormun/static/gxui/gxui-all.css HTTP/1.1" 200 2179
190.171.141.122 - - [22/Aug/2019:11:11:47 -0300] "GET /cormun/static/Resources/PXToolsTabFirstUnselected.png HTTP/1.1" 200 1264
190.171.141.122 - - [22/Aug/2019:11:11:47 -0300] "GET /cormun/static/Resources/PXToolsTabUnselectedSelected.png HTTP/1.1" 200 1444
190.171.141.122 - - [22/Aug/2019:11:11:47 -0300] "GET /cormun/servlet/vesolicitudot?2019,15982,,SolicitudOTAdjuntos HTTP/1.1" 200 11463
190.171.141.122 - - [22/Aug/2019:11:11:47 -0300] "GET /cormun/static/Shared/ext/resources/css/ext-all.css HTTP/1.1" 200 416045
190.171.141.122 - - [22/Aug/2019:11:11:47 -0300] "POST /cormun/servlet/acontrolpreferencessavestate?None,GVALDES,true HTTP/1.1" 200 35
190.171.141.122 - - [22/Aug/2019:11:11:49 -0300] "GET /cormun/servlet/vesolicitudot?2019,15982,,SolicitudOTLog HTTP/1.1" 200 9565
190.171.141.122 - - [22/Aug/2019:11:11:49 -0300] "GET /cormun/static/Resources/PXToolsTabLastSelected.png HTTP/1.1" 200 1262
190.171.141.122 - - [22/Aug/2019:11:11:49 -0300] "GET /cormun/pexe_scrolldiv.js HTTP/1.1" 404 1009
190.171.141.122 - - [22/Aug/2019:11:11:49 -0300] "GET /cormun/static/tbsolicitudot03.js?20177611592012 HTTP/1.1" 200 13332
190.171.141.122 - - [22/Aug/2019:11:11:49 -0300] "GET /cormun/servlet/vesolicitudot?2019,15982,,SolicitudOTLog HTTP/1.1" 200 9565
190.171.141.122 - - [22/Aug/2019:11:11:50 -0300] "POST /cormun/servlet/acontrolpreferencessavestate?None,GVALDES,true HTTP/1.1" 200 35
190.171.141.122 - - [22/Aug/2019:11:11:52 -0300] "GET /cormun/servlet/vesolicitudot?2019,15982,,General HTTP/1.1" 200 8690
190.171.141.122 - - [22/Aug/2019:11:11:52 -0300] "GET /cormun/pexe_scrolldiv.js HTTP/1.1" 404 1009
190.171.141.122 - - [22/Aug/2019:11:11:53 -0300] "GET /cormun/servlet/vesolicitudot?2019,15982,,General HTTP/1.1" 200 8690
190.171.141.122 - - [22/Aug/2019:11:12:08 -0300] "POST /cormun/servlet/vesolicitudot?edd9a357f2bc6ef604bdd9d41c1866ce,2019,15982,,General,gx-no-cache=1566482811852 HTTP/1.1" 200 93
190.171.141.122 - - [22/Aug/2019:11:12:08 -0300] "GET /cormun/servlet/hpexe_return? HTTP/1.1" 200 1015
190.171.141.122 - - [22/Aug/2019:11:12:08 -0300] "GET /cormun/servlet/trsolicitudot? HTTP/1.1" 200 10827
190.171.141.122 - - [22/Aug/2019:11:12:09 -0300] "GET /cormun/servlet/trsolicitudot? HTTP/1.1" 200 10822
190.171.141.90 - - [22/Aug/2019:11:12:39 -0300] "GET /cormun/servlet/hlogin HTTP/1.1" 200 1730
190.171.141.90 - - [22/Aug/2019:11:12:45 -0300] "POST /cormun/servlet/hlogin?28c01dc990808980b9fda78fdc4c50d0,gx-no-cache=1566482848902 HTTP/1.1" 200 436
190.171.141.122 - - [22/Aug/2019:11:12:47 -0300] "POST /cormun/servlet/trsolicitudot?edd9a357f2bc6ef604bdd9d41c1866ce,,gx-no-cache=1566482850422 HTTP/1.1" 200 7822
190.171.141.90 - - [22/Aug/2019:11:12:50 -0300] "POST /cormun/servlet/hlogin?28c01dc990808980b9fda78fdc4c50d0,gx-no-cache=1566482854367 HTTP/1.1" 200 90
190.171.141.90 - - [22/Aug/2019:11:12:50 -0300] "GET /cormun/servlet/hpexe_link HTTP/1.1" 200 954
190.171.141.90 - - [22/Aug/2019:11:12:50 -0300] "GET /cormun/servlet/hhome HTTP/1.1" 200 4233
190.171.141.90 - - [22/Aug/2019:11:12:51 -0300] "GET /cormun/servlet/hhome HTTP/1.1" 200 4230
190.171.141.122 - - [22/Aug/2019:11:12:54 -0300] "POST /cormun/servlet/trsolicitudot?edd9a357f2bc6ef604bdd9d41c1866ce,,gx-no-cache=1566482857683 HTTP/1.1" 200 7822
190.171.141.90 - - [22/Aug/2019:11:12:56 -0300] "GET /cormun/servlet/trlicencias? HTTP/1.1" 200 15922
190.171.141.90 - - [22/Aug/2019:11:12:57 -0300] "GET /cormun/servlet/trlicencias? HTTP/1.1" 200 15818
190.171.141.90 - - [22/Aug/2019:11:13:19 -0300] "GET /cormun/servlet/trsolicitudot? HTTP/1.1" 200 7444
190.171.141.90 - - [22/Aug/2019:11:13:20 -0300] "GET /cormun/servlet/trsolicitudot? HTTP/1.1" 200 7444
190.171.141.90 - - [22/Aug/2019:11:13:22 -0300] "GET /cormun/servlet/trsolicitudot? HTTP/1.1" 200 7444
190.171.141.90 - - [22/Aug/2019:11:13:23 -0300] "GET /cormun/servlet/trsolicitudot? HTTP/1.1" 200 7444
190.171.141.90 - - [22/Aug/2019:11:13:28 -0300] "GET /cormun/servlet/trsolicitudot? HTTP/1.1" 200 7444
190.171.141.90 - - [22/Aug/2019:11:13:29 -0300] "GET /cormun/servlet/trsolicitudot? HTTP/1.1" 200 7444
190.171.141.90 - - [22/Aug/2019:11:13:32 -0300] "POST /cormun/servlet/trsolicitudot?28c01dc990808980b9fda78fdc4c50d0,,gx-no-cache=1566482896732 HTTP/1.1" 200 9031
190.171.154.42 - - [22/Aug/2019:11:13:48 -0300] "GET /cormun/servlet/trpermisosgoce? HTTP/1.1" 200 19687
190.171.154.42 - - [22/Aug/2019:11:13:49 -0300] "GET /cormun/static/gxui/gxui-all.css?110300 HTTP/1.1" 200 2179
190.171.154.42 - - [22/Aug/2019:11:13:49 -0300] "GET /cormun/static/calendar-system.css?75620 HTTP/1.1" 200 5572
190.171.154.42 - - [22/Aug/2019:11:13:49 -0300] "GET /cormun/static/SmoothNavMenu/resources/ddsmoothmenu.css?1012540 HTTP/1.1" 200 2223
190.171.154.42 - - [22/Aug/2019:11:13:49 -0300] "GET /cormun/static/Shared/jqueryui/jquery-ui.min.css?1245370 HTTP/1.1" 200 30288
190.171.154.42 - - [22/Aug/2019:11:13:49 -0300] "GET /cormun/static/SmoothNavMenu/resources/ddsmoothmenu-v.css?1012540 HTTP/1.1" 200 1188
190.171.154.42 - - [22/Aug/2019:11:13:49 -0300] "GET /cormun/static/Resources/Spanish/PXTools.css?1155365 HTTP/1.1" 200 89042
190.171.154.42 - - [22/Aug/2019:11:13:49 -0300] "GET /cormun/static/gxtimezone.js?85251 HTTP/1.1" 200 5781
190.171.154.42 - - [22/Aug/2019:11:13:49 -0300] "GET /cormun/static/scaMessage/css/jquery.pnotify.default.css?1716380 HTTP/1.1" 200 1707
190.171.154.42 - - [22/Aug/2019:11:13:49 -0300] "GET /cormun/static/gxcfg.js?20177612163875 HTTP/1.1" 200 953
190.171.154.42 - - [22/Aug/2019:11:13:49 -0300] "GET /cormun/static/calendar.js?85251 HTTP/1.1" 200 26246
190.171.154.42 - - [22/Aug/2019:11:13:49 -0300] "GET /cormun/static/Shared/ext/resources/css/ext-all.css?205870 HTTP/1.1" 200 416045
190.171.154.42 - - [22/Aug/2019:11:13:49 -0300] "GET /cormun/static/calendar-setup.js?85251 HTTP/1.1" 200 2588
190.171.154.42 - - [22/Aug/2019:11:13:49 -0300] "GET /cormun/static/calendar-es.js?85251 HTTP/1.1" 200 1901
190.171.154.42 - - [22/Aug/2019:11:13:49 -0300] "GET /cormun/static/gxgral.js?85251 HTTP/1.1" 200 384558
190.171.154.42 - - [22/Aug/2019:11:13:49 -0300] "GET /cormun/static/RunJS/RunJS.js HTTP/1.1" 200 288
190.171.154.42 - - [22/Aug/2019:11:13:49 -0300] "GET /cormun/static/gxui/gxui-all.js HTTP/1.1" 200 107772
190.171.154.42 - - [22/Aug/2019:11:13:50 -0300] "GET /cormun/static/PXToolsJavascripts/pexe_autoreload.js HTTP/1.1" 200 1762
190.171.154.42 - - [22/Aug/2019:11:13:50 -0300] "GET /cormun/static/PXToolsJavascripts/pexe_cookies.js HTTP/1.1" 200 792
190.171.154.42 - - [22/Aug/2019:11:13:50 -0300] "GET /cormun/static/PXToolsJavascripts/pexe_windows.js HTTP/1.1" 200 15207
190.171.154.42 - - [22/Aug/2019:11:13:50 -0300] "GET /cormun/static/PXToolsJavascripts/pexe_grid.js HTTP/1.1" 200 7559
190.171.154.42 - - [22/Aug/2019:11:13:50 -0300] "GET /cormun/static/PXToolsJavascripts/pexe_griddivfix.js HTTP/1.1" 200 6644
190.171.154.42 - - [22/Aug/2019:11:13:51 -0300] "GET /cormun/static/PXToolsJavascripts/pexe_link.js HTTP/1.1" 200 5671
190.171.154.42 - - [22/Aug/2019:11:13:51 -0300] "GET /cormun/static/PXToolsJavascripts/pexe_menudivfix.js HTTP/1.1" 200 333
190.171.154.42 - - [22/Aug/2019:11:13:51 -0300] "GET /cormun/static/PXToolsJavascripts/pexe_menus.js HTTP/1.1" 200 1286
190.171.154.42 - - [22/Aug/2019:11:13:51 -0300] "GET /cormun/static/PXToolsJavascripts/pexe_layers.js HTTP/1.1" 200 4114
190.171.154.42 - - [22/Aug/2019:11:13:51 -0300] "GET /cormun/static/PXToolsJavascripts/pexe_oavdivfix.js HTTP/1.1" 200 639
190.171.154.42 - - [22/Aug/2019:11:13:51 -0300] "GET /cormun/static/PXToolsJavascripts/pexe_picture.js HTTP/1.1" 200 689
190.171.154.42 - - [22/Aug/2019:11:13:51 -0300] "GET /cormun/static/PXToolsJavascripts/pexe_oav.js HTTP/1.1" 200 645
190.171.154.42 - - [22/Aug/2019:11:13:51 -0300] "GET /cormun/static/PXToolsJavascripts/pexe_popup.js HTTP/1.1" 200 13458
190.171.154.42 - - [22/Aug/2019:11:13:51 -0300] "GET /cormun/static/PXToolsJavascripts/pexe_scrolldiv.js HTTP/1.1" 200 4138
190.171.154.42 - - [22/Aug/2019:11:13:51 -0300] "GET /cormun/static/Shared/ext/ext-all.js HTTP/1.1" 200 1289687
190.171.154.42 - - [22/Aug/2019:11:13:52 -0300] "GET /cormun/static/PXToolsJavascripts/pexe_tabdivfix.js HTTP/1.1" 200 876
190.171.154.42 - - [22/Aug/2019:11:13:52 -0300] "GET /cormun/static/PXToolsJavascripts/pexe_upload.js HTTP/1.1" 200 1423
190.171.154.42 - - [22/Aug/2019:11:13:52 -0300] "GET /cormun/static/PXToolsJavascripts/pexe_tabs.js HTTP/1.1" 200 3748
190.171.154.42 - - [22/Aug/2019:11:13:52 -0300] "GET /cormun/static/PXToolsJavascripts/PXToolsJavascriptsRender.js HTTP/1.1" 200 367
190.171.154.42 - - [22/Aug/2019:11:13:52 -0300] "GET /cormun/static/Resources/logo4.png HTTP/1.1" 200 6582
190.171.154.42 - - [22/Aug/2019:11:13:52 -0300] "GET /cormun/static/Resources/PXToolsHeaderActionsLeft.png HTTP/1.1" 200 1118
190.171.154.42 - - [22/Aug/2019:11:13:53 -0300] "GET /cormun/static/Shared/ext/locale/ext-lang-en.js HTTP/1.1" 200 10940
190.171.154.42 - - [22/Aug/2019:11:13:53 -0300] "GET /cormun/static/messages.spa.js?85251 HTTP/1.1" 200 30736
190.171.154.42 - - [22/Aug/2019:11:13:53 -0300] "GET /cormun/static/gxdec.js?85251 HTTP/1.1" 200 19579
190.171.154.42 - - [22/Aug/2019:11:13:53 -0300] "GET /cormun/static/trpermisosgoce.js?20177612164335 HTTP/1.1" 200 35904
190.171.154.42 - - [22/Aug/2019:11:13:53 -0300] "GET /cormun/static/hwchdr01.js?201752511465785 HTTP/1.1" 200 1183
190.171.154.42 - - [22/Aug/2019:11:13:53 -0300] "GET /cormun/static/hpexe_recentlink.js?20177611595044 HTTP/1.1" 200 2144
190.171.154.42 - - [22/Aug/2019:11:13:53 -0300] "GET /cormun/static/hpexe_scripts.js?201752511465715 HTTP/1.1" 200 1544
190.171.154.42 - - [22/Aug/2019:11:13:53 -0300] "GET /cormun/static/hpexe_messagecontroller.js?20177611595012 HTTP/1.1" 200 870
190.171.154.42 - - [22/Aug/2019:11:13:53 -0300] "GET /cormun/static/hpexe_messagepopupcomponent.js?20161017169425 HTTP/1.1" 200 605
190.171.154.42 - - [22/Aug/2019:11:13:54 -0300] "GET /cormun/static/hpexe_messagegenexuscomponent.js?201752511465344 HTTP/1.1" 200 587
190.171.154.42 - - [22/Aug/2019:11:13:54 -0300] "GET /cormun/static/cmcontrolpreferences.js?201752511465670 HTTP/1.1" 200 1375
190.171.154.42 - - [22/Aug/2019:11:13:54 -0300] "GET /cormun/static/Shared/jquery/jquery-1.4.2.min.js HTTP/1.1" 200 72174
190.171.154.42 - - [22/Aug/2019:11:13:54 -0300] "GET /cormun/static/SmoothNavMenu/resources/ddsmoothmenu.js HTTP/1.1" 200 12712
190.171.154.42 - - [22/Aug/2019:11:13:54 -0300] "GET /cormun/static/SmoothNavMenu/resources/SmoothNavMenuRender.js HTTP/1.1" 200 5951
190.171.154.42 - - [22/Aug/2019:11:13:54 -0300] "GET /cormun/static/Shared/jquery/jquery-1.10.2.min.js HTTP/1.1" 200 273199
190.171.154.42 - - [22/Aug/2019:11:13:54 -0300] "GET /cormun/static/Shared/jqueryui/jquery-ui.min.js HTTP/1.1" 200 240427
190.171.154.42 - - [22/Aug/2019:11:13:54 -0300] "GET /cormun/static/scaMessage/js/jquery.pnotify.min.js HTTP/1.1" 200 13038
190.171.154.42 - - [22/Aug/2019:11:13:54 -0300] "GET /cormun/static/scaMessage/scaMessageRender.js HTTP/1.1" 200 11977
190.171.154.42 - - [22/Aug/2019:11:13:54 -0300] "GET /cormun/static/Resources/PXToolsHeaderHome.png HTTP/1.1" 200 4147
190.171.154.42 - - [22/Aug/2019:11:13:54 -0300] "GET /cormun/static/hmpwkw03.js?20189613443875 HTTP/1.1" 200 3965
190.171.154.42 - - [22/Aug/2019:11:13:54 -0300] "GET /cormun/static/Resources/PXToolsHeaderLogin.png HTTP/1.1" 200 4279
190.171.154.42 - - [22/Aug/2019:11:13:54 -0300] "GET /cormun/static/Resources/PXToolsHeaderPreferences.png HTTP/1.1" 200 4189
190.171.154.42 - - [22/Aug/2019:11:13:54 -0300] "GET /cormun/static/Resources/PXToolsGridNew.png HTTP/1.1" 200 2949
190.171.154.42 - - [22/Aug/2019:11:13:54 -0300] "GET /cormun/static/Resources/PXToolsDataTitle.png HTTP/1.1" 200 1173
190.171.154.42 - - [22/Aug/2019:11:13:54 -0300] "GET /cormun/static/Resources/PXToolsGridFirstDisabled.gif HTTP/1.1" 200 100
190.171.154.42 - - [22/Aug/2019:11:13:54 -0300] "GET /cormun/static/Resources/PXToolsHeaderActionsRight.png HTTP/1.1" 200 1201
190.171.154.42 - - [22/Aug/2019:11:13:54 -0300] "GET /cormun/static/Resources/PXToolsFooterBackground2.png HTTP/1.1" 200 1172
190.171.154.42 - - [22/Aug/2019:11:13:54 -0300] "GET /cormun/static/Resources/PXToolsGridLastDisabled.gif HTTP/1.1" 200 98
190.171.154.42 - - [22/Aug/2019:11:13:55 -0300] "GET /cormun/static/Resources/PXToolsActionExcel.png HTTP/1.1" 200 3187
190.171.154.42 - - [22/Aug/2019:11:13:55 -0300] "GET /cormun/static/Resources/PXToolsGridPage.gif HTTP/1.1" 200 725
190.171.154.42 - - [22/Aug/2019:11:13:55 -0300] "GET /cormun/static/Resources/PXToolsGridPreviousDisabled.gif HTTP/1.1" 200 90
190.171.154.42 - - [22/Aug/2019:11:13:55 -0300] "GET /cormun/static/Resources/PXToolsGridNextDisabled.gif HTTP/1.1" 200 90
190.171.154.42 - - [22/Aug/2019:11:13:55 -0300] "GET /cormun/static/Resources/PXToolsHeaderSecurity.png HTTP/1.1" 200 4166
190.171.154.42 - - [22/Aug/2019:11:13:55 -0300] "GET /cormun/static/Resources/PXToolsHeaderActionsBackground.png HTTP/1.1" 200 484
190.171.154.42 - - [22/Aug/2019:11:13:55 -0300] "GET /cormun/static/Resources/PXToolsHeaderBackground2.png HTTP/1.1" 200 1174
190.171.154.42 - - [22/Aug/2019:11:13:55 -0300] "GET /cormun/static/Resources/PXTools/calendar.png HTTP/1.1" 200 1306
190.171.154.42 - - [22/Aug/2019:11:13:55 -0300] "GET /cormun/static/Resources/PXToolsDataSearch.png HTTP/1.1" 200 419
190.171.154.42 - - [22/Aug/2019:11:13:56 -0300] "GET /cormun/servlet/hlogin HTTP/1.1" 200 1741
190.171.154.42 - - [22/Aug/2019:11:13:56 -0300] "GET /cormun/servlet/trpermisosgoce? HTTP/1.1" 200 6291
