190.171.152.114 - - [22/Aug/2019:11:00:54 -0300] "POST /cormun/servlet/solicitudot?gx-no-cache=1566482142364 HTTP/1.1" 200 3483
190.171.152.114 - - [22/Aug/2019:11:00:54 -0300] "POST /cormun/servlet/solicitudot?d01cf476f22acdfa7be0c9bac303df9a,INS,0,0,,gx-no-cache=1566482142684 HTTP/1.1" 200 11964
190.171.152.114 - - [22/Aug/2019:11:00:57 -0300] "GET /cormun/servlet/solicitudot?ad05ff45dd2202aa476623de745abf68e132c01ea8cd131f7507adb2cfa5abc228a6c8f9c60d365e1fa81f8f0595c4db,gx-no-cache=1566482145202 HTTP/1.1" 200 30
200.54.103.162 - - [22/Aug/2019:11:01:01 -0300] "POST /cormun/servlet/licenciaspermisos?9bb2d0e18a928c39a9105d275b3262aa,DSP,16180303,L,20190820000000,,gx-no-cache=1566482145328 HTTP/1.1" 200 90
200.54.103.162 - - [22/Aug/2019:11:01:01 -0300] "GET /cormun/servlet/hpexe_link HTTP/1.1" 200 983
200.54.103.162 - - [22/Aug/2019:11:01:01 -0300] "GET /cormun/servlet/trlicencias HTTP/1.1" 200 16200
200.54.103.162 - - [22/Aug/2019:11:01:02 -0300] "GET /cormun/servlet/trlicencias HTTP/1.1" 200 16187
200.54.103.162 - - [22/Aug/2019:11:01:11 -0300] "GET /cormun/servlet/licenciaspermisos?DSP,9448944,L,20190816000000, HTTP/1.1" 200 7421
200.54.103.162 - - [22/Aug/2019:11:01:11 -0300] "GET /cormun/servlet/licenciaspermisos?DSP,9448944,L,20190816000000, HTTP/1.1" 200 7420
190.171.141.114 - - [22/Aug/2019:11:01:13 -0300] "GET /cormun/servlet/hlogin HTTP/1.1" 200 1714
200.54.103.162 - - [22/Aug/2019:11:01:17 -0300] "POST /cormun/servlet/licenciaspermisos?9bb2d0e18a928c39a9105d275b3262aa,DSP,9448944,L,20190816000000,,gx-no-cache=1566482161360 HTTP/1.1" 200 90
200.54.103.162 - - [22/Aug/2019:11:01:17 -0300] "GET /cormun/servlet/hpexe_link HTTP/1.1" 200 982
200.54.103.162 - - [22/Aug/2019:11:01:17 -0300] "GET /cormun/servlet/trlicencias HTTP/1.1" 200 16184
200.54.103.162 - - [22/Aug/2019:11:01:18 -0300] "GET /cormun/servlet/trlicencias HTTP/1.1" 200 16215
190.171.141.114 - - [22/Aug/2019:11:01:25 -0300] "POST /cormun/servlet/hlogin?ffa654f045abaf5c5ebf0e26210a1451,gx-no-cache=1566482170108 HTTP/1.1" 200 90
190.171.141.114 - - [22/Aug/2019:11:01:25 -0300] "GET /cormun/servlet/hpexe_link HTTP/1.1" 200 944
190.171.141.114 - - [22/Aug/2019:11:01:25 -0300] "GET /cormun/servlet/hhome HTTP/1.1" 200 4058
190.171.141.114 - - [22/Aug/2019:11:01:27 -0300] "GET /cormun/servlet/hhome HTTP/1.1" 200 4054
190.171.141.114 - - [22/Aug/2019:11:01:36 -0300] "GET /cormun/servlet/trsolicitudot? HTTP/1.1" 200 8649
190.171.141.114 - - [22/Aug/2019:11:01:38 -0300] "GET /cormun/servlet/trsolicitudot? HTTP/1.1" 200 8647
200.54.103.162 - - [22/Aug/2019:11:01:38 -0300] "GET /cormun/servlet/licenciaspermisos?DSP,9448944,L,20190801000000, HTTP/1.1" 200 7419
200.54.103.162 - - [22/Aug/2019:11:01:38 -0300] "GET /cormun/servlet/licenciaspermisos?DSP,9448944,L,20190801000000, HTTP/1.1" 200 7417
200.54.103.162 - - [22/Aug/2019:11:01:44 -0300] "POST /cormun/servlet/licenciaspermisos?9bb2d0e18a928c39a9105d275b3262aa,DSP,9448944,L,20190801000000,,gx-no-cache=1566482188135 HTTP/1.1" 200 90
200.54.103.162 - - [22/Aug/2019:11:01:44 -0300] "GET /cormun/servlet/hpexe_link HTTP/1.1" 200 981
200.54.103.162 - - [22/Aug/2019:11:01:44 -0300] "GET /cormun/servlet/trlicencias HTTP/1.1" 200 16213
200.54.103.162 - - [22/Aug/2019:11:01:45 -0300] "GET /cormun/servlet/trlicencias HTTP/1.1" 200 16206
190.171.141.114 - - [22/Aug/2019:11:01:45 -0300] "GET /cormun/servlet/trsolicitudot? HTTP/1.1" 200 8647
190.171.141.114 - - [22/Aug/2019:11:01:46 -0300] "GET /cormun/servlet/trsolicitudot? HTTP/1.1" 200 8647
190.171.152.114 - - [22/Aug/2019:11:01:53 -0300] "GET /cormun/servlet/prbanco?,MD,,gxPopupLevel%3D0%3B HTTP/1.1" 200 6625
190.171.141.114 - - [22/Aug/2019:11:01:54 -0300] "POST /cormun/servlet/trsolicitudot?ffa654f045abaf5c5ebf0e26210a1451,,gx-no-cache=1566482199822 HTTP/1.1" 200 107
190.171.141.114 - - [22/Aug/2019:11:01:54 -0300] "GET /cormun/servlet/trsolicitudadjuntos?2019,15978, HTTP/1.1" 200 6160
190.171.141.114 - - [22/Aug/2019:11:01:55 -0300] "GET /cormun/static/gxcfg.js?20177612135366 HTTP/1.1" 200 953
190.171.141.114 - - [22/Aug/2019:11:01:55 -0300] "GET /cormun/static/trsolicitudadjuntos.js?20177612135632 HTTP/1.1" 200 17922
190.171.141.114 - - [22/Aug/2019:11:01:56 -0300] "GET /cormun/servlet/trsolicitudadjuntos?2019,15978, HTTP/1.1" 200 6159
190.171.152.114 - - [22/Aug/2019:11:01:57 -0300] "GET /cormun/servlet/solicitudot?ad05ff45dd2202aa476623de745abf686657998445e0e4ff3ea73fb28650384c34a7bfaa07ed1bf99b0048fcab7c0a3443f4d8908d3d5d15e662b3d092fcca39,gx-no-cache=1566482205822 HTTP/1.1" 200 30
190.171.152.114 - - [22/Aug/2019:11:01:59 -0300] "GET /cormun/servlet/solicitudot?ad05ff45dd2202aa476623de745abf68c6cfe36668aaa8a5358f5513233ec9b8,gx-no-cache=1566482207002 HTTP/1.1" 200 53
190.171.141.114 - - [22/Aug/2019:11:02:01 -0300] "GET /cormun/servlet/solicitudotadjuntos?INS,2019,15978,,1, HTTP/1.1" 200 6106
190.171.141.114 - - [22/Aug/2019:11:02:01 -0300] "GET /cormun/static/gxcfg.js?2017761244068 HTTP/1.1" 200 953
190.171.141.114 - - [22/Aug/2019:11:02:01 -0300] "GET /cormun/static/solicitudotadjuntos.js?2017761244086 HTTP/1.1" 200 11771
190.171.141.114 - - [22/Aug/2019:11:02:01 -0300] "GET /cormun/static/about:blank HTTP/1.1" 404 1011
190.171.141.114 - - [22/Aug/2019:11:02:02 -0300] "GET /cormun/servlet/solicitudotadjuntos?INS,2019,15978,,1, HTTP/1.1" 200 6100
190.171.141.114 - - [22/Aug/2019:11:02:02 -0300] "GET /cormun/servlet/solicitudotadjuntos?1ee9b6ac2fa7d33e3ab0984416b197bec4946cca30301681f7a0cb9654265c94c2f9d248ae777df8df7747904907c78b,gx-no-cache=1566482207938 HTTP/1.1" 200 30
190.171.141.114 - - [22/Aug/2019:11:02:03 -0300] "POST /cormun/servlet/solicitudotadjuntos?ffa654f045abaf5c5ebf0e26210a1451,INS,2019,15978,,1,,gx-no-cache=1566482207991 HTTP/1.1" 200 3877
190.171.141.122 - - [22/Aug/2019:11:02:04 -0300] "POST /cormun/servlet/solicitudot?gx-no-cache=1566482207551 HTTP/1.1" 200 3483
190.171.141.122 - - [22/Aug/2019:11:02:04 -0300] "POST /cormun/servlet/solicitudot?edd9a357f2bc6ef604bdd9d41c1866ce,INS,0,0,,gx-no-cache=1566482207752 HTTP/1.1" 200 11965
190.171.141.114 - - [22/Aug/2019:11:02:04 -0300] "POST /cormun/servlet/solicitudotadjuntos?gx-no-cache=1566482209949 HTTP/1.1" 200 26
190.171.152.114 - - [22/Aug/2019:11:02:06 -0300] "POST /cormun/servlet/solicitudot?gx-no-cache=1566482214569 HTTP/1.1" 200 255
190.171.141.122 - - [22/Aug/2019:11:02:08 -0300] "GET /cormun/servlet/solicitudot?132a095e701f50c135f03ad7fde1dc045f04714ed2b2b0764077eff7514613ecf301bec5978dfbd3101a60e76a6b8f4f,gx-no-cache=1566482211986 HTTP/1.1" 200 30
190.171.152.114 - - [22/Aug/2019:11:02:09 -0300] "GET /cormun/servlet/solicitudot?ad05ff45dd2202aa476623de745abf689a052ddb7945b5951363be8a48b9b03b004a16833b24ece00887027628d0700fa5c339b58e95760d704ffdf19340ebe3e1497e4892e394389f13511e9d37bebb6967735ecbd2b25d677bfa3afc3786efcf0fca48ecbe64419463928e8746a434d95eb6b082eb7cc58225d01ff3b6d85bfab435849ec90d98949ed70fc245beee9d1a43c6b995b30bac121c9f06341d948ef9c038534e5577229160c99fcdf4810cd740b9a2d2d922e20c75db196214e343ab05644578a1ef5fff12397efd47b24591dcdf7c043b7f873c46a3080f7773cddceabb523890da3c763ab8343d9e429af69be56ef3a2a40516856cb16c5febd14e2ff98d98b9c25334df0ab4b810311743e75ebf0b54c74e3548c0642cd9b88f55cf625c7528c3ae08d01ae2492a74a1d87a82c7881febc60c91812a38804ce650c5c060de3d7fbfbd5af4eb5009a04c24c874f699e34b8150ddf30051ec764557d93b71f90ff03d7b1de116856028ca904da9387927316be509b4a42ab4a5,gx-no-cache=1566482217209 HTTP/1.1" 200 30
190.171.152.114 - - [22/Aug/2019:11:02:13 -0300] "POST /cormun/servlet/solicitudot?gx-no-cache=1566482221016 HTTP/1.1" 200 30
200.54.103.162 - - [22/Aug/2019:11:02:15 -0300] "POST /cormun/servlet/trlicencias?9bb2d0e18a928c39a9105d275b3262aa,gx-no-cache=1566482219794 HTTP/1.1" 200 13900
190.171.154.42 - - [22/Aug/2019:11:02:16 -0300] "GET /cormun/servlet/hlogin HTTP/1.1" 200 1719
200.54.103.162 - - [22/Aug/2019:11:02:30 -0300] "GET /cormun/servlet/hlogin HTTP/1.1" 200 1738
190.171.154.42 - - [22/Aug/2019:11:02:31 -0300] "POST /cormun/servlet/hlogin?d212fc2d2a59bccbc92d505c1718bec6,gx-no-cache=1566482233785 HTTP/1.1" 200 90
190.171.154.42 - - [22/Aug/2019:11:02:31 -0300] "GET /cormun/servlet/hpexe_link HTTP/1.1" 200 949
190.171.154.42 - - [22/Aug/2019:11:02:31 -0300] "GET /cormun/servlet/hhome HTTP/1.1" 200 4319
190.171.152.114 - - [22/Aug/2019:11:02:32 -0300] "POST /cormun/servlet/solicitudot?gx-no-cache=1566482240277 HTTP/1.1" 200 1358
190.171.152.114 - - [22/Aug/2019:11:02:32 -0300] "POST /cormun/servlet/solicitudot?gx-no-cache=1566482240345 HTTP/1.1" 200 38
190.171.154.42 - - [22/Aug/2019:11:02:33 -0300] "GET /cormun/servlet/hhome HTTP/1.1" 200 4315
190.171.154.42 - - [22/Aug/2019:11:02:40 -0300] "GET /cormun/servlet/trpermisosgoce? HTTP/1.1" 200 12756
190.171.154.42 - - [22/Aug/2019:11:02:42 -0300] "GET /cormun/servlet/trpermisosgoce? HTTP/1.1" 200 12757
190.171.152.114 - - [22/Aug/2019:11:02:55 -0300] "GET /cormun/servlet/solicitudot?ad05ff45dd2202aa476623de745abf68f9f129c90ef3fd8034e6ed28a041f92cbe152dda791c717932320a78678eb2b6611713a97996db61052dee86742df765f4afcbea26bf91b9208d4d16ef481c075d6b83337d2ec6a5043f4c251950d1aee58b8e73b9854ff55b14a591575c2feb,gx-no-cache=1566482262977 HTTP/1.1" 200 110
190.171.141.114 - - [22/Aug/2019:11:03:00 -0300] "GET /cormun/servlet/solicitudotadjuntos?1ee9b6ac2fa7d33e3ab0984416b197be1cf4e621b40a9e3c56f756b17aff06cf,gx-no-cache=1566482265221 HTTP/1.1" 200 30
190.171.141.114 - - [22/Aug/2019:11:03:00 -0300] "GET /cormun/servlet/solicitudotadjuntos?1ee9b6ac2fa7d33e3ab0984416b197be1cf4e621b40a9e3c56f756b17aff06cf,gx-no-cache=1566482265263 HTTP/1.1" 200 30
190.171.141.114 - - [22/Aug/2019:11:03:00 -0300] "POST /cormun/servlet/solicitudotadjuntos?ffa654f045abaf5c5ebf0e26210a1451,INS,2019,15978,,1, HTTP/1.1" 200 116
190.171.141.114 - - [22/Aug/2019:11:03:00 -0300] "GET /cormun/servlet/hpexe_return? HTTP/1.1" 200 1019
190.171.141.114 - - [22/Aug/2019:11:03:01 -0300] "GET /cormun/servlet/trsolicitudadjuntos?2019,15978, HTTP/1.1" 200 8772
190.171.141.114 - - [22/Aug/2019:11:03:02 -0300] "GET /cormun/servlet/trsolicitudadjuntos?2019,15978, HTTP/1.1" 200 8768
190.171.141.114 - - [22/Aug/2019:11:03:04 -0300] "GET /cormun/servlet/solicitudotadjuntos?INS,2019,15978,,1, HTTP/1.1" 200 6106
190.171.141.114 - - [22/Aug/2019:11:03:05 -0300] "GET /cormun/static/about:blank HTTP/1.1" 404 1011
190.171.141.114 - - [22/Aug/2019:11:03:05 -0300] "GET /cormun/servlet/solicitudotadjuntos?INS,2019,15978,,1, HTTP/1.1" 200 6100
190.171.141.114 - - [22/Aug/2019:11:03:06 -0300] "GET /cormun/servlet/solicitudotadjuntos?1ee9b6ac2fa7d33e3ab0984416b197bec4946cca30301681f7a0cb9654265c94c2f9d248ae777df8df7747904907c78b,gx-no-cache=1566482271084 HTTP/1.1" 200 30
190.171.141.114 - - [22/Aug/2019:11:03:06 -0300] "POST /cormun/servlet/solicitudotadjuntos?ffa654f045abaf5c5ebf0e26210a1451,INS,2019,15978,,1,,gx-no-cache=1566482271140 HTTP/1.1" 200 3876
190.171.141.114 - - [22/Aug/2019:11:03:10 -0300] "POST /cormun/servlet/solicitudotadjuntos?gx-no-cache=1566482275216 HTTP/1.1" 200 26
190.171.152.114 - - [22/Aug/2019:11:03:14 -0300] "POST /cormun/servlet/solicitudot?gx-no-cache=1566482282571 HTTP/1.1" 200 97
190.171.141.114 - - [22/Aug/2019:11:03:19 -0300] "GET /cormun/servlet/solicitudotadjuntos?1ee9b6ac2fa7d33e3ab0984416b197be1cf4e621b40a9e3c56f756b17aff06cf,gx-no-cache=1566482284088 HTTP/1.1" 200 30
190.171.141.114 - - [22/Aug/2019:11:03:19 -0300] "GET /cormun/servlet/solicitudotadjuntos?1ee9b6ac2fa7d33e3ab0984416b197be1cf4e621b40a9e3c56f756b17aff06cf,gx-no-cache=1566482284160 HTTP/1.1" 200 30
190.171.141.114 - - [22/Aug/2019:11:03:19 -0300] "POST /cormun/servlet/solicitudotadjuntos?ffa654f045abaf5c5ebf0e26210a1451,INS,2019,15978,,1, HTTP/1.1" 200 116
190.171.141.114 - - [22/Aug/2019:11:03:19 -0300] "GET /cormun/servlet/hpexe_return? HTTP/1.1" 200 1019
190.171.141.114 - - [22/Aug/2019:11:03:19 -0300] "GET /cormun/servlet/trsolicitudadjuntos?2019,15978, HTTP/1.1" 200 8997
190.171.141.114 - - [22/Aug/2019:11:03:21 -0300] "GET /cormun/servlet/trsolicitudadjuntos?2019,15978, HTTP/1.1" 200 8995
190.171.152.114 - - [22/Aug/2019:11:03:22 -0300] "GET /cormun/servlet/solicitudot?ad05ff45dd2202aa476623de745abf6882d9939e661361f6ac03ce598eb14d48b53590412baec43ab5ba6f16fd56f378346a528c88c7c43a7658a2e342d6631d73b1922e47952c192f9210fbb8469621ac2c8377ba2fd1b41ba6fcdb4ce706d0c5610637df4247b52cec29438b84345e,gx-no-cache=1566482290828 HTTP/1.1" 200 29
190.171.152.114 - - [22/Aug/2019:11:03:22 -0300] "GET /cormun/static/menuarrow.gif HTTP/1.1" 404 1015
190.171.141.114 - - [22/Aug/2019:11:03:23 -0300] "GET /cormun/servlet/solicitudotadjuntos?INS,2019,15978,,1, HTTP/1.1" 200 6106
190.171.141.114 - - [22/Aug/2019:11:03:24 -0300] "GET /cormun/static/about:blank HTTP/1.1" 404 1011
190.171.141.114 - - [22/Aug/2019:11:03:24 -0300] "GET /cormun/servlet/solicitudotadjuntos?INS,2019,15978,,1, HTTP/1.1" 200 6100
190.171.141.114 - - [22/Aug/2019:11:03:24 -0300] "GET /cormun/servlet/solicitudotadjuntos?1ee9b6ac2fa7d33e3ab0984416b197bec4946cca30301681f7a0cb9654265c94c2f9d248ae777df8df7747904907c78b,gx-no-cache=1566482289863 HTTP/1.1" 200 30
190.171.141.114 - - [22/Aug/2019:11:03:24 -0300] "POST /cormun/servlet/solicitudotadjuntos?ffa654f045abaf5c5ebf0e26210a1451,INS,2019,15978,,1,,gx-no-cache=1566482289939 HTTP/1.1" 200 3876
190.171.152.114 - - [22/Aug/2019:11:03:25 -0300] "GET /cormun/servlet/solicitudot?ad05ff45dd2202aa476623de745abf682ee146041941a5d0999bd7a7eddea91a1ac41f975cdb0c537ed7cfdd60a0c5ec,gx-no-cache=1566482293638 HTTP/1.1" 200 30
190.171.141.122 - - [22/Aug/2019:11:03:27 -0300] "GET /cormun/servlet/solicitudot?132a095e701f50c135f03ad7fde1dc04596d3c2d19d19e9c525683a3dfdd29626b335d4671cbb42cc87663c69f143d79501a91f0c11f25e0360b779bb9e38f82,gx-no-cache=1566482290849 HTTP/1.1" 200 30
190.171.141.122 - - [22/Aug/2019:11:03:27 -0300] "GET /cormun/servlet/solicitudot?132a095e701f50c135f03ad7fde1dc0446819dd43ac5775b1f6e9def3d6ec5bf,gx-no-cache=1566482291075 HTTP/1.1" 200 29
190.171.141.122 - - [22/Aug/2019:11:03:29 -0300] "POST /cormun/servlet/solicitudot?gx-no-cache=1566482292382 HTTP/1.1" 200 255
190.171.141.122 - - [22/Aug/2019:11:03:31 -0300] "GET /cormun/servlet/solicitudot?132a095e701f50c135f03ad7fde1dc04b43c06d48e329da5a9a7e44b366a1d87b6cc0b921a64d19b896bbd0c19fae045dbb4f755d2784fdaa5730719e78ea9494a549650265c9271384009b2162c2ef132d7073469b77c7f41274cde76d884d27c4ee0e0e30287635630093a442564c61e09474f8320b62d87cee78f5414536b7815871eed22fbd16359b89403b42580cc8a26db7d476f783ea0be3703252b7f30d4a55eb60d539699220fcbf83590d10ede6e8199318a65b903b93e35c959c35851cada28312b77fb71a139d9208b07378888265b96e5c0f674ffeaa67160d507b1af2af354918a3a11f39adc467b968c3db6101cc741d871ab8d708c123a278e81f234ed0db1555062b761ff63b903dd05f3187e481f94c787933d5cd8d933d81f6fe076a27b59a866a2d5953506f2575d40498cf3c9069ffb6c5fda0266d9284a3f31f4c38a0bc342a68d7534f310b04b6adf9f9989730c46ef6762a37647707fc3060c88286b98e387134cf003c346c76450b7e720031d62725380ddbe41,gx-no-cache=1566482294728 HTTP/1.1" 200 30
190.171.152.114 - - [22/Aug/2019:11:03:32 -0300] "POST /cormun/servlet/solicitudot?gx-no-cache=1566482300397 HTTP/1.1" 200 33
190.171.154.42 - - [22/Aug/2019:11:03:35 -0300] "GET /cormun/static/menuarrow.gif HTTP/1.1" 404 1015
190.171.152.114 - - [22/Aug/2019:11:03:37 -0300] "POST /cormun/servlet/solicitudot?d01cf476f22acdfa7be0c9bac303df9a,INS,0,0,,gx-no-cache=1566482305416 HTTP/1.1" 200 93
190.171.152.114 - - [22/Aug/2019:11:03:37 -0300] "GET /cormun/servlet/hpexe_return? HTTP/1.1" 200 1010
190.171.152.114 - - [22/Aug/2019:11:03:38 -0300] "GET /cormun/servlet/trsolicitudot HTTP/1.1" 200 9481
190.171.152.114 - - [22/Aug/2019:11:03:39 -0300] "GET /cormun/servlet/trsolicitudot HTTP/1.1" 200 9477
190.171.141.114 - - [22/Aug/2019:11:03:39 -0300] "POST /cormun/servlet/solicitudotadjuntos?gx-no-cache=1566482304687 HTTP/1.1" 200 26
190.171.154.42 - - [22/Aug/2019:11:03:42 -0300] "POST /cormun/servlet/trpermisosgoce?d212fc2d2a59bccbc92d505c1718bec6,,gx-no-cache=1566482304986 HTTP/1.1" 200 16930
190.171.141.122 - - [22/Aug/2019:11:03:43 -0300] "POST /cormun/servlet/solicitudot?gx-no-cache=1566482307238 HTTP/1.1" 200 30
190.171.141.122 - - [22/Aug/2019:11:03:45 -0300] "POST /cormun/servlet/solicitudot?gx-no-cache=1566482308772 HTTP/1.1" 200 1358
190.171.141.122 - - [22/Aug/2019:11:03:45 -0300] "POST /cormun/servlet/solicitudot?gx-no-cache=1566482308865 HTTP/1.1" 200 38
190.171.154.42 - - [22/Aug/2019:11:03:48 -0300] "GET /cormun/servlet/permisogoce?INS,0,,, HTTP/1.1" 200 7189
190.171.154.42 - - [22/Aug/2019:11:03:50 -0300] "GET /cormun/servlet/permisogoce?INS,0,,, HTTP/1.1" 200 7189
190.171.154.42 - - [22/Aug/2019:11:03:53 -0300] "GET /cormun/servlet/prfichaempleado?,MD,,gxPopupLevel%3D0%3B HTTP/1.1" 200 9424
190.171.141.114 - - [22/Aug/2019:11:03:55 -0300] "GET /cormun/servlet/solicitudotadjuntos?1ee9b6ac2fa7d33e3ab0984416b197be1cf4e621b40a9e3c56f756b17aff06cf,gx-no-cache=1566482320930 HTTP/1.1" 200 30
190.171.141.114 - - [22/Aug/2019:11:03:55 -0300] "GET /cormun/servlet/solicitudotadjuntos?1ee9b6ac2fa7d33e3ab0984416b197be1cf4e621b40a9e3c56f756b17aff06cf,gx-no-cache=1566482320967 HTTP/1.1" 200 30
190.171.141.114 - - [22/Aug/2019:11:03:56 -0300] "POST /cormun/servlet/solicitudotadjuntos?ffa654f045abaf5c5ebf0e26210a1451,INS,2019,15978,,1, HTTP/1.1" 200 6203
190.171.141.114 - - [22/Aug/2019:11:03:56 -0300] "GET /home/sistema/apache-tomcat-7.0.65/webapps/cormun/PrivateTempStorage/upload_00004672.pdf HTTP/1.1" 404 1135
190.171.141.114 - - [22/Aug/2019:11:03:56 -0300] "GET /home/sistema/apache-tomcat-7.0.65/webapps/cormun/PrivateTempStorage/upload_00004672.pdf HTTP/1.1" 404 1135
190.171.141.114 - - [22/Aug/2019:11:03:56 -0300] "GET /cormun/static/Shared/jqueryui/images/ui-bg_highlight-soft_100_c6c2c8_1x100.png HTTP/1.1" 404 1117
190.171.141.114 - - [22/Aug/2019:11:03:56 -0300] "GET /cormun/static/Shared/jqueryui/images/ui-icons_82798d_256x240.png HTTP/1.1" 404 1089
190.171.141.114 - - [22/Aug/2019:11:03:56 -0300] "GET /cormun/static/Shared/jqueryui/images/ui-bg_flat_55_994d53_40x100.png HTTP/1.1" 404 1097
190.171.141.114 - - [22/Aug/2019:11:03:56 -0300] "GET /cormun/static/Shared/jqueryui/images/ui-icons_ebccce_256x240.png HTTP/1.1" 404 1089
190.171.141.114 - - [22/Aug/2019:11:03:56 -0300] "GET /cormun/PrivateTempStorage/upload_00004672.pdf HTTP/1.1" 200 272082
190.171.141.114 - - [22/Aug/2019:11:04:02 -0300] "POST /cormun/servlet/solicitudotadjuntos?ffa654f045abaf5c5ebf0e26210a1451,INS,2019,15978,,1, HTTP/1.1" 200 116
190.171.141.114 - - [22/Aug/2019:11:04:02 -0300] "GET /cormun/servlet/hpexe_return? HTTP/1.1" 200 1019
190.171.141.114 - - [22/Aug/2019:11:04:02 -0300] "GET /cormun/servlet/trsolicitudadjuntos?2019,15978, HTTP/1.1" 200 8997
190.171.141.114 - - [22/Aug/2019:11:04:03 -0300] "GET /cormun/servlet/trsolicitudadjuntos?2019,15978, HTTP/1.1" 200 8996
46.174.191.28 - - [22/Aug/2019:11:04:04 -0300] "GET / HTTP/1.0" 200 11197
190.171.154.42 - - [22/Aug/2019:11:04:05 -0300] "POST /cormun/servlet/prfichaempleado?d212fc2d2a59bccbc92d505c1718bec6,,MD,,gxPopupLevel%3D0%3B,gx-no-cache=1566482327682 HTTP/1.1" 200 3540
190.171.154.42 - - [22/Aug/2019:11:04:12 -0300] "GET /cormun/servlet/permisogoce?e70865af2aa9f789cc1376f0bbdc771f6e9d0dfb920004993f910253ee59c427d70acf79558ba62589098909a59c1818be61c5478f06f94ae86a639b2b02b46e,gx-no-cache=1566482334824 HTTP/1.1" 200 88
190.171.141.114 - - [22/Aug/2019:11:04:13 -0300] "GET /cormun/servlet/solicitudotadjuntos?INS,2019,15978,,1, HTTP/1.1" 200 6106
190.171.141.114 - - [22/Aug/2019:11:04:13 -0300] "GET /cormun/static/about:blank HTTP/1.1" 404 1011
190.171.141.114 - - [22/Aug/2019:11:04:14 -0300] "GET /cormun/servlet/solicitudotadjuntos?INS,2019,15978,,1, HTTP/1.1" 200 6100
190.171.141.114 - - [22/Aug/2019:11:04:15 -0300] "GET /cormun/servlet/solicitudotadjuntos?1ee9b6ac2fa7d33e3ab0984416b197bec4946cca30301681f7a0cb9654265c94c2f9d248ae777df8df7747904907c78b,gx-no-cache=1566482340350 HTTP/1.1" 200 30
190.171.141.114 - - [22/Aug/2019:11:04:15 -0300] "POST /cormun/servlet/solicitudotadjuntos?ffa654f045abaf5c5ebf0e26210a1451,INS,2019,15978,,1,,gx-no-cache=1566482340417 HTTP/1.1" 200 3878
190.171.154.42 - - [22/Aug/2019:11:04:16 -0300] "GET /cormun/servlet/permisogoce?e70865af2aa9f789cc1376f0bbdc771f76e067d2d18efa141fcd4cafcc1b8995d2e03a79d10bfa755f42e94869c392a42987718196bc0839ea10e82edbeeccda,gx-no-cache=1566482338638 HTTP/1.1" 200 129
190.171.154.42 - - [22/Aug/2019:11:04:16 -0300] "GET /cormun/static/Shared/jqueryui/images/ui-icons_82798d_256x240.png HTTP/1.1" 404 1089
190.171.154.42 - - [22/Aug/2019:11:04:16 -0300] "GET /cormun/static/Shared/jqueryui/images/ui-icons_ebccce_256x240.png HTTP/1.1" 404 1089
190.171.154.42 - - [22/Aug/2019:11:04:16 -0300] "GET /cormun/static/Shared/jqueryui/images/ui-bg_highlight-soft_100_c6c2c8_1x100.png HTTP/1.1" 404 1117
190.171.154.42 - - [22/Aug/2019:11:04:16 -0300] "GET /cormun/static/Shared/jqueryui/images/ui-bg_flat_55_994d53_40x100.png HTTP/1.1" 404 1097
190.171.141.122 - - [22/Aug/2019:11:04:17 -0300] "GET /cormun/servlet/solicitudot?132a095e701f50c135f03ad7fde1dc046b206c394a279af200c91ed41d3f1d6752dfe6af5ca36e8ee1b16726ac00c63df81ac5efce6ca1527c37274810cceae3bdfd4fd5d8a95369d532d4005c4a29a2afc601ba46b5fb06caabf90a2b95e9c1c1e12643e76fbadc95645e07542dfa75,gx-no-cache=1566482341027 HTTP/1.1" 200 110
190.171.141.114 - - [22/Aug/2019:11:04:19 -0300] "POST /cormun/servlet/solicitudotadjuntos?gx-no-cache=1566482344602 HTTP/1.1" 200 26
190.171.152.114 - - [22/Aug/2019:11:04:21 -0300] "POST /cormun/servlet/trsolicitudot?d01cf476f22acdfa7be0c9bac303df9a,gx-no-cache=1566482349558 HTTP/1.1" 200 107
190.171.152.114 - - [22/Aug/2019:11:04:21 -0300] "GET /cormun/servlet/trsolicitudadjuntos?2019,15979, HTTP/1.1" 200 6381
190.171.152.114 - - [22/Aug/2019:11:04:21 -0300] "GET /cormun/static/gxcfg.js?20177612135366 HTTP/1.1" 200 953
190.171.152.114 - - [22/Aug/2019:11:04:21 -0300] "GET /cormun/static/trsolicitudadjuntos.js?20177612135632 HTTP/1.1" 200 17922
190.171.152.114 - - [22/Aug/2019:11:04:22 -0300] "GET /cormun/servlet/trsolicitudadjuntos?2019,15979, HTTP/1.1" 200 6380
190.171.154.42 - - [22/Aug/2019:11:04:23 -0300] "GET /cormun/servlet/permisogoce?e70865af2aa9f789cc1376f0bbdc771f76e067d2d18efa141fcd4cafcc1b8995ec49225ca4dbbfc3841e4cd1927859f72987718196bc0839ea10e82edbeeccda,gx-no-cache=1566482345919 HTTP/1.1" 200 47
190.171.152.114 - - [22/Aug/2019:11:04:24 -0300] "GET /cormun/servlet/solicitudotadjuntos?INS,2019,15979,,2, HTTP/1.1" 200 6322
190.171.152.114 - - [22/Aug/2019:11:04:24 -0300] "GET /cormun/static/gxcfg.js?2017761244068 HTTP/1.1" 200 953
190.171.152.114 - - [22/Aug/2019:11:04:24 -0300] "GET /cormun/static/solicitudotadjuntos.js?2017761244086 HTTP/1.1" 200 11771
190.171.152.114 - - [22/Aug/2019:11:04:24 -0300] "GET /cormun/static/about:blank HTTP/1.1" 404 1011
190.171.152.114 - - [22/Aug/2019:11:04:25 -0300] "GET /cormun/servlet/solicitudotadjuntos?INS,2019,15979,,2, HTTP/1.1" 200 6315
190.171.152.114 - - [22/Aug/2019:11:04:25 -0300] "GET /cormun/servlet/solicitudotadjuntos?ad05ff45dd2202aa476623de745abf687bcf44653e56653e94ab7cc75f668fb5dc036c8cb9e535f73b269aa9abda96ba,gx-no-cache=1566482353691 HTTP/1.1" 200 30
190.171.152.114 - - [22/Aug/2019:11:04:25 -0300] "POST /cormun/servlet/solicitudotadjuntos?d01cf476f22acdfa7be0c9bac303df9a,INS,2019,15979,,2,,gx-no-cache=1566482353737 HTTP/1.1" 200 4239
190.171.141.114 - - [22/Aug/2019:11:04:28 -0300] "GET /cormun/servlet/solicitudotadjuntos?1ee9b6ac2fa7d33e3ab0984416b197be1cf4e621b40a9e3c56f756b17aff06cf,gx-no-cache=1566482353587 HTTP/1.1" 200 30
190.171.141.114 - - [22/Aug/2019:11:04:28 -0300] "GET /cormun/servlet/solicitudotadjuntos?1ee9b6ac2fa7d33e3ab0984416b197be1cf4e621b40a9e3c56f756b17aff06cf,gx-no-cache=1566482353615 HTTP/1.1" 200 30
190.171.141.114 - - [22/Aug/2019:11:04:28 -0300] "POST /cormun/servlet/solicitudotadjuntos?ffa654f045abaf5c5ebf0e26210a1451,INS,2019,15978,,1, HTTP/1.1" 200 116
190.171.141.114 - - [22/Aug/2019:11:04:28 -0300] "GET /cormun/servlet/hpexe_return? HTTP/1.1" 200 1019
190.171.141.114 - - [22/Aug/2019:11:04:29 -0300] "GET /cormun/servlet/trsolicitudadjuntos?2019,15978, HTTP/1.1" 200 9197
190.171.152.114 - - [22/Aug/2019:11:04:29 -0300] "POST /cormun/servlet/solicitudotadjuntos?d01cf476f22acdfa7be0c9bac303df9a,INS,2019,15979,,2,,gx-no-cache=1566482357577 HTTP/1.1" 200 93
190.171.152.114 - - [22/Aug/2019:11:04:29 -0300] "GET /cormun/servlet/hpexe_return? HTTP/1.1" 200 1031
190.171.152.114 - - [22/Aug/2019:11:04:30 -0300] "GET /cormun/servlet/trsolicitudadjuntos?2019,15979, HTTP/1.1" 200 6385
190.171.141.114 - - [22/Aug/2019:11:04:30 -0300] "GET /cormun/servlet/trsolicitudadjuntos?2019,15978, HTTP/1.1" 200 9196
190.171.152.114 - - [22/Aug/2019:11:04:30 -0300] "GET /cormun/servlet/trsolicitudadjuntos?2019,15979, HTTP/1.1" 200 6380
190.171.141.114 - - [22/Aug/2019:11:04:32 -0300] "GET /cormun/servlet/solicitudotadjuntos?INS,2019,15978,,1, HTTP/1.1" 200 6106
190.171.141.114 - - [22/Aug/2019:11:04:32 -0300] "GET /cormun/static/about:blank HTTP/1.1" 404 1011
190.171.152.114 - - [22/Aug/2019:11:04:32 -0300] "GET /cormun/servlet/solicitudotadjuntos?INS,2019,15979,,1, HTTP/1.1" 200 6324
190.171.152.114 - - [22/Aug/2019:11:04:32 -0300] "GET /cormun/static/about:blank HTTP/1.1" 404 1011
190.171.152.114 - - [22/Aug/2019:11:04:33 -0300] "GET /cormun/servlet/solicitudotadjuntos?INS,2019,15979,,1, HTTP/1.1" 200 6318
190.171.141.114 - - [22/Aug/2019:11:04:33 -0300] "GET /cormun/servlet/solicitudotadjuntos?INS,2019,15978,,1, HTTP/1.1" 200 6100
190.171.152.114 - - [22/Aug/2019:11:04:33 -0300] "GET /cormun/servlet/solicitudotadjuntos?ad05ff45dd2202aa476623de745abf687bcf44653e56653e94ab7cc75f668fb5dc036c8cb9e535f73b269aa9abda96ba,gx-no-cache=1566482361859 HTTP/1.1" 200 30
190.171.141.114 - - [22/Aug/2019:11:04:34 -0300] "GET /cormun/servlet/solicitudotadjuntos?1ee9b6ac2fa7d33e3ab0984416b197bec4946cca30301681f7a0cb9654265c94c2f9d248ae777df8df7747904907c78b,gx-no-cache=1566482359072 HTTP/1.1" 200 30
190.171.152.114 - - [22/Aug/2019:11:04:34 -0300] "POST /cormun/servlet/solicitudotadjuntos?d01cf476f22acdfa7be0c9bac303df9a,INS,2019,15979,,1,,gx-no-cache=1566482361955 HTTP/1.1" 200 4101
190.171.141.114 - - [22/Aug/2019:11:04:34 -0300] "POST /cormun/servlet/solicitudotadjuntos?ffa654f045abaf5c5ebf0e26210a1451,INS,2019,15978,,1,,gx-no-cache=1566482359141 HTTP/1.1" 200 3878
190.171.141.114 - - [22/Aug/2019:11:04:38 -0300] "POST /cormun/servlet/solicitudotadjuntos?gx-no-cache=1566482363345 HTTP/1.1" 200 26
190.171.152.114 - - [22/Aug/2019:11:04:40 -0300] "POST /cormun/servlet/solicitudotadjuntos?gx-no-cache=1566482368223 HTTP/1.1" 200 26
190.171.141.122 - - [22/Aug/2019:11:04:43 -0300] "POST /cormun/servlet/solicitudot?gx-no-cache=1566482366625 HTTP/1.1" 200 97
190.171.154.42 - - [22/Aug/2019:11:04:49 -0300] "POST /cormun/servlet/permisogoce?d212fc2d2a59bccbc92d505c1718bec6,INS,0,,,,gx-no-cache=1566482371935 HTTP/1.1" 200 93
190.171.154.42 - - [22/Aug/2019:11:04:49 -0300] "GET /cormun/servlet/hpexe_return? HTTP/1.1" 200 1009
190.171.154.42 - - [22/Aug/2019:11:04:50 -0300] "GET /cormun/servlet/trpermisosgoce? HTTP/1.1" 200 19711
190.171.154.42 - - [22/Aug/2019:11:04:53 -0300] "GET /cormun/servlet/trpermisosgoce? HTTP/1.1" 200 19706
190.171.152.114 - - [22/Aug/2019:11:04:55 -0300] "GET /cormun/servlet/solicitudotadjuntos?ad05ff45dd2202aa476623de745abf68aefc69e12ddb154177d4e90b5afe7a69,gx-no-cache=1566482383009 HTTP/1.1" 200 30
190.171.152.114 - - [22/Aug/2019:11:04:55 -0300] "GET /cormun/servlet/solicitudotadjuntos?ad05ff45dd2202aa476623de745abf68aefc69e12ddb154177d4e90b5afe7a69,gx-no-cache=1566482383048 HTTP/1.1" 200 30
190.171.152.114 - - [22/Aug/2019:11:04:55 -0300] "POST /cormun/servlet/solicitudotadjuntos?d01cf476f22acdfa7be0c9bac303df9a,INS,2019,15979,,1, HTTP/1.1" 200 116
190.171.152.114 - - [22/Aug/2019:11:04:55 -0300] "GET /cormun/servlet/hpexe_return? HTTP/1.1" 200 1031
190.171.152.114 - - [22/Aug/2019:11:04:55 -0300] "GET /cormun/servlet/trsolicitudadjuntos?2019,15979, HTTP/1.1" 200 9017
190.171.152.114 - - [22/Aug/2019:11:04:56 -0300] "GET /cormun/servlet/trsolicitudadjuntos?2019,15979, HTTP/1.1" 200 9014
190.171.152.114 - - [22/Aug/2019:11:05:00 -0300] "GET /cormun/servlet/solicitudotadjuntos?INS,2019,15979,,1, HTTP/1.1" 200 6325
190.171.152.114 - - [22/Aug/2019:11:05:00 -0300] "GET /cormun/static/about:blank HTTP/1.1" 404 1011
190.171.152.114 - - [22/Aug/2019:11:05:01 -0300] "GET /cormun/servlet/solicitudotadjuntos?INS,2019,15979,,1, HTTP/1.1" 200 6319
190.171.154.42 - - [22/Aug/2019:11:05:01 -0300] "GET /cormun/servlet/apermisogoceprn?10330928,P,20190822095258,PU HTTP/1.1" 200 1673
190.171.152.114 - - [22/Aug/2019:11:05:01 -0300] "GET /cormun/servlet/solicitudotadjuntos?ad05ff45dd2202aa476623de745abf687bcf44653e56653e94ab7cc75f668fb5dc036c8cb9e535f73b269aa9abda96ba,gx-no-cache=1566482389697 HTTP/1.1" 200 30
190.171.152.114 - - [22/Aug/2019:11:05:01 -0300] "POST /cormun/servlet/solicitudotadjuntos?d01cf476f22acdfa7be0c9bac303df9a,INS,2019,15979,,1,,gx-no-cache=1566482389760 HTTP/1.1" 200 4102
190.171.152.114 - - [22/Aug/2019:11:05:04 -0300] "POST /cormun/servlet/solicitudotadjuntos?gx-no-cache=1566482392535 HTTP/1.1" 200 26
190.171.141.114 - - [22/Aug/2019:11:05:05 -0300] "GET /cormun/servlet/solicitudotadjuntos?1ee9b6ac2fa7d33e3ab0984416b197be1cf4e621b40a9e3c56f756b17aff06cf,gx-no-cache=1566482390075 HTTP/1.1" 200 30
190.171.141.114 - - [22/Aug/2019:11:05:05 -0300] "GET /cormun/servlet/solicitudotadjuntos?1ee9b6ac2fa7d33e3ab0984416b197be1cf4e621b40a9e3c56f756b17aff06cf,gx-no-cache=1566482390207 HTTP/1.1" 200 30
190.171.141.114 - - [22/Aug/2019:11:05:05 -0300] "POST /cormun/servlet/solicitudotadjuntos?ffa654f045abaf5c5ebf0e26210a1451,INS,2019,15978,,1, HTTP/1.1" 200 116
190.171.141.114 - - [22/Aug/2019:11:05:05 -0300] "GET /cormun/servlet/hpexe_return? HTTP/1.1" 200 1019
190.171.141.114 - - [22/Aug/2019:11:05:06 -0300] "GET /cormun/servlet/trsolicitudadjuntos?2019,15978, HTTP/1.1" 200 9444
190.171.141.114 - - [22/Aug/2019:11:05:07 -0300] "GET /cormun/servlet/trsolicitudadjuntos?2019,15978, HTTP/1.1" 200 9441
190.171.141.114 - - [22/Aug/2019:11:05:09 -0300] "GET /cormun/servlet/solicitudotadjuntos?INS,2019,15978,,1, HTTP/1.1" 200 6106
190.171.141.114 - - [22/Aug/2019:11:05:10 -0300] "GET /cormun/static/about:blank HTTP/1.1" 404 1011
190.171.141.114 - - [22/Aug/2019:11:05:11 -0300] "GET /cormun/servlet/solicitudotadjuntos?INS,2019,15978,,1, HTTP/1.1" 200 6100
190.171.141.114 - - [22/Aug/2019:11:05:11 -0300] "GET /cormun/servlet/solicitudotadjuntos?1ee9b6ac2fa7d33e3ab0984416b197bec4946cca30301681f7a0cb9654265c94c2f9d248ae777df8df7747904907c78b,gx-no-cache=1566482396707 HTTP/1.1" 200 30
190.171.141.114 - - [22/Aug/2019:11:05:11 -0300] "POST /cormun/servlet/solicitudotadjuntos?ffa654f045abaf5c5ebf0e26210a1451,INS,2019,15978,,1,,gx-no-cache=1566482396796 HTTP/1.1" 200 3878
190.171.152.114 - - [22/Aug/2019:11:05:14 -0300] "GET /cormun/servlet/solicitudotadjuntos?ad05ff45dd2202aa476623de745abf68aefc69e12ddb154177d4e90b5afe7a69,gx-no-cache=1566482402312 HTTP/1.1" 200 30
190.171.152.114 - - [22/Aug/2019:11:05:14 -0300] "GET /cormun/servlet/solicitudotadjuntos?ad05ff45dd2202aa476623de745abf68aefc69e12ddb154177d4e90b5afe7a69,gx-no-cache=1566482402354 HTTP/1.1" 200 30
190.171.152.114 - - [22/Aug/2019:11:05:14 -0300] "POST /cormun/servlet/solicitudotadjuntos?d01cf476f22acdfa7be0c9bac303df9a,INS,2019,15979,,1, HTTP/1.1" 200 116
190.171.152.114 - - [22/Aug/2019:11:05:14 -0300] "GET /cormun/servlet/hpexe_return? HTTP/1.1" 200 1031
190.171.152.114 - - [22/Aug/2019:11:05:15 -0300] "GET /cormun/servlet/trsolicitudadjuntos?2019,15979, HTTP/1.1" 200 9242
190.171.152.114 - - [22/Aug/2019:11:05:16 -0300] "GET /cormun/servlet/trsolicitudadjuntos?2019,15979, HTTP/1.1" 200 9239
190.171.141.114 - - [22/Aug/2019:11:05:17 -0300] "POST /cormun/servlet/solicitudotadjuntos?gx-no-cache=1566482402434 HTTP/1.1" 200 26
190.171.152.114 - - [22/Aug/2019:11:05:18 -0300] "GET /cormun/servlet/solicitudotadjuntos?INS,2019,15979,,1, HTTP/1.1" 200 6325
190.171.152.114 - - [22/Aug/2019:11:05:19 -0300] "GET /cormun/static/about:blank HTTP/1.1" 404 1011
190.171.152.114 - - [22/Aug/2019:11:05:19 -0300] "GET /cormun/servlet/solicitudotadjuntos?INS,2019,15979,,1, HTTP/1.1" 200 6319
190.171.152.114 - - [22/Aug/2019:11:05:20 -0300] "GET /cormun/servlet/solicitudotadjuntos?ad05ff45dd2202aa476623de745abf687bcf44653e56653e94ab7cc75f668fb5dc036c8cb9e535f73b269aa9abda96ba,gx-no-cache=1566482408361 HTTP/1.1" 200 30
190.171.152.114 - - [22/Aug/2019:11:05:20 -0300] "POST /cormun/servlet/solicitudotadjuntos?d01cf476f22acdfa7be0c9bac303df9a,INS,2019,15979,,1,,gx-no-cache=1566482408427 HTTP/1.1" 200 4102
190.171.152.114 - - [22/Aug/2019:11:05:23 -0300] "POST /cormun/servlet/solicitudotadjuntos?gx-no-cache=1566482411543 HTTP/1.1" 200 26
190.171.152.114 - - [22/Aug/2019:11:05:31 -0300] "GET /cormun/servlet/solicitudotadjuntos?ad05ff45dd2202aa476623de745abf68aefc69e12ddb154177d4e90b5afe7a69,gx-no-cache=1566482419200 HTTP/1.1" 200 30
190.171.152.114 - - [22/Aug/2019:11:05:31 -0300] "GET /cormun/servlet/solicitudotadjuntos?ad05ff45dd2202aa476623de745abf68aefc69e12ddb154177d4e90b5afe7a69,gx-no-cache=1566482419239 HTTP/1.1" 200 30
190.171.152.114 - - [22/Aug/2019:11:05:31 -0300] "POST /cormun/servlet/solicitudotadjuntos?d01cf476f22acdfa7be0c9bac303df9a,INS,2019,15979,,1, HTTP/1.1" 200 116
190.171.152.114 - - [22/Aug/2019:11:05:31 -0300] "GET /cormun/servlet/hpexe_return? HTTP/1.1" 200 1031
190.171.152.114 - - [22/Aug/2019:11:05:32 -0300] "GET /cormun/servlet/trsolicitudadjuntos?2019,15979, HTTP/1.1" 200 9421
190.171.152.114 - - [22/Aug/2019:11:05:32 -0300] "GET /cormun/servlet/trsolicitudadjuntos?2019,15979, HTTP/1.1" 200 9419
190.171.141.114 - - [22/Aug/2019:11:05:33 -0300] "GET /cormun/servlet/solicitudotadjuntos?1ee9b6ac2fa7d33e3ab0984416b197be1cf4e621b40a9e3c56f756b17aff06cf,gx-no-cache=1566482418956 HTTP/1.1" 200 30
190.171.141.114 - - [22/Aug/2019:11:05:33 -0300] "GET /cormun/servlet/solicitudotadjuntos?1ee9b6ac2fa7d33e3ab0984416b197be1cf4e621b40a9e3c56f756b17aff06cf,gx-no-cache=1566482418982 HTTP/1.1" 200 30
190.171.141.114 - - [22/Aug/2019:11:05:34 -0300] "POST /cormun/servlet/solicitudotadjuntos?ffa654f045abaf5c5ebf0e26210a1451,INS,2019,15978,,1, HTTP/1.1" 200 116
190.171.141.114 - - [22/Aug/2019:11:05:34 -0300] "GET /cormun/servlet/hpexe_return? HTTP/1.1" 200 1019
190.171.141.114 - - [22/Aug/2019:11:05:34 -0300] "GET /cormun/servlet/trsolicitudadjuntos?2019,15978, HTTP/1.1" 200 9701
190.171.141.114 - - [22/Aug/2019:11:05:36 -0300] "GET /cormun/servlet/trsolicitudadjuntos?2019,15978, HTTP/1.1" 200 9700
190.171.141.114 - - [22/Aug/2019:11:05:38 -0300] "GET /cormun/servlet/solicitudotadjuntos?INS,2019,15978,,1, HTTP/1.1" 200 6106
190.171.152.114 - - [22/Aug/2019:11:05:38 -0300] "GET /cormun/servlet/solicitudotadjuntos?INS,2019,15979,,1, HTTP/1.1" 200 6325
190.171.152.114 - - [22/Aug/2019:11:05:39 -0300] "GET /cormun/static/about:blank HTTP/1.1" 404 1011
190.171.141.114 - - [22/Aug/2019:11:05:39 -0300] "GET /cormun/static/about:blank HTTP/1.1" 404 1011
190.171.152.114 - - [22/Aug/2019:11:05:39 -0300] "GET /cormun/servlet/solicitudotadjuntos?INS,2019,15979,,1, HTTP/1.1" 200 6319
190.171.141.114 - - [22/Aug/2019:11:05:39 -0300] "GET /cormun/servlet/solicitudotadjuntos?INS,2019,15978,,1, HTTP/1.1" 200 6100
190.171.152.114 - - [22/Aug/2019:11:05:40 -0300] "GET /cormun/servlet/solicitudotadjuntos?ad05ff45dd2202aa476623de745abf687bcf44653e56653e94ab7cc75f668fb5dc036c8cb9e535f73b269aa9abda96ba,gx-no-cache=1566482428099 HTTP/1.1" 200 30
190.171.152.114 - - [22/Aug/2019:11:05:40 -0300] "POST /cormun/servlet/solicitudotadjuntos?d01cf476f22acdfa7be0c9bac303df9a,INS,2019,15979,,1,,gx-no-cache=1566482428144 HTTP/1.1" 200 4102
190.171.141.114 - - [22/Aug/2019:11:05:40 -0300] "GET /cormun/servlet/solicitudotadjuntos?1ee9b6ac2fa7d33e3ab0984416b197bec4946cca30301681f7a0cb9654265c94c2f9d248ae777df8df7747904907c78b,gx-no-cache=1566482425405 HTTP/1.1" 200 30
190.171.141.114 - - [22/Aug/2019:11:05:40 -0300] "POST /cormun/servlet/solicitudotadjuntos?ffa654f045abaf5c5ebf0e26210a1451,INS,2019,15978,,1,,gx-no-cache=1566482425461 HTTP/1.1" 200 3878
190.171.152.114 - - [22/Aug/2019:11:05:42 -0300] "POST /cormun/servlet/solicitudotadjuntos?gx-no-cache=1566482430710 HTTP/1.1" 200 26
190.171.141.114 - - [22/Aug/2019:11:05:43 -0300] "POST /cormun/servlet/solicitudotadjuntos?gx-no-cache=1566482428835 HTTP/1.1" 200 26
190.171.141.122 - - [22/Aug/2019:11:05:44 -0300] "GET /cormun/servlet/solicitudot?132a095e701f50c135f03ad7fde1dc041961aa0c351678e6949c01e5a967c29ab566c8b7a285bd189a70364394833df85c0edf74d8fac726e2ba64bb82cf0fe72ee4338545cdbb1e5ebbf8cb3e4b47b1a20afcd087c4878773b6f5a2b27bde7e46145ae4cdd740fb6fbdb0ce69cee093,gx-no-cache=1566482428030 HTTP/1.1" 200 29
190.171.152.114 - - [22/Aug/2019:11:05:48 -0300] "GET /cormun/servlet/solicitudotadjuntos?ad05ff45dd2202aa476623de745abf68aefc69e12ddb154177d4e90b5afe7a69,gx-no-cache=1566482436741 HTTP/1.1" 200 30
190.171.152.114 - - [22/Aug/2019:11:05:48 -0300] "GET /cormun/servlet/solicitudotadjuntos?ad05ff45dd2202aa476623de745abf68aefc69e12ddb154177d4e90b5afe7a69,gx-no-cache=1566482436764 HTTP/1.1" 200 30
190.171.152.114 - - [22/Aug/2019:11:05:49 -0300] "POST /cormun/servlet/solicitudotadjuntos?d01cf476f22acdfa7be0c9bac303df9a,INS,2019,15979,,1, HTTP/1.1" 200 116
190.171.152.114 - - [22/Aug/2019:11:05:49 -0300] "GET /cormun/servlet/hpexe_return? HTTP/1.1" 200 1031
190.171.141.122 - - [22/Aug/2019:11:05:50 -0300] "GET /cormun/static/menuarrow.gif HTTP/1.1" 404 1015
190.171.152.114 - - [22/Aug/2019:11:05:50 -0300] "GET /cormun/servlet/trsolicitudadjuntos?2019,15979, HTTP/1.1" 200 9648
190.171.152.114 - - [22/Aug/2019:11:05:51 -0300] "GET /cormun/servlet/trsolicitudadjuntos?2019,15979, HTTP/1.1" 200 9643
190.171.152.114 - - [22/Aug/2019:11:05:53 -0300] "GET /cormun/servlet/solicitudotadjuntos?INS,2019,15979,,1, HTTP/1.1" 200 6325
190.171.152.114 - - [22/Aug/2019:11:05:53 -0300] "GET /cormun/static/about:blank HTTP/1.1" 404 1011
190.171.141.122 - - [22/Aug/2019:11:05:54 -0300] "GET /cormun/servlet/solicitudot?132a095e701f50c135f03ad7fde1dc04acb3561b6d4d8f16fb6990e097fda6ef6f49f9de4e28a5ee13c89bc2302cb89d,gx-no-cache=1566482437302 HTTP/1.1" 200 30
190.171.152.114 - - [22/Aug/2019:11:05:54 -0300] "GET /cormun/servlet/solicitudotadjuntos?INS,2019,15979,,1, HTTP/1.1" 200 6319
190.171.152.114 - - [22/Aug/2019:11:05:55 -0300] "GET /cormun/servlet/solicitudotadjuntos?ad05ff45dd2202aa476623de745abf687bcf44653e56653e94ab7cc75f668fb5dc036c8cb9e535f73b269aa9abda96ba,gx-no-cache=1566482443085 HTTP/1.1" 200 30
190.171.152.114 - - [22/Aug/2019:11:05:55 -0300] "POST /cormun/servlet/solicitudotadjuntos?d01cf476f22acdfa7be0c9bac303df9a,INS,2019,15979,,1,,gx-no-cache=1566482443118 HTTP/1.1" 200 4102
190.171.152.114 - - [22/Aug/2019:11:05:59 -0300] "POST /cormun/servlet/solicitudotadjuntos?gx-no-cache=1566482447023 HTTP/1.1" 200 26
190.171.152.114 - - [22/Aug/2019:11:06:05 -0300] "GET /cormun/servlet/solicitudotadjuntos?ad05ff45dd2202aa476623de745abf68aefc69e12ddb154177d4e90b5afe7a69,gx-no-cache=1566482453305 HTTP/1.1" 200 30
190.171.152.114 - - [22/Aug/2019:11:06:05 -0300] "GET /cormun/servlet/solicitudotadjuntos?ad05ff45dd2202aa476623de745abf68aefc69e12ddb154177d4e90b5afe7a69,gx-no-cache=1566482453332 HTTP/1.1" 200 30
190.171.152.114 - - [22/Aug/2019:11:06:06 -0300] "POST /cormun/servlet/solicitudotadjuntos?d01cf476f22acdfa7be0c9bac303df9a,INS,2019,15979,,1, HTTP/1.1" 200 116
190.171.152.114 - - [22/Aug/2019:11:06:06 -0300] "GET /cormun/servlet/hpexe_return? HTTP/1.1" 200 1031
190.171.141.122 - - [22/Aug/2019:11:06:07 -0300] "POST /cormun/servlet/solicitudot?gx-no-cache=1566482450192 HTTP/1.1" 200 30
190.171.152.114 - - [22/Aug/2019:11:06:07 -0300] "GET /cormun/servlet/trsolicitudadjuntos?2019,15979, HTTP/1.1" 200 9891
190.171.152.114 - - [22/Aug/2019:11:06:08 -0300] "GET /cormun/servlet/trsolicitudadjuntos?2019,15979, HTTP/1.1" 200 9886
190.171.152.114 - - [22/Aug/2019:11:06:15 -0300] "GET /cormun/servlet/solicitudotadjuntos?INS,2019,15979,,1, HTTP/1.1" 200 6325
190.171.152.114 - - [22/Aug/2019:11:06:15 -0300] "GET /cormun/static/about:blank HTTP/1.1" 404 1011
190.171.152.114 - - [22/Aug/2019:11:06:16 -0300] "GET /cormun/servlet/solicitudotadjuntos?INS,2019,15979,,1, HTTP/1.1" 200 6319
190.171.152.114 - - [22/Aug/2019:11:06:16 -0300] "GET /cormun/servlet/solicitudotadjuntos?ad05ff45dd2202aa476623de745abf687bcf44653e56653e94ab7cc75f668fb5dc036c8cb9e535f73b269aa9abda96ba,gx-no-cache=1566482464638 HTTP/1.1" 200 30
190.171.152.114 - - [22/Aug/2019:11:06:16 -0300] "POST /cormun/servlet/solicitudotadjuntos?d01cf476f22acdfa7be0c9bac303df9a,INS,2019,15979,,1,,gx-no-cache=1566482464759 HTTP/1.1" 200 4102
190.171.152.114 - - [22/Aug/2019:11:06:19 -0300] "POST /cormun/servlet/solicitudotadjuntos?gx-no-cache=1566482467604 HTTP/1.1" 200 26
190.171.152.114 - - [22/Aug/2019:11:06:24 -0300] "GET /cormun/servlet/solicitudotadjuntos?ad05ff45dd2202aa476623de745abf68aefc69e12ddb154177d4e90b5afe7a69,gx-no-cache=1566482472240 HTTP/1.1" 200 30
190.171.152.114 - - [22/Aug/2019:11:06:24 -0300] "GET /cormun/servlet/solicitudotadjuntos?ad05ff45dd2202aa476623de745abf68aefc69e12ddb154177d4e90b5afe7a69,gx-no-cache=1566482472354 HTTP/1.1" 200 30
190.171.152.114 - - [22/Aug/2019:11:06:25 -0300] "POST /cormun/servlet/solicitudotadjuntos?d01cf476f22acdfa7be0c9bac303df9a,INS,2019,15979,,1, HTTP/1.1" 200 116
190.171.152.114 - - [22/Aug/2019:11:06:25 -0300] "GET /cormun/servlet/hpexe_return? HTTP/1.1" 200 1031
190.171.152.114 - - [22/Aug/2019:11:06:25 -0300] "GET /cormun/servlet/trsolicitudadjuntos?2019,15979, HTTP/1.1" 200 10119
190.171.152.114 - - [22/Aug/2019:11:06:27 -0300] "GET /cormun/servlet/trsolicitudadjuntos?2019,15979, HTTP/1.1" 200 10118
190.171.152.114 - - [22/Aug/2019:11:06:28 -0300] "GET /cormun/servlet/solicitudotadjuntos?INS,2019,15979,,2, HTTP/1.1" 200 6323
190.171.152.114 - - [22/Aug/2019:11:06:29 -0300] "GET /cormun/static/about:blank HTTP/1.1" 404 1011
190.171.152.114 - - [22/Aug/2019:11:06:29 -0300] "GET /cormun/servlet/solicitudotadjuntos?INS,2019,15979,,2, HTTP/1.1" 200 6316
190.171.152.114 - - [22/Aug/2019:11:06:30 -0300] "GET /cormun/servlet/solicitudotadjuntos?ad05ff45dd2202aa476623de745abf687bcf44653e56653e94ab7cc75f668fb5dc036c8cb9e535f73b269aa9abda96ba,gx-no-cache=1566482478037 HTTP/1.1" 200 30
190.171.152.114 - - [22/Aug/2019:11:06:30 -0300] "POST /cormun/servlet/solicitudotadjuntos?d01cf476f22acdfa7be0c9bac303df9a,INS,2019,15979,,2,,gx-no-cache=1566482478109 HTTP/1.1" 200 4239
190.171.152.114 - - [22/Aug/2019:11:06:33 -0300] "POST /cormun/servlet/solicitudotadjuntos?gx-no-cache=1566482481063 HTTP/1.1" 200 26
190.171.152.114 - - [22/Aug/2019:11:06:41 -0300] "GET /cormun/servlet/solicitudotadjuntos?ad05ff45dd2202aa476623de745abf68aefc69e12ddb154177d4e90b5afe7a69,gx-no-cache=1566482489631 HTTP/1.1" 200 30
190.171.152.114 - - [22/Aug/2019:11:06:44 -0300] "GET /cormun/servlet/solicitudotadjuntos?ad05ff45dd2202aa476623de745abf68aefc69e12ddb154177d4e90b5afe7a69,gx-no-cache=1566482492909 HTTP/1.1" 200 30
190.171.152.114 - - [22/Aug/2019:11:06:45 -0300] "POST /cormun/servlet/solicitudotadjuntos?d01cf476f22acdfa7be0c9bac303df9a,INS,2019,15979,,2, HTTP/1.1" 200 116
190.171.152.114 - - [22/Aug/2019:11:06:45 -0300] "GET /cormun/servlet/hpexe_return? HTTP/1.1" 200 1031
190.171.152.114 - - [22/Aug/2019:11:06:46 -0300] "GET /cormun/servlet/trsolicitudadjuntos?2019,15979, HTTP/1.1" 200 10257
190.171.152.114 - - [22/Aug/2019:11:06:47 -0300] "GET /cormun/servlet/trsolicitudadjuntos?2019,15979, HTTP/1.1" 200 10253
190.171.152.114 - - [22/Aug/2019:11:07:00 -0300] "GET /cormun/servlet/trsolicitudot? HTTP/1.1" 200 9483
190.171.152.114 - - [22/Aug/2019:11:07:01 -0300] "GET /cormun/servlet/trsolicitudot? HTTP/1.1" 200 9477
190.171.152.114 - - [22/Aug/2019:11:07:06 -0300] "POST /cormun/servlet/trsolicitudot?d01cf476f22acdfa7be0c9bac303df9a,,gx-no-cache=1566482514761 HTTP/1.1" 200 6323
190.171.152.114 - - [22/Aug/2019:11:07:07 -0300] "GET /cormun/static/Shared/jqueryui/images/ui-bg_highlight-soft_100_c6c2c8_1x100.png HTTP/1.1" 404 1117
190.171.152.114 - - [22/Aug/2019:11:07:07 -0300] "GET /cormun/static/Shared/jqueryui/images/ui-icons_82798d_256x240.png HTTP/1.1" 404 1089
190.171.152.114 - - [22/Aug/2019:11:07:07 -0300] "GET /cormun/static/Shared/jqueryui/images/ui-bg_flat_55_fafafa_40x100.png HTTP/1.1" 404 1097
190.171.152.114 - - [22/Aug/2019:11:07:07 -0300] "GET /cormun/static/Shared/jqueryui/images/ui-icons_8d78a5_256x240.png HTTP/1.1" 404 1089
190.171.141.114 - - [22/Aug/2019:11:07:07 -0300] "GET /cormun/servlet/solicitudotadjuntos?1ee9b6ac2fa7d33e3ab0984416b197be1cf4e621b40a9e3c56f756b17aff06cf,gx-no-cache=1566482512391 HTTP/1.1" 200 30
190.171.141.114 - - [22/Aug/2019:11:07:07 -0300] "GET /cormun/servlet/solicitudotadjuntos?1ee9b6ac2fa7d33e3ab0984416b197be1cf4e621b40a9e3c56f756b17aff06cf,gx-no-cache=1566482512476 HTTP/1.1" 200 30
190.171.152.114 - - [22/Aug/2019:11:07:07 -0300] "POST /cormun/servlet/trsolicitudot?d01cf476f22acdfa7be0c9bac303df9a,,gx-no-cache=1566482515287 HTTP/1.1" 200 6265
190.171.141.114 - - [22/Aug/2019:11:07:07 -0300] "POST /cormun/servlet/solicitudotadjuntos?ffa654f045abaf5c5ebf0e26210a1451,INS,2019,15978,,1, HTTP/1.1" 200 116
190.171.141.114 - - [22/Aug/2019:11:07:07 -0300] "GET /cormun/servlet/hpexe_return? HTTP/1.1" 200 1019
190.171.141.114 - - [22/Aug/2019:11:07:08 -0300] "GET /cormun/servlet/trsolicitudadjuntos?2019,15978, HTTP/1.1" 200 9936
190.171.152.114 - - [22/Aug/2019:11:07:09 -0300] "POST /cormun/servlet/trsolicitudot?d01cf476f22acdfa7be0c9bac303df9a,,gx-no-cache=1566482517265 HTTP/1.1" 200 5965
190.171.152.114 - - [22/Aug/2019:11:07:09 -0300] "POST /cormun/servlet/trsolicitudot?d01cf476f22acdfa7be0c9bac303df9a,,gx-no-cache=1566482517583 HTTP/1.1" 200 5906
190.171.141.114 - - [22/Aug/2019:11:07:09 -0300] "GET /cormun/servlet/trsolicitudadjuntos?2019,15978, HTTP/1.1" 200 9933
190.171.152.114 - - [22/Aug/2019:11:07:11 -0300] "POST /cormun/servlet/trsolicitudot?d01cf476f22acdfa7be0c9bac303df9a,,gx-no-cache=1566482518885 HTTP/1.1" 200 4767
190.171.152.114 - - [22/Aug/2019:11:07:11 -0300] "POST /cormun/servlet/trsolicitudot?d01cf476f22acdfa7be0c9bac303df9a,,gx-no-cache=1566482519165 HTTP/1.1" 200 4549
190.171.141.114 - - [22/Aug/2019:11:07:13 -0300] "GET /cormun/servlet/solicitudotadjuntos?INS,2019,15978,,2, HTTP/1.1" 200 6104
190.171.141.114 - - [22/Aug/2019:11:07:14 -0300] "GET /cormun/static/about:blank HTTP/1.1" 404 1011
190.171.141.114 - - [22/Aug/2019:11:07:14 -0300] "GET /cormun/servlet/solicitudotadjuntos?INS,2019,15978,,2, HTTP/1.1" 200 6098
190.171.141.114 - - [22/Aug/2019:11:07:15 -0300] "GET /cormun/servlet/solicitudotadjuntos?1ee9b6ac2fa7d33e3ab0984416b197bec4946cca30301681f7a0cb9654265c94c2f9d248ae777df8df7747904907c78b,gx-no-cache=1566482520088 HTTP/1.1" 200 30
190.171.141.114 - - [22/Aug/2019:11:07:15 -0300] "POST /cormun/servlet/solicitudotadjuntos?ffa654f045abaf5c5ebf0e26210a1451,INS,2019,15978,,2,,gx-no-cache=1566482520149 HTTP/1.1" 200 4020
190.171.152.114 - - [22/Aug/2019:11:07:16 -0300] "GET /cormun/servlet/trautorizarsolicitud? HTTP/1.1" 200 9371
190.171.152.114 - - [22/Aug/2019:11:07:16 -0300] "GET /cormun/static/gxcfg.js?2017111423403364 HTTP/1.1" 200 953
190.171.152.114 - - [22/Aug/2019:11:07:17 -0300] "GET /cormun/static/trautorizarsolicitud.js?201711142340425 HTTP/1.1" 200 53910
190.171.152.114 - - [22/Aug/2019:11:07:17 -0300] "GET /cormun/servlet/trautorizarsolicitud? HTTP/1.1" 200 9371
190.171.141.114 - - [22/Aug/2019:11:07:24 -0300] "POST /cormun/servlet/solicitudotadjuntos?gx-no-cache=1566482529269 HTTP/1.1" 200 26
190.171.152.114 - - [22/Aug/2019:11:07:28 -0300] "POST /cormun/servlet/trautorizarsolicitud?d01cf476f22acdfa7be0c9bac303df9a,,gx-no-cache=1566482536179 HTTP/1.1" 200 6236
190.171.152.114 - - [22/Aug/2019:11:07:28 -0300] "POST /cormun/servlet/trautorizarsolicitud?d01cf476f22acdfa7be0c9bac303df9a,,gx-no-cache=1566482536577 HTTP/1.1" 200 6181
190.171.152.114 - - [22/Aug/2019:11:07:30 -0300] "POST /cormun/servlet/trautorizarsolicitud?d01cf476f22acdfa7be0c9bac303df9a,,gx-no-cache=1566482537912 HTTP/1.1" 200 5880
190.171.152.114 - - [22/Aug/2019:11:07:31 -0300] "POST /cormun/servlet/trautorizarsolicitud?d01cf476f22acdfa7be0c9bac303df9a,,gx-no-cache=1566482538283 HTTP/1.1" 200 5825
190.171.152.114 - - [22/Aug/2019:11:07:32 -0300] "POST /cormun/servlet/trautorizarsolicitud?d01cf476f22acdfa7be0c9bac303df9a,,gx-no-cache=1566482540019 HTTP/1.1" 200 4684
190.171.141.114 - - [22/Aug/2019:11:07:32 -0300] "GET /cormun/servlet/solicitudotadjuntos?1ee9b6ac2fa7d33e3ab0984416b197be1cf4e621b40a9e3c56f756b17aff06cf,gx-no-cache=1566482537493 HTTP/1.1" 200 30
190.171.141.114 - - [22/Aug/2019:11:07:32 -0300] "GET /cormun/servlet/solicitudotadjuntos?1ee9b6ac2fa7d33e3ab0984416b197be1cf4e621b40a9e3c56f756b17aff06cf,gx-no-cache=1566482537527 HTTP/1.1" 200 30
190.171.152.114 - - [22/Aug/2019:11:07:32 -0300] "POST /cormun/servlet/trautorizarsolicitud?d01cf476f22acdfa7be0c9bac303df9a,,gx-no-cache=1566482540413 HTTP/1.1" 200 4467
190.171.141.114 - - [22/Aug/2019:11:07:32 -0300] "POST /cormun/servlet/solicitudotadjuntos?ffa654f045abaf5c5ebf0e26210a1451,INS,2019,15978,,2, HTTP/1.1" 200 116
190.171.141.114 - - [22/Aug/2019:11:07:33 -0300] "GET /cormun/servlet/hpexe_return? HTTP/1.1" 200 1019
190.171.141.114 - - [22/Aug/2019:11:07:33 -0300] "GET /cormun/servlet/trsolicitudadjuntos?2019,15978, HTTP/1.1" 200 10093
190.171.141.114 - - [22/Aug/2019:11:07:34 -0300] "GET /cormun/servlet/trsolicitudadjuntos?2019,15978, HTTP/1.1" 200 10092
190.171.141.114 - - [22/Aug/2019:11:07:37 -0300] "GET /cormun/servlet/solicitudotadjuntos?INS,2019,15978,,2, HTTP/1.1" 200 6104
190.171.141.114 - - [22/Aug/2019:11:07:37 -0300] "GET /cormun/static/about:blank HTTP/1.1" 404 1011
190.171.141.114 - - [22/Aug/2019:11:07:38 -0300] "GET /cormun/servlet/solicitudotadjuntos?INS,2019,15978,,2, HTTP/1.1" 200 6098
190.171.141.114 - - [22/Aug/2019:11:07:38 -0300] "GET /cormun/servlet/solicitudotadjuntos?1ee9b6ac2fa7d33e3ab0984416b197bec4946cca30301681f7a0cb9654265c94c2f9d248ae777df8df7747904907c78b,gx-no-cache=1566482543853 HTTP/1.1" 200 30
