190.171.142.18 - - [20/Aug/2019:10:32:16 -0300] "POST /cormun/servlet/solicitudot?gx-no-cache=1566307898173 HTTP/1.1" 200 255
190.171.142.18 - - [20/Aug/2019:10:32:18 -0300] "GET /cormun/servlet/solicitudot?7b131c123d91c2fb3314cc7e710eab625cd0939f4e68087e98f7023c68a296d14f533500966cd65278f822f54bcfb171ee2234bc04a57d5ad33b99686e03780fd72038a2c4827b3233457b5ca03615d598cebe988198b38646e4c9e830b760ab88b1e84804947ecc966645093af71d6ea27cf0043eefa6d8d3e30052334db2c0f8c8fa6841f3c84ebdce3ed036583be9e4ecf317eac6f27a45e93ea036d087b5240f79781cc76c8cbcb398043de6ad2738b3ddf2f7ea051b9beb5030ae8ce8bad4ff8400b9ad23ee9ffbbd5fcd717d48915cf74d323623a09337e3e1458e2b8595de3094a3a5161e4e1d06f04ff4156508651db9ae92fea5969da48648bd1a4dbeb623e0218085d1e1711b8a61c3a8095aa0272782125a1ad47df1eb8d5b48d0471ac1f2e10d53c49f3e6a19042cf62de3bedc91dc29a3d959cf3fd78bee7a1bc08051b0899f9fdf7686b11189a4e4d54f8e98ef7cec51059bc958a24fdafce88f769ed04e62d047274ed70dd0efe34cecc2c7e90e3201f364c0e90235172fda,gx-no-cache=1566307900863 HTTP/1.1" 200 30
190.171.142.18 - - [20/Aug/2019:10:32:25 -0300] "POST /cormun/servlet/solicitudot?gx-no-cache=1566307907572 HTTP/1.1" 200 30
190.171.142.18 - - [20/Aug/2019:10:32:52 -0300] "POST /cormun/servlet/solicitudot?gx-no-cache=1566307935140 HTTP/1.1" 200 1361
190.171.142.18 - - [20/Aug/2019:10:32:52 -0300] "POST /cormun/servlet/solicitudot?gx-no-cache=1566307935349 HTTP/1.1" 200 38
190.171.141.122 - - [20/Aug/2019:10:32:54 -0300] "POST /cormun/servlet/trlicencias?e8ab913f4050c65742cab55245f5985a,,gx-no-cache=1566307657811 HTTP/1.1" 440 972
190.171.141.122 - - [20/Aug/2019:10:32:56 -0300] "GET /cormun/servlet/trlicencias? HTTP/1.1" 200 6131
190.171.141.122 - - [20/Aug/2019:10:32:56 -0300] "GET /cormun/servlet/hlogin HTTP/1.1" 200 1735
190.171.141.122 - - [20/Aug/2019:10:32:57 -0300] "GET /cormun/servlet/trlicencias? HTTP/1.1" 200 6131
190.171.142.18 - - [20/Aug/2019:10:33:02 -0300] "GET /cormun/servlet/solicitudot?7b131c123d91c2fb3314cc7e710eab621d6175f137cbc11f923053e0ade361b05e7e7754872a6e6d32bb2f8d72592209525f4e9731b831b9bb7fd0bafb660379678978614b20fa2d3d977a3918eb90adefa423efe660e5c492de2c6330099a60596dfa3679420baecfb33ec51736faeb,gx-no-cache=1566307944037 HTTP/1.1" 200 110
190.171.141.122 - - [20/Aug/2019:10:33:02 -0300] "POST /cormun/servlet/hlogin?ea68e83de085b1936a86a6fcec35afc8,gx-no-cache=1566307665933 HTTP/1.1" 200 90
190.171.141.122 - - [20/Aug/2019:10:33:02 -0300] "GET /cormun/servlet/hpexe_link HTTP/1.1" 200 953
190.171.141.122 - - [20/Aug/2019:10:33:03 -0300] "GET /cormun/servlet/trlicencias HTTP/1.1" 200 10690
190.171.141.122 - - [20/Aug/2019:10:33:03 -0300] "GET /cormun/servlet/trlicencias HTTP/1.1" 200 10688
190.171.142.18 - - [20/Aug/2019:10:33:06 -0300] "POST /cormun/servlet/solicitudot?gx-no-cache=1566307949015 HTTP/1.1" 200 110
190.171.142.18 - - [20/Aug/2019:10:33:17 -0300] "GET /cormun/servlet/solicitudot?7b131c123d91c2fb3314cc7e710eab62558c05f90713935a2ebba6b8c34272397a63f45904d6549638a882eb8258e5d982ab95dd742dd0a976dfa799a2c6ae1585bcbfcbcf0680b1f2a3c608a8ffc8bbd8dfdd1aa23c1d3434b64fc709e1702c6b9016c74e887806327e1b8fece23f6d,gx-no-cache=1566307960256 HTTP/1.1" 200 29
190.171.142.18 - - [20/Aug/2019:10:33:18 -0300] "GET /cormun/static/menuarrow.gif HTTP/1.1" 404 1015
190.171.142.18 - - [20/Aug/2019:10:33:43 -0300] "GET /cormun/servlet/solicitudot?7b131c123d91c2fb3314cc7e710eab62f7eafbf42fbc63c5d711834bc0d2c524e1791ff33dcfd6ffe84fd3adf5552720,gx-no-cache=1566307985325 HTTP/1.1" 200 30
190.171.142.18 - - [20/Aug/2019:10:33:51 -0300] "POST /cormun/servlet/solicitudot?gx-no-cache=1566307993879 HTTP/1.1" 200 30
190.171.142.18 - - [20/Aug/2019:10:33:53 -0300] "POST /cormun/servlet/solicitudot?d2164a7c71fedd401b6d7bb64ac1703d,INS,0,0,,gx-no-cache=1566307994123 HTTP/1.1" 200 93
190.171.142.18 - - [20/Aug/2019:10:33:54 -0300] "GET /cormun/servlet/hpexe_return? HTTP/1.1" 200 1007
190.171.142.18 - - [20/Aug/2019:10:33:54 -0300] "GET /cormun/servlet/trsolicitudot? HTTP/1.1" 200 9315
190.171.142.18 - - [20/Aug/2019:10:33:54 -0300] "GET /cormun/servlet/trsolicitudot? HTTP/1.1" 200 9310
190.171.142.18 - - [20/Aug/2019:10:34:00 -0300] "POST /cormun/servlet/trsolicitudot?d2164a7c71fedd401b6d7bb64ac1703d,,gx-no-cache=1566308002727 HTTP/1.1" 200 6366
190.171.142.18 - - [20/Aug/2019:10:34:01 -0300] "GET /cormun/static/Shared/jqueryui/images/ui-bg_highlight-soft_100_c6c2c8_1x100.png HTTP/1.1" 404 1117
190.171.142.18 - - [20/Aug/2019:10:34:01 -0300] "GET /cormun/static/Shared/jqueryui/images/ui-bg_flat_55_fafafa_40x100.png HTTP/1.1" 404 1097
190.171.142.18 - - [20/Aug/2019:10:34:01 -0300] "GET /cormun/static/Shared/jqueryui/images/ui-icons_8d78a5_256x240.png HTTP/1.1" 404 1089
190.171.142.18 - - [20/Aug/2019:10:34:01 -0300] "GET /cormun/static/Shared/jqueryui/images/ui-icons_82798d_256x240.png HTTP/1.1" 404 1089
190.171.142.18 - - [20/Aug/2019:10:34:01 -0300] "POST /cormun/servlet/trsolicitudot?d2164a7c71fedd401b6d7bb64ac1703d,,gx-no-cache=1566308003734 HTTP/1.1" 200 6312
190.171.142.18 - - [20/Aug/2019:10:34:14 -0300] "GET /cormun/servlet/trautorizarsolicitud? HTTP/1.1" 200 8822
190.171.142.18 - - [20/Aug/2019:10:34:14 -0300] "GET /cormun/servlet/trautorizarsolicitud? HTTP/1.1" 200 8822
190.171.142.18 - - [20/Aug/2019:10:34:21 -0300] "POST /cormun/servlet/trautorizarsolicitud?d2164a7c71fedd401b6d7bb64ac1703d,,gx-no-cache=1566308023983 HTTP/1.1" 200 4698
190.171.142.18 - - [20/Aug/2019:10:34:22 -0300] "GET /cormun/static/Shared/jqueryui/images/ui-bg_highlight-soft_100_c6c2c8_1x100.png HTTP/1.1" 404 1117
190.171.142.18 - - [20/Aug/2019:10:34:22 -0300] "GET /cormun/static/Shared/jqueryui/images/ui-icons_8d78a5_256x240.png HTTP/1.1" 404 1089
190.171.142.18 - - [20/Aug/2019:10:34:22 -0300] "GET /cormun/static/Shared/jqueryui/images/ui-icons_82798d_256x240.png HTTP/1.1" 404 1089
190.171.142.18 - - [20/Aug/2019:10:34:22 -0300] "GET /cormun/static/Shared/jqueryui/images/ui-bg_flat_55_fafafa_40x100.png HTTP/1.1" 404 1097
190.171.142.18 - - [20/Aug/2019:10:34:22 -0300] "POST /cormun/servlet/trautorizarsolicitud?d2164a7c71fedd401b6d7bb64ac1703d,,gx-no-cache=1566308024498 HTTP/1.1" 200 4470
190.171.141.122 - - [20/Aug/2019:10:34:45 -0300] "POST /cormun/servlet/trlicencias?ea68e83de085b1936a86a6fcec35afc8,gx-no-cache=1566307768005 HTTP/1.1" 200 7957
190.171.141.122 - - [20/Aug/2019:10:35:10 -0300] "POST /cormun/servlet/trlicencias?ea68e83de085b1936a86a6fcec35afc8,gx-no-cache=1566307793188 HTTP/1.1" 200 7958
139.162.111.98 - - [20/Aug/2019:10:35:50 -0300] "GET / HTTP/1.1" 200 11217
190.171.141.122 - - [20/Aug/2019:10:35:51 -0300] "GET /cormun/servlet/trlicencias? HTTP/1.1" 200 10688
190.171.141.122 - - [20/Aug/2019:10:35:52 -0300] "GET /cormun/servlet/trlicencias? HTTP/1.1" 200 10688
200.54.103.162 - - [20/Aug/2019:10:39:58 -0300] "GET /cormun/servlet/hlogin HTTP/1.1" 200 1718
200.54.103.162 - - [20/Aug/2019:10:40:08 -0300] "POST /cormun/servlet/hlogin?cb2912e7f9ad9dcf05d2ffe987f628a7,gx-no-cache=1566308092863 HTTP/1.1" 200 90
200.54.103.162 - - [20/Aug/2019:10:40:08 -0300] "GET /cormun/servlet/hpexe_link HTTP/1.1" 200 947
200.54.103.162 - - [20/Aug/2019:10:40:08 -0300] "GET /cormun/servlet/hhome HTTP/1.1" 200 4334
200.54.103.162 - - [20/Aug/2019:10:40:09 -0300] "GET /cormun/servlet/hhome HTTP/1.1" 200 4330
200.54.103.162 - - [20/Aug/2019:10:40:21 -0300] "GET /cormun/servlet/trlicencias? HTTP/1.1" 200 15706
200.54.103.162 - - [20/Aug/2019:10:40:22 -0300] "GET /cormun/servlet/trlicencias? HTTP/1.1" 200 15703
186.103.159.46 - - [20/Aug/2019:10:46:30 -0300] "GET /cormun/servlet/trpermisosgoce? HTTP/1.1" 200 6112
186.103.159.46 - - [20/Aug/2019:10:46:30 -0300] "GET /cormun/static/gxcfg.js?20177612163875 HTTP/1.1" 200 953
186.103.159.46 - - [20/Aug/2019:10:46:30 -0300] "GET /cormun/static/trpermisosgoce.js?20177612164335 HTTP/1.1" 200 35904
186.103.159.46 - - [20/Aug/2019:10:46:33 -0300] "GET /cormun/servlet/trpermisosgoce? HTTP/1.1" 200 6109
186.103.159.46 - - [20/Aug/2019:10:46:33 -0300] "GET /cormun/servlet/hlogin HTTP/1.1" 200 1732
186.103.159.46 - - [20/Aug/2019:10:46:41 -0300] "POST /cormun/servlet/hlogin?c87b3c37cba25327969efe5e3c0bb7a1,gx-no-cache=1566304889008 HTTP/1.1" 200 90
186.103.159.46 - - [20/Aug/2019:10:46:41 -0300] "GET /cormun/servlet/hpexe_link HTTP/1.1" 200 947
186.103.159.46 - - [20/Aug/2019:10:46:42 -0300] "GET /cormun/servlet/trpermisosgoce HTTP/1.1" 200 11288
186.103.159.46 - - [20/Aug/2019:10:46:45 -0300] "GET /cormun//static/Resources/PXToolsGridUpdate.png HTTP/1.1" 200 2984
186.103.159.46 - - [20/Aug/2019:10:46:45 -0300] "GET /cormun/servlet/trpermisosgoce HTTP/1.1" 200 11287
186.103.159.46 - - [20/Aug/2019:10:46:45 -0300] "GET /cormun//static/Resources/PXToolsGridDelete.png HTTP/1.1" 200 357
186.103.159.46 - - [20/Aug/2019:10:46:49 -0300] "GET /cormun/servlet/trpermisosgoce? HTTP/1.1" 200 11287
186.103.159.46 - - [20/Aug/2019:10:46:52 -0300] "GET /cormun/servlet/trpermisosgoce? HTTP/1.1" 200 11287
186.103.159.46 - - [20/Aug/2019:10:46:56 -0300] "GET /cormun/servlet/permisogoce?INS,0,,, HTTP/1.1" 200 6889
186.103.159.46 - - [20/Aug/2019:10:46:56 -0300] "GET /cormun/static/gxcfg.js?201776126440 HTTP/1.1" 200 953
186.103.159.46 - - [20/Aug/2019:10:46:56 -0300] "GET /cormun/static/Resources/prompt.gif HTTP/1.1" 200 902
186.103.159.46 - - [20/Aug/2019:10:46:56 -0300] "GET /cormun/static/permisogoce.js?2017761264459 HTTP/1.1" 200 27897
186.103.159.46 - - [20/Aug/2019:10:46:58 -0300] "GET /cormun/servlet/permisogoce?INS,0,,, HTTP/1.1" 200 6889
186.103.159.46 - - [20/Aug/2019:10:47:06 -0300] "GET /cormun/servlet/permisogoce?c32a7ed2a0695e704ce0ce52b7a01f171966342d9247c9eb78822b522a5e6cb1f20eaf1621abb8d8bf9841f96a3ee599,gx-no-cache=1566304914209 HTTP/1.1" 200 86
186.103.159.46 - - [20/Aug/2019:10:47:10 -0300] "GET /cormun/static/menuarrow.gif HTTP/1.1" 404 1015
186.103.159.46 - - [20/Aug/2019:10:47:16 -0300] "GET /cormun/servlet/permisogoce?c32a7ed2a0695e704ce0ce52b7a01f17e3d641676d80cc456c758034b3737c400a3da8679d13427989559d4c12b46109a8d84783c18e87c6c5a46366d2256962,gx-no-cache=1566304924131 HTTP/1.1" 200 48
186.103.159.46 - - [20/Aug/2019:10:47:22 -0300] "POST /cormun/servlet/permisogoce?c87b3c37cba25327969efe5e3c0bb7a1,INS,0,,,,gx-no-cache=1566304927114 HTTP/1.1" 200 93
186.103.159.46 - - [20/Aug/2019:10:47:22 -0300] "GET /cormun/servlet/hpexe_return? HTTP/1.1" 200 1002
186.103.159.46 - - [20/Aug/2019:10:47:22 -0300] "GET /cormun/static/gxcfg.js?2016101716175148 HTTP/1.1" 200 953
186.103.159.46 - - [20/Aug/2019:10:47:22 -0300] "GET /cormun/static/hpexe_return.js?2016101716175153 HTTP/1.1" 200 1633
186.103.159.46 - - [20/Aug/2019:10:47:22 -0300] "GET /cormun/static/Resources/Spanish/PXTools.css?167811 HTTP/1.1" 200 89042
186.103.159.46 - - [20/Aug/2019:10:47:23 -0300] "GET /cormun/servlet/trpermisosgoce HTTP/1.1" 200 11526
186.103.159.46 - - [20/Aug/2019:10:47:26 -0300] "GET /cormun/servlet/trpermisosgoce HTTP/1.1" 200 11521
186.103.159.46 - - [20/Aug/2019:10:47:30 -0300] "GET /cormun/servlet/apermisogoceprn?9014931,P,20190820093606,PU HTTP/1.1" 200 1654
192.168.10.89 - - [20/Aug/2019:10:48:43 -0300] "GET /cormun/servlet/hlogin HTTP/1.1" 200 1724
192.168.10.89 - - [20/Aug/2019:10:48:43 -0300] "GET /cormun/static/Resources/Spanish/PXTools.css?1155365 HTTP/1.1" 304 -
192.168.10.89 - - [20/Aug/2019:10:48:55 -0300] "POST /cormun/servlet/hlogin?6bfe597eeeae457bf6525b4cf1d37320,gx-no-cache=1566308285839 HTTP/1.1" 200 90
192.168.10.89 - - [20/Aug/2019:10:48:55 -0300] "GET /cormun/servlet/hpexe_link HTTP/1.1" 200 953
192.168.10.89 - - [20/Aug/2019:10:48:55 -0300] "GET /cormun/static/hpexe_link.js?20177612121795 HTTP/1.1" 304 -
192.168.10.89 - - [20/Aug/2019:10:48:55 -0300] "GET /cormun/servlet/hhome HTTP/1.1" 200 3896
192.168.10.89 - - [20/Aug/2019:10:48:56 -0300] "GET /cormun/static/Resources/Spanish/PXTools.css?11423723 HTTP/1.1" 304 -
192.168.10.89 - - [20/Aug/2019:10:48:56 -0300] "GET /cormun/static/PXToolsJavascripts/pexe_popup.js HTTP/1.1" 304 -
192.168.10.89 - - [20/Aug/2019:10:48:56 -0300] "GET /cormun/static/PXToolsJavascripts/pexe_tabs.js HTTP/1.1" 304 -
192.168.10.89 - - [20/Aug/2019:10:48:56 -0300] "GET /cormun/static/hhome.js?20175251212450 HTTP/1.1" 304 -
192.168.10.89 - - [20/Aug/2019:10:48:56 -0300] "GET /cormun/static/hwchdr01.js?201752511465785 HTTP/1.1" 304 -
192.168.10.89 - - [20/Aug/2019:10:48:56 -0300] "GET /cormun/static/hpexe_recentlink.js?20177611595044 HTTP/1.1" 304 -
192.168.10.89 - - [20/Aug/2019:10:48:56 -0300] "GET /cormun/static/hpexe_scripts.js?201752511465715 HTTP/1.1" 304 -
192.168.10.89 - - [20/Aug/2019:10:48:56 -0300] "GET /cormun/static/hpexe_messagecontroller.js?20177611595012 HTTP/1.1" 304 -
192.168.10.89 - - [20/Aug/2019:10:48:56 -0300] "GET /cormun/static/hpexe_messagepopupcomponent.js?20161017169425 HTTP/1.1" 304 -
192.168.10.89 - - [20/Aug/2019:10:48:56 -0300] "GET /cormun/static/hpexe_messagegenexuscomponent.js?201752511465344 HTTP/1.1" 304 -
192.168.10.89 - - [20/Aug/2019:10:48:56 -0300] "GET /cormun/static/cmcontrolpreferences.js?201752511465670 HTTP/1.1" 304 -
192.168.10.89 - - [20/Aug/2019:10:48:59 -0300] "GET /cormun/servlet/trsolicitudgral? HTTP/1.1" 200 22385
192.168.10.89 - - [20/Aug/2019:10:48:59 -0300] "GET /cormun/static/Resources/Spanish/PXTools.css?1255365 HTTP/1.1" 304 -
200.54.107.2 - - [20/Aug/2019:10:49:18 -0300] "GET /cormun/servlet/trsolicitudot? HTTP/1.1" 200 21552
192.168.10.89 - - [20/Aug/2019:10:49:19 -0300] "GET /cormun/static/menuarrow.gif HTTP/1.1" 404 1015
200.54.107.2 - - [20/Aug/2019:10:49:20 -0300] "GET /cormun/servlet/trsolicitudot? HTTP/1.1" 200 21552
200.54.107.2 - - [20/Aug/2019:10:49:25 -0300] "GET /cormun/servlet/solicitudot?INS,0,0, HTTP/1.1" 200 15370
200.54.107.2 - - [20/Aug/2019:10:49:26 -0300] "GET /cormun/servlet/solicitudot?INS,0,0, HTTP/1.1" 200 15376
200.54.107.2 - - [20/Aug/2019:10:49:29 -0300] "GET /cormun/servlet/prfichaempleado?,MD,,gxPopupLevel%3D0%3B HTTP/1.1" 200 9403
200.54.107.2 - - [20/Aug/2019:10:49:38 -0300] "POST /cormun/servlet/prfichaempleado?b37a55f0c1031e31a186cfd264689568,,MD,,gxPopupLevel%3D0%3B,gx-no-cache=1566308662987 HTTP/1.1" 200 3416
192.168.10.89 - - [20/Aug/2019:10:49:39 -0300] "POST /cormun/servlet/trsolicitudgral?6bfe597eeeae457bf6525b4cf1d37320,,gx-no-cache=1566308329022 HTTP/1.1" 200 6605
200.54.107.2 - - [20/Aug/2019:10:49:44 -0300] "POST /cormun/servlet/solicitudot?b37a55f0c1031e31a186cfd264689568,INS,0,0,,gx-no-cache=1566308668732 HTTP/1.1" 200 12283
200.54.107.2 - - [20/Aug/2019:10:49:45 -0300] "GET /cormun/static/Shared/jqueryui/images/ui-bg_highlight-soft_100_c6c2c8_1x100.png HTTP/1.1" 404 1117
200.54.107.2 - - [20/Aug/2019:10:49:45 -0300] "GET /cormun/static/Shared/jqueryui/images/ui-bg_flat_55_994d53_40x100.png HTTP/1.1" 404 1097
200.54.107.2 - - [20/Aug/2019:10:49:45 -0300] "GET /cormun/static/Shared/jqueryui/images/ui-icons_82798d_256x240.png HTTP/1.1" 404 1089
200.54.107.2 - - [20/Aug/2019:10:49:45 -0300] "GET /cormun/static/Shared/jqueryui/images/ui-icons_ebccce_256x240.png HTTP/1.1" 404 1089
192.168.10.89 - - [20/Aug/2019:10:49:45 -0300] "GET /cormun/servlet/vesolicitudgral?2019,15913,, HTTP/1.1" 200 8431
192.168.10.89 - - [20/Aug/2019:10:49:45 -0300] "GET /cormun/pexe_scrolldiv.js HTTP/1.1" 404 1009
192.168.10.89 - - [20/Aug/2019:10:49:49 -0300] "GET /cormun/servlet/vesolicitudgral?2019,15913,,SolicitudOTAdjuntos HTTP/1.1" 200 10827
192.168.10.89 - - [20/Aug/2019:10:49:49 -0300] "GET /cormun/pexe_scrolldiv.js HTTP/1.1" 404 1009
200.54.107.2 - - [20/Aug/2019:10:49:49 -0300] "POST /cormun/servlet/solicitudot?gx-no-cache=1566308673181 HTTP/1.1" 200 3595
200.54.107.2 - - [20/Aug/2019:10:49:50 -0300] "POST /cormun/servlet/solicitudot?b37a55f0c1031e31a186cfd264689568,INS,0,0,,gx-no-cache=1566308674247 HTTP/1.1" 200 12169
200.54.107.2 - - [20/Aug/2019:10:49:50 -0300] "GET /cormun/servlet/solicitudot?853ce1f6e57aac6be8a673a5bcf75bb0a4c7241efd2836663f751c68e9529b7d10b64ef73f059a7addce08008476ee47,gx-no-cache=1566308674826 HTTP/1.1" 200 30
200.54.107.2 - - [20/Aug/2019:10:49:50 -0300] "GET /cormun/servlet/solicitudot?853ce1f6e57aac6be8a673a5bcf75bb0e59f23039368b018a84b3e29cb00455bbc03e6c02265efa1e8138543eb8dba313c7cab149ec206f0d6edd44e1dac33e3,gx-no-cache=1566308674969 HTTP/1.1" 200 30
192.168.10.89 - - [20/Aug/2019:10:49:50 -0300] "POST /cormun/servlet/acontrolpreferencessavestate?None,RRHH+CATALINA,true HTTP/1.1" 200 35
200.54.107.2 - - [20/Aug/2019:10:49:50 -0300] "GET /cormun/servlet/solicitudot?853ce1f6e57aac6be8a673a5bcf75bb037713e7556ae4dea7a938e3878b2d316,gx-no-cache=1566308675129 HTTP/1.1" 200 29
200.54.107.2 - - [20/Aug/2019:10:49:51 -0300] "POST /cormun/servlet/solicitudot?gx-no-cache=1566308675318 HTTP/1.1" 200 255
200.54.107.2 - - [20/Aug/2019:10:49:51 -0300] "GET /cormun/servlet/solicitudot?853ce1f6e57aac6be8a673a5bcf75bb0bd88c10209976721b5e35f4198dbad32865b1410b9fd46ab5d83b0c866b4c817a12da5a308a121f91803fe4804808a6979898c83829d873794a69f89afd5bf7be4c9e5d1226e75972c1c204288d8b0cf56918430d5a64d1b728dcddadbd7e317972449a1babfa9aaefb65b4c9ab5eb68cef9396183dfc31530791c6e28872c1cfa90b817f31021c02b56a1a1eb906d4afa24bebc85172004f61f7488d1b3828a852ce76eb38e268464070b8537100a047814090e339120c46f7d762af900cd6bf42de14da1db6843eb1f86ea0dcfa44620c5fc52643812a2b7bff4008aa3f5fdc079b5223ec65e863d704bd2b6f97018a007bf7935396ff5641165879fb6702dc7a3e553bfef7f951e8965d37a37425bf1f0d66d6bea0cac56c3ef61962edf300d3a7aa540f0e2fa0cadd1ccfeaac3a7fff030404dbd2a0fe22ff522733481f429c64ea11ddfe7a6b3a4cfcf99467a9042f277161dd99d65663e33a351b639c19143461138a01e2f44c7035c9ee1ccc4,gx-no-cache=1566308675517 HTTP/1.1" 200 30
192.168.10.89 - - [20/Aug/2019:10:49:54 -0300] "GET /cormun/PublicTempStorage/cedula_de_identidad3209616.pdf HTTP/1.1" 200 242078
200.54.107.2 - - [20/Aug/2019:10:49:56 -0300] "POST /cormun/servlet/solicitudot?gx-no-cache=1566308681263 HTTP/1.1" 200 30
200.54.107.2 - - [20/Aug/2019:10:50:00 -0300] "GET /cormun/servlet/prcontratosol?9449907,,,,,MD,,gxPopupLevel%3D0%3B HTTP/1.1" 200 11409
200.54.107.2 - - [20/Aug/2019:10:50:06 -0300] "POST /cormun/servlet/solicitudot?gx-no-cache=1566308690531 HTTP/1.1" 200 1361
200.54.107.2 - - [20/Aug/2019:10:50:06 -0300] "POST /cormun/servlet/solicitudot?gx-no-cache=1566308690735 HTTP/1.1" 200 38
200.54.107.2 - - [20/Aug/2019:10:50:07 -0300] "GET /cormun/servlet/solicitudot?853ce1f6e57aac6be8a673a5bcf75bb0f238874b84354ddfb3dcd4f60d3d7fb062038c0fd79551295a17c586088d47996c9cc355786fcdad2cc78f73c4f20f5fe3e875c69251a58585204d5943f25c87052e07d7598b0617b965fdf9d1d5f8dc8fed4f7901eb29d806e872e83a23acb0,gx-no-cache=1566308691338 HTTP/1.1" 200 110
200.54.107.2 - - [20/Aug/2019:10:50:07 -0300] "POST /cormun/servlet/solicitudot?gx-no-cache=1566308691527 HTTP/1.1" 200 79
200.54.107.2 - - [20/Aug/2019:10:50:07 -0300] "GET /cormun/servlet/solicitudot?853ce1f6e57aac6be8a673a5bcf75bb0e9cf19531dabafbacd2809e9e58dc89480e8b175ebdcbcd78d437b2a3c3ea47134224022e7c7964df33267b9fb1d9e1275edb50d3264ab2ff0e71d6eb869f045ed51f0a9b145f3e3833293d8568aaf462cae4e67c73dae68eac180aaaa7726687976483a726bb8b4fea4a7cfc094c7c53586fa3a06122347f12a4bc9cff2ef4dde433ba671d6ce785fa982b488a13b52,gx-no-cache=1566308691773 HTTP/1.1" 200 29
200.54.107.2 - - [20/Aug/2019:10:50:07 -0300] "GET /cormun/servlet/solicitudot?853ce1f6e57aac6be8a673a5bcf75bb02b6c72ebf492e73b77cf2a413544605f383f72075fa8d3e34e88c0409e974982,gx-no-cache=1566308691888 HTTP/1.1" 200 134
192.168.10.89 - - [20/Aug/2019:10:50:12 -0300] "GET /cormun/servlet/vesolicitudgral?2019,15913,,SolicitudOTAdjuntos HTTP/1.1" 200 10827
192.168.10.89 - - [20/Aug/2019:10:50:12 -0300] "GET /cormun/pexe_scrolldiv.js HTTP/1.1" 404 1009
192.168.10.89 - - [20/Aug/2019:10:50:13 -0300] "POST /cormun/servlet/acontrolpreferencessavestate?None,RRHH+CATALINA,true HTTP/1.1" 200 35
192.168.10.89 - - [20/Aug/2019:10:50:14 -0300] "GET /cormun/PublicTempStorage/cedula_de_identidad1225061.pdf HTTP/1.1" 200 242078
192.168.10.89 - - [20/Aug/2019:10:50:17 -0300] "GET /cormun/servlet/vesolicitudgral?2019,15913,,SolicitudOTAdjuntos HTTP/1.1" 200 10824
192.168.10.89 - - [20/Aug/2019:10:50:17 -0300] "GET /cormun/pexe_scrolldiv.js HTTP/1.1" 404 1009
192.168.10.89 - - [20/Aug/2019:10:50:19 -0300] "POST /cormun/servlet/acontrolpreferencessavestate?None,RRHH+CATALINA,true HTTP/1.1" 200 35
192.168.10.89 - - [20/Aug/2019:10:50:20 -0300] "GET /cormun/PublicTempStorage/c.antecedentes662396.pdf HTTP/1.1" 200 329335
200.54.107.2 - - [20/Aug/2019:10:50:21 -0300] "POST /cormun/servlet/solicitudot?gx-no-cache=1566308706070 HTTP/1.1" 200 33
192.168.10.89 - - [20/Aug/2019:10:50:32 -0300] "GET /cormun/servlet/vesolicitudgral?2019,15913,,SolicitudOTAdjuntos HTTP/1.1" 200 10827
192.168.10.89 - - [20/Aug/2019:10:50:32 -0300] "GET /cormun/pexe_scrolldiv.js HTTP/1.1" 404 1009
192.168.10.89 - - [20/Aug/2019:10:50:33 -0300] "POST /cormun/servlet/acontrolpreferencessavestate?None,RRHH+CATALINA,true HTTP/1.1" 200 35
192.168.10.89 - - [20/Aug/2019:10:50:35 -0300] "GET /cormun/PublicTempStorage/curriculum863803.pdf HTTP/1.1" 200 1526049
192.168.10.89 - - [20/Aug/2019:10:50:45 -0300] "GET /cormun/servlet/vesolicitudgral?2019,15913,,SolicitudOTAdjuntos HTTP/1.1" 200 10830
192.168.10.89 - - [20/Aug/2019:10:50:45 -0300] "GET /cormun/pexe_scrolldiv.js HTTP/1.1" 404 1009
192.168.10.89 - - [20/Aug/2019:10:50:47 -0300] "POST /cormun/servlet/acontrolpreferencessavestate?None,RRHH+CATALINA,true HTTP/1.1" 200 35
192.168.10.89 - - [20/Aug/2019:10:50:48 -0300] "GET /cormun/PublicTempStorage/titulo4383764.pdf HTTP/1.1" 200 270869
192.168.10.89 - - [20/Aug/2019:10:50:59 -0300] "GET /cormun/servlet/vesolicitudgral?2019,15913,,SolicitudOTAdjuntos HTTP/1.1" 200 10832
192.168.10.89 - - [20/Aug/2019:10:50:59 -0300] "GET /cormun/pexe_scrolldiv.js HTTP/1.1" 404 1009
192.168.10.89 - - [20/Aug/2019:10:51:01 -0300] "POST /cormun/servlet/acontrolpreferencessavestate?None,RRHH+CATALINA,true HTTP/1.1" 200 35
192.168.10.89 - - [20/Aug/2019:10:51:02 -0300] "GET /cormun/servlet/hlogin HTTP/1.1" 200 1760
200.54.107.2 - - [20/Aug/2019:10:51:17 -0300] "POST /cormun/servlet/solicitudot?gx-no-cache=1566308761922 HTTP/1.1" 200 109
200.54.107.2 - - [20/Aug/2019:10:51:21 -0300] "POST /cormun/servlet/solicitudot?gx-no-cache=1566308765350 HTTP/1.1" 200 30
200.54.107.2 - - [20/Aug/2019:10:51:21 -0300] "POST /cormun/servlet/solicitudot?gx-no-cache=1566308765471 HTTP/1.1" 200 1361
200.54.107.2 - - [20/Aug/2019:10:51:21 -0300] "POST /cormun/servlet/solicitudot?gx-no-cache=1566308765596 HTTP/1.1" 200 40
200.54.107.2 - - [20/Aug/2019:10:51:21 -0300] "GET /cormun/servlet/solicitudot?853ce1f6e57aac6be8a673a5bcf75bb0f238874b84354ddfb3dcd4f60d3d7fb062038c0fd79551295a17c586088d47996c9cc355786fcdad2cc78f73c4f20f5fe3e875c69251a58585204d5943f25c87052e07d7598b0617b965fdf9d1d5f8dc8fed4f7901eb29d806e872e83a23acb0,gx-no-cache=1566308765661 HTTP/1.1" 200 110
200.54.107.2 - - [20/Aug/2019:10:51:49 -0300] "POST /cormun/servlet/solicitudot?gx-no-cache=1566308793953 HTTP/1.1" 200 105
200.54.107.2 - - [20/Aug/2019:10:51:59 -0300] "GET /cormun/servlet/solicitudot?853ce1f6e57aac6be8a673a5bcf75bb02b6c72ebf492e73b77cf2a413544605f383f72075fa8d3e34e88c0409e974982,gx-no-cache=1566308804133 HTTP/1.1" 200 134
200.54.107.2 - - [20/Aug/2019:10:51:59 -0300] "POST /cormun/servlet/solicitudot?gx-no-cache=1566308804299 HTTP/1.1" 200 33
200.54.107.2 - - [20/Aug/2019:10:52:00 -0300] "POST /cormun/servlet/solicitudot?b37a55f0c1031e31a186cfd264689568,INS,0,0,,gx-no-cache=1566308804429 HTTP/1.1" 200 12507
200.54.107.2 - - [20/Aug/2019:10:52:03 -0300] "GET /cormun/static/menuarrow.gif HTTP/1.1" 404 1015
200.54.107.2 - - [20/Aug/2019:10:52:07 -0300] "GET /cormun/servlet/solicitudot?853ce1f6e57aac6be8a673a5bcf75bb02b6c72ebf492e73b77cf2a413544605ff274a8a3a281f7f8d0982f756d05c746,gx-no-cache=1566308811582 HTTP/1.1" 200 134
200.54.107.2 - - [20/Aug/2019:10:52:07 -0300] "POST /cormun/servlet/solicitudot?b37a55f0c1031e31a186cfd264689568,INS,0,0,,gx-no-cache=1566308811643 HTTP/1.1" 200 12574
200.54.103.162 - - [20/Aug/2019:10:52:42 -0300] "GET /cormun/servlet/hlogin HTTP/1.1" 200 1731
200.54.103.162 - - [20/Aug/2019:10:52:42 -0300] "GET /cormun/static/gxcfg.js?20177612122725 HTTP/1.1" 304 -
200.54.103.162 - - [20/Aug/2019:10:52:42 -0300] "GET /cormun/static/Resources/Spanish/PXTools.css?1155365 HTTP/1.1" 304 -
200.54.103.162 - - [20/Aug/2019:10:52:43 -0300] "GET /cormun/servlet/hlogin HTTP/1.1" 200 1736
200.54.103.162 - - [20/Aug/2019:10:52:43 -0300] "GET /cormun/static/Resources/indicator.gif HTTP/1.1" 200 1553
200.54.107.2 - - [20/Aug/2019:10:52:43 -0300] "GET /cormun/servlet/solicitudot?853ce1f6e57aac6be8a673a5bcf75bb0de54fa1dbac36a4083c17228214f5c3240d96522c8d5bacdae7bee2ea94a5d7c,gx-no-cache=1566308847709 HTTP/1.1" 200 30
200.54.107.2 - - [20/Aug/2019:10:52:43 -0300] "POST /cormun/servlet/solicitudot?gx-no-cache=1566308847939 HTTP/1.1" 200 33
190.171.143.82 - - [20/Aug/2019:10:52:52 -0300] "GET /cormun/servlet/hhome HTTP/1.1" 200 3418
190.171.143.82 - - [20/Aug/2019:10:52:53 -0300] "GET /cormun/servlet/hhome HTTP/1.1" 200 3427
190.171.143.82 - - [20/Aug/2019:10:52:53 -0300] "GET /cormun/servlet/hlogin HTTP/1.1" 200 1732
200.54.103.162 - - [20/Aug/2019:10:52:54 -0300] "POST /cormun/servlet/hlogin?3adc0119948d8109ae58697707f7bf33,gx-no-cache=1566308863009 HTTP/1.1" 200 448
200.54.107.2 - - [20/Aug/2019:10:53:02 -0300] "GET /cormun/servlet/solicitudot?853ce1f6e57aac6be8a673a5bcf75bb0d9f18a067edc35068ab6a280fc160b49383f72075fa8d3e34e88c0409e974982,gx-no-cache=1566308866734 HTTP/1.1" 200 30
200.54.107.2 - - [20/Aug/2019:10:53:02 -0300] "POST /cormun/servlet/solicitudot?gx-no-cache=1566308866807 HTTP/1.1" 200 33
200.54.107.2 - - [20/Aug/2019:10:53:02 -0300] "POST /cormun/servlet/solicitudot?b37a55f0c1031e31a186cfd264689568,INS,0,0,,gx-no-cache=1566308866882 HTTP/1.1" 200 93
200.54.107.2 - - [20/Aug/2019:10:53:03 -0300] "GET /cormun/servlet/hpexe_return? HTTP/1.1" 200 1006
200.54.107.2 - - [20/Aug/2019:10:53:03 -0300] "GET /cormun/servlet/trsolicitudot HTTP/1.1" 200 21922
200.54.103.162 - - [20/Aug/2019:10:53:04 -0300] "POST /cormun/servlet/hlogin?3adc0119948d8109ae58697707f7bf33,gx-no-cache=1566308872430 HTTP/1.1" 200 90
200.54.103.162 - - [20/Aug/2019:10:53:04 -0300] "GET /cormun/servlet/hpexe_link HTTP/1.1" 200 953
200.54.103.162 - - [20/Aug/2019:10:53:04 -0300] "GET /cormun/static/gxcfg.js?20177612121792 HTTP/1.1" 304 -
200.54.103.162 - - [20/Aug/2019:10:53:04 -0300] "GET /cormun/static/hpexe_link.js?20177612121795 HTTP/1.1" 304 -
200.54.103.162 - - [20/Aug/2019:10:53:04 -0300] "GET /cormun/servlet/hhome HTTP/1.1" 200 4342
200.54.103.162 - - [20/Aug/2019:10:53:04 -0300] "GET /cormun/static/Resources/Spanish/PXTools.css?11423723 HTTP/1.1" 304 -
190.171.152.234 - - [20/Aug/2019:10:53:04 -0300] "GET /cormun/servlet/hlogin HTTP/1.1" 200 1722
200.54.103.162 - - [20/Aug/2019:10:53:04 -0300] "GET /cormun/static/gxcfg.js?20175251212442 HTTP/1.1" 304 -
200.54.107.2 - - [20/Aug/2019:10:53:05 -0300] "GET /cormun/servlet/trsolicitudot HTTP/1.1" 200 21918
200.54.103.162 - - [20/Aug/2019:10:53:05 -0300] "GET /cormun/static/hhome.js?20175251212450 HTTP/1.1" 304 -
200.54.103.162 - - [20/Aug/2019:10:53:05 -0300] "GET /cormun/static/hwchdr01.js?201752511465785 HTTP/1.1" 304 -
200.54.103.162 - - [20/Aug/2019:10:53:05 -0300] "GET /cormun/static/hpexe_messagecontroller.js?20177611595012 HTTP/1.1" 304 -
200.54.103.162 - - [20/Aug/2019:10:53:05 -0300] "GET /cormun/static/hpexe_messagepopupcomponent.js?20161017169425 HTTP/1.1" 304 -
200.54.103.162 - - [20/Aug/2019:10:53:05 -0300] "GET /cormun/static/hpexe_recentlink.js?20177611595044 HTTP/1.1" 304 -
200.54.103.162 - - [20/Aug/2019:10:53:05 -0300] "GET /cormun/static/hpexe_messagegenexuscomponent.js?201752511465344 HTTP/1.1" 304 -
200.54.103.162 - - [20/Aug/2019:10:53:05 -0300] "GET /cormun/static/hpexe_scripts.js?201752511465715 HTTP/1.1" 304 -
200.54.103.162 - - [20/Aug/2019:10:53:05 -0300] "GET /cormun/static/cmcontrolpreferences.js?201752511465670 HTTP/1.1" 304 -
200.54.103.162 - - [20/Aug/2019:10:53:05 -0300] "GET /cormun/servlet/hhome HTTP/1.1" 200 4337
190.171.143.82 - - [20/Aug/2019:10:53:12 -0300] "POST /cormun/servlet/hlogin?f8ebdee5cf73d645df506cd4224349d2,gx-no-cache=1566309046372 HTTP/1.1" 200 90
190.171.143.82 - - [20/Aug/2019:10:53:12 -0300] "GET /cormun/servlet/hpexe_link HTTP/1.1" 200 950
190.171.143.82 - - [20/Aug/2019:10:53:12 -0300] "GET /cormun/servlet/hhome HTTP/1.1" 200 4074
190.171.143.82 - - [20/Aug/2019:10:53:13 -0300] "GET /cormun/servlet/hhome HTTP/1.1" 200 4070
200.54.107.2 - - [20/Aug/2019:10:53:17 -0300] "POST /cormun/servlet/trsolicitudot?b37a55f0c1031e31a186cfd264689568,gx-no-cache=1566308881453 HTTP/1.1" 200 106
200.54.107.2 - - [20/Aug/2019:10:53:17 -0300] "GET /cormun/servlet/solicitudot?UPD,2019,15963, HTTP/1.1" 200 15885
200.54.103.162 - - [20/Aug/2019:10:53:18 -0300] "GET /cormun/servlet/trautorizarsolicitud? HTTP/1.1" 200 7451
200.54.107.2 - - [20/Aug/2019:10:53:18 -0300] "GET /cormun/servlet/solicitudot?UPD,2019,15963, HTTP/1.1" 200 15896
190.171.152.234 - - [20/Aug/2019:10:53:18 -0300] "POST /cormun/servlet/hlogin?38e22c03586848200e6279b6916eea58,gx-no-cache=1566305124159 HTTP/1.1" 200 90
190.171.152.234 - - [20/Aug/2019:10:53:18 -0300] "GET /cormun/servlet/hpexe_link HTTP/1.1" 200 948
200.54.103.162 - - [20/Aug/2019:10:53:18 -0300] "GET /cormun/servlet/trautorizarsolicitud? HTTP/1.1" 200 7449
200.54.107.2 - - [20/Aug/2019:10:53:18 -0300] "POST /cormun/servlet/solicitudot?gx-no-cache=1566308883176 HTTP/1.1" 200 3611
190.171.152.234 - - [20/Aug/2019:10:53:18 -0300] "GET /cormun/servlet/hhome HTTP/1.1" 200 4346
200.54.107.2 - - [20/Aug/2019:10:53:19 -0300] "POST /cormun/servlet/solicitudot?b37a55f0c1031e31a186cfd264689568,UPD,2019,15963,,gx-no-cache=1566308883424 HTTP/1.1" 200 12180
190.171.152.234 - - [20/Aug/2019:10:53:19 -0300] "GET /cormun/servlet/hhome HTTP/1.1" 200 4344
200.54.107.2 - - [20/Aug/2019:10:53:19 -0300] "GET /cormun/servlet/solicitudot?853ce1f6e57aac6be8a673a5bcf75bb0a4c7241efd2836663f751c68e9529b7d10b64ef73f059a7addce08008476ee47,gx-no-cache=1566308884153 HTTP/1.1" 200 30
200.54.107.2 - - [20/Aug/2019:10:53:19 -0300] "GET /cormun/servlet/solicitudot?853ce1f6e57aac6be8a673a5bcf75bb0e59f23039368b018a84b3e29cb00455bbc03e6c02265efa1e8138543eb8dba313c7cab149ec206f0d6edd44e1dac33e3,gx-no-cache=1566308884254 HTTP/1.1" 200 30
200.54.107.2 - - [20/Aug/2019:10:53:19 -0300] "GET /cormun/servlet/solicitudot?853ce1f6e57aac6be8a673a5bcf75bb037713e7556ae4dea7a938e3878b2d316,gx-no-cache=1566308884313 HTTP/1.1" 200 29
200.54.107.2 - - [20/Aug/2019:10:53:20 -0300] "POST /cormun/servlet/solicitudot?gx-no-cache=1566308884394 HTTP/1.1" 200 256
200.54.107.2 - - [20/Aug/2019:10:53:20 -0300] "GET /cormun/servlet/solicitudot?853ce1f6e57aac6be8a673a5bcf75bb0bd88c10209976721b5e35f4198dbad32865b1410b9fd46ab5d83b0c866b4c817a12da5a308a121f91803fe4804808a6979898c83829d873794a69f89afd5bf7be4c9e5d1226e75972c1c204288d8b0cf56918430d5a64d1b728dcddadbd7e317972449a1babfa9aaefb65b4c9ab5eb68cef9396183dfc31530791c6e28872c1cfa90b817f31021c02b56a1a1eb906d4afa24bebc85172004f61f7488d1b3828a852ce76eb38e268464070b8537100a047814090e339120c46f7d762af900cd6bf42de14da1db6843eb1f86ea0dcfa44620c5fc52643812a2b7bff4008aa3f5fdc079b5223ec65e863d704bd2b6f97018a007bf7935396ff5641165879fb6702dc7a3e553bfef7f951e8965d37a37425bf1f0d66d6bea0cac56c3ef61962edf300d3a7aa540f0e2fa0cadd1ccfeaac3a7fff030404dbd2a0fe22ff522733481f429c64ea11ddfe7a6b3a4cfcf99467a9042f277161dd99d65663e33a351b639c19143461138a01e2f44c7035c9ee1ccc4,gx-no-cache=1566308884505 HTTP/1.1" 200 30
200.54.107.2 - - [20/Aug/2019:10:53:20 -0300] "POST /cormun/servlet/solicitudot?gx-no-cache=1566308884559 HTTP/1.1" 200 30
200.54.107.2 - - [20/Aug/2019:10:53:20 -0300] "POST /cormun/servlet/solicitudot?gx-no-cache=1566308884645 HTTP/1.1" 200 1361
200.54.107.2 - - [20/Aug/2019:10:53:20 -0300] "POST /cormun/servlet/solicitudot?gx-no-cache=1566308884762 HTTP/1.1" 200 40
190.171.143.82 - - [20/Aug/2019:10:53:22 -0300] "GET /cormun/servlet/trlicencias? HTTP/1.1" 200 11920
190.171.143.82 - - [20/Aug/2019:10:53:23 -0300] "GET /cormun/servlet/trlicencias? HTTP/1.1" 200 11917
200.54.103.162 - - [20/Aug/2019:10:53:27 -0300] "GET /cormun/servlet/trlicencias? HTTP/1.1" 200 15728
200.54.103.162 - - [20/Aug/2019:10:53:27 -0300] "GET /cormun/static/Resources/Spanish/PXTools.css?17315867 HTTP/1.1" 304 -
200.54.103.162 - - [20/Aug/2019:10:53:27 -0300] "GET /cormun/static/gxcfg.js?20176272054169 HTTP/1.1" 304 -
190.171.152.234 - - [20/Aug/2019:10:53:27 -0300] "GET /cormun/servlet/trpermisosgoce? HTTP/1.1" 200 12576
200.54.103.162 - - [20/Aug/2019:10:53:27 -0300] "GET /cormun/static/trlicencias.js?20176272054837 HTTP/1.1" 304 -
190.171.152.234 - - [20/Aug/2019:10:53:27 -0300] "GET /cormun/servlet/trpermisosgoce? HTTP/1.1" 200 12574
200.54.103.162 - - [20/Aug/2019:10:53:28 -0300] "GET /cormun/servlet/trlicencias? HTTP/1.1" 200 15727
200.54.107.2 - - [20/Aug/2019:10:53:31 -0300] "GET /cormun/servlet/solicitudot?853ce1f6e57aac6be8a673a5bcf75bb0f238874b84354ddfb3dcd4f60d3d7fb062038c0fd79551295a17c586088d47996c9cc355786fcdad2cc78f73c4f20f5fe3e875c69251a58585204d5943f25c87052e07d7598b0617b965fdf9d1d5f8dc8fed4f7901eb29d806e872e83a23acb0,gx-no-cache=1566308895863 HTTP/1.1" 200 110
200.54.107.2 - - [20/Aug/2019:10:53:31 -0300] "POST /cormun/servlet/solicitudot?gx-no-cache=1566308895963 HTTP/1.1" 200 67
190.171.152.234 - - [20/Aug/2019:10:53:32 -0300] "GET /cormun/servlet/permisogoce?INS,0,,, HTTP/1.1" 200 7209
190.171.152.234 - - [20/Aug/2019:10:53:33 -0300] "GET /cormun/servlet/permisogoce?INS,0,,, HTTP/1.1" 200 7209
190.171.152.234 - - [20/Aug/2019:10:53:43 -0300] "GET /cormun/servlet/permisogoce?7eace1b958ee8625ae483339f9d34a23a2885193989477983b9113e80ec2efb217c2e6f9ca06457ccce40ffd7ee04c1d2a1355567f64becabce2df7a59b7064b,gx-no-cache=1566305148504 HTTP/1.1" 200 68
190.171.143.82 - - [20/Aug/2019:10:53:45 -0300] "GET /cormun/servlet/alicenciaprn?17522932,L,20190819000000,PU HTTP/1.1" 200 1525
200.54.107.2 - - [20/Aug/2019:10:54:05 -0300] "POST /cormun/servlet/solicitudot?b37a55f0c1031e31a186cfd264689568,UPD,2019,15963,,gx-no-cache=1566308929807 HTTP/1.1" 200 93
200.54.107.2 - - [20/Aug/2019:10:54:05 -0300] "GET /cormun/servlet/hpexe_return? HTTP/1.1" 200 1013
192.168.10.96 - - [20/Aug/2019:10:54:06 -0300] "GET /cormun/servlet/trsolicitudgral? HTTP/1.1" 500 10
200.54.107.2 - - [20/Aug/2019:10:54:06 -0300] "GET /cormun/servlet/trsolicitudot HTTP/1.1" 200 21922
200.54.107.2 - - [20/Aug/2019:10:54:07 -0300] "GET /cormun/servlet/trsolicitudot HTTP/1.1" 200 21918
192.168.10.96 - - [20/Aug/2019:10:54:08 -0300] "GET /cormun/servlet/hlogin HTTP/1.1" 200 1720
192.168.10.96 - - [20/Aug/2019:10:54:09 -0300] "GET /cormun/servlet/hlogin HTTP/1.1" 200 1720
200.54.107.2 - - [20/Aug/2019:10:54:13 -0300] "POST /cormun/servlet/trsolicitudot?b37a55f0c1031e31a186cfd264689568,gx-no-cache=1566308937514 HTTP/1.1" 200 106
200.54.107.2 - - [20/Aug/2019:10:54:13 -0300] "GET /cormun/servlet/solicitudot?UPD,2019,15963, HTTP/1.1" 200 15885
200.54.107.2 - - [20/Aug/2019:10:54:14 -0300] "GET /cormun/servlet/solicitudot?UPD,2019,15963, HTTP/1.1" 200 15896
192.168.10.96 - - [20/Aug/2019:10:54:14 -0300] "POST /cormun/servlet/hlogin?7700c256a0daf9a4ccfefe487698efc0,gx-no-cache=1566308604597 HTTP/1.1" 200 90
192.168.10.96 - - [20/Aug/2019:10:54:14 -0300] "GET /cormun/servlet/hpexe_link HTTP/1.1" 200 950
192.168.10.96 - - [20/Aug/2019:10:54:14 -0300] "GET /cormun/servlet/hhome HTTP/1.1" 200 4770
200.54.107.2 - - [20/Aug/2019:10:54:14 -0300] "POST /cormun/servlet/solicitudot?gx-no-cache=1566308938906 HTTP/1.1" 200 3611
190.171.152.234 - - [20/Aug/2019:10:54:14 -0300] "GET /cormun/servlet/trpermisosgoce? HTTP/1.1" 200 12576
200.54.107.2 - - [20/Aug/2019:10:54:15 -0300] "POST /cormun/servlet/solicitudot?b37a55f0c1031e31a186cfd264689568,UPD,2019,15963,,gx-no-cache=1566308939265 HTTP/1.1" 200 12179
200.54.107.2 - - [20/Aug/2019:10:54:15 -0300] "GET /cormun/servlet/solicitudot?853ce1f6e57aac6be8a673a5bcf75bb0a4c7241efd2836663f751c68e9529b7d10b64ef73f059a7addce08008476ee47,gx-no-cache=1566308939566 HTTP/1.1" 200 30
192.168.10.96 - - [20/Aug/2019:10:54:15 -0300] "GET /cormun/servlet/hhome HTTP/1.1" 200 4768
190.171.152.234 - - [20/Aug/2019:10:54:15 -0300] "GET /cormun/servlet/trpermisosgoce? HTTP/1.1" 200 12574
200.54.107.2 - - [20/Aug/2019:10:54:15 -0300] "GET /cormun/servlet/solicitudot?853ce1f6e57aac6be8a673a5bcf75bb0e59f23039368b018a84b3e29cb00455bbc03e6c02265efa1e8138543eb8dba313c7cab149ec206f0d6edd44e1dac33e3,gx-no-cache=1566308939850 HTTP/1.1" 200 30
200.54.107.2 - - [20/Aug/2019:10:54:15 -0300] "GET /cormun/servlet/solicitudot?853ce1f6e57aac6be8a673a5bcf75bb037713e7556ae4dea7a938e3878b2d316,gx-no-cache=1566308940018 HTTP/1.1" 200 29
200.54.107.2 - - [20/Aug/2019:10:54:15 -0300] "POST /cormun/servlet/solicitudot?gx-no-cache=1566308940165 HTTP/1.1" 200 256
200.54.107.2 - - [20/Aug/2019:10:54:16 -0300] "GET /cormun/servlet/solicitudot?853ce1f6e57aac6be8a673a5bcf75bb0bd88c10209976721b5e35f4198dbad32865b1410b9fd46ab5d83b0c866b4c817a12da5a308a121f91803fe4804808a6979898c83829d873794a69f89afd5bf7be4c9e5d1226e75972c1c204288d8b0cf56918430d5a64d1b728dcddadbd7e317972449a1babfa9aaefb65b4c9ab5eb68cef9396183dfc31530791c6e28872c1cfa90b817f31021c02b56a1a1eb906d4afa24bebc85172004f61f7488d1b3828a852ce76eb38e268464070b8537100a047814090e339120c46f7d762af900cd6bf42de14da1db6843eb1f86ea0dcfa44620c5fc52643812a2b7bff4008aa3f5fdc079b5223ec65e863d704bd2b6f97018a007bf7935396ff5641165879fb6702dc7a3e553bfef7f951e8965d37a37425bf1f0d66d6bea0cac56c3ef61962edf300d3a7aa540f0e2fa0cadd1ccfeaac3a7fff030404dbd2a0fe22ff522733481f429c64ea11ddfe7a6b3a4cfcf99467a9042f277161dd99d65663e33a351b639c19143461138a01e2f44c7035c9ee1ccc4,gx-no-cache=1566308940363 HTTP/1.1" 200 30
200.54.107.2 - - [20/Aug/2019:10:54:16 -0300] "POST /cormun/servlet/solicitudot?gx-no-cache=1566308940966 HTTP/1.1" 200 30
200.54.107.2 - - [20/Aug/2019:10:54:16 -0300] "POST /cormun/servlet/solicitudot?gx-no-cache=1566308941105 HTTP/1.1" 200 1361
200.54.107.2 - - [20/Aug/2019:10:54:17 -0300] "POST /cormun/servlet/solicitudot?gx-no-cache=1566308941293 HTTP/1.1" 200 40
192.168.10.96 - - [20/Aug/2019:10:54:18 -0300] "GET /cormun/servlet/trsolicitudgral? HTTP/1.1" 200 23283
192.168.10.96 - - [20/Aug/2019:10:54:19 -0300] "GET /cormun/servlet/trsolicitudgral? HTTP/1.1" 200 23282
200.54.107.2 - - [20/Aug/2019:10:54:19 -0300] "GET /cormun/servlet/solicitudot?853ce1f6e57aac6be8a673a5bcf75bb0f238874b84354ddfb3dcd4f60d3d7fb062038c0fd79551295a17c586088d47996c9cc355786fcdad2cc78f73c4f20f5fe3e875c69251a58585204d5943f25c87052e07d7598b0617b965fdf9d1d5f8dc8fed4f7901eb29d806e872e83a23acb0,gx-no-cache=1566308944243 HTTP/1.1" 200 110
200.54.107.2 - - [20/Aug/2019:10:54:19 -0300] "POST /cormun/servlet/solicitudot?gx-no-cache=1566308944304 HTTP/1.1" 200 67
200.54.107.2 - - [20/Aug/2019:10:54:23 -0300] "POST /cormun/servlet/solicitudot?gx-no-cache=1566308947514 HTTP/1.1" 200 105
192.168.10.96 - - [20/Aug/2019:10:54:24 -0300] "POST /cormun/servlet/trsolicitudgral?7700c256a0daf9a4ccfefe487698efc0,,gx-no-cache=1566308614146 HTTP/1.1" 200 9506
200.54.107.2 - - [20/Aug/2019:10:54:30 -0300] "GET /cormun/servlet/solicitudot?853ce1f6e57aac6be8a673a5bcf75bb0a965f76899f20089e15205971497ddec4f9d85963d133681fbc6d9782b9f2b8f74b1d77d5e2d12a64f5eefb70c0200cc2cede1f1ab52c0881e37039727e2479b13eda7f5389f26c71fca6e8118417700aa9a3e1067c6872053ebb0470be852d486ec030c0b204ca85eed5bc989962d079275a595af6bd97c9a02f90a226e9c20b67a8b713d6781eb04d5bf0cbe5967e5,gx-no-cache=1566308955219 HTTP/1.1" 200 29
200.54.107.2 - - [20/Aug/2019:10:54:31 -0300] "GET /cormun/servlet/solicitudot?853ce1f6e57aac6be8a673a5bcf75bb0d9f18a067edc35068ab6a280fc160b49383f72075fa8d3e34e88c0409e974982,gx-no-cache=1566308955354 HTTP/1.1" 200 30
200.54.107.2 - - [20/Aug/2019:10:54:31 -0300] "POST /cormun/servlet/solicitudot?gx-no-cache=1566308955528 HTTP/1.1" 200 33
200.54.107.2 - - [20/Aug/2019:10:54:31 -0300] "POST /cormun/servlet/solicitudot?b37a55f0c1031e31a186cfd264689568,UPD,2019,15963,,gx-no-cache=1566308955628 HTTP/1.1" 200 93
200.54.107.2 - - [20/Aug/2019:10:54:31 -0300] "GET /cormun/servlet/hpexe_return? HTTP/1.1" 200 1013
200.54.107.2 - - [20/Aug/2019:10:54:32 -0300] "GET /cormun/servlet/trsolicitudot HTTP/1.1" 200 21926
200.54.107.2 - - [20/Aug/2019:10:54:33 -0300] "GET /cormun/servlet/trsolicitudot HTTP/1.1" 200 21921
200.54.107.2 - - [20/Aug/2019:10:54:40 -0300] "POST /cormun/servlet/trsolicitudot?b37a55f0c1031e31a186cfd264689568,gx-no-cache=1566308964291 HTTP/1.1" 200 19164
200.54.107.2 - - [20/Aug/2019:10:54:40 -0300] "GET /cormun/static/Shared/jqueryui/images/ui-bg_highlight-soft_100_c6c2c8_1x100.png HTTP/1.1" 404 1117
200.54.107.2 - - [20/Aug/2019:10:54:40 -0300] "GET /cormun/static/Shared/jqueryui/images/ui-icons_82798d_256x240.png HTTP/1.1" 404 1089
200.54.107.2 - - [20/Aug/2019:10:54:40 -0300] "GET /cormun/static/Shared/jqueryui/images/ui-bg_flat_55_fafafa_40x100.png HTTP/1.1" 404 1097
200.54.107.2 - - [20/Aug/2019:10:54:40 -0300] "GET /cormun/static/Shared/jqueryui/images/ui-icons_8d78a5_256x240.png HTTP/1.1" 404 1089
192.168.10.96 - - [20/Aug/2019:10:54:41 -0300] "POST /cormun/servlet/trsolicitudgral?7700c256a0daf9a4ccfefe487698efc0,,gx-no-cache=1566308631203 HTTP/1.1" 200 9054
192.168.10.96 - - [20/Aug/2019:10:54:41 -0300] "POST /cormun/servlet/trsolicitudgral?7700c256a0daf9a4ccfefe487698efc0,,gx-no-cache=1566308631516 HTTP/1.1" 200 9055
200.54.107.2 - - [20/Aug/2019:10:54:41 -0300] "POST /cormun/servlet/trsolicitudot?b37a55f0c1031e31a186cfd264689568,gx-no-cache=1566308965433 HTTP/1.1" 200 19101
192.168.10.96 - - [20/Aug/2019:10:54:42 -0300] "POST /cormun/servlet/trsolicitudgral?7700c256a0daf9a4ccfefe487698efc0,,gx-no-cache=1566308632892 HTTP/1.1" 200 9055
192.168.10.96 - - [20/Aug/2019:10:54:43 -0300] "POST /cormun/servlet/trsolicitudgral?7700c256a0daf9a4ccfefe487698efc0,,gx-no-cache=1566308633177 HTTP/1.1" 200 9055
192.168.10.96 - - [20/Aug/2019:10:54:48 -0300] "POST /cormun/servlet/trsolicitudgral?7700c256a0daf9a4ccfefe487698efc0,,gx-no-cache=1566308637683 HTTP/1.1" 200 20233
200.54.107.2 - - [20/Aug/2019:10:54:49 -0300] "GET /cormun/servlet/trsolicitudot? HTTP/1.1" 200 21923
200.54.107.2 - - [20/Aug/2019:10:54:50 -0300] "GET /cormun/servlet/trsolicitudot? HTTP/1.1" 200 21924
192.168.10.96 - - [20/Aug/2019:10:54:53 -0300] "POST /cormun/servlet/trsolicitudgral?7700c256a0daf9a4ccfefe487698efc0,,gx-no-cache=1566308643643 HTTP/1.1" 200 20232
192.168.10.96 - - [20/Aug/2019:10:54:55 -0300] "POST /cormun/servlet/trsolicitudgral?7700c256a0daf9a4ccfefe487698efc0,,gx-no-cache=1566308644639 HTTP/1.1" 200 20233
200.54.107.2 - - [20/Aug/2019:10:54:56 -0300] "GET /cormun/servlet/trsolicitudot? HTTP/1.1" 200 21924
200.54.107.2 - - [20/Aug/2019:10:54:57 -0300] "GET /cormun/servlet/trsolicitudot? HTTP/1.1" 200 21924
200.54.103.162 - - [20/Aug/2019:10:54:58 -0300] "GET /cormun/servlet/trinasistenciaautorizar? HTTP/1.1" 200 7096
200.54.103.162 - - [20/Aug/2019:10:54:58 -0300] "GET /cormun/static/gxcfg.js?2017761218286 HTTP/1.1" 200 953
200.54.103.162 - - [20/Aug/2019:10:54:58 -0300] "GET /cormun/static/trinasistenciaautorizar.js?20177612183222 HTTP/1.1" 200 32528
200.54.103.162 - - [20/Aug/2019:10:54:58 -0300] "GET /cormun/servlet/trinasistenciaautorizar? HTTP/1.1" 200 7096
200.54.107.2 - - [20/Aug/2019:10:54:59 -0300] "GET /cormun/servlet/trautorizarsolicitud? HTTP/1.1" 200 8800
200.54.107.2 - - [20/Aug/2019:10:55:00 -0300] "GET /cormun/servlet/trautorizarsolicitud? HTTP/1.1" 200 8800
192.168.10.96 - - [20/Aug/2019:10:55:00 -0300] "POST /cormun/servlet/trsolicitudgral?7700c256a0daf9a4ccfefe487698efc0,,gx-no-cache=1566308650772 HTTP/1.1" 200 9015
200.54.107.2 - - [20/Aug/2019:10:55:09 -0300] "POST /cormun/servlet/trautorizarsolicitud?b37a55f0c1031e31a186cfd264689568,,gx-no-cache=1566308993397 HTTP/1.1" 200 4685
200.54.107.2 - - [20/Aug/2019:10:55:09 -0300] "POST /cormun/servlet/trautorizarsolicitud?b37a55f0c1031e31a186cfd264689568,,gx-no-cache=1566308993709 HTTP/1.1" 200 4469
200.54.103.162 - - [20/Aug/2019:10:55:13 -0300] "GET /cormun/servlet/trcontratosolicitud? HTTP/1.1" 200 14923
200.54.103.162 - - [20/Aug/2019:10:55:14 -0300] "GET /cormun/servlet/trcontratosolicitud? HTTP/1.1" 200 14917
66.249.66.217 - - [20/Aug/2019:10:56:48 -0300] "GET /cormun/servlet/hlogin HTTP/1.1" 200 1717
190.171.141.138 - - [20/Aug/2019:10:58:29 -0300] "GET /cormun/servlet/trlicencias? HTTP/1.1" 200 6136
190.171.141.138 - - [20/Aug/2019:10:58:29 -0300] "GET /cormun/servlet/hlogin HTTP/1.1" 200 1736
190.171.141.138 - - [20/Aug/2019:10:58:30 -0300] "GET /cormun/servlet/trlicencias? HTTP/1.1" 200 6130
190.171.141.138 - - [20/Aug/2019:10:58:30 -0300] "GET /favicon.ico HTTP/1.1" 200 21630
92.118.160.29 - - [20/Aug/2019:10:59:56 -0300] "GET / HTTP/1.0" 200 11197
190.171.141.138 - - [20/Aug/2019:10:59:58 -0300] "POST /cormun/servlet/hlogin?8520fb571ac3c144d718ba281dfe6ccd,gx-no-cache=1566309282856 HTTP/1.1" 200 90
190.171.141.138 - - [20/Aug/2019:10:59:58 -0300] "GET /cormun/servlet/hpexe_link HTTP/1.1" 200 952
190.171.141.138 - - [20/Aug/2019:10:59:59 -0300] "GET /cormun/servlet/trlicencias HTTP/1.1" 200 15320
190.171.141.138 - - [20/Aug/2019:11:00:00 -0300] "GET /cormun/servlet/trlicencias HTTP/1.1" 200 15317
190.171.143.82 - - [20/Aug/2019:11:01:56 -0300] "GET /cormun/servlet/trlicenciaspermisosadjuntos?8212761,20190819000000,L, HTTP/1.1" 200 6426
190.171.143.82 - - [20/Aug/2019:11:01:57 -0300] "GET /cormun/servlet/trlicenciaspermisosadjuntos?8212761,20190819000000,L, HTTP/1.1" 200 6426
190.171.143.82 - - [20/Aug/2019:11:01:59 -0300] "GET /cormun/servlet/licenciaspermisosadjuntos?INS,8212761,L,20190819000000,, HTTP/1.1" 200 5722
190.171.143.82 - - [20/Aug/2019:11:02:00 -0300] "GET /cormun/static/about:blank HTTP/1.1" 404 1011
190.171.143.82 - - [20/Aug/2019:11:02:00 -0300] "GET /cormun/servlet/licenciaspermisosadjuntos?INS,8212761,L,20190819000000,, HTTP/1.1" 200 5713
190.171.143.82 - - [20/Aug/2019:11:03:37 -0300] "POST /cormun/servlet/licenciaspermisosadjuntos?f8ebdee5cf73d645df506cd4224349d2,INS,8212761,L,20190819000000,, HTTP/1.1" 200 116
190.171.143.82 - - [20/Aug/2019:11:03:37 -0300] "GET /cormun/servlet/hpexe_return? HTTP/1.1" 200 1040
190.171.143.82 - - [20/Aug/2019:11:03:38 -0300] "GET /cormun/servlet/trlicenciaspermisosadjuntos?8212761,20190819000000,L, HTTP/1.1" 200 6931
190.171.143.82 - - [20/Aug/2019:11:03:38 -0300] "GET /cormun/servlet/trlicenciaspermisosadjuntos?8212761,20190819000000,L, HTTP/1.1" 200 6927
190.171.143.82 - - [20/Aug/2019:11:03:42 -0300] "GET /cormun/servlet/trlicencias? HTTP/1.1" 200 11917
190.171.143.82 - - [20/Aug/2019:11:03:43 -0300] "GET /cormun/servlet/trlicencias? HTTP/1.1" 200 11917
190.171.142.42 - - [20/Aug/2019:11:03:51 -0300] "GET /cormun/servlet/hpexe_return? HTTP/1.1" 200 988
190.171.142.42 - - [20/Aug/2019:11:03:51 -0300] "GET /cormun/servlet/hpexe_return? HTTP/1.1" 200 974
190.171.142.42 - - [20/Aug/2019:11:03:52 -0300] "GET /cormun/servlet/hhome HTTP/1.1" 200 3423
190.171.142.42 - - [20/Aug/2019:11:03:52 -0300] "GET /cormun/servlet/hlogin HTTP/1.1" 200 1722
190.171.142.42 - - [20/Aug/2019:11:03:52 -0300] "GET /cormun/servlet/hhome HTTP/1.1" 200 3419
190.171.142.42 - - [20/Aug/2019:11:04:06 -0300] "POST /cormun/servlet/hlogin?3ef1e849d5614b10b7cab1172720f5b6,gx-no-cache=1566309533122 HTTP/1.1" 200 90
190.171.142.42 - - [20/Aug/2019:11:04:06 -0300] "GET /cormun/servlet/hpexe_link HTTP/1.1" 200 940
190.171.142.42 - - [20/Aug/2019:11:04:07 -0300] "GET /cormun/servlet/hhome HTTP/1.1" 200 4296
190.171.142.42 - - [20/Aug/2019:11:04:07 -0300] "GET /cormun/servlet/hhome HTTP/1.1" 200 4293
190.171.143.82 - - [20/Aug/2019:11:04:08 -0300] "POST /cormun/servlet/trlicencias?f8ebdee5cf73d645df506cd4224349d2,,gx-no-cache=1566309701957 HTTP/1.1" 200 9172
190.171.143.82 - - [20/Aug/2019:11:04:08 -0300] "GET /cormun/static/Shared/jqueryui/images/ui-bg_highlight-soft_100_c6c2c8_1x100.png HTTP/1.1" 404 1117
190.171.143.82 - - [20/Aug/2019:11:04:08 -0300] "GET /cormun/static/Shared/jqueryui/images/ui-icons_82798d_256x240.png HTTP/1.1" 404 1089
190.171.143.82 - - [20/Aug/2019:11:04:08 -0300] "GET /cormun/static/Shared/jqueryui/images/ui-bg_flat_55_fafafa_40x100.png HTTP/1.1" 404 1097
190.171.143.82 - - [20/Aug/2019:11:04:08 -0300] "GET /cormun/static/Shared/jqueryui/images/ui-icons_8d78a5_256x240.png HTTP/1.1" 404 1089
190.171.142.42 - - [20/Aug/2019:11:04:10 -0300] "GET /cormun/servlet/trlicencias? HTTP/1.1" 200 12086
190.171.142.42 - - [20/Aug/2019:11:04:11 -0300] "GET /cormun/servlet/trlicencias? HTTP/1.1" 200 12083
82.55.192.185 - - [20/Aug/2019:11:04:28 -0300] "GET / HTTP/1.1" 200 11217
200.54.103.162 - - [20/Aug/2019:11:05:06 -0300] "GET /cormun/servlet/hhome HTTP/1.1" 200 4334
200.54.103.162 - - [20/Aug/2019:11:05:06 -0300] "GET /cormun/servlet/hhome HTTP/1.1" 200 4330
200.54.103.162 - - [20/Aug/2019:11:05:15 -0300] "GET /cormun/servlet/trpermisosgoce? HTTP/1.1" 200 14109
200.54.103.162 - - [20/Aug/2019:11:05:16 -0300] "GET /cormun/static/gxcfg.js?20177612163875 HTTP/1.1" 200 953
200.54.103.162 - - [20/Aug/2019:11:05:16 -0300] "GET /cormun/static/trpermisosgoce.js?20177612164335 HTTP/1.1" 200 35904
200.54.103.162 - - [20/Aug/2019:11:05:16 -0300] "GET /cormun//static/Resources/PXToolsGridDelete.png HTTP/1.1" 200 357
200.54.103.162 - - [20/Aug/2019:11:05:16 -0300] "GET /cormun/servlet/trpermisosgoce? HTTP/1.1" 200 14107
200.54.103.162 - - [20/Aug/2019:11:05:53 -0300] "GET /cormun/servlet/trlicencias? HTTP/1.1" 200 15711
200.54.103.162 - - [20/Aug/2019:11:05:53 -0300] "GET /cormun/servlet/trlicencias? HTTP/1.1" 200 15710
190.171.141.138 - - [20/Aug/2019:11:07:03 -0300] "POST /cormun/servlet/trlicencias?8520fb571ac3c144d718ba281dfe6ccd,gx-no-cache=1566309706822 HTTP/1.1" 200 12819
190.171.142.42 - - [20/Aug/2019:11:08:42 -0300] "GET /cormun/servlet/alicenciaprn?9195811,L,20190817000000,PU HTTP/1.1" 200 1533
186.67.164.138 - - [20/Aug/2019:11:11:47 -0300] "GET /cormun/servlet/hlogin HTTP/1.1" 200 1721
186.67.164.138 - - [20/Aug/2019:11:11:48 -0300] "GET /cormun/servlet/hlogin HTTP/1.1" 200 1731
186.67.164.138 - - [20/Aug/2019:11:11:53 -0300] "POST /cormun/servlet/hlogin?bfbbcd174306a479f26eeef694cb5ee3,gx-no-cache=1566309997267 HTTP/1.1" 200 90
186.67.164.138 - - [20/Aug/2019:11:11:53 -0300] "GET /cormun/servlet/hpexe_link HTTP/1.1" 200 951
