190.171.142.10 - - [20/Aug/2019:17:34:45 -0300] "POST /cormun/servlet/solicitudot?0e5e42065724a419f6029403717bfbea,INS,0,0,,gx-no-cache=1566332968726 HTTP/1.1" 200 11967
190.171.142.10 - - [20/Aug/2019:17:34:49 -0300] "GET /cormun/servlet/solicitudot?bfbad1433859b44ff8fefa5acf3541ce522ae7901a4adf578b5bee41b1c4cbfb3d1f0dbf7786711fac4930a646390fbd,gx-no-cache=1566332972140 HTTP/1.1" 200 30
190.171.134.178 - - [20/Aug/2019:17:35:56 -0300] "GET /cormun/servlet/solicitudot?bbd6177cf7de9df7d6d5bb024027e9f4f1478e631d2d14674ccfba2fd29a850877d08b76735d86bfa187221a6c797b808b5fe9fac592afd2bb26d850ad742f4f,gx-no-cache=1566333041101 HTTP/1.1" 200 30
190.171.134.178 - - [20/Aug/2019:17:36:00 -0300] "POST /cormun/servlet/solicitudot?gx-no-cache=1566333045394 HTTP/1.1" 200 255
190.171.134.178 - - [20/Aug/2019:17:36:04 -0300] "GET /cormun/servlet/solicitudot?bbd6177cf7de9df7d6d5bb024027e9f418a89d73bf7585c4f1dd7ca56d2d39bf19430289f1df96314c131deee9cd315a4872424d1bb3cbc90013145b31760e2e9b38203f2a9a176f82cfb15b8c5cc2c4cfcdfbeeaddae80ed40657bbe66c4144a610ec43fd5d7d4d7e7dfd33548af0916805d8541c15dc932144302b821d5aea132cf877f1ae831d6419561e8e4c53ab3c68dc30cb1e2fa0a9d283c9b52940deee21c3a7a378c5d24cff6296d6d806387f462ef53392b98ebf86e697067ad3bd7cd4404e1db7bc8989a6926a4bfb3c7e6551db78424b2c0245056120da21e57999403b8323546a1423e975af39195838a22b22b6174aadabf3bbdda3b08dff6d2fcccd2ae6365880d16454780f4c6946fd1a9687512d0ee61425c91d7cc45644af1166e24b656afef9c674e6fd9d2ce8ff8626e593b75ae531c66fe7ad535420c05d738ae8cbb80fc563b3e3caa943bb7f3cf5d10f06ecee66359d21f6d8c241e025ad54234ffe012d9db1bd9265af12bfb1e477038e3dc011251de2584eea74,gx-no-cache=1566333048959 HTTP/1.1" 200 30
190.171.134.178 - - [20/Aug/2019:17:36:31 -0300] "POST /cormun/servlet/solicitudot?gx-no-cache=1566333076189 HTTP/1.1" 200 240
190.171.134.178 - - [20/Aug/2019:17:36:35 -0300] "GET /cormun/servlet/solicitudot?bbd6177cf7de9df7d6d5bb024027e9f418a89d73bf7585c4f1dd7ca56d2d39bf6c1199b09f7bd73ef32a63570abe45ff4872424d1bb3cbc90013145b31760e2e9b38203f2a9a176f82cfb15b8c5cc2c4cfcdfbeeaddae80ed40657bbe66c4144a610ec43fd5d7d4d7e7dfd33548af0916805d8541c15dc932144302b821d5aea132cf877f1ae831d6419561e8e4c53ab3c68dc30cb1e2fa0a9d283c9b52940deee21c3a7a378c5d24cff6296d6d806387f462ef53392b98ebf86e697067ad3bd7cd4404e1db7bc8989a6926a4bfb3c7e6551db78424b2c0245056120da21e57999403b8323546a1423e975af39195838a22b22b6174aadabf3bbdda3b08dff6d2fcccd2ae6365880d16454780f4c694631f18ca806bcdc0279513ed0a35015e7d0158a81622356d772368a2ea33bb78f20b6124d754255ef36a32768bb356eeb038df81a9202376516a002954d0e7d03000c4416700110b9eff1da145adfcd112308dc54183d6965ec739b9cfdd576b3aca89290d5293051be4c5ef3e7c29155,gx-no-cache=1566333079508 HTTP/1.1" 200 30
190.171.134.178 - - [20/Aug/2019:17:36:37 -0300] "POST /cormun/servlet/solicitudot?gx-no-cache=1566333081958 HTTP/1.1" 200 30
190.171.134.178 - - [20/Aug/2019:17:37:31 -0300] "GET /cormun/servlet/prfichaempleado?,MD,,gxPopupLevel%3D0%3B HTTP/1.1" 200 9306
190.171.134.178 - - [20/Aug/2019:17:37:55 -0300] "POST /cormun/servlet/prfichaempleado?b49e6e99dfda39bb0a1b48b81d767f4c,,MD,,gxPopupLevel%3D0%3B,gx-no-cache=1566333159410 HTTP/1.1" 200 3418
190.171.142.10 - - [20/Aug/2019:17:38:08 -0300] "POST /cormun/servlet/solicitudot?0e5e42065724a419f6029403717bfbea,INS,0,0,,gx-no-cache=1566333170319 HTTP/1.1" 200 12146
190.171.142.10 - - [20/Aug/2019:17:38:08 -0300] "GET /cormun/static/Shared/jqueryui/images/ui-bg_highlight-soft_100_c6c2c8_1x100.png HTTP/1.1" 404 1117
190.171.142.10 - - [20/Aug/2019:17:38:08 -0300] "GET /cormun/static/Shared/jqueryui/images/ui-icons_82798d_256x240.png HTTP/1.1" 404 1089
190.171.142.10 - - [20/Aug/2019:17:38:08 -0300] "GET /cormun/static/Shared/jqueryui/images/ui-bg_flat_55_fafafa_40x100.png HTTP/1.1" 404 1097
190.171.142.10 - - [20/Aug/2019:17:38:08 -0300] "GET /cormun/static/Shared/jqueryui/images/ui-icons_8d78a5_256x240.png HTTP/1.1" 404 1089
190.171.142.10 - - [20/Aug/2019:17:38:14 -0300] "GET /cormun/servlet/solicitudot?bfbad1433859b44ff8fefa5acf3541ced6f9d1abfb7c57bbaa8f4d225a657c739615682d36050eefa4ce2fbfaaa09ca302c8aa73978c532819a2c5010bbe469a,gx-no-cache=1566333177465 HTTP/1.1" 200 30
190.171.142.10 - - [20/Aug/2019:17:38:14 -0300] "GET /cormun/servlet/solicitudot?bfbad1433859b44ff8fefa5acf3541ce97078fc79deeee3136f79ed0418b11f9,gx-no-cache=1566333177514 HTTP/1.1" 200 29
190.171.142.10 - - [20/Aug/2019:17:38:14 -0300] "POST /cormun/servlet/solicitudot?gx-no-cache=1566333177577 HTTP/1.1" 200 297
190.171.142.10 - - [20/Aug/2019:17:38:14 -0300] "GET /cormun/servlet/solicitudot?bfbad1433859b44ff8fefa5acf3541cef1978220b054eeae343b1c45675c1547b15199a6d8dc36c4f7b9de67d8a846a4cf05661d1e1b7f238baca47b621b856c120192a20457a7bdeab83938839e441b0ef899c400309ad28f3fd247759474519064a9d1bcdb96b19d143a7148c35fae8e5fd85b8b263ca17e2e30af3372f06cfc5a84166dd1afae7aabb3dcaa377d5c9719982341c24a10c99f114e82a03973d5aa94d9b3bb16b93fdba998d156cad36270c4d0229395e1980cec09ded2be8871e0c0c8e6181ae725c7f4807a666458efb2b253e3fe968ce154f7731acd983a457660bd6023b4f6135737931236e8d8f3522809525bbb69b32983def5b89542bc5677c124c8505ed03aa3d402d964acb7641954b67553a4586f13036f13696d6507cb1ceecda822d85689a5324b5e8b6c207c608a5c3af6a87842177353d40cb4c6b4fa0d4710806d156b007070fc86d6a2df86878f813d6fe1d9015963be155f016e04c871f2bd7986222fc340ef308edbed81f82b6ff9848d4dbadf68c8ad8cf0ad3837efac282a52e5a5b00f677c,gx-no-cache=1566333177664 HTTP/1.1" 200 30
190.171.142.10 - - [20/Aug/2019:17:38:19 -0300] "POST /cormun/servlet/solicitudot?gx-no-cache=1566333182972 HTTP/1.1" 200 30
190.171.142.10 - - [20/Aug/2019:17:38:21 -0300] "POST /cormun/servlet/solicitudot?gx-no-cache=1566333184516 HTTP/1.1" 200 1358
190.171.142.10 - - [20/Aug/2019:17:38:21 -0300] "POST /cormun/servlet/solicitudot?gx-no-cache=1566333184702 HTTP/1.1" 200 38
190.171.134.178 - - [20/Aug/2019:17:38:27 -0300] "GET /cormun/servlet/trlicencias? HTTP/1.1" 200 9146
190.171.134.178 - - [20/Aug/2019:17:38:29 -0300] "GET /cormun/servlet/trlicencias? HTTP/1.1" 200 9140
190.171.142.10 - - [20/Aug/2019:17:39:06 -0300] "GET /cormun/servlet/solicitudot?bfbad1433859b44ff8fefa5acf3541ce8879eb32786afe12a285b3664b66315863deeb556047c6b1ae7c2754d69c52321a22bc70653171236710966ce04d4e947399743c957ddf029e782e2681d95a566084da93d2199c29d08dd3ab8baee1760465d27f5d6d3103ce613b0c079d9193,gx-no-cache=1566333229366 HTTP/1.1" 200 110
190.171.142.10 - - [20/Aug/2019:17:39:14 -0300] "POST /cormun/servlet/solicitudot?gx-no-cache=1566333237958 HTTP/1.1" 200 72
190.171.142.10 - - [20/Aug/2019:17:39:24 -0300] "GET /cormun/servlet/solicitudot?bfbad1433859b44ff8fefa5acf3541ce4c52f8c83d0aa08b675d1ab0e3a3f1ac9d864ec7c6e9cf4fbb6c529a11c5ca9f0a18968d2913d057275d66e6993196bb5c21f04601f75a74fe23a47aac14bdb5dc55ad9fd0f6105d4e3117fda8204c4728a431ba27fb4036490ebf780196d31d,gx-no-cache=1566333247147 HTTP/1.1" 200 29
190.171.142.10 - - [20/Aug/2019:17:39:24 -0300] "GET /cormun/static/menuarrow.gif HTTP/1.1" 404 1015
190.171.134.178 - - [20/Aug/2019:17:39:34 -0300] "GET /cormun/servlet/hlogin HTTP/1.1" 200 1713
190.171.142.10 - - [20/Aug/2019:17:39:41 -0300] "GET /cormun/servlet/solicitudot?bfbad1433859b44ff8fefa5acf3541ce8db4efb0b8f8685d13b7406d841ee20245a781e4e5b61c1e909e3212d4ff6fd8,gx-no-cache=1566333264268 HTTP/1.1" 200 30
190.171.134.178 - - [20/Aug/2019:17:39:49 -0300] "POST /cormun/servlet/hlogin?6f3db9916e861094fee2ed2f7e8fdacd,gx-no-cache=1566333273879 HTTP/1.1" 200 90
190.171.134.178 - - [20/Aug/2019:17:39:49 -0300] "GET /cormun/servlet/hpexe_link HTTP/1.1" 200 944
190.171.134.178 - - [20/Aug/2019:17:39:49 -0300] "GET /cormun/servlet/hhome HTTP/1.1" 200 4004
190.171.134.178 - - [20/Aug/2019:17:39:51 -0300] "GET /cormun/servlet/hhome HTTP/1.1" 200 4001
190.171.142.10 - - [20/Aug/2019:17:39:56 -0300] "POST /cormun/servlet/solicitudot?gx-no-cache=1566333279595 HTTP/1.1" 200 30
190.171.134.178 - - [20/Aug/2019:17:40:00 -0300] "GET /cormun/servlet/trsolicitudot? HTTP/1.1" 200 7222
190.171.134.178 - - [20/Aug/2019:17:40:01 -0300] "GET /cormun/servlet/trsolicitudot? HTTP/1.1" 200 7221
190.171.134.178 - - [20/Aug/2019:17:40:06 -0300] "GET /cormun/servlet/solicitudot?INS,0,0, HTTP/1.1" 200 15049
190.171.134.178 - - [20/Aug/2019:17:40:07 -0300] "GET /cormun/servlet/solicitudot?INS,0,0, HTTP/1.1" 200 15053
190.171.134.178 - - [20/Aug/2019:17:40:26 -0300] "POST /cormun/servlet/solicitudot?gx-no-cache=1566333311247 HTTP/1.1" 200 3483
190.171.134.178 - - [20/Aug/2019:17:40:27 -0300] "POST /cormun/servlet/solicitudot?6f3db9916e861094fee2ed2f7e8fdacd,INS,0,0,,gx-no-cache=1566333311511 HTTP/1.1" 200 11751
190.171.134.178 - - [20/Aug/2019:17:40:31 -0300] "GET /cormun/servlet/solicitudot?d77741d1cc403bbc28353654c44ebadfa1e8440164b98e578d4f5196a276a722919e60457a1b579f860672ea07fccd1a,gx-no-cache=1566333315956 HTTP/1.1" 200 30
190.171.134.178 - - [20/Aug/2019:17:42:46 -0300] "GET /cormun/servlet/solicitudot?d77741d1cc403bbc28353654c44ebadff3d1e8e5921b00c6207f0becf755c6cfcfc8b313daa3aa29ec461cd68a8b34c53accdb163b32ffca6ec702ddc7badd09,gx-no-cache=1566333450663 HTTP/1.1" 200 30
190.171.134.178 - - [20/Aug/2019:17:42:49 -0300] "GET /cormun/servlet/solicitudot?d77741d1cc403bbc28353654c44ebadfe7352638808d5028e300dee01ce892ed,gx-no-cache=1566333453724 HTTP/1.1" 200 53
190.171.142.10 - - [20/Aug/2019:17:42:56 -0300] "POST /cormun/servlet/solicitudot?0e5e42065724a419f6029403717bfbea,INS,0,0,,gx-no-cache=1566333458807 HTTP/1.1" 200 93
190.171.142.10 - - [20/Aug/2019:17:42:56 -0300] "GET /cormun/servlet/hpexe_return? HTTP/1.1" 200 1007
190.171.142.10 - - [20/Aug/2019:17:42:56 -0300] "GET /cormun/servlet/trsolicitudot? HTTP/1.1" 200 9370
190.171.142.10 - - [20/Aug/2019:17:42:59 -0300] "GET /cormun/servlet/trsolicitudot? HTTP/1.1" 200 9366
190.171.142.10 - - [20/Aug/2019:17:43:03 -0300] "POST /cormun/servlet/trsolicitudot?0e5e42065724a419f6029403717bfbea,,gx-no-cache=1566333466920 HTTP/1.1" 200 6385
190.171.134.178 - - [20/Aug/2019:17:43:08 -0300] "POST /cormun/servlet/solicitudot?gx-no-cache=1566333472944 HTTP/1.1" 200 240
190.171.134.178 - - [20/Aug/2019:17:43:10 -0300] "GET /cormun/servlet/solicitudot?d77741d1cc403bbc28353654c44ebadf724e3e7ace5a6be177d1050af1410f3e299a2c168160445c4a8a9eb2276fe4ce4ee4a1c5404ac90fed1d1c2991ae4ae5ce672d2e7463977f47d72b18d6c8055a32ad4374d05dc06c2f9780d067c2fda1ea9d3d5a370ae15b0db453f6088585b961d4092e3fae3f9101b2a13f702038b273fd10fadf89e0cbcbf9eb31147839d25f489c7c90cf91f285e1c5def998aa802da9c6036e620a877761f9f25a5b62ec38ad6082ec3c8521074a99b35252159aff2d22023927d326771d17b8176097b4b6a7dfd4e582f4e1a3390374a1fe01b8bd3d3c00bfd9f2c3e7ceaaa65b475ea548cd3a7e327f302515a60f18c7dff066347e041e1cb1d417771cd94e41f130543456213ff1653ab3ab3210ebce40e7c3f5f9186d7314bece4c2938f7fcc690cb2944a2b77ff3c0f08dfa3b2e3711f2e82f7ae4aa4011d6f33c0a850a30221f7bf56d16d90ef71d898759bc52dffafd72ca7760de5e555e54e033d19e6300071cc934ec6d9a9f769eba46bb8683c1136a,gx-no-cache=1566333475489 HTTP/1.1" 200 30
190.171.134.178 - - [20/Aug/2019:17:43:15 -0300] "POST /cormun/servlet/solicitudot?gx-no-cache=1566333479857 HTTP/1.1" 200 30
190.171.142.10 - - [20/Aug/2019:17:43:24 -0300] "POST /cormun/servlet/trsolicitudot?0e5e42065724a419f6029403717bfbea,,gx-no-cache=1566333487088 HTTP/1.1" 200 107
190.171.142.10 - - [20/Aug/2019:17:43:24 -0300] "GET /cormun/servlet/trsolicitudadjuntos?2019,15968, HTTP/1.1" 200 6408
190.171.142.10 - - [20/Aug/2019:17:43:26 -0300] "GET /cormun/servlet/trsolicitudadjuntos?2019,15968, HTTP/1.1" 200 6407
190.171.134.178 - - [20/Aug/2019:17:43:32 -0300] "GET /cormun/servlet/prfichaempleado?,MD,,gxPopupLevel%3D0%3B HTTP/1.1" 200 9301
190.171.154.42 - - [20/Aug/2019:17:43:48 -0300] "POST /cormun/servlet/hlogin?b08aa043f138e801d06445d309c62145,gx-no-cache=1566333510697 HTTP/1.1" 440 972
190.171.142.10 - - [20/Aug/2019:17:43:49 -0300] "GET /cormun/servlet/solicitudotadjuntos?INS,2019,15968,,1, HTTP/1.1" 200 6357
190.171.142.10 - - [20/Aug/2019:17:43:49 -0300] "GET /cormun/static/about:blank HTTP/1.1" 404 1011
190.171.142.10 - - [20/Aug/2019:17:43:50 -0300] "GET /cormun/servlet/solicitudotadjuntos?INS,2019,15968,,1, HTTP/1.1" 200 6349
190.171.142.10 - - [20/Aug/2019:17:43:50 -0300] "GET /cormun/servlet/solicitudotadjuntos?bfbad1433859b44ff8fefa5acf3541cee038200b0d95403d8d5a1cb85a639df0e8e47c8d3542c732a8c6a4aa0493a42c,gx-no-cache=1566333513990 HTTP/1.1" 200 30
190.171.142.10 - - [20/Aug/2019:17:43:51 -0300] "POST /cormun/servlet/solicitudotadjuntos?0e5e42065724a419f6029403717bfbea,INS,2019,15968,,1,,gx-no-cache=1566333514048 HTTP/1.1" 200 4069
190.171.142.10 - - [20/Aug/2019:17:43:52 -0300] "POST /cormun/servlet/solicitudotadjuntos?gx-no-cache=1566333515595 HTTP/1.1" 200 26
190.171.154.42 - - [20/Aug/2019:17:43:53 -0300] "GET /cormun/servlet/hlogin HTTP/1.1" 200 1731
190.171.154.42 - - [20/Aug/2019:17:43:54 -0300] "GET /cormun/servlet/hlogin HTTP/1.1" 200 1731
190.171.154.42 - - [20/Aug/2019:17:44:04 -0300] "POST /cormun/servlet/hlogin?cffb7bef873519cca23e865d38912532,gx-no-cache=1566333526270 HTTP/1.1" 200 90
190.171.154.42 - - [20/Aug/2019:17:44:04 -0300] "GET /cormun/servlet/hpexe_link HTTP/1.1" 200 951
190.171.154.42 - - [20/Aug/2019:17:44:04 -0300] "GET /cormun/servlet/hhome HTTP/1.1" 200 4323
190.171.134.178 - - [20/Aug/2019:17:44:05 -0300] "POST /cormun/servlet/prfichaempleado?6f3db9916e861094fee2ed2f7e8fdacd,,MD,,gxPopupLevel%3D0%3B,gx-no-cache=1566333529959 HTTP/1.1" 200 3410
190.171.154.42 - - [20/Aug/2019:17:44:06 -0300] "GET /cormun/servlet/hhome HTTP/1.1" 200 4320
190.171.134.178 - - [20/Aug/2019:17:44:12 -0300] "POST /cormun/servlet/solicitudot?gx-no-cache=1566333537077 HTTP/1.1" 200 1361
190.171.134.178 - - [20/Aug/2019:17:44:12 -0300] "GET /cormun/static/menuarrow.gif HTTP/1.1" 404 1015
190.171.154.42 - - [20/Aug/2019:17:44:16 -0300] "GET /cormun/servlet/trpermisosgoce? HTTP/1.1" 200 11286
190.171.154.42 - - [20/Aug/2019:17:44:18 -0300] "GET /cormun/servlet/trpermisosgoce? HTTP/1.1" 200 11276
190.171.134.178 - - [20/Aug/2019:17:44:24 -0300] "POST /cormun/servlet/solicitudot?gx-no-cache=1566333548945 HTTP/1.1" 200 41
190.171.154.42 - - [20/Aug/2019:17:44:31 -0300] "GET /cormun/static/menuarrow.gif HTTP/1.1" 404 1015
200.111.191.212 - - [20/Aug/2019:17:44:42 -0300] "GET /cormun/servlet/trsolicitudot? HTTP/1.1" 200 7248
200.111.191.212 - - [20/Aug/2019:17:44:42 -0300] "GET /cormun/servlet/trsolicitudot? HTTP/1.1" 200 7247
190.171.154.42 - - [20/Aug/2019:17:44:43 -0300] "POST /cormun/servlet/trpermisosgoce?cffb7bef873519cca23e865d38912532,,gx-no-cache=1566333564934 HTTP/1.1" 200 16476
190.171.154.42 - - [20/Aug/2019:17:44:44 -0300] "GET /cormun/static/Resources/PXToolsGridNext.gif HTTP/1.1" 200 369
190.171.154.42 - - [20/Aug/2019:17:44:44 -0300] "GET /cormun/static/Resources/PXToolsGridLast.gif HTTP/1.1" 200 370
200.111.191.212 - - [20/Aug/2019:17:44:56 -0300] "GET /cormun/servlet/trsolicitudot? HTTP/1.1" 200 7247
200.111.191.212 - - [20/Aug/2019:17:44:56 -0300] "GET /cormun/servlet/trsolicitudot? HTTP/1.1" 200 7247
200.111.191.212 - - [20/Aug/2019:17:44:57 -0300] "GET /cormun/static/menuarrow.gif HTTP/1.1" 404 1015
190.171.141.138 - - [20/Aug/2019:17:44:57 -0300] "GET /cormun/servlet/trpermisosgoce HTTP/1.1" 200 6122
190.171.141.138 - - [20/Aug/2019:17:45:02 -0300] "GET /cormun/servlet/hlogin HTTP/1.1" 200 1738
190.171.141.138 - - [20/Aug/2019:17:45:03 -0300] "GET /cormun/servlet/trpermisosgoce HTTP/1.1" 200 6118
200.111.191.212 - - [20/Aug/2019:17:45:04 -0300] "POST /cormun/servlet/trsolicitudot?9e1e070702aec4a01b6c964232db2dc7,,gx-no-cache=1566333743297 HTTP/1.1" 200 14086
190.171.154.42 - - [20/Aug/2019:17:45:07 -0300] "GET /cormun/servlet/permisogoce?INS,0,,, HTTP/1.1" 200 7192
190.171.154.42 - - [20/Aug/2019:17:45:09 -0300] "GET /cormun/servlet/permisogoce?INS,0,,, HTTP/1.1" 200 7192
200.111.191.212 - - [20/Aug/2019:17:45:11 -0300] "GET /cormun/servlet/vesolicitudot?2019,15771,, HTTP/1.1" 200 8448
200.111.191.212 - - [20/Aug/2019:17:45:11 -0300] "GET /cormun/pexe_scrolldiv.js HTTP/1.1" 404 1009
200.111.191.212 - - [20/Aug/2019:17:45:11 -0300] "GET /cormun/servlet/vesolicitudot?2019,15771,, HTTP/1.1" 200 8448
190.171.154.42 - - [20/Aug/2019:17:45:12 -0300] "GET /cormun/servlet/prfichaempleado?,MD,,gxPopupLevel%3D0%3B HTTP/1.1" 200 9425
200.111.191.212 - - [20/Aug/2019:17:45:18 -0300] "POST /cormun/servlet/vesolicitudot?9e1e070702aec4a01b6c964232db2dc7,2019,15771,,,gx-no-cache=1566333757556 HTTP/1.1" 200 93
200.111.191.212 - - [20/Aug/2019:17:45:18 -0300] "GET /cormun/servlet/hpexe_return? HTTP/1.1" 200 1015
200.111.191.212 - - [20/Aug/2019:17:45:19 -0300] "GET /cormun/servlet/trsolicitudot? HTTP/1.1" 200 16974
200.111.191.212 - - [20/Aug/2019:17:45:19 -0300] "GET /cormun/servlet/trsolicitudot? HTTP/1.1" 200 16969
190.171.154.42 - - [20/Aug/2019:17:45:26 -0300] "POST /cormun/servlet/prfichaempleado?cffb7bef873519cca23e865d38912532,,MD,,gxPopupLevel%3D0%3B,gx-no-cache=1566333608349 HTTP/1.1" 200 3487
190.171.154.42 - - [20/Aug/2019:17:45:33 -0300] "GET /cormun/servlet/permisogoce?9e1d7600f6f13fea05c49bb4f5250553d839eaad68dc74baaeada4c753b68db8fe404c5770146f307b6dd58bec313e4808ab307bef43df92dcb14f730b41dc32,gx-no-cache=1566333615485 HTTP/1.1" 200 81
190.171.154.42 - - [20/Aug/2019:17:45:33 -0300] "GET /cormun/static/menuarrow.gif HTTP/1.1" 404 1015
200.111.191.212 - - [20/Aug/2019:17:45:35 -0300] "GET /cormun/servlet/vesolicitudot?2019,15766,, HTTP/1.1" 200 8411
200.111.191.212 - - [20/Aug/2019:17:45:35 -0300] "GET /cormun/pexe_scrolldiv.js HTTP/1.1" 404 1009
200.111.191.212 - - [20/Aug/2019:17:45:35 -0300] "GET /cormun/pexe_scrolldiv.js HTTP/1.1" 404 1009
200.111.191.212 - - [20/Aug/2019:17:45:35 -0300] "GET /cormun/servlet/vesolicitudot?2019,15766,, HTTP/1.1" 200 8411
200.111.191.212 - - [20/Aug/2019:17:45:39 -0300] "POST /cormun/servlet/vesolicitudot?9e1e070702aec4a01b6c964232db2dc7,2019,15766,,,gx-no-cache=1566333777741 HTTP/1.1" 200 93
200.111.191.212 - - [20/Aug/2019:17:45:39 -0300] "GET /cormun/servlet/hpexe_return? HTTP/1.1" 200 1014
200.111.191.212 - - [20/Aug/2019:17:45:39 -0300] "GET /cormun/servlet/trsolicitudot HTTP/1.1" 200 16974
200.111.191.212 - - [20/Aug/2019:17:45:40 -0300] "GET /cormun/servlet/trsolicitudot HTTP/1.1" 200 16969
190.171.154.42 - - [20/Aug/2019:17:45:40 -0300] "GET /cormun/servlet/permisogoce?9e1d7600f6f13fea05c49bb4f52505537775f85dc4f3300aeb1fdec0ac7f417e63859e86830bbc5d398c5beac9357ad305b674b40666e722537c23bd99631ce8,gx-no-cache=1566333622722 HTTP/1.1" 200 48
200.111.191.212 - - [20/Aug/2019:17:45:43 -0300] "GET /cormun/servlet/vesolicitudot?2019,15787,, HTTP/1.1" 200 8427
200.111.191.212 - - [20/Aug/2019:17:45:43 -0300] "GET /cormun/pexe_scrolldiv.js HTTP/1.1" 404 1009
200.111.191.212 - - [20/Aug/2019:17:45:43 -0300] "GET /cormun/servlet/vesolicitudot?2019,15787,, HTTP/1.1" 200 8426
190.171.142.10 - - [20/Aug/2019:17:45:46 -0300] "GET /cormun/servlet/solicitudotadjuntos?bfbad1433859b44ff8fefa5acf3541ce2ff3d41e85d3d31a4c028366b3c447fe,gx-no-cache=1566333629755 HTTP/1.1" 200 30
190.171.142.10 - - [20/Aug/2019:17:45:46 -0300] "GET /cormun/servlet/solicitudotadjuntos?bfbad1433859b44ff8fefa5acf3541ce2ff3d41e85d3d31a4c028366b3c447fe,gx-no-cache=1566333629923 HTTP/1.1" 200 30
190.171.142.10 - - [20/Aug/2019:17:45:49 -0300] "POST /cormun/servlet/solicitudotadjuntos?0e5e42065724a419f6029403717bfbea,INS,2019,15968,,1, HTTP/1.1" 200 116
190.171.142.10 - - [20/Aug/2019:17:45:50 -0300] "GET /cormun/servlet/hpexe_return? HTTP/1.1" 200 1027
190.171.142.10 - - [20/Aug/2019:17:45:50 -0300] "GET /cormun/servlet/trsolicitudadjuntos?2019,15968, HTTP/1.1" 200 9028
200.111.191.212 - - [20/Aug/2019:17:45:50 -0300] "POST /cormun/servlet/vesolicitudot?9e1e070702aec4a01b6c964232db2dc7,2019,15787,,,gx-no-cache=1566333789397 HTTP/1.1" 200 93
200.111.191.212 - - [20/Aug/2019:17:45:50 -0300] "GET /cormun/servlet/hpexe_return? HTTP/1.1" 200 1014
200.111.191.212 - - [20/Aug/2019:17:45:51 -0300] "GET /cormun/servlet/trsolicitudot HTTP/1.1" 200 16974
200.111.191.212 - - [20/Aug/2019:17:45:51 -0300] "GET /cormun/servlet/trsolicitudot HTTP/1.1" 200 16969
190.171.142.10 - - [20/Aug/2019:17:45:52 -0300] "GET /cormun/servlet/trsolicitudadjuntos?2019,15968, HTTP/1.1" 200 9025
190.171.142.10 - - [20/Aug/2019:17:45:55 -0300] "GET /cormun/servlet/solicitudotadjuntos?INS,2019,15968,,1, HTTP/1.1" 200 6356
190.171.142.10 - - [20/Aug/2019:17:45:55 -0300] "GET /cormun/static/about:blank HTTP/1.1" 404 1011
190.171.142.10 - - [20/Aug/2019:17:45:57 -0300] "GET /cormun/servlet/solicitudotadjuntos?INS,2019,15968,,1, HTTP/1.1" 200 6349
190.171.142.10 - - [20/Aug/2019:17:45:57 -0300] "GET /cormun/servlet/solicitudotadjuntos?bfbad1433859b44ff8fefa5acf3541cee038200b0d95403d8d5a1cb85a639df0e8e47c8d3542c732a8c6a4aa0493a42c,gx-no-cache=1566333640546 HTTP/1.1" 200 30
190.171.142.10 - - [20/Aug/2019:17:45:57 -0300] "POST /cormun/servlet/solicitudotadjuntos?0e5e42065724a419f6029403717bfbea,INS,2019,15968,,1,,gx-no-cache=1566333640682 HTTP/1.1" 200 4069
190.171.142.10 - - [20/Aug/2019:17:46:03 -0300] "POST /cormun/servlet/solicitudotadjuntos?gx-no-cache=1566333646299 HTTP/1.1" 200 26
200.111.191.212 - - [20/Aug/2019:17:46:07 -0300] "POST /cormun/servlet/trsolicitudot?9e1e070702aec4a01b6c964232db2dc7,gx-no-cache=1566333805880 HTTP/1.1" 200 4347
190.171.142.10 - - [20/Aug/2019:17:46:08 -0300] "GET /cormun/servlet/solicitudotadjuntos?bfbad1433859b44ff8fefa5acf3541ce2ff3d41e85d3d31a4c028366b3c447fe,gx-no-cache=1566333651045 HTTP/1.1" 200 30
190.171.142.10 - - [20/Aug/2019:17:46:08 -0300] "GET /cormun/servlet/solicitudotadjuntos?bfbad1433859b44ff8fefa5acf3541ce2ff3d41e85d3d31a4c028366b3c447fe,gx-no-cache=1566333651111 HTTP/1.1" 200 30
190.171.142.10 - - [20/Aug/2019:17:46:08 -0300] "POST /cormun/servlet/solicitudotadjuntos?0e5e42065724a419f6029403717bfbea,INS,2019,15968,,1, HTTP/1.1" 200 116
190.171.142.10 - - [20/Aug/2019:17:46:09 -0300] "GET /cormun/servlet/hpexe_return? HTTP/1.1" 200 1027
190.171.142.10 - - [20/Aug/2019:17:46:09 -0300] "GET /cormun/servlet/trsolicitudadjuntos?2019,15968, HTTP/1.1" 200 9237
190.171.154.42 - - [20/Aug/2019:17:46:09 -0300] "POST /cormun/servlet/permisogoce?cffb7bef873519cca23e865d38912532,INS,0,,,,gx-no-cache=1566333651512 HTTP/1.1" 200 93
190.171.154.42 - - [20/Aug/2019:17:46:09 -0300] "GET /cormun/servlet/hpexe_return? HTTP/1.1" 200 1009
190.171.154.42 - - [20/Aug/2019:17:46:10 -0300] "GET /cormun/servlet/trpermisosgoce? HTTP/1.1" 200 19322
190.171.142.10 - - [20/Aug/2019:17:46:10 -0300] "GET /cormun/servlet/trsolicitudadjuntos?2019,15968, HTTP/1.1" 200 9238
200.111.191.212 - - [20/Aug/2019:17:46:11 -0300] "GET /cormun/static/menuarrow.gif HTTP/1.1" 404 1015
190.171.154.42 - - [20/Aug/2019:17:46:12 -0300] "GET /cormun/servlet/trpermisosgoce? HTTP/1.1" 200 19331
190.171.141.138 - - [20/Aug/2019:17:46:12 -0300] "POST /cormun/servlet/hlogin?1bd9b9e7a76d713187b1eab4e03e13cc,gx-no-cache=1566333657155 HTTP/1.1" 200 90
190.171.142.10 - - [20/Aug/2019:17:46:13 -0300] "GET /cormun/servlet/solicitudotadjuntos?INS,2019,15968,,1, HTTP/1.1" 200 6356
190.171.141.138 - - [20/Aug/2019:17:46:13 -0300] "GET /cormun/servlet/hpexe_link HTTP/1.1" 200 957
190.171.141.138 - - [20/Aug/2019:17:46:13 -0300] "GET /cormun/servlet/trpermisosgoce HTTP/1.1" 200 14823
190.171.142.10 - - [20/Aug/2019:17:46:14 -0300] "GET /cormun/static/about:blank HTTP/1.1" 404 1011
190.171.142.10 - - [20/Aug/2019:17:46:14 -0300] "GET /cormun/servlet/solicitudotadjuntos?INS,2019,15968,,1, HTTP/1.1" 200 6349
190.171.141.138 - - [20/Aug/2019:17:46:14 -0300] "GET /cormun/servlet/trpermisosgoce HTTP/1.1" 200 14842
190.171.142.10 - - [20/Aug/2019:17:46:14 -0300] "GET /cormun/servlet/solicitudotadjuntos?bfbad1433859b44ff8fefa5acf3541cee038200b0d95403d8d5a1cb85a639df0e8e47c8d3542c732a8c6a4aa0493a42c,gx-no-cache=1566333657900 HTTP/1.1" 200 30
190.171.142.10 - - [20/Aug/2019:17:46:14 -0300] "POST /cormun/servlet/solicitudotadjuntos?0e5e42065724a419f6029403717bfbea,INS,2019,15968,,1,,gx-no-cache=1566333657947 HTTP/1.1" 200 4069
200.111.191.212 - - [20/Aug/2019:17:46:16 -0300] "POST /cormun/servlet/trsolicitudot?9e1e070702aec4a01b6c964232db2dc7,gx-no-cache=1566333814764 HTTP/1.1" 200 5716
200.111.191.212 - - [20/Aug/2019:17:46:18 -0300] "GET /cormun/servlet/vesolicitudot?2019,14545,, HTTP/1.1" 200 8390
200.111.191.212 - - [20/Aug/2019:17:46:18 -0300] "GET /cormun/pexe_scrolldiv.js HTTP/1.1" 404 1009
190.171.142.10 - - [20/Aug/2019:17:46:18 -0300] "POST /cormun/servlet/solicitudotadjuntos?gx-no-cache=1566333661162 HTTP/1.1" 200 26
200.111.191.212 - - [20/Aug/2019:17:46:18 -0300] "GET /cormun/servlet/vesolicitudot?2019,14545,, HTTP/1.1" 200 8389
200.111.191.212 - - [20/Aug/2019:17:46:22 -0300] "POST /cormun/servlet/vesolicitudot?9e1e070702aec4a01b6c964232db2dc7,2019,14545,,,gx-no-cache=1566333820902 HTTP/1.1" 200 93
200.111.191.212 - - [20/Aug/2019:17:46:22 -0300] "GET /cormun/servlet/hpexe_return? HTTP/1.1" 200 1036
200.111.191.212 - - [20/Aug/2019:17:46:22 -0300] "GET /cormun/servlet/trsolicitudot?gx-no-cache=1566333814764 HTTP/1.1" 200 8635
200.111.191.212 - - [20/Aug/2019:17:46:22 -0300] "GET /cormun/servlet/trsolicitudot?gx-no-cache=1566333814764 HTTP/1.1" 200 8651
190.171.142.10 - - [20/Aug/2019:17:46:25 -0300] "GET /cormun/servlet/solicitudotadjuntos?bfbad1433859b44ff8fefa5acf3541ce2ff3d41e85d3d31a4c028366b3c447fe,gx-no-cache=1566333668385 HTTP/1.1" 200 30
190.171.141.90 - - [20/Aug/2019:17:46:25 -0300] "GET /cormun/servlet/trlicencias? HTTP/1.1" 200 15262
190.171.142.10 - - [20/Aug/2019:17:46:25 -0300] "GET /cormun/servlet/solicitudotadjuntos?bfbad1433859b44ff8fefa5acf3541ce2ff3d41e85d3d31a4c028366b3c447fe,gx-no-cache=1566333668497 HTTP/1.1" 200 30
190.171.142.10 - - [20/Aug/2019:17:46:25 -0300] "POST /cormun/servlet/solicitudotadjuntos?0e5e42065724a419f6029403717bfbea,INS,2019,15968,,1, HTTP/1.1" 200 116
190.171.142.10 - - [20/Aug/2019:17:46:25 -0300] "GET /cormun/servlet/hpexe_return? HTTP/1.1" 200 1027
190.171.142.10 - - [20/Aug/2019:17:46:26 -0300] "GET /cormun/servlet/trsolicitudadjuntos?2019,15968, HTTP/1.1" 200 9406
190.171.141.90 - - [20/Aug/2019:17:46:26 -0300] "GET /cormun/servlet/trlicencias? HTTP/1.1" 200 15298
190.171.142.10 - - [20/Aug/2019:17:46:27 -0300] "GET /cormun/servlet/trsolicitudadjuntos?2019,15968, HTTP/1.1" 200 9403
200.111.191.212 - - [20/Aug/2019:17:46:28 -0300] "POST /cormun/servlet/trsolicitudot?9e1e070702aec4a01b6c964232db2dc7,gx-no-cache=1566333814764,gx-no-cache=1566333826644 HTTP/1.1" 200 6765
190.171.142.10 - - [20/Aug/2019:17:46:29 -0300] "GET /cormun/servlet/solicitudotadjuntos?INS,2019,15968,,1, HTTP/1.1" 200 6356
190.171.142.10 - - [20/Aug/2019:17:46:29 -0300] "GET /cormun/static/about:blank HTTP/1.1" 404 1011
190.171.142.10 - - [20/Aug/2019:17:46:30 -0300] "GET /cormun/servlet/solicitudotadjuntos?INS,2019,15968,,1, HTTP/1.1" 200 6349
190.171.142.10 - - [20/Aug/2019:17:46:31 -0300] "GET /cormun/servlet/solicitudotadjuntos?bfbad1433859b44ff8fefa5acf3541cee038200b0d95403d8d5a1cb85a639df0e8e47c8d3542c732a8c6a4aa0493a42c,gx-no-cache=1566333674233 HTTP/1.1" 200 30
190.171.142.10 - - [20/Aug/2019:17:46:32 -0300] "POST /cormun/servlet/solicitudotadjuntos?0e5e42065724a419f6029403717bfbea,INS,2019,15968,,1,,gx-no-cache=1566333674349 HTTP/1.1" 200 4069
190.171.142.10 - - [20/Aug/2019:17:46:33 -0300] "POST /cormun/servlet/solicitudotadjuntos?gx-no-cache=1566333676945 HTTP/1.1" 200 26
190.171.134.178 - - [20/Aug/2019:17:46:41 -0300] "GET /cormun/servlet/solicitudot?d77741d1cc403bbc28353654c44ebadf46463b654e8b7e635b93705183e73e6451194a8626b83005e6cc73228d154a09ae5a58379b3dc84c4ce8880495ea05da50f18b148626e894265a9b34bdaa3db25a2e0b7665ff5688ee9fe768566afa36d5dac6a8865c20fbb5632bf4b1f033d7,gx-no-cache=1566333686084 HTTP/1.1" 200 110
190.171.134.178 - - [20/Aug/2019:17:46:41 -0300] "POST /cormun/servlet/solicitudot?gx-no-cache=1566333686209 HTTP/1.1" 200 97
190.171.142.10 - - [20/Aug/2019:17:46:43 -0300] "POST /cormun/servlet/solicitudotadjuntos?gx-no-cache=1566333686792 HTTP/1.1" 200 26
190.171.134.178 - - [20/Aug/2019:17:46:48 -0300] "GET /cormun/servlet/solicitudot?d77741d1cc403bbc28353654c44ebadf19998540ae0a4e88c743b8ed5b31bc222745b374e28a7050ab61fbfd68e052b6c12c0595a69775a7c7ad5a341bec1fb0415fc75877bb5760c7adc2abc98ed1e8abb4660e6100af4013326a07ddb313a68bbc38978f5cfffb414c0d0149783f82,gx-no-cache=1566333693362 HTTP/1.1" 200 29
190.171.142.10 - - [20/Aug/2019:17:46:49 -0300] "GET /cormun/servlet/solicitudotadjuntos?bfbad1433859b44ff8fefa5acf3541ce2ff3d41e85d3d31a4c028366b3c447fe,gx-no-cache=1566333692164 HTTP/1.1" 200 30
190.171.142.10 - - [20/Aug/2019:17:46:49 -0300] "GET /cormun/servlet/solicitudotadjuntos?bfbad1433859b44ff8fefa5acf3541ce2ff3d41e85d3d31a4c028366b3c447fe,gx-no-cache=1566333692191 HTTP/1.1" 200 30
190.171.142.10 - - [20/Aug/2019:17:46:49 -0300] "POST /cormun/servlet/solicitudotadjuntos?0e5e42065724a419f6029403717bfbea,INS,2019,15968,,1, HTTP/1.1" 200 116
190.171.142.10 - - [20/Aug/2019:17:46:49 -0300] "GET /cormun/servlet/hpexe_return? HTTP/1.1" 200 1027
190.171.142.10 - - [20/Aug/2019:17:46:50 -0300] "GET /cormun/servlet/trsolicitudadjuntos?2019,15968, HTTP/1.1" 200 9629
190.171.142.10 - - [20/Aug/2019:17:46:51 -0300] "GET /cormun/servlet/trsolicitudadjuntos?2019,15968, HTTP/1.1" 200 9626
190.171.142.10 - - [20/Aug/2019:17:46:53 -0300] "GET /cormun/servlet/solicitudotadjuntos?INS,2019,15968,,1, HTTP/1.1" 200 6357
190.171.142.10 - - [20/Aug/2019:17:46:54 -0300] "GET /cormun/static/about:blank HTTP/1.1" 404 1011
190.171.134.178 - - [20/Aug/2019:17:46:55 -0300] "GET /cormun/servlet/solicitudot?d77741d1cc403bbc28353654c44ebadf015eb7799324371b72f8918db77265bd1c46ce8166890e3548cfe75a6c3229f4,gx-no-cache=1566333699696 HTTP/1.1" 200 30
190.171.134.178 - - [20/Aug/2019:17:46:55 -0300] "POST /cormun/servlet/solicitudot?gx-no-cache=1566333699755 HTTP/1.1" 200 34
190.171.142.10 - - [20/Aug/2019:17:46:55 -0300] "GET /cormun/servlet/solicitudotadjuntos?INS,2019,15968,,1, HTTP/1.1" 200 6350
190.171.142.10 - - [20/Aug/2019:17:46:55 -0300] "GET /cormun/servlet/solicitudotadjuntos?bfbad1433859b44ff8fefa5acf3541cee038200b0d95403d8d5a1cb85a639df0e8e47c8d3542c732a8c6a4aa0493a42c,gx-no-cache=1566333698738 HTTP/1.1" 200 30
190.171.142.10 - - [20/Aug/2019:17:46:55 -0300] "POST /cormun/servlet/solicitudotadjuntos?0e5e42065724a419f6029403717bfbea,INS,2019,15968,,1,,gx-no-cache=1566333698779 HTTP/1.1" 200 4069
190.171.142.10 - - [20/Aug/2019:17:46:58 -0300] "POST /cormun/servlet/solicitudotadjuntos?gx-no-cache=1566333701857 HTTP/1.1" 200 26
190.171.141.138 - - [20/Aug/2019:17:47:02 -0300] "GET /cormun/servlet/trlicencias? HTTP/1.1" 200 16040
190.171.141.138 - - [20/Aug/2019:17:47:03 -0300] "GET /cormun/servlet/trlicencias? HTTP/1.1" 200 16047
190.171.142.10 - - [20/Aug/2019:17:47:04 -0300] "GET /cormun/servlet/solicitudotadjuntos?bfbad1433859b44ff8fefa5acf3541ce2ff3d41e85d3d31a4c028366b3c447fe,gx-no-cache=1566333707507 HTTP/1.1" 200 30
190.171.142.10 - - [20/Aug/2019:17:47:04 -0300] "GET /cormun/servlet/solicitudotadjuntos?bfbad1433859b44ff8fefa5acf3541ce2ff3d41e85d3d31a4c028366b3c447fe,gx-no-cache=1566333707540 HTTP/1.1" 200 30
190.171.142.10 - - [20/Aug/2019:17:47:05 -0300] "POST /cormun/servlet/solicitudotadjuntos?0e5e42065724a419f6029403717bfbea,INS,2019,15968,,1, HTTP/1.1" 200 116
190.171.142.10 - - [20/Aug/2019:17:47:05 -0300] "GET /cormun/servlet/hpexe_return? HTTP/1.1" 200 1027
190.171.142.10 - - [20/Aug/2019:17:47:05 -0300] "GET /cormun/servlet/trsolicitudadjuntos?2019,15968, HTTP/1.1" 200 9901
190.171.142.10 - - [20/Aug/2019:17:47:07 -0300] "GET /cormun/servlet/trsolicitudadjuntos?2019,15968, HTTP/1.1" 200 9899
190.171.141.138 - - [20/Aug/2019:17:47:07 -0300] "GET /cormun/servlet/licenciaspermisos?INS,0,,, HTTP/1.1" 200 7992
190.171.141.138 - - [20/Aug/2019:17:47:09 -0300] "GET /cormun/servlet/licenciaspermisos?INS,0,,, HTTP/1.1" 200 8000
190.171.142.10 - - [20/Aug/2019:17:47:14 -0300] "GET /cormun/servlet/solicitudotadjuntos?INS,2019,15968,,1, HTTP/1.1" 200 6357
190.171.142.10 - - [20/Aug/2019:17:47:14 -0300] "GET /cormun/static/about:blank HTTP/1.1" 404 1011
190.171.141.138 - - [20/Aug/2019:17:47:14 -0300] "GET /cormun/servlet/licenciaspermisos?871f8351014fc7b2d1dc223e5ca364adec647c4aa9933fc0ab665f34f28d80d5dde6fb47860fbf60b15788031dee0100,gx-no-cache=1566333719174 HTTP/1.1" 200 96
190.171.141.138 - - [20/Aug/2019:17:47:15 -0300] "POST /cormun/servlet/licenciaspermisos?1bd9b9e7a76d713187b1eab4e03e13cc,INS,0,,,,gx-no-cache=1566333719311 HTTP/1.1" 200 4957
190.171.142.10 - - [20/Aug/2019:17:47:15 -0300] "GET /cormun/servlet/solicitudotadjuntos?INS,2019,15968,,1, HTTP/1.1" 200 6350
190.171.142.10 - - [20/Aug/2019:17:47:16 -0300] "GET /cormun/servlet/solicitudotadjuntos?bfbad1433859b44ff8fefa5acf3541cee038200b0d95403d8d5a1cb85a639df0e8e47c8d3542c732a8c6a4aa0493a42c,gx-no-cache=1566333719034 HTTP/1.1" 200 30
190.171.142.10 - - [20/Aug/2019:17:47:16 -0300] "POST /cormun/servlet/solicitudotadjuntos?0e5e42065724a419f6029403717bfbea,INS,2019,15968,,1,,gx-no-cache=1566333719081 HTTP/1.1" 200 4069
190.171.142.10 - - [20/Aug/2019:17:47:19 -0300] "POST /cormun/servlet/solicitudotadjuntos?gx-no-cache=1566333722448 HTTP/1.1" 200 26
190.171.142.10 - - [20/Aug/2019:17:47:34 -0300] "GET /cormun/servlet/solicitudotadjuntos?bfbad1433859b44ff8fefa5acf3541ce2ff3d41e85d3d31a4c028366b3c447fe,gx-no-cache=1566333737027 HTTP/1.1" 200 30
190.171.142.10 - - [20/Aug/2019:17:47:34 -0300] "GET /cormun/servlet/solicitudotadjuntos?bfbad1433859b44ff8fefa5acf3541ce2ff3d41e85d3d31a4c028366b3c447fe,gx-no-cache=1566333737057 HTTP/1.1" 200 30
190.171.142.10 - - [20/Aug/2019:17:47:34 -0300] "POST /cormun/servlet/solicitudotadjuntos?0e5e42065724a419f6029403717bfbea,INS,2019,15968,,1,,gx-no-cache=1566333737089 HTTP/1.1" 200 93
190.171.142.10 - - [20/Aug/2019:17:47:34 -0300] "GET /cormun/servlet/hpexe_return? HTTP/1.1" 200 1027
190.171.142.10 - - [20/Aug/2019:17:47:34 -0300] "GET /cormun/servlet/trsolicitudadjuntos?2019,15968, HTTP/1.1" 200 10069
190.171.142.10 - - [20/Aug/2019:17:47:36 -0300] "GET /cormun/servlet/trsolicitudadjuntos?2019,15968, HTTP/1.1" 200 10065
190.171.134.178 - - [20/Aug/2019:17:47:41 -0300] "POST /cormun/servlet/solicitudot?6f3db9916e861094fee2ed2f7e8fdacd,INS,0,0,,gx-no-cache=1566333745871 HTTP/1.1" 200 93
190.171.134.178 - - [20/Aug/2019:17:47:42 -0300] "GET /cormun/servlet/hpexe_return? HTTP/1.1" 200 1000
190.171.134.178 - - [20/Aug/2019:17:47:42 -0300] "GET /cormun/servlet/trsolicitudot HTTP/1.1" 200 8679
190.171.134.178 - - [20/Aug/2019:17:47:43 -0300] "GET /cormun/servlet/trsolicitudot HTTP/1.1" 200 8675
190.171.154.42 - - [20/Aug/2019:17:47:47 -0300] "GET /cormun/servlet/trpermisosgoce? HTTP/1.1" 200 19308
190.171.154.42 - - [20/Aug/2019:17:47:50 -0300] "GET /cormun/servlet/trpermisosgoce? HTTP/1.1" 200 19351
190.171.134.178 - - [20/Aug/2019:17:47:52 -0300] "POST /cormun/servlet/trsolicitudot?6f3db9916e861094fee2ed2f7e8fdacd,gx-no-cache=1566333757332 HTTP/1.1" 200 6023
190.171.134.178 - - [20/Aug/2019:17:47:53 -0300] "GET /cormun/static/Shared/jqueryui/images/ui-bg_highlight-soft_100_c6c2c8_1x100.png HTTP/1.1" 404 1117
190.171.134.178 - - [20/Aug/2019:17:47:53 -0300] "GET /cormun/static/Shared/jqueryui/images/ui-icons_82798d_256x240.png HTTP/1.1" 404 1089
190.171.134.178 - - [20/Aug/2019:17:47:53 -0300] "GET /cormun/static/Shared/jqueryui/images/ui-bg_flat_55_fafafa_40x100.png HTTP/1.1" 404 1097
190.171.134.178 - - [20/Aug/2019:17:47:53 -0300] "GET /cormun/static/Shared/jqueryui/images/ui-icons_8d78a5_256x240.png HTTP/1.1" 404 1089
190.171.154.42 - - [20/Aug/2019:17:48:21 -0300] "GET /cormun/servlet/permisogoce?INS,0,,, HTTP/1.1" 200 7192
190.171.154.42 - - [20/Aug/2019:17:48:22 -0300] "GET /cormun/servlet/permisogoce?INS,0,,, HTTP/1.1" 200 7192
190.171.154.42 - - [20/Aug/2019:17:48:25 -0300] "GET /cormun/servlet/prfichaempleado?,MD,,gxPopupLevel%3D0%3B HTTP/1.1" 200 9425
190.171.134.178 - - [20/Aug/2019:17:48:32 -0300] "POST /cormun/servlet/trsolicitudot?6f3db9916e861094fee2ed2f7e8fdacd,gx-no-cache=1566333797060 HTTP/1.1" 200 107
190.171.134.178 - - [20/Aug/2019:17:48:32 -0300] "GET /cormun/servlet/trsolicitudadjuntos?2019,15969, HTTP/1.1" 200 6113
190.171.134.178 - - [20/Aug/2019:17:48:34 -0300] "GET /cormun/servlet/trsolicitudadjuntos?2019,15969, HTTP/1.1" 200 6112
190.171.154.42 - - [20/Aug/2019:17:48:46 -0300] "POST /cormun/servlet/prfichaempleado?cffb7bef873519cca23e865d38912532,,MD,,gxPopupLevel%3D0%3B,gx-no-cache=1566333808225 HTTP/1.1" 200 3487
190.171.141.138 - - [20/Aug/2019:17:48:50 -0300] "GET /cormun/static/menuarrow.gif HTTP/1.1" 404 1015
190.171.134.178 - - [20/Aug/2019:17:49:37 -0300] "GET /cormun/servlet/solicitudotadjuntos?INS,2019,15969,,1, HTTP/1.1" 200 6052
190.171.134.178 - - [20/Aug/2019:17:49:37 -0300] "GET /cormun/static/about:blank HTTP/1.1" 404 1011
190.171.134.178 - - [20/Aug/2019:17:49:38 -0300] "GET /cormun/servlet/solicitudotadjuntos?INS,2019,15969,,1, HTTP/1.1" 200 6046
190.171.134.178 - - [20/Aug/2019:17:49:38 -0300] "GET /cormun/servlet/solicitudotadjuntos?d77741d1cc403bbc28353654c44ebadf9a666226b15d07fb92bd4200728dc7ac9b5eb2a40b579ebf96272115fc140744,gx-no-cache=1566333863269 HTTP/1.1" 200 30
190.171.134.178 - - [20/Aug/2019:17:49:38 -0300] "POST /cormun/servlet/solicitudotadjuntos?6f3db9916e861094fee2ed2f7e8fdacd,INS,2019,15969,,1,,gx-no-cache=1566333863405 HTTP/1.1" 200 3873
190.171.134.178 - - [20/Aug/2019:17:49:42 -0300] "POST /cormun/servlet/solicitudotadjuntos?gx-no-cache=1566333866561 HTTP/1.1" 200 26
190.171.134.178 - - [20/Aug/2019:17:49:52 -0300] "GET /cormun/servlet/solicitudotadjuntos?d77741d1cc403bbc28353654c44ebadfba9538d48c5f7b74175ac06ba5618d0a,gx-no-cache=1566333877472 HTTP/1.1" 200 30
190.171.134.178 - - [20/Aug/2019:17:49:52 -0300] "GET /cormun/servlet/solicitudotadjuntos?d77741d1cc403bbc28353654c44ebadfba9538d48c5f7b74175ac06ba5618d0a,gx-no-cache=1566333877496 HTTP/1.1" 200 30
190.171.134.178 - - [20/Aug/2019:17:49:53 -0300] "POST /cormun/servlet/solicitudotadjuntos?6f3db9916e861094fee2ed2f7e8fdacd,INS,2019,15969,,1, HTTP/1.1" 200 116
190.171.134.178 - - [20/Aug/2019:17:49:53 -0300] "GET /cormun/servlet/hpexe_return? HTTP/1.1" 200 1019
190.171.134.178 - - [20/Aug/2019:17:49:53 -0300] "GET /cormun/servlet/trsolicitudadjuntos?2019,15969, HTTP/1.1" 200 8716
190.171.134.178 - - [20/Aug/2019:17:49:54 -0300] "GET /cormun/servlet/trsolicitudadjuntos?2019,15969, HTTP/1.1" 200 8713
190.171.134.178 - - [20/Aug/2019:17:49:56 -0300] "GET /cormun/servlet/solicitudotadjuntos?INS,2019,15969,,1, HTTP/1.1" 200 6050
190.171.134.178 - - [20/Aug/2019:17:49:57 -0300] "GET /cormun/static/about:blank HTTP/1.1" 404 1011
190.171.134.178 - - [20/Aug/2019:17:49:57 -0300] "GET /cormun/servlet/solicitudotadjuntos?INS,2019,15969,,1, HTTP/1.1" 200 6045
190.171.134.178 - - [20/Aug/2019:17:49:58 -0300] "GET /cormun/servlet/solicitudotadjuntos?d77741d1cc403bbc28353654c44ebadf9a666226b15d07fb92bd4200728dc7ac9b5eb2a40b579ebf96272115fc140744,gx-no-cache=1566333882861 HTTP/1.1" 200 30
190.171.134.178 - - [20/Aug/2019:17:49:58 -0300] "POST /cormun/servlet/solicitudotadjuntos?6f3db9916e861094fee2ed2f7e8fdacd,INS,2019,15969,,1,,gx-no-cache=1566333882893 HTTP/1.1" 200 3872
190.171.134.178 - - [20/Aug/2019:17:50:00 -0300] "POST /cormun/servlet/solicitudotadjuntos?gx-no-cache=1566333884988 HTTP/1.1" 200 26
190.171.141.138 - - [20/Aug/2019:17:50:00 -0300] "GET /cormun/servlet/licenciaspermisos?871f8351014fc7b2d1dc223e5ca364ad5d21c657c6bf11cf0e218d47df4a2f8d96222554489b4cea57e5ceb49697422adc2a5ad5610cb1ff8a1646b54f975ef0e0d1710626c0d7a4a8e1a4b71d364c3dc789328504767cb76beaaabbc2d682b41576483f267f4957a46181d19c62f038555ba85a626d893004d900b05f66aedc16c52daf14747d55f8ca2815aca4bf892ba0731b1a66630194e937028ece631d6d7bb1ec6993dbe5d95ac205e81c7643,gx-no-cache=1566333884965 HTTP/1.1" 200 30
190.171.141.138 - - [20/Aug/2019:17:50:02 -0300] "GET /cormun/servlet/licenciaspermisos?871f8351014fc7b2d1dc223e5ca364ad4369cbf8d959c27b91973f7845960604e2bd58d5208ec8a6a862a92381f3ca192bae49a3a4a8b7ae338fc6a9dc68fc860aa4f609f296402b021431452630f072ee07c121ad48a4e6d235f5ce35bbd68fbefd7857d3dd3c65f799ed4c5ea30c0965da9740588f10f04613e2e36bc0ba8bcf78d2273df73123a597597d6d3facb6497974581bc2b54a0e402ce42ef881e357a26b3bd118dceef295309d986b593f,gx-no-cache=1566333886275 HTTP/1.1" 200 29
190.171.141.138 - - [20/Aug/2019:17:50:02 -0300] "POST /cormun/servlet/licenciaspermisos?1bd9b9e7a76d713187b1eab4e03e13cc,INS,0,,,,gx-no-cache=1566333886423 HTTP/1.1" 200 93
190.171.141.138 - - [20/Aug/2019:17:50:02 -0300] "GET /cormun/servlet/hpexe_return? HTTP/1.1" 200 1013
190.171.141.138 - - [20/Aug/2019:17:50:03 -0300] "GET /cormun/servlet/trlicencias HTTP/1.1" 200 16271
190.171.141.138 - - [20/Aug/2019:17:50:03 -0300] "GET /cormun/servlet/trlicencias HTTP/1.1" 200 16252
190.171.141.138 - - [20/Aug/2019:17:50:06 -0300] "GET /cormun/servlet/trlicenciaspermisosadjuntos?12292525,20190820000000,L, HTTP/1.1" 200 6831
190.171.141.138 - - [20/Aug/2019:17:50:07 -0300] "GET /cormun/servlet/trlicenciaspermisosadjuntos?12292525,20190820000000,L, HTTP/1.1" 200 6831
190.171.141.138 - - [20/Aug/2019:17:50:09 -0300] "GET /cormun/servlet/licenciaspermisosadjuntos?INS,12292525,L,20190820000000,, HTTP/1.1" 200 6105
190.171.141.138 - - [20/Aug/2019:17:50:09 -0300] "GET /cormun/static/about:blank HTTP/1.1" 404 1011
190.171.141.138 - - [20/Aug/2019:17:50:09 -0300] "GET /cormun/servlet/licenciaspermisosadjuntos?INS,12292525,L,20190820000000,, HTTP/1.1" 200 6093
190.171.134.178 - - [20/Aug/2019:17:50:10 -0300] "POST /cormun/servlet/solicitudotadjuntos?gx-no-cache=1566333894652 HTTP/1.1" 200 26
190.171.141.138 - - [20/Aug/2019:17:50:15 -0300] "POST /cormun/servlet/licenciaspermisosadjuntos?1bd9b9e7a76d713187b1eab4e03e13cc,INS,12292525,L,20190820000000,, HTTP/1.1" 200 116
190.171.141.138 - - [20/Aug/2019:17:50:15 -0300] "GET /cormun/servlet/hpexe_return? HTTP/1.1" 200 1042
190.171.141.138 - - [20/Aug/2019:17:50:16 -0300] "GET /cormun/servlet/trlicenciaspermisosadjuntos?12292525,20190820000000,L, HTTP/1.1" 200 7356
190.171.141.138 - - [20/Aug/2019:17:50:16 -0300] "GET /cormun/servlet/trlicenciaspermisosadjuntos?12292525,20190820000000,L, HTTP/1.1" 200 7352
190.171.134.178 - - [20/Aug/2019:17:50:18 -0300] "GET /cormun/servlet/solicitudotadjuntos?d77741d1cc403bbc28353654c44ebadfba9538d48c5f7b74175ac06ba5618d0a,gx-no-cache=1566333903167 HTTP/1.1" 200 30
190.171.134.178 - - [20/Aug/2019:17:50:18 -0300] "GET /cormun/servlet/solicitudotadjuntos?d77741d1cc403bbc28353654c44ebadfba9538d48c5f7b74175ac06ba5618d0a,gx-no-cache=1566333903193 HTTP/1.1" 200 30
190.171.141.138 - - [20/Aug/2019:17:50:19 -0300] "POST /cormun/servlet/trlicenciaspermisosadjuntos?1bd9b9e7a76d713187b1eab4e03e13cc,12292525,20190820000000,L,,gx-no-cache=1566333903195 HTTP/1.1" 200 90
190.171.141.138 - - [20/Aug/2019:17:50:19 -0300] "GET /cormun/servlet/hpexe_link HTTP/1.1" 200 984
190.171.134.178 - - [20/Aug/2019:17:50:19 -0300] "POST /cormun/servlet/solicitudotadjuntos?6f3db9916e861094fee2ed2f7e8fdacd,INS,2019,15969,,1, HTTP/1.1" 200 116
190.171.134.178 - - [20/Aug/2019:17:50:19 -0300] "GET /cormun/servlet/hpexe_return? HTTP/1.1" 200 1019
190.171.141.138 - - [20/Aug/2019:17:50:19 -0300] "GET /cormun/servlet/trlicencias HTTP/1.1" 200 16261
190.171.134.178 - - [20/Aug/2019:17:50:19 -0300] "GET /cormun/servlet/trsolicitudadjuntos?2019,15969, HTTP/1.1" 200 8949
190.171.141.138 - - [20/Aug/2019:17:50:20 -0300] "GET /cormun/servlet/trlicencias HTTP/1.1" 200 16246
190.171.134.178 - - [20/Aug/2019:17:50:20 -0300] "GET /cormun/servlet/trsolicitudadjuntos?2019,15969, HTTP/1.1" 200 8947
190.171.134.178 - - [20/Aug/2019:17:50:23 -0300] "GET /cormun/servlet/solicitudotadjuntos?INS,2019,15969,,1, HTTP/1.1" 200 6050
190.171.134.178 - - [20/Aug/2019:17:50:23 -0300] "GET /cormun/static/about:blank HTTP/1.1" 404 1011
190.171.134.178 - - [20/Aug/2019:17:50:24 -0300] "GET /cormun/servlet/solicitudotadjuntos?INS,2019,15969,,1, HTTP/1.1" 200 6045
190.171.134.178 - - [20/Aug/2019:17:50:24 -0300] "GET /cormun/servlet/solicitudotadjuntos?d77741d1cc403bbc28353654c44ebadf9a666226b15d07fb92bd4200728dc7ac9b5eb2a40b579ebf96272115fc140744,gx-no-cache=1566333909512 HTTP/1.1" 200 30
190.171.134.178 - - [20/Aug/2019:17:50:25 -0300] "POST /cormun/servlet/solicitudotadjuntos?6f3db9916e861094fee2ed2f7e8fdacd,INS,2019,15969,,1,,gx-no-cache=1566333909545 HTTP/1.1" 200 3872
190.171.154.42 - - [20/Aug/2019:17:50:31 -0300] "GET /cormun/servlet/permisogoce?9e1d7600f6f13fea05c49bb4f5250553d839eaad68dc74baaeada4c753b68db8fe404c5770146f307b6dd58bec313e4808ab307bef43df92dcb14f730b41dc32,gx-no-cache=1566333913514 HTTP/1.1" 200 81
190.171.154.42 - - [20/Aug/2019:17:50:31 -0300] "GET /cormun/static/menuarrow.gif HTTP/1.1" 404 1015
190.171.141.138 - - [20/Aug/2019:17:50:32 -0300] "GET /cormun/servlet/alicenciaprn?12292525,L,20190820000000,PU HTTP/1.1" 200 1540
190.171.154.42 - - [20/Aug/2019:17:50:39 -0300] "GET /cormun/servlet/permisogoce?9e1d7600f6f13fea05c49bb4f52505537775f85dc4f3300aeb1fdec0ac7f417e63859e86830bbc5d398c5beac9357ad305b674b40666e722537c23bd99631ce8,gx-no-cache=1566333921889 HTTP/1.1" 200 48
190.171.134.178 - - [20/Aug/2019:17:50:46 -0300] "POST /cormun/servlet/solicitudotadjuntos?gx-no-cache=1566333931303 HTTP/1.1" 200 26
190.171.134.178 - - [20/Aug/2019:17:50:55 -0300] "GET /cormun/servlet/solicitudotadjuntos?d77741d1cc403bbc28353654c44ebadfba9538d48c5f7b74175ac06ba5618d0a,gx-no-cache=1566333940577 HTTP/1.1" 200 30
190.171.134.178 - - [20/Aug/2019:17:50:56 -0300] "GET /cormun/servlet/solicitudotadjuntos?d77741d1cc403bbc28353654c44ebadfba9538d48c5f7b74175ac06ba5618d0a,gx-no-cache=1566333940627 HTTP/1.1" 200 30
190.171.134.178 - - [20/Aug/2019:17:50:56 -0300] "POST /cormun/servlet/solicitudotadjuntos?6f3db9916e861094fee2ed2f7e8fdacd,INS,2019,15969,,1, HTTP/1.1" 200 116
190.171.134.178 - - [20/Aug/2019:17:50:57 -0300] "GET /cormun/servlet/hpexe_return? HTTP/1.1" 200 1019
190.171.134.178 - - [20/Aug/2019:17:50:57 -0300] "GET /cormun/servlet/trsolicitudadjuntos?2019,15969, HTTP/1.1" 200 9139
190.171.134.178 - - [20/Aug/2019:17:50:58 -0300] "GET /cormun/servlet/trsolicitudadjuntos?2019,15969, HTTP/1.1" 200 9136
190.171.134.178 - - [20/Aug/2019:17:51:00 -0300] "GET /cormun/servlet/solicitudotadjuntos?INS,2019,15969,,1, HTTP/1.1" 200 6052
190.171.134.178 - - [20/Aug/2019:17:51:00 -0300] "GET /cormun/static/about:blank HTTP/1.1" 404 1011
190.171.134.178 - - [20/Aug/2019:17:51:01 -0300] "GET /cormun/servlet/solicitudotadjuntos?INS,2019,15969,,1, HTTP/1.1" 200 6047
190.171.134.178 - - [20/Aug/2019:17:51:02 -0300] "GET /cormun/servlet/solicitudotadjuntos?d77741d1cc403bbc28353654c44ebadf9a666226b15d07fb92bd4200728dc7ac9b5eb2a40b579ebf96272115fc140744,gx-no-cache=1566333946621 HTTP/1.1" 200 30
190.171.134.178 - - [20/Aug/2019:17:51:02 -0300] "POST /cormun/servlet/solicitudotadjuntos?6f3db9916e861094fee2ed2f7e8fdacd,INS,2019,15969,,1,,gx-no-cache=1566333946675 HTTP/1.1" 200 3873
190.171.134.178 - - [20/Aug/2019:17:51:05 -0300] "POST /cormun/servlet/solicitudotadjuntos?gx-no-cache=1566333950431 HTTP/1.1" 200 26
200.111.191.212 - - [20/Aug/2019:17:51:06 -0300] "POST /cormun/servlet/trsolicitudot?9e1e070702aec4a01b6c964232db2dc7,gx-no-cache=1566333814764,gx-no-cache=1566334104360 HTTP/1.1" 200 7268
200.111.191.212 - - [20/Aug/2019:17:51:15 -0300] "POST /cormun/servlet/trsolicitudot?9e1e070702aec4a01b6c964232db2dc7,gx-no-cache=1566333814764,gx-no-cache=1566334112116 HTTP/1.1" 200 6185
190.171.134.178 - - [20/Aug/2019:17:51:21 -0300] "GET /cormun/servlet/solicitudotadjuntos?d77741d1cc403bbc28353654c44ebadfba9538d48c5f7b74175ac06ba5618d0a,gx-no-cache=1566333965752 HTTP/1.1" 200 30
190.171.134.178 - - [20/Aug/2019:17:51:21 -0300] "GET /cormun/servlet/solicitudotadjuntos?d77741d1cc403bbc28353654c44ebadfba9538d48c5f7b74175ac06ba5618d0a,gx-no-cache=1566333965873 HTTP/1.1" 200 30
190.171.134.178 - - [20/Aug/2019:17:51:25 -0300] "POST /cormun/servlet/solicitudotadjuntos?6f3db9916e861094fee2ed2f7e8fdacd,INS,2019,15969,,1, HTTP/1.1" 200 116
190.171.134.178 - - [20/Aug/2019:17:51:25 -0300] "GET /cormun/servlet/hpexe_return? HTTP/1.1" 200 1019
190.171.134.178 - - [20/Aug/2019:17:51:26 -0300] "GET /cormun/servlet/trsolicitudadjuntos?2019,15969, HTTP/1.1" 200 9346
190.171.134.178 - - [20/Aug/2019:17:51:27 -0300] "GET /cormun/servlet/trsolicitudadjuntos?2019,15969, HTTP/1.1" 200 9343
192.168.10.96 - - [20/Aug/2019:17:51:59 -0300] "GET /cormun/servlet/trsolicitudgral? HTTP/1.1" 500 10
192.168.10.96 - - [20/Aug/2019:17:52:02 -0300] "GET /cormun/servlet/hlogin HTTP/1.1" 200 1723
192.168.10.96 - - [20/Aug/2019:17:52:02 -0300] "GET /cormun/servlet/hlogin HTTP/1.1" 200 1723
192.168.10.96 - - [20/Aug/2019:17:52:10 -0300] "POST /cormun/servlet/hlogin?722200a41703bfdbb894b9fe7ee37ac9,gx-no-cache=1566333680093 HTTP/1.1" 200 90
192.168.10.96 - - [20/Aug/2019:17:52:10 -0300] "GET /cormun/servlet/hpexe_link HTTP/1.1" 200 949
192.168.10.96 - - [20/Aug/2019:17:52:10 -0300] "GET /cormun/servlet/hhome HTTP/1.1" 200 4774
192.168.10.96 - - [20/Aug/2019:17:52:10 -0300] "GET /cormun/servlet/hhome HTTP/1.1" 200 4771
192.168.10.96 - - [20/Aug/2019:17:52:13 -0300] "GET /cormun/servlet/trsolicitudgral? HTTP/1.1" 200 25372
192.168.10.96 - - [20/Aug/2019:17:52:14 -0300] "GET /cormun/servlet/trsolicitudgral? HTTP/1.1" 200 25370
192.168.10.96 - - [20/Aug/2019:17:52:20 -0300] "POST /cormun/servlet/trsolicitudgral?722200a41703bfdbb894b9fe7ee37ac9,,gx-no-cache=1566333689790 HTTP/1.1" 200 22813
190.171.154.42 - - [20/Aug/2019:17:52:23 -0300] "POST /cormun/servlet/permisogoce?cffb7bef873519cca23e865d38912532,INS,0,,,,gx-no-cache=1566334025320 HTTP/1.1" 200 93
190.171.154.42 - - [20/Aug/2019:17:52:23 -0300] "GET /cormun/servlet/hpexe_return? HTTP/1.1" 200 1009
190.171.154.42 - - [20/Aug/2019:17:52:24 -0300] "GET /cormun/servlet/trpermisosgoce HTTP/1.1" 200 19385
190.171.154.42 - - [20/Aug/2019:17:52:29 -0300] "GET /cormun/servlet/trpermisosgoce HTTP/1.1" 200 19354
200.112.233.47 - - [20/Aug/2019:17:52:40 -0300] "GET /cormun/servlet/hlogin HTTP/1.1" 200 1730
200.112.233.47 - - [20/Aug/2019:17:52:40 -0300] "GET /cormun/servlet/hlogin HTTP/1.1" 200 1734
190.171.154.42 - - [20/Aug/2019:17:52:44 -0300] "GET /cormun/servlet/apermisogoceprn?16254702,P,20190820163731,PU HTTP/1.1" 200 1699
