186.103.158.250 - - [19/Aug/2019:12:58:26 -0300] "POST /cormun/servlet/trsolicitudot?e55e23dff2dfefa1e0e535f2634cdf42,,gx-no-cache=1566229990716 HTTP/1.1" 200 4767
186.103.158.250 - - [19/Aug/2019:12:58:26 -0300] "GET /cormun/static/Shared/jqueryui/images/ui-bg_highlight-soft_100_c6c2c8_1x100.png HTTP/1.1" 404 1117
186.103.158.250 - - [19/Aug/2019:12:58:26 -0300] "GET /cormun/static/Shared/jqueryui/images/ui-icons_82798d_256x240.png HTTP/1.1" 404 1089
186.103.158.250 - - [19/Aug/2019:12:58:26 -0300] "GET /cormun/static/Shared/jqueryui/images/ui-bg_flat_55_fafafa_40x100.png HTTP/1.1" 404 1097
186.103.158.250 - - [19/Aug/2019:12:58:26 -0300] "GET /cormun/static/Shared/jqueryui/images/ui-icons_8d78a5_256x240.png HTTP/1.1" 404 1089
186.103.158.250 - - [19/Aug/2019:12:58:27 -0300] "POST /cormun/servlet/trsolicitudot?e55e23dff2dfefa1e0e535f2634cdf42,,gx-no-cache=1566229991124 HTTP/1.1" 200 4528
186.103.156.24 - - [19/Aug/2019:12:58:29 -0300] "POST /cormun/servlet/acontrolpreferencessavestate?None,GALVAREZ,true HTTP/1.1" 200 35
186.103.158.250 - - [19/Aug/2019:12:58:31 -0300] "GET /cormun/servlet/trsolicitudot? HTTP/1.1" 200 7523
186.103.158.250 - - [19/Aug/2019:12:58:32 -0300] "GET /cormun/servlet/trsolicitudot? HTTP/1.1" 200 7523
186.103.158.250 - - [19/Aug/2019:12:58:35 -0300] "GET /cormun/servlet/trautorizarsolicitud? HTTP/1.1" 200 9468
186.103.158.250 - - [19/Aug/2019:12:58:36 -0300] "GET /cormun/servlet/trautorizarsolicitud? HTTP/1.1" 200 9467
186.103.156.24 - - [19/Aug/2019:12:58:43 -0300] "POST /cormun/servlet/prbanco?e10b707efdea748cab39460ada46c766,,MD,,gx-no-cache=1566230007192 HTTP/1.1" 200 2545
186.103.156.24 - - [19/Aug/2019:12:58:45 -0300] "POST /cormun/servlet/prbanco?e10b707efdea748cab39460ada46c766,,MD,,gx-no-cache=1566230009038 HTTP/1.1" 200 2545
186.103.156.24 - - [19/Aug/2019:12:58:46 -0300] "GET /cormun/servlet/hlogin HTTP/1.1" 200 1746
190.171.152.114 - - [19/Aug/2019:12:58:50 -0300] "GET /cormun/servlet/trpermisosadjuntos?18445521,20190819095832,P, HTTP/1.1" 200 5546
190.171.152.114 - - [19/Aug/2019:12:58:52 -0300] "GET /cormun/servlet/hlogin HTTP/1.1" 200 1766
190.171.152.114 - - [19/Aug/2019:12:58:52 -0300] "GET /cormun/servlet/trpermisosadjuntos?18445521,20190819095832,P, HTTP/1.1" 200 5542
186.103.158.250 - - [19/Aug/2019:12:58:55 -0300] "POST /cormun/servlet/trautorizarsolicitud?e55e23dff2dfefa1e0e535f2634cdf42,,gx-no-cache=1566230019600 HTTP/1.1" 200 107
186.103.158.250 - - [19/Aug/2019:12:58:55 -0300] "GET /cormun/servlet/trsolicitudadjuntos?2019,15946, HTTP/1.1" 200 10185
186.103.158.250 - - [19/Aug/2019:12:58:57 -0300] "GET /cormun//static/Resources/PXToolsActionDisabled.gif HTTP/1.1" 200 53
186.103.158.250 - - [19/Aug/2019:12:58:57 -0300] "GET /cormun/servlet/trsolicitudadjuntos?2019,15946, HTTP/1.1" 200 10193
186.103.158.250 - - [19/Aug/2019:12:59:01 -0300] "GET /cormun/servlet/trautorizarsolicitud? HTTP/1.1" 200 9468
186.103.158.250 - - [19/Aug/2019:12:59:02 -0300] "GET /cormun/servlet/trautorizarsolicitud? HTTP/1.1" 200 9467
190.171.152.114 - - [19/Aug/2019:12:59:04 -0300] "POST /cormun/servlet/hlogin?f57daae0245f9ab507142aa78eb96b94,gx-no-cache=1566230028078 HTTP/1.1" 200 90
190.171.152.114 - - [19/Aug/2019:12:59:04 -0300] "GET /cormun/servlet/hpexe_link HTTP/1.1" 200 984
190.171.152.114 - - [19/Aug/2019:12:59:04 -0300] "GET /cormun/servlet/trpermisosadjuntos?18445521,20190819095832,P, HTTP/1.1" 200 6401
190.171.152.114 - - [19/Aug/2019:12:59:05 -0300] "GET /cormun/servlet/trpermisosadjuntos?18445521,20190819095832,P, HTTP/1.1" 200 6399
186.103.158.250 - - [19/Aug/2019:12:59:10 -0300] "GET /cormun/servlet/treventos?2019,15946, HTTP/1.1" 200 8248
186.103.158.250 - - [19/Aug/2019:12:59:10 -0300] "GET /cormun/static/gxcfg.js?2016101716195975 HTTP/1.1" 200 953
186.103.158.250 - - [19/Aug/2019:12:59:10 -0300] "GET /cormun/static/treventos.js?201610171620222 HTTP/1.1" 200 16064
186.103.158.250 - - [19/Aug/2019:12:59:11 -0300] "GET /cormun/servlet/treventos?2019,15946, HTTP/1.1" 200 8247
186.103.156.24 - - [19/Aug/2019:12:59:14 -0300] "POST /cormun/servlet/hlogin?e10b707efdea748cab39460ada46c766,gx-no-cache=1566230038616 HTTP/1.1" 200 90
186.103.156.24 - - [19/Aug/2019:12:59:14 -0300] "GET /cormun/servlet/hpexe_link HTTP/1.1" 200 964
186.103.156.24 - - [19/Aug/2019:12:59:15 -0300] "GET /cormun/servlet/prbanco?,MD, HTTP/1.1" 200 6706
186.103.158.250 - - [19/Aug/2019:12:59:15 -0300] "GET /cormun/servlet/trautorizarsolicitud? HTTP/1.1" 200 9468
186.103.158.250 - - [19/Aug/2019:12:59:17 -0300] "GET /cormun/servlet/trautorizarsolicitud? HTTP/1.1" 200 9467
186.103.156.24 - - [19/Aug/2019:12:59:27 -0300] "GET /cormun/servlet/hlogin HTTP/1.1" 200 1726
186.103.158.250 - - [19/Aug/2019:12:59:36 -0300] "POST /cormun/servlet/trautorizarsolicitud?e55e23dff2dfefa1e0e535f2634cdf42,,gx-no-cache=1566230060003 HTTP/1.1" 200 116
186.103.158.250 - - [19/Aug/2019:12:59:36 -0300] "GET /cormun/servlet/solicitudotlog?INS,2019,15947,0,REC, HTTP/1.1" 200 6124
186.103.158.250 - - [19/Aug/2019:12:59:36 -0300] "GET /cormun/static/gxcfg.js?2017761245646 HTTP/1.1" 200 953
186.103.158.250 - - [19/Aug/2019:12:59:36 -0300] "GET /cormun/static/solicitudotlog.js?2017761245655 HTTP/1.1" 200 8934
186.103.158.250 - - [19/Aug/2019:12:59:37 -0300] "GET /cormun/servlet/solicitudotlog?INS,2019,15947,0,REC, HTTP/1.1" 200 6124
186.103.158.250 - - [19/Aug/2019:12:59:38 -0300] "GET /cormun/servlet/solicitudotlog?e0e3df410f6f4a15e53aa79d19ddc08c81dd94795d624a2ced2b10af616fed908c78ae873facdf752c7a0f24dba95afba2bd1b5c803e521823c419f16c27a7a624c26a7388fdc2b1cb3bd4972e5090626a5db184882595c212657304ac4aeabf370886d4f675d3175a74b8f67fc6b3bfa1741c1d511c717687190a45883572193d70f4cc12bb9effe461381d83cfba4a2190d7dff5b9721b73eb30919a0694ce,gx-no-cache=1566230062296 HTTP/1.1" 200 94
186.103.156.24 - - [19/Aug/2019:12:59:38 -0300] "POST /cormun/servlet/hlogin?e10b707efdea748cab39460ada46c766,gx-no-cache=1566230062480 HTTP/1.1" 200 90
186.103.156.24 - - [19/Aug/2019:12:59:38 -0300] "GET /cormun/servlet/hpexe_link HTTP/1.1" 200 964
186.103.156.24 - - [19/Aug/2019:12:59:38 -0300] "GET /cormun/servlet/prbanco?,MD, HTTP/1.1" 200 6706
186.103.158.250 - - [19/Aug/2019:12:59:40 -0300] "GET /cormun/servlet/trautorizarsolicitud? HTTP/1.1" 200 9468
186.103.158.250 - - [19/Aug/2019:12:59:41 -0300] "GET /cormun/servlet/trautorizarsolicitud? HTTP/1.1" 200 9467
186.103.158.250 - - [19/Aug/2019:12:59:47 -0300] "POST /cormun/servlet/trautorizarsolicitud?e55e23dff2dfefa1e0e535f2634cdf42,,gx-no-cache=1566230071572 HTTP/1.1" 200 116
186.103.158.250 - - [19/Aug/2019:12:59:47 -0300] "GET /cormun/servlet/solicitudotlog?INS,2019,15946,0,REC, HTTP/1.1" 200 6124
186.103.158.250 - - [19/Aug/2019:12:59:49 -0300] "GET /cormun/servlet/solicitudotlog?INS,2019,15946,0,REC, HTTP/1.1" 200 6124
186.103.158.250 - - [19/Aug/2019:12:59:49 -0300] "GET /cormun/servlet/solicitudotlog?e0e3df410f6f4a15e53aa79d19ddc08ce4a05ffbd5f1a1c969990eaf7a486a468c78ae873facdf752c7a0f24dba95afba2bd1b5c803e521823c419f16c27a7a624c26a7388fdc2b1cb3bd4972e5090626a5db184882595c212657304ac4aeabf370886d4f675d3175a74b8f67fc6b3bfa1741c1d511c717687190a45883572193d70f4cc12bb9effe461381d83cfba4a2190d7dff5b9721b73eb30919a0694ce,gx-no-cache=1566230073560 HTTP/1.1" 200 94
190.171.152.114 - - [19/Aug/2019:12:59:56 -0300] "GET /cormun/servlet/permisosadjuntos?INS,18445521,P,20190819095832,, HTTP/1.1" 200 5914
190.171.152.114 - - [19/Aug/2019:12:59:57 -0300] "GET /cormun/static/about:blank HTTP/1.1" 404 1011
186.103.158.250 - - [19/Aug/2019:12:59:57 -0300] "POST /cormun/servlet/solicitudotlog?e55e23dff2dfefa1e0e535f2634cdf42,INS,2019,15946,0,REC,,gx-no-cache=1566230081514 HTTP/1.1" 200 93
186.103.158.250 - - [19/Aug/2019:12:59:57 -0300] "GET /cormun/servlet/hpexe_return? HTTP/1.1" 200 1025
190.171.152.114 - - [19/Aug/2019:12:59:57 -0300] "GET /cormun/servlet/permisosadjuntos?INS,18445521,P,20190819095832,, HTTP/1.1" 200 5904
186.103.158.250 - - [19/Aug/2019:12:59:58 -0300] "GET /cormun/servlet/trautorizarsolicitud HTTP/1.1" 200 9183
186.103.158.250 - - [19/Aug/2019:12:59:59 -0300] "GET /cormun/servlet/trautorizarsolicitud HTTP/1.1" 200 9179
186.103.158.250 - - [19/Aug/2019:13:00:02 -0300] "GET /cormun/servlet/trsolicitudot? HTTP/1.1" 200 8909
186.103.158.250 - - [19/Aug/2019:13:00:04 -0300] "GET /cormun/servlet/trsolicitudot? HTTP/1.1" 200 8911
186.103.158.250 - - [19/Aug/2019:13:00:11 -0300] "POST /cormun/servlet/trsolicitudot?e55e23dff2dfefa1e0e535f2634cdf42,,gx-no-cache=1566230095320 HTTP/1.1" 200 106
186.103.158.250 - - [19/Aug/2019:13:00:11 -0300] "GET /cormun/servlet/solicitudot?UPD,2019,15946, HTTP/1.1" 200 15865
186.103.158.250 - - [19/Aug/2019:13:00:13 -0300] "GET /cormun/servlet/solicitudot?UPD,2019,15946, HTTP/1.1" 200 15874
190.171.152.114 - - [19/Aug/2019:13:00:13 -0300] "POST /cormun/servlet/permisosadjuntos?f57daae0245f9ab507142aa78eb96b94,INS,18445521,P,20190819095832,, HTTP/1.1" 200 116
186.103.158.250 - - [19/Aug/2019:13:00:13 -0300] "POST /cormun/servlet/solicitudot?gx-no-cache=1566230097839 HTTP/1.1" 200 3542
190.171.152.114 - - [19/Aug/2019:13:00:14 -0300] "GET /cormun/servlet/hpexe_return? HTTP/1.1" 200 1039
186.103.158.250 - - [19/Aug/2019:13:00:14 -0300] "POST /cormun/servlet/solicitudot?e55e23dff2dfefa1e0e535f2634cdf42,UPD,2019,15946,,gx-no-cache=1566230098185 HTTP/1.1" 200 12114
190.171.152.114 - - [19/Aug/2019:13:00:14 -0300] "GET /cormun/servlet/trpermisosadjuntos?18445521,20190819095832,P, HTTP/1.1" 200 6965
186.103.158.250 - - [19/Aug/2019:13:00:14 -0300] "GET /cormun/servlet/solicitudot?e0e3df410f6f4a15e53aa79d19ddc08c37481b90ece0f5718d1b78063091f9bb864e6c41aaced2127589fbb795a63256,gx-no-cache=1566230098739 HTTP/1.1" 200 30
186.103.158.250 - - [19/Aug/2019:13:00:14 -0300] "GET /cormun/servlet/solicitudot?e0e3df410f6f4a15e53aa79d19ddc08c039a8427e2252190a52a50096018df49dd25d5410dc81279221c4cd4b4b67a80957f3b487f32876590278c8932884f67,gx-no-cache=1566230098813 HTTP/1.1" 200 30
186.103.158.250 - - [19/Aug/2019:13:00:14 -0300] "GET /cormun/servlet/solicitudot?e0e3df410f6f4a15e53aa79d19ddc08cf1cf7d35ce1eef73af8cc7e2a87ce109,gx-no-cache=1566230098858 HTTP/1.1" 200 29
186.103.158.250 - - [19/Aug/2019:13:00:14 -0300] "POST /cormun/servlet/solicitudot?gx-no-cache=1566230098924 HTTP/1.1" 200 254
186.103.158.250 - - [19/Aug/2019:13:00:14 -0300] "GET /cormun/servlet/solicitudot?e0e3df410f6f4a15e53aa79d19ddc08c7e3adab7f4752ccc8546539210e87e239d5e69e2c5e143db22baf813c3932d5df6ace96fbd70b2ce4fd661cbce5cb91567993962c68ff1b8180be947fea3c11a3e1cb6ed62f1182343bf8f082660022e67c22b912740ee855bb8bdf965f599670f62657f04346343618d5639bdd6f2f686b8b89820757bb3bde431415dfac7758198e0fc84cca63525b06c07fc4d02c1af304b56d0e578a8bc2776442d389a2f850d5d6c9c5d0e106f38b9f20520aac4b430d67c560b824347872f3f13c19cbd10157e0127e2114f5013f3b22b38dd10eb03d6edfa8d983ad3f3bace52c1214e4e2917b5574191f9073895417f18ecd0e1e78483ae8dc4499c0fcd40a95db753e2871a220a0fbd24f791daee85fbbfee5a57cfdc6e2f6213b0ede67e94cd320f060059c3f72ca5926066c15734b091c0ee0515f7a46f3cecbc269d683fd00b35be8cde69cc7705ecc238bb3c500778456d8bf8b4177b88d8d271067239257b2d25ccba4712ed974a5127814f9b0ab59a,gx-no-cache=1566230098996 HTTP/1.1" 200 30
186.103.158.250 - - [19/Aug/2019:13:00:15 -0300] "POST /cormun/servlet/solicitudot?gx-no-cache=1566230099035 HTTP/1.1" 200 30
186.103.158.250 - - [19/Aug/2019:13:00:15 -0300] "POST /cormun/servlet/solicitudot?gx-no-cache=1566230099100 HTTP/1.1" 200 1361
186.103.158.250 - - [19/Aug/2019:13:00:15 -0300] "POST /cormun/servlet/solicitudot?gx-no-cache=1566230099178 HTTP/1.1" 200 40
190.171.152.114 - - [19/Aug/2019:13:00:15 -0300] "GET /cormun/servlet/trpermisosadjuntos?18445521,20190819095832,P, HTTP/1.1" 200 6963
190.171.152.114 - - [19/Aug/2019:13:00:20 -0300] "GET /cormun/servlet/trpermisosgoce? HTTP/1.1" 200 10281
190.171.152.114 - - [19/Aug/2019:13:00:21 -0300] "GET /cormun/servlet/trpermisosgoce? HTTP/1.1" 200 10280
186.103.158.250 - - [19/Aug/2019:13:00:23 -0300] "GET /cormun/servlet/solicitudot?e0e3df410f6f4a15e53aa79d19ddc08ca338918c36ae1a03a9c457ecd65765fbcbc767e2521b4a35cc822adb4e01f25ca9dc6b86d97471753d295e025f54c56bf41fa311b85b02d4f5037d9be6744c8d3241e9f2b3a8ffe6732cb088763d2ff2998d6f00d343680b2af21bb713da9b68,gx-no-cache=1566230107040 HTTP/1.1" 200 110
186.103.158.250 - - [19/Aug/2019:13:00:23 -0300] "POST /cormun/servlet/solicitudot?gx-no-cache=1566230107088 HTTP/1.1" 200 97
192.168.10.96 - - [19/Aug/2019:13:00:23 -0300] "GET /cormun/servlet/hlogin HTTP/1.1" 200 1743
190.171.152.114 - - [19/Aug/2019:13:00:23 -0300] "POST /cormun/servlet/trpermisosgoce?f57daae0245f9ab507142aa78eb96b94,,gx-no-cache=1566230107657 HTTP/1.1" 200 7514
190.171.152.114 - - [19/Aug/2019:13:00:24 -0300] "GET /cormun/static/Shared/jqueryui/images/ui-bg_highlight-soft_100_c6c2c8_1x100.png HTTP/1.1" 404 1117
190.171.152.114 - - [19/Aug/2019:13:00:24 -0300] "GET /cormun/static/Shared/jqueryui/images/ui-icons_82798d_256x240.png HTTP/1.1" 404 1089
190.171.152.114 - - [19/Aug/2019:13:00:24 -0300] "GET /cormun/static/Shared/jqueryui/images/ui-bg_flat_55_fafafa_40x100.png HTTP/1.1" 404 1097
190.171.152.114 - - [19/Aug/2019:13:00:24 -0300] "GET /cormun/static/Shared/jqueryui/images/ui-icons_8d78a5_256x240.png HTTP/1.1" 404 1089
190.171.152.114 - - [19/Aug/2019:13:00:28 -0300] "GET /cormun/servlet/trpermisosadjuntos?12691831,20190813101828,P, HTTP/1.1" 200 6399
190.171.152.114 - - [19/Aug/2019:13:00:28 -0300] "GET /cormun/servlet/trpermisosadjuntos?12691831,20190813101828,P, HTTP/1.1" 200 6400
186.103.158.250 - - [19/Aug/2019:13:00:30 -0300] "GET /cormun/servlet/solicitudot?e0e3df410f6f4a15e53aa79d19ddc08c6bae61349d142d416330e68df2b8b1288c78ae873facdf752c7a0f24dba95afb9bc5b2024a5fe6969d78485a4fac7a94b0185902d264cf3be14505e6a786941ae4d04dada60d9ce5085c20e8b6e3ea4f09438fbd312a5de9d035bf7e1d2be247f9fd22ffa5ca1928bf852be60f7a094897981ae300366e9ad1277da280f5c61c76043a44b8489eff6491daaa39a1f0c6,gx-no-cache=1566230114141 HTTP/1.1" 200 29
186.103.158.250 - - [19/Aug/2019:13:00:30 -0300] "GET /cormun/servlet/solicitudot?e0e3df410f6f4a15e53aa79d19ddc08cfc1c7104303bb00d2e93d89ff5c9247d3e7b365969ae3b1d003178fcc4629549,gx-no-cache=1566230114184 HTTP/1.1" 200 30
186.103.158.250 - - [19/Aug/2019:13:00:30 -0300] "POST /cormun/servlet/solicitudot?gx-no-cache=1566230114225 HTTP/1.1" 200 30
190.171.152.114 - - [19/Aug/2019:13:00:30 -0300] "GET /cormun/servlet/permisosadjuntos?INS,12691831,P,20190813101828,, HTTP/1.1" 200 5911
186.103.158.250 - - [19/Aug/2019:13:00:30 -0300] "POST /cormun/servlet/solicitudot?e55e23dff2dfefa1e0e535f2634cdf42,UPD,2019,15946,,gx-no-cache=1566230114277 HTTP/1.1" 200 93
186.103.158.250 - - [19/Aug/2019:13:00:30 -0300] "GET /cormun/servlet/hpexe_return? HTTP/1.1" 200 1011
190.171.152.114 - - [19/Aug/2019:13:00:30 -0300] "GET /cormun/static/about:blank HTTP/1.1" 404 1011
186.103.158.250 - - [19/Aug/2019:13:00:30 -0300] "GET /cormun/servlet/trsolicitudot HTTP/1.1" 200 8912
190.171.152.114 - - [19/Aug/2019:13:00:31 -0300] "GET /cormun/servlet/permisosadjuntos?INS,12691831,P,20190813101828,, HTTP/1.1" 200 5902
186.103.158.250 - - [19/Aug/2019:13:00:32 -0300] "GET /cormun/servlet/trsolicitudot HTTP/1.1" 200 8909
186.103.156.24 - - [19/Aug/2019:13:00:40 -0300] "GET /cormun/servlet/hlogin HTTP/1.1" 200 1726
190.171.152.114 - - [19/Aug/2019:13:00:46 -0300] "POST /cormun/servlet/permisosadjuntos?f57daae0245f9ab507142aa78eb96b94,INS,12691831,P,20190813101828,, HTTP/1.1" 200 116
190.171.152.114 - - [19/Aug/2019:13:00:46 -0300] "GET /cormun/servlet/hpexe_return? HTTP/1.1" 200 1039
190.171.152.114 - - [19/Aug/2019:13:00:47 -0300] "GET /cormun/servlet/trpermisosadjuntos?12691831,20190813101828,P, HTTP/1.1" 200 6968
190.171.152.114 - - [19/Aug/2019:13:00:47 -0300] "GET /cormun/servlet/trpermisosadjuntos?12691831,20190813101828,P, HTTP/1.1" 200 6966
190.171.152.114 - - [19/Aug/2019:13:00:51 -0300] "GET /cormun/servlet/trpermisosgoce? HTTP/1.1" 200 10255
190.171.152.114 - - [19/Aug/2019:13:00:52 -0300] "GET /cormun/servlet/trpermisosgoce? HTTP/1.1" 200 10254
192.168.10.96 - - [19/Aug/2019:13:00:54 -0300] "POST /cormun/servlet/hlogin?90b1bd5421f76906411c004db301d077,gx-no-cache=1566229804447 HTTP/1.1" 200 90
192.168.10.96 - - [19/Aug/2019:13:00:54 -0300] "GET /cormun/servlet/hpexe_link HTTP/1.1" 200 953
192.168.10.96 - - [19/Aug/2019:13:00:54 -0300] "GET /cormun/servlet/hhome HTTP/1.1" 200 4340
192.168.10.96 - - [19/Aug/2019:13:00:54 -0300] "GET /cormun/servlet/hhome HTTP/1.1" 200 4336
192.168.10.96 - - [19/Aug/2019:13:00:56 -0300] "GET /cormun/servlet/trsolicitudot? HTTP/1.1" 200 7557
186.103.158.250 - - [19/Aug/2019:13:00:56 -0300] "POST /cormun/servlet/trsolicitudot?e55e23dff2dfefa1e0e535f2634cdf42,gx-no-cache=1566230140376 HTTP/1.1" 200 4768
192.168.10.96 - - [19/Aug/2019:13:00:56 -0300] "GET /cormun/servlet/trsolicitudot? HTTP/1.1" 200 7555
186.103.158.250 - - [19/Aug/2019:13:00:56 -0300] "POST /cormun/servlet/trsolicitudot?e55e23dff2dfefa1e0e535f2634cdf42,gx-no-cache=1566230140803 HTTP/1.1" 200 4527
190.171.152.114 - - [19/Aug/2019:13:00:57 -0300] "POST /cormun/servlet/trpermisosgoce?f57daae0245f9ab507142aa78eb96b94,,gx-no-cache=1566230140883 HTTP/1.1" 200 7516
192.168.10.96 - - [19/Aug/2019:13:00:59 -0300] "GET /cormun/servlet/solicitudot?INS,0,0, HTTP/1.1" 200 15391
192.168.10.96 - - [19/Aug/2019:13:00:59 -0300] "GET /cormun/servlet/solicitudot?INS,0,0, HTTP/1.1" 200 15396
190.171.152.114 - - [19/Aug/2019:13:01:00 -0300] "GET /cormun/servlet/trpermisosadjuntos?13964132,20190813164831,P, HTTP/1.1" 200 6401
190.171.152.114 - - [19/Aug/2019:13:01:01 -0300] "GET /cormun/servlet/trpermisosadjuntos?13964132,20190813164831,P, HTTP/1.1" 200 6401
192.168.10.96 - - [19/Aug/2019:13:01:01 -0300] "GET /cormun/servlet/prfichaempleado?,MD,,gxPopupLevel%3D0%3B HTTP/1.1" 200 9434
190.171.152.114 - - [19/Aug/2019:13:01:02 -0300] "GET /cormun/servlet/permisosadjuntos?INS,13964132,P,20190813164831,, HTTP/1.1" 200 5912
190.171.152.114 - - [19/Aug/2019:13:01:03 -0300] "GET /cormun/static/about:blank HTTP/1.1" 404 1011
190.171.152.114 - - [19/Aug/2019:13:01:03 -0300] "GET /cormun/servlet/permisosadjuntos?INS,13964132,P,20190813164831,, HTTP/1.1" 200 5902
186.103.158.250 - - [19/Aug/2019:13:01:04 -0300] "GET /cormun/servlet/trautorizarsolicitud? HTTP/1.1" 200 9464
186.103.158.250 - - [19/Aug/2019:13:01:06 -0300] "GET /cormun/servlet/trautorizarsolicitud? HTTP/1.1" 200 9463
186.103.156.24 - - [19/Aug/2019:13:01:09 -0300] "POST /cormun/servlet/hlogin?e10b707efdea748cab39460ada46c766,gx-no-cache=1566230152895 HTTP/1.1" 200 90
186.103.156.24 - - [19/Aug/2019:13:01:09 -0300] "GET /cormun/servlet/hpexe_link HTTP/1.1" 200 964
186.103.156.24 - - [19/Aug/2019:13:01:09 -0300] "GET /cormun/servlet/prbanco?,MD, HTTP/1.1" 200 6706
192.168.10.96 - - [19/Aug/2019:13:01:09 -0300] "POST /cormun/servlet/prfichaempleado?90b1bd5421f76906411c004db301d077,,MD,,gxPopupLevel%3D0%3B,gx-no-cache=1566229820034 HTTP/1.1" 200 3477
192.168.10.96 - - [19/Aug/2019:13:01:13 -0300] "POST /cormun/servlet/solicitudot?gx-no-cache=1566229824164 HTTP/1.1" 200 3604
192.168.10.96 - - [19/Aug/2019:13:01:14 -0300] "POST /cormun/servlet/solicitudot?90b1bd5421f76906411c004db301d077,INS,0,0,,gx-no-cache=1566229824328 HTTP/1.1" 200 12096
192.168.10.96 - - [19/Aug/2019:13:01:18 -0300] "GET /cormun/servlet/solicitudot?5b1d20dc39a5d2fa095d32c61a911083aa9384ed6f4c6167c4a6159d5f8670d74621b898e314566584b2ab1fab3fb5fa,gx-no-cache=1566229828551 HTTP/1.1" 200 30
192.168.10.96 - - [19/Aug/2019:13:01:18 -0300] "GET /cormun/servlet/solicitudot?5b1d20dc39a5d2fa095d32c61a911083dc24b4da6e93bf43500a630e9801b862c39719ce970f58cd9a425cd83ba7ffa6,gx-no-cache=1566229828581 HTTP/1.1" 200 30
192.168.10.96 - - [19/Aug/2019:13:01:18 -0300] "GET /cormun/servlet/solicitudot?5b1d20dc39a5d2fa095d32c61a9110838e317b96495046023745b1557beb060c,gx-no-cache=1566229828603 HTTP/1.1" 200 123
192.168.10.96 - - [19/Aug/2019:13:01:18 -0300] "GET /cormun/static/Shared/jqueryui/images/ui-icons_82798d_256x240.png HTTP/1.1" 404 1089
192.168.10.96 - - [19/Aug/2019:13:01:18 -0300] "GET /cormun/static/Shared/jqueryui/images/ui-bg_highlight-soft_100_c6c2c8_1x100.png HTTP/1.1" 404 1117
192.168.10.96 - - [19/Aug/2019:13:01:18 -0300] "GET /cormun/static/Shared/jqueryui/images/ui-icons_ebccce_256x240.png HTTP/1.1" 404 1089
192.168.10.96 - - [19/Aug/2019:13:01:18 -0300] "GET /cormun/static/Shared/jqueryui/images/ui-bg_flat_55_994d53_40x100.png HTTP/1.1" 404 1097
192.168.10.96 - - [19/Aug/2019:13:01:18 -0300] "POST /cormun/servlet/solicitudot?gx-no-cache=1566229828644 HTTP/1.1" 200 240
192.168.10.96 - - [19/Aug/2019:13:01:18 -0300] "GET /cormun/servlet/solicitudot?5b1d20dc39a5d2fa095d32c61a911083927d999b2f3a51cadf2b67dce93cabb80717e583a899bbabfa654c536b35b67d5b5326dc8687d067d3145d9debbc7f4de7a0aef4f26181f8e3ee1f4d8b1cfe24cfbfcd36d142deaba8fdc070cb765de7820b1c6e4ffe450be3739ad5813c4f0013da5e9edb5efaad00886f5b2f3dc40b61ca4b7b79654b269aaa1497a83c5bf18e0dff8ed30483c4a75ff95cb34bd2493d57c69639a95dfd887e7b895504261d971488badfefe2606adec628dc3ab7dfcb50b4c12162ef11d310c3d809f2298ea524a6db9ddc1e8aad1ecd88af51185741c31c9a8e427a121076001036240ae690afd0ef59803574f9aab4015052e064e295541cd0eac2728d0b1695c54c1aeb10138856f48b820445b223be6e7d50369bc504e90f75647c17eeb3feabe4dd8a90596cf7274770f6047d42189dc45224f868d5f8c37cca2325c858be3c1528e8765b4a54f57df36e3bfbadf789969eff303c021ee85d2ad52a803f2f66745d9de8b69a6558aeac0cd805005c54146d71,gx-no-cache=1566229828757 HTTP/1.1" 200 30
192.168.10.96 - - [19/Aug/2019:13:01:23 -0300] "POST /cormun/servlet/solicitudot?90b1bd5421f76906411c004db301d077,INS,0,0,,gx-no-cache=1566229833570 HTTP/1.1" 200 12173
192.168.10.96 - - [19/Aug/2019:13:01:23 -0300] "GET /cormun/static/Shared/jqueryui/images/ui-bg_flat_55_fafafa_40x100.png HTTP/1.1" 404 1097
192.168.10.96 - - [19/Aug/2019:13:01:23 -0300] "GET /cormun/static/Shared/jqueryui/images/ui-icons_8d78a5_256x240.png HTTP/1.1" 404 1089
192.168.10.96 - - [19/Aug/2019:13:01:24 -0300] "POST /cormun/servlet/solicitudot?gx-no-cache=1566229834762 HTTP/1.1" 200 3604
192.168.10.96 - - [19/Aug/2019:13:01:24 -0300] "POST /cormun/servlet/solicitudot?90b1bd5421f76906411c004db301d077,INS,0,0,,gx-no-cache=1566229834872 HTTP/1.1" 200 12219
192.168.10.96 - - [19/Aug/2019:13:01:24 -0300] "GET /cormun/servlet/solicitudot?5b1d20dc39a5d2fa095d32c61a911083aa9384ed6f4c6167c4a6159d5f8670d7987dcb1c5bd020076731d10768ef83c2,gx-no-cache=1566229835117 HTTP/1.1" 200 30
192.168.10.96 - - [19/Aug/2019:13:01:24 -0300] "GET /cormun/servlet/solicitudot?5b1d20dc39a5d2fa095d32c61a911083dc24b4da6e93bf43500a630e9801b862bd2ddc42acb53d35b4e1297f1cdb47df,gx-no-cache=1566229835140 HTTP/1.1" 200 30
192.168.10.96 - - [19/Aug/2019:13:01:24 -0300] "GET /cormun/servlet/solicitudot?5b1d20dc39a5d2fa095d32c61a9110838e317b96495046023745b1557beb060c,gx-no-cache=1566229835161 HTTP/1.1" 200 123
192.168.10.96 - - [19/Aug/2019:13:01:24 -0300] "POST /cormun/servlet/solicitudot?gx-no-cache=1566229835196 HTTP/1.1" 200 240
192.168.10.96 - - [19/Aug/2019:13:01:24 -0300] "GET /cormun/servlet/solicitudot?5b1d20dc39a5d2fa095d32c61a911083927d999b2f3a51cadf2b67dce93cabb80717e583a899bbabfa654c536b35b67d5b5326dc8687d067d3145d9debbc7f4de7a0aef4f26181f8e3ee1f4d8b1cfe24cfbfcd36d142deaba8fdc070cb765de7820b1c6e4ffe450be3739ad5813c4f0013da5e9edb5efaad00886f5b2f3dc40b61ca4b7b79654b269aaa1497a83c5bf18e0dff8ed30483c4a75ff95cb34bd2493d57c69639a95dfd887e7b895504261d971488badfefe2606adec628dc3ab7dfcb50b4c12162ef11d310c3d809f2298ea524a6db9ddc1e8aad1ecd88af51185741c31c9a8e427a121076001036240ae690afd0ef59803574f9aab4015052e064e295541cd0eac2728d0b1695c54c1aeb10138856f48b820445b223be6e7d50369bc504e90f75647c17eeb3feabe4dd8a90596cf7274770f6047d42189dc45224f868d5f8c37cca2325c858be3c1528e8765b4a54f57df36e3bfbadf789969eff303c021ee85d2ad52a803f2f66745d9d0bdf983f7711c16944ac149c6426cddf,gx-no-cache=1566229835234 HTTP/1.1" 200 30
190.171.152.114 - - [19/Aug/2019:13:01:25 -0300] "POST /cormun/servlet/permisosadjuntos?f57daae0245f9ab507142aa78eb96b94,INS,13964132,P,20190813164831,, HTTP/1.1" 200 116
190.171.152.114 - - [19/Aug/2019:13:01:25 -0300] "GET /cormun/servlet/hpexe_return? HTTP/1.1" 200 1039
190.171.152.114 - - [19/Aug/2019:13:01:25 -0300] "GET /cormun/servlet/trpermisosadjuntos?13964132,20190813164831,P, HTTP/1.1" 200 6967
186.103.158.250 - - [19/Aug/2019:13:01:26 -0300] "POST /cormun/servlet/trautorizarsolicitud?e55e23dff2dfefa1e0e535f2634cdf42,,gx-no-cache=1566230170107 HTTP/1.1" 200 116
186.103.158.250 - - [19/Aug/2019:13:01:26 -0300] "GET /cormun/servlet/solicitudotlog?INS,2019,15947,0,REC, HTTP/1.1" 200 6124
190.171.152.114 - - [19/Aug/2019:13:01:26 -0300] "GET /cormun/servlet/trpermisosadjuntos?13964132,20190813164831,P, HTTP/1.1" 200 6963
186.103.158.250 - - [19/Aug/2019:13:01:27 -0300] "GET /cormun/servlet/solicitudotlog?INS,2019,15947,0,REC, HTTP/1.1" 200 6124
186.103.158.250 - - [19/Aug/2019:13:01:28 -0300] "GET /cormun/servlet/solicitudotlog?e0e3df410f6f4a15e53aa79d19ddc08c81dd94795d624a2ced2b10af616fed908c78ae873facdf752c7a0f24dba95afba2bd1b5c803e521823c419f16c27a7a624c26a7388fdc2b1cb3bd4972e5090626a5db184882595c212657304ac4aeabf370886d4f675d3175a74b8f67fc6b3bfa1741c1d511c717687190a45883572193d70f4cc12bb9effe461381d83cfba4a2190d7dff5b9721b73eb30919a0694ce,gx-no-cache=1566230172144 HTTP/1.1" 200 94
190.171.152.114 - - [19/Aug/2019:13:01:29 -0300] "GET /cormun/servlet/trpermisosgoce? HTTP/1.1" 200 10247
190.171.152.114 - - [19/Aug/2019:13:01:30 -0300] "GET /cormun/servlet/trpermisosgoce? HTTP/1.1" 200 10247
190.171.152.114 - - [19/Aug/2019:13:01:32 -0300] "POST /cormun/servlet/trpermisosgoce?f57daae0245f9ab507142aa78eb96b94,,gx-no-cache=1566230176666 HTTP/1.1" 200 7480
192.168.10.96 - - [19/Aug/2019:13:01:33 -0300] "POST /cormun/servlet/solicitudot?gx-no-cache=1566229844361 HTTP/1.1" 200 30
190.171.152.114 - - [19/Aug/2019:13:01:36 -0300] "GET /cormun/servlet/trautorizarpermisogoce? HTTP/1.1" 200 8512
192.168.10.96 - - [19/Aug/2019:13:01:36 -0300] "GET /cormun/servlet/prfichaempleado?,MD,,gxPopupLevel%3D0%3B HTTP/1.1" 200 9434
190.171.152.114 - - [19/Aug/2019:13:01:37 -0300] "GET /cormun/servlet/trautorizarpermisogoce? HTTP/1.1" 200 8511
190.171.152.114 - - [19/Aug/2019:13:01:41 -0300] "POST /cormun/servlet/trautorizarpermisogoce?f57daae0245f9ab507142aa78eb96b94,,gx-no-cache=1566230185644 HTTP/1.1" 200 5496
190.171.152.114 - - [19/Aug/2019:13:01:42 -0300] "POST /cormun/servlet/trautorizarpermisogoce?f57daae0245f9ab507142aa78eb96b94,,gx-no-cache=1566230186767 HTTP/1.1" 200 5217
186.103.158.250 - - [19/Aug/2019:13:01:43 -0300] "GET /cormun/servlet/trsolicitudot? HTTP/1.1" 200 7542
190.171.152.114 - - [19/Aug/2019:13:01:43 -0300] "POST /cormun/servlet/trautorizarpermisogoce?f57daae0245f9ab507142aa78eb96b94,,gx-no-cache=1566230187778 HTTP/1.1" 200 4459
186.103.158.250 - - [19/Aug/2019:13:01:45 -0300] "GET /cormun/servlet/trsolicitudot? HTTP/1.1" 200 7523
192.168.10.96 - - [19/Aug/2019:13:01:56 -0300] "POST /cormun/servlet/prfichaempleado?90b1bd5421f76906411c004db301d077,,MD,,gxPopupLevel%3D0%3B,gx-no-cache=1566229866778 HTTP/1.1" 200 3192
192.168.10.96 - - [19/Aug/2019:13:02:14 -0300] "POST /cormun/servlet/solicitudot?gx-no-cache=1566229885045 HTTP/1.1" 200 1360
192.168.10.96 - - [19/Aug/2019:13:02:16 -0300] "GET /cormun/servlet/prlicenciaspermisos?12376294,L,,MD,,gxPopupLevel%3D0%3B HTTP/1.1" 200 5615
192.168.10.96 - - [19/Aug/2019:13:02:22 -0300] "POST /cormun/servlet/solicitudot?gx-no-cache=1566229892782 HTTP/1.1" 200 41
192.168.10.96 - - [19/Aug/2019:13:02:22 -0300] "GET /cormun/servlet/solicitudot?5b1d20dc39a5d2fa095d32c61a9110837d39801e0e6bb2c6cd51bfa10ec58cbe9ce24b9078592ddce5e3270a1e72946dcdc699f3214fe4b1f608d6f35ab2b88fdad27be97bd75fc55f1c29e731a58e794dfee71d5f8d300bbf3b02bf7a97e8fdeab37f578d0ba60760ec57001ceb1c46,gx-no-cache=1566229892829 HTTP/1.1" 200 110
192.168.10.96 - - [19/Aug/2019:13:02:22 -0300] "POST /cormun/servlet/solicitudot?gx-no-cache=1566229892865 HTTP/1.1" 200 97
192.168.10.96 - - [19/Aug/2019:13:02:26 -0300] "GET /cormun/servlet/solicitudot?5b1d20dc39a5d2fa095d32c61a9110834e027e159da1752af5fd6652a9dea4f72f238e9e9436e75e476362484e82fd5e926b50808a21c999043be94f256d31b898aa483eebd9de7f200d199f7107b595454f1368d8f5ef7bfa181f2ef1ae6d88cae2aef60e92fe4dff476f801d959e574d3f79e206ab76a932d3d6525ecd3af94e4bee530770878dc7ddde8504c01c982734d86c60b8f1e22f291a11b0369aeedf65d2570b9330ab9ada648d046017edccbcec8484f22be1b83697c0d9f5e38e262dd1a1b8376c3d77e0f72d5803ac3e,gx-no-cache=1566229896993 HTTP/1.1" 200 29
186.103.158.250 - - [19/Aug/2019:13:02:29 -0300] "GET /cormun/servlet/trautorizarsolicitud? HTTP/1.1" 200 9464
186.103.158.250 - - [19/Aug/2019:13:02:31 -0300] "GET /cormun/servlet/trautorizarsolicitud? HTTP/1.1" 200 9463
186.103.158.250 - - [19/Aug/2019:13:02:34 -0300] "GET /cormun/servlet/trsolicitudot? HTTP/1.1" 200 7523
186.103.158.250 - - [19/Aug/2019:13:02:36 -0300] "GET /cormun/servlet/trsolicitudot? HTTP/1.1" 200 7523
186.103.158.250 - - [19/Aug/2019:13:02:38 -0300] "GET /cormun/servlet/trautorizarsolicitud? HTTP/1.1" 200 9464
186.103.158.250 - - [19/Aug/2019:13:02:40 -0300] "GET /cormun/servlet/trautorizarsolicitud? HTTP/1.1" 200 9463
192.168.10.96 - - [19/Aug/2019:13:02:40 -0300] "GET /cormun/servlet/solicitudot?5b1d20dc39a5d2fa095d32c61a9110837457aa16f0298d82a60ed9e4522894f39ee96a5525de1577227836427f5ec5ed,gx-no-cache=1566229911048 HTTP/1.1" 200 30
192.168.10.96 - - [19/Aug/2019:13:02:41 -0300] "POST /cormun/servlet/solicitudot?gx-no-cache=1566229911513 HTTP/1.1" 200 34
192.168.10.96 - - [19/Aug/2019:13:02:52 -0300] "GET /cormun/servlet/prbanco?,MD,,gxPopupLevel%3D0%3B HTTP/1.1" 200 6704
192.168.10.96 - - [19/Aug/2019:13:02:52 -0300] "GET /cormun/static/gxcfg.js?20181161016094 HTTP/1.1" 200 953
192.168.10.96 - - [19/Aug/2019:13:02:52 -0300] "GET /cormun/static/prbanco.js?2018116101633 HTTP/1.1" 200 10693
192.168.10.96 - - [19/Aug/2019:13:02:55 -0300] "GET /cormun/servlet/solicitudot?5b1d20dc39a5d2fa095d32c61a9110836c18c20ad50ed6783f2a421eb1ffcfcb,gx-no-cache=1566229926165 HTTP/1.1" 200 43
192.168.10.96 - - [19/Aug/2019:13:02:57 -0300] "POST /cormun/servlet/solicitudot?gx-no-cache=1566229927479 HTTP/1.1" 200 240
192.168.10.96 - - [19/Aug/2019:13:02:57 -0300] "GET /cormun/servlet/solicitudot?5b1d20dc39a5d2fa095d32c61a911083927d999b2f3a51cadf2b67dce93cabb80717e583a899bbabfa654c536b35b67d5b5326dc8687d067d3145d9debbc7f4de7a0aef4f26181f8e3ee1f4d8b1cfe24cfbfcd36d142deaba8fdc070cb765de7820b1c6e4ffe450be3739ad5813c4f0013da5e9edb5efaad00886f5b2f3dc40b61ca4b7b79654b269aaa1497a83c5bf18e0dff8ed30483c4a75ff95cb34bd2493d57c69639a95dfd887e7b895504261d971488badfefe2606adec628dc3ab7dfcb50b4c12162ef11d310c3d809f2298ea524a6db9ddc1e8aad1ecd88af51185741c31c9a8e427a121076001036240ae690afd0ef59803574f9aab4015052e064e295541cd0eac2728d0b1695c54c1aeb10138856f48b820445b223be6e7d50369bc504e90f75647c17eeb3feabe4dd8a90596cf7274770f6047d42189dc45224f868d5f8c37cca2325c858be3c1528e8765b4a54f57df36e3bfbadf789969eff303c021ee85d2ad52a803f2f66745d9d0bdf983f7711c16944ac149c6426cddf,gx-no-cache=1566229927507 HTTP/1.1" 200 30
192.168.10.96 - - [19/Aug/2019:13:02:57 -0300] "POST /cormun/servlet/solicitudot?gx-no-cache=1566229927528 HTTP/1.1" 200 30
192.168.10.96 - - [19/Aug/2019:13:02:57 -0300] "POST /cormun/servlet/solicitudot?gx-no-cache=1566229927555 HTTP/1.1" 200 1360
192.168.10.96 - - [19/Aug/2019:13:02:57 -0300] "POST /cormun/servlet/solicitudot?gx-no-cache=1566229927643 HTTP/1.1" 200 41
192.168.10.96 - - [19/Aug/2019:13:02:57 -0300] "GET /cormun/servlet/solicitudot?5b1d20dc39a5d2fa095d32c61a9110837d39801e0e6bb2c6cd51bfa10ec58cbe9ce24b9078592ddce5e3270a1e72946dcdc699f3214fe4b1f608d6f35ab2b88fdad27be97bd75fc55f1c29e731a58e794dfee71d5f8d300bbf3b02bf7a97e8fdeab37f578d0ba60760ec57001ceb1c46,gx-no-cache=1566229927669 HTTP/1.1" 200 110
192.168.10.96 - - [19/Aug/2019:13:02:57 -0300] "POST /cormun/servlet/solicitudot?gx-no-cache=1566229927696 HTTP/1.1" 200 97
192.168.10.96 - - [19/Aug/2019:13:02:57 -0300] "GET /cormun/servlet/solicitudot?5b1d20dc39a5d2fa095d32c61a9110837457aa16f0298d82a60ed9e4522894f39ee96a5525de1577227836427f5ec5ed,gx-no-cache=1566229927725 HTTP/1.1" 200 30
192.168.10.96 - - [19/Aug/2019:13:02:57 -0300] "POST /cormun/servlet/solicitudot?gx-no-cache=1566229927757 HTTP/1.1" 200 34
192.168.10.96 - - [19/Aug/2019:13:02:57 -0300] "POST /cormun/servlet/solicitudot?90b1bd5421f76906411c004db301d077,INS,0,0,,gx-no-cache=1566229927805 HTTP/1.1" 200 93
192.168.10.96 - - [19/Aug/2019:13:02:57 -0300] "GET /cormun/servlet/hpexe_return? HTTP/1.1" 200 1008
192.168.10.96 - - [19/Aug/2019:13:02:57 -0300] "GET /cormun/servlet/trsolicitudot HTTP/1.1" 200 9024
186.103.156.24 - - [19/Aug/2019:13:02:58 -0300] "GET /cormun/servlet/hlogin HTTP/1.1" 200 1746
192.168.10.96 - - [19/Aug/2019:13:02:58 -0300] "GET /cormun/servlet/trsolicitudot HTTP/1.1" 200 9020
186.103.156.24 - - [19/Aug/2019:13:03:06 -0300] "POST /cormun/servlet/hlogin?e10b707efdea748cab39460ada46c766,gx-no-cache=1566230270152 HTTP/1.1" 200 90
186.103.156.24 - - [19/Aug/2019:13:03:06 -0300] "GET /cormun/servlet/hpexe_link HTTP/1.1" 200 964
186.103.156.24 - - [19/Aug/2019:13:03:06 -0300] "GET /cormun/servlet/prbanco?,MD, HTTP/1.1" 200 6706
186.103.158.250 - - [19/Aug/2019:13:03:12 -0300] "POST /cormun/servlet/trautorizarsolicitud?e55e23dff2dfefa1e0e535f2634cdf42,,gx-no-cache=1566230276225 HTTP/1.1" 200 116
186.103.158.250 - - [19/Aug/2019:13:03:12 -0300] "GET /cormun/servlet/solicitudotlog?INS,2019,15947,0,REC, HTTP/1.1" 200 6124
186.103.158.250 - - [19/Aug/2019:13:03:13 -0300] "GET /cormun/servlet/solicitudotlog?INS,2019,15947,0,REC, HTTP/1.1" 200 6124
186.103.158.250 - - [19/Aug/2019:13:03:14 -0300] "GET /cormun/servlet/solicitudotlog?e0e3df410f6f4a15e53aa79d19ddc08c81dd94795d624a2ced2b10af616fed908c78ae873facdf752c7a0f24dba95afba2bd1b5c803e521823c419f16c27a7a624c26a7388fdc2b1cb3bd4972e5090626a5db184882595c212657304ac4aeabf370886d4f675d3175a74b8f67fc6b3bfa1741c1d511c717687190a45883572193d70f4cc12bb9effe461381d83cfba4a2190d7dff5b9721b73eb30919a0694ce,gx-no-cache=1566230278226 HTTP/1.1" 200 94
192.168.10.96 - - [19/Aug/2019:13:03:15 -0300] "GET /cormun/servlet/trsolicitudot? HTTP/1.1" 200 9020
192.168.10.96 - - [19/Aug/2019:13:03:16 -0300] "GET /cormun/servlet/trsolicitudot? HTTP/1.1" 200 9020
186.103.158.250 - - [19/Aug/2019:13:03:24 -0300] "POST /cormun/servlet/solicitudotlog?e55e23dff2dfefa1e0e535f2634cdf42,INS,2019,15947,0,REC,,gx-no-cache=1566230288832 HTTP/1.1" 200 93
186.103.158.250 - - [19/Aug/2019:13:03:24 -0300] "GET /cormun/servlet/hpexe_return? HTTP/1.1" 200 1025
186.103.158.250 - - [19/Aug/2019:13:03:25 -0300] "GET /cormun/servlet/trautorizarsolicitud HTTP/1.1" 200 9180
186.103.158.250 - - [19/Aug/2019:13:03:26 -0300] "GET /cormun/servlet/trautorizarsolicitud HTTP/1.1" 200 9176
190.171.141.138 - - [19/Aug/2019:13:03:27 -0300] "GET /cormun/servlet/trlicencias? HTTP/1.1" 200 6132
190.171.141.138 - - [19/Aug/2019:13:03:29 -0300] "GET /cormun/servlet/hlogin HTTP/1.1" 200 1735
190.171.141.138 - - [19/Aug/2019:13:03:29 -0300] "GET /cormun/servlet/trlicencias? HTTP/1.1" 200 6131
186.103.158.250 - - [19/Aug/2019:13:03:29 -0300] "GET /cormun/servlet/trsolicitudot? HTTP/1.1" 200 8922
186.103.158.250 - - [19/Aug/2019:13:03:31 -0300] "GET /cormun/servlet/trsolicitudot? HTTP/1.1" 200 8922
192.168.10.96 - - [19/Aug/2019:13:03:34 -0300] "POST /cormun/servlet/trsolicitudot?90b1bd5421f76906411c004db301d077,,gx-no-cache=1566229964947 HTTP/1.1" 200 4802
192.168.10.96 - - [19/Aug/2019:13:03:34 -0300] "GET /cormun/static/Shared/jqueryui/images/ui-bg_highlight-soft_100_c6c2c8_1x100.png HTTP/1.1" 404 1117
192.168.10.96 - - [19/Aug/2019:13:03:34 -0300] "GET /cormun/static/Shared/jqueryui/images/ui-bg_flat_55_fafafa_40x100.png HTTP/1.1" 404 1097
192.168.10.96 - - [19/Aug/2019:13:03:34 -0300] "GET /cormun/static/Shared/jqueryui/images/ui-icons_82798d_256x240.png HTTP/1.1" 404 1089
192.168.10.96 - - [19/Aug/2019:13:03:34 -0300] "GET /cormun/static/Shared/jqueryui/images/ui-icons_8d78a5_256x240.png HTTP/1.1" 404 1089
192.168.10.96 - - [19/Aug/2019:13:03:34 -0300] "POST /cormun/servlet/trsolicitudot?90b1bd5421f76906411c004db301d077,,gx-no-cache=1566229965135 HTTP/1.1" 200 4534
192.168.10.96 - - [19/Aug/2019:13:03:36 -0300] "GET /cormun/servlet/trautorizarsolicitud? HTTP/1.1" 200 8913
192.168.10.96 - - [19/Aug/2019:13:03:36 -0300] "GET /cormun/servlet/trautorizarsolicitud? HTTP/1.1" 200 8912
192.168.10.96 - - [19/Aug/2019:13:03:38 -0300] "POST /cormun/servlet/trautorizarsolicitud?90b1bd5421f76906411c004db301d077,,gx-no-cache=1566229968690 HTTP/1.1" 200 4735
186.103.158.250 - - [19/Aug/2019:13:03:38 -0300] "POST /cormun/servlet/trsolicitudot?e55e23dff2dfefa1e0e535f2634cdf42,,gx-no-cache=1566230302447 HTTP/1.1" 200 106
192.168.10.96 - - [19/Aug/2019:13:03:38 -0300] "GET /cormun/static/Shared/jqueryui/images/ui-icons_82798d_256x240.png HTTP/1.1" 404 1089
192.168.10.96 - - [19/Aug/2019:13:03:38 -0300] "GET /cormun/static/Shared/jqueryui/images/ui-bg_highlight-soft_100_c6c2c8_1x100.png HTTP/1.1" 404 1117
192.168.10.96 - - [19/Aug/2019:13:03:38 -0300] "GET /cormun/static/Shared/jqueryui/images/ui-icons_8d78a5_256x240.png HTTP/1.1" 404 1089
192.168.10.96 - - [19/Aug/2019:13:03:38 -0300] "GET /cormun/static/Shared/jqueryui/images/ui-bg_flat_55_fafafa_40x100.png HTTP/1.1" 404 1097
192.168.10.96 - - [19/Aug/2019:13:03:38 -0300] "POST /cormun/servlet/trautorizarsolicitud?90b1bd5421f76906411c004db301d077,,gx-no-cache=1566229968895 HTTP/1.1" 200 4469
186.103.158.250 - - [19/Aug/2019:13:03:38 -0300] "GET /cormun/servlet/solicitudot?UPD,2019,15947, HTTP/1.1" 200 15865
186.103.158.250 - - [19/Aug/2019:13:03:40 -0300] "GET /cormun/servlet/solicitudot?UPD,2019,15947, HTTP/1.1" 200 15874
192.168.10.96 - - [19/Aug/2019:13:03:45 -0300] "GET /cormun/servlet/hlogin HTTP/1.1" 200 1745
192.168.10.96 - - [19/Aug/2019:13:04:05 -0300] "POST /cormun/servlet/hlogin?90b1bd5421f76906411c004db301d077,gx-no-cache=1566229995805 HTTP/1.1" 200 90
192.168.10.96 - - [19/Aug/2019:13:04:05 -0300] "GET /cormun/servlet/hpexe_link HTTP/1.1" 200 953
192.168.10.96 - - [19/Aug/2019:13:04:05 -0300] "GET /cormun/servlet/hhome HTTP/1.1" 200 3867
192.168.10.96 - - [19/Aug/2019:13:04:06 -0300] "GET /cormun/servlet/hhome HTTP/1.1" 200 3863
192.168.10.96 - - [19/Aug/2019:13:04:17 -0300] "GET /cormun/servlet/trsolicitudgral? HTTP/1.1" 200 9770
192.168.10.96 - - [19/Aug/2019:13:04:17 -0300] "GET /cormun/servlet/trsolicitudgral? HTTP/1.1" 200 9768
192.168.10.96 - - [19/Aug/2019:13:04:31 -0300] "POST /cormun/servlet/trsolicitudgral?90b1bd5421f76906411c004db301d077,,gx-no-cache=1566230022120 HTTP/1.1" 200 5486
192.168.10.96 - - [19/Aug/2019:13:04:31 -0300] "GET /cormun/static/Shared/jqueryui/images/ui-bg_highlight-soft_100_c6c2c8_1x100.png HTTP/1.1" 404 1117
192.168.10.96 - - [19/Aug/2019:13:04:31 -0300] "GET /cormun/static/Shared/jqueryui/images/ui-icons_82798d_256x240.png HTTP/1.1" 404 1089
192.168.10.96 - - [19/Aug/2019:13:04:31 -0300] "GET /cormun/static/Shared/jqueryui/images/ui-bg_flat_55_fafafa_40x100.png HTTP/1.1" 404 1097
192.168.10.96 - - [19/Aug/2019:13:04:31 -0300] "GET /cormun/static/Shared/jqueryui/images/ui-icons_8d78a5_256x240.png HTTP/1.1" 404 1089
192.168.10.96 - - [19/Aug/2019:13:04:36 -0300] "POST /cormun/servlet/trsolicitudgral?90b1bd5421f76906411c004db301d077,,gx-no-cache=1566230026933 HTTP/1.1" 200 6631
192.168.10.96 - - [19/Aug/2019:13:04:39 -0300] "POST /cormun/servlet/trsolicitudgral?90b1bd5421f76906411c004db301d077,,gx-no-cache=1566230030112 HTTP/1.1" 200 5466
186.103.158.250 - - [19/Aug/2019:13:04:54 -0300] "POST /cormun/servlet/solicitudot?gx-no-cache=1566230378296 HTTP/1.1" 200 3540
186.103.158.250 - - [19/Aug/2019:13:04:54 -0300] "POST /cormun/servlet/solicitudot?e55e23dff2dfefa1e0e535f2634cdf42,UPD,2019,15947,,gx-no-cache=1566230378662 HTTP/1.1" 200 12111
186.103.158.250 - - [19/Aug/2019:13:04:55 -0300] "GET /cormun/servlet/solicitudot?e0e3df410f6f4a15e53aa79d19ddc08c37481b90ece0f5718d1b78063091f9bb864e6c41aaced2127589fbb795a63256,gx-no-cache=1566230379246 HTTP/1.1" 200 30
186.103.158.250 - - [19/Aug/2019:13:04:55 -0300] "GET /cormun/servlet/solicitudot?e0e3df410f6f4a15e53aa79d19ddc08c039a8427e2252190a52a50096018df49dd25d5410dc81279221c4cd4b4b67a80957f3b487f32876590278c8932884f67,gx-no-cache=1566230379418 HTTP/1.1" 200 30
186.103.158.250 - - [19/Aug/2019:13:04:55 -0300] "GET /cormun/servlet/solicitudot?e0e3df410f6f4a15e53aa79d19ddc08cf1cf7d35ce1eef73af8cc7e2a87ce109,gx-no-cache=1566230379500 HTTP/1.1" 200 29
186.103.158.250 - - [19/Aug/2019:13:04:55 -0300] "POST /cormun/servlet/solicitudot?gx-no-cache=1566230379589 HTTP/1.1" 200 256
186.103.158.250 - - [19/Aug/2019:13:04:56 -0300] "GET /cormun/servlet/solicitudot?e0e3df410f6f4a15e53aa79d19ddc08c7e3adab7f4752ccc8546539210e87e239d5e69e2c5e143db22baf813c3932d5df6ace96fbd70b2ce4fd661cbce5cb91567993962c68ff1b8180be947fea3c11a3e1cb6ed62f1182343bf8f082660022e67c22b912740ee855bb8bdf965f599670f62657f04346343618d5639bdd6f2f686b8b89820757bb3bde431415dfac7758198e0fc84cca63525b06c07fc4d02c1af304b56d0e578a8bc2776442d389a2f850d5d6c9c5d0e106f38b9f20520aac4b430d67c560b824347872f3f13c19cbd10157e0127e2114f5013f3b22b38dd10eb03d6edfa8d983ad3f3bace52c1214e4e2917b5574191f9073895417f18ecd0e1e78483ae8dc4499c0fcd40a95db753e2871a220a0fbd24f791daee85fbbfee5a57cfdc6e2f6213b0ede67e94cd320f060059c3f72ca5926066c15734b091c0ee0515f7a46f3cecbc269d683fd00b35be8cde69cc7705ecc238bb3c500778456d8bf8b4177b88d8d271067239257b2d25ccba4712ed974a5127814f9b0ab59a,gx-no-cache=1566230379700 HTTP/1.1" 200 30
186.103.158.250 - - [19/Aug/2019:13:04:56 -0300] "POST /cormun/servlet/solicitudot?gx-no-cache=1566230380074 HTTP/1.1" 200 30
186.103.158.250 - - [19/Aug/2019:13:04:56 -0300] "POST /cormun/servlet/solicitudot?gx-no-cache=1566230380169 HTTP/1.1" 200 1361
186.103.158.250 - - [19/Aug/2019:13:04:56 -0300] "POST /cormun/servlet/solicitudot?gx-no-cache=1566230380286 HTTP/1.1" 200 40
186.103.158.250 - - [19/Aug/2019:13:05:33 -0300] "POST /cormun/servlet/solicitudot?gx-no-cache=1566230417125 HTTP/1.1" 200 30
186.103.158.250 - - [19/Aug/2019:13:05:33 -0300] "POST /cormun/servlet/solicitudot?gx-no-cache=1566230417342 HTTP/1.1" 200 1361
186.103.158.250 - - [19/Aug/2019:13:05:33 -0300] "POST /cormun/servlet/solicitudot?gx-no-cache=1566230417457 HTTP/1.1" 200 40
186.103.158.250 - - [19/Aug/2019:13:05:33 -0300] "GET /cormun/servlet/solicitudot?e0e3df410f6f4a15e53aa79d19ddc08ca338918c36ae1a03a9c457ecd65765fbcbc767e2521b4a35cc822adb4e01f25ca9dc6b86d97471753d295e025f54c56bf41fa311b85b02d4f5037d9be6744c8d3241e9f2b3a8ffe6732cb088763d2ff2998d6f00d343680b2af21bb713da9b68,gx-no-cache=1566230417546 HTTP/1.1" 200 110
186.103.158.250 - - [19/Aug/2019:13:05:34 -0300] "POST /cormun/servlet/solicitudot?gx-no-cache=1566230417717 HTTP/1.1" 200 97
186.103.158.250 - - [19/Aug/2019:13:05:34 -0300] "GET /cormun/servlet/solicitudot?e0e3df410f6f4a15e53aa79d19ddc08c6bae61349d142d416330e68df2b8b1288c78ae873facdf752c7a0f24dba95afb9bc5b2024a5fe6969d78485a4fac7a94b0185902d264cf3be14505e6a786941ae4d04dada60d9ce5085c20e8b6e3ea4f09438fbd312a5de9d035bf7e1d2be247f9fd22ffa5ca1928bf852be60f7a094897981ae300366e9ad1277da280f5c61c76043a44b8489eff6491daaa39a1f0c6,gx-no-cache=1566230418420 HTTP/1.1" 200 29
186.103.158.250 - - [19/Aug/2019:13:05:34 -0300] "GET /cormun/servlet/solicitudot?e0e3df410f6f4a15e53aa79d19ddc08cfc1c7104303bb00d2e93d89ff5c9247d3e7b365969ae3b1d003178fcc4629549,gx-no-cache=1566230418552 HTTP/1.1" 200 30
186.103.158.250 - - [19/Aug/2019:13:05:34 -0300] "POST /cormun/servlet/solicitudot?gx-no-cache=1566230418604 HTTP/1.1" 200 33
186.103.158.250 - - [19/Aug/2019:13:05:35 -0300] "POST /cormun/servlet/solicitudot?e55e23dff2dfefa1e0e535f2634cdf42,UPD,2019,15947,,gx-no-cache=1566230418755 HTTP/1.1" 200 93
186.103.158.250 - - [19/Aug/2019:13:05:35 -0300] "GET /cormun/servlet/hpexe_return? HTTP/1.1" 200 1011
186.103.158.250 - - [19/Aug/2019:13:05:35 -0300] "GET /cormun/servlet/trsolicitudot HTTP/1.1" 200 8924
186.103.158.250 - - [19/Aug/2019:13:05:37 -0300] "GET /cormun/servlet/trsolicitudot HTTP/1.1" 200 8922
186.103.158.250 - - [19/Aug/2019:13:05:40 -0300] "GET /cormun/servlet/trsolicitudot? HTTP/1.1" 200 8922
186.103.158.250 - - [19/Aug/2019:13:05:41 -0300] "GET /cormun/servlet/trsolicitudot? HTTP/1.1" 200 8922
186.103.158.250 - - [19/Aug/2019:13:05:48 -0300] "POST /cormun/servlet/trsolicitudot?e55e23dff2dfefa1e0e535f2634cdf42,,gx-no-cache=1566230432101 HTTP/1.1" 200 4768
186.103.158.250 - - [19/Aug/2019:13:05:48 -0300] "POST /cormun/servlet/trsolicitudot?e55e23dff2dfefa1e0e535f2634cdf42,,gx-no-cache=1566230432498 HTTP/1.1" 200 4528
186.103.158.250 - - [19/Aug/2019:13:05:51 -0300] "GET /cormun/servlet/trautorizarsolicitud? HTTP/1.1" 200 9464
186.103.158.250 - - [19/Aug/2019:13:05:53 -0300] "GET /cormun/servlet/trautorizarsolicitud? HTTP/1.1" 200 9463
186.103.158.250 - - [19/Aug/2019:13:06:05 -0300] "POST /cormun/servlet/trautorizarsolicitud?e55e23dff2dfefa1e0e535f2634cdf42,,gx-no-cache=1566230449752 HTTP/1.1" 200 6255
186.103.158.250 - - [19/Aug/2019:13:06:06 -0300] "POST /cormun/servlet/trautorizarsolicitud?e55e23dff2dfefa1e0e535f2634cdf42,,gx-no-cache=1566230450247 HTTP/1.1" 200 6198
186.103.158.250 - - [19/Aug/2019:13:06:07 -0300] "POST /cormun/servlet/trautorizarsolicitud?e55e23dff2dfefa1e0e535f2634cdf42,,gx-no-cache=1566230451474 HTTP/1.1" 200 5889
186.103.158.250 - - [19/Aug/2019:13:06:07 -0300] "POST /cormun/servlet/trautorizarsolicitud?e55e23dff2dfefa1e0e535f2634cdf42,,gx-no-cache=1566230451898 HTTP/1.1" 200 5834
186.103.158.250 - - [19/Aug/2019:13:06:09 -0300] "POST /cormun/servlet/trautorizarsolicitud?e55e23dff2dfefa1e0e535f2634cdf42,,gx-no-cache=1566230452992 HTTP/1.1" 200 4699
186.103.158.250 - - [19/Aug/2019:13:06:09 -0300] "POST /cormun/servlet/trautorizarsolicitud?e55e23dff2dfefa1e0e535f2634cdf42,,gx-no-cache=1566230453341 HTTP/1.1" 200 4463
186.103.158.250 - - [19/Aug/2019:13:06:14 -0300] "GET /cormun/servlet/trsolicitudot? HTTP/1.1" 200 7523
186.103.158.250 - - [19/Aug/2019:13:06:15 -0300] "GET /cormun/servlet/trsolicitudot? HTTP/1.1" 200 7523
186.103.158.250 - - [19/Aug/2019:13:06:29 -0300] "GET /cormun/servlet/solicitudot?INS,0,0, HTTP/1.1" 200 15360
186.103.158.250 - - [19/Aug/2019:13:06:31 -0300] "GET /cormun/servlet/solicitudot?INS,0,0, HTTP/1.1" 200 15365
186.103.158.250 - - [19/Aug/2019:13:07:03 -0300] "POST /cormun/servlet/solicitudot?gx-no-cache=1566230507044 HTTP/1.1" 200 3483
186.103.158.250 - - [19/Aug/2019:13:07:03 -0300] "POST /cormun/servlet/solicitudot?e55e23dff2dfefa1e0e535f2634cdf42,INS,0,0,,gx-no-cache=1566230507372 HTTP/1.1" 200 11967
186.103.158.250 - - [19/Aug/2019:13:07:05 -0300] "GET /cormun/servlet/solicitudot?e0e3df410f6f4a15e53aa79d19ddc08c272a2e7ec34e63af92ed0b55d7f058420801dbb3ce46a05f670934ef316c9218,gx-no-cache=1566230509097 HTTP/1.1" 200 30
186.103.158.250 - - [19/Aug/2019:13:09:18 -0300] "POST /cormun/servlet/solicitudot?e55e23dff2dfefa1e0e535f2634cdf42,INS,0,0,,gx-no-cache=1566230640840 HTTP/1.1" 200 12137
186.103.158.250 - - [19/Aug/2019:13:09:21 -0300] "POST /cormun/servlet/solicitudot?gx-no-cache=1566230645016 HTTP/1.1" 200 3542
186.103.158.250 - - [19/Aug/2019:13:09:21 -0300] "POST /cormun/servlet/solicitudot?e55e23dff2dfefa1e0e535f2634cdf42,INS,0,0,,gx-no-cache=1566230645290 HTTP/1.1" 200 12143
186.103.158.250 - - [19/Aug/2019:13:09:21 -0300] "GET /cormun/servlet/solicitudot?e0e3df410f6f4a15e53aa79d19ddc08c272a2e7ec34e63af92ed0b55d7f05842864e6c41aaced2127589fbb795a63256,gx-no-cache=1566230645695 HTTP/1.1" 200 30
186.103.158.250 - - [19/Aug/2019:13:09:21 -0300] "GET /cormun/servlet/solicitudot?e0e3df410f6f4a15e53aa79d19ddc08cd20c4a901f7aa0d7b08a054f7592b82d03e0f8685f8a8629681a7e6df151cdde,gx-no-cache=1566230645753 HTTP/1.1" 200 30
186.103.158.250 - - [19/Aug/2019:13:09:21 -0300] "GET /cormun/servlet/solicitudot?e0e3df410f6f4a15e53aa79d19ddc08cf1cf7d35ce1eef73af8cc7e2a87ce109,gx-no-cache=1566230645791 HTTP/1.1" 200 29
186.103.158.250 - - [19/Aug/2019:13:09:23 -0300] "POST /cormun/servlet/solicitudot?gx-no-cache=1566230647620 HTTP/1.1" 200 255
186.103.158.250 - - [19/Aug/2019:13:09:25 -0300] "GET /cormun/servlet/solicitudot?e0e3df410f6f4a15e53aa79d19ddc08c7e3adab7f4752ccc8546539210e87e239d5e69e2c5e143db22baf813c3932d5df6ace96fbd70b2ce4fd661cbce5cb91567993962c68ff1b8180be947fea3c11a3e1cb6ed62f1182343bf8f082660022e67c22b912740ee855bb8bdf965f599670f62657f04346343618d5639bdd6f2f686b8b89820757bb3bde431415dfac7758198e0fc84cca63525b06c07fc4d02c1af304b56d0e578a8bc2776442d389a2f850d5d6c9c5d0e106f38b9f20520aac4b430d67c560b824347872f3f13c19cbd10157e0127e2114f5013f3b22b38dd10eb03d6edfa8d983ad3f3bace52c1214e4e2917b5574191f9073895417f18ecd0e1e78483ae8dc4499c0fcd40a95db753e2871a220a0fbd24f791daee85fbbfee5a57cfdc6e2f6213b0ede67e94cd320f060059c3f72ca5926066c15734b091c0ee0515f7a46f3cecbc269d683fd00b35be8cde69cc7705ecc238bb3c500778456d8bf8b4177b88d8d271067239257b2dcabb756f2bd13b6417e5093b2469f9b9,gx-no-cache=1566230649423 HTTP/1.1" 200 30
186.103.158.250 - - [19/Aug/2019:13:09:28 -0300] "POST /cormun/servlet/solicitudot?gx-no-cache=1566230652549 HTTP/1.1" 200 30
186.103.158.250 - - [19/Aug/2019:13:09:29 -0300] "POST /cormun/servlet/solicitudot?gx-no-cache=1566230653862 HTTP/1.1" 200 1358
186.103.158.250 - - [19/Aug/2019:13:09:30 -0300] "POST /cormun/servlet/solicitudot?gx-no-cache=1566230654025 HTTP/1.1" 200 38
186.103.158.250 - - [19/Aug/2019:13:09:44 -0300] "GET /cormun/servlet/solicitudot?e0e3df410f6f4a15e53aa79d19ddc08ca338918c36ae1a03a9c457ecd65765fbcbc767e2521b4a35cc822adb4e01f25ca9dc6b86d97471753d295e025f54c56bf41fa311b85b02d4f5037d9be6744c8d3241e9f2b3a8ffe6732cb088763d2ff2998d6f00d343680b2af21bb713da9b68,gx-no-cache=1566230668824 HTTP/1.1" 200 110
186.103.158.250 - - [19/Aug/2019:13:10:14 -0300] "POST /cormun/servlet/solicitudot?gx-no-cache=1566230698747 HTTP/1.1" 200 97
186.103.158.250 - - [19/Aug/2019:13:10:32 -0300] "GET /cormun/servlet/solicitudot?e0e3df410f6f4a15e53aa79d19ddc08c42ee3b4618fe3eab648a10689b12b1d5de35568d4ccd26cb968ba01f51f48bfb29363e688a138c1ef142ee8a59f54d496dbf80160a357b09332c0fde8416379d521dcd4709735fe9debae209c7003cafe6c5f251182cc7aadd49ab2649c0acbc,gx-no-cache=1566230716117 HTTP/1.1" 200 29
186.103.158.250 - - [19/Aug/2019:13:10:32 -0300] "GET /cormun/static/menuarrow.gif HTTP/1.1" 404 1015
