190.171.143.82 - - [12/Aug/2019:14:48:01 -0300] "GET /cormun/servlet/trpermisosingoceadjunto?403,16528642, HTTP/1.1" 200 6188
186.103.156.24 - - [12/Aug/2019:14:48:01 -0300] "GET /cormun/servlet/solicitudotadjuntos?INS,2019,15929,,1, HTTP/1.1" 200 6385
186.103.156.24 - - [12/Aug/2019:14:48:01 -0300] "GET /cormun/static/about:blank HTTP/1.1" 404 1011
186.103.156.24 - - [12/Aug/2019:14:48:01 -0300] "GET /cormun/servlet/solicitudotadjuntos?INS,2019,15929,,1, HTTP/1.1" 200 6379
186.103.156.24 - - [12/Aug/2019:14:48:02 -0300] "GET /cormun/servlet/solicitudotadjuntos?30985456b73c893a22d396543e3c7b33dadb46b6e88f901bb6e21777b70dc0bab804dca2f57f4b8018e990627c0f02f8,gx-no-cache=1565631769473 HTTP/1.1" 200 30
186.103.156.24 - - [12/Aug/2019:14:48:03 -0300] "POST /cormun/servlet/solicitudotadjuntos?56da3ca4b267f687a403b98a81101aa0,INS,2019,15929,,1,,gx-no-cache=1565631769591 HTTP/1.1" 200 4102
190.171.143.82 - - [12/Aug/2019:14:48:03 -0300] "GET /cormun/servlet/permisosingoceadjunto?INS,403,, HTTP/1.1" 200 5492
190.171.143.82 - - [12/Aug/2019:14:48:03 -0300] "GET /cormun/static/about:blank HTTP/1.1" 404 1011
190.171.143.82 - - [12/Aug/2019:14:48:04 -0300] "GET /cormun/servlet/permisosingoceadjunto?INS,403,, HTTP/1.1" 200 5478
190.171.143.82 - - [12/Aug/2019:14:48:04 -0300] "GET /cormun/servlet/permisosingoceadjunto?4aefe85c2dd35c7ee471662d0bc5bca5e8e400e6b723d377069ec6ce4bf899fc,gx-no-cache=1565631928504 HTTP/1.1" 200 26
186.103.156.24 - - [12/Aug/2019:14:48:06 -0300] "POST /cormun/servlet/solicitudotadjuntos?gx-no-cache=1565631774008 HTTP/1.1" 200 26
40.77.167.74 - - [12/Aug/2019:14:48:10 -0300] "GET /cormun/servlet/trlicenciaspermisoslog?25581517,L,20190710000000,_escaped_fragment_%3D HTTP/1.1" 200 5339
186.103.156.24 - - [12/Aug/2019:14:48:15 -0300] "GET /cormun/servlet/solicitudotadjuntos?30985456b73c893a22d396543e3c7b331274873468b0ec368595e88222374705,gx-no-cache=1565631782688 HTTP/1.1" 200 30
186.103.156.24 - - [12/Aug/2019:14:48:15 -0300] "GET /cormun/servlet/solicitudotadjuntos?30985456b73c893a22d396543e3c7b331274873468b0ec368595e88222374705,gx-no-cache=1565631782898 HTTP/1.1" 200 30
186.103.156.24 - - [12/Aug/2019:14:48:16 -0300] "POST /cormun/servlet/solicitudotadjuntos?56da3ca4b267f687a403b98a81101aa0,INS,2019,15929,,1, HTTP/1.1" 200 116
186.103.156.24 - - [12/Aug/2019:14:48:16 -0300] "GET /cormun/servlet/hpexe_return? HTTP/1.1" 200 1028
186.103.156.24 - - [12/Aug/2019:14:48:17 -0300] "GET /cormun/servlet/trsolicitudadjuntos?2019,15929, HTTP/1.1" 200 9742
186.103.156.24 - - [12/Aug/2019:14:48:18 -0300] "GET /cormun/servlet/trsolicitudadjuntos?2019,15929, HTTP/1.1" 200 9739
190.171.143.82 - - [12/Aug/2019:14:48:18 -0300] "POST /cormun/servlet/permisosingoceadjunto?bedc3c52381f32c82feeb5d7197ba5be,INS,403,, HTTP/1.1" 200 116
190.171.143.82 - - [12/Aug/2019:14:48:19 -0300] "GET /cormun/servlet/hpexe_return? HTTP/1.1" 200 1028
190.171.143.82 - - [12/Aug/2019:14:48:19 -0300] "GET /cormun/servlet/trpermisosingoceadjunto?403,16528642, HTTP/1.1" 200 6649
190.171.143.82 - - [12/Aug/2019:14:48:19 -0300] "GET /cormun/servlet/trpermisosingoceadjunto?403,16528642, HTTP/1.1" 200 6646
186.103.156.24 - - [12/Aug/2019:14:48:20 -0300] "GET /cormun/servlet/solicitudotadjuntos?INS,2019,15929,,1, HTTP/1.1" 200 6385
186.103.156.24 - - [12/Aug/2019:14:48:20 -0300] "GET /cormun/static/about:blank HTTP/1.1" 404 1011
186.103.156.24 - - [12/Aug/2019:14:48:20 -0300] "GET /cormun/servlet/solicitudotadjuntos?INS,2019,15929,,1, HTTP/1.1" 200 6379
186.103.156.24 - - [12/Aug/2019:14:48:21 -0300] "GET /cormun/servlet/solicitudotadjuntos?30985456b73c893a22d396543e3c7b33dadb46b6e88f901bb6e21777b70dc0bab804dca2f57f4b8018e990627c0f02f8,gx-no-cache=1565631788174 HTTP/1.1" 200 30
186.103.156.24 - - [12/Aug/2019:14:48:21 -0300] "POST /cormun/servlet/solicitudotadjuntos?56da3ca4b267f687a403b98a81101aa0,INS,2019,15929,,1,,gx-no-cache=1565631788293 HTTP/1.1" 200 4102
190.171.143.82 - - [12/Aug/2019:14:48:24 -0300] "GET /cormun/servlet/trpermisosgoce? HTTP/1.1" 200 13266
186.103.156.24 - - [12/Aug/2019:14:48:25 -0300] "POST /cormun/servlet/solicitudotadjuntos?gx-no-cache=1565631792312 HTTP/1.1" 200 26
190.171.143.82 - - [12/Aug/2019:14:48:25 -0300] "GET /cormun/servlet/trpermisosgoce? HTTP/1.1" 200 13245
186.103.156.24 - - [12/Aug/2019:14:48:32 -0300] "GET /cormun/servlet/solicitudotadjuntos?30985456b73c893a22d396543e3c7b331274873468b0ec368595e88222374705,gx-no-cache=1565631799504 HTTP/1.1" 200 30
186.103.156.24 - - [12/Aug/2019:14:48:32 -0300] "GET /cormun/servlet/solicitudotadjuntos?30985456b73c893a22d396543e3c7b331274873468b0ec368595e88222374705,gx-no-cache=1565631799625 HTTP/1.1" 200 30
186.103.156.24 - - [12/Aug/2019:14:48:38 -0300] "POST /cormun/servlet/solicitudotadjuntos?56da3ca4b267f687a403b98a81101aa0,INS,2019,15929,,1, HTTP/1.1" 200 116
186.103.156.24 - - [12/Aug/2019:14:48:39 -0300] "GET /cormun/servlet/hpexe_return? HTTP/1.1" 200 1028
186.103.156.24 - - [12/Aug/2019:14:48:39 -0300] "GET /cormun/servlet/trsolicitudadjuntos?2019,15929, HTTP/1.1" 200 10006
186.103.156.24 - - [12/Aug/2019:14:48:40 -0300] "GET /cormun/servlet/trsolicitudadjuntos?2019,15929, HTTP/1.1" 200 10004
190.171.143.82 - - [12/Aug/2019:14:48:43 -0300] "GET /cormun/servlet/trpermisosadjuntos?17520834,20190809115917,P, HTTP/1.1" 200 6396
190.171.143.82 - - [12/Aug/2019:14:48:44 -0300] "GET /cormun/servlet/trpermisosadjuntos?17520834,20190809115917,P, HTTP/1.1" 200 6395
186.103.156.24 - - [12/Aug/2019:14:48:45 -0300] "GET /cormun/servlet/solicitudotadjuntos?INS,2019,15929,,1, HTTP/1.1" 200 6385
186.103.156.24 - - [12/Aug/2019:14:48:46 -0300] "GET /cormun/static/about:blank HTTP/1.1" 404 1011
186.103.156.24 - - [12/Aug/2019:14:48:46 -0300] "GET /cormun/servlet/solicitudotadjuntos?INS,2019,15929,,1, HTTP/1.1" 200 6379
186.103.156.24 - - [12/Aug/2019:14:48:46 -0300] "GET /cormun/servlet/solicitudotadjuntos?30985456b73c893a22d396543e3c7b33dadb46b6e88f901bb6e21777b70dc0bab804dca2f57f4b8018e990627c0f02f8,gx-no-cache=1565631814009 HTTP/1.1" 200 30
186.103.156.24 - - [12/Aug/2019:14:48:46 -0300] "POST /cormun/servlet/solicitudotadjuntos?56da3ca4b267f687a403b98a81101aa0,INS,2019,15929,,1,,gx-no-cache=1565631814045 HTTP/1.1" 200 4102
190.171.143.82 - - [12/Aug/2019:14:48:49 -0300] "GET /cormun/servlet/permisosadjuntos?INS,17520834,P,20190809115917,, HTTP/1.1" 200 5726
186.103.156.24 - - [12/Aug/2019:14:48:49 -0300] "POST /cormun/servlet/solicitudotadjuntos?gx-no-cache=1565631816976 HTTP/1.1" 200 26
190.171.143.82 - - [12/Aug/2019:14:48:49 -0300] "GET /cormun/static/about:blank HTTP/1.1" 404 1011
190.171.143.82 - - [12/Aug/2019:14:48:50 -0300] "GET /cormun/servlet/permisosadjuntos?INS,17520834,P,20190809115917,, HTTP/1.1" 200 5716
190.171.141.122 - - [12/Aug/2019:14:48:52 -0300] "GET /cormun/servlet/trpermisosgoce? HTTP/1.1" 200 9492
190.171.141.122 - - [12/Aug/2019:14:48:53 -0300] "GET /cormun/servlet/trpermisosgoce? HTTP/1.1" 200 9493
186.103.156.24 - - [12/Aug/2019:14:48:59 -0300] "GET /cormun/servlet/solicitudotadjuntos?30985456b73c893a22d396543e3c7b331274873468b0ec368595e88222374705,gx-no-cache=1565631826224 HTTP/1.1" 200 30
186.103.156.24 - - [12/Aug/2019:14:48:59 -0300] "GET /cormun/servlet/solicitudotadjuntos?30985456b73c893a22d396543e3c7b331274873468b0ec368595e88222374705,gx-no-cache=1565631826419 HTTP/1.1" 200 30
190.171.141.122 - - [12/Aug/2019:14:48:59 -0300] "GET /cormun/servlet/trpermisosingoce? HTTP/1.1" 200 7267
190.171.141.122 - - [12/Aug/2019:14:48:59 -0300] "GET /cormun/static/gxcfg.js?201742714253516 HTTP/1.1" 200 953
190.171.141.122 - - [12/Aug/2019:14:49:00 -0300] "GET /cormun/static/trpermisosingoce.js?201742714253970 HTTP/1.1" 200 34472
190.171.141.122 - - [12/Aug/2019:14:49:00 -0300] "GET /cormun/static/Resources/Spanish/PXTools.css?11294912 HTTP/1.1" 200 89042
190.171.141.122 - - [12/Aug/2019:14:49:00 -0300] "GET /cormun/servlet/trpermisosingoce? HTTP/1.1" 200 7267
186.103.156.24 - - [12/Aug/2019:14:49:01 -0300] "POST /cormun/servlet/solicitudotadjuntos?56da3ca4b267f687a403b98a81101aa0,INS,2019,15929,,1, HTTP/1.1" 200 116
186.103.156.24 - - [12/Aug/2019:14:49:01 -0300] "GET /cormun/servlet/hpexe_return? HTTP/1.1" 200 1028
186.103.156.24 - - [12/Aug/2019:14:49:02 -0300] "GET /cormun/servlet/trsolicitudadjuntos?2019,15929, HTTP/1.1" 200 10239
190.171.141.122 - - [12/Aug/2019:14:49:02 -0300] "GET /cormun/static/menuarrow.gif HTTP/1.1" 404 1015
186.103.156.24 - - [12/Aug/2019:14:49:03 -0300] "GET /cormun/servlet/trsolicitudadjuntos?2019,15929, HTTP/1.1" 200 10237
190.171.141.122 - - [12/Aug/2019:14:49:07 -0300] "POST /cormun/servlet/trpermisosingoce?eef4627073809439bffd26b810e3793b,,gx-no-cache=1565631833063 HTTP/1.1" 200 5261
190.171.141.122 - - [12/Aug/2019:14:49:15 -0300] "POST /cormun/servlet/trpermisosingoce?eef4627073809439bffd26b810e3793b,,gx-no-cache=1565631841300 HTTP/1.1" 200 5450
190.171.143.82 - - [12/Aug/2019:14:49:19 -0300] "GET /cormun/servlet/trpermisosgoce? HTTP/1.1" 200 13270
190.171.143.82 - - [12/Aug/2019:14:49:20 -0300] "GET /cormun/servlet/trpermisosgoce? HTTP/1.1" 200 13251
190.171.143.82 - - [12/Aug/2019:14:49:28 -0300] "GET /cormun/servlet/trpermisosadjuntos?17526035,20190805110124,P, HTTP/1.1" 200 6387
190.171.143.82 - - [12/Aug/2019:14:49:28 -0300] "GET /cormun/servlet/trpermisosadjuntos?17526035,20190805110124,P, HTTP/1.1" 200 6388
190.171.143.82 - - [12/Aug/2019:14:49:31 -0300] "GET /cormun/servlet/permisosadjuntos?INS,17526035,P,20190805110124,, HTTP/1.1" 200 5718
190.171.143.82 - - [12/Aug/2019:14:49:32 -0300] "GET /cormun/static/about:blank HTTP/1.1" 404 1011
190.171.143.82 - - [12/Aug/2019:14:49:32 -0300] "GET /cormun/servlet/permisosadjuntos?INS,17526035,P,20190805110124,, HTTP/1.1" 200 5708
190.171.143.82 - - [12/Aug/2019:14:49:52 -0300] "POST /cormun/servlet/permisosadjuntos?bedc3c52381f32c82feeb5d7197ba5be,INS,17526035,P,20190805110124,, HTTP/1.1" 200 116
190.171.143.82 - - [12/Aug/2019:14:49:52 -0300] "GET /cormun/servlet/hpexe_return? HTTP/1.1" 200 1038
190.171.143.82 - - [12/Aug/2019:14:49:52 -0300] "GET /cormun/servlet/trpermisosadjuntos?17526035,20190805110124,P, HTTP/1.1" 200 6926
190.171.143.82 - - [12/Aug/2019:14:49:53 -0300] "GET /cormun/servlet/trpermisosadjuntos?17526035,20190805110124,P, HTTP/1.1" 200 6921
190.171.143.82 - - [12/Aug/2019:14:50:01 -0300] "GET /cormun/servlet/trpermisosgoce? HTTP/1.1" 200 13249
190.171.143.82 - - [12/Aug/2019:14:50:02 -0300] "GET /cormun/servlet/trpermisosgoce? HTTP/1.1" 200 13248
186.103.156.24 - - [12/Aug/2019:14:50:08 -0300] "GET /cormun/servlet/trsolicitudot? HTTP/1.1" 200 9001
186.103.156.24 - - [12/Aug/2019:14:50:09 -0300] "GET /cormun/servlet/trsolicitudot? HTTP/1.1" 200 8995
190.171.143.82 - - [12/Aug/2019:14:50:10 -0300] "POST /cormun/servlet/trpermisosgoce?bedc3c52381f32c82feeb5d7197ba5be,,gx-no-cache=1565632054059 HTTP/1.1" 200 10373
190.171.143.82 - - [12/Aug/2019:14:50:10 -0300] "GET /cormun/static/Shared/jqueryui/images/ui-bg_highlight-soft_100_c6c2c8_1x100.png HTTP/1.1" 404 1117
190.171.143.82 - - [12/Aug/2019:14:50:10 -0300] "GET /cormun/static/Shared/jqueryui/images/ui-icons_82798d_256x240.png HTTP/1.1" 404 1089
190.171.143.82 - - [12/Aug/2019:14:50:10 -0300] "GET /cormun/static/Shared/jqueryui/images/ui-bg_flat_55_fafafa_40x100.png HTTP/1.1" 404 1097
190.171.143.82 - - [12/Aug/2019:14:50:10 -0300] "GET /cormun/static/Shared/jqueryui/images/ui-icons_8d78a5_256x240.png HTTP/1.1" 404 1089
190.171.143.82 - - [12/Aug/2019:14:50:23 -0300] "POST /cormun/servlet/trpermisosgoce?bedc3c52381f32c82feeb5d7197ba5be,,gx-no-cache=1565632067408 HTTP/1.1" 200 10409
186.103.159.204 - - [12/Aug/2019:14:50:26 -0300] "GET /cormun/servlet/trpermisosgoce? HTTP/1.1" 200 8829
186.103.159.204 - - [12/Aug/2019:14:50:27 -0300] "GET /cormun/servlet/trpermisosgoce? HTTP/1.1" 200 8829
186.103.159.204 - - [12/Aug/2019:14:50:29 -0300] "GET /cormun/servlet/permisogoce?INS,0,,, HTTP/1.1" 200 6856
186.103.159.204 - - [12/Aug/2019:14:50:29 -0300] "GET /cormun/servlet/permisogoce?INS,0,,, HTTP/1.1" 200 6856
190.171.143.82 - - [12/Aug/2019:14:50:35 -0300] "POST /cormun/servlet/trpermisosgoce?bedc3c52381f32c82feeb5d7197ba5be,,gx-no-cache=1565632079409 HTTP/1.1" 200 10390
186.103.159.204 - - [12/Aug/2019:14:50:41 -0300] "GET /cormun/servlet/prfichaempleado?,MD,,gxPopupLevel%3D0%3B HTTP/1.1" 200 9311
186.103.159.204 - - [12/Aug/2019:14:50:49 -0300] "POST /cormun/servlet/prfichaempleado?2c1a7bef0b0d2097aa4f6aa5d094880f,,MD,,gxPopupLevel%3D0%3B,gx-no-cache=1565628333876 HTTP/1.1" 200 3438
190.171.143.82 - - [12/Aug/2019:14:50:58 -0300] "POST /cormun/servlet/trpermisosgoce?bedc3c52381f32c82feeb5d7197ba5be,,gx-no-cache=1565632102035 HTTP/1.1" 200 10398
186.103.159.204 - - [12/Aug/2019:14:51:04 -0300] "POST /cormun/servlet/prfichaempleado?2c1a7bef0b0d2097aa4f6aa5d094880f,,MD,,gxPopupLevel%3D0%3B,gx-no-cache=1565628348393 HTTP/1.1" 200 3438
190.171.143.82 - - [12/Aug/2019:14:51:10 -0300] "POST /cormun/servlet/trpermisosgoce?bedc3c52381f32c82feeb5d7197ba5be,,gx-no-cache=1565632114259 HTTP/1.1" 200 10390
186.103.159.204 - - [12/Aug/2019:14:51:14 -0300] "GET /cormun/servlet/prfichaempleado?,MD,,gxPopupLevel%3D0%3B HTTP/1.1" 200 9311
186.103.159.204 - - [12/Aug/2019:14:51:22 -0300] "POST /cormun/servlet/prfichaempleado?2c1a7bef0b0d2097aa4f6aa5d094880f,,MD,,gxPopupLevel%3D0%3B,gx-no-cache=1565628366241 HTTP/1.1" 200 3439
190.171.143.82 - - [12/Aug/2019:14:51:24 -0300] "POST /cormun/servlet/trpermisosgoce?bedc3c52381f32c82feeb5d7197ba5be,,gx-no-cache=1565632127360 HTTP/1.1" 200 10400
190.171.143.82 - - [12/Aug/2019:14:51:36 -0300] "POST /cormun/servlet/trpermisosgoce?bedc3c52381f32c82feeb5d7197ba5be,,gx-no-cache=1565632139507 HTTP/1.1" 200 10394
186.103.159.204 - - [12/Aug/2019:14:51:39 -0300] "GET /cormun/servlet/trlicencias? HTTP/1.1" 200 10618
186.103.159.204 - - [12/Aug/2019:14:51:40 -0300] "GET /cormun/servlet/trlicencias? HTTP/1.1" 200 10607
190.171.143.82 - - [12/Aug/2019:14:51:48 -0300] "POST /cormun/servlet/trpermisosgoce?bedc3c52381f32c82feeb5d7197ba5be,,gx-no-cache=1565632151515 HTTP/1.1" 200 10390
190.171.143.82 - - [12/Aug/2019:14:52:08 -0300] "POST /cormun/servlet/trpermisosgoce?bedc3c52381f32c82feeb5d7197ba5be,,gx-no-cache=1565632171348 HTTP/1.1" 200 10377
186.103.156.24 - - [12/Aug/2019:14:52:15 -0300] "POST /cormun/servlet/trsolicitudot?56da3ca4b267f687a403b98a81101aa0,,gx-no-cache=1565632022459 HTTP/1.1" 200 4794
186.103.156.24 - - [12/Aug/2019:14:52:15 -0300] "GET /cormun/static/Shared/jqueryui/images/ui-bg_highlight-soft_100_c6c2c8_1x100.png HTTP/1.1" 404 1117
186.103.156.24 - - [12/Aug/2019:14:52:15 -0300] "GET /cormun/static/Shared/jqueryui/images/ui-icons_82798d_256x240.png HTTP/1.1" 404 1089
186.103.156.24 - - [12/Aug/2019:14:52:15 -0300] "GET /cormun/static/Shared/jqueryui/images/ui-icons_8d78a5_256x240.png HTTP/1.1" 404 1089
186.103.156.24 - - [12/Aug/2019:14:52:15 -0300] "GET /cormun/static/Shared/jqueryui/images/ui-bg_flat_55_fafafa_40x100.png HTTP/1.1" 404 1097
186.103.156.24 - - [12/Aug/2019:14:52:15 -0300] "POST /cormun/servlet/trsolicitudot?56da3ca4b267f687a403b98a81101aa0,,gx-no-cache=1565632022691 HTTP/1.1" 200 4548
186.103.156.24 - - [12/Aug/2019:14:52:17 -0300] "GET /cormun/servlet/trautorizarsolicitud? HTTP/1.1" 200 8890
186.103.156.24 - - [12/Aug/2019:14:52:17 -0300] "GET /cormun/static/gxcfg.js?2017111423403364 HTTP/1.1" 200 953
186.103.156.24 - - [12/Aug/2019:14:52:18 -0300] "GET /cormun/static/trautorizarsolicitud.js?201711142340425 HTTP/1.1" 200 53910
186.103.156.24 - - [12/Aug/2019:14:52:18 -0300] "GET /cormun/servlet/trautorizarsolicitud? HTTP/1.1" 200 8890
186.103.156.24 - - [12/Aug/2019:14:52:23 -0300] "POST /cormun/servlet/trautorizarsolicitud?56da3ca4b267f687a403b98a81101aa0,,gx-no-cache=1565632030294 HTTP/1.1" 200 4714
186.103.156.24 - - [12/Aug/2019:14:52:23 -0300] "GET /cormun/static/Shared/jqueryui/images/ui-bg_highlight-soft_100_c6c2c8_1x100.png HTTP/1.1" 404 1117
186.103.156.24 - - [12/Aug/2019:14:52:23 -0300] "GET /cormun/static/Shared/jqueryui/images/ui-icons_82798d_256x240.png HTTP/1.1" 404 1089
186.103.156.24 - - [12/Aug/2019:14:52:23 -0300] "GET /cormun/static/Shared/jqueryui/images/ui-bg_flat_55_fafafa_40x100.png HTTP/1.1" 404 1097
186.103.156.24 - - [12/Aug/2019:14:52:23 -0300] "GET /cormun/static/Shared/jqueryui/images/ui-icons_8d78a5_256x240.png HTTP/1.1" 404 1089
186.103.156.24 - - [12/Aug/2019:14:52:23 -0300] "POST /cormun/servlet/trautorizarsolicitud?56da3ca4b267f687a403b98a81101aa0,,gx-no-cache=1565632030657 HTTP/1.1" 200 4469
200.54.103.162 - - [12/Aug/2019:14:52:29 -0300] "POST /cormun/servlet/trlicencias?32c2479c9f161978786fa7c70b90bb3d,,gx-no-cache=1565632034571 HTTP/1.1" 440 972
190.171.143.82 - - [12/Aug/2019:14:52:30 -0300] "POST /cormun/servlet/trpermisosgoce?bedc3c52381f32c82feeb5d7197ba5be,,gx-no-cache=1565632194571 HTTP/1.1" 200 10381
200.54.103.162 - - [12/Aug/2019:14:52:31 -0300] "GET /cormun/servlet/trlicencias? HTTP/1.1" 200 6135
200.54.103.162 - - [12/Aug/2019:14:52:31 -0300] "GET /cormun/servlet/hlogin HTTP/1.1" 200 1738
200.54.103.162 - - [12/Aug/2019:14:52:31 -0300] "GET /cormun/servlet/trlicencias? HTTP/1.1" 200 6135
190.171.143.82 - - [12/Aug/2019:14:53:00 -0300] "GET /cormun/servlet/trpermisosadjuntos?9097127,20190805112030,P, HTTP/1.1" 200 6392
190.171.143.82 - - [12/Aug/2019:14:53:01 -0300] "GET /cormun/servlet/trpermisosadjuntos?9097127,20190805112030,P, HTTP/1.1" 200 6392
190.171.143.82 - - [12/Aug/2019:14:53:01 -0300] "GET /favicon.ico HTTP/1.1" 200 21630
200.54.103.162 - - [12/Aug/2019:14:53:04 -0300] "POST /cormun/servlet/hlogin?c68be12e2fe45d2e404c850050d6420c,gx-no-cache=1565632069348 HTTP/1.1" 200 90
186.103.156.24 - - [12/Aug/2019:14:53:04 -0300] "GET /cormun/servlet/trlicencias? HTTP/1.1" 200 12130
200.54.103.162 - - [12/Aug/2019:14:53:04 -0300] "GET /cormun/servlet/hpexe_link HTTP/1.1" 200 957
186.103.156.24 - - [12/Aug/2019:14:53:04 -0300] "GET /cormun/static/gxcfg.js?20176272054169 HTTP/1.1" 200 953
186.103.156.24 - - [12/Aug/2019:14:53:04 -0300] "GET /cormun/static/trlicencias.js?20176272054837 HTTP/1.1" 200 41883
186.103.156.24 - - [12/Aug/2019:14:53:04 -0300] "GET /cormun/static/Resources/Spanish/PXTools.css?17315867 HTTP/1.1" 200 89042
200.54.103.162 - - [12/Aug/2019:14:53:04 -0300] "GET /cormun/servlet/trlicencias HTTP/1.1" 200 14604
186.103.156.24 - - [12/Aug/2019:14:53:04 -0300] "GET /cormun//static/Resources/PXToolsActionDisabled.gif HTTP/1.1" 200 53
186.103.156.24 - - [12/Aug/2019:14:53:04 -0300] "GET /cormun//static/Resources/PXToolsGridDisplay.png HTTP/1.1" 200 362
186.103.156.24 - - [12/Aug/2019:14:53:04 -0300] "GET /cormun//static/Resources/PXToolsActionPrint.png HTTP/1.1" 200 3317
186.103.156.24 - - [12/Aug/2019:14:53:04 -0300] "GET /cormun//static/Resources/PXToolsHeaderFavorites.png HTTP/1.1" 200 2744
186.103.156.24 - - [12/Aug/2019:14:53:04 -0300] "GET /cormun//static/Resources/PXToolsHeaderHelp.png HTTP/1.1" 200 4055
186.103.156.24 - - [12/Aug/2019:14:53:04 -0300] "GET /cormun/servlet/trlicencias? HTTP/1.1" 200 12128
200.54.103.162 - - [12/Aug/2019:14:53:05 -0300] "GET /cormun/servlet/trlicencias HTTP/1.1" 200 14634
190.171.143.82 - - [12/Aug/2019:14:53:05 -0300] "GET /cormun/servlet/permisosadjuntos?INS,9097127,P,20190805112030,, HTTP/1.1" 200 5721
190.171.143.82 - - [12/Aug/2019:14:53:06 -0300] "GET /cormun/static/about:blank HTTP/1.1" 404 1011
190.171.143.82 - - [12/Aug/2019:14:53:06 -0300] "GET /cormun/servlet/permisosadjuntos?INS,9097127,P,20190805112030,, HTTP/1.1" 200 5711
190.171.143.82 - - [12/Aug/2019:14:53:28 -0300] "POST /cormun/servlet/permisosadjuntos?bedc3c52381f32c82feeb5d7197ba5be,INS,9097127,P,20190805112030,, HTTP/1.1" 200 116
190.171.143.82 - - [12/Aug/2019:14:53:28 -0300] "GET /cormun/servlet/hpexe_return? HTTP/1.1" 200 1038
190.171.143.82 - - [12/Aug/2019:14:53:28 -0300] "GET /cormun/servlet/trpermisosadjuntos?9097127,20190805112030,P, HTTP/1.1" 200 6930
190.171.143.82 - - [12/Aug/2019:14:53:29 -0300] "GET /cormun/servlet/trpermisosadjuntos?9097127,20190805112030,P, HTTP/1.1" 200 6924
190.171.143.82 - - [12/Aug/2019:14:53:32 -0300] "GET /cormun/servlet/trpermisosgoce? HTTP/1.1" 200 13231
190.171.143.82 - - [12/Aug/2019:14:53:32 -0300] "GET /cormun/servlet/trpermisosgoce? HTTP/1.1" 200 13249
190.171.143.82 - - [12/Aug/2019:14:53:41 -0300] "POST /cormun/servlet/trpermisosgoce?bedc3c52381f32c82feeb5d7197ba5be,,gx-no-cache=1565632264604 HTTP/1.1" 200 10374
190.171.143.82 - - [12/Aug/2019:14:54:10 -0300] "GET /cormun/servlet/trpermisosingoce? HTTP/1.1" 200 8364
190.171.143.82 - - [12/Aug/2019:14:54:11 -0300] "GET /cormun/servlet/trpermisosingoce? HTTP/1.1" 200 8364
190.171.143.82 - - [12/Aug/2019:14:54:31 -0300] "POST /cormun/servlet/trpermisosingoce?bedc3c52381f32c82feeb5d7197ba5be,,gx-no-cache=1565632315338 HTTP/1.1" 200 5597
192.168.10.96 - - [12/Aug/2019:14:55:01 -0300] "GET /cormun/servlet/trsolicitudgral? HTTP/1.1" 500 10
192.168.10.96 - - [12/Aug/2019:14:55:05 -0300] "GET /cormun/servlet/hlogin HTTP/1.1" 200 1723
192.168.10.96 - - [12/Aug/2019:14:55:10 -0300] "POST /cormun/servlet/hlogin?cf632b3693be846dc370f5f8c52637c3,gx-no-cache=1565631863141 HTTP/1.1" 200 90
192.168.10.96 - - [12/Aug/2019:14:55:10 -0300] "GET /cormun/servlet/hpexe_link HTTP/1.1" 200 954
192.168.10.96 - - [12/Aug/2019:14:55:11 -0300] "GET /cormun/servlet/hhome HTTP/1.1" 200 4776
192.168.10.96 - - [12/Aug/2019:14:55:11 -0300] "GET /cormun/servlet/hhome HTTP/1.1" 200 4772
192.168.10.96 - - [12/Aug/2019:14:55:13 -0300] "GET /cormun/servlet/trsolicitudgral? HTTP/1.1" 200 24953
192.168.10.96 - - [12/Aug/2019:14:55:13 -0300] "GET /cormun/servlet/trsolicitudgral? HTTP/1.1" 200 24950
186.103.159.204 - - [12/Aug/2019:14:57:28 -0300] "GET /cormun/servlet/hlogin HTTP/1.1" 200 1718
186.103.159.204 - - [12/Aug/2019:14:57:29 -0300] "GET /cormun/servlet/hlogin HTTP/1.1" 200 1728
190.171.143.82 - - [12/Aug/2019:14:59:05 -0300] "GET /cormun/servlet/trpermisosgoce? HTTP/1.1" 200 13238
190.171.143.82 - - [12/Aug/2019:14:59:06 -0300] "GET /cormun/servlet/trpermisosgoce? HTTP/1.1" 200 13220
190.171.143.82 - - [12/Aug/2019:14:59:09 -0300] "GET /cormun/servlet/permisogoce?INS,0,,, HTTP/1.1" 200 6916
190.171.143.82 - - [12/Aug/2019:14:59:10 -0300] "GET /cormun/servlet/permisogoce?INS,0,,, HTTP/1.1" 200 6916
179.110.189.234 - - [12/Aug/2019:14:59:11 -0300] "GET / HTTP/1.1" 200 11217
190.171.143.82 - - [12/Aug/2019:14:59:21 -0300] "GET /cormun/servlet/permisogoce?15a587c61f788da12e6c4ca1778e2a1b6dba150fef071dfb9893ca22ae721bfab7e383c8952b15637f765e1a7d38fece61c33693260c38172c013f23cf1c2330,gx-no-cache=1565632605220 HTTP/1.1" 200 75
190.171.143.82 - - [12/Aug/2019:14:59:32 -0300] "GET /cormun/servlet/permisogoce?15a587c61f788da12e6c4ca1778e2a1bd8ded7c93069931a0329b5ba0dfaef9eac0a465b23f7f200e5063bdffbca62af7db0bda3dbccc8bb924dde14d4ac7087,gx-no-cache=1565632616530 HTTP/1.1" 200 47
190.171.143.82 - - [12/Aug/2019:14:59:38 -0300] "POST /cormun/servlet/permisogoce?bedc3c52381f32c82feeb5d7197ba5be,INS,0,,,,gx-no-cache=1565632621958 HTTP/1.1" 200 93
190.171.143.82 - - [12/Aug/2019:14:59:38 -0300] "GET /cormun/servlet/hpexe_return? HTTP/1.1" 200 1011
190.171.143.82 - - [12/Aug/2019:14:59:38 -0300] "GET /cormun/servlet/trpermisosgoce HTTP/1.1" 200 13488
190.171.143.82 - - [12/Aug/2019:14:59:39 -0300] "GET /cormun/servlet/trpermisosgoce HTTP/1.1" 200 13460
190.171.143.82 - - [12/Aug/2019:14:59:44 -0300] "GET /cormun/servlet/apermisogoceprn?18798486,P,20190812134821,PU HTTP/1.1" 200 1653
186.103.159.204 - - [12/Aug/2019:14:59:56 -0300] "POST /cormun/servlet/hlogin?3780111c38edf1724ffbb49b5dd0a8a3,gx-no-cache=1565632481441 HTTP/1.1" 200 90
186.103.159.204 - - [12/Aug/2019:14:59:56 -0300] "GET /cormun/servlet/hpexe_link HTTP/1.1" 200 948
186.103.159.204 - - [12/Aug/2019:14:59:56 -0300] "GET /cormun/servlet/hhome HTTP/1.1" 200 4296
186.103.159.204 - - [12/Aug/2019:14:59:57 -0300] "GET /cormun/servlet/hhome HTTP/1.1" 200 4293
186.103.159.204 - - [12/Aug/2019:15:00:16 -0300] "GET /cormun/servlet/trpermisosgoce? HTTP/1.1" 200 9109
186.103.159.204 - - [12/Aug/2019:15:00:17 -0300] "GET /cormun/servlet/trpermisosgoce? HTTP/1.1" 200 9107
186.103.159.204 - - [12/Aug/2019:15:00:47 -0300] "POST /cormun/servlet/trpermisosgoce?3780111c38edf1724ffbb49b5dd0a8a3,,gx-no-cache=1565632532725 HTTP/1.1" 200 4418
186.103.159.204 - - [12/Aug/2019:15:01:22 -0300] "GET /cormun/servlet/permisogoce?INS,0,,, HTTP/1.1" 200 7162
186.103.159.204 - - [12/Aug/2019:15:01:22 -0300] "GET /cormun/servlet/permisogoce?INS,0,,, HTTP/1.1" 200 7162
186.103.159.204 - - [12/Aug/2019:15:01:40 -0300] "GET /cormun/servlet/permisogoce?08460b534510f677398ba3e6873119727fb9d7cc4f4931b6c77196709531797d6060e2a03035fe9279c2255fbacac26f0e198f3a482399b5d67758c415a3cd46,gx-no-cache=1565632585826 HTTP/1.1" 200 226
186.103.159.204 - - [12/Aug/2019:15:01:40 -0300] "GET /cormun/static/Shared/jqueryui/images/ui-bg_highlight-soft_100_c6c2c8_1x100.png HTTP/1.1" 404 1117
186.103.159.204 - - [12/Aug/2019:15:01:40 -0300] "GET /cormun/static/Shared/jqueryui/images/ui-icons_82798d_256x240.png HTTP/1.1" 404 1089
186.103.159.204 - - [12/Aug/2019:15:01:40 -0300] "GET /cormun/static/Shared/jqueryui/images/ui-bg_flat_55_994d53_40x100.png HTTP/1.1" 404 1097
186.103.159.204 - - [12/Aug/2019:15:01:40 -0300] "GET /cormun/static/Shared/jqueryui/images/ui-icons_ebccce_256x240.png HTTP/1.1" 404 1089
186.103.159.204 - - [12/Aug/2019:15:01:45 -0300] "GET /cormun/servlet/permisogoce?08460b534510f677398ba3e68731197274aa02f40e37132616a345f915430d4799df06adcf75c340fcb3701a67b34e6d,gx-no-cache=1565632590548 HTTP/1.1" 200 78
186.103.159.204 - - [12/Aug/2019:15:01:51 -0300] "GET /cormun/static/menuarrow.gif HTTP/1.1" 404 1015
186.103.159.204 - - [12/Aug/2019:15:01:55 -0300] "GET /cormun/servlet/permisogoce?08460b534510f677398ba3e687311972d1fbd3ef959ec595cfe4c655610f07aacbf510fd82419fe6fee62510622cf6e13ae645480f039f433c25f2d9c9ad8d64,gx-no-cache=1565632601280 HTTP/1.1" 200 129
186.103.159.204 - - [12/Aug/2019:15:02:08 -0300] "GET /cormun/servlet/permisogoce?08460b534510f677398ba3e687311972d1fbd3ef959ec595cfe4c655610f07aa540cc06bb323090a7db0ccb7982b594b3ae645480f039f433c25f2d9c9ad8d64,gx-no-cache=1565632614384 HTTP/1.1" 200 47
186.103.159.204 - - [12/Aug/2019:15:02:24 -0300] "POST /cormun/servlet/permisogoce?3780111c38edf1724ffbb49b5dd0a8a3,INS,0,,,,gx-no-cache=1565632629156 HTTP/1.1" 200 93
186.103.159.204 - - [12/Aug/2019:15:02:24 -0300] "GET /cormun/servlet/hpexe_return? HTTP/1.1" 200 1007
186.103.159.204 - - [12/Aug/2019:15:02:24 -0300] "GET /cormun/servlet/trpermisosgoce? HTTP/1.1" 200 7260
186.103.156.24 - - [12/Aug/2019:15:03:29 -0300] "GET /cormun/servlet/hlogin HTTP/1.1" 200 1723
186.103.156.24 - - [12/Aug/2019:15:03:36 -0300] "POST /cormun/servlet/hlogin?56da3ca4b267f687a403b98a81101aa0,gx-no-cache=1565632703498 HTTP/1.1" 200 90
186.103.156.24 - - [12/Aug/2019:15:03:36 -0300] "GET /cormun/servlet/hpexe_link HTTP/1.1" 200 957
186.103.156.24 - - [12/Aug/2019:15:03:36 -0300] "GET /cormun/servlet/trlicencias HTTP/1.1" 200 12130
186.103.156.24 - - [12/Aug/2019:15:03:37 -0300] "GET /cormun/servlet/trlicencias HTTP/1.1" 200 12128
186.103.159.204 - - [12/Aug/2019:15:05:25 -0300] "GET /cormun/servlet/trpermisosgoce? HTTP/1.1" 200 9069
186.103.159.204 - - [12/Aug/2019:15:05:26 -0300] "GET /cormun/servlet/trpermisosgoce? HTTP/1.1" 200 9069
190.171.143.82 - - [12/Aug/2019:15:07:18 -0300] "GET /cormun/servlet/trinasistencia? HTTP/1.1" 200 8411
190.171.143.82 - - [12/Aug/2019:15:07:20 -0300] "GET /cormun/servlet/trinasistencia? HTTP/1.1" 200 8411
186.103.159.46 - - [12/Aug/2019:15:09:05 -0300] "GET /cormun/servlet/permisogoce?UPD,9517647,P,20190812122444, HTTP/1.1" 200 6186
186.103.159.46 - - [12/Aug/2019:15:09:08 -0300] "GET /cormun/servlet/hlogin HTTP/1.1" 200 1762
186.103.159.46 - - [12/Aug/2019:15:09:08 -0300] "GET /cormun/servlet/permisogoce?UPD,9517647,P,20190812122444, HTTP/1.1" 200 6183
40.77.167.139 - - [12/Aug/2019:15:09:12 -0300] "GET /cormun/servlet/licenciaspermisos?INS,0,,,_escaped_fragment_%3D HTTP/1.1" 200 6618
186.103.159.46 - - [12/Aug/2019:15:09:24 -0300] "POST /cormun/servlet/hlogin?fe00d072fc021614e0942a4fdbea1f74,gx-no-cache=1565629446596 HTTP/1.1" 200 90
186.103.159.46 - - [12/Aug/2019:15:09:24 -0300] "GET /cormun/servlet/hpexe_link HTTP/1.1" 200 981
186.103.159.46 - - [12/Aug/2019:15:09:25 -0300] "GET /cormun/servlet/permisogoce?UPD,9517647,P,20190812122444, HTTP/1.1" 200 6806
186.103.159.46 - - [12/Aug/2019:15:09:27 -0300] "GET /cormun/servlet/permisogoce?UPD,9517647,P,20190812122444, HTTP/1.1" 200 6805
186.103.159.46 - - [12/Aug/2019:15:09:27 -0300] "GET /cormun/servlet/permisogoce?0d47dc8a37bea1caf31f6493ff71000155c67ba08d452f3482fd7c3daaa064c76a1005f9854bbbf31a12402356799ef0ba16fb5e6031276a8a98b064bd29f45288346c0b8d2d7fc21b22d1630c6e695b,gx-no-cache=1565629450906 HTTP/1.1" 200 91
190.171.154.42 - - [12/Aug/2019:15:09:38 -0300] "POST /cormun/servlet/hlogin?cbe2fc5a3f2a02957fbf597061b0c79a,gx-no-cache=1565633062560 HTTP/1.1" 440 972
190.171.154.42 - - [12/Aug/2019:15:09:40 -0300] "GET /cormun/servlet/hlogin HTTP/1.1" 200 1732
190.171.154.42 - - [12/Aug/2019:15:09:49 -0300] "POST /cormun/servlet/hlogin?5dccf2bc43ca9c1e9a84429550d7507e,gx-no-cache=1565633074175 HTTP/1.1" 200 90
190.171.154.42 - - [12/Aug/2019:15:09:49 -0300] "GET /cormun/servlet/hpexe_link HTTP/1.1" 200 950
190.171.154.42 - - [12/Aug/2019:15:09:49 -0300] "GET /cormun/servlet/hhome HTTP/1.1" 200 4319
190.171.154.42 - - [12/Aug/2019:15:09:51 -0300] "GET /cormun/servlet/hhome HTTP/1.1" 200 4316
190.171.154.42 - - [12/Aug/2019:15:09:56 -0300] "GET /cormun/servlet/trpermisosgoce? HTTP/1.1" 200 9896
190.171.154.42 - - [12/Aug/2019:15:09:58 -0300] "GET /cormun/servlet/trpermisosgoce? HTTP/1.1" 200 9902
190.171.154.42 - - [12/Aug/2019:15:10:01 -0300] "GET /cormun/servlet/permisogoce?INS,0,,, HTTP/1.1" 200 7189
190.171.154.42 - - [12/Aug/2019:15:10:03 -0300] "GET /cormun/servlet/permisogoce?INS,0,,, HTTP/1.1" 200 7189
190.171.154.42 - - [12/Aug/2019:15:10:06 -0300] "GET /cormun/servlet/prfichaempleado?,MD,,gxPopupLevel%3D0%3B HTTP/1.1" 200 9422
190.171.154.42 - - [12/Aug/2019:15:10:18 -0300] "POST /cormun/servlet/prfichaempleado?5dccf2bc43ca9c1e9a84429550d7507e,,MD,,gxPopupLevel%3D0%3B,gx-no-cache=1565633102808 HTTP/1.1" 200 3482
190.171.154.42 - - [12/Aug/2019:15:10:23 -0300] "GET /cormun/servlet/permisogoce?5f3363e1a4714e64c89af8f04586b3652fef47da10f0356ef28a45c34f703ea4d5dc47190201a2292317cb8c562d128e7cbc640b31db8e996bf9853d37ef2329,gx-no-cache=1565633108431 HTTP/1.1" 200 80
190.171.154.42 - - [12/Aug/2019:15:10:24 -0300] "GET /cormun/static/menuarrow.gif HTTP/1.1" 404 1015
190.171.154.42 - - [12/Aug/2019:15:10:38 -0300] "GET /cormun/servlet/permisogoce?5f3363e1a4714e64c89af8f04586b365e89d73ff50d1fa256db77165fbd6b14551673ce81d72e24474b58a21da1852ac257ac143686393427b49304601aa151e,gx-no-cache=1565633123089 HTTP/1.1" 200 48
190.171.154.42 - - [12/Aug/2019:15:10:44 -0300] "POST /cormun/servlet/permisogoce?5dccf2bc43ca9c1e9a84429550d7507e,INS,0,,,,gx-no-cache=1565633129085 HTTP/1.1" 200 93
190.171.154.42 - - [12/Aug/2019:15:10:44 -0300] "GET /cormun/servlet/hpexe_return? HTTP/1.1" 200 1008
190.171.154.42 - - [12/Aug/2019:15:10:45 -0300] "GET /cormun/servlet/trpermisosgoce HTTP/1.1" 200 10111
190.171.154.42 - - [12/Aug/2019:15:10:46 -0300] "GET /cormun/servlet/trpermisosgoce HTTP/1.1" 200 10111
190.171.154.42 - - [12/Aug/2019:15:10:55 -0300] "GET /cormun/servlet/apermisogoceprn?14337438,P,20190812135913,PU HTTP/1.1" 200 1652
190.171.154.42 - - [12/Aug/2019:15:11:18 -0300] "GET /cormun/servlet/permisogoce?INS,0,,, HTTP/1.1" 200 7188
190.171.154.42 - - [12/Aug/2019:15:11:19 -0300] "GET /cormun/servlet/permisogoce?INS,0,,, HTTP/1.1" 200 7188
190.171.154.42 - - [12/Aug/2019:15:11:23 -0300] "GET /cormun/servlet/prfichaempleado?,MD,,gxPopupLevel%3D0%3B HTTP/1.1" 200 9422
190.171.154.42 - - [12/Aug/2019:15:11:35 -0300] "POST /cormun/servlet/prfichaempleado?5dccf2bc43ca9c1e9a84429550d7507e,,MD,,gxPopupLevel%3D0%3B,gx-no-cache=1565633179662 HTTP/1.1" 200 3431
190.171.154.42 - - [12/Aug/2019:15:11:39 -0300] "GET /cormun/servlet/permisogoce?5f3363e1a4714e64c89af8f04586b365bebba82a0fe2e00519c4f9c643acc4e0d5dc47190201a2292317cb8c562d128e7cbc640b31db8e996bf9853d37ef2329,gx-no-cache=1565633183940 HTTP/1.1" 200 81
190.171.154.42 - - [12/Aug/2019:15:11:51 -0300] "GET /cormun/servlet/permisogoce?5f3363e1a4714e64c89af8f04586b36584d524e1801e637ae5bf83c1d26d0757a9e272dbbcffac011e17c5791aeb4ac2257ac143686393427b49304601aa151e,gx-no-cache=1565633196203 HTTP/1.1" 200 129
190.171.154.42 - - [12/Aug/2019:15:11:51 -0300] "GET /cormun/static/Shared/jqueryui/images/ui-bg_highlight-soft_100_c6c2c8_1x100.png HTTP/1.1" 404 1117
190.171.154.42 - - [12/Aug/2019:15:11:51 -0300] "GET /cormun/static/Shared/jqueryui/images/ui-icons_82798d_256x240.png HTTP/1.1" 404 1089
190.171.154.42 - - [12/Aug/2019:15:11:51 -0300] "GET /cormun/static/Shared/jqueryui/images/ui-icons_ebccce_256x240.png HTTP/1.1" 404 1089
190.171.154.42 - - [12/Aug/2019:15:11:51 -0300] "GET /cormun/static/Shared/jqueryui/images/ui-bg_flat_55_994d53_40x100.png HTTP/1.1" 404 1097
190.171.154.42 - - [12/Aug/2019:15:11:58 -0300] "GET /cormun/servlet/permisogoce?5f3363e1a4714e64c89af8f04586b36584d524e1801e637ae5bf83c1d26d0757e70b55bbef7cdbf3ccb3925beeb722ba257ac143686393427b49304601aa151e,gx-no-cache=1565633202781 HTTP/1.1" 200 48
190.171.153.34 - - [12/Aug/2019:15:12:41 -0300] "üŽ¼È©b̈×V_mìb¨Ñã4?›÷#¥ã¼$˜÷ Nr¹€Nf=É,ð´²™°f¦ã0ã@ƒUE©Y!ÎC›"ººÀ+À/À,À0̨̩ÀÀœ/5 " 400 -
190.171.153.34 - - [12/Aug/2019:15:12:41 -0300] "ü;˜RQç“}!½