190.171.142.42 - - [12/Aug/2019:14:32:06 -0300] "GET /cormun/static/SmoothNavMenu/resources/ddsmoothmenu.js HTTP/1.1" 200 12712
190.171.142.42 - - [12/Aug/2019:14:32:06 -0300] "GET /cormun/static/SmoothNavMenu/resources/SmoothNavMenuRender.js HTTP/1.1" 200 5951
190.171.142.42 - - [12/Aug/2019:14:32:06 -0300] "GET /cormun/static/scaMessage/js/jquery.pnotify.min.js HTTP/1.1" 200 13038
190.171.142.42 - - [12/Aug/2019:14:32:06 -0300] "GET /cormun/static/scaMessage/scaMessageRender.js HTTP/1.1" 200 11977
190.171.142.42 - - [12/Aug/2019:14:32:06 -0300] "GET /cormun/static/hmpwkw03.js?20189613443875 HTTP/1.1" 200 3965
190.171.142.42 - - [12/Aug/2019:14:32:07 -0300] "GET /cormun/static/Shared/jquery/jquery-1.10.2.min.js HTTP/1.1" 200 273199
190.171.142.42 - - [12/Aug/2019:14:32:07 -0300] "GET /cormun/static/Shared/jqueryui/jquery-ui.min.js HTTP/1.1" 200 240427
190.171.142.42 - - [12/Aug/2019:14:32:07 -0300] "GET /cormun/servlet/hlogin HTTP/1.1" 200 1736
190.171.142.42 - - [12/Aug/2019:14:32:07 -0300] "GET /cormun/servlet/hhome HTTP/1.1" 200 3433
190.171.142.42 - - [12/Aug/2019:14:32:07 -0300] "GET /cormun/static/Resources/ComunLogin.png HTTP/1.1" 200 17326
190.171.142.42 - - [12/Aug/2019:14:32:07 -0300] "GET /cormun/static/Resources/Spanish/PXTools.css?1155365 HTTP/1.1" 200 89042
190.171.142.42 - - [12/Aug/2019:14:32:07 -0300] "GET /cormun/static/gxcfg.js?20177612122725 HTTP/1.1" 200 953
190.171.142.42 - - [12/Aug/2019:14:32:07 -0300] "GET /cormun/static/hlogin.js?20177612122738 HTTP/1.1" 200 2136
190.171.142.42 - - [12/Aug/2019:14:32:07 -0300] "GET /cormun/static/Resources/PXToolsButtonLeft21.png HTTP/1.1" 200 1287
190.171.142.42 - - [12/Aug/2019:14:32:07 -0300] "GET /cormun/static/Resources/PXToolsLoginBackground.png HTTP/1.1" 200 1164
190.171.142.42 - - [12/Aug/2019:14:32:07 -0300] "GET /cormun/static/Resources/PXToolsButtonRight21.png HTTP/1.1" 200 1283
190.171.142.42 - - [12/Aug/2019:14:32:07 -0300] "GET /cormun/static/Resources/PXToolsButtonBackground2.png HTTP/1.1" 200 1181
190.171.142.42 - - [12/Aug/2019:14:32:07 -0300] "GET /cormun/static/Resources/PXToolsLoginBottom.png HTTP/1.1" 200 1389
190.171.142.42 - - [12/Aug/2019:14:32:07 -0300] "GET /cormun/static/Resources/PXToolsLoginTop.png HTTP/1.1" 200 1337
190.171.142.42 - - [12/Aug/2019:14:32:17 -0300] "POST /cormun/servlet/hlogin?8418498c405e3fcccafcecefaf5e5c07,gx-no-cache=1565630824451 HTTP/1.1" 200 90
190.171.142.42 - - [12/Aug/2019:14:32:17 -0300] "GET /cormun/servlet/hpexe_link HTTP/1.1" 200 954
190.171.142.42 - - [12/Aug/2019:14:32:17 -0300] "GET /cormun/static/gxcfg.js?20177612121792 HTTP/1.1" 200 953
190.171.142.42 - - [12/Aug/2019:14:32:17 -0300] "GET /cormun/static/hpexe_link.js?20177612121795 HTTP/1.1" 200 625
190.171.142.42 - - [12/Aug/2019:14:32:17 -0300] "GET /cormun/servlet/hhome HTTP/1.1" 200 4311
190.171.142.42 - - [12/Aug/2019:14:32:18 -0300] "GET /cormun/servlet/hhome HTTP/1.1" 200 4307
190.171.142.42 - - [12/Aug/2019:14:32:18 -0300] "GET /cormun/static/SmoothNavMenu/resources/images/down.gif HTTP/1.1" 200 854
190.171.142.42 - - [12/Aug/2019:14:32:18 -0300] "GET /cormun/static/SmoothNavMenu/resources/images/right.gif HTTP/1.1" 200 860
186.103.156.24 - - [12/Aug/2019:14:32:20 -0300] "POST /cormun/servlet/solicitudot?gx-no-cache=1565630826838 HTTP/1.1" 200 3483
186.103.156.24 - - [12/Aug/2019:14:32:20 -0300] "POST /cormun/servlet/solicitudot?56da3ca4b267f687a403b98a81101aa0,INS,0,0,,gx-no-cache=1565630827274 HTTP/1.1" 200 11966
190.171.142.42 - - [12/Aug/2019:14:32:22 -0300] "GET /cormun/servlet/trpermisosgoce? HTTP/1.1" 200 11196
190.171.142.42 - - [12/Aug/2019:14:32:22 -0300] "GET /cormun/static/calendar-system.css?75620 HTTP/1.1" 200 5572
190.171.142.42 - - [12/Aug/2019:14:32:22 -0300] "GET /cormun/static/gxui/gxui-all.css?110300 HTTP/1.1" 200 2179
186.103.156.24 - - [12/Aug/2019:14:32:22 -0300] "GET /cormun/servlet/solicitudot?30985456b73c893a22d396543e3c7b3310331d8c81628e41130eabc2733c98ae85e84a6f15ec54c5462b00d638076ef0,gx-no-cache=1565630829594 HTTP/1.1" 200 30
190.171.142.42 - - [12/Aug/2019:14:32:22 -0300] "GET /cormun/static/gxcfg.js?20177612163875 HTTP/1.1" 200 953
190.171.142.42 - - [12/Aug/2019:14:32:22 -0300] "GET /cormun/static/calendar-es.js?85251 HTTP/1.1" 200 1901
190.171.142.42 - - [12/Aug/2019:14:32:22 -0300] "GET /cormun/static/calendar.js?85251 HTTP/1.1" 200 26246
190.171.142.42 - - [12/Aug/2019:14:32:22 -0300] "GET /cormun/static/calendar-setup.js?85251 HTTP/1.1" 200 2588
190.171.142.42 - - [12/Aug/2019:14:32:22 -0300] "GET /cormun/static/Resources/PXToolsDataSearch.png HTTP/1.1" 200 419
190.171.142.42 - - [12/Aug/2019:14:32:22 -0300] "GET /cormun/static/Resources/PXTools/calendar.png HTTP/1.1" 200 1306
190.171.142.42 - - [12/Aug/2019:14:32:22 -0300] "GET /cormun/static/gxdec.js?85251 HTTP/1.1" 200 19579
190.171.142.42 - - [12/Aug/2019:14:32:22 -0300] "GET /cormun/static/trpermisosgoce.js?20177612164335 HTTP/1.1" 200 35904
190.171.142.42 - - [12/Aug/2019:14:32:22 -0300] "GET /cormun/static/Resources/PXToolsGridFirstDisabled.gif HTTP/1.1" 200 100
190.171.142.42 - - [12/Aug/2019:14:32:22 -0300] "GET /cormun/static/Resources/PXToolsGridPreviousDisabled.gif HTTP/1.1" 200 90
190.171.142.42 - - [12/Aug/2019:14:32:22 -0300] "GET /cormun/static/Resources/PXToolsGridNextDisabled.gif HTTP/1.1" 200 90
190.171.142.42 - - [12/Aug/2019:14:32:22 -0300] "GET /cormun/static/Shared/ext/resources/css/ext-all.css?205870 HTTP/1.1" 200 416045
190.171.142.42 - - [12/Aug/2019:14:32:22 -0300] "GET /cormun/static/Resources/PXToolsGridLastDisabled.gif HTTP/1.1" 200 98
190.171.142.42 - - [12/Aug/2019:14:32:22 -0300] "GET /cormun/static/Resources/PXToolsGridPage.gif HTTP/1.1" 200 725
190.171.142.42 - - [12/Aug/2019:14:32:22 -0300] "GET /cormun/static/Resources/PXToolsActionExcel.png HTTP/1.1" 200 3187
190.171.142.42 - - [12/Aug/2019:14:32:22 -0300] "GET /cormun/static/Resources/PXToolsGridNew.png HTTP/1.1" 200 2949
190.171.142.42 - - [12/Aug/2019:14:32:23 -0300] "GET /cormun/static/Resources/asc.gif HTTP/1.1" 200 67
190.171.142.42 - - [12/Aug/2019:14:32:23 -0300] "GET /cormun/static/Resources/desc.gif HTTP/1.1" 200 65
190.171.142.42 - - [12/Aug/2019:14:32:23 -0300] "GET /cormun//static/Resources/PXToolsActionDisabled.gif HTTP/1.1" 200 53
190.171.142.42 - - [12/Aug/2019:14:32:23 -0300] "GET /cormun//static/Resources/PXToolsGridDisplay.png HTTP/1.1" 200 362
190.171.142.42 - - [12/Aug/2019:14:32:23 -0300] "GET /cormun//static/Resources/PXTools/ActionInsert.png HTTP/1.1" 200 1482
190.171.142.42 - - [12/Aug/2019:14:32:23 -0300] "GET /cormun//static/Resources/PXToolsHeaderHelp.png HTTP/1.1" 200 4055
190.171.142.42 - - [12/Aug/2019:14:32:23 -0300] "GET /cormun//static/Resources/PXToolsGridDelete.png HTTP/1.1" 200 357
190.171.142.42 - - [12/Aug/2019:14:32:23 -0300] "GET /cormun//static/Resources/PXToolsActionPrint.png HTTP/1.1" 200 3317
190.171.142.42 - - [12/Aug/2019:14:32:23 -0300] "GET /cormun//static/Resources/PXToolsHeaderFavorites.png HTTP/1.1" 200 2744
190.171.142.42 - - [12/Aug/2019:14:32:23 -0300] "GET /cormun/servlet/trpermisosgoce? HTTP/1.1" 200 11193
190.171.142.42 - - [12/Aug/2019:14:32:23 -0300] "GET /cormun/static/Shared/ext/resources/themes/images/default/panel/bg-headersPanel.png HTTP/1.1" 200 255
190.171.142.42 - - [12/Aug/2019:14:32:23 -0300] "GET /cormun/static/Shared/ext/resources/themes/images/default/tools/tool-sprites.gif HTTP/1.1" 200 5434
190.171.142.42 - - [12/Aug/2019:14:32:31 -0300] "GET /cormun/servlet/permisogoce?INS,0,,, HTTP/1.1" 200 7181
190.171.142.42 - - [12/Aug/2019:14:32:31 -0300] "GET /cormun/static/gxcfg.js?201776126440 HTTP/1.1" 200 953
190.171.142.42 - - [12/Aug/2019:14:32:31 -0300] "GET /cormun/static/Resources/prompt.gif HTTP/1.1" 200 902
190.171.142.42 - - [12/Aug/2019:14:32:31 -0300] "GET /cormun/static/permisogoce.js?2017761264459 HTTP/1.1" 200 27897
190.171.142.42 - - [12/Aug/2019:14:32:32 -0300] "GET /cormun/servlet/permisogoce?INS,0,,, HTTP/1.1" 200 7180
190.171.142.42 - - [12/Aug/2019:14:32:34 -0300] "GET /cormun/static/Resources/resize.gif HTTP/1.1" 200 77
190.171.142.42 - - [12/Aug/2019:14:32:35 -0300] "GET /cormun/servlet/prfichaempleado?,MD,,gxPopupLevel%3D0%3B HTTP/1.1" 200 9414
190.171.142.42 - - [12/Aug/2019:14:32:35 -0300] "GET /cormun/static/gxcfg.js?20177612134814 HTTP/1.1" 200 953
190.171.142.42 - - [12/Aug/2019:14:32:35 -0300] "GET /cormun/static/Resources/PXToolsMenuSearch.png HTTP/1.1" 200 2914
190.171.142.42 - - [12/Aug/2019:14:32:35 -0300] "GET /cormun/static/Resources/PXToolsMenuSearchCancel.png HTTP/1.1" 200 2972
190.171.142.42 - - [12/Aug/2019:14:32:35 -0300] "GET /cormun/static/prfichaempleado.js?20177612134999 HTTP/1.1" 200 16006
190.171.142.42 - - [12/Aug/2019:14:32:35 -0300] "GET /cormun/static/menusearch.js?201610171694467 HTTP/1.1" 200 1424
190.171.142.42 - - [12/Aug/2019:14:32:35 -0300] "GET /cormun/static/hmpwkw011.js?20177612121862 HTTP/1.1" 200 1968
190.171.142.42 - - [12/Aug/2019:14:32:54 -0300] "POST /cormun/servlet/prfichaempleado?8418498c405e3fcccafcecefaf5e5c07,,MD,,gxPopupLevel%3D0%3B,gx-no-cache=1565630861493 HTTP/1.1" 200 3485
190.171.142.42 - - [12/Aug/2019:14:32:59 -0300] "GET /cormun/servlet/permisogoce?5916b788fa8046f328eb2ab755eb58ffc8c05127f72c0f9d937950f8f695e34172de86d9610477e0cb31581469a64b83114c5f1e2cf8b26bbfd5b4e63c159bd7,gx-no-cache=1565630866370 HTTP/1.1" 200 86
190.171.142.42 - - [12/Aug/2019:14:33:24 -0300] "GET /cormun/static/menuarrow.gif HTTP/1.1" 404 1015
190.171.142.42 - - [12/Aug/2019:14:33:30 -0300] "GET /cormun/servlet/permisogoce?5916b788fa8046f328eb2ab755eb58ff24e88a48293419f577d16328f885cd93989df9534d01212791c2f51683bc11f0ced5a6115e4be5c1693eb294e5d43a38,gx-no-cache=1565630897750 HTTP/1.1" 200 47
190.171.142.42 - - [12/Aug/2019:14:33:35 -0300] "POST /cormun/servlet/permisogoce?8418498c405e3fcccafcecefaf5e5c07,INS,0,,,,gx-no-cache=1565630902101 HTTP/1.1" 200 93
190.171.142.42 - - [12/Aug/2019:14:33:36 -0300] "GET /cormun/servlet/hpexe_return? HTTP/1.1" 200 1015
190.171.142.42 - - [12/Aug/2019:14:33:36 -0300] "GET /cormun/servlet/trpermisosgoce HTTP/1.1" 200 11490
190.171.142.42 - - [12/Aug/2019:14:33:36 -0300] "GET /cormun//static/Resources/PXToolsGridUpdate.png HTTP/1.1" 200 2984
190.171.142.42 - - [12/Aug/2019:14:33:36 -0300] "GET /cormun/servlet/trpermisosgoce HTTP/1.1" 200 11476
190.171.142.42 - - [12/Aug/2019:14:33:40 -0300] "GET /cormun/servlet/trpermisosadjuntos?15995056,20190812132144,P, HTTP/1.1" 200 6629
190.171.142.42 - - [12/Aug/2019:14:33:41 -0300] "GET /cormun/static/gxcfg.js?201762817193957 HTTP/1.1" 200 953
190.171.142.42 - - [12/Aug/2019:14:33:41 -0300] "GET /cormun/static/trpermisosadjuntos.js?201762817194366 HTTP/1.1" 200 20158
190.171.142.42 - - [12/Aug/2019:14:33:41 -0300] "GET /cormun/static/Resources/Spanish/PXTools.css?17315867 HTTP/1.1" 200 89042
190.171.142.42 - - [12/Aug/2019:14:33:41 -0300] "GET /cormun/servlet/trpermisosadjuntos?15995056,20190812132144,P, HTTP/1.1" 200 6629
190.171.142.42 - - [12/Aug/2019:14:33:43 -0300] "GET /cormun/servlet/permisosadjuntos?INS,15995056,P,20190812132144,, HTTP/1.1" 200 5956
190.171.142.42 - - [12/Aug/2019:14:33:44 -0300] "GET /cormun/static/gxcfg.js?201762717441171 HTTP/1.1" 200 953
190.171.142.42 - - [12/Aug/2019:14:33:44 -0300] "GET /cormun/static/permisosadjuntos.js?201762717441184 HTTP/1.1" 200 8724
190.171.142.42 - - [12/Aug/2019:14:33:44 -0300] "GET /cormun/static/about:blank HTTP/1.1" 404 1011
190.171.142.42 - - [12/Aug/2019:14:33:44 -0300] "GET /cormun/servlet/permisosadjuntos?INS,15995056,P,20190812132144,, HTTP/1.1" 200 5945
190.171.142.42 - - [12/Aug/2019:14:34:00 -0300] "POST /cormun/servlet/permisosadjuntos?8418498c405e3fcccafcecefaf5e5c07,INS,15995056,P,20190812132144,, HTTP/1.1" 200 116
190.171.142.42 - - [12/Aug/2019:14:34:00 -0300] "GET /cormun/servlet/hpexe_return? HTTP/1.1" 200 1042
190.171.142.42 - - [12/Aug/2019:14:34:00 -0300] "GET /cormun/servlet/trpermisosadjuntos?15995056,20190812132144,P, HTTP/1.1" 200 7119
190.171.142.42 - - [12/Aug/2019:14:34:00 -0300] "GET /cormun/servlet/trpermisosadjuntos?15995056,20190812132144,P, HTTP/1.1" 200 7115
190.171.142.42 - - [12/Aug/2019:14:34:05 -0300] "GET /cormun/servlet/trpermisosgoce? HTTP/1.1" 200 11475
190.171.142.42 - - [12/Aug/2019:14:34:06 -0300] "GET /cormun/servlet/trpermisosgoce? HTTP/1.1" 200 11471
190.171.142.42 - - [12/Aug/2019:14:34:10 -0300] "POST /cormun/servlet/trpermisosgoce?8418498c405e3fcccafcecefaf5e5c07,,gx-no-cache=1565630937235 HTTP/1.1" 200 8599
190.171.142.42 - - [12/Aug/2019:14:34:10 -0300] "GET /cormun/static/Shared/jqueryui/images/ui-bg_highlight-soft_100_c6c2c8_1x100.png HTTP/1.1" 404 1117
190.171.142.42 - - [12/Aug/2019:14:34:10 -0300] "GET /cormun/static/Shared/jqueryui/images/ui-bg_flat_55_fafafa_40x100.png HTTP/1.1" 404 1097
190.171.142.42 - - [12/Aug/2019:14:34:10 -0300] "GET /cormun/static/Shared/jqueryui/images/ui-icons_82798d_256x240.png HTTP/1.1" 404 1089
190.171.142.42 - - [12/Aug/2019:14:34:10 -0300] "GET /cormun/static/Shared/jqueryui/images/ui-icons_8d78a5_256x240.png HTTP/1.1" 404 1089
190.171.142.42 - - [12/Aug/2019:14:34:19 -0300] "GET /cormun/servlet/permisogoce?INS,0,,, HTTP/1.1" 200 7180
190.171.142.42 - - [12/Aug/2019:14:34:20 -0300] "GET /cormun/servlet/permisogoce?INS,0,,, HTTP/1.1" 200 7179
190.171.142.42 - - [12/Aug/2019:14:34:23 -0300] "GET /cormun/servlet/prfichaempleado?,MD,,gxPopupLevel%3D0%3B HTTP/1.1" 200 9414
190.171.142.42 - - [12/Aug/2019:14:34:56 -0300] "POST /cormun/servlet/prfichaempleado?8418498c405e3fcccafcecefaf5e5c07,,MD,,gxPopupLevel%3D0%3B,gx-no-cache=1565630982736 HTTP/1.1" 200 3479
190.171.142.42 - - [12/Aug/2019:14:35:02 -0300] "GET /cormun/servlet/permisogoce?5916b788fa8046f328eb2ab755eb58ff29864841b255f6d63baf42fe4c509a0472de86d9610477e0cb31581469a64b83114c5f1e2cf8b26bbfd5b4e63c159bd7,gx-no-cache=1565630989371 HTTP/1.1" 200 83
190.171.142.42 - - [12/Aug/2019:14:35:12 -0300] "GET /cormun/servlet/permisogoce?5916b788fa8046f328eb2ab755eb58ff636fd8308f52e82a675ecf538d233fbc715a71db360687d04962a2015721c332ced5a6115e4be5c1693eb294e5d43a38,gx-no-cache=1565630999458 HTTP/1.1" 200 45
186.103.156.24 - - [12/Aug/2019:14:35:17 -0300] "POST /cormun/servlet/solicitudot?56da3ca4b267f687a403b98a81101aa0,INS,0,0,,gx-no-cache=1565631004067 HTTP/1.1" 200 12149
186.103.156.24 - - [12/Aug/2019:14:35:17 -0300] "GET /cormun/static/Shared/jqueryui/images/ui-bg_highlight-soft_100_c6c2c8_1x100.png HTTP/1.1" 404 1117
186.103.156.24 - - [12/Aug/2019:14:35:17 -0300] "GET /cormun/static/Shared/jqueryui/images/ui-icons_82798d_256x240.png HTTP/1.1" 404 1089
186.103.156.24 - - [12/Aug/2019:14:35:17 -0300] "GET /cormun/static/Shared/jqueryui/images/ui-bg_flat_55_fafafa_40x100.png HTTP/1.1" 404 1097
186.103.156.24 - - [12/Aug/2019:14:35:17 -0300] "GET /cormun/static/Shared/jqueryui/images/ui-icons_8d78a5_256x240.png HTTP/1.1" 404 1089
190.171.142.42 - - [12/Aug/2019:14:35:17 -0300] "POST /cormun/servlet/permisogoce?8418498c405e3fcccafcecefaf5e5c07,INS,0,,,,gx-no-cache=1565631004557 HTTP/1.1" 200 93
190.171.142.42 - - [12/Aug/2019:14:35:17 -0300] "GET /cormun/servlet/hpexe_return? HTTP/1.1" 200 1015
190.171.142.42 - - [12/Aug/2019:14:35:18 -0300] "GET /cormun/servlet/trpermisosgoce? HTTP/1.1" 200 11739
190.171.142.42 - - [12/Aug/2019:14:35:18 -0300] "GET /cormun/servlet/trpermisosgoce? HTTP/1.1" 200 11735
186.103.156.24 - - [12/Aug/2019:14:35:21 -0300] "GET /cormun/servlet/solicitudot?30985456b73c893a22d396543e3c7b33bc1a9c99ffabf6fdb713df23491a1e9bc080791e7c991c2c97225ee7b1bcb727,gx-no-cache=1565631008703 HTTP/1.1" 200 30
186.103.156.24 - - [12/Aug/2019:14:35:21 -0300] "GET /cormun/servlet/solicitudot?30985456b73c893a22d396543e3c7b335f730ad09a64d26239e0887e1538b378,gx-no-cache=1565631008741 HTTP/1.1" 200 29
190.171.142.42 - - [12/Aug/2019:14:35:23 -0300] "GET /cormun/servlet/trpermisosadjuntos?19590923,20190812132332,P, HTTP/1.1" 200 6626
190.171.142.42 - - [12/Aug/2019:14:35:23 -0300] "GET /cormun/servlet/trpermisosadjuntos?19590923,20190812132332,P, HTTP/1.1" 200 6627
186.103.156.24 - - [12/Aug/2019:14:35:23 -0300] "POST /cormun/servlet/solicitudot?gx-no-cache=1565631010831 HTTP/1.1" 200 255
190.171.142.42 - - [12/Aug/2019:14:35:26 -0300] "GET /cormun/servlet/permisosadjuntos?INS,19590923,P,20190812132332,, HTTP/1.1" 200 5956
190.171.142.42 - - [12/Aug/2019:14:35:26 -0300] "GET /cormun/static/about:blank HTTP/1.1" 404 1011
190.171.142.42 - - [12/Aug/2019:14:35:26 -0300] "GET /cormun/servlet/permisosadjuntos?INS,19590923,P,20190812132332,, HTTP/1.1" 200 5946
186.103.156.24 - - [12/Aug/2019:14:35:27 -0300] "POST /cormun/servlet/solicitudot?gx-no-cache=1565631014527 HTTP/1.1" 200 240
186.103.156.24 - - [12/Aug/2019:14:35:29 -0300] "GET /cormun/servlet/solicitudot?30985456b73c893a22d396543e3c7b33746cd616d9bf62405fa2ef7398ca96ad655204517bf10442e78e021e7406ce843bad9dcf0a233f51f119a10d9289c0693ecc79f2d73eac0599173283eb1b174dc1a4bdc0cd3dc24f8b6617a50fdf57365ed1aa9c69ae9d72e8863157807c3f751f093294f563769541cde52a9f2f58a4ec9aab5c79b19016885369d7ff0b3ecf9250db27d5fcdd870b7f7e873ac34f79eeee575b46cf31df960e0a0b1410e5eb384b83f770fe2bfff08e2305ff00f6f3975c92167da03c3eec1a2aa492506aeff42554704ddcb40270ddfefe6987783d928cda07766b19552d3e4714662ec8d2addffdc138d96b3f849a00999a1176c8799539589afc13af5939430df11d8f6b8c29c5f046056f3702f33a0597c2d422f0958ce4a8818bef61e9bce6e8eff0a60bf07b0cc46b023768c8592f79e95834f51b9e76965155f6d929aeffe3511dc979f99a80fba2c6e756d8d217d2c71a747023db84c3f221ec571cf0b4c1161e0304fd0da42bc5c06d4c68fc74c725faca,gx-no-cache=1565631017050 HTTP/1.1" 200 30
190.171.143.82 - - [12/Aug/2019:14:35:37 -0300] "GET /cormun/servlet/hhome HTTP/1.1" 200 3421
186.103.156.24 - - [12/Aug/2019:14:35:38 -0300] "POST /cormun/servlet/solicitudot?gx-no-cache=1565631026039 HTTP/1.1" 200 30
190.171.143.82 - - [12/Aug/2019:14:35:39 -0300] "GET /cormun/servlet/hhome HTTP/1.1" 200 3431
190.171.143.82 - - [12/Aug/2019:14:35:39 -0300] "GET /cormun/servlet/hlogin HTTP/1.1" 200 1732
190.171.143.82 - - [12/Aug/2019:14:35:39 -0300] "GET /cormun/servlet/hhome HTTP/1.1" 200 3431
190.171.142.42 - - [12/Aug/2019:14:35:46 -0300] "POST /cormun/servlet/permisosadjuntos?8418498c405e3fcccafcecefaf5e5c07,INS,19590923,P,20190812132332,, HTTP/1.1" 200 116
190.171.142.42 - - [12/Aug/2019:14:35:46 -0300] "GET /cormun/servlet/hpexe_return? HTTP/1.1" 200 1042
190.171.142.42 - - [12/Aug/2019:14:35:47 -0300] "GET /cormun/servlet/trpermisosadjuntos?19590923,20190812132332,P, HTTP/1.1" 200 7120
190.171.142.42 - - [12/Aug/2019:14:35:47 -0300] "GET /cormun/servlet/trpermisosadjuntos?19590923,20190812132332,P, HTTP/1.1" 200 7116
190.171.143.82 - - [12/Aug/2019:14:35:51 -0300] "POST /cormun/servlet/hlogin?bedc3c52381f32c82feeb5d7197ba5be,gx-no-cache=1565631194749 HTTP/1.1" 200 90
190.171.142.42 - - [12/Aug/2019:14:35:51 -0300] "GET /cormun/servlet/trpermisosgoce? HTTP/1.1" 200 11737
190.171.143.82 - - [12/Aug/2019:14:35:51 -0300] "GET /cormun/servlet/hpexe_link HTTP/1.1" 200 950
190.171.143.82 - - [12/Aug/2019:14:35:51 -0300] "GET /cormun/servlet/hhome HTTP/1.1" 200 4078
190.171.142.42 - - [12/Aug/2019:14:35:51 -0300] "GET /cormun/servlet/trpermisosgoce? HTTP/1.1" 200 11723
190.171.143.82 - - [12/Aug/2019:14:35:52 -0300] "GET /cormun/servlet/hhome HTTP/1.1" 200 4074
190.171.142.42 - - [12/Aug/2019:14:35:58 -0300] "POST /cormun/servlet/trpermisosgoce?8418498c405e3fcccafcecefaf5e5c07,,gx-no-cache=1565631044411 HTTP/1.1" 200 8829
190.171.142.42 - - [12/Aug/2019:14:35:58 -0300] "GET /cormun/static/Shared/jqueryui/images/ui-bg_highlight-soft_100_c6c2c8_1x100.png HTTP/1.1" 404 1117
190.171.142.42 - - [12/Aug/2019:14:35:58 -0300] "GET /cormun/static/Shared/jqueryui/images/ui-icons_82798d_256x240.png HTTP/1.1" 404 1089
190.171.142.42 - - [12/Aug/2019:14:35:58 -0300] "GET /cormun/static/Shared/jqueryui/images/ui-bg_flat_55_fafafa_40x100.png HTTP/1.1" 404 1097
190.171.142.42 - - [12/Aug/2019:14:35:58 -0300] "GET /cormun/static/Shared/jqueryui/images/ui-icons_8d78a5_256x240.png HTTP/1.1" 404 1089
186.103.156.24 - - [12/Aug/2019:14:36:22 -0300] "POST /cormun/servlet/solicitudot?gx-no-cache=1565631069720 HTTP/1.1" 200 1360
186.103.156.24 - - [12/Aug/2019:14:36:22 -0300] "GET /cormun/static/menuarrow.gif HTTP/1.1" 404 1015
190.171.143.82 - - [12/Aug/2019:14:36:43 -0300] "GET /cormun/servlet/trpermisosgoce? HTTP/1.1" 200 12798
190.171.143.82 - - [12/Aug/2019:14:36:44 -0300] "GET /cormun/servlet/trpermisosgoce? HTTP/1.1" 200 12800
190.171.143.82 - - [12/Aug/2019:14:36:52 -0300] "GET /cormun/servlet/trpermisosadjuntos?15344156,20190802141304,P, HTTP/1.1" 200 6402
190.171.143.82 - - [12/Aug/2019:14:36:52 -0300] "GET /cormun/static/gxcfg.js?201762817193957 HTTP/1.1" 200 953
190.171.143.82 - - [12/Aug/2019:14:36:52 -0300] "GET /cormun/static/trpermisosadjuntos.js?201762817194366 HTTP/1.1" 200 20158
190.171.143.82 - - [12/Aug/2019:14:36:53 -0300] "GET /cormun/servlet/trpermisosadjuntos?15344156,20190802141304,P, HTTP/1.1" 200 6402
190.171.143.82 - - [12/Aug/2019:14:36:55 -0300] "GET /cormun/servlet/permisosadjuntos?INS,15344156,P,20190802141304,, HTTP/1.1" 200 5728
190.171.143.82 - - [12/Aug/2019:14:36:55 -0300] "GET /cormun/static/gxcfg.js?201762717441171 HTTP/1.1" 200 953
190.171.143.82 - - [12/Aug/2019:14:36:55 -0300] "GET /cormun/static/permisosadjuntos.js?201762717441184 HTTP/1.1" 200 8724
190.171.143.82 - - [12/Aug/2019:14:36:55 -0300] "GET /cormun/static/about:blank HTTP/1.1" 404 1011
190.171.143.82 - - [12/Aug/2019:14:36:56 -0300] "GET /cormun/servlet/permisosadjuntos?INS,15344156,P,20190802141304,, HTTP/1.1" 200 5718
190.171.143.82 - - [12/Aug/2019:14:37:14 -0300] "POST /cormun/servlet/permisosadjuntos?bedc3c52381f32c82feeb5d7197ba5be,INS,15344156,P,20190802141304,, HTTP/1.1" 200 116
190.171.143.82 - - [12/Aug/2019:14:37:14 -0300] "GET /cormun/servlet/hpexe_return? HTTP/1.1" 200 1039
190.171.143.82 - - [12/Aug/2019:14:37:14 -0300] "GET /cormun/servlet/trpermisosadjuntos?15344156,20190802141304,P, HTTP/1.1" 200 6945
190.171.143.82 - - [12/Aug/2019:14:37:15 -0300] "GET /cormun/servlet/trpermisosadjuntos?15344156,20190802141304,P, HTTP/1.1" 200 6942
186.103.156.24 - - [12/Aug/2019:14:37:18 -0300] "POST /cormun/servlet/solicitudot?gx-no-cache=1565631125207 HTTP/1.1" 200 41
190.171.143.82 - - [12/Aug/2019:14:37:18 -0300] "GET /cormun/servlet/trpermisosgoce? HTTP/1.1" 200 12804
190.171.143.82 - - [12/Aug/2019:14:37:19 -0300] "GET /cormun/servlet/trpermisosgoce? HTTP/1.1" 200 12800
190.171.143.82 - - [12/Aug/2019:14:37:26 -0300] "GET /cormun/servlet/trpermisosadjuntos?9148656,20190805110254,P, HTTP/1.1" 200 6389
190.171.143.82 - - [12/Aug/2019:14:37:27 -0300] "GET /cormun/servlet/trpermisosadjuntos?9148656,20190805110254,P, HTTP/1.1" 200 6389
190.171.143.82 - - [12/Aug/2019:14:37:29 -0300] "GET /cormun/servlet/permisosadjuntos?INS,9148656,P,20190805110254,, HTTP/1.1" 200 5720
190.171.143.82 - - [12/Aug/2019:14:37:29 -0300] "GET /cormun/static/about:blank HTTP/1.1" 404 1011
190.171.143.82 - - [12/Aug/2019:14:37:30 -0300] "GET /cormun/servlet/permisosadjuntos?INS,9148656,P,20190805110254,, HTTP/1.1" 200 5710
190.171.143.82 - - [12/Aug/2019:14:37:42 -0300] "POST /cormun/servlet/permisosadjuntos?bedc3c52381f32c82feeb5d7197ba5be,INS,9148656,P,20190805110254,, HTTP/1.1" 200 116
190.171.143.82 - - [12/Aug/2019:14:37:42 -0300] "GET /cormun/servlet/hpexe_return? HTTP/1.1" 200 1038
190.171.143.82 - - [12/Aug/2019:14:37:42 -0300] "GET /cormun/servlet/trpermisosadjuntos?9148656,20190805110254,P, HTTP/1.1" 200 6929
190.171.143.82 - - [12/Aug/2019:14:37:43 -0300] "GET /cormun/servlet/trpermisosadjuntos?9148656,20190805110254,P, HTTP/1.1" 200 6926
190.171.143.82 - - [12/Aug/2019:14:37:47 -0300] "GET /cormun/servlet/trpermisosgoce? HTTP/1.1" 200 12830
190.171.143.82 - - [12/Aug/2019:14:37:48 -0300] "GET /cormun/servlet/trpermisosgoce? HTTP/1.1" 200 12811
190.171.143.82 - - [12/Aug/2019:14:37:56 -0300] "GET /cormun/servlet/trpermisosadjuntos?8459773,20190805110355,P, HTTP/1.1" 200 6393
190.171.143.82 - - [12/Aug/2019:14:37:56 -0300] "GET /cormun/servlet/trpermisosadjuntos?8459773,20190805110355,P, HTTP/1.1" 200 6393
190.171.143.82 - - [12/Aug/2019:14:37:58 -0300] "GET /cormun/servlet/permisosadjuntos?INS,8459773,P,20190805110355,, HTTP/1.1" 200 5723
190.171.143.82 - - [12/Aug/2019:14:37:59 -0300] "GET /cormun/static/about:blank HTTP/1.1" 404 1011
190.171.143.82 - - [12/Aug/2019:14:37:59 -0300] "GET /cormun/servlet/permisosadjuntos?INS,8459773,P,20190805110355,, HTTP/1.1" 200 5713
190.171.143.82 - - [12/Aug/2019:14:38:15 -0300] "POST /cormun/servlet/permisosadjuntos?bedc3c52381f32c82feeb5d7197ba5be,INS,8459773,P,20190805110355,, HTTP/1.1" 200 116
190.171.143.82 - - [12/Aug/2019:14:38:15 -0300] "GET /cormun/servlet/hpexe_return? HTTP/1.1" 200 1038
190.171.143.82 - - [12/Aug/2019:14:38:15 -0300] "GET /cormun/servlet/trpermisosadjuntos?8459773,20190805110355,P, HTTP/1.1" 200 6935
190.171.143.82 - - [12/Aug/2019:14:38:15 -0300] "GET /cormun/servlet/trpermisosadjuntos?8459773,20190805110355,P, HTTP/1.1" 200 6930
186.103.156.24 - - [12/Aug/2019:14:38:43 -0300] "GET /cormun/servlet/solicitudot?30985456b73c893a22d396543e3c7b33be5ed3cdbc7e3707d5412de08116156029de7acfc8feb054de1260af265cea28c84ef1976cb56cd1cacabbc6aa041b966341cfb439e3bb2e8ae9c47b69137428b4fa7a885020ea2bbc40661cc3e67b83d00053eed7235e24878c08b1f0ee38dd,gx-no-cache=1565631210501 HTTP/1.1" 200 110
186.103.156.24 - - [12/Aug/2019:14:38:44 -0300] "POST /cormun/servlet/solicitudot?gx-no-cache=1565631210682 HTTP/1.1" 200 97
190.171.143.82 - - [12/Aug/2019:14:38:56 -0300] "GET /cormun/servlet/trpermisosgoce? HTTP/1.1" 200 12816
190.171.143.82 - - [12/Aug/2019:14:38:57 -0300] "GET /cormun/servlet/trpermisosgoce? HTTP/1.1" 200 12794
190.171.143.82 - - [12/Aug/2019:14:39:00 -0300] "GET /cormun/servlet/permisogoce?INS,0,,, HTTP/1.1" 200 6916
190.171.143.82 - - [12/Aug/2019:14:39:01 -0300] "GET /cormun/servlet/permisogoce?INS,0,,, HTTP/1.1" 200 6916
190.171.154.42 - - [12/Aug/2019:14:39:15 -0300] "GET /cormun/servlet/hlogin HTTP/1.1" 200 1738
190.171.143.82 - - [12/Aug/2019:14:39:16 -0300] "GET /cormun/servlet/permisogoce?15a587c61f788da12e6c4ca1778e2a1bb1906609cca3c33eb81225e858a07d2b6eaf532e54d413e8ab3ac86642c80b83,gx-no-cache=1565631400363 HTTP/1.1" 200 81
186.103.156.24 - - [12/Aug/2019:14:39:20 -0300] "GET /cormun/servlet/solicitudot?30985456b73c893a22d396543e3c7b33d00669bd85440c4beb5f040ce2c4ab656b0b999e6db2d822450a9ea3fc1878e700d15524d75920ebe8f9b0114522d90cd5fcf70873857efef752a349e4320ac9cd49331d001a4c6c7fc693fe343173da3ef7c3c361c4cbbdd92b917d17d5f4e9,gx-no-cache=1565631247615 HTTP/1.1" 200 29
190.171.143.82 - - [12/Aug/2019:14:39:33 -0300] "GET /cormun/servlet/permisogoce?15a587c61f788da12e6c4ca1778e2a1bc0935cde69025e193f0f478d4ad8e5220e60d691e52dc21206fb18ba9a610b5a2f43d1b5623feeab98df4373d46611ee,gx-no-cache=1565631417573 HTTP/1.1" 200 47
186.103.156.24 - - [12/Aug/2019:14:39:56 -0300] "GET /cormun/servlet/solicitudot?30985456b73c893a22d396543e3c7b33f69eb9857a41db32b283a7aabb61aea8a54b01eb023865235c5e56541b9c7a3b,gx-no-cache=1565631283750 HTTP/1.1" 200 134
186.103.156.24 - - [12/Aug/2019:14:39:56 -0300] "GET /cormun/static/Shared/jqueryui/images/ui-bg_flat_55_994d53_40x100.png HTTP/1.1" 404 1097
186.103.156.24 - - [12/Aug/2019:14:39:56 -0300] "GET /cormun/static/Shared/jqueryui/images/ui-icons_ebccce_256x240.png HTTP/1.1" 404 1089
190.171.143.82 - - [12/Aug/2019:14:40:05 -0300] "POST /cormun/servlet/permisogoce?bedc3c52381f32c82feeb5d7197ba5be,INS,0,,,,gx-no-cache=1565631449281 HTTP/1.1" 200 93
190.171.143.82 - - [12/Aug/2019:14:40:05 -0300] "GET /cormun/servlet/hpexe_return? HTTP/1.1" 200 1011
190.171.143.82 - - [12/Aug/2019:14:40:06 -0300] "GET /cormun/servlet/trpermisosgoce HTTP/1.1" 200 13066
190.171.143.82 - - [12/Aug/2019:14:40:07 -0300] "GET /cormun/servlet/trpermisosgoce HTTP/1.1" 200 13069
190.171.143.82 - - [12/Aug/2019:14:40:11 -0300] "GET /cormun/servlet/apermisogoceprn?7340498,P,20190812132813,PU HTTP/1.1" 200 1651
186.103.156.24 - - [12/Aug/2019:14:41:01 -0300] "POST /cormun/servlet/solicitudot?gx-no-cache=1565631348863 HTTP/1.1" 200 41
186.103.156.24 - - [12/Aug/2019:14:41:01 -0300] "GET /cormun/servlet/solicitudot?30985456b73c893a22d396543e3c7b33be5ed3cdbc7e3707d5412de08116156029de7acfc8feb054de1260af265cea28c84ef1976cb56cd1cacabbc6aa041b966341cfb439e3bb2e8ae9c47b69137428b4fa7a885020ea2bbc40661cc3e67b83d00053eed7235e24878c08b1f0ee38dd,gx-no-cache=1565631348974 HTTP/1.1" 200 110
186.103.156.24 - - [12/Aug/2019:14:41:07 -0300] "GET /cormun/servlet/solicitudot?30985456b73c893a22d396543e3c7b33be5ed3cdbc7e3707d5412de08116156029de7acfc8feb054de1260af265cea28c84ef1976cb56cd1cacabbc6aa041b966341cfb439e3bb2e8ae9c47b69137428b4fa7a885020ea2bbc40661cc3e67b83d00053eed7235e24878c08b1f0ee38dd,gx-no-cache=1565631354739 HTTP/1.1" 200 110
190.171.143.82 - - [12/Aug/2019:14:41:10 -0300] "GET /cormun/servlet/permisogoce?INS,0,,, HTTP/1.1" 200 6916
190.171.143.82 - - [12/Aug/2019:14:41:11 -0300] "GET /cormun/servlet/permisogoce?INS,0,,, HTTP/1.1" 200 6916
186.103.156.24 - - [12/Aug/2019:14:41:16 -0300] "GET /cormun/servlet/solicitudot?30985456b73c893a22d396543e3c7b33421d22443286cb06f81af923c9a5eb59a54b01eb023865235c5e56541b9c7a3b,gx-no-cache=1565631363574 HTTP/1.1" 200 30
186.103.156.24 - - [12/Aug/2019:14:41:29 -0300] "POST /cormun/servlet/solicitudot?gx-no-cache=1565631376630 HTTP/1.1" 200 34
190.171.143.82 - - [12/Aug/2019:14:42:06 -0300] "GET /cormun/servlet/permisogoce?15a587c61f788da12e6c4ca1778e2a1bfa5e171230772ebacd46653f619d06d86eaf532e54d413e8ab3ac86642c80b83,gx-no-cache=1565631569999 HTTP/1.1" 200 82
190.171.143.82 - - [12/Aug/2019:14:42:19 -0300] "GET /cormun/servlet/permisogoce?15a587c61f788da12e6c4ca1778e2a1b0375906fede474b7945784f3c79a411829234df8bfc7d063fa6411aa805c39d42f43d1b5623feeab98df4373d46611ee,gx-no-cache=1565631583941 HTTP/1.1" 200 49
190.171.143.82 - - [12/Aug/2019:14:42:41 -0300] "POST /cormun/servlet/permisogoce?bedc3c52381f32c82feeb5d7197ba5be,INS,0,,,,gx-no-cache=1565631605035 HTTP/1.1" 200 93
190.171.143.82 - - [12/Aug/2019:14:42:41 -0300] "GET /cormun/servlet/hpexe_return? HTTP/1.1" 200 1011
190.171.143.82 - - [12/Aug/2019:14:42:41 -0300] "GET /cormun/servlet/trpermisosgoce HTTP/1.1" 200 13256
190.171.143.82 - - [12/Aug/2019:14:42:42 -0300] "GET /cormun/servlet/trpermisosgoce HTTP/1.1" 200 13245
190.171.143.82 - - [12/Aug/2019:14:42:47 -0300] "GET /cormun/servlet/apermisogoceprn?9097127,P,20190812133023,PU HTTP/1.1" 200 1647
190.171.143.82 - - [12/Aug/2019:14:44:36 -0300] "GET /cormun/servlet/trpermisosadjuntos?7469643,20190808151132,P, HTTP/1.1" 200 6393
190.171.143.82 - - [12/Aug/2019:14:44:37 -0300] "GET /cormun/servlet/trpermisosadjuntos?7469643,20190808151132,P, HTTP/1.1" 200 6394
190.171.143.82 - - [12/Aug/2019:14:44:40 -0300] "GET /cormun/servlet/permisosadjuntos?INS,7469643,P,20190808151132,, HTTP/1.1" 200 5725
190.171.143.82 - - [12/Aug/2019:14:44:40 -0300] "GET /cormun/static/about:blank HTTP/1.1" 404 1011
190.171.143.82 - - [12/Aug/2019:14:44:40 -0300] "GET /cormun/servlet/permisosadjuntos?INS,7469643,P,20190808151132,, HTTP/1.1" 200 5714
190.171.141.138 - - [12/Aug/2019:14:44:52 -0300] "GET /cormun/servlet/trlicencias? HTTP/1.1" 200 6137
190.171.141.138 - - [12/Aug/2019:14:44:52 -0300] "GET /cormun/servlet/hlogin HTTP/1.1" 200 1735
190.171.141.138 - - [12/Aug/2019:14:44:52 -0300] "GET /cormun/servlet/trlicencias? HTTP/1.1" 200 6132
190.171.141.138 - - [12/Aug/2019:14:44:54 -0300] "POST /cormun/servlet/hlogin?1a28a448d233cfcd9ec82dbe05c1a5a1,gx-no-cache=1565631580702 HTTP/1.1" 200 90
190.171.141.138 - - [12/Aug/2019:14:44:54 -0300] "GET /cormun/servlet/hpexe_link HTTP/1.1" 200 953
190.171.141.138 - - [12/Aug/2019:14:44:54 -0300] "GET /cormun/servlet/trlicencias HTTP/1.1" 200 14101
190.171.141.138 - - [12/Aug/2019:14:44:55 -0300] "GET /cormun/servlet/trlicencias HTTP/1.1" 200 14131
190.171.143.82 - - [12/Aug/2019:14:44:56 -0300] "POST /cormun/servlet/permisosadjuntos?bedc3c52381f32c82feeb5d7197ba5be,INS,7469643,P,20190808151132,, HTTP/1.1" 200 116
190.171.143.82 - - [12/Aug/2019:14:44:57 -0300] "GET /cormun/servlet/hpexe_return? HTTP/1.1" 200 1038
190.171.143.82 - - [12/Aug/2019:14:44:57 -0300] "GET /cormun/servlet/trpermisosadjuntos?7469643,20190808151132,P, HTTP/1.1" 200 6945
190.171.143.82 - - [12/Aug/2019:14:44:57 -0300] "GET /cormun/servlet/trpermisosadjuntos?7469643,20190808151132,P, HTTP/1.1" 200 6942
190.171.143.82 - - [12/Aug/2019:14:45:01 -0300] "GET /cormun/servlet/trpermisosgoce? HTTP/1.1" 200 13267
190.171.143.82 - - [12/Aug/2019:14:45:02 -0300] "GET /cormun/servlet/trpermisosgoce? HTTP/1.1" 200 13247
190.171.143.82 - - [12/Aug/2019:14:45:10 -0300] "GET /cormun/servlet/trpermisosadjuntos?7469643,20190806095220,P, HTTP/1.1" 200 6395
190.171.143.82 - - [12/Aug/2019:14:45:11 -0300] "GET /cormun/servlet/trpermisosadjuntos?7469643,20190806095220,P, HTTP/1.1" 200 6395
190.171.141.106 - - [12/Aug/2019:14:45:11 -0300] "GET /cormun/servlet/hlogin HTTP/1.1" 200 1722
190.171.141.106 - - [12/Aug/2019:14:45:11 -0300] "GET /cormun/servlet/hlogin HTTP/1.1" 200 1722
190.171.141.106 - - [12/Aug/2019:14:45:13 -0300] "POST /cormun/servlet/hlogin?5825e20b7fb76f114b51ec78ddf8cee2,gx-no-cache=1565627991967 HTTP/1.1" 200 90
190.171.141.106 - - [12/Aug/2019:14:45:13 -0300] "GET /cormun/servlet/hpexe_link HTTP/1.1" 200 951
190.171.143.82 - - [12/Aug/2019:14:45:14 -0300] "GET /cormun/servlet/permisosadjuntos?INS,7469643,P,20190806095220,, HTTP/1.1" 200 5725
190.171.141.106 - - [12/Aug/2019:14:45:14 -0300] "GET /cormun/servlet/hhome HTTP/1.1" 200 4003
190.171.143.82 - - [12/Aug/2019:14:45:14 -0300] "GET /cormun/static/about:blank HTTP/1.1" 404 1011
190.171.143.82 - - [12/Aug/2019:14:45:14 -0300] "GET /cormun/servlet/permisosadjuntos?INS,7469643,P,20190806095220,, HTTP/1.1" 200 5715
190.171.141.106 - - [12/Aug/2019:14:45:14 -0300] "GET /cormun/servlet/hhome HTTP/1.1" 200 3999
190.171.141.106 - - [12/Aug/2019:14:45:20 -0300] "GET /cormun/servlet/trlicencias? HTTP/1.1" 200 9581
190.171.141.106 - - [12/Aug/2019:14:45:21 -0300] "GET /cormun/servlet/trlicencias? HTTP/1.1" 200 9584
190.171.143.82 - - [12/Aug/2019:14:45:35 -0300] "POST /cormun/servlet/permisosadjuntos?bedc3c52381f32c82feeb5d7197ba5be,INS,7469643,P,20190806095220,, HTTP/1.1" 200 116
190.171.143.82 - - [12/Aug/2019:14:45:35 -0300] "GET /cormun/servlet/hpexe_return? HTTP/1.1" 200 1038
190.171.143.82 - - [12/Aug/2019:14:45:35 -0300] "GET /cormun/servlet/trpermisosadjuntos?7469643,20190806095220,P, HTTP/1.1" 200 6948
190.171.143.82 - - [12/Aug/2019:14:45:36 -0300] "GET /cormun/servlet/trpermisosadjuntos?7469643,20190806095220,P, HTTP/1.1" 200 6944
190.171.143.82 - - [12/Aug/2019:14:45:41 -0300] "GET /cormun/servlet/trpermisosgoce? HTTP/1.1" 200 13286
190.171.143.82 - - [12/Aug/2019:14:45:42 -0300] "GET /cormun/servlet/trpermisosgoce? HTTP/1.1" 200 13246
190.171.143.82 - - [12/Aug/2019:14:45:47 -0300] "GET /cormun/servlet/trpermisosadjuntos?16126097,20190805131811,P, HTTP/1.1" 200 6390
190.171.143.82 - - [12/Aug/2019:14:45:48 -0300] "GET /cormun/servlet/trpermisosadjuntos?16126097,20190805131811,P, HTTP/1.1" 200 6390
190.171.143.82 - - [12/Aug/2019:14:45:50 -0300] "GET /cormun/servlet/permisosadjuntos?INS,16126097,P,20190805131811,, HTTP/1.1" 200 5720
190.171.143.82 - - [12/Aug/2019:14:45:50 -0300] "GET /cormun/static/about:blank HTTP/1.1" 404 1011
190.171.143.82 - - [12/Aug/2019:14:45:51 -0300] "GET /cormun/servlet/permisosadjuntos?INS,16126097,P,20190805131811,, HTTP/1.1" 200 5709
190.171.143.82 - - [12/Aug/2019:14:46:06 -0300] "POST /cormun/servlet/permisosadjuntos?bedc3c52381f32c82feeb5d7197ba5be,INS,16126097,P,20190805131811,, HTTP/1.1" 200 116
190.171.143.82 - - [12/Aug/2019:14:46:06 -0300] "GET /cormun/servlet/hpexe_return? HTTP/1.1" 200 1038
190.171.143.82 - - [12/Aug/2019:14:46:07 -0300] "GET /cormun/servlet/trpermisosadjuntos?16126097,20190805131811,P, HTTP/1.1" 200 6934
186.103.156.24 - - [12/Aug/2019:14:46:07 -0300] "POST /cormun/servlet/solicitudot?56da3ca4b267f687a403b98a81101aa0,INS,0,0,,gx-no-cache=1565631654221 HTTP/1.1" 200 93
186.103.156.24 - - [12/Aug/2019:14:46:07 -0300] "GET /cormun/servlet/hpexe_return? HTTP/1.1" 200 1008
190.171.143.82 - - [12/Aug/2019:14:46:07 -0300] "GET /cormun/servlet/trpermisosadjuntos?16126097,20190805131811,P, HTTP/1.1" 200 6931
186.103.156.24 - - [12/Aug/2019:14:46:07 -0300] "GET /cormun/static/gxcfg.js?2016101716175148 HTTP/1.1" 200 953
186.103.156.24 - - [12/Aug/2019:14:46:08 -0300] "GET /cormun/static/hpexe_return.js?2016101716175153 HTTP/1.1" 200 1633
186.103.156.24 - - [12/Aug/2019:14:46:08 -0300] "GET /cormun/static/Resources/Spanish/PXTools.css?167811 HTTP/1.1" 200 89042
186.103.156.24 - - [12/Aug/2019:14:46:08 -0300] "GET /cormun/servlet/trsolicitudot HTTP/1.1" 200 8999
186.103.156.24 - - [12/Aug/2019:14:46:08 -0300] "GET /cormun//static/Resources/PXToolsGridUpdate.png HTTP/1.1" 200 2984
186.103.156.24 - - [12/Aug/2019:14:46:08 -0300] "GET /cormun//static/Resources/PXToolsActionView.png HTTP/1.1" 200 2995
186.103.156.24 - - [12/Aug/2019:14:46:08 -0300] "GET /cormun/servlet/trsolicitudot HTTP/1.1" 200 8993
186.103.156.24 - - [12/Aug/2019:14:46:08 -0300] "GET /cormun//static/Resources/PXToolsRemoveAllAction.png HTTP/1.1" 200 3558
186.103.156.24 - - [12/Aug/2019:14:46:08 -0300] "GET /cormun//static/Resources/PXToolsGridDelete.png HTTP/1.1" 200 357
186.103.156.24 - - [12/Aug/2019:14:46:08 -0300] "GET /cormun//static/Resources/PXTools/ActionInsert.png HTTP/1.1" 200 1482
190.171.143.82 - - [12/Aug/2019:14:46:14 -0300] "GET /cormun/servlet/trpermisosgoce? HTTP/1.1" 200 13267
190.171.143.82 - - [12/Aug/2019:14:46:15 -0300] "GET /cormun/servlet/trpermisosgoce? HTTP/1.1" 200 13246
190.171.143.82 - - [12/Aug/2019:14:46:26 -0300] "GET /cormun/servlet/trpermisosadjuntos?17526035,20190805110124,P, HTTP/1.1" 200 6387
190.171.143.82 - - [12/Aug/2019:14:46:27 -0300] "GET /cormun/servlet/trpermisosadjuntos?17526035,20190805110124,P, HTTP/1.1" 200 6388
190.171.143.82 - - [12/Aug/2019:14:46:31 -0300] "GET /cormun/servlet/permisosadjuntos?INS,17526035,P,20190805110124,, HTTP/1.1" 200 5718
190.171.143.82 - - [12/Aug/2019:14:46:31 -0300] "GET /cormun/static/about:blank HTTP/1.1" 404 1011
190.171.143.82 - - [12/Aug/2019:14:46:32 -0300] "GET /cormun/servlet/permisosadjuntos?INS,17526035,P,20190805110124,, HTTP/1.1" 200 5708
190.171.141.122 - - [12/Aug/2019:14:46:39 -0300] "GET /cormun/servlet/trsolicitudot? HTTP/1.1" 200 6426
190.171.141.122 - - [12/Aug/2019:14:46:39 -0300] "GET /cormun/static/gxui/gxui-all.css?120300 HTTP/1.1" 200 2179
190.171.141.122 - - [12/Aug/2019:14:46:39 -0300] "GET /cormun/static/calendar-system.css?85620 HTTP/1.1" 200 5572
190.171.141.122 - - [12/Aug/2019:14:46:39 -0300] "GET /cormun/static/gxcfg.js?2017111422585916 HTTP/1.1" 200 953
190.171.141.122 - - [12/Aug/2019:14:46:39 -0300] "GET /cormun/static/trsolicitudot.js?201711142259839 HTTP/1.1" 200 54041
190.171.141.122 - - [12/Aug/2019:14:46:39 -0300] "GET /cormun/static/Resources/Spanish/PXTools.css?1255365 HTTP/1.1" 200 89042
190.171.141.122 - - [12/Aug/2019:14:46:40 -0300] "GET /cormun/static/Shared/ext/resources/css/ext-all.css?215870 HTTP/1.1" 200 416045
190.171.141.122 - - [12/Aug/2019:14:46:40 -0300] "GET /cormun/servlet/hlogin HTTP/1.1" 200 1741
190.171.141.122 - - [12/Aug/2019:14:46:41 -0300] "GET /cormun/servlet/trsolicitudot? HTTP/1.1" 200 6420
190.171.141.122 - - [12/Aug/2019:14:46:47 -0300] "POST /cormun/servlet/hlogin?eef4627073809439bffd26b810e3793b,gx-no-cache=1565631693142 HTTP/1.1" 200 90
190.171.141.122 - - [12/Aug/2019:14:46:47 -0300] "GET /cormun/servlet/hpexe_link HTTP/1.1" 200 958
190.171.141.122 - - [12/Aug/2019:14:46:47 -0300] "GET /cormun/servlet/trsolicitudot HTTP/1.1" 200 7380
190.171.141.122 - - [12/Aug/2019:14:46:47 -0300] "GET /cormun/servlet/trsolicitudot HTTP/1.1" 200 7379
186.103.156.24 - - [12/Aug/2019:14:46:53 -0300] "POST /cormun/servlet/trsolicitudot?56da3ca4b267f687a403b98a81101aa0,gx-no-cache=1565631700336 HTTP/1.1" 200 107
186.103.156.24 - - [12/Aug/2019:14:46:53 -0300] "GET /cormun/servlet/trsolicitudadjuntos?2019,15929, HTTP/1.1" 200 6445
186.103.156.24 - - [12/Aug/2019:14:46:53 -0300] "GET /cormun/static/gxui/gxui-all.css?110300 HTTP/1.1" 200 2179
186.103.156.24 - - [12/Aug/2019:14:46:53 -0300] "GET /cormun/static/gxcfg.js?20177612135366 HTTP/1.1" 200 953
186.103.156.24 - - [12/Aug/2019:14:46:53 -0300] "GET /cormun/static/trsolicitudadjuntos.js?20177612135632 HTTP/1.1" 200 17922
186.103.156.24 - - [12/Aug/2019:14:46:53 -0300] "GET /cormun/static/Shared/ext/resources/css/ext-all.css?205870 HTTP/1.1" 200 416045
186.103.156.24 - - [12/Aug/2019:14:46:54 -0300] "GET /cormun/servlet/trsolicitudadjuntos?2019,15929, HTTP/1.1" 200 6444
190.171.141.122 - - [12/Aug/2019:14:46:54 -0300] "POST /cormun/servlet/trsolicitudot?eef4627073809439bffd26b810e3793b,gx-no-cache=1565631700126 HTTP/1.1" 200 7145
190.171.141.122 - - [12/Aug/2019:14:46:54 -0300] "GET /cormun//static/Resources/PXToolsActionView.png HTTP/1.1" 200 2995
190.171.141.122 - - [12/Aug/2019:14:46:54 -0300] "GET /cormun//static/Resources/PXToolsRemoveAllAction.png HTTP/1.1" 200 3558
186.103.156.24 - - [12/Aug/2019:14:46:57 -0300] "GET /cormun/servlet/solicitudotadjuntos?INS,2019,15929,,1, HTTP/1.1" 200 6385
186.103.156.24 - - [12/Aug/2019:14:46:57 -0300] "GET /cormun/static/gxcfg.js?2017761244068 HTTP/1.1" 200 953
186.103.156.24 - - [12/Aug/2019:14:46:57 -0300] "GET /cormun/static/solicitudotadjuntos.js?2017761244086 HTTP/1.1" 200 11771
186.103.156.24 - - [12/Aug/2019:14:46:57 -0300] "GET /cormun/static/about:blank HTTP/1.1" 404 1011
186.103.156.24 - - [12/Aug/2019:14:46:57 -0300] "GET /cormun/servlet/solicitudotadjuntos?INS,2019,15929,,1, HTTP/1.1" 200 6379
186.103.156.24 - - [12/Aug/2019:14:46:58 -0300] "GET /cormun/servlet/solicitudotadjuntos?30985456b73c893a22d396543e3c7b33dadb46b6e88f901bb6e21777b70dc0bab804dca2f57f4b8018e990627c0f02f8,gx-no-cache=1565631705646 HTTP/1.1" 200 30
186.103.156.24 - - [12/Aug/2019:14:46:58 -0300] "POST /cormun/servlet/solicitudotadjuntos?56da3ca4b267f687a403b98a81101aa0,INS,2019,15929,,1,,gx-no-cache=1565631705676 HTTP/1.1" 200 4101
186.103.156.24 - - [12/Aug/2019:14:47:01 -0300] "POST /cormun/servlet/solicitudotadjuntos?gx-no-cache=1565631708404 HTTP/1.1" 200 26
190.171.143.82 - - [12/Aug/2019:14:47:10 -0300] "GET /cormun/servlet/trpermisosingoce? HTTP/1.1" 200 8387
190.171.143.82 - - [12/Aug/2019:14:47:11 -0300] "GET /cormun/servlet/trpermisosingoce? HTTP/1.1" 200 8358
190.171.141.122 - - [12/Aug/2019:14:47:15 -0300] "GET /cormun/servlet/trpermisosgoce? HTTP/1.1" 200 9494
190.171.141.122 - - [12/Aug/2019:14:47:16 -0300] "GET /cormun/servlet/trpermisosgoce? HTTP/1.1" 200 9493
190.171.143.82 - - [12/Aug/2019:14:47:17 -0300] "GET /cormun/servlet/trpermisosingoceadjunto?410,16528642, HTTP/1.1" 200 6187
190.171.143.82 - - [12/Aug/2019:14:47:18 -0300] "GET /cormun/servlet/trpermisosingoceadjunto?410,16528642, HTTP/1.1" 200 6188
186.103.156.24 - - [12/Aug/2019:14:47:19 -0300] "GET /cormun/servlet/solicitudotadjuntos?30985456b73c893a22d396543e3c7b331274873468b0ec368595e88222374705,gx-no-cache=1565631726559 HTTP/1.1" 200 30
186.103.156.24 - - [12/Aug/2019:14:47:19 -0300] "GET /cormun/servlet/solicitudotadjuntos?30985456b73c893a22d396543e3c7b331274873468b0ec368595e88222374705,gx-no-cache=1565631726636 HTTP/1.1" 200 30
186.103.156.24 - - [12/Aug/2019:14:47:20 -0300] "POST /cormun/servlet/solicitudotadjuntos?56da3ca4b267f687a403b98a81101aa0,INS,2019,15929,,1, HTTP/1.1" 200 116
190.171.143.82 - - [12/Aug/2019:14:47:20 -0300] "GET /cormun/servlet/permisosingoceadjunto?INS,410,, HTTP/1.1" 200 5491
186.103.156.24 - - [12/Aug/2019:14:47:20 -0300] "GET /cormun/servlet/hpexe_return? HTTP/1.1" 200 1028
190.171.143.82 - - [12/Aug/2019:14:47:20 -0300] "GET /cormun/static/gxcfg.js?201752511552178 HTTP/1.1" 200 953
190.171.143.82 - - [12/Aug/2019:14:47:20 -0300] "GET /cormun/static/permisosingoceadjunto.js?201752511552188 HTTP/1.1" 200 6883
186.103.156.24 - - [12/Aug/2019:14:47:21 -0300] "GET /cormun/servlet/trsolicitudadjuntos?2019,15929, HTTP/1.1" 200 9079
190.171.143.82 - - [12/Aug/2019:14:47:21 -0300] "GET /cormun/static/about:blank HTTP/1.1" 404 1011
190.171.143.82 - - [12/Aug/2019:14:47:21 -0300] "GET /cormun/servlet/permisosingoceadjunto?INS,410,, HTTP/1.1" 200 5478
186.103.156.24 - - [12/Aug/2019:14:47:21 -0300] "GET /cormun/servlet/trsolicitudadjuntos?2019,15929, HTTP/1.1" 200 9078
190.171.143.82 - - [12/Aug/2019:14:47:21 -0300] "GET /cormun/servlet/permisosingoceadjunto?4aefe85c2dd35c7ee471662d0bc5bca5f5f17899bdc121df05751b6055ae061b,gx-no-cache=1565631885857 HTTP/1.1" 200 26
190.171.143.82 - - [12/Aug/2019:14:47:23 -0300] "POST /cormun/servlet/permisosingoceadjunto?bedc3c52381f32c82feeb5d7197ba5be,INS,410,,,gx-no-cache=1565631887008 HTTP/1.1" 200 93
190.171.143.82 - - [12/Aug/2019:14:47:23 -0300] "GET /cormun/servlet/hpexe_return? HTTP/1.1" 200 1028
190.171.143.82 - - [12/Aug/2019:14:47:23 -0300] "GET /cormun/servlet/trpermisosingoceadjunto?410,16528642, HTTP/1.1" 200 6461
190.171.143.82 - - [12/Aug/2019:14:47:24 -0300] "GET /cormun/servlet/trpermisosingoceadjunto?410,16528642, HTTP/1.1" 200 6457
186.103.156.24 - - [12/Aug/2019:14:47:24 -0300] "GET /cormun/servlet/solicitudotadjuntos?INS,2019,15929,,1, HTTP/1.1" 200 6385
186.103.156.24 - - [12/Aug/2019:14:47:24 -0300] "GET /cormun/static/about:blank HTTP/1.1" 404 1011
186.103.156.24 - - [12/Aug/2019:14:47:25 -0300] "GET /cormun/servlet/solicitudotadjuntos?INS,2019,15929,,1, HTTP/1.1" 200 6379
186.103.156.24 - - [12/Aug/2019:14:47:25 -0300] "GET /cormun/servlet/solicitudotadjuntos?30985456b73c893a22d396543e3c7b33dadb46b6e88f901bb6e21777b70dc0bab804dca2f57f4b8018e990627c0f02f8,gx-no-cache=1565631732856 HTTP/1.1" 200 30
186.103.156.24 - - [12/Aug/2019:14:47:25 -0300] "POST /cormun/servlet/solicitudotadjuntos?56da3ca4b267f687a403b98a81101aa0,INS,2019,15929,,1,,gx-no-cache=1565631732887 HTTP/1.1" 200 4101
186.103.156.24 - - [12/Aug/2019:14:47:28 -0300] "POST /cormun/servlet/solicitudotadjuntos?gx-no-cache=1565631735648 HTTP/1.1" 200 26
190.171.143.82 - - [12/Aug/2019:14:47:28 -0300] "GET /cormun/servlet/trpermisosingoce? HTTP/1.1" 200 8359
190.171.143.82 - - [12/Aug/2019:14:47:29 -0300] "GET /cormun/servlet/trpermisosingoce? HTTP/1.1" 200 8358
186.103.156.24 - - [12/Aug/2019:14:47:36 -0300] "GET /cormun/servlet/solicitudotadjuntos?30985456b73c893a22d396543e3c7b331274873468b0ec368595e88222374705,gx-no-cache=1565631742936 HTTP/1.1" 200 30
186.103.156.24 - - [12/Aug/2019:14:47:36 -0300] "GET /cormun/servlet/solicitudotadjuntos?30985456b73c893a22d396543e3c7b331274873468b0ec368595e88222374705,gx-no-cache=1565631743262 HTTP/1.1" 200 30
186.103.156.24 - - [12/Aug/2019:14:47:36 -0300] "POST /cormun/servlet/solicitudotadjuntos?56da3ca4b267f687a403b98a81101aa0,INS,2019,15929,,1, HTTP/1.1" 200 116
186.103.156.24 - - [12/Aug/2019:14:47:36 -0300] "GET /cormun/servlet/hpexe_return? HTTP/1.1" 200 1028
186.103.156.24 - - [12/Aug/2019:14:47:36 -0300] "GET /cormun/servlet/trsolicitudadjuntos?2019,15929, HTTP/1.1" 200 9307
186.103.156.24 - - [12/Aug/2019:14:47:37 -0300] "GET /cormun/servlet/trsolicitudadjuntos?2019,15929, HTTP/1.1" 200 9306
190.171.143.82 - - [12/Aug/2019:14:47:44 -0300] "GET /cormun/servlet/trpermisosingoce? HTTP/1.1" 200 8358
186.103.156.24 - - [12/Aug/2019:14:47:44 -0300] "GET /cormun/servlet/solicitudotadjuntos?INS,2019,15929,,1, HTTP/1.1" 200 6385
186.103.159.204 - - [12/Aug/2019:14:47:44 -0300] "GET /cormun/servlet/hlogin HTTP/1.1" 200 1725
186.103.156.24 - - [12/Aug/2019:14:47:44 -0300] "GET /cormun/static/about:blank HTTP/1.1" 404 1011
186.103.156.24 - - [12/Aug/2019:14:47:45 -0300] "GET /cormun/servlet/solicitudotadjuntos?INS,2019,15929,,1, HTTP/1.1" 200 6379
190.171.143.82 - - [12/Aug/2019:14:47:45 -0300] "GET /cormun/servlet/trpermisosingoce? HTTP/1.1" 200 8358
186.103.156.24 - - [12/Aug/2019:14:47:45 -0300] "GET /cormun/servlet/solicitudotadjuntos?30985456b73c893a22d396543e3c7b33dadb46b6e88f901bb6e21777b70dc0bab804dca2f57f4b8018e990627c0f02f8,gx-no-cache=1565631752762 HTTP/1.1" 200 30
186.103.156.24 - - [12/Aug/2019:14:47:45 -0300] "POST /cormun/servlet/solicitudotadjuntos?56da3ca4b267f687a403b98a81101aa0,INS,2019,15929,,1,,gx-no-cache=1565631752825 HTTP/1.1" 200 4101
186.103.159.204 - - [12/Aug/2019:14:47:46 -0300] "POST /cormun/servlet/hlogin?2c1a7bef0b0d2097aa4f6aa5d094880f,gx-no-cache=1565628150198 HTTP/1.1" 200 90
186.103.159.204 - - [12/Aug/2019:14:47:46 -0300] "GET /cormun/servlet/hpexe_link HTTP/1.1" 200 950
186.103.159.204 - - [12/Aug/2019:14:47:46 -0300] "GET /cormun/servlet/hhome HTTP/1.1" 200 4015
186.103.159.204 - - [12/Aug/2019:14:47:46 -0300] "GET /cormun/servlet/hhome HTTP/1.1" 200 4012
186.103.156.24 - - [12/Aug/2019:14:47:49 -0300] "POST /cormun/servlet/solicitudotadjuntos?gx-no-cache=1565631756239 HTTP/1.1" 200 26
186.103.159.204 - - [12/Aug/2019:14:47:49 -0300] "GET /cormun/servlet/trlicencias? HTTP/1.1" 200 10610
186.103.159.204 - - [12/Aug/2019:14:47:49 -0300] "GET /cormun/servlet/trlicencias? HTTP/1.1" 200 10615
186.103.159.204 - - [12/Aug/2019:14:47:53 -0300] "GET /cormun/servlet/trpermisosgoce? HTTP/1.1" 200 8829
186.103.159.204 - - [12/Aug/2019:14:47:53 -0300] "GET /cormun/servlet/trpermisosgoce? HTTP/1.1" 200 8829
186.103.156.24 - - [12/Aug/2019:14:47:56 -0300] "GET /cormun/servlet/solicitudotadjuntos?30985456b73c893a22d396543e3c7b331274873468b0ec368595e88222374705,gx-no-cache=1565631763776 HTTP/1.1" 200 30
186.103.156.24 - - [12/Aug/2019:14:47:56 -0300] "GET /cormun/servlet/solicitudotadjuntos?30985456b73c893a22d396543e3c7b331274873468b0ec368595e88222374705,gx-no-cache=1565631763890 HTTP/1.1" 200 30
186.103.156.24 - - [12/Aug/2019:14:47:57 -0300] "POST /cormun/servlet/solicitudotadjuntos?56da3ca4b267f687a403b98a81101aa0,INS,2019,15929,,1, HTTP/1.1" 200 116
186.103.156.24 - - [12/Aug/2019:14:47:57 -0300] "GET /cormun/servlet/hpexe_return? HTTP/1.1" 200 1028
186.103.156.24 - - [12/Aug/2019:14:47:58 -0300] "GET /cormun/servlet/trsolicitudadjuntos?2019,15929, HTTP/1.1" 200 9514
186.103.156.24 - - [12/Aug/2019:14:47:58 -0300] "GET /cormun/servlet/trsolicitudadjuntos?2019,15929, HTTP/1.1" 200 9514
190.171.143.82 - - [12/Aug/2019:14:48:00 -0300] "GET /cormun/servlet/trpermisosingoceadjunto?403,16528642, HTTP/1.1" 200 6188
