190.171.141.138 - - [09/Aug/2019:09:27:25 -0300] "GET /cormun/static/Shared/jqueryui/images/ui-icons_8d78a5_256x240.png HTTP/1.1" 404 1089
192.168.10.89 - - [09/Aug/2019:09:27:36 -0300] "POST /cormun/servlet/trsolicitudgral?86df3327e90c0d1d37c1205cb7b9861a,,gx-no-cache=1565353009816 HTTP/1.1" 200 6681
190.171.141.90 - - [09/Aug/2019:09:27:57 -0300] "GET /cormun/servlet/hlogin HTTP/1.1" 200 1720
190.171.141.90 - - [09/Aug/2019:09:28:14 -0300] "POST /cormun/servlet/hlogin?8c233049d7d8b4d0ff0162c27a392c2f,gx-no-cache=1565349780578 HTTP/1.1" 200 427
190.171.141.90 - - [09/Aug/2019:09:28:20 -0300] "POST /cormun/servlet/hlogin?8c233049d7d8b4d0ff0162c27a392c2f,gx-no-cache=1565349786246 HTTP/1.1" 200 90
190.171.141.90 - - [09/Aug/2019:09:28:20 -0300] "GET /cormun/servlet/hpexe_link HTTP/1.1" 200 947
190.171.141.90 - - [09/Aug/2019:09:28:21 -0300] "GET /cormun/servlet/hhome HTTP/1.1" 200 4014
190.171.141.90 - - [09/Aug/2019:09:28:22 -0300] "GET /cormun/servlet/hhome HTTP/1.1" 200 4011
190.171.141.90 - - [09/Aug/2019:09:28:27 -0300] "GET /cormun/servlet/trsolicitudot? HTTP/1.1" 200 7231
190.171.141.90 - - [09/Aug/2019:09:28:27 -0300] "GET /cormun/servlet/trsolicitudot? HTTP/1.1" 200 7231
190.171.141.90 - - [09/Aug/2019:09:28:28 -0300] "GET /cormun/servlet/trsolicitudot? HTTP/1.1" 200 7231
192.168.10.89 - - [09/Aug/2019:09:28:39 -0300] "POST /cormun/servlet/trsolicitudgral?86df3327e90c0d1d37c1205cb7b9861a,,gx-no-cache=1565353072228 HTTP/1.1" 200 5492
190.171.141.90 - - [09/Aug/2019:09:29:10 -0300] "GET /cormun/servlet/solicitudot?INS,0,0, HTTP/1.1" 200 15061
190.171.141.90 - - [09/Aug/2019:09:29:11 -0300] "GET /cormun/servlet/solicitudot?INS,0,0, HTTP/1.1" 200 15066
192.168.10.89 - - [09/Aug/2019:09:29:16 -0300] "POST /cormun/servlet/trsolicitudgral?86df3327e90c0d1d37c1205cb7b9861a,,gx-no-cache=1565353109175 HTTP/1.1" 200 6684
190.171.141.90 - - [09/Aug/2019:09:29:17 -0300] "POST /cormun/servlet/solicitudot?gx-no-cache=1565349842766 HTTP/1.1" 200 3605
190.171.141.90 - - [09/Aug/2019:09:29:17 -0300] "POST /cormun/servlet/solicitudot?8c233049d7d8b4d0ff0162c27a392c2f,INS,0,0,,gx-no-cache=1565349843232 HTTP/1.1" 200 11878
192.168.10.89 - - [09/Aug/2019:09:29:21 -0300] "POST /cormun/servlet/trsolicitudgral?86df3327e90c0d1d37c1205cb7b9861a,,gx-no-cache=1565353114405 HTTP/1.1" 200 5490
190.171.141.90 - - [09/Aug/2019:09:29:21 -0300] "GET /cormun/servlet/solicitudot?da3041d2b70ebccfe5275bd4c042c87abb236a90c62b475203137688f38fb9fd6e190597c9c92f521685e833baf2810a,gx-no-cache=1565349847693 HTTP/1.1" 200 30
190.171.141.90 - - [09/Aug/2019:09:29:21 -0300] "GET /cormun/servlet/solicitudot?da3041d2b70ebccfe5275bd4c042c87a32d78e583e23c53b4cf9067eb544f0c1a438093b778377396b353c5b03c92cc526fc2c916c4622d194bdba78061fa453,gx-no-cache=1565349847810 HTTP/1.1" 200 30
190.171.141.90 - - [09/Aug/2019:09:29:22 -0300] "GET /cormun/servlet/solicitudot?da3041d2b70ebccfe5275bd4c042c87adf8657592558d822a3a585495f521d5c,gx-no-cache=1565349847931 HTTP/1.1" 200 53
190.171.141.90 - - [09/Aug/2019:09:29:22 -0300] "POST /cormun/servlet/solicitudot?gx-no-cache=1565349848062 HTTP/1.1" 200 255
190.171.141.90 - - [09/Aug/2019:09:29:22 -0300] "GET /cormun/servlet/solicitudot?da3041d2b70ebccfe5275bd4c042c87a9b231ea2e725fba410e787a1e0f71de127876deef5b5dae9c354fa1e5f0e290826ec3937fad78118b4ff8a3c5864e98dfdabc79fea803364ecae01f2a973160989a182da3faaa13c44df07ed82ff5bfe8c7275a0f394e95d99241b19921f1cf8be963fb111c79f1d926e5086cbc829e75dd767eb3197703cc831c64299c44d2d1a2805651b85e525d9a67aa0c5ba67e44c9f012f027b949e4fd55480e79fa0c68c9c67d1c7f4f6a145b5d449c8046aec7a8be3e6cce2233ba86807b25820d5034676999b04d9d6a88f375ff69d97c4bda29b31462cf42e4fada93f944f6464d69da4b5720c38d37a997bc234d7f499d0e4f7be53aeddc51a1c2216926dbbb986f7e59dd4a8cfe8021a34e8d7b970485b68e74b57a05663067603f6f152284c02254c548ab9bcd14556dfa4bfbcdbf5341e4a36f4c3979eef17b8888ed3a2b76fb4023a6d5fa3c9927715fbee032b50372bcba2f4bd5428afacacd615874f1e0a7dd5ea4e322d58c940a5d79c50bfb367,gx-no-cache=1565349848204 HTTP/1.1" 200 30
192.168.10.89 - - [09/Aug/2019:09:29:35 -0300] "POST /cormun/servlet/trsolicitudgral?86df3327e90c0d1d37c1205cb7b9861a,,gx-no-cache=1565353128927 HTTP/1.1" 200 6682
190.171.141.90 - - [09/Aug/2019:09:30:08 -0300] "POST /cormun/servlet/solicitudot?gx-no-cache=1565349894135 HTTP/1.1" 200 30
192.168.10.89 - - [09/Aug/2019:09:30:35 -0300] "GET /cormun/servlet/solicitudgral3?UPD,2019,15881, HTTP/1.1" 200 13343
192.168.10.89 - - [09/Aug/2019:09:30:36 -0300] "POST /cormun/servlet/solicitudgral3?gx-no-cache=1565353189623 HTTP/1.1" 200 4218
192.168.10.89 - - [09/Aug/2019:09:30:36 -0300] "GET /cormun/servlet/solicitudgral3?ea368082e40d96707a3ab88abfb7c9ea55ef4d313106192a8f8491897ac0fb4176d200f0242bd91b7cebaec5fd7c2f97e34bdc8da588d05b8f5dab1a7daa78d03f5af3bdbe739ddca507bef3d76ba695e3b18b76d4e10f9f34346ce6c247ae63d97e38fdf52f701d253a0771f4e9cf505192006b2d67818ef5b9a3815cf64aabbbdbf90650eac545089b550facce31d74d4774752e882af69c8989c0d1a5721c1c246784d2a9016a2b8341b25d5085f6f7503fac67772304c665dd12cc1d32a7468eed0f64b841438cf5447a13d3a40e39a5777cfc01b7b9353882e1850d04b43807746b6ebe6bf67d0c190236a823a5dfa23ee2ed38838e3b6fe31443db084e6164a27b52014f11d37a9d4077fbf3214ce744c92c783bfe1f99c66f95222892efedc7a2668c9af6e19775559d4c45b3c342fa70b5b0d0f5e35d4985e30572f0805cc77509099588ee51031a534f1fdd,gx-no-cache=1565353189815 HTTP/1.1" 200 297
192.168.10.89 - - [09/Aug/2019:09:30:36 -0300] "GET /cormun/servlet/solicitudgral3?ea368082e40d96707a3ab88abfb7c9eacbea39c702e89e6ac8ce520d1cfbc2c43782bc90c5f94cfd7d062c1f00ff76258768ffd7f62b6ff2e6e1a16618e3638a0592a7bf7a58dde12216d994207b122fd76951ec6d710c16b387823fcc2d7361,gx-no-cache=1565353189836 HTTP/1.1" 200 42
192.168.10.89 - - [09/Aug/2019:09:30:36 -0300] "GET /cormun/servlet/solicitudgral3?ea368082e40d96707a3ab88abfb7c9ead8dd5b258e95f6a63cb9bbe0ee97bc647095f341f49d0b7b095cabf82e08479f16ea34c2fd8d5da85f7d5840d4f3e81dab22e13348927a692f0ad5667ff6b71ce0d3af8a6d6b5cfe30df3751d22a0f689dfa90997ab76eb566a228d380e7f4c583a63b6a82fb87302fde924f759799e8,gx-no-cache=1565353189906 HTTP/1.1" 200 40
192.168.10.89 - - [09/Aug/2019:09:30:37 -0300] "GET /cormun/servlet/solicitudgral3?ea368082e40d96707a3ab88abfb7c9eae00de89cd0c40faf5b1422940b12aaa22f85eb7cafe7a6a21c23396b25e8a7b8e34bdc8da588d05b8f5dab1a7daa78d0133bf9757ab03ebd74828dcdb7d009b5628c868d20f5c6eba847823429529b40,gx-no-cache=1565353190943 HTTP/1.1" 200 30
192.168.10.89 - - [09/Aug/2019:09:30:37 -0300] "POST /cormun/servlet/solicitudgral3?gx-no-cache=1565353191244 HTTP/1.1" 200 110
192.168.10.89 - - [09/Aug/2019:09:30:40 -0300] "POST /cormun/servlet/solicitudgral3?86df3327e90c0d1d37c1205cb7b9861a,UPD,2019,15881,,gx-no-cache=1565353193958 HTTP/1.1" 200 11985
192.168.10.89 - - [09/Aug/2019:09:30:41 -0300] "GET /cormun/servlet/solicitudgral3?ea368082e40d96707a3ab88abfb7c9eae4ca96b817434c682984814492865a3bf9fa670bfe7db9391a43050e7dae32999554afb364dbd8415fd78c96b556b8b0a39e7f824d2bb9a7fa26321a7bb9c369134b95a7c9eda4aef6ff5299fe2591f8e350977f0f898036809da33ef0366def,gx-no-cache=1565353194291 HTTP/1.1" 200 29
192.168.10.89 - - [09/Aug/2019:09:30:41 -0300] "GET /cormun/servlet/solicitudgral3?ea368082e40d96707a3ab88abfb7c9ea680145cd3d043a06e2d6aab23c14045a853fb2c81c7717a5ae1ebdbcf65898bde8acc13e4c912ea880d9bb628f824bfce34bdc8da588d05b8f5dab1a7daa78d0ca18a8286baf81c041f9dc16908053889378ba418d926930e3697646bc2c904f39845866939bf7f167161189348a4aba93b3414df9e222e4345a7b4fa08fdee4,gx-no-cache=1565353194986 HTTP/1.1" 200 30
190.171.141.90 - - [09/Aug/2019:09:30:46 -0300] "GET /cormun/servlet/prfichaempleado?,MD,,gxPopupLevel%3D0%3B HTTP/1.1" 200 9306
192.168.10.89 - - [09/Aug/2019:09:30:54 -0300] "POST /cormun/servlet/solicitudgral3?86df3327e90c0d1d37c1205cb7b9861a,UPD,2019,15881,,gx-no-cache=1565353207170 HTTP/1.1" 200 93
192.168.10.89 - - [09/Aug/2019:09:30:54 -0300] "GET /cormun/servlet/hpexe_return? HTTP/1.1" 200 1013
192.168.10.89 - - [09/Aug/2019:09:30:54 -0300] "GET /cormun/servlet/trsolicitudgral? HTTP/1.1" 200 9811
190.171.141.90 - - [09/Aug/2019:09:30:55 -0300] "POST /cormun/servlet/prfichaempleado?8c233049d7d8b4d0ff0162c27a392c2f,,MD,,gxPopupLevel%3D0%3B,gx-no-cache=1565349940579 HTTP/1.1" 200 6107
192.168.10.89 - - [09/Aug/2019:09:30:57 -0300] "POST /cormun/servlet/trsolicitudgral?86df3327e90c0d1d37c1205cb7b9861a,,gx-no-cache=1565353210592 HTTP/1.1" 200 5497
192.168.10.89 - - [09/Aug/2019:09:30:57 -0300] "GET /cormun/static/Shared/jqueryui/images/ui-bg_highlight-soft_100_c6c2c8_1x100.png HTTP/1.1" 404 1117
192.168.10.89 - - [09/Aug/2019:09:30:57 -0300] "GET /cormun/static/Shared/jqueryui/images/ui-icons_8d78a5_256x240.png HTTP/1.1" 404 1089
192.168.10.89 - - [09/Aug/2019:09:30:57 -0300] "GET /cormun/static/Shared/jqueryui/images/ui-bg_flat_55_fafafa_40x100.png HTTP/1.1" 404 1097
192.168.10.89 - - [09/Aug/2019:09:30:57 -0300] "GET /cormun/static/Shared/jqueryui/images/ui-icons_82798d_256x240.png HTTP/1.1" 404 1089
190.171.141.138 - - [09/Aug/2019:09:31:05 -0300] "GET /cormun/static/Resources/resize.gif HTTP/1.1" 200 77
190.171.141.138 - - [09/Aug/2019:09:31:05 -0300] "GET /cormun/servlet/prbanco?,MD,,gxPopupLevel%3D0%3B HTTP/1.1" 200 6848
190.171.141.138 - - [09/Aug/2019:09:31:06 -0300] "GET /cormun/static/gxcfg.js?20181161016094 HTTP/1.1" 200 953
190.171.141.138 - - [09/Aug/2019:09:31:06 -0300] "GET /cormun/static/prbanco.js?2018116101633 HTTP/1.1" 200 10693
190.171.141.138 - - [09/Aug/2019:09:31:06 -0300] "GET /cormun/static/hmpwkw011.js?20177612121862 HTTP/1.1" 200 1968
190.171.141.138 - - [09/Aug/2019:09:31:06 -0300] "GET /cormun/static/menusearch.js?201610171694467 HTTP/1.1" 200 1424
192.168.10.89 - - [09/Aug/2019:09:31:10 -0300] "POST /cormun/servlet/trsolicitudgral?86df3327e90c0d1d37c1205cb7b9861a,,gx-no-cache=1565353223560 HTTP/1.1" 200 7016
190.171.141.90 - - [09/Aug/2019:09:31:24 -0300] "GET /cormun/servlet/prlicenciaspermisos?10607785,L,,MD,,gxPopupLevel%3D0%3B HTTP/1.1" 200 7710
190.171.141.90 - - [09/Aug/2019:09:31:30 -0300] "POST /cormun/servlet/solicitudot?gx-no-cache=1565349975594 HTTP/1.1" 200 1360
190.171.141.138 - - [09/Aug/2019:09:31:31 -0300] "GET /cormun/servlet/solicitudot?adb545555f6bc9983bc5997a6c5afe79980d3fece9f0c32a15bf36d948fc3203797b930e190aa32c8bb20f98d4be996765ef139d472c3e2708a41d0e13f85669,gx-no-cache=1565353577523 HTTP/1.1" 200 30
190.171.141.138 - - [09/Aug/2019:09:31:33 -0300] "GET /cormun/servlet/solicitudot?adb545555f6bc9983bc5997a6c5afe79e355b4b202a61b254cc52f95ca70948d,gx-no-cache=1565353579894 HTTP/1.1" 200 53
190.171.141.90 - - [09/Aug/2019:09:31:43 -0300] "POST /cormun/servlet/solicitudot?gx-no-cache=1565349989496 HTTP/1.1" 200 41
190.171.141.90 - - [09/Aug/2019:09:31:43 -0300] "GET /cormun/servlet/solicitudot?da3041d2b70ebccfe5275bd4c042c87ad7c2a101abb1a0fe88fe1a316cf5fa63ceac37a306fcd9d00ab9a3656ca37f245ada5bbbc5bfe7631c64e42418753fbdad02c05bcd9a85ed3044de29ea7ee7061945af6ad717431eac0bb1131874a4ec04c52a9b4ae55c00e4292ba33e6e08bc,gx-no-cache=1565349989615 HTTP/1.1" 200 110
192.168.10.89 - - [09/Aug/2019:09:31:43 -0300] "POST /cormun/servlet/trsolicitudgral?86df3327e90c0d1d37c1205cb7b9861a,,gx-no-cache=1565353257048 HTTP/1.1" 200 5506
190.171.141.90 - - [09/Aug/2019:09:31:43 -0300] "POST /cormun/servlet/solicitudot?gx-no-cache=1565349989738 HTTP/1.1" 200 97
190.171.141.138 - - [09/Aug/2019:09:31:51 -0300] "POST /cormun/servlet/solicitudot?gx-no-cache=1565353597396 HTTP/1.1" 200 255
190.171.141.138 - - [09/Aug/2019:09:31:54 -0300] "GET /cormun/servlet/solicitudot?adb545555f6bc9983bc5997a6c5afe7998d7b4c27a218dbc977ab2a976feb1b5b100ca903883830163c0b9ac98816220e20eb3f497d21df99b638aeebd33b214b79826672a538cd5b7835276ca67457b776c6c1620f5ac30770c3cf317fa66e5b0036e344c6ce0bec007b77bd7e05ec193de9b0a834fca6fcd624622846eb3cbfc78f94482dd95bae835f27c119ac15bb3b59188e119c7343679e22af2a7dde638fbf5a9428e2e1ed38b6d3b7266d6d685eb581b92b1c157fdbde72ce7b3b06059fa5f1ed3aec99e629d601a6e43f11d15f6c01fbd4cceda434a9f35876c721f7f66df72ab768455a35db07262e92e927e7daa73ff5ad09e7a72924a32c98f10ca2a51fb78f5c8f646873305018d0e51bd0c82320e5e8ed6120c0e2e815ec86a5c04f52c7cbd8583481f7569f7f34b3f3dda5dfaa7208920ae4193995302308a80d80437f6308dbd986c2b57faa7491cd85791ccffe18693fedaf1df7388e6e06a0264b04dacddad0c1a19f6d817986f056508c53d9ee4ab2381d88958a888c9,gx-no-cache=1565353600585 HTTP/1.1" 200 30
192.168.10.89 - - [09/Aug/2019:09:31:57 -0300] "GET /cormun/servlet/trautorizarot? HTTP/1.1" 200 16302
192.168.10.89 - - [09/Aug/2019:09:31:57 -0300] "GET /cormun/static/trautorizarot.js?20183710595972 HTTP/1.1" 304 -
190.171.141.90 - - [09/Aug/2019:09:32:00 -0300] "GET /cormun/servlet/solicitudot?da3041d2b70ebccfe5275bd4c042c87ad1112ca0e0550c05668712573a4a6d0031aa3b8cccf5a76cf6a629d69bcb67ef66e1499fa6a5abc3fbd9d7f0f02aa78a275cd980c2cd7b30673994217244e348a9361c17004792b38201cab167ee4f7673b0b6fd23c4e7eda6f6b1410781819930b66140de56115175d6172abaa3cbd08137755e07a812e3d165a81f4051f4294bb08e5c0a8cd524642947155e2e5424,gx-no-cache=1565350005943 HTTP/1.1" 200 29
190.171.141.90 - - [09/Aug/2019:09:32:00 -0300] "GET /cormun/static/menuarrow.gif HTTP/1.1" 404 1015
190.171.141.138 - - [09/Aug/2019:09:32:00 -0300] "POST /cormun/servlet/solicitudot?gx-no-cache=1565353606636 HTTP/1.1" 200 30
190.171.141.90 - - [09/Aug/2019:09:32:03 -0300] "GET /cormun/servlet/solicitudot?da3041d2b70ebccfe5275bd4c042c87a9fd33ae6eae1f93c207fc9a8266248d138695c3c856f06642599d7a4087aa0d1,gx-no-cache=1565350009262 HTTP/1.1" 200 30
190.171.141.90 - - [09/Aug/2019:09:32:03 -0300] "POST /cormun/servlet/solicitudot?gx-no-cache=1565350009365 HTTP/1.1" 200 146
190.171.141.90 - - [09/Aug/2019:09:32:03 -0300] "GET /cormun/static/Shared/jqueryui/images/ui-bg_highlight-soft_100_c6c2c8_1x100.png HTTP/1.1" 404 1117
190.171.141.138 - - [09/Aug/2019:09:32:03 -0300] "POST /cormun/servlet/solicitudot?gx-no-cache=1565353609799 HTTP/1.1" 200 1360
190.171.141.90 - - [09/Aug/2019:09:32:03 -0300] "GET /cormun/static/Shared/jqueryui/images/ui-icons_82798d_256x240.png HTTP/1.1" 404 1089
190.171.141.90 - - [09/Aug/2019:09:32:03 -0300] "GET /cormun/static/Shared/jqueryui/images/ui-icons_ebccce_256x240.png HTTP/1.1" 404 1089
190.171.141.90 - - [09/Aug/2019:09:32:03 -0300] "GET /cormun/static/Shared/jqueryui/images/ui-bg_flat_55_994d53_40x100.png HTTP/1.1" 404 1097
190.171.141.138 - - [09/Aug/2019:09:32:03 -0300] "POST /cormun/servlet/solicitudot?gx-no-cache=1565353609897 HTTP/1.1" 200 38
192.168.10.89 - - [09/Aug/2019:09:32:05 -0300] "GET /cormun/servlet/trsolicitudgral? HTTP/1.1" 200 8382
190.171.141.138 - - [09/Aug/2019:09:32:17 -0300] "GET /cormun/servlet/solicitudot?adb545555f6bc9983bc5997a6c5afe79d63fcdb5fb5632edbedad669c5230c1effbc9039b5d28997a4022be6ab659864780623bba9fbcb092b58f93bd450ac14886d6cb6e9d2764092b5d918ea7e40b1134fe5058fc42b911fed9ff91db32da42f4f36d2e369596a64c98d81ce0ec486,gx-no-cache=1565353623726 HTTP/1.1" 200 110
190.171.141.138 - - [09/Aug/2019:09:32:17 -0300] "POST /cormun/servlet/solicitudot?gx-no-cache=1565353623829 HTTP/1.1" 200 97
190.171.141.138 - - [09/Aug/2019:09:32:27 -0300] "GET /cormun/servlet/solicitudot?adb545555f6bc9983bc5997a6c5afe794f6451fe9923eab62587fd8a1923678b216189079dac5d467343cdf6d97badd94aa08e0d78a87cde4c9bd01ce54dbd438b7ee485fa960148241731c649f4410efeeb9dea8b41cfb51ac61b474556fb3c7fb05bef4932143285dc8a505e1441b9,gx-no-cache=1565353634174 HTTP/1.1" 200 29
190.171.141.138 - - [09/Aug/2019:09:32:27 -0300] "GET /cormun/static/menuarrow.gif HTTP/1.1" 404 1015
190.171.141.138 - - [09/Aug/2019:09:32:38 -0300] "GET /cormun/servlet/solicitudot?adb545555f6bc9983bc5997a6c5afe7960f8fd6b9b277cd0fac4db47a632ba85e7ff19cd22e9ec6a9c2f724c56c79076,gx-no-cache=1565353644211 HTTP/1.1" 200 30
190.171.141.90 - - [09/Aug/2019:09:32:39 -0300] "POST /cormun/servlet/solicitudot?8c233049d7d8b4d0ff0162c27a392c2f,INS,0,0,,gx-no-cache=1565350045628 HTTP/1.1" 200 12297
190.171.141.138 - - [09/Aug/2019:09:32:44 -0300] "POST /cormun/servlet/solicitudot?gx-no-cache=1565353650739 HTTP/1.1" 200 30
190.171.141.138 - - [09/Aug/2019:09:32:55 -0300] "GET /cormun/servlet/solicitudot?adb545555f6bc9983bc5997a6c5afe7960f8fd6b9b277cd0fac4db47a632ba85e7ff19cd22e9ec6a9c2f724c56c79076,gx-no-cache=1565353661774 HTTP/1.1" 200 30
190.171.141.138 - - [09/Aug/2019:09:32:55 -0300] "POST /cormun/servlet/solicitudot?gx-no-cache=1565353661799 HTTP/1.1" 200 30
190.171.141.138 - - [09/Aug/2019:09:32:55 -0300] "POST /cormun/servlet/solicitudot?1e7091ca9c75cfc25a3997cce626a524,INS,0,0,,gx-no-cache=1565353661831 HTTP/1.1" 200 93
190.171.141.138 - - [09/Aug/2019:09:32:55 -0300] "GET /cormun/servlet/hpexe_return? HTTP/1.1" 200 1010
190.171.141.138 - - [09/Aug/2019:09:32:56 -0300] "GET /cormun/static/gxcfg.js?2016101716175148 HTTP/1.1" 200 953
190.171.141.138 - - [09/Aug/2019:09:32:56 -0300] "GET /cormun/static/hpexe_return.js?2016101716175153 HTTP/1.1" 200 1633
190.171.141.138 - - [09/Aug/2019:09:32:56 -0300] "GET /cormun/static/Resources/Spanish/PXTools.css?167811 HTTP/1.1" 200 89042
190.171.141.138 - - [09/Aug/2019:09:32:56 -0300] "GET /cormun/servlet/trsolicitudot HTTP/1.1" 200 9028
190.171.141.138 - - [09/Aug/2019:09:32:56 -0300] "GET /cormun//static/Resources/PXToolsActionView.png HTTP/1.1" 200 2995
190.171.141.138 - - [09/Aug/2019:09:32:56 -0300] "GET /cormun//static/Resources/PXToolsGridUpdate.png HTTP/1.1" 200 2984
190.171.141.138 - - [09/Aug/2019:09:32:56 -0300] "GET /cormun//static/Resources/PXToolsRemoveAllAction.png HTTP/1.1" 200 3558
190.171.141.138 - - [09/Aug/2019:09:32:56 -0300] "GET /cormun//static/Resources/PXToolsGridDelete.png HTTP/1.1" 200 357
190.171.141.138 - - [09/Aug/2019:09:32:56 -0300] "GET /cormun//static/Resources/PXTools/ActionInsert.png HTTP/1.1" 200 1482
190.171.141.138 - - [09/Aug/2019:09:32:56 -0300] "GET /cormun/servlet/trsolicitudot HTTP/1.1" 200 9024
190.171.141.90 - - [09/Aug/2019:09:33:00 -0300] "POST /cormun/servlet/solicitudot?gx-no-cache=1565350066676 HTTP/1.1" 200 30
190.171.141.90 - - [09/Aug/2019:09:33:00 -0300] "POST /cormun/servlet/solicitudot?gx-no-cache=1565350066725 HTTP/1.1" 200 1360
190.171.141.90 - - [09/Aug/2019:09:33:00 -0300] "POST /cormun/servlet/solicitudot?gx-no-cache=1565350066822 HTTP/1.1" 200 41
190.171.141.90 - - [09/Aug/2019:09:33:00 -0300] "GET /cormun/servlet/solicitudot?da3041d2b70ebccfe5275bd4c042c87ad7c2a101abb1a0fe88fe1a316cf5fa63ceac37a306fcd9d00ab9a3656ca37f245ada5bbbc5bfe7631c64e42418753fbdad02c05bcd9a85ed3044de29ea7ee7061945af6ad717431eac0bb1131874a4ec04c52a9b4ae55c00e4292ba33e6e08bc,gx-no-cache=1565350066850 HTTP/1.1" 200 110
190.171.141.90 - - [09/Aug/2019:09:33:00 -0300] "POST /cormun/servlet/solicitudot?gx-no-cache=1565350066886 HTTP/1.1" 200 97
190.171.141.90 - - [09/Aug/2019:09:33:00 -0300] "POST /cormun/servlet/solicitudot?gx-no-cache=1565350066925 HTTP/1.1" 200 146
190.171.141.90 - - [09/Aug/2019:09:33:01 -0300] "POST /cormun/servlet/solicitudot?8c233049d7d8b4d0ff0162c27a392c2f,INS,0,0,,gx-no-cache=1565350066995 HTTP/1.1" 200 12362
192.168.10.89 - - [09/Aug/2019:09:33:03 -0300] "POST /cormun/servlet/trsolicitudgral?86df3327e90c0d1d37c1205cb7b9861a,,gx-no-cache=1565353336203 HTTP/1.1" 200 6690
190.171.141.90 - - [09/Aug/2019:09:33:04 -0300] "GET /cormun/servlet/prcontratosol?15125165,,,,,MD,,gxPopupLevel%3D0%3B HTTP/1.1" 200 7556
190.171.141.90 - - [09/Aug/2019:09:33:05 -0300] "GET /cormun/static/gxcfg.js?201761413223964 HTTP/1.1" 200 953
190.171.141.90 - - [09/Aug/2019:09:33:05 -0300] "GET /cormun/static/prcontratosol.js?201761413224174 HTTP/1.1" 200 15806
192.168.10.89 - - [09/Aug/2019:09:33:11 -0300] "GET /cormun/servlet/solicitudgral3?UPD,2019,15877, HTTP/1.1" 200 13310
192.168.10.89 - - [09/Aug/2019:09:33:13 -0300] "POST /cormun/servlet/solicitudgral3?gx-no-cache=1565353346431 HTTP/1.1" 200 4251
192.168.10.89 - - [09/Aug/2019:09:33:13 -0300] "GET /cormun/servlet/solicitudgral3?ea368082e40d96707a3ab88abfb7c9ea55ef4d313106192a8f8491897ac0fb41f43bba8a5d002d1a1748e5cad63a016fe34bdc8da588d05b8f5dab1a7daa78d03f5af3bdbe739ddca507bef3d76ba695e3b18b76d4e10f9f34346ce6c247ae63d97e38fdf52f701d253a0771f4e9cf505192006b2d67818ef5b9a3815cf64aabbbdbf90650eac545089b550facce31d74d4774752e882af69c8989c0d1a5721c1c246784d2a9016a2b8341b25d5085f6f7503fac67772304c665dd12cc1d32a7468eed0f64b841438cf5447a13d3a40e39a5777cfc01b7b9353882e1850d04b43807746b6ebe6bf67d0c190236a823a5dfa23ee2ed38838e3b6fe31443db084e6164a27b52014f11d37a9d4077fbf3214ce744c92c783bfe1f99c66f95222892efedc7a2668c9af6e19775559d4c45b3c342fa70b5b0d0f5e35d4985e30572f0805cc77509099588ee51031a534f1fdd,gx-no-cache=1565353346622 HTTP/1.1" 200 256
192.168.10.89 - - [09/Aug/2019:09:33:13 -0300] "GET /cormun/servlet/solicitudgral3?ea368082e40d96707a3ab88abfb7c9eaded1f26c11d64cc9c894e079987a2a25650e55dd0720cd68b186ca190497eb5a8768ffd7f62b6ff2e6e1a16618e3638a0592a7bf7a58dde12216d994207b122fd76951ec6d710c16b387823fcc2d7361,gx-no-cache=1565353346643 HTTP/1.1" 200 42
192.168.10.89 - - [09/Aug/2019:09:33:13 -0300] "GET /cormun/servlet/solicitudgral3?ea368082e40d96707a3ab88abfb7c9ead8dd5b258e95f6a63cb9bbe0ee97bc647095f341f49d0b7b095cabf82e08479f16ea34c2fd8d5da85f7d5840d4f3e81dab22e13348927a692f0ad5667ff6b71ce0d3af8a6d6b5cfe30df3751d22a0f688a239bb7b5430e6a235fa9a595e89c2db25bcc9355c9027f3829cf8b0230acad,gx-no-cache=1565353346711 HTTP/1.1" 200 41
192.168.10.89 - - [09/Aug/2019:09:33:13 -0300] "GET /cormun/servlet/solicitudgral3?ea368082e40d96707a3ab88abfb7c9eae00de89cd0c40faf5b1422940b12aaa22f85eb7cafe7a6a21c23396b25e8a7b8e34bdc8da588d05b8f5dab1a7daa78d0133bf9757ab03ebd74828dcdb7d009b5628c868d20f5c6eba847823429529b40,gx-no-cache=1565353347158 HTTP/1.1" 200 30
192.168.10.89 - - [09/Aug/2019:09:33:18 -0300] "POST /cormun/servlet/solicitudgral3?gx-no-cache=1565353351511 HTTP/1.1" 200 67
192.168.10.89 - - [09/Aug/2019:09:33:22 -0300] "POST /cormun/servlet/solicitudgral3?gx-no-cache=1565353355576 HTTP/1.1" 200 72
192.168.10.89 - - [09/Aug/2019:09:33:25 -0300] "POST /cormun/servlet/solicitudgral3?86df3327e90c0d1d37c1205cb7b9861a,UPD,2019,15877,,gx-no-cache=1565353358762 HTTP/1.1" 200 11941
192.168.10.89 - - [09/Aug/2019:09:33:25 -0300] "GET /cormun/servlet/solicitudgral3?ea368082e40d96707a3ab88abfb7c9eae4ca96b817434c682984814492865a3bf9fa670bfe7db9391a43050e7dae32999554afb364dbd8415fd78c96b556b8b0a39e7f824d2bb9a7fa26321a7bb9c369134b95a7c9eda4aef6ff5299fe2591f8e350977f0f898036809da33ef0366def,gx-no-cache=1565353359253 HTTP/1.1" 200 29
192.168.10.89 - - [09/Aug/2019:09:33:26 -0300] "GET /cormun/servlet/solicitudgral3?ea368082e40d96707a3ab88abfb7c9ea680145cd3d043a06e2d6aab23c14045a7e5952ab1a369256c560a0c3dedf7125e8acc13e4c912ea880d9bb628f824bfce34bdc8da588d05b8f5dab1a7daa78d0ca18a8286baf81c041f9dc16908053889378ba418d926930e3697646bc2c904fd789f220e3a2621a82609fa46ee7e31d93b3414df9e222e4345a7b4fa08fdee4,gx-no-cache=1565353360219 HTTP/1.1" 200 30
192.168.10.89 - - [09/Aug/2019:09:33:28 -0300] "POST /cormun/servlet/solicitudgral3?86df3327e90c0d1d37c1205cb7b9861a,UPD,2019,15877,,gx-no-cache=1565353361553 HTTP/1.1" 200 93
192.168.10.89 - - [09/Aug/2019:09:33:28 -0300] "GET /cormun/servlet/hpexe_return? HTTP/1.1" 200 1014
192.168.10.89 - - [09/Aug/2019:09:33:28 -0300] "GET /cormun/servlet/trsolicitudgral? HTTP/1.1" 200 9833
192.168.10.89 - - [09/Aug/2019:09:33:31 -0300] "POST /cormun/servlet/trsolicitudgral?86df3327e90c0d1d37c1205cb7b9861a,,gx-no-cache=1565353365003 HTTP/1.1" 200 5498
192.168.10.89 - - [09/Aug/2019:09:33:31 -0300] "GET /cormun/static/Shared/jqueryui/images/ui-bg_flat_55_fafafa_40x100.png HTTP/1.1" 404 1097
192.168.10.89 - - [09/Aug/2019:09:33:31 -0300] "GET /cormun/static/Shared/jqueryui/images/ui-icons_8d78a5_256x240.png HTTP/1.1" 404 1089
192.168.10.89 - - [09/Aug/2019:09:33:31 -0300] "GET /cormun/static/Shared/jqueryui/images/ui-bg_highlight-soft_100_c6c2c8_1x100.png HTTP/1.1" 404 1117
192.168.10.89 - - [09/Aug/2019:09:33:31 -0300] "GET /cormun/static/Shared/jqueryui/images/ui-icons_82798d_256x240.png HTTP/1.1" 404 1089
190.171.141.90 - - [09/Aug/2019:09:33:33 -0300] "POST /cormun/servlet/solicitudot?gx-no-cache=1565350099465 HTTP/1.1" 200 30
190.171.141.90 - - [09/Aug/2019:09:33:34 -0300] "POST /cormun/servlet/solicitudot?gx-no-cache=1565350099542 HTTP/1.1" 200 1360
190.171.141.90 - - [09/Aug/2019:09:33:34 -0300] "POST /cormun/servlet/solicitudot?gx-no-cache=1565350100416 HTTP/1.1" 200 41
190.171.141.90 - - [09/Aug/2019:09:33:34 -0300] "GET /cormun/servlet/solicitudot?da3041d2b70ebccfe5275bd4c042c87ad7c2a101abb1a0fe88fe1a316cf5fa63ceac37a306fcd9d00ab9a3656ca37f245ada5bbbc5bfe7631c64e42418753fbdad02c05bcd9a85ed3044de29ea7ee7061945af6ad717431eac0bb1131874a4ec04c52a9b4ae55c00e4292ba33e6e08bc,gx-no-cache=1565350100547 HTTP/1.1" 200 110
190.171.141.90 - - [09/Aug/2019:09:33:36 -0300] "POST /cormun/servlet/solicitudot?gx-no-cache=1565350100974 HTTP/1.1" 200 97
190.171.141.90 - - [09/Aug/2019:09:33:36 -0300] "POST /cormun/servlet/solicitudot?gx-no-cache=1565350102337 HTTP/1.1" 200 146
190.171.141.90 - - [09/Aug/2019:09:33:37 -0300] "POST /cormun/servlet/solicitudot?8c233049d7d8b4d0ff0162c27a392c2f,INS,0,0,,gx-no-cache=1565350102547 HTTP/1.1" 200 12409
192.168.10.89 - - [09/Aug/2019:09:33:42 -0300] "POST /cormun/servlet/trsolicitudgral?86df3327e90c0d1d37c1205cb7b9861a,,gx-no-cache=1565353376128 HTTP/1.1" 200 6684
192.168.10.89 - - [09/Aug/2019:09:34:14 -0300] "POST /cormun/servlet/trsolicitudgral?86df3327e90c0d1d37c1205cb7b9861a,,gx-no-cache=1565353407558 HTTP/1.1" 200 5269
192.168.10.89 - - [09/Aug/2019:09:34:25 -0300] "POST /cormun/servlet/trsolicitudgral?86df3327e90c0d1d37c1205cb7b9861a,,gx-no-cache=1565353418797 HTTP/1.1" 200 6684
192.168.10.89 - - [09/Aug/2019:09:34:31 -0300] "POST /cormun/servlet/trsolicitudgral?86df3327e90c0d1d37c1205cb7b9861a,,gx-no-cache=1565353424209 HTTP/1.1" 200 5491
192.168.10.89 - - [09/Aug/2019:09:34:44 -0300] "POST /cormun/servlet/trsolicitudgral?86df3327e90c0d1d37c1205cb7b9861a,,gx-no-cache=1565353437428 HTTP/1.1" 200 7243
190.171.143.82 - - [09/Aug/2019:09:34:59 -0300] "GET /cormun/servlet/hhome HTTP/1.1" 200 3414
190.171.143.82 - - [09/Aug/2019:09:35:01 -0300] "GET /cormun/servlet/hhome HTTP/1.1" 200 3424
190.171.143.82 - - [09/Aug/2019:09:35:01 -0300] "GET /cormun/servlet/hlogin HTTP/1.1" 200 1730
192.168.10.89 - - [09/Aug/2019:09:35:19 -0300] "POST /cormun/servlet/trsolicitudgral?86df3327e90c0d1d37c1205cb7b9861a,,gx-no-cache=1565353473042 HTTP/1.1" 200 6722
190.171.141.82 - - [09/Aug/2019:09:35:43 -0300] "GET /cormun/servlet/hlogin HTTP/1.1" 200 1715
190.171.141.82 - - [09/Aug/2019:09:35:43 -0300] "GET /cormun/static/gxtimezone.js?85251 HTTP/1.1" 304 -
190.171.141.82 - - [09/Aug/2019:09:35:44 -0300] "GET /cormun/servlet/hlogin HTTP/1.1" 200 1725
190.171.141.82 - - [09/Aug/2019:09:35:48 -0300] "POST /cormun/servlet/hlogin?fece83efce8b11c629a91601a148937a,gx-no-cache=1565350378449 HTTP/1.1" 200 90
190.171.141.82 - - [09/Aug/2019:09:35:48 -0300] "GET /cormun/servlet/hpexe_link HTTP/1.1" 200 945
190.171.141.82 - - [09/Aug/2019:09:35:49 -0300] "GET /cormun/servlet/hhome HTTP/1.1" 200 4335
190.171.141.82 - - [09/Aug/2019:09:35:52 -0300] "GET /cormun/servlet/hhome HTTP/1.1" 200 4331
190.171.141.82 - - [09/Aug/2019:09:35:58 -0300] "GET /cormun/servlet/trlicencias? HTTP/1.1" 200 12207
192.168.10.89 - - [09/Aug/2019:09:36:00 -0300] "GET /cormun/servlet/vesolicitudgral?2019,15872,, HTTP/1.1" 200 8429
192.168.10.89 - - [09/Aug/2019:09:36:00 -0300] "GET /cormun/pexe_scrolldiv.js HTTP/1.1" 404 1009
190.171.143.82 - - [09/Aug/2019:09:36:02 -0300] "POST /cormun/servlet/hlogin?ea105415781c6a07d02a573deef66d70,gx-no-cache=1565354003407 HTTP/1.1" 200 90
190.171.143.82 - - [09/Aug/2019:09:36:02 -0300] "GET /cormun/servlet/hpexe_link HTTP/1.1" 200 945
190.171.143.82 - - [09/Aug/2019:09:36:02 -0300] "GET /cormun/servlet/hhome HTTP/1.1" 200 4337
190.171.141.82 - - [09/Aug/2019:09:36:03 -0300] "GET /cormun/static/calendar-setup.js?85251 HTTP/1.1" 304 -
190.171.141.82 - - [09/Aug/2019:09:36:03 -0300] "GET /cormun/static/calendar.js?85251 HTTP/1.1" 304 -
190.171.141.82 - - [09/Aug/2019:09:36:03 -0300] "GET /cormun/static/calendar-es.js?85251 HTTP/1.1" 304 -
190.171.141.82 - - [09/Aug/2019:09:36:04 -0300] "GET /cormun/static/gxdec.js?85251 HTTP/1.1" 304 -
190.171.143.82 - - [09/Aug/2019:09:36:04 -0300] "GET /cormun/servlet/hhome HTTP/1.1" 200 4333
190.171.143.82 - - [09/Aug/2019:09:36:04 -0300] "GET /cormun/static/SmoothNavMenu/resources/images/right.gif HTTP/1.1" 200 860
190.171.141.82 - - [09/Aug/2019:09:36:06 -0300] "GET /cormun/servlet/trlicencias? HTTP/1.1" 200 12204
190.171.141.82 - - [09/Aug/2019:09:36:15 -0300] "POST /cormun/servlet/trlicencias?fece83efce8b11c629a91601a148937a,,gx-no-cache=1565350404139 HTTP/1.1" 200 9601
190.171.143.82 - - [09/Aug/2019:09:36:18 -0300] "GET /cormun/servlet/trlicencias? HTTP/1.1" 200 10658
190.171.143.82 - - [09/Aug/2019:09:36:20 -0300] "GET /cormun/servlet/trlicencias? HTTP/1.1" 200 10638
190.171.141.138 - - [09/Aug/2019:09:36:28 -0300] "POST /cormun/servlet/trsolicitudot?1e7091ca9c75cfc25a3997cce626a524,gx-no-cache=1565353874907 HTTP/1.1" 200 106
190.171.141.138 - - [09/Aug/2019:09:36:28 -0300] "GET /cormun/servlet/solicitudot?UPD,2019,15918, HTTP/1.1" 200 16065
190.171.141.138 - - [09/Aug/2019:09:36:29 -0300] "GET /cormun/servlet/solicitudot?UPD,2019,15918, HTTP/1.1" 200 16074
190.171.141.90 - - [09/Aug/2019:09:36:29 -0300] "POST /cormun/servlet/solicitudot?gx-no-cache=1565350275580 HTTP/1.1" 200 30
190.171.141.138 - - [09/Aug/2019:09:36:29 -0300] "POST /cormun/servlet/solicitudot?gx-no-cache=1565353876035 HTTP/1.1" 200 3557
190.171.141.138 - - [09/Aug/2019:09:36:30 -0300] "POST /cormun/servlet/solicitudot?1e7091ca9c75cfc25a3997cce626a524,UPD,2019,15918,,gx-no-cache=1565353876193 HTTP/1.1" 200 12124
190.171.141.138 - - [09/Aug/2019:09:36:30 -0300] "GET /cormun/servlet/solicitudot?adb545555f6bc9983bc5997a6c5afe7958cc130746624b5235a2ace52f2887f95d4bd8b36849a39417f3a7f36d5165c7,gx-no-cache=1565353876405 HTTP/1.1" 200 30
190.171.141.138 - - [09/Aug/2019:09:36:30 -0300] "GET /cormun/servlet/solicitudot?adb545555f6bc9983bc5997a6c5afe79980d3fece9f0c32a15bf36d948fc3203797b930e190aa32c8bb20f98d4be9967df118f7d2c001c8a7ec4a85998d7e7a8,gx-no-cache=1565353876433 HTTP/1.1" 200 30
190.171.141.138 - - [09/Aug/2019:09:36:30 -0300] "GET /cormun/servlet/solicitudot?adb545555f6bc9983bc5997a6c5afe7969a173087b8a06ff91ed2d3b88946499a65bb8d62b8b3d62b1f0260ee5cc55ef248ac20fec305420bd87f3d03206bd05,gx-no-cache=1565353876455 HTTP/1.1" 200 53
190.171.141.138 - - [09/Aug/2019:09:36:30 -0300] "POST /cormun/servlet/solicitudot?gx-no-cache=1565353876479 HTTP/1.1" 200 254
190.171.141.138 - - [09/Aug/2019:09:36:30 -0300] "GET /cormun/servlet/solicitudot?adb545555f6bc9983bc5997a6c5afe7998d7b4c27a218dbc977ab2a976feb1b5b100ca903883830163c0b9ac98816220e20eb3f497d21df99b638aeebd33b214b79826672a538cd5b7835276ca67457b776c6c1620f5ac30770c3cf317fa66e5b0036e344c6ce0bec007b77bd7e05ec193de9b0a834fca6fcd624622846eb3cbfc78f94482dd95bae835f27c119ac15bb3b59188e119c7343679e22af2a7dde638fbf5a9428e2e1ed38b6d3b7266d6d685eb581b92b1c157fdbde72ce7b3b06059fa5f1ed3aec99e629d601a6e43f11d15f6c01fbd4cceda434a9f35876c721f7f66df72ab768455a35db07262e92e927e7daa73ff5ad09e7a72924a32c98f10ca2a51fb78f5c8f646873305018d0e51bd0c82320e5e8ed6120c0e2e815ec86a5c04f52c7cbd8583481f7569f7f34b3f3dda5dfaa7208920ae4193995302308a80d80437f6308dbd986c2b57faa7491cd85791ccffe18693fedaf1df7388e6e06a0264b04dacddad0c1a19f6d817986fd3e1bc5f4627ded7d7548f6f6edd989d,gx-no-cache=1565353876507 HTTP/1.1" 200 30
190.171.141.138 - - [09/Aug/2019:09:36:30 -0300] "POST /cormun/servlet/solicitudot?gx-no-cache=1565353876529 HTTP/1.1" 200 30
190.171.141.138 - - [09/Aug/2019:09:36:30 -0300] "POST /cormun/servlet/solicitudot?gx-no-cache=1565353876554 HTTP/1.1" 200 1361
190.171.141.138 - - [09/Aug/2019:09:36:30 -0300] "POST /cormun/servlet/solicitudot?gx-no-cache=1565353876586 HTTP/1.1" 200 40
190.171.141.138 - - [09/Aug/2019:09:36:31 -0300] "GET /cormun/servlet/solicitudot?adb545555f6bc9983bc5997a6c5afe79d63fcdb5fb5632edbedad669c5230c1effbc9039b5d28997a4022be6ab659864780623bba9fbcb092b58f93bd450ac14886d6cb6e9d2764092b5d918ea7e40b1134fe5058fc42b911fed9ff91db32da42f4f36d2e369596a64c98d81ce0ec486,gx-no-cache=1565353877855 HTTP/1.1" 200 110
190.171.141.138 - - [09/Aug/2019:09:36:31 -0300] "POST /cormun/servlet/solicitudot?gx-no-cache=1565353877897 HTTP/1.1" 200 97
190.171.141.138 - - [09/Aug/2019:09:36:32 -0300] "GET /cormun/servlet/solicitudot?adb545555f6bc9983bc5997a6c5afe795ec56297abc7f9372ac857fe32b9a46915299b9053c7cfbd54ae94d46d5129ee4717f7942b1691500a57a695b7fd89f0e733d5beccc02e4d89487f669e60a21fc4e6a921c7550c89ea01181588649f44543d922d6d9be2e12ef98a543d060a36d5012c682b3661be0edbbebce865f4ff6faa80783c7d3a4479c4670cdb16c49309d57901abe6d892c2d9511aa216b939,gx-no-cache=1565353879125 HTTP/1.1" 200 30
190.171.141.90 - - [09/Aug/2019:09:36:33 -0300] "POST /cormun/servlet/solicitudot?gx-no-cache=1565350279046 HTTP/1.1" 200 1360
190.171.141.90 - - [09/Aug/2019:09:36:33 -0300] "POST /cormun/servlet/solicitudot?gx-no-cache=1565350279142 HTTP/1.1" 200 41
190.171.141.90 - - [09/Aug/2019:09:36:33 -0300] "GET /cormun/servlet/solicitudot?da3041d2b70ebccfe5275bd4c042c87ad7c2a101abb1a0fe88fe1a316cf5fa63ceac37a306fcd9d00ab9a3656ca37f245ada5bbbc5bfe7631c64e42418753fbdad02c05bcd9a85ed3044de29ea7ee7061945af6ad717431eac0bb1131874a4ec04c52a9b4ae55c00e4292ba33e6e08bc,gx-no-cache=1565350279169 HTTP/1.1" 200 110
190.171.141.90 - - [09/Aug/2019:09:36:33 -0300] "POST /cormun/servlet/solicitudot?gx-no-cache=1565350279200 HTTP/1.1" 200 97
190.171.141.90 - - [09/Aug/2019:09:36:33 -0300] "POST /cormun/servlet/solicitudot?gx-no-cache=1565350279318 HTTP/1.1" 200 30
190.171.141.90 - - [09/Aug/2019:09:36:33 -0300] "POST /cormun/servlet/solicitudot?8c233049d7d8b4d0ff0162c27a392c2f,INS,0,0,,gx-no-cache=1565350279402 HTTP/1.1" 200 12412
190.171.141.138 - - [09/Aug/2019:09:36:34 -0300] "GET /cormun/servlet/solicitudot?adb545555f6bc9983bc5997a6c5afe7960f8fd6b9b277cd0fac4db47a632ba85e7ff19cd22e9ec6a9c2f724c56c79076,gx-no-cache=1565353880331 HTTP/1.1" 200 30
190.171.141.138 - - [09/Aug/2019:09:36:34 -0300] "POST /cormun/servlet/solicitudot?gx-no-cache=1565353880391 HTTP/1.1" 200 30
190.171.141.138 - - [09/Aug/2019:09:36:34 -0300] "POST /cormun/servlet/solicitudot?1e7091ca9c75cfc25a3997cce626a524,UPD,2019,15918,,gx-no-cache=1565353880477 HTTP/1.1" 200 93
190.171.141.138 - - [09/Aug/2019:09:36:34 -0300] "GET /cormun/servlet/hpexe_return? HTTP/1.1" 200 1018
190.171.141.138 - - [09/Aug/2019:09:36:34 -0300] "GET /cormun/servlet/trsolicitudot HTTP/1.1" 200 9028
190.171.141.138 - - [09/Aug/2019:09:36:35 -0300] "GET /cormun/servlet/trsolicitudot HTTP/1.1" 200 9024
190.171.141.138 - - [09/Aug/2019:09:36:38 -0300] "GET /cormun/servlet/solicitudot?INS,0,0, HTTP/1.1" 200 15511
190.171.141.138 - - [09/Aug/2019:09:36:38 -0300] "GET /cormun/servlet/solicitudot?INS,0,0, HTTP/1.1" 200 15517
190.171.141.90 - - [09/Aug/2019:09:36:40 -0300] "POST /cormun/servlet/solicitudot?gx-no-cache=1565350286147 HTTP/1.1" 200 30
190.171.143.82 - - [09/Aug/2019:09:36:41 -0300] "GET /cormun/servlet/licenciaspermisos?DSP,17520834,L,20190722000000, HTTP/1.1" 200 7428
190.171.143.82 - - [09/Aug/2019:09:36:41 -0300] "GET /cormun/static/gxcfg.js?201762917281167 HTTP/1.1" 200 953
190.171.143.82 - - [09/Aug/2019:09:36:41 -0300] "GET /cormun/static/licenciaspermisos.js?201762917281260 HTTP/1.1" 200 37491
190.171.143.82 - - [09/Aug/2019:09:36:42 -0300] "GET /cormun/servlet/licenciaspermisos?DSP,17520834,L,20190722000000, HTTP/1.1" 200 7426
190.171.141.90 - - [09/Aug/2019:09:36:43 -0300] "POST /cormun/servlet/solicitudot?gx-no-cache=1565350289128 HTTP/1.1" 200 1360
190.171.141.90 - - [09/Aug/2019:09:36:43 -0300] "POST /cormun/servlet/solicitudot?gx-no-cache=1565350289238 HTTP/1.1" 200 41
190.171.141.90 - - [09/Aug/2019:09:36:43 -0300] "GET /cormun/servlet/solicitudot?da3041d2b70ebccfe5275bd4c042c87ad7c2a101abb1a0fe88fe1a316cf5fa63ceac37a306fcd9d00ab9a3656ca37f245ada5bbbc5bfe7631c64e42418753fbdad02c05bcd9a85ed3044de29ea7ee7061945af6ad717431eac0bb1131874a4ec04c52a9b4ae55c00e4292ba33e6e08bc,gx-no-cache=1565350289323 HTTP/1.1" 200 110
190.171.141.90 - - [09/Aug/2019:09:36:43 -0300] "POST /cormun/servlet/solicitudot?gx-no-cache=1565350289429 HTTP/1.1" 200 97
190.171.141.90 - - [09/Aug/2019:09:36:43 -0300] "GET /cormun/servlet/solicitudot?da3041d2b70ebccfe5275bd4c042c87a9fd33ae6eae1f93c207fc9a8266248d138695c3c856f06642599d7a4087aa0d1,gx-no-cache=1565350289491 HTTP/1.1" 200 30
190.171.141.90 - - [09/Aug/2019:09:36:43 -0300] "POST /cormun/servlet/solicitudot?gx-no-cache=1565350289542 HTTP/1.1" 200 146
190.171.141.90 - - [09/Aug/2019:09:36:43 -0300] "POST /cormun/servlet/solicitudot?8c233049d7d8b4d0ff0162c27a392c2f,INS,0,0,,gx-no-cache=1565350289647 HTTP/1.1" 200 12548
190.171.143.82 - - [09/Aug/2019:09:36:45 -0300] "POST /cormun/servlet/licenciaspermisos?ea105415781c6a07d02a573deef66d70,DSP,17520834,L,20190722000000,,gx-no-cache=1565354046419 HTTP/1.1" 200 93
190.171.143.82 - - [09/Aug/2019:09:36:45 -0300] "GET /cormun/servlet/hpexe_return? HTTP/1.1" 200 1023
190.171.143.82 - - [09/Aug/2019:09:36:45 -0300] "GET /cormun/servlet/trlicencias HTTP/1.1" 200 10661
190.171.143.82 - - [09/Aug/2019:09:36:46 -0300] "GET /cormun/servlet/trlicencias HTTP/1.1" 200 10638
190.171.141.90 - - [09/Aug/2019:09:36:50 -0300] "GET /cormun/servlet/prcontratosol?15125165,,,,,MD,,gxPopupLevel%3D0%3B HTTP/1.1" 200 7556
190.171.143.82 - - [09/Aug/2019:09:36:50 -0300] "GET /cormun/servlet/hlogin HTTP/1.1" 200 1732
190.171.141.138 - - [09/Aug/2019:09:36:58 -0300] "POST /cormun/servlet/solicitudot?gx-no-cache=1565353904302 HTTP/1.1" 200 3483
190.171.141.138 - - [09/Aug/2019:09:36:58 -0300] "POST /cormun/servlet/solicitudot?1e7091ca9c75cfc25a3997cce626a524,INS,0,0,,gx-no-cache=1565353904541 HTTP/1.1" 200 11964
190.171.141.138 - - [09/Aug/2019:09:37:00 -0300] "GET /cormun/servlet/solicitudot?adb545555f6bc9983bc5997a6c5afe7958cc130746624b5235a2ace52f2887f94f688336b29a0478492066ddc24af5d0,gx-no-cache=1565353907149 HTTP/1.1" 200 30
190.171.141.90 - - [09/Aug/2019:09:37:09 -0300] "POST /cormun/servlet/solicitudot?gx-no-cache=1565350315383 HTTP/1.1" 200 30
190.171.141.90 - - [09/Aug/2019:09:37:11 -0300] "POST /cormun/servlet/solicitudot?gx-no-cache=1565350316972 HTTP/1.1" 200 1360
190.171.141.90 - - [09/Aug/2019:09:37:11 -0300] "POST /cormun/servlet/solicitudot?gx-no-cache=1565350317057 HTTP/1.1" 200 41
190.171.141.90 - - [09/Aug/2019:09:37:11 -0300] "GET /cormun/servlet/solicitudot?da3041d2b70ebccfe5275bd4c042c87ad7c2a101abb1a0fe88fe1a316cf5fa63ceac37a306fcd9d00ab9a3656ca37f245ada5bbbc5bfe7631c64e42418753fbdad02c05bcd9a85ed3044de29ea7ee7061945af6ad717431eac0bb1131874a4ec04c52a9b4ae55c00e4292ba33e6e08bc,gx-no-cache=1565350317088 HTTP/1.1" 200 110
190.171.141.90 - - [09/Aug/2019:09:37:11 -0300] "POST /cormun/servlet/solicitudot?gx-no-cache=1565350317130 HTTP/1.1" 200 97
190.171.141.90 - - [09/Aug/2019:09:37:11 -0300] "POST /cormun/servlet/solicitudot?gx-no-cache=1565350317166 HTTP/1.1" 200 30
190.171.141.90 - - [09/Aug/2019:09:37:11 -0300] "POST /cormun/servlet/solicitudot?8c233049d7d8b4d0ff0162c27a392c2f,INS,0,0,,gx-no-cache=1565350317202 HTTP/1.1" 200 12531
192.168.10.89 - - [09/Aug/2019:09:37:16 -0300] "POST /cormun/servlet/vesolicitudgral?86df3327e90c0d1d37c1205cb7b9861a,2019,15872,,,gx-no-cache=1565353589408 HTTP/1.1" 200 90
192.168.10.89 - - [09/Aug/2019:09:37:16 -0300] "GET /cormun/servlet/hpexe_link HTTP/1.1" 200 966
192.168.10.89 - - [09/Aug/2019:09:37:16 -0300] "GET /cormun/servlet/trsolicitudgral? HTTP/1.1" 200 9812
192.168.10.89 - - [09/Aug/2019:09:37:21 -0300] "POST /cormun/servlet/trsolicitudgral?86df3327e90c0d1d37c1205cb7b9861a,,gx-no-cache=1565353594733 HTTP/1.1" 200 6686
190.171.141.90 - - [09/Aug/2019:09:37:26 -0300] "POST /cormun/servlet/solicitudot?gx-no-cache=1565350332129 HTTP/1.1" 200 30
190.171.141.90 - - [09/Aug/2019:09:37:27 -0300] "POST /cormun/servlet/solicitudot?gx-no-cache=1565350333574 HTTP/1.1" 200 1360
190.171.141.90 - - [09/Aug/2019:09:37:27 -0300] "POST /cormun/servlet/solicitudot?gx-no-cache=1565350333662 HTTP/1.1" 200 41
190.171.141.90 - - [09/Aug/2019:09:37:27 -0300] "GET /cormun/servlet/solicitudot?da3041d2b70ebccfe5275bd4c042c87ad7c2a101abb1a0fe88fe1a316cf5fa63ceac37a306fcd9d00ab9a3656ca37f245ada5bbbc5bfe7631c64e42418753fbdad02c05bcd9a85ed3044de29ea7ee7061945af6ad717431eac0bb1131874a4ec04c52a9b4ae55c00e4292ba33e6e08bc,gx-no-cache=1565350333696 HTTP/1.1" 200 110
192.168.10.89 - - [09/Aug/2019:09:37:28 -0300] "POST /cormun/servlet/trsolicitudgral?86df3327e90c0d1d37c1205cb7b9861a,,gx-no-cache=1565353601455 HTTP/1.1" 200 5506
192.168.10.89 - - [09/Aug/2019:09:37:28 -0300] "GET /cormun/static/Shared/jqueryui/images/ui-icons_8d78a5_256x240.png HTTP/1.1" 404 1089
192.168.10.89 - - [09/Aug/2019:09:37:28 -0300] "GET /cormun/static/Shared/jqueryui/images/ui-icons_82798d_256x240.png HTTP/1.1" 404 1089
192.168.10.89 - - [09/Aug/2019:09:37:28 -0300] "GET /cormun/static/Shared/jqueryui/images/ui-bg_highlight-soft_100_c6c2c8_1x100.png HTTP/1.1" 404 1117
192.168.10.89 - - [09/Aug/2019:09:37:28 -0300] "GET /cormun/static/Shared/jqueryui/images/ui-bg_flat_55_fafafa_40x100.png HTTP/1.1" 404 1097
190.171.141.90 - - [09/Aug/2019:09:37:28 -0300] "POST /cormun/servlet/solicitudot?gx-no-cache=1565350333824 HTTP/1.1" 200 97
190.171.141.90 - - [09/Aug/2019:09:37:28 -0300] "GET /cormun/servlet/solicitudot?da3041d2b70ebccfe5275bd4c042c87a9fd33ae6eae1f93c207fc9a8266248d138695c3c856f06642599d7a4087aa0d1,gx-no-cache=1565350334877 HTTP/1.1" 200 30
190.171.141.90 - - [09/Aug/2019:09:37:29 -0300] "POST /cormun/servlet/solicitudot?gx-no-cache=1565350335002 HTTP/1.1" 200 30
190.171.141.90 - - [09/Aug/2019:09:37:29 -0300] "POST /cormun/servlet/solicitudot?8c233049d7d8b4d0ff0162c27a392c2f,INS,0,0,,gx-no-cache=1565350335127 HTTP/1.1" 200 12578
190.171.141.138 - - [09/Aug/2019:09:37:40 -0300] "GET /cormun/servlet/prbanco?,MD,,gxPopupLevel%3D0%3B HTTP/1.1" 200 6848
192.168.10.89 - - [09/Aug/2019:09:37:41 -0300] "POST /cormun/servlet/trsolicitudgral?86df3327e90c0d1d37c1205cb7b9861a,,gx-no-cache=1565353614274 HTTP/1.1" 200 7030
190.171.141.138 - - [09/Aug/2019:09:37:45 -0300] "GET /cormun/servlet/solicitudot?adb545555f6bc9983bc5997a6c5afe79980d3fece9f0c32a15bf36d948fc3203797b930e190aa32c8bb20f98d4be996765ef139d472c3e2708a41d0e13f85669,gx-no-cache=1565353951428 HTTP/1.1" 200 30
190.171.141.138 - - [09/Aug/2019:09:37:46 -0300] "GET /cormun/servlet/solicitudot?adb545555f6bc9983bc5997a6c5afe79e355b4b202a61b254cc52f95ca70948d,gx-no-cache=1565353952731 HTTP/1.1" 200 53
192.168.10.89 - - [09/Aug/2019:09:37:54 -0300] "POST /cormun/servlet/trsolicitudgral?86df3327e90c0d1d37c1205cb7b9861a,,gx-no-cache=1565353627750 HTTP/1.1" 200 116
192.168.10.89 - - [09/Aug/2019:09:37:54 -0300] "GET /cormun/servlet/solicitudotlog?INS,2019,15852,0,REC, HTTP/1.1" 200 5696
192.168.10.89 - - [09/Aug/2019:09:37:54 -0300] "GET /cormun/static/gxcfg.js?2017761245646 HTTP/1.1" 200 953
192.168.10.89 - - [09/Aug/2019:09:37:54 -0300] "GET /cormun/static/solicitudotlog.js?2017761245655 HTTP/1.1" 200 8934
192.168.10.89 - - [09/Aug/2019:09:37:55 -0300] "GET /cormun/servlet/solicitudotlog?ea368082e40d96707a3ab88abfb7c9eae23958bbd5f74fc13a80788f68e38bd3f9fa670bfe7db9391a43050e7dae3299eeab85c95fa5a14d76b13eb3f9047d6041d80e60867dbf1eb5c0e1784f975c8b66baab4bc1a313dc005014f6b05c1f4800675f981a711f2c60d6ffce1ce2c70e40e00a7c7f94c5cd6d5ec57943c8d9a5619b1d929809b3889c47bae2dafd116254f13821acf3b6b72d909b662aebe2c0,gx-no-cache=1565353629029 HTTP/1.1" 200 94
192.168.10.89 - - [09/Aug/2019:09:38:00 -0300] "POST /cormun/servlet/solicitudotlog?86df3327e90c0d1d37c1205cb7b9861a,INS,2019,15852,0,REC,,gx-no-cache=1565353633416 HTTP/1.1" 200 93
192.168.10.89 - - [09/Aug/2019:09:38:00 -0300] "GET /cormun/servlet/hpexe_return? HTTP/1.1" 200 1020
192.168.10.89 - - [09/Aug/2019:09:38:00 -0300] "GET /cormun/servlet/trsolicitudgral? HTTP/1.1" 200 9785
190.171.141.138 - - [09/Aug/2019:09:38:06 -0300] "POST /cormun/servlet/solicitudot?gx-no-cache=1565353972309 HTTP/1.1" 200 255
190.171.141.138 - - [09/Aug/2019:09:38:07 -0300] "GET /cormun/servlet/solicitudot?adb545555f6bc9983bc5997a6c5afe7998d7b4c27a218dbc977ab2a976feb1b5b100ca903883830163c0b9ac98816220e20eb3f497d21df99b638aeebd33b214b79826672a538cd5b7835276ca67457b776c6c1620f5ac30770c3cf317fa66e5b0036e344c6ce0bec007b77bd7e05ec193de9b0a834fca6fcd624622846eb3cbfc78f94482dd95bae835f27c119ac15bb3b59188e119c7343679e22af2a7dde638fbf5a9428e2e1ed38b6d3b7266d6d685eb581b92b1c157fdbde72ce7b3b06059fa5f1ed3aec99e629d601a6e43f11d15f6c01fbd4cceda434a9f35876c721f7f66df72ab768455a35db07262e92e927e7daa73ff5ad09e7a72924a32c98f10ca2a51fb78f5c8f646873305018d0e51bd0c82320e5e8ed6120c0e2e815ec86a5c04f52c7cbd8583481f7569f7f34b3f3dda5dfaa7208920ae4193995302308a80d80437f6308dbd986c2b57faa7491cd85791ccffe18693fedaf1df7388e6e06a0264b04dacddad0c1a19f6d817986f056508c53d9ee4ab2381d88958a888c9,gx-no-cache=1565353973945 HTTP/1.1" 200 30
190.171.141.138 - - [09/Aug/2019:09:38:11 -0300] "POST /cormun/servlet/solicitudot?gx-no-cache=1565353977116 HTTP/1.1" 200 30
190.171.141.90 - - [09/Aug/2019:09:38:16 -0300] "POST /cormun/servlet/solicitudot?gx-no-cache=1565350381874 HTTP/1.1" 200 30
190.171.141.90 - - [09/Aug/2019:09:38:17 -0300] "POST /cormun/servlet/solicitudot?gx-no-cache=1565350383780 HTTP/1.1" 200 1360
190.171.141.90 - - [09/Aug/2019:09:38:17 -0300] "POST /cormun/servlet/solicitudot?gx-no-cache=1565350383938 HTTP/1.1" 200 41
190.171.141.90 - - [09/Aug/2019:09:38:18 -0300] "GET /cormun/servlet/solicitudot?da3041d2b70ebccfe5275bd4c042c87ad7c2a101abb1a0fe88fe1a316cf5fa63ceac37a306fcd9d00ab9a3656ca37f245ada5bbbc5bfe7631c64e42418753fbdad02c05bcd9a85ed3044de29ea7ee7061945af6ad717431eac0bb1131874a4ec04c52a9b4ae55c00e4292ba33e6e08bc,gx-no-cache=1565350383986 HTTP/1.1" 200 110
190.171.141.90 - - [09/Aug/2019:09:38:18 -0300] "POST /cormun/servlet/solicitudot?gx-no-cache=1565350384051 HTTP/1.1" 200 97
190.171.141.90 - - [09/Aug/2019:09:38:18 -0300] "GET /cormun/servlet/solicitudot?da3041d2b70ebccfe5275bd4c042c87a9fd33ae6eae1f93c207fc9a8266248d138695c3c856f06642599d7a4087aa0d1,gx-no-cache=1565350384163 HTTP/1.1" 200 30
190.171.141.90 - - [09/Aug/2019:09:38:18 -0300] "POST /cormun/servlet/solicitudot?gx-no-cache=1565350384284 HTTP/1.1" 200 30
190.171.141.90 - - [09/Aug/2019:09:38:18 -0300] "POST /cormun/servlet/solicitudot?8c233049d7d8b4d0ff0162c27a392c2f,INS,0,0,,gx-no-cache=1565350384396 HTTP/1.1" 200 12633
190.171.141.138 - - [09/Aug/2019:09:38:25 -0300] "POST /cormun/servlet/solicitudot?gx-no-cache=1565353992165 HTTP/1.1" 200 1362
190.171.141.138 - - [09/Aug/2019:09:38:25 -0300] "POST /cormun/servlet/solicitudot?gx-no-cache=1565353992222 HTTP/1.1" 200 38
190.171.141.138 - - [09/Aug/2019:09:38:34 -0300] "GET /cormun/servlet/solicitudot?adb545555f6bc9983bc5997a6c5afe79d63fcdb5fb5632edbedad669c5230c1effbc9039b5d28997a4022be6ab659864780623bba9fbcb092b58f93bd450ac14886d6cb6e9d2764092b5d918ea7e40b1134fe5058fc42b911fed9ff91db32da42f4f36d2e369596a64c98d81ce0ec486,gx-no-cache=1565354000462 HTTP/1.1" 200 110
190.171.141.90 - - [09/Aug/2019:09:38:48 -0300] "POST /cormun/servlet/solicitudot?gx-no-cache=1565350414177 HTTP/1.1" 200 30
190.171.141.138 - - [09/Aug/2019:09:38:49 -0300] "POST /cormun/servlet/solicitudot?gx-no-cache=1565354015565 HTTP/1.1" 200 97
190.171.141.138 - - [09/Aug/2019:09:38:59 -0300] "GET /cormun/servlet/solicitudot?adb545555f6bc9983bc5997a6c5afe794f6451fe9923eab62587fd8a1923678b216189079dac5d467343cdf6d97badd94aa08e0d78a87cde4c9bd01ce54dbd438b7ee485fa960148241731c649f4410efeeb9dea8b41cfb51ac61b474556fb3c7fb05bef4932143285dc8a505e1441b9,gx-no-cache=1565354025685 HTTP/1.1" 200 29
190.171.141.138 - - [09/Aug/2019:09:38:59 -0300] "GET /cormun/static/menuarrow.gif HTTP/1.1" 404 1015
190.171.141.138 - - [09/Aug/2019:09:39:03 -0300] "GET /cormun/servlet/solicitudot?adb545555f6bc9983bc5997a6c5afe7960f8fd6b9b277cd0fac4db47a632ba85e7ff19cd22e9ec6a9c2f724c56c79076,gx-no-cache=1565354029275 HTTP/1.1" 200 30
192.168.10.89 - - [09/Aug/2019:09:39:08 -0300] "GET /cormun/servlet/trautorizarot? HTTP/1.1" 200 18450
190.171.141.138 - - [09/Aug/2019:09:39:08 -0300] "POST /cormun/servlet/solicitudot?gx-no-cache=1565354034964 HTTP/1.1" 200 30
190.171.141.138 - - [09/Aug/2019:09:39:13 -0300] "POST /cormun/servlet/solicitudot?1e7091ca9c75cfc25a3997cce626a524,INS,0,0,,gx-no-cache=1565354039005 HTTP/1.1" 200 93
190.171.141.138 - - [09/Aug/2019:09:39:13 -0300] "GET /cormun/servlet/hpexe_return? HTTP/1.1" 200 1010
190.171.141.138 - - [09/Aug/2019:09:39:13 -0300] "GET /cormun/servlet/trsolicitudot HTTP/1.1" 200 9418
190.171.141.138 - - [09/Aug/2019:09:39:13 -0300] "GET /cormun/servlet/trsolicitudot HTTP/1.1" 200 9414
190.171.141.90 - - [09/Aug/2019:09:39:20 -0300] "POST /cormun/servlet/solicitudot?gx-no-cache=1565350446323 HTTP/1.1" 200 1360
190.171.141.90 - - [09/Aug/2019:09:39:20 -0300] "POST /cormun/servlet/solicitudot?gx-no-cache=1565350446459 HTTP/1.1" 200 41
190.171.141.90 - - [09/Aug/2019:09:39:20 -0300] "GET /cormun/servlet/solicitudot?da3041d2b70ebccfe5275bd4c042c87ad7c2a101abb1a0fe88fe1a316cf5fa63ceac37a306fcd9d00ab9a3656ca37f245ada5bbbc5bfe7631c64e42418753fbdad02c05bcd9a85ed3044de29ea7ee7061945af6ad717431eac0bb1131874a4ec04c52a9b4ae55c00e4292ba33e6e08bc,gx-no-cache=1565350446547 HTTP/1.1" 200 110
190.171.141.90 - - [09/Aug/2019:09:39:20 -0300] "POST /cormun/servlet/solicitudot?gx-no-cache=1565350446595 HTTP/1.1" 200 97
190.171.141.90 - - [09/Aug/2019:09:39:20 -0300] "GET /cormun/servlet/solicitudot?da3041d2b70ebccfe5275bd4c042c87a9fd33ae6eae1f93c207fc9a8266248d138695c3c856f06642599d7a4087aa0d1,gx-no-cache=1565350446630 HTTP/1.1" 200 30
190.171.141.90 - - [09/Aug/2019:09:39:20 -0300] "POST /cormun/servlet/solicitudot?gx-no-cache=1565350446700 HTTP/1.1" 200 146
190.171.141.90 - - [09/Aug/2019:09:39:21 -0300] "POST /cormun/servlet/solicitudot?8c233049d7d8b4d0ff0162c27a392c2f,INS,0,0,,gx-no-cache=1565350446789 HTTP/1.1" 200 12695
190.171.141.90 - - [09/Aug/2019:09:39:41 -0300] "POST /cormun/servlet/solicitudot?gx-no-cache=1565350467376 HTTP/1.1" 200 134
190.171.141.90 - - [09/Aug/2019:09:39:41 -0300] "POST /cormun/servlet/solicitudot?8c233049d7d8b4d0ff0162c27a392c2f,INS,0,0,,gx-no-cache=1565350467504 HTTP/1.1" 200 12730
190.171.141.90 - - [09/Aug/2019:09:39:51 -0300] "POST /cormun/servlet/solicitudot?gx-no-cache=1565350477463 HTTP/1.1" 200 134
