190.171.141.90 - - [09/Aug/2019:09:39:52 -0300] "POST /cormun/servlet/solicitudot?8c233049d7d8b4d0ff0162c27a392c2f,INS,0,0,,gx-no-cache=1565350477630 HTTP/1.1" 200 12892
190.171.141.90 - - [09/Aug/2019:09:39:59 -0300] "POST /cormun/servlet/solicitudot?gx-no-cache=1565350485279 HTTP/1.1" 200 134
190.171.141.90 - - [09/Aug/2019:09:39:59 -0300] "POST /cormun/servlet/solicitudot?8c233049d7d8b4d0ff0162c27a392c2f,INS,0,0,,gx-no-cache=1565350485390 HTTP/1.1" 200 12923
192.168.10.89 - - [09/Aug/2019:09:40:00 -0300] "GET /cormun/servlet/hlogin HTTP/1.1" 200 1736
190.171.141.138 - - [09/Aug/2019:09:40:07 -0300] "POST /cormun/servlet/trsolicitudot?1e7091ca9c75cfc25a3997cce626a524,gx-no-cache=1565354093147 HTTP/1.1" 200 105
190.171.141.138 - - [09/Aug/2019:09:40:07 -0300] "GET /cormun/servlet/solicitudot?UPD,2019,15919, HTTP/1.1" 200 16067
190.171.141.138 - - [09/Aug/2019:09:40:07 -0300] "GET /cormun/servlet/solicitudot?UPD,2019,15919, HTTP/1.1" 200 16077
190.171.141.138 - - [09/Aug/2019:09:40:09 -0300] "POST /cormun/servlet/solicitudot?gx-no-cache=1565354094481 HTTP/1.1" 200 3558
190.171.141.138 - - [09/Aug/2019:09:40:09 -0300] "POST /cormun/servlet/solicitudot?1e7091ca9c75cfc25a3997cce626a524,UPD,2019,15919,,gx-no-cache=1565354095611 HTTP/1.1" 200 12135
190.171.141.138 - - [09/Aug/2019:09:40:09 -0300] "GET /cormun/servlet/solicitudot?adb545555f6bc9983bc5997a6c5afe7958cc130746624b5235a2ace52f2887f95d4bd8b36849a39417f3a7f36d5165c7,gx-no-cache=1565354095846 HTTP/1.1" 200 30
190.171.141.138 - - [09/Aug/2019:09:40:09 -0300] "GET /cormun/servlet/solicitudot?adb545555f6bc9983bc5997a6c5afe79980d3fece9f0c32a15bf36d948fc3203797b930e190aa32c8bb20f98d4be9967df118f7d2c001c8a7ec4a85998d7e7a8,gx-no-cache=1565354095978 HTTP/1.1" 200 30
190.171.141.138 - - [09/Aug/2019:09:40:09 -0300] "GET /cormun/servlet/solicitudot?adb545555f6bc9983bc5997a6c5afe7969a173087b8a06ff91ed2d3b88946499a65bb8d62b8b3d62b1f0260ee5cc55ef248ac20fec305420bd87f3d03206bd05,gx-no-cache=1565354096072 HTTP/1.1" 200 53
190.171.141.138 - - [09/Aug/2019:09:40:09 -0300] "POST /cormun/servlet/solicitudot?gx-no-cache=1565354096162 HTTP/1.1" 200 256
190.171.141.138 - - [09/Aug/2019:09:40:10 -0300] "GET /cormun/servlet/solicitudot?adb545555f6bc9983bc5997a6c5afe7998d7b4c27a218dbc977ab2a976feb1b5b100ca903883830163c0b9ac98816220e20eb3f497d21df99b638aeebd33b214b79826672a538cd5b7835276ca67457b776c6c1620f5ac30770c3cf317fa66e5b0036e344c6ce0bec007b77bd7e05ec193de9b0a834fca6fcd624622846eb3cbfc78f94482dd95bae835f27c119ac15bb3b59188e119c7343679e22af2a7dde638fbf5a9428e2e1ed38b6d3b7266d6d685eb581b92b1c157fdbde72ce7b3b06059fa5f1ed3aec99e629d601a6e43f11d15f6c01fbd4cceda434a9f35876c721f7f66df72ab768455a35db07262e92e927e7daa73ff5ad09e7a72924a32c98f10ca2a51fb78f5c8f646873305018d0e51bd0c82320e5e8ed6120c0e2e815ec86a5c04f52c7cbd8583481f7569f7f34b3f3dda5dfaa7208920ae4193995302308a80d80437f6308dbd986c2b57faa7491cd85791ccffe18693fedaf1df7388e6e06a0264b04dacddad0c1a19f6d817986fd3e1bc5f4627ded7d7548f6f6edd989d,gx-no-cache=1565354096284 HTTP/1.1" 200 30
190.171.141.138 - - [09/Aug/2019:09:40:10 -0300] "POST /cormun/servlet/solicitudot?gx-no-cache=1565354096358 HTTP/1.1" 200 30
190.171.141.138 - - [09/Aug/2019:09:40:10 -0300] "POST /cormun/servlet/solicitudot?gx-no-cache=1565354096458 HTTP/1.1" 200 1361
190.171.141.138 - - [09/Aug/2019:09:40:10 -0300] "POST /cormun/servlet/solicitudot?gx-no-cache=1565354096565 HTTP/1.1" 200 40
190.171.141.138 - - [09/Aug/2019:09:40:12 -0300] "GET /cormun/servlet/solicitudot?adb545555f6bc9983bc5997a6c5afe79d63fcdb5fb5632edbedad669c5230c1effbc9039b5d28997a4022be6ab659864780623bba9fbcb092b58f93bd450ac14886d6cb6e9d2764092b5d918ea7e40b1134fe5058fc42b911fed9ff91db32da42f4f36d2e369596a64c98d81ce0ec486,gx-no-cache=1565354099062 HTTP/1.1" 200 110
190.171.141.138 - - [09/Aug/2019:09:40:17 -0300] "POST /cormun/servlet/solicitudot?gx-no-cache=1565354103783 HTTP/1.1" 200 105
190.171.141.138 - - [09/Aug/2019:09:40:20 -0300] "GET /cormun/servlet/solicitudot?adb545555f6bc9983bc5997a6c5afe795ec56297abc7f9372ac857fe32b9a46915299b9053c7cfbd54ae94d46d5129ee4717f7942b1691500a57a695b7fd89f0e733d5beccc02e4d89487f669e60a21fc4e6a921c7550c89ea01181588649f44543d922d6d9be2e12ef98a543d060a36d5012c682b3661be0edbbebce865f4ff6faa80783c7d3a4479c4670cdb16c49309d57901abe6d892c2d9511aa216b939,gx-no-cache=1565354106389 HTTP/1.1" 200 30
190.171.141.138 - - [09/Aug/2019:09:40:21 -0300] "GET /cormun/servlet/solicitudot?adb545555f6bc9983bc5997a6c5afe7960f8fd6b9b277cd0fac4db47a632ba85e7ff19cd22e9ec6a9c2f724c56c79076,gx-no-cache=1565354107877 HTTP/1.1" 200 30
190.171.141.138 - - [09/Aug/2019:09:40:21 -0300] "POST /cormun/servlet/solicitudot?gx-no-cache=1565354107979 HTTP/1.1" 200 30
192.168.10.89 - - [09/Aug/2019:09:40:23 -0300] "POST /cormun/servlet/hlogin?86df3327e90c0d1d37c1205cb7b9861a,gx-no-cache=1565353776363 HTTP/1.1" 200 447
190.171.141.138 - - [09/Aug/2019:09:40:24 -0300] "POST /cormun/servlet/solicitudot?1e7091ca9c75cfc25a3997cce626a524,UPD,2019,15919,,gx-no-cache=1565354108133 HTTP/1.1" 200 93
190.171.141.138 - - [09/Aug/2019:09:40:24 -0300] "GET /cormun/servlet/hpexe_return? HTTP/1.1" 200 1016
190.171.141.138 - - [09/Aug/2019:09:40:25 -0300] "GET /cormun/servlet/trsolicitudot HTTP/1.1" 200 9374
190.171.141.138 - - [09/Aug/2019:09:40:25 -0300] "GET /cormun/servlet/trsolicitudot HTTP/1.1" 200 9370
192.168.10.89 - - [09/Aug/2019:09:40:28 -0300] "POST /cormun/servlet/hlogin?86df3327e90c0d1d37c1205cb7b9861a,gx-no-cache=1565353781729 HTTP/1.1" 200 447
192.168.10.89 - - [09/Aug/2019:09:40:33 -0300] "POST /cormun/servlet/hlogin?86df3327e90c0d1d37c1205cb7b9861a,gx-no-cache=1565353787033 HTTP/1.1" 200 90
192.168.10.89 - - [09/Aug/2019:09:40:33 -0300] "GET /cormun/servlet/hpexe_link HTTP/1.1" 200 949
192.168.10.89 - - [09/Aug/2019:09:40:34 -0300] "GET /cormun/servlet/hhome HTTP/1.1" 200 4017
192.168.10.89 - - [09/Aug/2019:09:40:36 -0300] "GET /cormun/servlet/trsolicitudot? HTTP/1.1" 200 7233
192.168.10.89 - - [09/Aug/2019:09:40:38 -0300] "GET /cormun/servlet/solicitudot?INS,0,0, HTTP/1.1" 200 15057
190.171.141.138 - - [09/Aug/2019:09:40:47 -0300] "POST /cormun/servlet/trsolicitudot?1e7091ca9c75cfc25a3997cce626a524,gx-no-cache=1565354133384 HTTP/1.1" 200 5945
190.171.141.138 - - [09/Aug/2019:09:40:47 -0300] "GET /cormun/static/Shared/jqueryui/images/ui-bg_highlight-soft_100_c6c2c8_1x100.png HTTP/1.1" 404 1117
190.171.141.138 - - [09/Aug/2019:09:40:47 -0300] "GET /cormun/static/Shared/jqueryui/images/ui-icons_8d78a5_256x240.png HTTP/1.1" 404 1089
190.171.141.138 - - [09/Aug/2019:09:40:47 -0300] "GET /cormun/static/Shared/jqueryui/images/ui-bg_flat_55_fafafa_40x100.png HTTP/1.1" 404 1097
190.171.141.138 - - [09/Aug/2019:09:40:47 -0300] "GET /cormun/static/Shared/jqueryui/images/ui-icons_82798d_256x240.png HTTP/1.1" 404 1089
190.171.141.138 - - [09/Aug/2019:09:40:47 -0300] "POST /cormun/servlet/trsolicitudot?1e7091ca9c75cfc25a3997cce626a524,gx-no-cache=1565354133872 HTTP/1.1" 200 5888
190.171.141.138 - - [09/Aug/2019:09:40:48 -0300] "POST /cormun/servlet/trsolicitudot?1e7091ca9c75cfc25a3997cce626a524,gx-no-cache=1565354134733 HTTP/1.1" 200 4750
190.171.141.138 - - [09/Aug/2019:09:40:48 -0300] "POST /cormun/servlet/trsolicitudot?1e7091ca9c75cfc25a3997cce626a524,gx-no-cache=1565354134905 HTTP/1.1" 200 4542
190.171.141.138 - - [09/Aug/2019:09:40:51 -0300] "GET /cormun/servlet/trautorizarsolicitud? HTTP/1.1" 200 9261
190.171.141.138 - - [09/Aug/2019:09:40:51 -0300] "GET /cormun/static/gxcfg.js?2017111423403364 HTTP/1.1" 200 953
190.171.141.138 - - [09/Aug/2019:09:40:51 -0300] "GET /cormun/static/trautorizarsolicitud.js?201711142340425 HTTP/1.1" 200 53910
190.171.141.138 - - [09/Aug/2019:09:40:52 -0300] "GET /cormun/servlet/trautorizarsolicitud? HTTP/1.1" 200 9261
192.168.10.89 - - [09/Aug/2019:09:40:52 -0300] "POST /cormun/servlet/solicitudot?gx-no-cache=1565353805629 HTTP/1.1" 200 3603
192.168.10.89 - - [09/Aug/2019:09:40:52 -0300] "POST /cormun/servlet/solicitudot?86df3327e90c0d1d37c1205cb7b9861a,INS,0,0,,gx-no-cache=1565353805846 HTTP/1.1" 200 11855
190.171.141.138 - - [09/Aug/2019:09:40:54 -0300] "POST /cormun/servlet/trautorizarsolicitud?1e7091ca9c75cfc25a3997cce626a524,,gx-no-cache=1565354140396 HTTP/1.1" 200 5868
190.171.141.138 - - [09/Aug/2019:09:40:54 -0300] "GET /cormun/static/Shared/jqueryui/images/ui-icons_82798d_256x240.png HTTP/1.1" 404 1089
190.171.141.138 - - [09/Aug/2019:09:40:54 -0300] "GET /cormun/static/Shared/jqueryui/images/ui-bg_highlight-soft_100_c6c2c8_1x100.png HTTP/1.1" 404 1117
190.171.141.138 - - [09/Aug/2019:09:40:54 -0300] "GET /cormun/static/Shared/jqueryui/images/ui-icons_8d78a5_256x240.png HTTP/1.1" 404 1089
190.171.141.138 - - [09/Aug/2019:09:40:54 -0300] "GET /cormun/static/Shared/jqueryui/images/ui-bg_flat_55_fafafa_40x100.png HTTP/1.1" 404 1097
190.171.141.138 - - [09/Aug/2019:09:40:54 -0300] "POST /cormun/servlet/trautorizarsolicitud?1e7091ca9c75cfc25a3997cce626a524,,gx-no-cache=1565354140585 HTTP/1.1" 200 5812
192.168.10.89 - - [09/Aug/2019:09:40:54 -0300] "GET /cormun/servlet/solicitudot?ea368082e40d96707a3ab88abfb7c9ea3b4d8de3748e380600aad9609c4463bb1a70e10efe7b384e9875133b63a35c61,gx-no-cache=1565353807987 HTTP/1.1" 200 30
192.168.10.89 - - [09/Aug/2019:09:40:54 -0300] "GET /cormun/servlet/solicitudot?ea368082e40d96707a3ab88abfb7c9eaf0e821bc41e259efbb8964c6b241d91ad04996322ebe53389bd3b468902e8b06,gx-no-cache=1565353808044 HTTP/1.1" 200 30
192.168.10.89 - - [09/Aug/2019:09:40:54 -0300] "GET /cormun/servlet/solicitudot?ea368082e40d96707a3ab88abfb7c9eac4b795a1fc270e34fe16b2a673cee42d,gx-no-cache=1565353808064 HTTP/1.1" 200 45
192.168.10.89 - - [09/Aug/2019:09:40:54 -0300] "POST /cormun/servlet/solicitudot?gx-no-cache=1565353808087 HTTP/1.1" 200 240
192.168.10.89 - - [09/Aug/2019:09:40:54 -0300] "GET /cormun/servlet/solicitudot?ea368082e40d96707a3ab88abfb7c9ea865c7f80698f51aca04828263c6099e801c282f9bd655277e7032c03baa52e93a04ed13e1a1a840d3484965456c0af629e5c1812c6cc0f5bc8bc6e8707673be9a6cd1afeec958156b0ab99a8cd4b7c590e154eeeadcc0ded9ab1732741db8492ce5306677b5cad90b3f802bf74a7918266f6fbe6dc1aa4246eecd0e8a6d17d925e7b9d94ed53e74b2734cedec945bb65db550320b3272490819b3ef175c452b1ae1059f8c9f4f64b23e7d98ede054d0815ceb1077e3618cdf49f4c2b8c3a391f0d8167248beb3c752ea117fb9b6da1b5689ca07cd8fbf72c3510058930e8c1323c63e5415c76510bc359ff82409436e20592a7bf7a58dde12216d994207b122fcd7eb4f3e1e6558bf6c3e2143e68ba31d696821ed75917af8bbf9f7f15098713b0bc85053deeeef001028fbb6d376dca3fa5336a01f6e1c06454d7d45d5d06c1c83c47c56e615d02808a6f4ce21e9a37963f2f775a1ddde5bb9ddf3bf6e945cfc7e11a0ad4cf3b0aa06eb048f0057afd,gx-no-cache=1565353808114 HTTP/1.1" 200 30
190.171.141.138 - - [09/Aug/2019:09:40:55 -0300] "POST /cormun/servlet/trautorizarsolicitud?1e7091ca9c75cfc25a3997cce626a524,,gx-no-cache=1565354141412 HTTP/1.1" 200 4680
190.171.141.138 - - [09/Aug/2019:09:40:55 -0300] "POST /cormun/servlet/trautorizarsolicitud?1e7091ca9c75cfc25a3997cce626a524,,gx-no-cache=1565354141601 HTTP/1.1" 200 4474
192.168.10.89 - - [09/Aug/2019:09:40:56 -0300] "POST /cormun/servlet/solicitudot?gx-no-cache=1565353809574 HTTP/1.1" 200 30
192.168.10.89 - - [09/Aug/2019:09:40:57 -0300] "GET /cormun/servlet/prsolicitudot?13717296,,,,,MD,,gxPopupLevel%3D0%3B HTTP/1.1" 200 6275
192.168.10.89 - - [09/Aug/2019:09:40:57 -0300] "GET /cormun/static/gxcfg.js?2017111422591492 HTTP/1.1" 200 953
192.168.10.89 - - [09/Aug/2019:09:40:58 -0300] "GET /cormun/static/prsolicitudot.js?2017111422591715 HTTP/1.1" 200 13680
192.168.10.89 - - [09/Aug/2019:09:41:00 -0300] "POST /cormun/servlet/solicitudot?gx-no-cache=1565353813930 HTTP/1.1" 200 1441
192.168.10.89 - - [09/Aug/2019:09:41:01 -0300] "POST /cormun/servlet/solicitudot?gx-no-cache=1565353814166 HTTP/1.1" 200 117
192.168.10.89 - - [09/Aug/2019:09:41:01 -0300] "GET /cormun/servlet/solicitudot?ea368082e40d96707a3ab88abfb7c9ea70118511cbcdaef05d7df9e387b98e6182cd94280d585e6069cc27d6c2652e7516ea34c2fd8d5da85f7d5840d4f3e81d7c1cf7544b528d685ced8db2597106996ffd42d5d00589b12152f6ec0811a0bf2a54c65fbc24a8bc67ed0c8388c7f98d,gx-no-cache=1565353814366 HTTP/1.1" 200 110
192.168.10.89 - - [09/Aug/2019:09:41:01 -0300] "POST /cormun/servlet/solicitudot?gx-no-cache=1565353814547 HTTP/1.1" 200 64
192.168.10.89 - - [09/Aug/2019:09:41:01 -0300] "GET /cormun/servlet/solicitudot?ea368082e40d96707a3ab88abfb7c9ea1f6c2c6ca8909e3f604a5ee1ef3837c6dfa23ee2ed38838e3b6fe31443db084e621e981acff488b3beea6963ae5b66f0e90689375b2776e24b89ea17583ad1b6003edc42429483599945d382a668413e89065e858edb87a5055c373c2849e07244c2125e22cdec82e23f41b8c3f3d49dd391c33df1a5f513dda5ab657fb770a52b6f90f509cc1df2d6a52137e16de80d,gx-no-cache=1565353814729 HTTP/1.1" 200 29
192.168.10.89 - - [09/Aug/2019:09:41:01 -0300] "GET /cormun/servlet/solicitudot?ea368082e40d96707a3ab88abfb7c9ea3044ef66df05fd4ab75e1ad059f6eb17,gx-no-cache=1565353814867 HTTP/1.1" 200 30
192.168.10.89 - - [09/Aug/2019:09:41:01 -0300] "GET /cormun/static/Shared/jqueryui/images/ui-bg_highlight-soft_100_c6c2c8_1x100.png HTTP/1.1" 404 1117
192.168.10.89 - - [09/Aug/2019:09:41:01 -0300] "GET /cormun/static/Shared/jqueryui/images/ui-bg_flat_55_994d53_40x100.png HTTP/1.1" 404 1097
192.168.10.89 - - [09/Aug/2019:09:41:02 -0300] "GET /cormun/static/Shared/jqueryui/images/ui-icons_ebccce_256x240.png HTTP/1.1" 404 1089
192.168.10.89 - - [09/Aug/2019:09:41:02 -0300] "GET /cormun/static/Shared/jqueryui/images/ui-icons_82798d_256x240.png HTTP/1.1" 404 1089
192.168.10.89 - - [09/Aug/2019:09:41:09 -0300] "GET /cormun/servlet/prsolicitudot?13717296,,,,,MD,,gxPopupLevel%3D0%3B HTTP/1.1" 200 6275
192.168.10.89 - - [09/Aug/2019:09:41:14 -0300] "POST /cormun/servlet/solicitudot?gx-no-cache=1565353827274 HTTP/1.1" 200 1441
192.168.10.89 - - [09/Aug/2019:09:41:14 -0300] "POST /cormun/servlet/solicitudot?gx-no-cache=1565353827312 HTTP/1.1" 200 117
192.168.10.89 - - [09/Aug/2019:09:41:14 -0300] "GET /cormun/servlet/solicitudot?ea368082e40d96707a3ab88abfb7c9ea70118511cbcdaef05d7df9e387b98e6182cd94280d585e6069cc27d6c2652e7516ea34c2fd8d5da85f7d5840d4f3e81d7c1cf7544b528d685ced8db2597106996ffd42d5d00589b12152f6ec0811a0bf2a54c65fbc24a8bc67ed0c8388c7f98d,gx-no-cache=1565353827340 HTTP/1.1" 200 110
192.168.10.89 - - [09/Aug/2019:09:41:14 -0300] "GET /cormun/servlet/solicitudot?ea368082e40d96707a3ab88abfb7c9ea67cc42f1f9adb5dda4764cfb7b601841ba721d05260b92df1d9accba1a409843,gx-no-cache=1565353827364 HTTP/1.1" 200 30
186.67.164.138 - - [09/Aug/2019:09:41:14 -0300] "GET /cormun/servlet/hlogin HTTP/1.1" 200 1722
192.168.10.89 - - [09/Aug/2019:09:41:20 -0300] "POST /cormun/servlet/solicitudot?gx-no-cache=1565353833356 HTTP/1.1" 200 97
186.67.164.138 - - [09/Aug/2019:09:41:23 -0300] "POST /cormun/servlet/hlogin?d0310e3fc0a1f6a468b77ae96303b55c,gx-no-cache=1565354169605 HTTP/1.1" 200 90
186.67.164.138 - - [09/Aug/2019:09:41:23 -0300] "GET /cormun/servlet/hpexe_link HTTP/1.1" 200 953
186.67.164.138 - - [09/Aug/2019:09:41:24 -0300] "GET /cormun/servlet/hhome HTTP/1.1" 200 4063
186.67.164.138 - - [09/Aug/2019:09:41:25 -0300] "GET /cormun/servlet/hhome HTTP/1.1" 200 4060
192.168.10.89 - - [09/Aug/2019:09:41:27 -0300] "GET /cormun/servlet/solicitudot?ea368082e40d96707a3ab88abfb7c9ea1f6c2c6ca8909e3f604a5ee1ef3837c6dfa23ee2ed38838e3b6fe31443db084e621e981acff488b3beea6963ae5b66f0e90689375b2776e24b89ea17583ad1b6003edc42429483599945d382a668413e89065e858edb87a5055c373c2849e07244c2125e22cdec82e23f41b8c3f3d49dd391c33df1a5f513dda5ab657fb770a52b6f90f509cc1df2d6a52137e16de80d,gx-no-cache=1565353840277 HTTP/1.1" 200 29
192.168.10.89 - - [09/Aug/2019:09:41:27 -0300] "GET /cormun/servlet/solicitudot?ea368082e40d96707a3ab88abfb7c9ea67cc42f1f9adb5dda4764cfb7b601841ba721d05260b92df1d9accba1a409843,gx-no-cache=1565353840901 HTTP/1.1" 200 30
192.168.10.89 - - [09/Aug/2019:09:41:27 -0300] "POST /cormun/servlet/solicitudot?gx-no-cache=1565353841194 HTTP/1.1" 200 122
186.67.164.138 - - [09/Aug/2019:09:41:49 -0300] "GET /cormun/servlet/trcontratoobservacion? HTTP/1.1" 200 6223
186.67.164.138 - - [09/Aug/2019:09:41:50 -0300] "GET /cormun/static/gxcfg.js?2017525126861 HTTP/1.1" 200 953
186.67.164.138 - - [09/Aug/2019:09:41:50 -0300] "GET /cormun/static/trcontratoobservacion.js?20175251261223 HTTP/1.1" 200 25148
186.67.164.138 - - [09/Aug/2019:09:41:50 -0300] "GET /cormun/servlet/trcontratoobservacion? HTTP/1.1" 200 6222
186.67.164.138 - - [09/Aug/2019:09:42:07 -0300] "POST /cormun/servlet/trcontratoobservacion?d0310e3fc0a1f6a468b77ae96303b55c,,gx-no-cache=1565354212962 HTTP/1.1" 200 3835
186.67.164.138 - - [09/Aug/2019:09:42:11 -0300] "POST /cormun/servlet/trcontratoobservacion?d0310e3fc0a1f6a468b77ae96303b55c,,gx-no-cache=1565354217864 HTTP/1.1" 200 3835
192.168.10.89 - - [09/Aug/2019:09:42:13 -0300] "POST /cormun/servlet/solicitudot?gx-no-cache=1565353886382 HTTP/1.1" 200 1360
192.168.10.89 - - [09/Aug/2019:09:42:14 -0300] "GET /cormun/servlet/prlicenciaspermisos?10607785,L,,MD,,gxPopupLevel%3D0%3B HTTP/1.1" 200 7710
186.67.164.138 - - [09/Aug/2019:09:42:17 -0300] "POST /cormun/servlet/trcontratoobservacion?d0310e3fc0a1f6a468b77ae96303b55c,,gx-no-cache=1565354223067 HTTP/1.1" 200 3840
190.171.141.90 - - [09/Aug/2019:09:42:21 -0300] "GET /cormun/servlet/trsolicitudot? HTTP/1.1" 200 7232
190.171.141.90 - - [09/Aug/2019:09:42:22 -0300] "GET /cormun/servlet/trsolicitudot? HTTP/1.1" 200 7231
192.168.10.89 - - [09/Aug/2019:09:42:25 -0300] "POST /cormun/servlet/solicitudot?gx-no-cache=1565353899015 HTTP/1.1" 200 41
192.168.10.89 - - [09/Aug/2019:09:42:25 -0300] "GET /cormun/servlet/solicitudot?ea368082e40d96707a3ab88abfb7c9ea70118511cbcdaef05d7df9e387b98e6182cd94280d585e6069cc27d6c2652e7516ea34c2fd8d5da85f7d5840d4f3e81d7c1cf7544b528d685ced8db2597106996ffd42d5d00589b12152f6ec0811a0bf2a54c65fbc24a8bc67ed0c8388c7f98d,gx-no-cache=1565353899068 HTTP/1.1" 200 110
192.168.10.89 - - [09/Aug/2019:09:42:25 -0300] "POST /cormun/servlet/solicitudot?gx-no-cache=1565353899096 HTTP/1.1" 200 97
192.168.10.89 - - [09/Aug/2019:09:42:25 -0300] "POST /cormun/servlet/solicitudot?gx-no-cache=1565353899121 HTTP/1.1" 200 32
190.171.141.90 - - [09/Aug/2019:09:42:28 -0300] "POST /cormun/servlet/trsolicitudot?8c233049d7d8b4d0ff0162c27a392c2f,,gx-no-cache=1565350634115 HTTP/1.1" 200 4321
192.168.10.89 - - [09/Aug/2019:09:42:36 -0300] "POST /cormun/servlet/solicitudot?86df3327e90c0d1d37c1205cb7b9861a,INS,0,0,,gx-no-cache=1565353909423 HTTP/1.1" 200 93
192.168.10.89 - - [09/Aug/2019:09:42:36 -0300] "GET /cormun/servlet/hpexe_return? HTTP/1.1" 200 1003
192.168.10.89 - - [09/Aug/2019:09:42:36 -0300] "GET /cormun/servlet/trsolicitudot HTTP/1.1" 200 8662
190.171.141.90 - - [09/Aug/2019:09:42:41 -0300] "POST /cormun/servlet/trsolicitudot?8c233049d7d8b4d0ff0162c27a392c2f,,gx-no-cache=1565350646928 HTTP/1.1" 200 5752
192.168.10.89 - - [09/Aug/2019:09:42:47 -0300] "POST /cormun/servlet/trsolicitudot?86df3327e90c0d1d37c1205cb7b9861a,gx-no-cache=1565353920543 HTTP/1.1" 200 4556
192.168.10.89 - - [09/Aug/2019:09:42:47 -0300] "POST /cormun/servlet/trsolicitudot?86df3327e90c0d1d37c1205cb7b9861a,gx-no-cache=1565353920846 HTTP/1.1" 200 4307
192.168.10.89 - - [09/Aug/2019:09:42:47 -0300] "GET /cormun/static/Shared/jqueryui/images/ui-bg_highlight-soft_100_c6c2c8_1x100.png HTTP/1.1" 404 1117
192.168.10.89 - - [09/Aug/2019:09:42:47 -0300] "GET /cormun/static/Shared/jqueryui/images/ui-icons_8d78a5_256x240.png HTTP/1.1" 404 1089
192.168.10.89 - - [09/Aug/2019:09:42:47 -0300] "GET /cormun/static/Shared/jqueryui/images/ui-icons_82798d_256x240.png HTTP/1.1" 404 1089
192.168.10.89 - - [09/Aug/2019:09:42:47 -0300] "GET /cormun/static/Shared/jqueryui/images/ui-bg_flat_55_fafafa_40x100.png HTTP/1.1" 404 1097
186.67.164.138 - - [09/Aug/2019:09:42:50 -0300] "GET /cormun/servlet/trsolicitudot? HTTP/1.1" 200 7274
186.67.164.138 - - [09/Aug/2019:09:42:51 -0300] "GET /cormun/servlet/trsolicitudot? HTTP/1.1" 200 7274
186.67.164.138 - - [09/Aug/2019:09:42:55 -0300] "GET /cormun/static/menuarrow.gif HTTP/1.1" 404 1015
200.111.191.210 - - [09/Aug/2019:09:42:57 -0300] "GET /cormun/servlet/trlicencias? HTTP/1.1" 200 7893
200.111.191.210 - - [09/Aug/2019:09:42:57 -0300] "GET /cormun/servlet/hlogin HTTP/1.1" 200 1740
200.111.191.210 - - [09/Aug/2019:09:42:57 -0300] "GET /cormun/servlet/trlicencias? HTTP/1.1" 200 7888
200.111.191.210 - - [09/Aug/2019:09:43:03 -0300] "POST /cormun/servlet/hlogin?2fff3a71275d3915f86b7e1fc45b47e6,gx-no-cache=1565354415504 HTTP/1.1" 200 90
200.111.191.210 - - [09/Aug/2019:09:43:03 -0300] "GET /cormun/servlet/hpexe_link HTTP/1.1" 200 960
200.111.191.210 - - [09/Aug/2019:09:43:03 -0300] "GET /cormun/servlet/trlicencias HTTP/1.1" 200 14322
200.111.191.210 - - [09/Aug/2019:09:43:04 -0300] "GET /cormun/servlet/trlicencias HTTP/1.1" 200 14386
186.67.164.138 - - [09/Aug/2019:09:43:09 -0300] "POST /cormun/servlet/trsolicitudot?d0310e3fc0a1f6a468b77ae96303b55c,,gx-no-cache=1565354274920 HTTP/1.1" 200 4345
200.111.191.210 - - [09/Aug/2019:09:43:12 -0300] "GET /cormun/servlet/trsolicitudot? HTTP/1.1" 200 7242
192.168.10.89 - - [09/Aug/2019:09:43:12 -0300] "GET /cormun/servlet/hlogin HTTP/1.1" 200 1734
200.111.191.210 - - [09/Aug/2019:09:43:13 -0300] "GET /cormun/servlet/trsolicitudot? HTTP/1.1" 200 7242
186.67.164.138 - - [09/Aug/2019:09:43:18 -0300] "POST /cormun/servlet/trsolicitudot?d0310e3fc0a1f6a468b77ae96303b55c,,gx-no-cache=1565354284207 HTTP/1.1" 200 4344
192.168.10.89 - - [09/Aug/2019:09:43:20 -0300] "POST /cormun/servlet/hlogin?86df3327e90c0d1d37c1205cb7b9861a,gx-no-cache=1565353954099 HTTP/1.1" 200 90
192.168.10.89 - - [09/Aug/2019:09:43:20 -0300] "GET /cormun/servlet/hpexe_link HTTP/1.1" 200 949
192.168.10.89 - - [09/Aug/2019:09:43:21 -0300] "GET /cormun/servlet/hhome HTTP/1.1" 200 3893
192.168.10.89 - - [09/Aug/2019:09:43:25 -0300] "GET /cormun/servlet/trsolicitudgral? HTTP/1.1" 200 9783
200.111.191.210 - - [09/Aug/2019:09:43:25 -0300] "POST /cormun/servlet/trsolicitudot?2fff3a71275d3915f86b7e1fc45b47e6,,gx-no-cache=1565354437318 HTTP/1.1" 200 4338
186.67.164.138 - - [09/Aug/2019:09:43:25 -0300] "POST /cormun/servlet/trsolicitudot?d0310e3fc0a1f6a468b77ae96303b55c,,gx-no-cache=1565354291158 HTTP/1.1" 200 5803
200.111.191.210 - - [09/Aug/2019:09:43:28 -0300] "GET /cormun/static/menuarrow.gif HTTP/1.1" 404 1015
200.111.191.210 - - [09/Aug/2019:09:43:33 -0300] "POST /cormun/servlet/trsolicitudot?2fff3a71275d3915f86b7e1fc45b47e6,,gx-no-cache=1565354444449 HTTP/1.1" 200 6295
200.111.191.210 - - [09/Aug/2019:09:43:37 -0300] "GET /cormun/servlet/vesolicitudot?2019,15766,, HTTP/1.1" 200 8411
200.111.191.210 - - [09/Aug/2019:09:43:37 -0300] "GET /cormun/pexe_scrolldiv.js HTTP/1.1" 404 1009
200.111.191.210 - - [09/Aug/2019:09:43:37 -0300] "GET /cormun/servlet/vesolicitudot?2019,15766,, HTTP/1.1" 200 8411
186.67.164.138 - - [09/Aug/2019:09:43:47 -0300] "POST /cormun/servlet/trsolicitudot?d0310e3fc0a1f6a468b77ae96303b55c,,gx-no-cache=1565354311527 HTTP/1.1" 200 24369
186.67.164.138 - - [09/Aug/2019:09:43:48 -0300] "GET /cormun/static/Resources/PXToolsGridNext.gif HTTP/1.1" 200 369
186.67.164.138 - - [09/Aug/2019:09:43:49 -0300] "GET /cormun/static/Resources/PXToolsGridLast.gif HTTP/1.1" 200 370
200.111.191.210 - - [09/Aug/2019:09:43:53 -0300] "POST /cormun/servlet/vesolicitudot?2fff3a71275d3915f86b7e1fc45b47e6,2019,15766,,,gx-no-cache=1565354464070 HTTP/1.1" 200 93
200.111.191.210 - - [09/Aug/2019:09:43:53 -0300] "GET /cormun/servlet/hpexe_return? HTTP/1.1" 200 1017
200.111.191.210 - - [09/Aug/2019:09:43:53 -0300] "GET /cormun/servlet/trsolicitudot? HTTP/1.1" 200 9214
192.168.10.89 - - [09/Aug/2019:09:43:54 -0300] "GET /cormun/servlet/trautorizarot? HTTP/1.1" 200 18450
200.111.191.210 - - [09/Aug/2019:09:43:54 -0300] "GET /cormun/servlet/trsolicitudot? HTTP/1.1" 200 9209
200.111.191.210 - - [09/Aug/2019:09:44:01 -0300] "POST /cormun/servlet/trsolicitudot?2fff3a71275d3915f86b7e1fc45b47e6,,gx-no-cache=1565354472990 HTTP/1.1" 200 13635
186.67.164.138 - - [09/Aug/2019:09:44:05 -0300] "POST /cormun/servlet/trsolicitudot?d0310e3fc0a1f6a468b77ae96303b55c,,gx-no-cache=1565354326503 HTTP/1.1" 200 24209
186.67.164.138 - - [09/Aug/2019:09:44:07 -0300] "GET /cormun/static/Resources/PXToolsGridFirst.gif HTTP/1.1" 200 379
186.67.164.138 - - [09/Aug/2019:09:44:07 -0300] "GET /cormun/static/Resources/PXToolsGridPrevious.gif HTTP/1.1" 200 369
192.168.10.89 - - [09/Aug/2019:09:44:09 -0300] "GET /cormun/servlet/trsolicitudgral? HTTP/1.1" 200 9781
192.168.10.89 - - [09/Aug/2019:09:44:14 -0300] "POST /cormun/servlet/trsolicitudgral?86df3327e90c0d1d37c1205cb7b9861a,,gx-no-cache=1565354007728 HTTP/1.1" 200 5496
192.168.10.89 - - [09/Aug/2019:09:44:14 -0300] "GET /cormun/static/Shared/jqueryui/images/ui-bg_highlight-soft_100_c6c2c8_1x100.png HTTP/1.1" 404 1117
192.168.10.89 - - [09/Aug/2019:09:44:14 -0300] "GET /cormun/static/Shared/jqueryui/images/ui-bg_flat_55_fafafa_40x100.png HTTP/1.1" 404 1097
192.168.10.89 - - [09/Aug/2019:09:44:14 -0300] "GET /cormun/static/Shared/jqueryui/images/ui-icons_82798d_256x240.png HTTP/1.1" 404 1089
192.168.10.89 - - [09/Aug/2019:09:44:14 -0300] "GET /cormun/static/Shared/jqueryui/images/ui-icons_8d78a5_256x240.png HTTP/1.1" 404 1089
192.168.10.89 - - [09/Aug/2019:09:44:30 -0300] "POST /cormun/servlet/trsolicitudgral?86df3327e90c0d1d37c1205cb7b9861a,,gx-no-cache=1565354023906 HTTP/1.1" 200 6980
186.67.164.138 - - [09/Aug/2019:09:44:56 -0300] "POST /cormun/servlet/trsolicitudot?d0310e3fc0a1f6a468b77ae96303b55c,,gx-no-cache=1565354380568 HTTP/1.1" 200 14611
192.168.10.89 - - [09/Aug/2019:09:44:58 -0300] "POST /cormun/servlet/trsolicitudgral?86df3327e90c0d1d37c1205cb7b9861a,,gx-no-cache=1565354051704 HTTP/1.1" 200 5516
186.67.164.138 - - [09/Aug/2019:09:46:13 -0300] "GET /cormun/servlet/trfichaempleado? HTTP/1.1" 200 14979
192.168.10.89 - - [09/Aug/2019:09:47:27 -0300] "POST /cormun/servlet/trsolicitudgral?86df3327e90c0d1d37c1205cb7b9861a,,gx-no-cache=1565354200615 HTTP/1.1" 200 6676
192.168.10.89 - - [09/Aug/2019:09:47:57 -0300] "GET /cormun/servlet/solicitudgral3?UPD,2019,15860, HTTP/1.1" 200 13275
192.168.10.89 - - [09/Aug/2019:09:47:59 -0300] "POST /cormun/servlet/solicitudgral3?gx-no-cache=1565354232233 HTTP/1.1" 200 4214
192.168.10.89 - - [09/Aug/2019:09:47:59 -0300] "GET /cormun/servlet/solicitudgral3?ea368082e40d96707a3ab88abfb7c9ea55ef4d313106192a8f8491897ac0fb4176d200f0242bd91b7cebaec5fd7c2f97e34bdc8da588d05b8f5dab1a7daa78d03f5af3bdbe739ddca507bef3d76ba695e3b18b76d4e10f9f34346ce6c247ae63d97e38fdf52f701d253a0771f4e9cf505192006b2d67818ef5b9a3815cf64aabbbdbf90650eac545089b550facce31d74d4774752e882af69c8989c0d1a5721c1c246784d2a9016a2b8341b25d5085f6f7503fac67772304c665dd12cc1d32a7468eed0f64b841438cf5447a13d3a40e39a5777cfc01b7b9353882e1850d04b43807746b6ebe6bf67d0c190236a823a5dfa23ee2ed38838e3b6fe31443db084e6164a27b52014f11d37a9d4077fbf3214ce744c92c783bfe1f99c66f95222892efedc7a2668c9af6e19775559d4c45b3c342fa70b5b0d0f5e35d4985e30572f0805cc77509099588ee51031a534f1fdd,gx-no-cache=1565354232428 HTTP/1.1" 200 297
192.168.10.89 - - [09/Aug/2019:09:47:59 -0300] "GET /cormun/servlet/solicitudgral3?ea368082e40d96707a3ab88abfb7c9eaa9109fb5ef9e9c29ef4c4436ae05aa2df3ae6e5bf9dcbcccb811792fd1ea4f398768ffd7f62b6ff2e6e1a16618e3638a0592a7bf7a58dde12216d994207b122fd76951ec6d710c16b387823fcc2d7361,gx-no-cache=1565354232450 HTTP/1.1" 200 42
192.168.10.89 - - [09/Aug/2019:09:47:59 -0300] "GET /cormun/servlet/solicitudgral3?ea368082e40d96707a3ab88abfb7c9ead8dd5b258e95f6a63cb9bbe0ee97bc647095f341f49d0b7b095cabf82e08479f16ea34c2fd8d5da85f7d5840d4f3e81dab22e13348927a692f0ad5667ff6b71cc1d8b454594f0d241d5c6cce363bb3e71e3c232e007937ddcf70bc069cb3607862399c7db880bec53b93abb2e5dedd0c,gx-no-cache=1565354232518 HTTP/1.1" 200 41
192.168.10.89 - - [09/Aug/2019:09:47:59 -0300] "GET /cormun/servlet/solicitudgral3?ea368082e40d96707a3ab88abfb7c9eae00de89cd0c40faf5b1422940b12aaa22f85eb7cafe7a6a21c23396b25e8a7b8e34bdc8da588d05b8f5dab1a7daa78d0133bf9757ab03ebd74828dcdb7d009b5628c868d20f5c6eba847823429529b40,gx-no-cache=1565354232770 HTTP/1.1" 200 30
192.168.10.89 - - [09/Aug/2019:09:48:01 -0300] "POST /cormun/servlet/solicitudgral3?gx-no-cache=1565354234453 HTTP/1.1" 200 79
192.168.10.89 - - [09/Aug/2019:09:48:03 -0300] "POST /cormun/servlet/solicitudgral3?86df3327e90c0d1d37c1205cb7b9861a,UPD,2019,15860,,gx-no-cache=1565354236467 HTTP/1.1" 200 11941
192.168.10.89 - - [09/Aug/2019:09:48:03 -0300] "GET /cormun/servlet/solicitudgral3?ea368082e40d96707a3ab88abfb7c9eae4ca96b817434c682984814492865a3bf9fa670bfe7db9391a43050e7dae32999554afb364dbd8415fd78c96b556b8b0a39e7f824d2bb9a7fa26321a7bb9c369134b95a7c9eda4aef6ff5299fe2591f8e350977f0f898036809da33ef0366def,gx-no-cache=1565354236768 HTTP/1.1" 200 29
192.168.10.89 - - [09/Aug/2019:09:48:04 -0300] "GET /cormun/servlet/solicitudgral3?ea368082e40d96707a3ab88abfb7c9ea2b397d265fd9ebf31ae921e628bcde14fce9bef6e794f58c231c8e99c7934bace8acc13e4c912ea880d9bb628f824bfce34bdc8da588d05b8f5dab1a7daa78d0ca18a8286baf81c041f9dc16908053889378ba418d926930e3697646bc2c904f3a13244b986ec544fc845a855ab2e9e393b3414df9e222e4345a7b4fa08fdee4,gx-no-cache=1565354237480 HTTP/1.1" 200 30
190.171.142.18 - - [09/Aug/2019:09:48:14 -0300] "GET /cormun/servlet/trautorizarsolicitud? HTTP/1.1" 200 6318
192.168.10.89 - - [09/Aug/2019:09:48:18 -0300] "POST /cormun/servlet/solicitudgral3?86df3327e90c0d1d37c1205cb7b9861a,UPD,2019,15860,,gx-no-cache=1565354251751 HTTP/1.1" 200 93
192.168.10.89 - - [09/Aug/2019:09:48:18 -0300] "GET /cormun/servlet/hpexe_return? HTTP/1.1" 200 1013
192.168.10.89 - - [09/Aug/2019:09:48:19 -0300] "GET /cormun/servlet/trsolicitudgral? HTTP/1.1" 200 9803
190.171.142.18 - - [09/Aug/2019:09:48:22 -0300] "GET /cormun/servlet/trautorizarsolicitud? HTTP/1.1" 200 6316
190.171.142.18 - - [09/Aug/2019:09:48:22 -0300] "GET /cormun/servlet/hlogin HTTP/1.1" 200 1741
192.168.10.89 - - [09/Aug/2019:09:48:23 -0300] "POST /cormun/servlet/trsolicitudgral?86df3327e90c0d1d37c1205cb7b9861a,,gx-no-cache=1565354256165 HTTP/1.1" 200 5490
192.168.10.89 - - [09/Aug/2019:09:48:23 -0300] "GET /cormun/static/Shared/jqueryui/images/ui-bg_highlight-soft_100_c6c2c8_1x100.png HTTP/1.1" 404 1117
192.168.10.89 - - [09/Aug/2019:09:48:23 -0300] "GET /cormun/static/Shared/jqueryui/images/ui-icons_8d78a5_256x240.png HTTP/1.1" 404 1089
192.168.10.89 - - [09/Aug/2019:09:48:23 -0300] "GET /cormun/static/Shared/jqueryui/images/ui-icons_82798d_256x240.png HTTP/1.1" 404 1089
192.168.10.89 - - [09/Aug/2019:09:48:23 -0300] "GET /cormun/static/Shared/jqueryui/images/ui-bg_flat_55_fafafa_40x100.png HTTP/1.1" 404 1097
200.111.191.210 - - [09/Aug/2019:09:49:37 -0300] "GET /cormun/servlet/trsolicitudot? HTTP/1.1" 200 16451
200.111.191.210 - - [09/Aug/2019:09:49:38 -0300] "GET /cormun/servlet/trsolicitudot? HTTP/1.1" 200 16451
100.43.90.200 - - [09/Aug/2019:09:50:11 -0300] "GET /robots.txt HTTP/1.1" 404 981
100.43.90.200 - - [09/Aug/2019:09:50:14 -0300] "GET /examples/jsp/jsp2/tagfiles/products.jsp.html HTTP/1.1" 200 2231
192.168.10.89 - - [09/Aug/2019:09:51:25 -0300] "POST /cormun/servlet/trsolicitudgral?86df3327e90c0d1d37c1205cb7b9861a,,gx-no-cache=1565354438741 HTTP/1.1" 200 6665
192.168.10.89 - - [09/Aug/2019:09:51:28 -0300] "POST /cormun/servlet/trsolicitudgral?86df3327e90c0d1d37c1205cb7b9861a,,gx-no-cache=1565354441462 HTTP/1.1" 200 116
192.168.10.89 - - [09/Aug/2019:09:51:28 -0300] "GET /cormun/servlet/solicitudotlog?INS,2019,15857,0,REC, HTTP/1.1" 200 5696
192.168.10.89 - - [09/Aug/2019:09:51:29 -0300] "GET /cormun/servlet/solicitudotlog?ea368082e40d96707a3ab88abfb7c9ea31e564eef33f8bbeb8f1db364c5c5731f9fa670bfe7db9391a43050e7dae3299eeab85c95fa5a14d76b13eb3f9047d6041d80e60867dbf1eb5c0e1784f975c8b66baab4bc1a313dc005014f6b05c1f4800675f981a711f2c60d6ffce1ce2c70e40e00a7c7f94c5cd6d5ec57943c8d9a5619b1d929809b3889c47bae2dafd116254f13821acf3b6b72d909b662aebe2c0,gx-no-cache=1565354442676 HTTP/1.1" 200 94
192.168.10.89 - - [09/Aug/2019:09:51:35 -0300] "POST /cormun/servlet/solicitudotlog?86df3327e90c0d1d37c1205cb7b9861a,INS,2019,15857,0,REC,,gx-no-cache=1565354448695 HTTP/1.1" 200 93
192.168.10.89 - - [09/Aug/2019:09:51:35 -0300] "GET /cormun/servlet/hpexe_return? HTTP/1.1" 200 1021
192.168.10.89 - - [09/Aug/2019:09:51:35 -0300] "GET /cormun/servlet/trsolicitudgral? HTTP/1.1" 200 8389
192.168.10.89 - - [09/Aug/2019:09:54:53 -0300] "POST /cormun/servlet/trsolicitudgral?86df3327e90c0d1d37c1205cb7b9861a,,gx-no-cache=1565354647110 HTTP/1.1" 200 6676
192.168.10.89 - - [09/Aug/2019:09:54:58 -0300] "POST /cormun/servlet/trsolicitudgral?86df3327e90c0d1d37c1205cb7b9861a,,gx-no-cache=1565354651281 HTTP/1.1" 200 5494
192.168.10.89 - - [09/Aug/2019:09:54:58 -0300] "GET /cormun/static/Shared/jqueryui/images/ui-icons_82798d_256x240.png HTTP/1.1" 404 1089
192.168.10.89 - - [09/Aug/2019:09:54:58 -0300] "GET /cormun/static/Shared/jqueryui/images/ui-bg_highlight-soft_100_c6c2c8_1x100.png HTTP/1.1" 404 1117
192.168.10.89 - - [09/Aug/2019:09:54:58 -0300] "GET /cormun/static/Shared/jqueryui/images/ui-bg_flat_55_fafafa_40x100.png HTTP/1.1" 404 1097
192.168.10.89 - - [09/Aug/2019:09:54:58 -0300] "GET /cormun/static/Shared/jqueryui/images/ui-icons_8d78a5_256x240.png HTTP/1.1" 404 1089
192.168.10.89 - - [09/Aug/2019:09:55:25 -0300] "POST /cormun/servlet/trsolicitudgral?86df3327e90c0d1d37c1205cb7b9861a,,gx-no-cache=1565354678667 HTTP/1.1" 200 7148
200.54.103.162 - - [09/Aug/2019:09:55:30 -0300] "POST /cormun/servlet/trlicencias?fcb36d863866f7737bb28c60d8ab2806,,gx-no-cache=1565355019332 HTTP/1.1" 440 972
200.54.103.162 - - [09/Aug/2019:09:55:32 -0300] "GET /cormun/servlet/trlicencias? HTTP/1.1" 200 7887
200.54.103.162 - - [09/Aug/2019:09:55:32 -0300] "GET /cormun/servlet/hlogin HTTP/1.1" 200 1743
200.54.103.162 - - [09/Aug/2019:09:55:32 -0300] "GET /cormun/servlet/trlicencias? HTTP/1.1" 200 7887
200.54.103.162 - - [09/Aug/2019:09:55:33 -0300] "GET /cormun/servlet/trlicencias? HTTP/1.1" 200 7887
200.54.103.162 - - [09/Aug/2019:09:55:41 -0300] "POST /cormun/servlet/hlogin?9731dfb8f1ae03709e7fef3085b6dfa5,gx-no-cache=1565355030502 HTTP/1.1" 200 454
200.54.103.162 - - [09/Aug/2019:09:55:49 -0300] "POST /cormun/servlet/hlogin?9731dfb8f1ae03709e7fef3085b6dfa5,gx-no-cache=1565355038659 HTTP/1.1" 200 90
200.54.103.162 - - [09/Aug/2019:09:55:49 -0300] "GET /cormun/servlet/hpexe_link HTTP/1.1" 200 960
200.54.103.162 - - [09/Aug/2019:09:55:50 -0300] "GET /cormun/servlet/trlicencias HTTP/1.1" 200 14407
200.54.103.162 - - [09/Aug/2019:09:55:51 -0300] "GET /cormun/servlet/trlicencias HTTP/1.1" 200 14405
192.168.10.89 - - [09/Aug/2019:09:57:32 -0300] "POST /cormun/servlet/trsolicitudgral?86df3327e90c0d1d37c1205cb7b9861a,,gx-no-cache=1565354805345 HTTP/1.1" 200 6639
192.168.10.89 - - [09/Aug/2019:09:57:43 -0300] "POST /cormun/servlet/trsolicitudgral?86df3327e90c0d1d37c1205cb7b9861a,,gx-no-cache=1565354816755 HTTP/1.1" 200 6685
192.168.10.89 - - [09/Aug/2019:09:57:47 -0300] "POST /cormun/servlet/trsolicitudgral?86df3327e90c0d1d37c1205cb7b9861a,,gx-no-cache=1565354820192 HTTP/1.1" 200 5492
192.168.10.89 - - [09/Aug/2019:09:57:58 -0300] "POST /cormun/servlet/trsolicitudgral?86df3327e90c0d1d37c1205cb7b9861a,,gx-no-cache=1565354831307 HTTP/1.1" 200 6686
192.168.10.89 - - [09/Aug/2019:09:59:25 -0300] "POST /cormun/servlet/trsolicitudgral?86df3327e90c0d1d37c1205cb7b9861a,,gx-no-cache=1565354918311 HTTP/1.1" 200 5503
192.168.10.89 - - [09/Aug/2019:09:59:42 -0300] "POST /cormun/servlet/trsolicitudgral?86df3327e90c0d1d37c1205cb7b9861a,,gx-no-cache=1565354936115 HTTP/1.1" 200 6686
192.168.10.89 - - [09/Aug/2019:09:59:45 -0300] "GET /cormun/servlet/solicitudgral3?UPD,2019,15872, HTTP/1.1" 200 13258
192.168.10.89 - - [09/Aug/2019:09:59:46 -0300] "POST /cormun/servlet/solicitudgral3?gx-no-cache=1565354939502 HTTP/1.1" 200 4192
192.168.10.89 - - [09/Aug/2019:09:59:46 -0300] "GET /cormun/servlet/solicitudgral3?ea368082e40d96707a3ab88abfb7c9ea55ef4d313106192a8f8491897ac0fb412f85eb7cafe7a6a21c23396b25e8a7b8e34bdc8da588d05b8f5dab1a7daa78d03f5af3bdbe739ddca507bef3d76ba695e3b18b76d4e10f9f34346ce6c247ae63d97e38fdf52f701d253a0771f4e9cf505192006b2d67818ef5b9a3815cf64aabbbdbf90650eac545089b550facce31d74d4774752e882af69c8989c0d1a5721c1c246784d2a9016a2b8341b25d5085f6f7503fac67772304c665dd12cc1d32a7468eed0f64b841438cf5447a13d3a40e39a5777cfc01b7b9353882e1850d04b43807746b6ebe6bf67d0c190236a823a5dfa23ee2ed38838e3b6fe31443db084e6164a27b52014f11d37a9d4077fbf3214ce744c92c783bfe1f99c66f95222892efedc7a2668c9af6e19775559d4c45b3c342fa70b5b0d0f5e35d4985e30572f0805cc77509099588ee51031a534f1fdd,gx-no-cache=1565354939701 HTTP/1.1" 200 255
192.168.10.89 - - [09/Aug/2019:09:59:46 -0300] "GET /cormun/servlet/solicitudgral3?ea368082e40d96707a3ab88abfb7c9eaa303806fea915fad2b475eaefb91867fe10bd4c77c03314da5ca839b7405514f8768ffd7f62b6ff2e6e1a16618e3638a0592a7bf7a58dde12216d994207b122fd76951ec6d710c16b387823fcc2d7361,gx-no-cache=1565354939722 HTTP/1.1" 200 42
192.168.10.89 - - [09/Aug/2019:09:59:46 -0300] "GET /cormun/servlet/solicitudgral3?ea368082e40d96707a3ab88abfb7c9ead8dd5b258e95f6a63cb9bbe0ee97bc647095f341f49d0b7b095cabf82e08479f16ea34c2fd8d5da85f7d5840d4f3e81dab22e13348927a692f0ad5667ff6b71c6c41195855ea190cb6a7fdf41214c958f56f49fccc43b4240718c0c778db25d3f4b31a7c70e57c2da7b7341ed1f0d7e9,gx-no-cache=1565354939791 HTTP/1.1" 200 41
192.168.10.89 - - [09/Aug/2019:09:59:49 -0300] "GET /cormun/servlet/solicitudgral3?ea368082e40d96707a3ab88abfb7c9eae00de89cd0c40faf5b1422940b12aaa22f85eb7cafe7a6a21c23396b25e8a7b8e34bdc8da588d05b8f5dab1a7daa78d0133bf9757ab03ebd74828dcdb7d009b5628c868d20f5c6eba847823429529b40,gx-no-cache=1565354942339 HTTP/1.1" 200 30
192.168.10.89 - - [09/Aug/2019:09:59:49 -0300] "POST /cormun/servlet/solicitudgral3?gx-no-cache=1565354942691 HTTP/1.1" 200 67
192.168.10.89 - - [09/Aug/2019:09:59:50 -0300] "POST /cormun/servlet/solicitudgral3?86df3327e90c0d1d37c1205cb7b9861a,UPD,2019,15872,,gx-no-cache=1565354943436 HTTP/1.1" 200 11938
192.168.10.89 - - [09/Aug/2019:09:59:52 -0300] "GET /cormun/servlet/solicitudgral3?ea368082e40d96707a3ab88abfb7c9eae4ca96b817434c682984814492865a3bf9fa670bfe7db9391a43050e7dae3299c33b8985f6715bc7cf90196d9c713b1ef1f719ddc6a51f2624615cb1fa1672d50596f14d1b3238a53d4f171069bcadbe3df4b93e5cfe6437ea9d8b17acb4435f23b29023eecfa622a8ae102954569e17f98b2ad2f411f9579bd926461335e21f0f2dc7d391fb72aca44e288e5d533c33,gx-no-cache=1565354945769 HTTP/1.1" 200 30
192.168.10.89 - - [09/Aug/2019:09:59:53 -0300] "GET /cormun/servlet/solicitudgral3?ea368082e40d96707a3ab88abfb7c9ea680145cd3d043a06e2d6aab23c14045ad5a1c0b7ee8933e5f967f606e65e70dce8acc13e4c912ea880d9bb628f824bfce34bdc8da588d05b8f5dab1a7daa78d0ca18a8286baf81c041f9dc1690805388463a59ca251fcc30e20015b93fa90863064c36fb4c17e9781eb399342fac625193b3414df9e222e4345a7b4fa08fdee4,gx-no-cache=1565354946729 HTTP/1.1" 200 30
186.67.164.138 - - [09/Aug/2019:09:59:55 -0300] "GET /cormun/servlet/trlicencias? HTTP/1.1" 200 9572
186.67.164.138 - - [09/Aug/2019:09:59:55 -0300] "GET /cormun/servlet/trlicencias? HTTP/1.1" 200 9577
192.168.10.89 - - [09/Aug/2019:10:01:04 -0300] "GET /cormun/static/menuarrow.gif HTTP/1.1" 404 1015
192.168.10.89 - - [09/Aug/2019:10:01:08 -0300] "GET /cormun/servlet/solicitudgral3?ea368082e40d96707a3ab88abfb7c9ea680145cd3d043a06e2d6aab23c14045ad5a1c0b7ee8933e5f967f606e65e70dce8acc13e4c912ea880d9bb628f824bfce34bdc8da588d05b8f5dab1a7daa78d0ca18a8286baf81c041f9dc1690805388463a59ca251fcc30e20015b93fa908635a7377a9e7930cdd9da52de55eb72a9493b3414df9e222e4345a7b4fa08fdee4,gx-no-cache=1565355021756 HTTP/1.1" 200 30
192.168.10.89 - - [09/Aug/2019:10:01:47 -0300] "POST /cormun/servlet/solicitudgral3?86df3327e90c0d1d37c1205cb7b9861a,UPD,2019,15872,,gx-no-cache=1565355061006 HTTP/1.1" 200 93
192.168.10.89 - - [09/Aug/2019:10:01:47 -0300] "GET /cormun/servlet/hpexe_return? HTTP/1.1" 200 1013
192.168.10.89 - - [09/Aug/2019:10:01:48 -0300] "GET /cormun/servlet/trsolicitudgral? HTTP/1.1" 200 9819
192.168.10.89 - - [09/Aug/2019:10:01:50 -0300] "POST /cormun/servlet/trsolicitudgral?86df3327e90c0d1d37c1205cb7b9861a,,gx-no-cache=1565355064055 HTTP/1.1" 200 5498
192.168.10.89 - - [09/Aug/2019:10:01:51 -0300] "GET /cormun/static/Shared/jqueryui/images/ui-bg_highlight-soft_100_c6c2c8_1x100.png HTTP/1.1" 404 1117
192.168.10.89 - - [09/Aug/2019:10:01:51 -0300] "GET /cormun/static/Shared/jqueryui/images/ui-bg_flat_55_fafafa_40x100.png HTTP/1.1" 404 1097
192.168.10.89 - - [09/Aug/2019:10:01:51 -0300] "GET /cormun/static/Shared/jqueryui/images/ui-icons_82798d_256x240.png HTTP/1.1" 404 1089
192.168.10.89 - - [09/Aug/2019:10:01:51 -0300] "GET /cormun/static/Shared/jqueryui/images/ui-icons_8d78a5_256x240.png HTTP/1.1" 404 1089
192.168.10.89 - - [09/Aug/2019:10:01:55 -0300] "POST /cormun/servlet/trsolicitudgral?86df3327e90c0d1d37c1205cb7b9861a,,gx-no-cache=1565355068450 HTTP/1.1" 200 20140
200.54.103.162 - - [09/Aug/2019:10:03:06 -0300] "GET /cormun/servlet/hlogin HTTP/1.1" 200 1723
200.54.103.162 - - [09/Aug/2019:10:03:22 -0300] "POST /cormun/servlet/hlogin?7959937d792ff92e8fcd5638b58677f2,gx-no-cache=1565355489711 HTTP/1.1" 200 90
200.54.103.162 - - [09/Aug/2019:10:03:22 -0300] "GET /cormun/servlet/hpexe_link HTTP/1.1" 200 949
200.54.103.162 - - [09/Aug/2019:10:03:22 -0300] "GET /cormun/servlet/hhome HTTP/1.1" 200 4334
200.54.103.162 - - [09/Aug/2019:10:03:23 -0300] "GET /cormun/servlet/hhome HTTP/1.1" 200 4330
200.54.103.162 - - [09/Aug/2019:10:03:29 -0300] "GET /cormun/servlet/trautorizarsolicitud? HTTP/1.1" 200 7446
200.54.103.162 - - [09/Aug/2019:10:03:29 -0300] "GET /cormun/servlet/trautorizarsolicitud? HTTP/1.1" 200 7444
200.54.103.162 - - [09/Aug/2019:10:03:36 -0300] "GET /cormun/servlet/trlicencias? HTTP/1.1" 200 14532
200.54.103.162 - - [09/Aug/2019:10:03:36 -0300] "GET /cormun/servlet/trlicencias? HTTP/1.1" 200 14542
200.54.103.162 - - [09/Aug/2019:10:04:26 -0300] "GET /cormun/servlet/trcontratosolicitud? HTTP/1.1" 200 14912
200.54.103.162 - - [09/Aug/2019:10:04:26 -0300] "GET /cormun/servlet/trcontratosolicitud? HTTP/1.1" 200 14908
192.168.10.89 - - [09/Aug/2019:10:05:04 -0300] "POST /cormun/servlet/trsolicitudgral?86df3327e90c0d1d37c1205cb7b9861a,,gx-no-cache=1565355257735 HTTP/1.1" 200 5269
192.168.10.89 - - [09/Aug/2019:10:05:12 -0300] "GET /cormun/servlet/trautorizarot? HTTP/1.1" 200 21875
192.168.10.89 - - [09/Aug/2019:10:05:31 -0300] "POST /cormun/servlet/trautorizarot?86df3327e90c0d1d37c1205cb7b9861a,,gx-no-cache=1565355284548 HTTP/1.1" 200 18926
192.168.10.89 - - [09/Aug/2019:10:05:35 -0300] "POST /cormun/servlet/trautorizarot?86df3327e90c0d1d37c1205cb7b9861a,,gx-no-cache=1565355288180 HTTP/1.1" 200 9333
192.168.10.89 - - [09/Aug/2019:10:05:37 -0300] "POST /cormun/servlet/trautorizarot?86df3327e90c0d1d37c1205cb7b9861a,,gx-no-cache=1565355291023 HTTP/1.1" 200 5370
200.54.103.162 - - [09/Aug/2019:10:05:41 -0300] "GET /cormun/servlet/hlogin HTTP/1.1" 200 1739
192.190.255.120 - - [09/Aug/2019:10:05:55 -0300] "GET / HTTP/1.1" 200 11217
192.168.10.89 - - [09/Aug/2019:10:05:57 -0300] "GET /cormun/servlet/trsolicitudgral? HTTP/1.1" 200 8382
192.168.10.89 - - [09/Aug/2019:10:06:02 -0300] "POST /cormun/servlet/trsolicitudgral?86df3327e90c0d1d37c1205cb7b9861a,,gx-no-cache=1565355315593 HTTP/1.1" 200 6592
192.168.10.89 - - [09/Aug/2019:10:06:06 -0300] "POST /cormun/servlet/trsolicitudgral?86df3327e90c0d1d37c1205cb7b9861a,,gx-no-cache=1565355319460 HTTP/1.1" 200 5458
192.168.10.89 - - [09/Aug/2019:10:06:06 -0300] "GET /cormun/static/Shared/jqueryui/images/ui-bg_flat_55_fafafa_40x100.png HTTP/1.1" 404 1097
192.168.10.89 - - [09/Aug/2019:10:06:06 -0300] "GET /cormun/static/Shared/jqueryui/images/ui-icons_8d78a5_256x240.png HTTP/1.1" 404 1089
192.168.10.89 - - [09/Aug/2019:10:06:06 -0300] "GET /cormun/static/Shared/jqueryui/images/ui-icons_82798d_256x240.png HTTP/1.1" 404 1089
192.168.10.89 - - [09/Aug/2019:10:06:06 -0300] "GET /cormun/static/Shared/jqueryui/images/ui-bg_highlight-soft_100_c6c2c8_1x100.png HTTP/1.1" 404 1117
190.171.141.90 - - [09/Aug/2019:10:06:32 -0300] "GET /cormun/servlet/hlogin HTTP/1.1" 200 1720
190.171.141.90 - - [09/Aug/2019:10:06:38 -0300] "POST /cormun/servlet/hlogin?8c233049d7d8b4d0ff0162c27a392c2f,gx-no-cache=1565352084265 HTTP/1.1" 200 90
190.171.141.90 - - [09/Aug/2019:10:06:38 -0300] "GET /cormun/servlet/hpexe_link HTTP/1.1" 200 947
190.171.141.90 - - [09/Aug/2019:10:06:38 -0300] "GET /cormun/servlet/hhome HTTP/1.1" 200 4221
190.171.141.90 - - [09/Aug/2019:10:06:39 -0300] "GET /cormun/servlet/hhome HTTP/1.1" 200 4218
192.168.10.89 - - [09/Aug/2019:10:06:39 -0300] "POST /cormun/servlet/trsolicitudgral?86df3327e90c0d1d37c1205cb7b9861a,,gx-no-cache=1565355352361 HTTP/1.1" 200 6640
190.171.141.90 - - [09/Aug/2019:10:06:42 -0300] "GET /cormun/servlet/trautorizarsolicitud? HTTP/1.1" 200 8750
190.171.141.90 - - [09/Aug/2019:10:06:42 -0300] "GET /cormun/static/gxcfg.js?2017111423403364 HTTP/1.1" 200 953
190.171.141.90 - - [09/Aug/2019:10:06:42 -0300] "GET /cormun/static/trautorizarsolicitud.js?201711142340425 HTTP/1.1" 200 53910
190.171.141.90 - - [09/Aug/2019:10:06:42 -0300] "GET /cormun/servlet/trautorizarsolicitud? HTTP/1.1" 200 8749
190.171.154.42 - - [09/Aug/2019:10:06:43 -0300] "GET /cormun/servlet/hlogin HTTP/1.1" 200 1723
190.171.141.90 - - [09/Aug/2019:10:06:45 -0300] "POST /cormun/servlet/trautorizarsolicitud?8c233049d7d8b4d0ff0162c27a392c2f,,gx-no-cache=1565352091365 HTTP/1.1" 200 4699
190.171.141.90 - - [09/Aug/2019:10:06:45 -0300] "GET /cormun/static/Shared/jqueryui/images/ui-bg_highlight-soft_100_c6c2c8_1x100.png HTTP/1.1" 404 1117
190.171.141.90 - - [09/Aug/2019:10:06:45 -0300] "GET /cormun/static/Shared/jqueryui/images/ui-icons_82798d_256x240.png HTTP/1.1" 404 1089
190.171.141.90 - - [09/Aug/2019:10:06:45 -0300] "GET /cormun/static/Shared/jqueryui/images/ui-icons_8d78a5_256x240.png HTTP/1.1" 404 1089
190.171.141.90 - - [09/Aug/2019:10:06:45 -0300] "GET /cormun/static/Shared/jqueryui/images/ui-bg_flat_55_fafafa_40x100.png HTTP/1.1" 404 1097
190.171.141.90 - - [09/Aug/2019:10:06:45 -0300] "POST /cormun/servlet/trautorizarsolicitud?8c233049d7d8b4d0ff0162c27a392c2f,,gx-no-cache=1565352091588 HTTP/1.1" 200 4447
192.168.10.89 - - [09/Aug/2019:10:06:45 -0300] "POST /cormun/servlet/trsolicitudgral?86df3327e90c0d1d37c1205cb7b9861a,,gx-no-cache=1565355359028 HTTP/1.1" 200 5469
190.171.141.90 - - [09/Aug/2019:10:06:52 -0300] "GET /cormun/servlet/trcontratounov2? HTTP/1.1" 200 17521
190.171.141.90 - - [09/Aug/2019:10:06:52 -0300] "GET /cormun/static/gxcfg.js?201752512124396 HTTP/1.1" 200 953
190.171.141.90 - - [09/Aug/2019:10:06:52 -0300] "GET /cormun/static/Resources/PXToolsAddSelectedAction.png HTTP/1.1" 200 3660
190.171.141.90 - - [09/Aug/2019:10:06:52 -0300] "GET /cormun/static/trcontratounov2.js?201752512125146 HTTP/1.1" 200 38486
190.171.141.90 - - [09/Aug/2019:10:06:53 -0300] "GET /cormun/servlet/trcontratounov2? HTTP/1.1" 200 17503
192.168.10.89 - - [09/Aug/2019:10:06:55 -0300] "POST /cormun/servlet/trsolicitudgral?86df3327e90c0d1d37c1205cb7b9861a,,gx-no-cache=1565355368228 HTTP/1.1" 200 6644
192.168.10.96 - - [09/Aug/2019:10:07:10 -0300] "GET /digitalizacion/servlet/hhome HTTP/1.1" 200 2607
192.168.10.96 - - [09/Aug/2019:10:07:10 -0300] "GET /digitalizacion/static/Resources/Spanish/PXTools.css?14224663 HTTP/1.1" 304 -
192.168.10.96 - - [09/Aug/2019:10:07:11 -0300] "GET /digitalizacion/static/Resources/CormunLogo2.png HTTP/1.1" 304 -
192.168.10.96 - - [09/Aug/2019:10:07:11 -0300] "GET /digitalizacion/static/Resources/PXToolsHeaderHome.png HTTP/1.1" 304 -
192.168.10.96 - - [09/Aug/2019:10:07:11 -0300] "GET /digitalizacion/static/hhome.js?201841414272287 HTTP/1.1" 304 -
192.168.10.96 - - [09/Aug/2019:10:07:11 -0300] "GET /digitalizacion/static/hwchdr01.js?20184141438371 HTTP/1.1" 304 -
192.168.10.96 - - [09/Aug/2019:10:07:11 -0300] "GET /digitalizacion/static/hpexe_scripts.js?201841414233682 HTTP/1.1" 304 -
192.168.10.96 - - [09/Aug/2019:10:07:11 -0300] "GET /digitalizacion/static/hpexe_messagecontroller.js?201841414233665 HTTP/1.1" 304 -
192.168.10.96 - - [09/Aug/2019:10:07:11 -0300] "GET /digitalizacion/static/hpexe_messagepopupcomponent.js?201841414233469 HTTP/1.1" 304 -
192.168.10.96 - - [09/Aug/2019:10:07:11 -0300] "GET /digitalizacion/static/hpexe_messagegxuicomponent.js?201841414233441 HTTP/1.1" 304 -
192.168.10.96 - - [09/Aug/2019:10:07:11 -0300] "GET /digitalizacion/static/hpexe_messagegenexuscomponent.js?201841414233455 HTTP/1.1" 304 -
192.168.10.96 - - [09/Aug/2019:10:07:11 -0300] "GET /digitalizacion/static/Resources/PXToolsHeaderLogin.png HTTP/1.1" 304 -
192.168.10.96 - - [09/Aug/2019:10:07:11 -0300] "GET /digitalizacion/static/Resources/PXToolsHeaderPreferences.png HTTP/1.1" 304 -
192.168.10.96 - - [09/Aug/2019:10:07:11 -0300] "GET /digitalizacion/static/hmpwkw031.js?20184141427937 HTTP/1.1" 304 -
192.168.10.96 - - [09/Aug/2019:10:07:12 -0300] "GET /digitalizacion/static/Resources/PXToolsDataTitle.png HTTP/1.1" 304 -
192.168.10.96 - - [09/Aug/2019:10:07:12 -0300] "GET /digitalizacion/static/Resources/indicator.gif HTTP/1.1" 304 -
192.168.10.96 - - [09/Aug/2019:10:07:12 -0300] "GET /digitalizacion/servlet/hhome HTTP/1.1" 200 2622
192.168.10.96 - - [09/Aug/2019:10:07:12 -0300] "GET /digitalizacion/servlet/hlogin HTTP/1.1" 302 -
192.168.10.96 - - [09/Aug/2019:10:07:12 -0300] "GET /digitalizacion/servlet/wblogin? HTTP/1.1" 200 2333
192.168.10.96 - - [09/Aug/2019:10:07:12 -0300] "GET /digitalizacion/static/Resources/Comun33.png HTTP/1.1" 304 -
192.168.10.96 - - [09/Aug/2019:10:07:12 -0300] "GET /digitalizacion/static/hmplogin.js?201841414365131 HTTP/1.1" 304 -
192.168.10.96 - - [09/Aug/2019:10:07:12 -0300] "GET /digitalizacion/static/Resources/PXToolsLoginTop.png HTTP/1.1" 304 -
192.168.10.96 - - [09/Aug/2019:10:07:12 -0300] "GET /digitalizacion/static/Resources/PXToolsLoginBackground.png HTTP/1.1" 304 -
192.168.10.96 - - [09/Aug/2019:10:07:12 -0300] "GET /digitalizacion/static/Resources/PXToolsButtonLeft.png HTTP/1.1" 304 -
192.168.10.96 - - [09/Aug/2019:10:07:12 -0300] "GET /digitalizacion/static/Resources/PXToolsButtonBackground.png HTTP/1.1" 304 -
192.168.10.96 - - [09/Aug/2019:10:07:12 -0300] "GET /digitalizacion/static/Resources/PXToolsButtonRight.png HTTP/1.1" 304 -
192.168.10.96 - - [09/Aug/2019:10:07:12 -0300] "GET /digitalizacion/static/Resources/PXToolsLoginBottom.png HTTP/1.1" 304 -
192.168.10.96 - - [09/Aug/2019:10:07:19 -0300] "POST /digitalizacion/servlet/wblogin?154c8c484d9592c3d9cee457c3c24511,,gx-no-cache=1565355392911 HTTP/1.1" 200 65
