190.171.143.82 - - [07/Aug/2019:14:08:25 -0300] "GET /cormun/servlet/solicitudot?f7f4a3de49669001378483445b1932187ab7eb8b14610b069814e305938e908bce578d4da7e14d0f6518fbd92a6123709e9930849255cda82358fa95bc6f857bc54143a46700cd3930d9bc7d299581a1b65e89c2ded65d0462eed94a78681a17d945f77a50f4910dc7fc74a287178155affaa4d207da5354c008519fd852ad877e4e12eb0866f0db21501f190cb6aa754cfe8965e98918b124a8765990a8b551e87f7c66ac555d01d61b7cab144395e8013ad6b4234fdfd6d1cf7168a3a6093d6e111e20241a5a5eaa681d9068b8baeceb0178f3514c9b02627a6d43aec92d440a58bfdfa8fbc5e86b66b9118c526e687896d01538474af59439a02c3105849451d77dc2c966ea9edbe00b238f1293e2a725231636a1b00426da59d2479f7542bfb21ab5f84bc1c2850e8bd87581f5b61e8338d9716b6a774b0b04503337f71633eacc8ea4598c933aa9904f7b63aebdff2868e4b79bf7cdf508445b21f378c6175c2eb0f3a926aa1d62a5b00fe7addc13aadcaf2e3854da163c35dc80d776686b88932c9797adadfe5f3089adbeb0e3,gx-no-cache=1565197394322 HTTP/1.1" 200 30
190.171.143.82 - - [07/Aug/2019:14:08:28 -0300] "POST /cormun/servlet/solicitudot?gx-no-cache=1565197397292 HTTP/1.1" 200 30
190.171.143.82 - - [07/Aug/2019:14:08:29 -0300] "POST /cormun/servlet/solicitudot?gx-no-cache=1565197399061 HTTP/1.1" 200 1358
190.171.143.82 - - [07/Aug/2019:14:08:29 -0300] "POST /cormun/servlet/solicitudot?gx-no-cache=1565197399149 HTTP/1.1" 200 38
186.103.158.250 - - [07/Aug/2019:14:08:38 -0300] "GET /cormun/servlet/trautorizarsolicitud? HTTP/1.1" 200 8803
186.103.158.250 - - [07/Aug/2019:14:08:38 -0300] "GET /cormun/static/gxcfg.js?2017111423403364 HTTP/1.1" 200 953
186.103.158.250 - - [07/Aug/2019:14:08:38 -0300] "GET /cormun/static/trautorizarsolicitud.js?201711142340425 HTTP/1.1" 200 53910
186.103.158.250 - - [07/Aug/2019:14:08:40 -0300] "GET /cormun/servlet/trautorizarsolicitud? HTTP/1.1" 200 8797
190.171.143.82 - - [07/Aug/2019:14:08:41 -0300] "GET /cormun/servlet/solicitudot?f7f4a3de49669001378483445b193218e4a75d48fef29423c76cfe25e9147104052507576f4d74a41bfec10e280202e9b421160079b7dc5f7a5469f0b3d01b2b92552a3832d73585d7390566a541ebd5fba8ec3f58b5d37a1fa7d169981a81ccf307acc89335bfe7598ba7b5db888ffc,gx-no-cache=1565197410192 HTTP/1.1" 200 110
186.103.158.250 - - [07/Aug/2019:14:08:43 -0300] "POST /cormun/servlet/trautorizarsolicitud?9ecac18057a5acd670f65a6165733b6a,,gx-no-cache=1565197409931 HTTP/1.1" 200 5863
186.103.158.250 - - [07/Aug/2019:14:08:43 -0300] "GET /cormun/static/Shared/jqueryui/images/ui-bg_highlight-soft_100_c6c2c8_1x100.png HTTP/1.1" 404 1117
186.103.158.250 - - [07/Aug/2019:14:08:43 -0300] "GET /cormun/static/Shared/jqueryui/images/ui-icons_82798d_256x240.png HTTP/1.1" 404 1089
186.103.158.250 - - [07/Aug/2019:14:08:43 -0300] "GET /cormun/static/Shared/jqueryui/images/ui-bg_flat_55_fafafa_40x100.png HTTP/1.1" 404 1097
186.103.158.250 - - [07/Aug/2019:14:08:43 -0300] "GET /cormun/static/Shared/jqueryui/images/ui-icons_8d78a5_256x240.png HTTP/1.1" 404 1089
186.103.158.250 - - [07/Aug/2019:14:08:55 -0300] "POST /cormun/servlet/trautorizarsolicitud?9ecac18057a5acd670f65a6165733b6a,,gx-no-cache=1565197421178 HTTP/1.1" 200 5863
190.171.143.82 - - [07/Aug/2019:14:08:58 -0300] "POST /cormun/servlet/solicitudot?gx-no-cache=1565197427719 HTTP/1.1" 200 83
186.103.158.250 - - [07/Aug/2019:14:08:58 -0300] "POST /cormun/servlet/trautorizarsolicitud?9ecac18057a5acd670f65a6165733b6a,,gx-no-cache=1565197425071 HTTP/1.1" 200 116
186.103.158.250 - - [07/Aug/2019:14:08:58 -0300] "GET /cormun/servlet/solicitudotlog?INS,2019,15864,0,ANU, HTTP/1.1" 200 6127
186.103.158.250 - - [07/Aug/2019:14:08:59 -0300] "GET /cormun/static/gxcfg.js?2017761245646 HTTP/1.1" 200 953
186.103.158.250 - - [07/Aug/2019:14:08:59 -0300] "GET /cormun/static/solicitudotlog.js?2017761245655 HTTP/1.1" 200 8934
186.103.158.250 - - [07/Aug/2019:14:09:00 -0300] "GET /cormun/servlet/solicitudotlog?INS,2019,15864,0,ANU, HTTP/1.1" 200 6128
186.103.158.250 - - [07/Aug/2019:14:09:00 -0300] "GET /cormun/servlet/solicitudotlog?e5ac16b1e96a9781c34bb63ff481ef33962595fd254852cad4f6c36a912bc8211b76a94cc53809ec9c78fb746caa95eb8a537a3771160ccceb673fb0d2334d1c05b50ddeb53f6118dc442a20a3b419d4326053f953b1c6e5ae9941359ff9281b233a93ba2487fff005fe7211282f43c5919b6b4c9827fd0cdf29339ccce5e533b1a7e0543fd4216eddbd965efe7ce914f998f45a78868e2b0dfa5de71855ae89,gx-no-cache=1565197427082 HTTP/1.1" 200 94
186.103.158.250 - - [07/Aug/2019:14:09:02 -0300] "GET /cormun/servlet/trautorizarsolicitud? HTTP/1.1" 200 8803
186.103.158.250 - - [07/Aug/2019:14:09:04 -0300] "GET /cormun/servlet/trautorizarsolicitud? HTTP/1.1" 200 8797
190.171.143.82 - - [07/Aug/2019:14:09:08 -0300] "GET /cormun/servlet/solicitudot?f7f4a3de49669001378483445b193218f8559f8a147b620efa890faa18b1cc8758c539bdd1caf056b24a46d82854a7b53f2c43434c5727098b0634b9d48f8962aa3d0a0ca748900e8316d5987a0ab03d3e63ae4e76bedbde1d06a4a5a01e1570ec8c7c0c954c4798586c1e010c4a3e45,gx-no-cache=1565197437829 HTTP/1.1" 200 29
190.171.143.82 - - [07/Aug/2019:14:09:08 -0300] "GET /cormun/static/menuarrow.gif HTTP/1.1" 404 1015
190.171.143.82 - - [07/Aug/2019:14:09:13 -0300] "GET /cormun/servlet/solicitudot?f7f4a3de49669001378483445b193218abbf11ea42e1ef4c5376c67ac1634ed1269fee1fb1a7468f2c671a70b9487b88,gx-no-cache=1565197442911 HTTP/1.1" 200 30
190.171.143.82 - - [07/Aug/2019:14:09:31 -0300] "POST /cormun/servlet/solicitudot?gx-no-cache=1565197457414 HTTP/1.1" 200 30
190.171.143.82 - - [07/Aug/2019:14:09:31 -0300] "POST /cormun/servlet/solicitudot?b82174f7962d8993aecb3ff67fd00a33,INS,0,0,,gx-no-cache=1565197460514 HTTP/1.1" 200 93
190.171.143.82 - - [07/Aug/2019:14:09:32 -0300] "GET /cormun/servlet/hpexe_return? HTTP/1.1" 200 1011
190.171.143.82 - - [07/Aug/2019:14:09:32 -0300] "GET /cormun/static/gxcfg.js?2016101716175148 HTTP/1.1" 200 953
190.171.143.82 - - [07/Aug/2019:14:09:32 -0300] "GET /cormun/static/hpexe_return.js?2016101716175153 HTTP/1.1" 200 1633
190.171.143.82 - - [07/Aug/2019:14:09:32 -0300] "GET /cormun/static/Resources/Spanish/PXTools.css?167811 HTTP/1.1" 200 89042
190.171.143.82 - - [07/Aug/2019:14:09:35 -0300] "GET /cormun/servlet/trsolicitudot HTTP/1.1" 200 8897
190.171.143.82 - - [07/Aug/2019:14:09:36 -0300] "GET /cormun//static/Resources/PXToolsActionView.png HTTP/1.1" 200 2995
190.171.143.82 - - [07/Aug/2019:14:09:36 -0300] "GET /cormun//static/Resources/PXToolsGridDelete.png HTTP/1.1" 200 357
190.171.143.82 - - [07/Aug/2019:14:09:36 -0300] "GET /cormun//static/Resources/PXToolsRemoveAllAction.png HTTP/1.1" 200 3558
190.171.143.82 - - [07/Aug/2019:14:09:36 -0300] "GET /cormun//static/Resources/PXTools/ActionInsert.png HTTP/1.1" 200 1482
190.171.143.82 - - [07/Aug/2019:14:09:36 -0300] "GET /cormun//static/Resources/PXToolsGridUpdate.png HTTP/1.1" 200 2984
190.171.143.82 - - [07/Aug/2019:14:09:36 -0300] "GET /cormun/servlet/trsolicitudot HTTP/1.1" 200 8893
186.103.158.250 - - [07/Aug/2019:14:09:50 -0300] "POST /cormun/servlet/trautorizarsolicitud?9ecac18057a5acd670f65a6165733b6a,,gx-no-cache=1565197476904 HTTP/1.1" 200 5863
186.103.158.250 - - [07/Aug/2019:14:10:02 -0300] "POST /cormun/servlet/trautorizarsolicitud?9ecac18057a5acd670f65a6165733b6a,,gx-no-cache=1565197488641 HTTP/1.1" 200 5863
186.103.158.250 - - [07/Aug/2019:14:10:05 -0300] "POST /cormun/servlet/trautorizarsolicitud?9ecac18057a5acd670f65a6165733b6a,,gx-no-cache=1565197491952 HTTP/1.1" 200 5864
190.171.143.82 - - [07/Aug/2019:14:10:09 -0300] "POST /cormun/servlet/trsolicitudot?b82174f7962d8993aecb3ff67fd00a33,gx-no-cache=1565197499013 HTTP/1.1" 200 107
190.171.143.82 - - [07/Aug/2019:14:10:09 -0300] "GET /cormun/servlet/trsolicitudadjuntos?2019,15902, HTTP/1.1" 200 6445
190.171.143.82 - - [07/Aug/2019:14:10:09 -0300] "GET /cormun/static/gxcfg.js?20177612135366 HTTP/1.1" 200 953
190.171.143.82 - - [07/Aug/2019:14:10:10 -0300] "GET /cormun/static/trsolicitudadjuntos.js?20177612135632 HTTP/1.1" 200 17922
190.171.143.82 - - [07/Aug/2019:14:10:11 -0300] "GET /cormun/servlet/trsolicitudadjuntos?2019,15902, HTTP/1.1" 200 6444
186.103.158.250 - - [07/Aug/2019:14:10:11 -0300] "POST /cormun/servlet/trautorizarsolicitud?9ecac18057a5acd670f65a6165733b6a,,gx-no-cache=1565197497625 HTTP/1.1" 200 5864
186.103.158.250 - - [07/Aug/2019:14:10:12 -0300] "GET /cormun/servlet/treventos?2019,15864, HTTP/1.1" 200 8247
186.103.158.250 - - [07/Aug/2019:14:10:13 -0300] "GET /cormun/static/gxcfg.js?2016101716195975 HTTP/1.1" 200 953
186.103.158.250 - - [07/Aug/2019:14:10:13 -0300] "GET /cormun/static/treventos.js?201610171620222 HTTP/1.1" 200 16064
186.103.158.250 - - [07/Aug/2019:14:10:14 -0300] "GET /cormun/servlet/treventos?2019,15864, HTTP/1.1" 200 8246
200.54.237.82 - - [07/Aug/2019:14:10:15 -0300] "POST /cormun/servlet/prfichaempleado?b9126c85a7ea98acf503bf4940ac4790,,MD,,gxPopupLevel%3D0%3B,gx-no-cache=1565197497936 HTTP/1.1" 200 3183
186.103.158.250 - - [07/Aug/2019:14:10:18 -0300] "GET /cormun/servlet/trsolicitudot? HTTP/1.1" 200 8895
186.103.158.250 - - [07/Aug/2019:14:10:19 -0300] "GET /cormun/servlet/trsolicitudot? HTTP/1.1" 200 8891
186.103.158.250 - - [07/Aug/2019:14:10:24 -0300] "POST /cormun/servlet/trsolicitudot?9ecac18057a5acd670f65a6165733b6a,,gx-no-cache=1565197511162 HTTP/1.1" 200 107
186.103.158.250 - - [07/Aug/2019:14:10:25 -0300] "GET /cormun/servlet/trsolicitudadjuntos?2019,15901, HTTP/1.1" 200 9911
186.103.158.250 - - [07/Aug/2019:14:10:27 -0300] "GET /cormun/servlet/trsolicitudadjuntos?2019,15901, HTTP/1.1" 200 9912
186.103.158.250 - - [07/Aug/2019:14:10:37 -0300] "GET /cormun/servlet/solicitudotadjuntos?INS,2019,15901,,1, HTTP/1.1" 200 6355
186.103.158.250 - - [07/Aug/2019:14:10:38 -0300] "GET /cormun/static/about:blank HTTP/1.1" 404 1011
186.103.158.250 - - [07/Aug/2019:14:10:39 -0300] "GET /cormun/servlet/solicitudotadjuntos?INS,2019,15901,,1, HTTP/1.1" 200 6348
186.103.158.250 - - [07/Aug/2019:14:10:39 -0300] "GET /cormun/servlet/solicitudotadjuntos?e5ac16b1e96a9781c34bb63ff481ef33abbba824419b5cbbce4933fb5052a864163a69825d565c20964b0f61bcb4e6d1,gx-no-cache=1565197525993 HTTP/1.1" 200 30
186.103.158.250 - - [07/Aug/2019:14:10:39 -0300] "POST /cormun/servlet/solicitudotadjuntos?9ecac18057a5acd670f65a6165733b6a,INS,2019,15901,,1,,gx-no-cache=1565197526054 HTTP/1.1" 200 4063
186.103.158.250 - - [07/Aug/2019:14:10:42 -0300] "GET /cormun/servlet/trsolicitudadjuntos?2019,15901, HTTP/1.1" 200 9913
186.103.158.250 - - [07/Aug/2019:14:10:44 -0300] "GET /cormun/servlet/trsolicitudadjuntos?2019,15901, HTTP/1.1" 200 9915
186.103.158.250 - - [07/Aug/2019:14:10:53 -0300] "GET /cormun/servlet/solicitudotadjuntos?DLT,2019,15901,CARNET,0, HTTP/1.1" 200 6320
200.54.237.82 - - [07/Aug/2019:14:10:53 -0300] "POST /cormun/servlet/solicitudot?gx-no-cache=1565197536188 HTTP/1.1" 200 3604
200.54.237.82 - - [07/Aug/2019:14:10:53 -0300] "POST /cormun/servlet/solicitudot?b9126c85a7ea98acf503bf4940ac4790,INS,0,0,,gx-no-cache=1565197536435 HTTP/1.1" 200 12100
186.103.158.250 - - [07/Aug/2019:14:10:53 -0300] "GET /cormun/PublicTempStorage/curriculum6584723.pdf HTTP/1.1" 200 266489
186.103.158.250 - - [07/Aug/2019:14:10:54 -0300] "GET /cormun/servlet/solicitudotadjuntos?DLT,2019,15901,CARNET,0, HTTP/1.1" 200 6313
186.103.158.250 - - [07/Aug/2019:14:11:02 -0300] "GET /cormun/servlet/trsolicitudot? HTTP/1.1" 200 8910
186.103.158.250 - - [07/Aug/2019:14:11:03 -0300] "GET /cormun/servlet/trsolicitudot? HTTP/1.1" 200 8891
186.103.158.250 - - [07/Aug/2019:14:11:08 -0300] "POST /cormun/servlet/trsolicitudot?9ecac18057a5acd670f65a6165733b6a,,gx-no-cache=1565197554593 HTTP/1.1" 200 107
186.103.158.250 - - [07/Aug/2019:14:11:08 -0300] "GET /cormun/servlet/trsolicitudadjuntos?2019,15901, HTTP/1.1" 200 9911
200.54.237.82 - - [07/Aug/2019:14:11:08 -0300] "GET /cormun/servlet/solicitudot?e646d78592f1c039ab6a4e91778de567b810e0996d2a02a92fd8cdf08a78cf5f92f2e92030f78dc37ddd82f40c6f1cb4,gx-no-cache=1565197552000 HTTP/1.1" 200 30
200.54.237.82 - - [07/Aug/2019:14:11:08 -0300] "GET /cormun/servlet/solicitudot?e646d78592f1c039ab6a4e91778de567b5188edaf709b3a0bc25e0fb83be621cff5d0b44e320c021f225ad5b683f330ac28d5c06b2a4a192e50c9afe94ac1a67,gx-no-cache=1565197552057 HTTP/1.1" 200 30
200.54.237.82 - - [07/Aug/2019:14:11:08 -0300] "GET /cormun/servlet/solicitudot?e646d78592f1c039ab6a4e91778de567f3185f2bb7bf7436cd71946b7f01eda5,gx-no-cache=1565197552088 HTTP/1.1" 200 60
200.54.237.82 - - [07/Aug/2019:14:11:08 -0300] "POST /cormun/servlet/solicitudot?gx-no-cache=1565197552122 HTTP/1.1" 200 255
200.54.237.82 - - [07/Aug/2019:14:11:08 -0300] "GET /cormun/servlet/solicitudot?e646d78592f1c039ab6a4e91778de567b004dd0b00a3c2a82aa6add9de4dfc9757d8c43e7b4903448d74096c3cf586e73a3ef806fa18f876458d692ec7af8b4a7a1c9bb8d71ea30f74b1f3adaac26f93402fa08a4bfef68d0b0a14d544ec5e3bc471359f934389dd3805d57af131f3495d733e87da5578529728f8fdf699bb70289d8c7b759e6925f57734cbb1ed7c968cd6a25c0fc45485e03577a7a1226748bee713a087993e2d8490a2fb1b74cf1782e5e9b2f7b92df9721e0d04aa890d65012ca4d35db030ba0787b63d0b2f18fcff5a005ff713749c5a04a1a0a4b25950edfa6fc69e3a50c2c2999bd5091c184bf7d57ff40d312743c2facc1d144b7457d4ff5fdaac9bc6a4594255e48d992e3d4f91f67e7af2752fcde58eedb170583b8439790f36feb161550506033ff9bc7c2df3fcda74dc696f556af7b1a24a120fe618dfe9948ccdcb9c61e0f019e0f58e895f6362c2028a31485643b79c115cc7a9c5342cfd158e2993af56344ae0601167db7e78096fb4d599b3bd728a81e1ec,gx-no-cache=1565197552159 HTTP/1.1" 200 30
186.103.158.250 - - [07/Aug/2019:14:11:10 -0300] "GET /cormun/servlet/trsolicitudadjuntos?2019,15901, HTTP/1.1" 200 9912
200.54.237.82 - - [07/Aug/2019:14:11:10 -0300] "POST /cormun/servlet/solicitudot?gx-no-cache=1565197553614 HTTP/1.1" 200 30
200.54.237.82 - - [07/Aug/2019:14:11:14 -0300] "POST /cormun/servlet/solicitudot?gx-no-cache=1565197557295 HTTP/1.1" 200 1361
200.54.237.82 - - [07/Aug/2019:14:11:14 -0300] "POST /cormun/servlet/solicitudot?gx-no-cache=1565197557361 HTTP/1.1" 200 38
200.54.237.82 - - [07/Aug/2019:14:11:14 -0300] "GET /cormun/servlet/solicitudot?e646d78592f1c039ab6a4e91778de567fcf4464c9b8099c90e2397f9f20e755018432e1e253761ffceea86c954646b9f000e243bd1f226a5fca16ab8e03d475f27cbead16fa4f9eeec609681c7897e7194aa8a85edd684d35601ec43f241557a4a30e0e9f2e4a65cb9ca00236626bbd4,gx-no-cache=1565197557392 HTTP/1.1" 200 110
186.103.158.250 - - [07/Aug/2019:14:11:18 -0300] "GET /cormun/servlet/solicitudotadjuntos?DLT,2019,15901,CARNET,0, HTTP/1.1" 200 6319
186.103.158.250 - - [07/Aug/2019:14:11:19 -0300] "GET /cormun/PublicTempStorage/curriculum1570595.pdf HTTP/1.1" 200 266489
186.103.158.250 - - [07/Aug/2019:14:11:19 -0300] "GET /cormun/servlet/solicitudotadjuntos?DLT,2019,15901,CARNET,0, HTTP/1.1" 200 6313
200.54.237.82 - - [07/Aug/2019:14:11:21 -0300] "POST /cormun/servlet/solicitudot?gx-no-cache=1565197565089 HTTP/1.1" 200 110
200.54.237.82 - - [07/Aug/2019:14:11:32 -0300] "GET /cormun/servlet/solicitudot?e646d78592f1c039ab6a4e91778de5675c4bdbb449a48c639af8511040608e7533b106b15255388b430d936cbad79d978140affe8061cc38b68f46aeef4f69e6bdc8c78272bbd01ec3a3cfa162cb58bc29aad95b5e8aa9d15820c04350f68576920227f917f77d542f8b97e300cfddde61656c4b7abd56fb0c2a3038a50bd4abef98d96672dc43bc7a8b7e6ab4efe93efec1e7d358b2133f9e864e83aaee266b,gx-no-cache=1565197575928 HTTP/1.1" 200 29
200.54.237.82 - - [07/Aug/2019:14:11:32 -0300] "GET /cormun/static/menuarrow.gif HTTP/1.1" 404 1015
186.103.158.250 - - [07/Aug/2019:14:11:42 -0300] "POST /cormun/servlet/solicitudotadjuntos?9ecac18057a5acd670f65a6165733b6a,DLT,2019,15901,CARNET,0,,gx-no-cache=1565197589157 HTTP/1.1" 200 93
186.103.158.250 - - [07/Aug/2019:14:11:43 -0300] "GET /cormun/servlet/hpexe_return? HTTP/1.1" 200 1029
186.103.158.250 - - [07/Aug/2019:14:11:43 -0300] "GET /cormun/servlet/trsolicitudadjuntos?2019,15901, HTTP/1.1" 200 9661
186.103.158.250 - - [07/Aug/2019:14:11:44 -0300] "GET /cormun/servlet/trsolicitudadjuntos?2019,15901, HTTP/1.1" 200 9659
186.103.158.250 - - [07/Aug/2019:14:11:50 -0300] "GET /cormun/servlet/solicitudotadjuntos?INS,2019,15901,,1, HTTP/1.1" 200 6354
186.103.158.250 - - [07/Aug/2019:14:11:51 -0300] "GET /cormun/static/about:blank HTTP/1.1" 404 1011
186.103.158.250 - - [07/Aug/2019:14:11:52 -0300] "GET /cormun/servlet/solicitudotadjuntos?INS,2019,15901,,1, HTTP/1.1" 200 6347
186.103.158.250 - - [07/Aug/2019:14:11:52 -0300] "GET /cormun/servlet/solicitudotadjuntos?e5ac16b1e96a9781c34bb63ff481ef33abbba824419b5cbbce4933fb5052a864163a69825d565c20964b0f61bcb4e6d1,gx-no-cache=1565197598965 HTTP/1.1" 200 30
186.103.158.250 - - [07/Aug/2019:14:11:52 -0300] "POST /cormun/servlet/solicitudotadjuntos?9ecac18057a5acd670f65a6165733b6a,INS,2019,15901,,1,,gx-no-cache=1565197599018 HTTP/1.1" 200 4063
186.103.158.250 - - [07/Aug/2019:14:11:54 -0300] "POST /cormun/servlet/solicitudotadjuntos?gx-no-cache=1565197600719 HTTP/1.1" 200 26
200.54.237.82 - - [07/Aug/2019:14:11:58 -0300] "GET /cormun/servlet/solicitudot?e646d78592f1c039ab6a4e91778de567f81b0e3ffbb2e9566d2f4edeaf801ed80ee76f071e5bf6e474852c0b3c203554,gx-no-cache=1565197601990 HTTP/1.1" 200 30
186.103.158.250 - - [07/Aug/2019:14:12:11 -0300] "POST /cormun/servlet/solicitudotadjuntos?gx-no-cache=1565197618267 HTTP/1.1" 200 26
186.103.158.250 - - [07/Aug/2019:14:12:14 -0300] "GET /cormun/servlet/solicitudotadjuntos?e5ac16b1e96a9781c34bb63ff481ef339544d06c4274113ed5db4186c77a6043,gx-no-cache=1565197620587 HTTP/1.1" 200 30
186.103.158.250 - - [07/Aug/2019:14:12:14 -0300] "GET /cormun/servlet/solicitudotadjuntos?e5ac16b1e96a9781c34bb63ff481ef339544d06c4274113ed5db4186c77a6043,gx-no-cache=1565197620618 HTTP/1.1" 200 30
186.103.158.250 - - [07/Aug/2019:14:12:14 -0300] "POST /cormun/servlet/solicitudotadjuntos?9ecac18057a5acd670f65a6165733b6a,INS,2019,15901,,1, HTTP/1.1" 200 116
186.103.158.250 - - [07/Aug/2019:14:12:14 -0300] "GET /cormun/servlet/hpexe_return? HTTP/1.1" 200 1023
186.103.158.250 - - [07/Aug/2019:14:12:15 -0300] "GET /cormun/servlet/trsolicitudadjuntos?2019,15901, HTTP/1.1" 200 9922
186.103.158.250 - - [07/Aug/2019:14:12:16 -0300] "GET /cormun/servlet/trsolicitudadjuntos?2019,15901, HTTP/1.1" 200 9919
186.103.158.250 - - [07/Aug/2019:14:12:26 -0300] "GET /cormun/servlet/solicitudotadjuntos?INS,2019,15901,,1, HTTP/1.1" 200 6354
186.103.158.250 - - [07/Aug/2019:14:12:27 -0300] "GET /cormun/static/about:blank HTTP/1.1" 404 1011
186.103.158.250 - - [07/Aug/2019:14:12:28 -0300] "GET /cormun/servlet/solicitudotadjuntos?INS,2019,15901,,1, HTTP/1.1" 200 6347
186.103.158.250 - - [07/Aug/2019:14:12:28 -0300] "GET /cormun/servlet/solicitudotadjuntos?e5ac16b1e96a9781c34bb63ff481ef33abbba824419b5cbbce4933fb5052a864163a69825d565c20964b0f61bcb4e6d1,gx-no-cache=1565197634892 HTTP/1.1" 200 30
186.103.158.250 - - [07/Aug/2019:14:12:28 -0300] "POST /cormun/servlet/solicitudotadjuntos?9ecac18057a5acd670f65a6165733b6a,INS,2019,15901,,1,,gx-no-cache=1565197634940 HTTP/1.1" 200 4063
186.103.158.250 - - [07/Aug/2019:14:12:36 -0300] "POST /cormun/servlet/solicitudotadjuntos?gx-no-cache=1565197642458 HTTP/1.1" 200 26
200.54.237.82 - - [07/Aug/2019:14:13:20 -0300] "POST /cormun/servlet/solicitudot?gx-no-cache=1565197683583 HTTP/1.1" 200 30
200.54.237.82 - - [07/Aug/2019:14:14:37 -0300] "GET /cormun/servlet/solicitudot?e646d78592f1c039ab6a4e91778de567f81b0e3ffbb2e9566d2f4edeaf801ed8aec7d2ab52271891ffc83edc074aa6f8,gx-no-cache=1565197760389 HTTP/1.1" 200 30
200.54.237.82 - - [07/Aug/2019:14:15:00 -0300] "POST /cormun/servlet/solicitudot?gx-no-cache=1565197783321 HTTP/1.1" 200 30
200.54.237.82 - - [07/Aug/2019:14:15:00 -0300] "POST /cormun/servlet/solicitudot?b9126c85a7ea98acf503bf4940ac4790,INS,0,0,,gx-no-cache=1565197783399 HTTP/1.1" 200 93
200.54.237.82 - - [07/Aug/2019:14:15:00 -0300] "GET /cormun/servlet/hpexe_return? HTTP/1.1" 200 1003
200.54.237.82 - - [07/Aug/2019:14:15:00 -0300] "GET /cormun/static/gxcfg.js?2016101716175148 HTTP/1.1" 200 953
200.54.237.82 - - [07/Aug/2019:14:15:00 -0300] "GET /cormun/static/hpexe_return.js?2016101716175153 HTTP/1.1" 200 1633
200.54.237.82 - - [07/Aug/2019:14:15:00 -0300] "GET /cormun/static/Resources/Spanish/PXTools.css?167811 HTTP/1.1" 200 89042
200.54.237.82 - - [07/Aug/2019:14:15:01 -0300] "GET /cormun/servlet/trsolicitudot HTTP/1.1" 200 8914
200.54.237.82 - - [07/Aug/2019:14:15:01 -0300] "GET /cormun//static/Resources/PXToolsActionView.png HTTP/1.1" 200 2995
200.54.237.82 - - [07/Aug/2019:14:15:01 -0300] "GET /cormun//static/Resources/PXToolsGridUpdate.png HTTP/1.1" 200 2984
200.54.237.82 - - [07/Aug/2019:14:15:01 -0300] "GET /cormun//static/Resources/PXTools/ActionInsert.png HTTP/1.1" 200 1482
200.54.237.82 - - [07/Aug/2019:14:15:01 -0300] "GET /cormun//static/Resources/PXToolsRemoveAllAction.png HTTP/1.1" 200 3558
200.54.237.82 - - [07/Aug/2019:14:15:01 -0300] "GET /cormun//static/Resources/PXToolsGridDelete.png HTTP/1.1" 200 357
200.54.237.82 - - [07/Aug/2019:14:15:01 -0300] "GET /cormun/servlet/trsolicitudot HTTP/1.1" 200 8910
186.103.158.250 - - [07/Aug/2019:14:15:12 -0300] "GET /cormun/servlet/solicitudotadjuntos?e5ac16b1e96a9781c34bb63ff481ef339544d06c4274113ed5db4186c77a6043,gx-no-cache=1565197798539 HTTP/1.1" 200 30
186.103.158.250 - - [07/Aug/2019:14:15:12 -0300] "GET /cormun/servlet/solicitudotadjuntos?e5ac16b1e96a9781c34bb63ff481ef339544d06c4274113ed5db4186c77a6043,gx-no-cache=1565197798648 HTTP/1.1" 200 30
186.103.158.250 - - [07/Aug/2019:14:15:13 -0300] "POST /cormun/servlet/solicitudotadjuntos?9ecac18057a5acd670f65a6165733b6a,INS,2019,15901,,1, HTTP/1.1" 200 116
186.103.158.250 - - [07/Aug/2019:14:15:13 -0300] "GET /cormun/servlet/hpexe_return? HTTP/1.1" 200 1023
186.103.158.250 - - [07/Aug/2019:14:15:13 -0300] "GET /cormun/servlet/trsolicitudadjuntos?2019,15901, HTTP/1.1" 200 10167
186.103.158.250 - - [07/Aug/2019:14:15:15 -0300] "GET /cormun/servlet/trsolicitudadjuntos?2019,15901, HTTP/1.1" 200 10164
186.103.158.250 - - [07/Aug/2019:14:15:22 -0300] "GET /cormun/servlet/trsolicitudot? HTTP/1.1" 200 8897
186.103.158.250 - - [07/Aug/2019:14:15:23 -0300] "GET /cormun/servlet/trsolicitudot? HTTP/1.1" 200 8891
186.103.158.250 - - [07/Aug/2019:14:15:27 -0300] "POST /cormun/servlet/trsolicitudot?9ecac18057a5acd670f65a6165733b6a,,gx-no-cache=1565197813263 HTTP/1.1" 200 5919
186.103.158.250 - - [07/Aug/2019:14:15:30 -0300] "POST /cormun/servlet/trsolicitudot?9ecac18057a5acd670f65a6165733b6a,,gx-no-cache=1565197816297 HTTP/1.1" 200 107
186.103.158.250 - - [07/Aug/2019:14:15:30 -0300] "GET /cormun/servlet/trsolicitudadjuntos?2019,15901, HTTP/1.1" 200 10163
186.103.158.250 - - [07/Aug/2019:14:15:32 -0300] "GET /cormun/servlet/trsolicitudadjuntos?2019,15901, HTTP/1.1" 200 10164
186.103.158.250 - - [07/Aug/2019:14:15:42 -0300] "GET /cormun/servlet/trautorizarsolicitud? HTTP/1.1" 200 8794
186.103.158.250 - - [07/Aug/2019:14:15:43 -0300] "GET /cormun/servlet/trautorizarsolicitud? HTTP/1.1" 200 8784
190.171.152.114 - - [07/Aug/2019:14:15:55 -0300] "GET /cormun/servlet/hlogin HTTP/1.1" 200 1724
190.171.152.114 - - [07/Aug/2019:14:15:55 -0300] "GET /cormun/static/gxtimezone.js?85251 HTTP/1.1" 200 5781
190.171.152.114 - - [07/Aug/2019:14:15:55 -0300] "GET /cormun/static/gxcfg.js?20177612122725 HTTP/1.1" 200 953
190.171.152.114 - - [07/Aug/2019:14:15:55 -0300] "GET /cormun/static/messages.spa.js?85251 HTTP/1.1" 200 30736
190.171.152.114 - - [07/Aug/2019:14:15:55 -0300] "GET /cormun/static/Resources/ComunLogin.png HTTP/1.1" 200 17326
190.171.152.114 - - [07/Aug/2019:14:15:55 -0300] "GET /cormun/static/Resources/Spanish/PXTools.css?1155365 HTTP/1.1" 200 89042
190.171.152.114 - - [07/Aug/2019:14:15:55 -0300] "GET /cormun/static/hlogin.js?20177612122738 HTTP/1.1" 200 2136
190.171.152.114 - - [07/Aug/2019:14:15:55 -0300] "GET /cormun/static/gxgral.js?85251 HTTP/1.1" 200 384558
190.171.152.114 - - [07/Aug/2019:14:15:55 -0300] "GET /cormun/static/Resources/PXToolsLoginTop.png HTTP/1.1" 200 1337
190.171.152.114 - - [07/Aug/2019:14:15:55 -0300] "GET /cormun/static/Resources/PXToolsButtonLeft21.png HTTP/1.1" 200 1287
190.171.152.114 - - [07/Aug/2019:14:15:55 -0300] "GET /cormun/static/Resources/PXToolsLoginBackground.png HTTP/1.1" 200 1164
190.171.152.114 - - [07/Aug/2019:14:15:55 -0300] "GET /cormun/static/Resources/PXToolsLoginBottom.png HTTP/1.1" 200 1389
190.171.152.114 - - [07/Aug/2019:14:15:55 -0300] "GET /cormun/static/Resources/PXToolsButtonBackground2.png HTTP/1.1" 200 1181
190.171.152.114 - - [07/Aug/2019:14:15:55 -0300] "GET /cormun/static/Resources/PXToolsButtonRight21.png HTTP/1.1" 200 1283
190.171.152.114 - - [07/Aug/2019:14:15:55 -0300] "GET /cormun/static/Resources/indicator.gif HTTP/1.1" 200 1553
190.171.152.114 - - [07/Aug/2019:14:15:55 -0300] "GET /cormun/servlet/hlogin HTTP/1.1" 200 1729
186.103.158.250 - - [07/Aug/2019:14:15:57 -0300] "POST /cormun/servlet/trautorizarsolicitud?9ecac18057a5acd670f65a6165733b6a,,gx-no-cache=1565197843601 HTTP/1.1" 200 4699
186.103.158.250 - - [07/Aug/2019:14:15:57 -0300] "POST /cormun/servlet/trautorizarsolicitud?9ecac18057a5acd670f65a6165733b6a,,gx-no-cache=1565197843978 HTTP/1.1" 200 4464
186.103.158.250 - - [07/Aug/2019:14:16:02 -0300] "GET /cormun/servlet/trautorizarsolicitud? HTTP/1.1" 200 7414
186.103.158.250 - - [07/Aug/2019:14:16:03 -0300] "GET /cormun/servlet/trautorizarsolicitud? HTTP/1.1" 200 7414
186.103.158.250 - - [07/Aug/2019:14:16:09 -0300] "GET /cormun/servlet/trautorizarsolicitud? HTTP/1.1" 200 7414
186.103.158.250 - - [07/Aug/2019:14:16:10 -0300] "GET /cormun/servlet/trautorizarsolicitud? HTTP/1.1" 200 7414
186.103.158.250 - - [07/Aug/2019:14:16:12 -0300] "GET /cormun/servlet/trsolicitudot? HTTP/1.1" 200 8892
186.103.158.250 - - [07/Aug/2019:14:16:14 -0300] "GET /cormun/servlet/trsolicitudot? HTTP/1.1" 200 8891
190.171.152.114 - - [07/Aug/2019:14:16:16 -0300] "POST /cormun/servlet/hlogin?3def4baa91c540a5affe038902511dad,gx-no-cache=1565197866919 HTTP/1.1" 200 90
190.171.152.114 - - [07/Aug/2019:14:16:17 -0300] "GET /cormun/servlet/hpexe_link HTTP/1.1" 200 948
190.171.152.114 - - [07/Aug/2019:14:16:17 -0300] "GET /cormun/static/gxcfg.js?20177612121792 HTTP/1.1" 200 953
190.171.152.114 - - [07/Aug/2019:14:16:17 -0300] "GET /cormun/static/hpexe_link.js?20177612121795 HTTP/1.1" 200 625
190.171.152.114 - - [07/Aug/2019:14:16:17 -0300] "GET /cormun/servlet/hhome HTTP/1.1" 200 4269
190.171.152.114 - - [07/Aug/2019:14:16:17 -0300] "GET /cormun/static/SmoothNavMenu/resources/ddsmoothmenu.css?1012540 HTTP/1.1" 200 2223
190.171.152.114 - - [07/Aug/2019:14:16:17 -0300] "GET /cormun/static/Shared/jqueryui/jquery-ui.min.css?1245370 HTTP/1.1" 200 30288
190.171.152.114 - - [07/Aug/2019:14:16:17 -0300] "GET /cormun/static/SmoothNavMenu/resources/ddsmoothmenu-v.css?1012540 HTTP/1.1" 200 1188
190.171.152.114 - - [07/Aug/2019:14:16:17 -0300] "GET /cormun/static/scaMessage/css/jquery.pnotify.default.css?1716380 HTTP/1.1" 200 1707
190.171.152.114 - - [07/Aug/2019:14:16:17 -0300] "GET /cormun/static/gxcfg.js?20175251212442 HTTP/1.1" 200 953
190.171.152.114 - - [07/Aug/2019:14:16:17 -0300] "GET /cormun/static/Resources/Spanish/PXTools.css?11423723 HTTP/1.1" 200 89042
190.171.152.114 - - [07/Aug/2019:14:16:17 -0300] "GET /cormun/static/PXToolsJavascripts/pexe_autoreload.js HTTP/1.1" 200 1762
190.171.152.114 - - [07/Aug/2019:14:16:17 -0300] "GET /cormun/static/PXToolsJavascripts/pexe_cookies.js HTTP/1.1" 200 792
190.171.152.114 - - [07/Aug/2019:14:16:17 -0300] "GET /cormun/static/PXToolsJavascripts/pexe_windows.js HTTP/1.1" 200 15207
190.171.152.114 - - [07/Aug/2019:14:16:17 -0300] "GET /cormun/static/PXToolsJavascripts/pexe_grid.js HTTP/1.1" 200 7559
190.171.152.114 - - [07/Aug/2019:14:16:17 -0300] "GET /cormun/static/PXToolsJavascripts/pexe_griddivfix.js HTTP/1.1" 200 6644
190.171.152.114 - - [07/Aug/2019:14:16:17 -0300] "GET /cormun/static/PXToolsJavascripts/pexe_link.js HTTP/1.1" 200 5671
190.171.152.114 - - [07/Aug/2019:14:16:17 -0300] "GET /cormun/static/PXToolsJavascripts/pexe_menudivfix.js HTTP/1.1" 200 333
190.171.152.114 - - [07/Aug/2019:14:16:17 -0300] "GET /cormun/static/PXToolsJavascripts/pexe_menus.js HTTP/1.1" 200 1286
190.171.152.114 - - [07/Aug/2019:14:16:17 -0300] "GET /cormun/static/PXToolsJavascripts/pexe_layers.js HTTP/1.1" 200 4114
190.171.152.114 - - [07/Aug/2019:14:16:17 -0300] "GET /cormun/static/PXToolsJavascripts/pexe_oav.js HTTP/1.1" 200 645
190.171.152.114 - - [07/Aug/2019:14:16:17 -0300] "GET /cormun/static/PXToolsJavascripts/pexe_oavdivfix.js HTTP/1.1" 200 639
190.171.152.114 - - [07/Aug/2019:14:16:17 -0300] "GET /cormun/static/PXToolsJavascripts/pexe_picture.js HTTP/1.1" 200 689
190.171.152.114 - - [07/Aug/2019:14:16:17 -0300] "GET /cormun/static/PXToolsJavascripts/pexe_popup.js HTTP/1.1" 200 13458
190.171.152.114 - - [07/Aug/2019:14:16:17 -0300] "GET /cormun/static/PXToolsJavascripts/pexe_scrolldiv.js HTTP/1.1" 200 4138
190.171.152.114 - - [07/Aug/2019:14:16:17 -0300] "GET /cormun/static/PXToolsJavascripts/pexe_tabdivfix.js HTTP/1.1" 200 876
190.171.152.114 - - [07/Aug/2019:14:16:17 -0300] "GET /cormun/static/PXToolsJavascripts/pexe_upload.js HTTP/1.1" 200 1423
190.171.152.114 - - [07/Aug/2019:14:16:17 -0300] "GET /cormun/static/PXToolsJavascripts/pexe_tabs.js HTTP/1.1" 200 3748
190.171.152.114 - - [07/Aug/2019:14:16:17 -0300] "GET /cormun/static/PXToolsJavascripts/PXToolsJavascriptsRender.js HTTP/1.1" 200 367
200.54.237.82 - - [07/Aug/2019:14:16:17 -0300] "POST /cormun/servlet/trsolicitudot?b9126c85a7ea98acf503bf4940ac4790,gx-no-cache=1565197860401 HTTP/1.1" 200 107
190.171.152.114 - - [07/Aug/2019:14:16:17 -0300] "GET /cormun/static/Resources/logo4.png HTTP/1.1" 200 6582
190.171.152.114 - - [07/Aug/2019:14:16:17 -0300] "GET /cormun/static/Resources/PXToolsHeaderActionsLeft.png HTTP/1.1" 200 1118
190.171.152.114 - - [07/Aug/2019:14:16:17 -0300] "GET /cormun/static/RunJS/RunJS.js HTTP/1.1" 200 288
200.54.237.82 - - [07/Aug/2019:14:16:17 -0300] "GET /cormun/servlet/trsolicitudadjuntos?2019,15903, HTTP/1.1" 200 6421
190.171.152.114 - - [07/Aug/2019:14:16:17 -0300] "GET /cormun/static/hhome.js?20175251212450 HTTP/1.1" 200 777
190.171.152.114 - - [07/Aug/2019:14:16:17 -0300] "GET /cormun/static/Shared/ext/locale/ext-lang-en.js HTTP/1.1" 200 10940
190.171.152.114 - - [07/Aug/2019:14:16:17 -0300] "GET /cormun/static/hwchdr01.js?201752511465785 HTTP/1.1" 200 1183
190.171.152.114 - - [07/Aug/2019:14:16:17 -0300] "GET /cormun/static/Resources/PXToolsHeaderActionsRight.png HTTP/1.1" 200 1201
190.171.152.114 - - [07/Aug/2019:14:16:17 -0300] "GET /cormun/static/Resources/PXToolsHeaderActionsBackground.png HTTP/1.1" 200 484
190.171.152.114 - - [07/Aug/2019:14:16:17 -0300] "GET /cormun/static/Resources/PXToolsHeaderBackground2.png HTTP/1.1" 200 1174
200.54.237.82 - - [07/Aug/2019:14:16:17 -0300] "GET /cormun/static/gxcfg.js?20177612135366 HTTP/1.1" 200 953
190.171.152.114 - - [07/Aug/2019:14:16:17 -0300] "GET /cormun/static/Resources/PXToolsHeaderSecurity.png HTTP/1.1" 200 4166
190.171.152.114 - - [07/Aug/2019:14:16:17 -0300] "GET /cormun/static/Resources/PXToolsHeaderPreferences.png HTTP/1.1" 200 4189
190.171.152.114 - - [07/Aug/2019:14:16:17 -0300] "GET /cormun/static/gxui/gxui-all.js HTTP/1.1" 200 107772
190.171.152.114 - - [07/Aug/2019:14:16:17 -0300] "GET /cormun/static/Resources/PXToolsFooterBackground2.png HTTP/1.1" 200 1172
190.171.152.114 - - [07/Aug/2019:14:16:17 -0300] "GET /cormun/static/Resources/PXToolsDataTitle.png HTTP/1.1" 200 1173
190.171.152.114 - - [07/Aug/2019:14:16:17 -0300] "GET /cormun/static/Resources/PXToolsHeaderHome.png HTTP/1.1" 200 4147
200.54.237.82 - - [07/Aug/2019:14:16:17 -0300] "GET /cormun/static/trsolicitudadjuntos.js?20177612135632 HTTP/1.1" 200 17922
190.171.152.114 - - [07/Aug/2019:14:16:17 -0300] "GET /cormun/static/Resources/PXToolsHeaderLogin.png HTTP/1.1" 200 4279
190.171.152.114 - - [07/Aug/2019:14:16:17 -0300] "GET /cormun/static/hpexe_recentlink.js?20177611595044 HTTP/1.1" 200 2144
190.171.152.114 - - [07/Aug/2019:14:16:17 -0300] "GET /cormun/static/hpexe_scripts.js?201752511465715 HTTP/1.1" 200 1544
190.171.152.114 - - [07/Aug/2019:14:16:17 -0300] "GET /cormun/static/hpexe_messagecontroller.js?20177611595012 HTTP/1.1" 200 870
190.171.152.114 - - [07/Aug/2019:14:16:17 -0300] "GET /cormun/static/hpexe_messagepopupcomponent.js?20161017169425 HTTP/1.1" 200 605
190.171.152.114 - - [07/Aug/2019:14:16:17 -0300] "GET /cormun/static/hpexe_messagegenexuscomponent.js?201752511465344 HTTP/1.1" 200 587
190.171.152.114 - - [07/Aug/2019:14:16:17 -0300] "GET /cormun/static/cmcontrolpreferences.js?201752511465670 HTTP/1.1" 200 1375
190.171.152.114 - - [07/Aug/2019:14:16:17 -0300] "GET /cormun/static/SmoothNavMenu/resources/ddsmoothmenu.js HTTP/1.1" 200 12712
190.171.152.114 - - [07/Aug/2019:14:16:17 -0300] "GET /cormun/static/Shared/jquery/jquery-1.4.2.min.js HTTP/1.1" 200 72174
190.171.152.114 - - [07/Aug/2019:14:16:17 -0300] "GET /cormun/static/SmoothNavMenu/resources/SmoothNavMenuRender.js HTTP/1.1" 200 5951
190.171.152.114 - - [07/Aug/2019:14:16:17 -0300] "GET /cormun/static/scaMessage/js/jquery.pnotify.min.js HTTP/1.1" 200 13038
200.54.237.82 - - [07/Aug/2019:14:16:17 -0300] "GET /cormun/servlet/trsolicitudadjuntos?2019,15903, HTTP/1.1" 200 6420
190.171.152.114 - - [07/Aug/2019:14:16:18 -0300] "GET /cormun/static/Shared/jqueryui/jquery-ui.min.js HTTP/1.1" 200 240427
190.171.152.114 - - [07/Aug/2019:14:16:18 -0300] "GET /cormun/static/scaMessage/scaMessageRender.js HTTP/1.1" 200 11977
190.171.152.114 - - [07/Aug/2019:14:16:18 -0300] "GET /cormun/static/hmpwkw03.js?20189613443875 HTTP/1.1" 200 3965
190.171.152.114 - - [07/Aug/2019:14:16:18 -0300] "GET /cormun/static/Shared/jquery/jquery-1.10.2.min.js HTTP/1.1" 200 273199
190.171.152.114 - - [07/Aug/2019:14:16:18 -0300] "GET /cormun/static/Shared/ext/ext-all.js HTTP/1.1" 200 1289687
190.171.152.114 - - [07/Aug/2019:14:16:19 -0300] "GET /cormun/servlet/hhome HTTP/1.1" 200 4265
190.171.152.114 - - [07/Aug/2019:14:16:19 -0300] "GET /cormun/static/SmoothNavMenu/resources/images/right.gif HTTP/1.1" 200 860
190.171.152.114 - - [07/Aug/2019:14:16:19 -0300] "GET /cormun/static/SmoothNavMenu/resources/images/down.gif HTTP/1.1" 200 854
200.54.237.82 - - [07/Aug/2019:14:16:19 -0300] "GET /cormun/servlet/solicitudotadjuntos?INS,2019,15903,,1, HTTP/1.1" 200 6368
200.54.237.82 - - [07/Aug/2019:14:16:19 -0300] "GET /cormun/static/gxcfg.js?2017761244068 HTTP/1.1" 200 953
200.54.237.82 - - [07/Aug/2019:14:16:19 -0300] "GET /cormun/static/solicitudotadjuntos.js?2017761244086 HTTP/1.1" 200 11771
200.54.237.82 - - [07/Aug/2019:14:16:19 -0300] "GET /cormun/static/about:blank HTTP/1.1" 404 1011
200.54.237.82 - - [07/Aug/2019:14:16:19 -0300] "GET /cormun/servlet/solicitudotadjuntos?INS,2019,15903,,1, HTTP/1.1" 200 6361
200.54.237.82 - - [07/Aug/2019:14:16:20 -0300] "GET /cormun/servlet/solicitudotadjuntos?e646d78592f1c039ab6a4e91778de567a3a3f0321fdb7154285bcbaa12d64cd00a1e8f7ae07ce5fae08ca10e2f8adb74,gx-no-cache=1565197863571 HTTP/1.1" 200 30
200.54.237.82 - - [07/Aug/2019:14:16:20 -0300] "POST /cormun/servlet/solicitudotadjuntos?b9126c85a7ea98acf503bf4940ac4790,INS,2019,15903,,1,,gx-no-cache=1565197863627 HTTP/1.1" 200 4098
186.103.158.250 - - [07/Aug/2019:14:16:30 -0300] "POST /cormun/servlet/trsolicitudot?9ecac18057a5acd670f65a6165733b6a,,gx-no-cache=1565197876728 HTTP/1.1" 200 4763
186.103.158.250 - - [07/Aug/2019:14:16:31 -0300] "POST /cormun/servlet/trsolicitudot?9ecac18057a5acd670f65a6165733b6a,,gx-no-cache=1565197877241 HTTP/1.1" 200 4531
186.103.158.250 - - [07/Aug/2019:14:16:35 -0300] "GET /cormun/servlet/trsolicitudot? HTTP/1.1" 200 7525
190.171.152.114 - - [07/Aug/2019:14:16:35 -0300] "GET /cormun/servlet/trpermisosgoce? HTTP/1.1" 200 9384
190.171.152.114 - - [07/Aug/2019:14:16:35 -0300] "GET /cormun/static/gxui/gxui-all.css?110300 HTTP/1.1" 200 2179
190.171.152.114 - - [07/Aug/2019:14:16:35 -0300] "GET /cormun/static/calendar-system.css?75620 HTTP/1.1" 200 5572
190.171.152.114 - - [07/Aug/2019:14:16:35 -0300] "GET /cormun/static/gxcfg.js?20177612163875 HTTP/1.1" 200 953
190.171.152.114 - - [07/Aug/2019:14:16:35 -0300] "GET /cormun/static/calendar.js?85251 HTTP/1.1" 200 26246
190.171.152.114 - - [07/Aug/2019:14:16:35 -0300] "GET /cormun/static/calendar-setup.js?85251 HTTP/1.1" 200 2588
190.171.152.114 - - [07/Aug/2019:14:16:35 -0300] "GET /cormun/static/calendar-es.js?85251 HTTP/1.1" 200 1901
190.171.152.114 - - [07/Aug/2019:14:16:35 -0300] "GET /cormun/static/Resources/PXTools/calendar.png HTTP/1.1" 200 1306
190.171.152.114 - - [07/Aug/2019:14:16:35 -0300] "GET /cormun/static/Resources/PXToolsDataSearch.png HTTP/1.1" 200 419
190.171.152.114 - - [07/Aug/2019:14:16:35 -0300] "GET /cormun/static/gxdec.js?85251 HTTP/1.1" 200 19579
190.171.152.114 - - [07/Aug/2019:14:16:35 -0300] "GET /cormun/static/trpermisosgoce.js?20177612164335 HTTP/1.1" 200 35904
190.171.152.114 - - [07/Aug/2019:14:16:35 -0300] "GET /cormun/static/Resources/PXToolsGridFirstDisabled.gif HTTP/1.1" 200 100
190.171.152.114 - - [07/Aug/2019:14:16:35 -0300] "GET /cormun/static/Shared/ext/resources/css/ext-all.css?205870 HTTP/1.1" 200 416045
190.171.152.114 - - [07/Aug/2019:14:16:36 -0300] "GET /cormun/static/Resources/PXToolsGridPreviousDisabled.gif HTTP/1.1" 200 90
190.171.152.114 - - [07/Aug/2019:14:16:36 -0300] "GET /cormun/static/Resources/PXToolsGridNextDisabled.gif HTTP/1.1" 200 90
190.171.152.114 - - [07/Aug/2019:14:16:36 -0300] "GET /cormun/static/Resources/PXToolsGridLastDisabled.gif HTTP/1.1" 200 98
190.171.152.114 - - [07/Aug/2019:14:16:36 -0300] "GET /cormun/static/Resources/PXToolsGridPage.gif HTTP/1.1" 200 725
190.171.152.114 - - [07/Aug/2019:14:16:36 -0300] "GET /cormun/static/Resources/PXToolsActionExcel.png HTTP/1.1" 200 3187
190.171.152.114 - - [07/Aug/2019:14:16:36 -0300] "GET /cormun/static/Resources/PXToolsGridNew.png HTTP/1.1" 200 2949
186.103.158.250 - - [07/Aug/2019:14:16:36 -0300] "GET /cormun/servlet/trsolicitudot? HTTP/1.1" 200 7525
190.171.152.114 - - [07/Aug/2019:14:16:37 -0300] "GET /cormun/static/Resources/asc.gif HTTP/1.1" 200 67
190.171.152.114 - - [07/Aug/2019:14:16:37 -0300] "GET /cormun/static/Resources/desc.gif HTTP/1.1" 200 65
190.171.152.114 - - [07/Aug/2019:14:16:37 -0300] "GET /cormun//static/Resources/PXToolsGridDisplay.png HTTP/1.1" 200 362
190.171.152.114 - - [07/Aug/2019:14:16:37 -0300] "GET /cormun//static/Resources/PXToolsActionDisabled.gif HTTP/1.1" 200 53
190.171.152.114 - - [07/Aug/2019:14:16:37 -0300] "GET /cormun//static/Resources/PXTools/ActionInsert.png HTTP/1.1" 200 1482
190.171.152.114 - - [07/Aug/2019:14:16:37 -0300] "GET /cormun//static/Resources/PXToolsGridDelete.png HTTP/1.1" 200 357
190.171.152.114 - - [07/Aug/2019:14:16:37 -0300] "GET /cormun//static/Resources/PXToolsGridUpdate.png HTTP/1.1" 200 2984
190.171.152.114 - - [07/Aug/2019:14:16:37 -0300] "GET /cormun//static/Resources/PXToolsHeaderFavorites.png HTTP/1.1" 200 2744
190.171.152.114 - - [07/Aug/2019:14:16:37 -0300] "GET /cormun//static/Resources/PXToolsActionPrint.png HTTP/1.1" 200 3317
190.171.152.114 - - [07/Aug/2019:14:16:37 -0300] "GET /cormun//static/Resources/PXToolsHeaderHelp.png HTTP/1.1" 200 4055
190.171.152.114 - - [07/Aug/2019:14:16:37 -0300] "GET /cormun/servlet/trpermisosgoce? HTTP/1.1" 200 9382
190.171.152.114 - - [07/Aug/2019:14:16:37 -0300] "GET /cormun/static/Shared/ext/resources/themes/images/default/panel/bg-headersPanel.png HTTP/1.1" 200 255
190.171.152.114 - - [07/Aug/2019:14:16:37 -0300] "GET /cormun/static/Shared/ext/resources/themes/images/default/tools/tool-sprites.gif HTTP/1.1" 200 5434
190.171.152.114 - - [07/Aug/2019:14:16:42 -0300] "GET /cormun/servlet/trpermisosgoce? HTTP/1.1" 200 9382
186.103.158.250 - - [07/Aug/2019:14:16:42 -0300] "GET /cormun/servlet/trautorizarsolicitud? HTTP/1.1" 200 8785
190.171.152.114 - - [07/Aug/2019:14:16:43 -0300] "GET /cormun/servlet/trpermisosgoce? HTTP/1.1" 200 9382
186.103.158.250 - - [07/Aug/2019:14:16:44 -0300] "GET /cormun/servlet/trautorizarsolicitud? HTTP/1.1" 200 8785
186.103.158.250 - - [07/Aug/2019:14:17:10 -0300] "POST /cormun/servlet/trautorizarsolicitud?9ecac18057a5acd670f65a6165733b6a,,gx-no-cache=1565197916218 HTTP/1.1" 200 4692
186.103.158.250 - - [07/Aug/2019:14:17:10 -0300] "POST /cormun/servlet/trautorizarsolicitud?9ecac18057a5acd670f65a6165733b6a,,gx-no-cache=1565197916693 HTTP/1.1" 200 4463
186.103.158.250 - - [07/Aug/2019:14:17:18 -0300] "GET /cormun/servlet/trsolicitudot? HTTP/1.1" 200 7525
186.103.158.250 - - [07/Aug/2019:14:17:20 -0300] "GET /cormun/servlet/trsolicitudot? HTTP/1.1" 200 7525
190.171.141.82 - - [07/Aug/2019:14:19:15 -0300] "POST /cormun/servlet/trlicencias?72d02d8d67732451c49ac832becda2e8,,gx-no-cache=1565194587523 HTTP/1.1" 440 972
190.171.141.82 - - [07/Aug/2019:14:19:18 -0300] "GET /cormun/servlet/trlicencias? HTTP/1.1" 200 7882
190.171.141.82 - - [07/Aug/2019:14:19:21 -0300] "GET /cormun/servlet/trlicencias? HTTP/1.1" 200 7882
190.171.141.82 - - [07/Aug/2019:14:19:21 -0300] "GET /cormun/servlet/hlogin HTTP/1.1" 200 1734
190.171.141.82 - - [07/Aug/2019:14:19:24 -0300] "POST /cormun/servlet/hlogin?abff1c4e8bb3b0209f9b989d6c2a99e8,gx-no-cache=1565194595848 HTTP/1.1" 200 90
190.171.141.82 - - [07/Aug/2019:14:19:24 -0300] "GET /cormun/servlet/hpexe_link HTTP/1.1" 200 951
190.171.141.82 - - [07/Aug/2019:14:19:24 -0300] "GET /cormun/servlet/trlicencias HTTP/1.1" 200 11811
190.171.141.82 - - [07/Aug/2019:14:19:27 -0300] "GET /cormun/servlet/trlicencias HTTP/1.1" 200 11810
190.171.141.122 - - [07/Aug/2019:14:23:18 -0300] "POST /cormun/servlet/trlicencias?f50556f3204eadf2e9c9691b28d05976,gx-no-cache=1565198285211 HTTP/1.1" 200 7949
192.168.10.96 - - [07/Aug/2019:14:25:07 -0300] "GET /cormun/servlet/trsolicitudgral? HTTP/1.1" 500 10
192.168.10.96 - - [07/Aug/2019:14:25:10 -0300] "GET /cormun/servlet/hlogin HTTP/1.1" 200 1724
192.168.10.96 - - [07/Aug/2019:14:25:11 -0300] "GET /cormun/servlet/hlogin HTTP/1.1" 200 1724
192.168.10.96 - - [07/Aug/2019:14:25:16 -0300] "POST /cormun/servlet/hlogin?9ea9783cba7a7b5dfb2c26ff1969a285,gx-no-cache=1565198070173 HTTP/1.1" 200 90
192.168.10.96 - - [07/Aug/2019:14:25:16 -0300] "GET /cormun/servlet/hpexe_link HTTP/1.1" 200 955
192.168.10.96 - - [07/Aug/2019:14:25:16 -0300] "GET /cormun/servlet/hhome HTTP/1.1" 200 4780
200.54.237.82 - - [07/Aug/2019:14:25:16 -0300] "POST /cormun/servlet/solicitudotadjuntos?gx-no-cache=1565198399812 HTTP/1.1" 200 26
192.168.10.96 - - [07/Aug/2019:14:25:17 -0300] "GET /cormun/servlet/hhome HTTP/1.1" 200 4776
192.168.10.96 - - [07/Aug/2019:14:25:19 -0300] "GET /cormun/servlet/trsolicitudgral? HTTP/1.1" 200 29795
192.168.10.96 - - [07/Aug/2019:14:25:20 -0300] "GET /cormun/servlet/trsolicitudgral? HTTP/1.1" 200 29793
190.171.141.122 - - [07/Aug/2019:14:25:31 -0300] "POST /cormun/servlet/trlicencias?f50556f3204eadf2e9c9691b28d05976,gx-no-cache=1565198417719 HTTP/1.1" 200 7948
200.54.237.82 - - [07/Aug/2019:14:25:33 -0300] "GET /cormun/servlet/solicitudotadjuntos?e646d78592f1c039ab6a4e91778de567a5e2e4234b8ffdc64a81d636d6449645,gx-no-cache=1565198416968 HTTP/1.1" 200 30
200.54.237.82 - - [07/Aug/2019:14:25:33 -0300] "GET /cormun/servlet/solicitudotadjuntos?e646d78592f1c039ab6a4e91778de567a5e2e4234b8ffdc64a81d636d6449645,gx-no-cache=1565198417024 HTTP/1.1" 200 30
200.54.237.82 - - [07/Aug/2019:14:25:35 -0300] "POST /cormun/servlet/solicitudotadjuntos?b9126c85a7ea98acf503bf4940ac4790,INS,2019,15903,,1, HTTP/1.1" 200 116
192.168.10.96 - - [07/Aug/2019:14:25:35 -0300] "POST /cormun/servlet/trsolicitudgral?9ea9783cba7a7b5dfb2c26ff1969a285,,gx-no-cache=1565198089045 HTTP/1.1" 200 7383
200.54.237.82 - - [07/Aug/2019:14:25:35 -0300] "GET /cormun/servlet/hpexe_return? HTTP/1.1" 200 1023
200.54.237.82 - - [07/Aug/2019:14:25:35 -0300] "GET /cormun/servlet/trsolicitudadjuntos?2019,15903, HTTP/1.1" 200 9039
200.54.237.82 - - [07/Aug/2019:14:25:36 -0300] "GET /cormun/servlet/trsolicitudadjuntos?2019,15903, HTTP/1.1" 200 9037
200.54.237.82 - - [07/Aug/2019:14:25:38 -0300] "GET /cormun/servlet/solicitudotadjuntos?INS,2019,15903,,1, HTTP/1.1" 200 6368
200.54.237.82 - - [07/Aug/2019:14:25:39 -0300] "GET /cormun/static/about:blank HTTP/1.1" 404 1011
200.54.237.82 - - [07/Aug/2019:14:25:39 -0300] "GET /cormun/servlet/solicitudotadjuntos?INS,2019,15903,,1, HTTP/1.1" 200 6361
200.54.237.82 - - [07/Aug/2019:14:25:39 -0300] "GET /cormun/servlet/solicitudotadjuntos?e646d78592f1c039ab6a4e91778de567a3a3f0321fdb7154285bcbaa12d64cd00a1e8f7ae07ce5fae08ca10e2f8adb74,gx-no-cache=1565198422927 HTTP/1.1" 200 30
200.54.237.82 - - [07/Aug/2019:14:25:40 -0300] "POST /cormun/servlet/solicitudotadjuntos?b9126c85a7ea98acf503bf4940ac4790,INS,2019,15903,,1,,gx-no-cache=1565198423073 HTTP/1.1" 200 4097
200.54.237.82 - - [07/Aug/2019:14:25:43 -0300] "POST /cormun/servlet/solicitudotadjuntos?gx-no-cache=1565198426143 HTTP/1.1" 200 26
192.168.10.96 - - [07/Aug/2019:14:25:44 -0300] "GET /cormun/servlet/vesolicitudgral?2019,15873,, HTTP/1.1" 200 9357
192.168.10.96 - - [07/Aug/2019:14:25:44 -0300] "GET /cormun/pexe_scrolldiv.js HTTP/1.1" 404 1009
192.168.10.96 - - [07/Aug/2019:14:25:44 -0300] "GET /cormun/pexe_scrolldiv.js HTTP/1.1" 404 1009
192.168.10.96 - - [07/Aug/2019:14:25:44 -0300] "GET /cormun/servlet/vesolicitudgral?2019,15873,, HTTP/1.1" 200 9356
192.168.10.96 - - [07/Aug/2019:14:25:51 -0300] "GET /cormun/servlet/vesolicitudgral?2019,15873,,SolicitudOTAdjuntos HTTP/1.1" 200 11673
192.168.10.96 - - [07/Aug/2019:14:25:51 -0300] "GET /cormun/pexe_scrolldiv.js HTTP/1.1" 404 1009
192.168.10.96 - - [07/Aug/2019:14:25:51 -0300] "GET /cormun/pexe_scrolldiv.js HTTP/1.1" 404 1009
192.168.10.96 - - [07/Aug/2019:14:25:52 -0300] "GET /cormun/servlet/vesolicitudgral?2019,15873,,SolicitudOTAdjuntos HTTP/1.1" 200 11671
192.168.10.96 - - [07/Aug/2019:14:25:52 -0300] "POST /cormun/servlet/acontrolpreferencessavestate?None,DZAMUDIO,true HTTP/1.1" 200 35
190.171.143.82 - - [07/Aug/2019:14:26:00 -0300] "GET /cormun/servlet/solicitudotadjuntos?INS,2019,15902,,2, HTTP/1.1" 200 6389
190.171.143.82 - - [07/Aug/2019:14:26:01 -0300] "GET /cormun/static/gxcfg.js?2017761244068 HTTP/1.1" 200 953
190.171.143.82 - - [07/Aug/2019:14:26:01 -0300] "GET /cormun/static/solicitudotadjuntos.js?2017761244086 HTTP/1.1" 200 11771
190.171.143.82 - - [07/Aug/2019:14:26:01 -0300] "GET /cormun/static/about:blank HTTP/1.1" 404 1011
190.171.143.82 - - [07/Aug/2019:14:26:03 -0300] "GET /cormun/servlet/solicitudotadjuntos?INS,2019,15902,,2, HTTP/1.1" 200 6382
190.171.143.82 - - [07/Aug/2019:14:26:03 -0300] "GET /cormun/servlet/solicitudotadjuntos?f7f4a3de49669001378483445b19321805d70af324203a03985c5597cb9259984930dba9bad148eabb392530eeaa39c0,gx-no-cache=1565198453232 HTTP/1.1" 200 30
190.171.143.82 - - [07/Aug/2019:14:26:04 -0300] "POST /cormun/servlet/solicitudotadjuntos?b82174f7962d8993aecb3ff67fd00a33,INS,2019,15902,,2,,gx-no-cache=1565198453375 HTTP/1.1" 200 4282
190.171.143.82 - - [07/Aug/2019:14:26:12 -0300] "GET /cormun/servlet/trsolicitudadjuntos?2019,15902, HTTP/1.1" 200 6445
190.171.143.82 - - [07/Aug/2019:14:26:13 -0300] "GET /cormun/servlet/trsolicitudadjuntos?2019,15902, HTTP/1.1" 200 6444
190.171.143.82 - - [07/Aug/2019:14:26:15 -0300] "GET /cormun/servlet/solicitudotadjuntos?INS,2019,15902,,1, HTTP/1.1" 200 6389
190.171.143.82 - - [07/Aug/2019:14:26:16 -0300] "GET /cormun/static/about:blank HTTP/1.1" 404 1011
190.171.143.82 - - [07/Aug/2019:14:26:16 -0300] "GET /cormun/servlet/solicitudotadjuntos?INS,2019,15902,,1, HTTP/1.1" 200 6383
190.171.143.82 - - [07/Aug/2019:14:26:17 -0300] "GET /cormun/servlet/solicitudotadjuntos?f7f4a3de49669001378483445b19321805d70af324203a03985c5597cb9259984930dba9bad148eabb392530eeaa39c0,gx-no-cache=1565198466271 HTTP/1.1" 200 30
190.171.143.82 - - [07/Aug/2019:14:26:17 -0300] "POST /cormun/servlet/solicitudotadjuntos?b82174f7962d8993aecb3ff67fd00a33,INS,2019,15902,,1,,gx-no-cache=1565198466481 HTTP/1.1" 200 4070
192.168.10.96 - - [07/Aug/2019:14:26:22 -0300] "GET /cormun/PublicTempStorage/certificado_de_antecendentes_nelson_madrid_reyes7951862.pdf HTTP/1.1" 200 231454
200.54.237.82 - - [07/Aug/2019:14:26:30 -0300] "GET /cormun/servlet/solicitudotadjuntos?e646d78592f1c039ab6a4e91778de567a5e2e4234b8ffdc64a81d636d6449645,gx-no-cache=1565198473879 HTTP/1.1" 200 30
200.54.237.82 - - [07/Aug/2019:14:26:31 -0300] "GET /cormun/servlet/solicitudotadjuntos?e646d78592f1c039ab6a4e91778de567a5e2e4234b8ffdc64a81d636d6449645,gx-no-cache=1565198474109 HTTP/1.1" 200 30
200.54.237.82 - - [07/Aug/2019:14:26:34 -0300] "POST /cormun/servlet/solicitudotadjuntos?b9126c85a7ea98acf503bf4940ac4790,INS,2019,15903,,1, HTTP/1.1" 200 116
200.54.237.82 - - [07/Aug/2019:14:26:34 -0300] "GET /cormun/servlet/hpexe_return? HTTP/1.1" 200 1023
200.54.237.82 - - [07/Aug/2019:14:26:34 -0300] "GET /cormun/servlet/trsolicitudadjuntos?2019,15903, HTTP/1.1" 200 9272
200.54.237.82 - - [07/Aug/2019:14:26:35 -0300] "GET /cormun/servlet/trsolicitudadjuntos?2019,15903, HTTP/1.1" 200 9270
192.168.10.96 - - [07/Aug/2019:14:26:35 -0300] "GET /cormun/PublicTempStorage/c.i._nelson_madrid4292066.pdf HTTP/1.1" 200 159294
192.168.10.96 - - [07/Aug/2019:14:26:44 -0300] "GET /cormun/PublicTempStorage/licencia_educacion_media_nelson_madrid_reyes6566874.pdf HTTP/1.1" 200 229531
200.54.237.82 - - [07/Aug/2019:14:26:45 -0300] "GET /cormun/servlet/trsolicitudot? HTTP/1.1" 200 8916
200.54.237.82 - - [07/Aug/2019:14:26:46 -0300] "GET /cormun/servlet/trsolicitudot? HTTP/1.1" 200 8910
192.168.10.96 - - [07/Aug/2019:14:26:57 -0300] "GET /cormun/PublicTempStorage/afp_nelson_madrid1164049.pdf HTTP/1.1" 200 234278
190.171.144.234 - - [07/Aug/2019:14:28:30 -0300] "GET /cormun/servlet/hlogin HTTP/1.1" 200 1741
190.171.143.82 - - [07/Aug/2019:14:33:00 -0300] "POST /cormun/servlet/solicitudotadjuntos?gx-no-cache=1565198869158 HTTP/1.1" 200 26
190.171.143.82 - - [07/Aug/2019:14:33:47 -0300] "GET /cormun/servlet/solicitudotadjuntos?f7f4a3de49669001378483445b1932188907f254ca79fa5f940e2e3878a89f22,gx-no-cache=1565198916763 HTTP/1.1" 200 30
190.171.143.82 - - [07/Aug/2019:14:33:47 -0300] "GET /cormun/servlet/solicitudotadjuntos?f7f4a3de49669001378483445b1932188907f254ca79fa5f940e2e3878a89f22,gx-no-cache=1565198916910 HTTP/1.1" 200 30
190.171.143.82 - - [07/Aug/2019:14:33:51 -0300] "POST /cormun/servlet/solicitudotadjuntos?b82174f7962d8993aecb3ff67fd00a33,INS,2019,15902,,1, HTTP/1.1" 200 116
190.171.143.82 - - [07/Aug/2019:14:33:51 -0300] "GET /cormun/servlet/hpexe_return? HTTP/1.1" 200 1030
190.171.143.82 - - [07/Aug/2019:14:33:52 -0300] "GET /cormun/servlet/trsolicitudadjuntos?2019,15902, HTTP/1.1" 200 9080
