200.54.103.162 - - [06/Aug/2019:10:47:24 -0300] "GET /cormun/servlet/trlicenciaspermisosadjuntos?15803961,20190806000000,L, HTTP/1.1" 200 6693
200.54.103.162 - - [06/Aug/2019:10:47:26 -0300] "GET /cormun/servlet/trlicenciaspermisosadjuntos?15803961,20190806000000,L, HTTP/1.1" 200 6693
200.54.103.162 - - [06/Aug/2019:10:47:28 -0300] "GET /cormun/servlet/licenciaspermisosadjuntos?INS,15803961,L,20190806000000,, HTTP/1.1" 200 5994
200.54.103.162 - - [06/Aug/2019:10:47:28 -0300] "GET /cormun/static/gxcfg.js?2017761263592 HTTP/1.1" 200 953
200.54.103.162 - - [06/Aug/2019:10:47:28 -0300] "GET /cormun/static/licenciaspermisosadjuntos.js?201776126362 HTTP/1.1" 200 8760
200.54.103.162 - - [06/Aug/2019:10:47:28 -0300] "GET /cormun/static/about:blank HTTP/1.1" 404 1011
200.54.103.162 - - [06/Aug/2019:10:47:30 -0300] "GET /cormun/servlet/licenciaspermisosadjuntos?INS,15803961,L,20190806000000,, HTTP/1.1" 200 5983
200.54.103.162 - - [06/Aug/2019:10:48:00 -0300] "POST /cormun/servlet/licenciaspermisosadjuntos?407932ac45a368473c07d82ee6c9b6b7,INS,15803961,L,20190806000000,, HTTP/1.1" 200 116
200.54.103.162 - - [06/Aug/2019:10:48:00 -0300] "GET /cormun/servlet/hpexe_return? HTTP/1.1" 200 1046
200.54.103.162 - - [06/Aug/2019:10:48:01 -0300] "GET /cormun/servlet/trlicenciaspermisosadjuntos?15803961,20190806000000,L, HTTP/1.1" 200 7204
200.54.103.162 - - [06/Aug/2019:10:48:03 -0300] "GET /cormun/servlet/trlicenciaspermisosadjuntos?15803961,20190806000000,L, HTTP/1.1" 200 7201
200.54.103.162 - - [06/Aug/2019:10:48:05 -0300] "POST /cormun/servlet/trlicenciaspermisosadjuntos?407932ac45a368473c07d82ee6c9b6b7,15803961,20190806000000,L,,gx-no-cache=1565099008250 HTTP/1.1" 200 90
200.54.103.162 - - [06/Aug/2019:10:48:05 -0300] "GET /cormun/servlet/hpexe_link HTTP/1.1" 200 1009
200.54.103.162 - - [06/Aug/2019:10:48:06 -0300] "GET /cormun/servlet/trlicencias?gx-no-cache=1565098938867 HTTP/1.1" 200 14278
200.54.103.162 - - [06/Aug/2019:10:48:08 -0300] "GET /cormun/servlet/trlicencias?gx-no-cache=1565098938867 HTTP/1.1" 200 14300
200.54.103.162 - - [06/Aug/2019:10:48:15 -0300] "POST /cormun/servlet/trlicencias?407932ac45a368473c07d82ee6c9b6b7,gx-no-cache=1565098938867,gx-no-cache=1565099014733 HTTP/1.1" 200 11956
190.171.134.178 - - [06/Aug/2019:10:48:18 -0300] "POST /cormun/servlet/solicitudot?gx-no-cache=1565098984955 HTTP/1.1" 200 1360
200.54.103.162 - - [06/Aug/2019:10:48:19 -0300] "GET /cormun/servlet/alicenciaprn?15803961,L,20190806000000,PU HTTP/1.1" 200 1562
190.171.134.178 - - [06/Aug/2019:10:48:24 -0300] "GET /cormun/servlet/prfichaempleado?,MD,,gxPopupLevel%3D0%3B HTTP/1.1" 200 9308
190.171.134.178 - - [06/Aug/2019:10:48:48 -0300] "POST /cormun/servlet/prfichaempleado?8844148b113617f8700b304d423ed9ad,,MD,,gxPopupLevel%3D0%3B,gx-no-cache=1565099015312 HTTP/1.1" 200 3415
200.54.103.162 - - [06/Aug/2019:10:49:09 -0300] "POST /cormun/servlet/trlicencias?407932ac45a368473c07d82ee6c9b6b7,gx-no-cache=1565098938867,gx-no-cache=1565099069020 HTTP/1.1" 200 11912
200.54.103.162 - - [06/Aug/2019:10:49:10 -0300] "GET /cormun/static/Shared/jqueryui/images/ui-bg_highlight-soft_100_c6c2c8_1x100.png HTTP/1.1" 404 1117
200.54.103.162 - - [06/Aug/2019:10:49:10 -0300] "GET /cormun/static/Shared/jqueryui/images/ui-bg_flat_55_fafafa_40x100.png HTTP/1.1" 404 1097
200.54.103.162 - - [06/Aug/2019:10:49:10 -0300] "GET /cormun/static/Shared/jqueryui/images/ui-icons_8d78a5_256x240.png HTTP/1.1" 404 1089
200.54.103.162 - - [06/Aug/2019:10:49:10 -0300] "GET /cormun/static/Shared/jqueryui/images/ui-icons_82798d_256x240.png HTTP/1.1" 404 1089
186.103.159.186 - - [06/Aug/2019:10:49:55 -0300] "GET /cormun/servlet/hlogin HTTP/1.1" 200 1724
186.103.159.186 - - [06/Aug/2019:10:49:56 -0300] "GET /cormun/servlet/hlogin HTTP/1.1" 200 1734
186.103.159.186 - - [06/Aug/2019:10:50:04 -0300] "POST /cormun/servlet/hlogin?f18a15a446fe38f734b78d362d34c4be,gx-no-cache=1565098766037 HTTP/1.1" 200 90
186.103.159.186 - - [06/Aug/2019:10:50:05 -0300] "GET /cormun/servlet/hpexe_link HTTP/1.1" 200 954
186.103.159.186 - - [06/Aug/2019:10:50:05 -0300] "GET /cormun/servlet/hhome HTTP/1.1" 200 4029
186.103.159.186 - - [06/Aug/2019:10:50:06 -0300] "GET /cormun/servlet/hhome HTTP/1.1" 200 4028
186.103.159.186 - - [06/Aug/2019:10:50:08 -0300] "GET /cormun/servlet/trlicencias? HTTP/1.1" 200 10174
186.103.159.186 - - [06/Aug/2019:10:50:09 -0300] "GET /cormun/servlet/trlicencias? HTTP/1.1" 200 10171
190.171.134.178 - - [06/Aug/2019:10:50:17 -0300] "POST /cormun/servlet/solicitudot?gx-no-cache=1565099103618 HTTP/1.1" 200 122
190.171.134.178 - - [06/Aug/2019:10:50:17 -0300] "GET /cormun/servlet/solicitudot?7cc5af907a30c128e45401524b0fe75faf9b8a1fad7f39acfb2a466b38a68959cbdd967879d5aad75ff284ad9de7248dc6d6128ebb1f907587db9d83d5e7e2cf3fe4173bca3b8105b29693e8a84b90d0059f00249ba2a8ee1ce3b77f2863a945dce3efee546871800126d7712bc381b3,gx-no-cache=1565099103973 HTTP/1.1" 200 110
190.171.134.178 - - [06/Aug/2019:10:50:17 -0300] "POST /cormun/servlet/solicitudot?gx-no-cache=1565099104135 HTTP/1.1" 200 109
190.171.134.178 - - [06/Aug/2019:10:50:17 -0300] "POST /cormun/servlet/solicitudot?gx-no-cache=1565099104282 HTTP/1.1" 200 120
190.171.134.178 - - [06/Aug/2019:10:50:20 -0300] "POST /cormun/servlet/solicitudot?8844148b113617f8700b304d423ed9ad,INS,0,0,,gx-no-cache=1565099104470 HTTP/1.1" 200 12313
200.54.103.162 - - [06/Aug/2019:10:50:54 -0300] "GET /cormun/servlet/hlogin HTTP/1.1" 200 1762
190.171.134.178 - - [06/Aug/2019:10:51:59 -0300] "POST /cormun/servlet/solicitudot?gx-no-cache=1565099205697 HTTP/1.1" 200 41
190.171.134.178 - - [06/Aug/2019:10:51:59 -0300] "GET /cormun/servlet/solicitudot?7cc5af907a30c128e45401524b0fe75faf9b8a1fad7f39acfb2a466b38a68959cbdd967879d5aad75ff284ad9de7248dc6d6128ebb1f907587db9d83d5e7e2cf3fe4173bca3b8105b29693e8a84b90d0059f00249ba2a8ee1ce3b77f2863a945dce3efee546871800126d7712bc381b3,gx-no-cache=1565099205971 HTTP/1.1" 200 110
190.171.134.178 - - [06/Aug/2019:10:52:02 -0300] "GET /cormun/servlet/solicitudot?7cc5af907a30c128e45401524b0fe75faf9b8a1fad7f39acfb2a466b38a68959cbdd967879d5aad75ff284ad9de7248dc6d6128ebb1f907587db9d83d5e7e2cf3fe4173bca3b8105b29693e8a84b90d0059f00249ba2a8ee1ce3b77f2863a945dce3efee546871800126d7712bc381b3,gx-no-cache=1565099208539 HTTP/1.1" 200 110
190.171.134.178 - - [06/Aug/2019:10:52:10 -0300] "POST /cormun/servlet/solicitudot?gx-no-cache=1565099217738 HTTP/1.1" 200 120
190.171.134.178 - - [06/Aug/2019:10:52:12 -0300] "POST /cormun/servlet/solicitudot?8844148b113617f8700b304d423ed9ad,INS,0,0,,gx-no-cache=1565099217932 HTTP/1.1" 200 12351
190.171.134.178 - - [06/Aug/2019:10:52:23 -0300] "POST /cormun/servlet/solicitudot?gx-no-cache=1565099230237 HTTP/1.1" 200 34
190.171.134.178 - - [06/Aug/2019:10:52:25 -0300] "POST /cormun/servlet/solicitudot?8844148b113617f8700b304d423ed9ad,INS,0,0,,gx-no-cache=1565099230411 HTTP/1.1" 200 93
190.171.134.178 - - [06/Aug/2019:10:52:25 -0300] "GET /cormun/servlet/hpexe_return? HTTP/1.1" 200 1006
190.171.134.178 - - [06/Aug/2019:10:52:26 -0300] "GET /cormun/servlet/trsolicitudot HTTP/1.1" 200 8657
190.171.134.178 - - [06/Aug/2019:10:52:27 -0300] "GET /cormun/servlet/trsolicitudot HTTP/1.1" 200 8650
190.171.134.178 - - [06/Aug/2019:10:52:52 -0300] "GET /cormun/servlet/trsolicitudot? HTTP/1.1" 200 8650
190.171.134.178 - - [06/Aug/2019:10:52:53 -0300] "GET /cormun/servlet/trsolicitudot? HTTP/1.1" 200 8653
190.171.134.178 - - [06/Aug/2019:10:53:02 -0300] "POST /cormun/servlet/trsolicitudot?8844148b113617f8700b304d423ed9ad,,gx-no-cache=1565099268898 HTTP/1.1" 200 5965
190.171.134.178 - - [06/Aug/2019:10:53:02 -0300] "GET /cormun/static/Shared/jqueryui/images/ui-bg_highlight-soft_100_c6c2c8_1x100.png HTTP/1.1" 404 1117
190.171.134.178 - - [06/Aug/2019:10:53:02 -0300] "GET /cormun/static/Shared/jqueryui/images/ui-bg_flat_55_fafafa_40x100.png HTTP/1.1" 404 1097
190.171.134.178 - - [06/Aug/2019:10:53:02 -0300] "GET /cormun/static/Shared/jqueryui/images/ui-icons_82798d_256x240.png HTTP/1.1" 404 1089
190.171.134.178 - - [06/Aug/2019:10:53:02 -0300] "GET /cormun/static/Shared/jqueryui/images/ui-icons_8d78a5_256x240.png HTTP/1.1" 404 1089
190.171.134.178 - - [06/Aug/2019:10:53:25 -0300] "POST /cormun/servlet/trsolicitudot?8844148b113617f8700b304d423ed9ad,,gx-no-cache=1565099290683 HTTP/1.1" 200 107
190.171.134.178 - - [06/Aug/2019:10:53:25 -0300] "GET /cormun/servlet/trsolicitudadjuntos?2019,15883, HTTP/1.1" 200 6118
190.171.134.178 - - [06/Aug/2019:10:53:25 -0300] "GET /cormun/static/gxcfg.js?20177612135366 HTTP/1.1" 200 953
190.171.134.178 - - [06/Aug/2019:10:53:25 -0300] "GET /cormun/static/trsolicitudadjuntos.js?20177612135632 HTTP/1.1" 200 17922
190.171.134.178 - - [06/Aug/2019:10:53:26 -0300] "GET /cormun/servlet/trsolicitudadjuntos?2019,15883, HTTP/1.1" 200 6118
190.171.134.178 - - [06/Aug/2019:10:53:28 -0300] "GET /cormun/servlet/solicitudotadjuntos?INS,2019,15883,,1, HTTP/1.1" 200 6060
190.171.134.178 - - [06/Aug/2019:10:53:29 -0300] "GET /cormun/static/solicitudotadjuntos.js?2017761244086 HTTP/1.1" 200 11771
190.171.134.178 - - [06/Aug/2019:10:53:29 -0300] "GET /cormun/static/gxcfg.js?2017761244068 HTTP/1.1" 200 953
190.171.134.178 - - [06/Aug/2019:10:53:29 -0300] "GET /cormun/static/about:blank HTTP/1.1" 404 1011
190.171.134.178 - - [06/Aug/2019:10:53:30 -0300] "GET /cormun/servlet/solicitudotadjuntos?INS,2019,15883,,1, HTTP/1.1" 200 6054
190.171.134.178 - - [06/Aug/2019:10:53:30 -0300] "GET /cormun/servlet/solicitudotadjuntos?7cc5af907a30c128e45401524b0fe75f4bb7e81a837c52ecef4fa55d61e779896ea2231d912e4e55df86ea7782c09a2a,gx-no-cache=1565099297720 HTTP/1.1" 200 30
190.171.134.178 - - [06/Aug/2019:10:53:31 -0300] "POST /cormun/servlet/solicitudotadjuntos?8844148b113617f8700b304d423ed9ad,INS,2019,15883,,1,,gx-no-cache=1565099297935 HTTP/1.1" 200 3850
186.103.157.235 - - [06/Aug/2019:10:54:08 -0300] "GET / HTTP/1.1" 200 11217
186.103.157.235 - - [06/Aug/2019:10:54:08 -0300] "GET /tomcat.png HTTP/1.1" 200 5103
186.103.157.235 - - [06/Aug/2019:10:54:08 -0300] "GET /tomcat.css HTTP/1.1" 200 5576
186.103.157.235 - - [06/Aug/2019:10:54:09 -0300] "GET /bg-nav.png HTTP/1.1" 200 1401
186.103.157.235 - - [06/Aug/2019:10:54:09 -0300] "GET /asf-logo.png HTTP/1.1" 200 17811
186.103.157.235 - - [06/Aug/2019:10:54:09 -0300] "GET /bg-button.png HTTP/1.1" 200 713
186.103.157.235 - - [06/Aug/2019:10:54:09 -0300] "GET /bg-upper.png HTTP/1.1" 200 3103
186.103.157.235 - - [06/Aug/2019:10:54:09 -0300] "GET /bg-middle.png HTTP/1.1" 200 1918
190.171.134.178 - - [06/Aug/2019:10:54:13 -0300] "POST /cormun/servlet/solicitudotadjuntos?gx-no-cache=1565099340651 HTTP/1.1" 200 26
190.171.134.178 - - [06/Aug/2019:10:54:36 -0300] "GET /cormun/servlet/solicitudotadjuntos?7cc5af907a30c128e45401524b0fe75fe7e01250aea59a1b8ecc36d08f76aa95,gx-no-cache=1565099363115 HTTP/1.1" 200 30
190.171.134.178 - - [06/Aug/2019:10:54:36 -0300] "GET /cormun/servlet/solicitudotadjuntos?7cc5af907a30c128e45401524b0fe75fe7e01250aea59a1b8ecc36d08f76aa95,gx-no-cache=1565099363367 HTTP/1.1" 200 30
190.171.134.178 - - [06/Aug/2019:10:54:45 -0300] "POST /cormun/servlet/solicitudotadjuntos?8844148b113617f8700b304d423ed9ad,INS,2019,15883,,1, HTTP/1.1" 200 116
190.171.134.178 - - [06/Aug/2019:10:54:46 -0300] "GET /cormun/servlet/hpexe_return? HTTP/1.1" 200 1026
190.171.134.178 - - [06/Aug/2019:10:54:47 -0300] "GET /cormun/servlet/trsolicitudadjuntos?2019,15883, HTTP/1.1" 200 8724
190.171.134.178 - - [06/Aug/2019:10:54:48 -0300] "GET /cormun/servlet/trsolicitudadjuntos?2019,15883, HTTP/1.1" 200 8720
190.171.134.178 - - [06/Aug/2019:10:54:50 -0300] "GET /cormun/servlet/solicitudotadjuntos?INS,2019,15883,,1, HTTP/1.1" 200 6058
190.171.134.178 - - [06/Aug/2019:10:54:51 -0300] "GET /cormun/static/about:blank HTTP/1.1" 404 1011
186.103.157.235 - - [06/Aug/2019:10:54:51 -0300] "GET /cormun/servlet/hlogin HTTP/1.1" 200 1721
186.103.157.235 - - [06/Aug/2019:10:54:51 -0300] "GET /cormun/servlet/hlogin HTTP/1.1" 200 1732
190.171.134.178 - - [06/Aug/2019:10:54:51 -0300] "GET /cormun/servlet/solicitudotadjuntos?INS,2019,15883,,1, HTTP/1.1" 200 6052
190.171.134.178 - - [06/Aug/2019:10:54:52 -0300] "GET /cormun/servlet/solicitudotadjuntos?7cc5af907a30c128e45401524b0fe75f4bb7e81a837c52ecef4fa55d61e779896ea2231d912e4e55df86ea7782c09a2a,gx-no-cache=1565099379045 HTTP/1.1" 200 30
190.171.134.178 - - [06/Aug/2019:10:54:54 -0300] "POST /cormun/servlet/solicitudotadjuntos?8844148b113617f8700b304d423ed9ad,INS,2019,15883,,1,,gx-no-cache=1565099379232 HTTP/1.1" 200 3849
190.171.134.178 - - [06/Aug/2019:10:55:00 -0300] "POST /cormun/servlet/solicitudotadjuntos?gx-no-cache=1565099387720 HTTP/1.1" 200 26
186.103.157.235 - - [06/Aug/2019:10:55:01 -0300] "POST /cormun/servlet/hlogin?481908f58fc6c75143cad7c86aeac11e,gx-no-cache=1565099388065 HTTP/1.1" 200 90
186.103.157.235 - - [06/Aug/2019:10:55:01 -0300] "GET /cormun/servlet/hpexe_link HTTP/1.1" 200 952
186.103.157.235 - - [06/Aug/2019:10:55:02 -0300] "GET /cormun/servlet/hhome HTTP/1.1" 200 4312
186.103.157.235 - - [06/Aug/2019:10:55:02 -0300] "GET /cormun/servlet/hhome HTTP/1.1" 200 4308
186.103.157.235 - - [06/Aug/2019:10:55:06 -0300] "GET /cormun/servlet/trsolicitudot? HTTP/1.1" 200 7526
186.103.157.235 - - [06/Aug/2019:10:55:07 -0300] "GET /cormun/static/gxcfg.js?2017111422585916 HTTP/1.1" 200 953
186.103.157.235 - - [06/Aug/2019:10:55:08 -0300] "GET /cormun/static/trsolicitudot.js?201711142259839 HTTP/1.1" 200 54041
186.103.157.235 - - [06/Aug/2019:10:55:08 -0300] "GET /cormun/servlet/trsolicitudot? HTTP/1.1" 200 7525
190.171.134.178 - - [06/Aug/2019:10:55:09 -0300] "GET /cormun/servlet/solicitudotadjuntos?7cc5af907a30c128e45401524b0fe75fe7e01250aea59a1b8ecc36d08f76aa95,gx-no-cache=1565099396286 HTTP/1.1" 200 30
190.171.134.178 - - [06/Aug/2019:10:55:09 -0300] "GET /cormun/servlet/solicitudotadjuntos?7cc5af907a30c128e45401524b0fe75fe7e01250aea59a1b8ecc36d08f76aa95,gx-no-cache=1565099396418 HTTP/1.1" 200 30
186.103.157.235 - - [06/Aug/2019:10:55:11 -0300] "GET /cormun/static/menuarrow.gif HTTP/1.1" 404 1015
190.171.134.178 - - [06/Aug/2019:10:55:23 -0300] "POST /cormun/servlet/solicitudotadjuntos?8844148b113617f8700b304d423ed9ad,INS,2019,15883,,1, HTTP/1.1" 200 116
190.171.134.178 - - [06/Aug/2019:10:55:23 -0300] "GET /cormun/servlet/hpexe_return? HTTP/1.1" 200 1026
190.171.134.178 - - [06/Aug/2019:10:55:24 -0300] "GET /cormun/servlet/trsolicitudadjuntos?2019,15883, HTTP/1.1" 200 8955
186.103.157.235 - - [06/Aug/2019:10:55:24 -0300] "POST /cormun/servlet/trsolicitudot?481908f58fc6c75143cad7c86aeac11e,,gx-no-cache=1565099409291 HTTP/1.1" 200 5995
186.103.157.235 - - [06/Aug/2019:10:55:24 -0300] "GET /cormun//static/Resources/PXToolsRemoveAllAction.png HTTP/1.1" 200 3558
186.103.157.235 - - [06/Aug/2019:10:55:24 -0300] "GET /cormun//static/Resources/PXToolsActionView.png HTTP/1.1" 200 2995
186.103.157.235 - - [06/Aug/2019:10:55:24 -0300] "GET /cormun//static/Resources/PXTools/ActionInsert.png HTTP/1.1" 200 1482
190.171.134.178 - - [06/Aug/2019:10:55:25 -0300] "GET /cormun/servlet/trsolicitudadjuntos?2019,15883, HTTP/1.1" 200 8952
186.103.159.44 - - [06/Aug/2019:10:55:26 -0300] "GET /cormun/servlet/hlogin HTTP/1.1" 200 1723
186.103.159.44 - - [06/Aug/2019:10:55:27 -0300] "GET /cormun/servlet/hlogin HTTP/1.1" 200 1731
190.171.134.178 - - [06/Aug/2019:10:55:28 -0300] "GET /cormun/servlet/solicitudotadjuntos?INS,2019,15883,,1, HTTP/1.1" 200 6058
190.171.134.178 - - [06/Aug/2019:10:55:29 -0300] "GET /cormun/static/about:blank HTTP/1.1" 404 1011
190.171.134.178 - - [06/Aug/2019:10:55:29 -0300] "GET /cormun/servlet/solicitudotadjuntos?INS,2019,15883,,1, HTTP/1.1" 200 6052
190.171.134.178 - - [06/Aug/2019:10:55:30 -0300] "GET /cormun/servlet/solicitudotadjuntos?7cc5af907a30c128e45401524b0fe75f4bb7e81a837c52ecef4fa55d61e779896ea2231d912e4e55df86ea7782c09a2a,gx-no-cache=1565099417298 HTTP/1.1" 200 30
190.171.134.178 - - [06/Aug/2019:10:55:32 -0300] "POST /cormun/servlet/solicitudotadjuntos?8844148b113617f8700b304d423ed9ad,INS,2019,15883,,1,,gx-no-cache=1565099417488 HTTP/1.1" 200 3849
186.103.157.235 - - [06/Aug/2019:10:55:36 -0300] "GET /cormun/servlet/vesolicitudot?2019,15694,, HTTP/1.1" 200 8653
186.103.157.235 - - [06/Aug/2019:10:55:36 -0300] "GET /cormun/static/gxcfg.js?2017111422591385 HTTP/1.1" 200 953
186.103.157.235 - - [06/Aug/2019:10:55:36 -0300] "GET /cormun/static/Resources/PXToolsTabFirstSelected.png HTTP/1.1" 200 1259
186.103.157.235 - - [06/Aug/2019:10:55:36 -0300] "GET /cormun/pexe_scrolldiv.js HTTP/1.1" 404 1009
186.103.157.235 - - [06/Aug/2019:10:55:36 -0300] "GET /cormun/static/vesolicitudot.js?2017111422591449 HTTP/1.1" 200 6091
186.103.157.235 - - [06/Aug/2019:10:55:36 -0300] "GET /cormun/static/hwcviewtabs.js?20177611594913 HTTP/1.1" 200 1074
186.103.157.235 - - [06/Aug/2019:10:55:36 -0300] "GET /cormun/static/hpexe_tabsview.js?201610171694228 HTTP/1.1" 200 1661
186.103.157.235 - - [06/Aug/2019:10:55:36 -0300] "GET /cormun/static/Resources/PXToolsTabPrevious.gif HTTP/1.1" 200 172
186.103.157.235 - - [06/Aug/2019:10:55:36 -0300] "GET /cormun/static/Resources/PXToolsTabNext.gif HTTP/1.1" 200 168
186.103.157.235 - - [06/Aug/2019:10:55:36 -0300] "GET /cormun/static/Resources/PXToolsTabLastUnselected.png HTTP/1.1" 200 1291
186.103.157.235 - - [06/Aug/2019:10:55:36 -0300] "GET /cormun/static/tbsolicitudot01.js?2017111422581186 HTTP/1.1" 200 30566
186.103.157.235 - - [06/Aug/2019:10:55:37 -0300] "GET /cormun/static/calendar-system.css HTTP/1.1" 200 5572
186.103.157.235 - - [06/Aug/2019:10:55:37 -0300] "GET /cormun/static/Resources/PXToolsTabBackUnselected.png HTTP/1.1" 200 1175
186.103.157.235 - - [06/Aug/2019:10:55:37 -0300] "GET /cormun/static/Resources/PXToolsTabBackSelected.png HTTP/1.1" 200 1157
186.103.157.235 - - [06/Aug/2019:10:55:37 -0300] "GET /cormun/static/Resources/PXToolsTabUnselectedUnselected.png HTTP/1.1" 200 1459
186.103.157.235 - - [06/Aug/2019:10:55:37 -0300] "GET /cormun/static/Resources/PXToolsTabSelectedUnselected.png HTTP/1.1" 200 1428
186.103.157.235 - - [06/Aug/2019:10:55:37 -0300] "GET /cormun/servlet/vesolicitudot?2019,15694,, HTTP/1.1" 200 8652
190.171.134.178 - - [06/Aug/2019:10:55:37 -0300] "POST /cormun/servlet/solicitudotadjuntos?gx-no-cache=1565099424441 HTTP/1.1" 200 26
190.171.134.178 - - [06/Aug/2019:10:55:46 -0300] "GET /cormun/servlet/solicitudotadjuntos?7cc5af907a30c128e45401524b0fe75fe7e01250aea59a1b8ecc36d08f76aa95,gx-no-cache=1565099432979 HTTP/1.1" 200 30
190.171.134.178 - - [06/Aug/2019:10:55:46 -0300] "GET /cormun/servlet/solicitudotadjuntos?7cc5af907a30c128e45401524b0fe75fe7e01250aea59a1b8ecc36d08f76aa95,gx-no-cache=1565099433118 HTTP/1.1" 200 30
186.103.157.235 - - [06/Aug/2019:10:55:49 -0300] "GET /cormun/servlet/trsolicitudot? HTTP/1.1" 200 8977
186.103.157.235 - - [06/Aug/2019:10:55:50 -0300] "GET /cormun/servlet/trsolicitudot? HTTP/1.1" 200 8975
186.103.159.44 - - [06/Aug/2019:10:55:50 -0300] "POST /cormun/servlet/hlogin?e50cda97026e24c1654f715fe9353b4e,gx-no-cache=1565099439314 HTTP/1.1" 200 90
190.171.134.178 - - [06/Aug/2019:10:55:50 -0300] "POST /cormun/servlet/solicitudotadjuntos?8844148b113617f8700b304d423ed9ad,INS,2019,15883,,1, HTTP/1.1" 200 116
186.103.159.44 - - [06/Aug/2019:10:55:50 -0300] "GET /cormun/servlet/hpexe_link HTTP/1.1" 200 948
186.103.159.44 - - [06/Aug/2019:10:55:50 -0300] "GET /cormun/servlet/hhome HTTP/1.1" 200 4268
190.171.134.178 - - [06/Aug/2019:10:55:51 -0300] "GET /cormun/servlet/hpexe_return? HTTP/1.1" 200 1026
190.171.134.178 - - [06/Aug/2019:10:55:51 -0300] "GET /cormun/servlet/trsolicitudadjuntos?2019,15883, HTTP/1.1" 200 9141
186.103.159.44 - - [06/Aug/2019:10:55:52 -0300] "GET /cormun/servlet/hhome HTTP/1.1" 200 4264
190.171.134.178 - - [06/Aug/2019:10:55:52 -0300] "GET /cormun/servlet/trsolicitudadjuntos?2019,15883, HTTP/1.1" 200 9135
190.171.134.178 - - [06/Aug/2019:10:55:55 -0300] "GET /cormun/servlet/solicitudotadjuntos?INS,2019,15883,,1, HTTP/1.1" 200 6060
186.103.159.44 - - [06/Aug/2019:10:55:56 -0300] "GET /cormun/servlet/trpermisosgoce? HTTP/1.1" 200 8906
190.171.134.178 - - [06/Aug/2019:10:55:56 -0300] "GET /cormun/static/about:blank HTTP/1.1" 404 1011
186.103.159.44 - - [06/Aug/2019:10:55:57 -0300] "GET /cormun/servlet/trpermisosgoce? HTTP/1.1" 200 8904
190.171.134.178 - - [06/Aug/2019:10:55:57 -0300] "GET /cormun/servlet/solicitudotadjuntos?INS,2019,15883,,1, HTTP/1.1" 200 6054
190.171.134.178 - - [06/Aug/2019:10:55:57 -0300] "GET /cormun/servlet/solicitudotadjuntos?7cc5af907a30c128e45401524b0fe75f4bb7e81a837c52ecef4fa55d61e779896ea2231d912e4e55df86ea7782c09a2a,gx-no-cache=1565099444227 HTTP/1.1" 200 30
190.171.134.178 - - [06/Aug/2019:10:55:58 -0300] "POST /cormun/servlet/solicitudotadjuntos?8844148b113617f8700b304d423ed9ad,INS,2019,15883,,1,,gx-no-cache=1565099444363 HTTP/1.1" 200 3850
186.103.159.44 - - [06/Aug/2019:10:56:01 -0300] "GET /cormun/servlet/trpermisosgoce? HTTP/1.1" 200 8904
186.103.159.44 - - [06/Aug/2019:10:56:02 -0300] "GET /cormun/servlet/trpermisosgoce? HTTP/1.1" 200 8904
186.103.157.235 - - [06/Aug/2019:10:56:02 -0300] "POST /cormun/servlet/trsolicitudot?481908f58fc6c75143cad7c86aeac11e,,gx-no-cache=1565099448456 HTTP/1.1" 200 11592
190.171.134.178 - - [06/Aug/2019:10:56:04 -0300] "POST /cormun/servlet/solicitudotadjuntos?gx-no-cache=1565099451194 HTTP/1.1" 200 26
186.103.159.44 - - [06/Aug/2019:10:56:06 -0300] "GET /cormun/servlet/permisogoce?INS,0,,, HTTP/1.1" 200 7137
186.103.159.44 - - [06/Aug/2019:10:56:06 -0300] "GET /cormun/static/permisogoce.js?2017761264459 HTTP/1.1" 200 27897
186.103.159.44 - - [06/Aug/2019:10:56:06 -0300] "GET /cormun/static/gxcfg.js?201776126440 HTTP/1.1" 200 953
186.103.159.44 - - [06/Aug/2019:10:56:07 -0300] "GET /cormun/servlet/permisogoce?INS,0,,, HTTP/1.1" 200 7138
186.103.157.235 - - [06/Aug/2019:10:56:15 -0300] "GET /cormun/servlet/vesolicitudot?2019,15761,, HTTP/1.1" 200 8646
186.103.157.235 - - [06/Aug/2019:10:56:16 -0300] "GET /cormun/pexe_scrolldiv.js HTTP/1.1" 404 1009
186.103.157.235 - - [06/Aug/2019:10:56:16 -0300] "GET /cormun/servlet/vesolicitudot?2019,15761,, HTTP/1.1" 200 8645
190.171.134.178 - - [06/Aug/2019:10:56:17 -0300] "GET /cormun/servlet/solicitudotadjuntos?7cc5af907a30c128e45401524b0fe75fe7e01250aea59a1b8ecc36d08f76aa95,gx-no-cache=1565099464339 HTTP/1.1" 200 30
190.171.134.178 - - [06/Aug/2019:10:56:17 -0300] "GET /cormun/servlet/solicitudotadjuntos?7cc5af907a30c128e45401524b0fe75fe7e01250aea59a1b8ecc36d08f76aa95,gx-no-cache=1565099464476 HTTP/1.1" 200 30
186.103.159.44 - - [06/Aug/2019:10:56:22 -0300] "GET /cormun/servlet/permisogoce?17752411cef20debde1bb9d74ca83662efe45e5407b9f60bce4aa3e973acc9bd1663372f71289cff06f9d42cc60a9a9bb141b6c0576be9c7018c09256387cef7,gx-no-cache=1565099471958 HTTP/1.1" 200 226
186.103.159.44 - - [06/Aug/2019:10:56:23 -0300] "GET /cormun/static/Shared/jqueryui/images/ui-icons_82798d_256x240.png HTTP/1.1" 404 1089
186.103.159.44 - - [06/Aug/2019:10:56:23 -0300] "GET /cormun/static/Shared/jqueryui/images/ui-bg_flat_55_994d53_40x100.png HTTP/1.1" 404 1097
186.103.159.44 - - [06/Aug/2019:10:56:23 -0300] "GET /cormun/static/Shared/jqueryui/images/ui-bg_highlight-soft_100_c6c2c8_1x100.png HTTP/1.1" 404 1117
186.103.159.44 - - [06/Aug/2019:10:56:23 -0300] "GET /cormun/static/Shared/jqueryui/images/ui-icons_ebccce_256x240.png HTTP/1.1" 404 1089
190.171.134.178 - - [06/Aug/2019:10:56:26 -0300] "POST /cormun/servlet/solicitudotadjuntos?8844148b113617f8700b304d423ed9ad,INS,2019,15883,,1, HTTP/1.1" 200 116
190.171.134.178 - - [06/Aug/2019:10:56:26 -0300] "GET /cormun/servlet/hpexe_return? HTTP/1.1" 200 1026
190.171.134.178 - - [06/Aug/2019:10:56:27 -0300] "GET /cormun/servlet/trsolicitudadjuntos?2019,15883, HTTP/1.1" 200 9345
190.171.134.178 - - [06/Aug/2019:10:56:28 -0300] "GET /cormun/servlet/trsolicitudadjuntos?2019,15883, HTTP/1.1" 200 9345
190.171.134.178 - - [06/Aug/2019:10:56:30 -0300] "GET /cormun/servlet/solicitudotadjuntos?INS,2019,15883,,1, HTTP/1.1" 200 6060
190.171.134.178 - - [06/Aug/2019:10:56:31 -0300] "GET /cormun/static/about:blank HTTP/1.1" 404 1011
190.171.134.178 - - [06/Aug/2019:10:56:31 -0300] "GET /cormun/servlet/solicitudotadjuntos?INS,2019,15883,,1, HTTP/1.1" 200 6054
190.171.134.178 - - [06/Aug/2019:10:56:32 -0300] "GET /cormun/servlet/solicitudotadjuntos?7cc5af907a30c128e45401524b0fe75f4bb7e81a837c52ecef4fa55d61e779896ea2231d912e4e55df86ea7782c09a2a,gx-no-cache=1565099479304 HTTP/1.1" 200 30
190.171.134.178 - - [06/Aug/2019:10:56:32 -0300] "POST /cormun/servlet/solicitudotadjuntos?8844148b113617f8700b304d423ed9ad,INS,2019,15883,,1,,gx-no-cache=1565099479516 HTTP/1.1" 200 3850
190.171.134.178 - - [06/Aug/2019:10:56:38 -0300] "POST /cormun/servlet/solicitudotadjuntos?gx-no-cache=1565099484835 HTTP/1.1" 200 26
186.103.159.44 - - [06/Aug/2019:10:56:39 -0300] "GET /cormun/servlet/permisogoce?17752411cef20debde1bb9d74ca83662efe45e5407b9f60bce4aa3e973acc9bdff14e0db42895ebf6bd9922cfa5e47ba9873300271fb7fac11000e36ef952e03,gx-no-cache=1565099488152 HTTP/1.1" 200 82
186.103.159.44 - - [06/Aug/2019:10:56:42 -0300] "GET /cormun/static/menuarrow.gif HTTP/1.1" 404 1015
190.171.134.178 - - [06/Aug/2019:10:56:46 -0300] "GET /cormun/servlet/solicitudotadjuntos?7cc5af907a30c128e45401524b0fe75fe7e01250aea59a1b8ecc36d08f76aa95,gx-no-cache=1565099493788 HTTP/1.1" 200 30
190.171.134.178 - - [06/Aug/2019:10:56:47 -0300] "GET /cormun/servlet/solicitudotadjuntos?7cc5af907a30c128e45401524b0fe75fe7e01250aea59a1b8ecc36d08f76aa95,gx-no-cache=1565099493928 HTTP/1.1" 200 30
186.103.159.44 - - [06/Aug/2019:10:56:47 -0300] "GET /cormun/servlet/permisogoce?17752411cef20debde1bb9d74ca83662c7a28c56dee7a5ae04793a00e5ccfc0317faae1caf3cdf2c64c5d0adabdc3299b6f820d72e8fcaa34b380d195ba5e7a0,gx-no-cache=1565099495743 HTTP/1.1" 200 46
190.171.134.178 - - [06/Aug/2019:10:56:55 -0300] "POST /cormun/servlet/solicitudotadjuntos?8844148b113617f8700b304d423ed9ad,INS,2019,15883,,1, HTTP/1.1" 200 116
190.171.134.178 - - [06/Aug/2019:10:56:55 -0300] "GET /cormun/servlet/hpexe_return? HTTP/1.1" 200 1026
190.171.134.178 - - [06/Aug/2019:10:56:56 -0300] "GET /cormun/servlet/trsolicitudadjuntos?2019,15883, HTTP/1.1" 200 9619
190.171.134.178 - - [06/Aug/2019:10:56:57 -0300] "GET /cormun/servlet/trsolicitudadjuntos?2019,15883, HTTP/1.1" 200 9617
190.171.134.178 - - [06/Aug/2019:10:57:01 -0300] "GET /cormun/servlet/solicitudotadjuntos?INS,2019,15883,,1, HTTP/1.1" 200 6060
190.171.134.178 - - [06/Aug/2019:10:57:02 -0300] "GET /cormun/static/about:blank HTTP/1.1" 404 1011
190.171.134.178 - - [06/Aug/2019:10:57:02 -0300] "GET /cormun/servlet/solicitudotadjuntos?INS,2019,15883,,1, HTTP/1.1" 200 6054
190.171.134.178 - - [06/Aug/2019:10:57:02 -0300] "GET /cormun/servlet/solicitudotadjuntos?7cc5af907a30c128e45401524b0fe75f4bb7e81a837c52ecef4fa55d61e779896ea2231d912e4e55df86ea7782c09a2a,gx-no-cache=1565099509778 HTTP/1.1" 200 30
190.171.134.178 - - [06/Aug/2019:10:57:04 -0300] "POST /cormun/servlet/solicitudotadjuntos?8844148b113617f8700b304d423ed9ad,INS,2019,15883,,1,,gx-no-cache=1565099509961 HTTP/1.1" 200 3850
186.103.159.44 - - [06/Aug/2019:10:57:07 -0300] "POST /cormun/servlet/permisogoce?e50cda97026e24c1654f715fe9353b4e,INS,0,,,,gx-no-cache=1565099514701 HTTP/1.1" 200 93
186.103.159.44 - - [06/Aug/2019:10:57:07 -0300] "GET /cormun/servlet/hpexe_return? HTTP/1.1" 200 1008
186.103.159.44 - - [06/Aug/2019:10:57:08 -0300] "GET /cormun/servlet/trpermisosgoce HTTP/1.1" 200 9154
186.103.159.44 - - [06/Aug/2019:10:57:09 -0300] "GET /cormun/servlet/trpermisosgoce HTTP/1.1" 200 9149
190.171.134.178 - - [06/Aug/2019:10:57:09 -0300] "POST /cormun/servlet/solicitudotadjuntos?gx-no-cache=1565099516284 HTTP/1.1" 200 26
186.103.159.44 - - [06/Aug/2019:10:57:15 -0300] "GET /cormun/servlet/trpermisosgoce? HTTP/1.1" 200 9149
186.103.159.44 - - [06/Aug/2019:10:57:16 -0300] "GET /cormun/servlet/trpermisosgoce? HTTP/1.1" 200 9149
190.171.134.178 - - [06/Aug/2019:10:57:18 -0300] "GET /cormun/servlet/solicitudotadjuntos?7cc5af907a30c128e45401524b0fe75fe7e01250aea59a1b8ecc36d08f76aa95,gx-no-cache=1565099525159 HTTP/1.1" 200 30
190.171.134.178 - - [06/Aug/2019:10:57:18 -0300] "GET /cormun/servlet/solicitudotadjuntos?7cc5af907a30c128e45401524b0fe75fe7e01250aea59a1b8ecc36d08f76aa95,gx-no-cache=1565099525298 HTTP/1.1" 200 30
186.103.159.44 - - [06/Aug/2019:10:57:19 -0300] "GET /cormun/servlet/apermisogoceprn?18374923,P,20190806094520,PU HTTP/1.1" 200 1662
190.171.134.178 - - [06/Aug/2019:10:57:33 -0300] "POST /cormun/servlet/solicitudotadjuntos?8844148b113617f8700b304d423ed9ad,INS,2019,15883,,1, HTTP/1.1" 200 116
190.171.134.178 - - [06/Aug/2019:10:57:33 -0300] "GET /cormun/servlet/hpexe_return? HTTP/1.1" 200 1026
190.171.134.178 - - [06/Aug/2019:10:57:34 -0300] "GET /cormun/servlet/trsolicitudadjuntos?2019,15883, HTTP/1.1" 200 9857
190.171.134.178 - - [06/Aug/2019:10:57:35 -0300] "GET /cormun/servlet/trsolicitudadjuntos?2019,15883, HTTP/1.1" 200 9852
190.171.134.178 - - [06/Aug/2019:10:57:45 -0300] "GET /cormun/servlet/trvisualizadoreventos? HTTP/1.1" 200 6763
190.171.134.178 - - [06/Aug/2019:10:57:46 -0300] "GET /cormun/static/trvisualizadoreventos.js?20175251251768 HTTP/1.1" 200 19318
190.171.134.178 - - [06/Aug/2019:10:57:46 -0300] "GET /cormun/static/Resources/PXToolsActionPrint.png HTTP/1.1" 200 3317
190.171.134.178 - - [06/Aug/2019:10:57:46 -0300] "GET /cormun/static/gxcfg.js?20175251251426 HTTP/1.1" 200 953
190.171.134.178 - - [06/Aug/2019:10:57:47 -0300] "GET /cormun/servlet/trvisualizadoreventos? HTTP/1.1" 200 6750
200.54.103.162 - - [06/Aug/2019:10:57:47 -0300] "POST /cormun/servlet/trlicencias?11730b7390656c65492f4a5fd7e041c9,,gx-no-cache=1565099554409 HTTP/1.1" 440 972
200.54.103.162 - - [06/Aug/2019:10:57:49 -0300] "GET /cormun/servlet/trlicencias? HTTP/1.1" 200 7879
200.54.103.162 - - [06/Aug/2019:10:57:50 -0300] "GET /cormun/servlet/trlicencias? HTTP/1.1" 200 7879
200.54.103.162 - - [06/Aug/2019:10:57:50 -0300] "GET /cormun/servlet/hlogin HTTP/1.1" 200 1732
200.54.103.162 - - [06/Aug/2019:10:57:50 -0300] "GET /cormun/servlet/trlicencias? HTTP/1.1" 200 7879
190.171.134.178 - - [06/Aug/2019:10:57:53 -0300] "GET /cormun/servlet/trsolicitudot? HTTP/1.1" 200 8654
190.171.134.178 - - [06/Aug/2019:10:57:54 -0300] "GET /cormun/servlet/trsolicitudot? HTTP/1.1" 200 8653
190.171.134.178 - - [06/Aug/2019:10:57:59 -0300] "POST /cormun/servlet/trsolicitudot?8844148b113617f8700b304d423ed9ad,,gx-no-cache=1565099565465 HTTP/1.1" 200 4573
190.171.134.178 - - [06/Aug/2019:10:57:59 -0300] "GET /cormun/static/Shared/jqueryui/images/ui-bg_flat_55_fafafa_40x100.png HTTP/1.1" 404 1097
190.171.134.178 - - [06/Aug/2019:10:57:59 -0300] "GET /cormun/static/Shared/jqueryui/images/ui-icons_8d78a5_256x240.png HTTP/1.1" 404 1089
190.171.134.178 - - [06/Aug/2019:10:58:00 -0300] "GET /cormun/static/Shared/jqueryui/images/ui-bg_highlight-soft_100_c6c2c8_1x100.png HTTP/1.1" 404 1117
190.171.134.178 - - [06/Aug/2019:10:58:00 -0300] "GET /cormun/static/Shared/jqueryui/images/ui-icons_82798d_256x240.png HTTP/1.1" 404 1089
190.171.134.178 - - [06/Aug/2019:10:58:00 -0300] "POST /cormun/servlet/trsolicitudot?8844148b113617f8700b304d423ed9ad,,gx-no-cache=1565099566649 HTTP/1.1" 200 4313
200.54.103.162 - - [06/Aug/2019:10:58:00 -0300] "POST /cormun/servlet/hlogin?7e3ab47e884407d36526de11e5981474,gx-no-cache=1565099567053 HTTP/1.1" 200 90
200.54.103.162 - - [06/Aug/2019:10:58:00 -0300] "GET /cormun/servlet/hpexe_link HTTP/1.1" 200 951
200.54.103.162 - - [06/Aug/2019:10:58:01 -0300] "GET /cormun/servlet/trlicencias HTTP/1.1" 200 14098
200.54.103.162 - - [06/Aug/2019:10:58:02 -0300] "GET /cormun/servlet/trlicencias HTTP/1.1" 200 14101
190.171.134.178 - - [06/Aug/2019:10:58:12 -0300] "GET /cormun/servlet/hlogin HTTP/1.1" 200 1737
190.171.134.178 - - [06/Aug/2019:10:58:29 -0300] "POST /cormun/servlet/hlogin?8844148b113617f8700b304d423ed9ad,gx-no-cache=1565099595903 HTTP/1.1" 200 90
190.171.134.178 - - [06/Aug/2019:10:58:29 -0300] "GET /cormun/servlet/hpexe_link HTTP/1.1" 200 949
190.171.134.178 - - [06/Aug/2019:10:58:29 -0300] "GET /cormun/servlet/hhome HTTP/1.1" 200 4235
190.171.134.178 - - [06/Aug/2019:10:58:30 -0300] "GET /cormun/servlet/hhome HTTP/1.1" 200 4231
190.171.134.178 - - [06/Aug/2019:10:58:42 -0300] "GET /cormun/servlet/trautorizarsolicitud? HTTP/1.1" 200 8748
190.171.134.178 - - [06/Aug/2019:10:58:43 -0300] "GET /cormun/servlet/trautorizarsolicitud? HTTP/1.1" 200 8746
190.171.134.178 - - [06/Aug/2019:10:59:03 -0300] "POST /cormun/servlet/trautorizarsolicitud?8844148b113617f8700b304d423ed9ad,,gx-no-cache=1565099629749 HTTP/1.1" 200 4716
190.171.134.178 - - [06/Aug/2019:10:59:03 -0300] "POST /cormun/servlet/trautorizarsolicitud?8844148b113617f8700b304d423ed9ad,,gx-no-cache=1565099630190 HTTP/1.1" 200 4456
186.103.157.235 - - [06/Aug/2019:10:59:41 -0300] "GET /cormun/servlet/trsolicitudot? HTTP/1.1" 200 14469
186.103.157.235 - - [06/Aug/2019:10:59:42 -0300] "GET /cormun/servlet/trsolicitudot? HTTP/1.1" 200 14467
186.103.157.235 - - [06/Aug/2019:11:00:10 -0300] "GET /cormun/servlet/vesolicitudot?2019,15832,, HTTP/1.1" 200 8677
186.103.157.235 - - [06/Aug/2019:11:00:10 -0300] "GET /cormun/pexe_scrolldiv.js HTTP/1.1" 404 1009
186.103.157.235 - - [06/Aug/2019:11:00:10 -0300] "GET /cormun/servlet/vesolicitudot?2019,15832,, HTTP/1.1" 200 8677
186.103.159.204 - - [06/Aug/2019:11:00:39 -0300] "GET /cormun/servlet/hlogin HTTP/1.1" 200 1716
186.103.159.204 - - [06/Aug/2019:11:00:41 -0300] "POST /cormun/servlet/hlogin?200ce3f3a47ace1e605aa193240d23c9,gx-no-cache=1565096125513 HTTP/1.1" 200 90
186.103.159.204 - - [06/Aug/2019:11:00:41 -0300] "GET /cormun/servlet/hpexe_link HTTP/1.1" 200 942
186.103.159.204 - - [06/Aug/2019:11:00:41 -0300] "GET /cormun/servlet/hhome HTTP/1.1" 200 4009
186.103.159.204 - - [06/Aug/2019:11:00:43 -0300] "GET /cormun/servlet/hhome HTTP/1.1" 200 4004
186.103.159.204 - - [06/Aug/2019:11:00:45 -0300] "GET /cormun/servlet/trlicencias? HTTP/1.1" 200 9653
186.103.159.204 - - [06/Aug/2019:11:00:46 -0300] "GET /cormun/servlet/trlicencias? HTTP/1.1" 200 9657
186.103.157.235 - - [06/Aug/2019:11:00:48 -0300] "GET /cormun/servlet/trsolicitudot? HTTP/1.1" 200 14469
186.103.157.235 - - [06/Aug/2019:11:00:48 -0300] "GET /cormun/servlet/trsolicitudot? HTTP/1.1" 200 14467
186.103.157.235 - - [06/Aug/2019:11:01:06 -0300] "POST /cormun/servlet/trsolicitudot?481908f58fc6c75143cad7c86aeac11e,,gx-no-cache=1565099751229 HTTP/1.1" 200 103
186.103.157.235 - - [06/Aug/2019:11:01:07 -0300] "GET /cormun/SolicitudOT-1979.xls HTTP/1.1" 200 11264
190.171.143.82 - - [06/Aug/2019:11:02:11 -0300] "GET /cormun/servlet/hhome HTTP/1.1" 200 3409
190.171.143.82 - - [06/Aug/2019:11:02:12 -0300] "GET /cormun/servlet/hhome HTTP/1.1" 200 3419
190.171.143.82 - - [06/Aug/2019:11:02:12 -0300] "GET /cormun/servlet/hlogin HTTP/1.1" 200 1723
190.171.143.82 - - [06/Aug/2019:11:02:41 -0300] "POST /cormun/servlet/hlogin?b716e9dd0147f70cc24e07ae885dd85d,gx-no-cache=1565104207366 HTTP/1.1" 200 90
190.171.143.82 - - [06/Aug/2019:11:02:42 -0300] "GET /cormun/servlet/hpexe_link HTTP/1.1" 200 941
190.171.143.82 - - [06/Aug/2019:11:02:42 -0300] "GET /cormun/servlet/hhome HTTP/1.1" 200 4067
190.171.143.82 - - [06/Aug/2019:11:02:43 -0300] "GET /cormun/servlet/hhome HTTP/1.1" 200 4063
190.171.143.82 - - [06/Aug/2019:11:02:46 -0300] "GET /cormun/servlet/trpermisosgoce? HTTP/1.1" 200 12027
190.171.143.82 - - [06/Aug/2019:11:02:47 -0300] "GET /cormun/servlet/trpermisosgoce? HTTP/1.1" 200 12030
190.171.143.82 - - [06/Aug/2019:11:03:06 -0300] "GET /cormun/servlet/permisogoce?INS,0,,, HTTP/1.1" 200 6904
190.171.143.82 - - [06/Aug/2019:11:03:07 -0300] "GET /cormun/servlet/permisogoce?INS,0,,, HTTP/1.1" 200 6904
66.249.83.25 - - [06/Aug/2019:11:03:36 -0300] "GET /cormun/servlet/hlogin HTTP/1.1" 200 1716
66.249.83.29 - - [06/Aug/2019:11:03:37 -0300] "GET /cormun/servlet/hlogin?_escaped_fragment_= HTTP/1.1" 200 1716
66.249.83.27 - - [06/Aug/2019:11:03:37 -0300] "GET /favicon.ico HTTP/1.1" 200 21630
190.171.143.82 - - [06/Aug/2019:11:03:44 -0300] "GET /cormun/servlet/permisogoce?45c1603be291c187582a93f83f67028929b4fcebc9d7a1226347650c43d079dfa8d400b5a44083655e5aa402b04df4c5,gx-no-cache=1565104270321 HTTP/1.1" 200 79
190.171.143.82 - - [06/Aug/2019:11:04:25 -0300] "GET /cormun/servlet/permisogoce?45c1603be291c187582a93f83f6702896e18b94a363a3729a8c19af03016c82db1dd2797b0968ed0ef2625968b21991164bdbf25246da28ab10e6807909284b3,gx-no-cache=1565104311125 HTTP/1.1" 200 48
190.171.143.82 - - [06/Aug/2019:11:04:37 -0300] "POST /cormun/servlet/permisogoce?b716e9dd0147f70cc24e07ae885dd85d,INS,0,,,,gx-no-cache=1565104320687 HTTP/1.1" 200 93
190.171.143.82 - - [06/Aug/2019:11:04:37 -0300] "GET /cormun/servlet/hpexe_return? HTTP/1.1" 200 1000
190.171.143.82 - - [06/Aug/2019:11:04:38 -0300] "GET /cormun/servlet/trpermisosgoce HTTP/1.1" 200 12296
190.171.143.82 - - [06/Aug/2019:11:04:39 -0300] "GET /cormun/servlet/trpermisosgoce HTTP/1.1" 200 12288
190.171.143.82 - - [06/Aug/2019:11:04:43 -0300] "GET /cormun/servlet/apermisogoceprn?7469643,P,20190806095220,PU HTTP/1.1" 200 1653
200.86.99.60 - - [06/Aug/2019:11:10:37 -0300] "GET /cormun/servlet/hlogin HTTP/1.1" 200 1726
200.86.99.60 - - [06/Aug/2019:11:10:37 -0300] "GET /cormun/static/gxtimezone.js?85251 HTTP/1.1" 200 5781
200.86.99.60 - - [06/Aug/2019:11:10:37 -0300] "GET /cormun/static/gxcfg.js?20177612122725 HTTP/1.1" 200 953
200.86.99.60 - - [06/Aug/2019:11:10:37 -0300] "GET /cormun/static/messages.spa.js?85251 HTTP/1.1" 200 30736
200.86.99.60 - - [06/Aug/2019:11:10:38 -0300] "GET /cormun/static/Resources/ComunLogin.png HTTP/1.1" 200 17326
200.86.99.60 - - [06/Aug/2019:11:10:38 -0300] "GET /cormun/static/Resources/Spanish/PXTools.css?1155365 HTTP/1.1" 200 89042
200.86.99.60 - - [06/Aug/2019:11:10:38 -0300] "GET /cormun/static/hlogin.js?20177612122738 HTTP/1.1" 200 2136
200.86.99.60 - - [06/Aug/2019:11:10:40 -0300] "GET /cormun/static/gxgral.js?85251 HTTP/1.1" 200 384558
200.86.99.60 - - [06/Aug/2019:11:10:40 -0300] "GET /cormun/static/Resources/PXToolsLoginTop.png HTTP/1.1" 200 1337
200.86.99.60 - - [06/Aug/2019:11:10:40 -0300] "GET /cormun/static/Resources/PXToolsLoginBackground.png HTTP/1.1" 200 1164
200.86.99.60 - - [06/Aug/2019:11:10:40 -0300] "GET /cormun/static/Resources/PXToolsLoginBottom.png HTTP/1.1" 200 1389
200.86.99.60 - - [06/Aug/2019:11:10:40 -0300] "GET /cormun/static/Resources/PXToolsButtonRight21.png HTTP/1.1" 200 1283
200.86.99.60 - - [06/Aug/2019:11:10:40 -0300] "GET /cormun/static/Resources/PXToolsButtonBackground2.png HTTP/1.1" 200 1181
200.86.99.60 - - [06/Aug/2019:11:10:40 -0300] "GET /cormun/static/Resources/indicator.gif HTTP/1.1" 200 1553
200.86.99.60 - - [06/Aug/2019:11:10:40 -0300] "GET /cormun/servlet/hlogin HTTP/1.1" 200 1737
200.86.99.60 - - [06/Aug/2019:11:10:40 -0300] "GET /cormun/static/Resources/PXToolsButtonLeft21.png HTTP/1.1" 200 1287
200.86.99.60 - - [06/Aug/2019:11:10:41 -0300] "GET /cormun/static/Resources/PXToolsButtonLeft21.png HTTP/1.1" 200 1287
200.86.99.60 - - [06/Aug/2019:11:10:41 -0300] "GET /favicon.ico HTTP/1.1" 200 21630
190.171.134.178 - - [06/Aug/2019:11:13:29 -0300] "GET /cormun/servlet/hlogin HTTP/1.1" 200 1717
190.171.134.178 - - [06/Aug/2019:11:14:12 -0300] "POST /cormun/servlet/hlogin?5b96116c0d8aa2953965597b723750c7,gx-no-cache=1565100539388 HTTP/1.1" 200 90
190.171.134.178 - - [06/Aug/2019:11:14:12 -0300] "GET /cormun/servlet/hpexe_link HTTP/1.1" 200 946
190.171.134.178 - - [06/Aug/2019:11:14:13 -0300] "GET /cormun/servlet/hhome HTTP/1.1" 200 4007
190.171.134.178 - - [06/Aug/2019:11:14:14 -0300] "GET /cormun/servlet/hhome HTTP/1.1" 200 4003
190.171.134.178 - - [06/Aug/2019:11:14:18 -0300] "GET /cormun/servlet/trsolicitudot? HTTP/1.1" 200 7224
190.171.134.178 - - [06/Aug/2019:11:14:19 -0300] "GET /cormun/servlet/trsolicitudot? HTTP/1.1" 200 7223
190.171.134.178 - - [06/Aug/2019:11:14:22 -0300] "GET /cormun/servlet/solicitudot?INS,0,0, HTTP/1.1" 200 15046
190.171.134.178 - - [06/Aug/2019:11:14:24 -0300] "GET /cormun/servlet/solicitudot?INS,0,0, HTTP/1.1" 200 15051
190.171.134.178 - - [06/Aug/2019:11:14:38 -0300] "POST /cormun/servlet/solicitudot?gx-no-cache=1565100564691 HTTP/1.1" 200 3589
190.171.134.178 - - [06/Aug/2019:11:14:40 -0300] "POST /cormun/servlet/solicitudot?5b96116c0d8aa2953965597b723750c7,INS,0,0,,gx-no-cache=1565100565397 HTTP/1.1" 200 11881
190.171.134.178 - - [06/Aug/2019:11:14:45 -0300] "GET /cormun/servlet/solicitudot?1fc6188092fbd23eed43714f493e00daeeae985ba894a07d52d3499caeff11bceffa1f7d7bb6311266b8a315311a7913,gx-no-cache=1565100572171 HTTP/1.1" 200 30
190.171.134.178 - - [06/Aug/2019:11:14:45 -0300] "GET /cormun/servlet/solicitudot?1fc6188092fbd23eed43714f493e00da7e2928668227d0ec484e382ecd74b67fd6fd883b6c03e1b146baebf164912a5edd5bf186a433154799f434c64cdcbaa1,gx-no-cache=1565100572361 HTTP/1.1" 200 30
190.171.134.178 - - [06/Aug/2019:11:14:46 -0300] "GET /cormun/servlet/solicitudot?1fc6188092fbd23eed43714f493e00da1c245f7cb59b7549a8308953ce5c1c8c,gx-no-cache=1565100572541 HTTP/1.1" 200 53
190.171.134.178 - - [06/Aug/2019:11:14:46 -0300] "POST /cormun/servlet/solicitudot?gx-no-cache=1565100573011 HTTP/1.1" 200 255
190.171.134.178 - - [06/Aug/2019:11:14:46 -0300] "GET /cormun/servlet/solicitudot?1fc6188092fbd23eed43714f493e00da565ab8d31653e977063112c10591251ad388bcdae81eaf2768536c63fdee2a7f0bacb37d61643c903860d4072f72b90b8244cb20245a06f3236d4a44fc1c8fd0e47f1fa54af0a9cd07261eb7f8c442c100dd2acb538e8ea683faf2efafc1dd78980d8309d1cc11b61608a584aad587befec6cb7a3b9e2fc6dbb4beb1721b8c4b01dbb841a9661b4ec337f91a3dbc444dddb85b8785bf5b0b1fad6884917859c9a0284bdbd69b3c705f6687ad6ba8b7871ce2d1b6cf46f5c34959f21a6f78a8805ac6c502a384910fed2f5767c67576ca1750287a964b1d0789feda24bb1cd5229963420f9264675d2e56ca49b206921844b186baa2cfb6ae84f5b0d15ebfced3d7f49610611e2487676b7e3f19487be0d341327c63ab651aac7f3ea2d4b2546ef364dd70640dc89918b49355792c85b27c3c9c8667b0a08f332e46cdac886fdce6b225d76417cd15e0657e0d97a06afe57d57739116e71f2aa95b902f6fc4c4f341acbf604948bf6777a5f0e724b6487,gx-no-cache=1565100573650 HTTP/1.1" 200 30
190.171.134.178 - - [06/Aug/2019:11:14:49 -0300] "POST /cormun/servlet/solicitudot?gx-no-cache=1565100576674 HTTP/1.1" 200 30
190.171.134.178 - - [06/Aug/2019:11:14:58 -0300] "GET /cormun/servlet/prcontratosol?15665333,,,,,MD,,gxPopupLevel%3D0%3B HTTP/1.1" 200 7933
190.171.134.178 - - [06/Aug/2019:11:14:58 -0300] "GET /cormun/static/gxcfg.js?201761413223964 HTTP/1.1" 200 953
190.171.134.178 - - [06/Aug/2019:11:14:59 -0300] "GET /cormun/static/prcontratosol.js?201761413224174 HTTP/1.1" 200 15806
190.171.134.178 - - [06/Aug/2019:11:15:04 -0300] "POST /cormun/servlet/solicitudot?gx-no-cache=1565100590214 HTTP/1.1" 200 1361
190.171.134.178 - - [06/Aug/2019:11:15:04 -0300] "POST /cormun/servlet/solicitudot?gx-no-cache=1565100591034 HTTP/1.1" 200 38
190.171.134.178 - - [06/Aug/2019:11:15:04 -0300] "GET /cormun/servlet/solicitudot?1fc6188092fbd23eed43714f493e00da57388a75ffec994b10988c8abb7fc31fdba51569a6cb7704a09173e8e485e284383ec3b5b4aa774c209a0ec79e264d2d2eac45bfd2748076ae8a85555ae79f25122f88d1b16c6905e9ee987cf1df71fa4ed353e406ffc7e87cd38f097bac568d,gx-no-cache=1565100591197 HTTP/1.1" 200 110
190.171.134.178 - - [06/Aug/2019:11:15:05 -0300] "POST /cormun/servlet/solicitudot?gx-no-cache=1565100591376 HTTP/1.1" 200 97
190.171.134.178 - - [06/Aug/2019:11:15:05 -0300] "GET /cormun/servlet/solicitudot?1fc6188092fbd23eed43714f493e00da6944b4dde81a8ae68a213a9d84e8a47a724336625323b6d3802af09204bd18d091758694d128877ad89068a6e987f6e78d1720e51979af7e5ddd979cb8bf68419c825f30e463c54ec3161701fdb4b44cd05ecdba34ddb74e22ac396b40af44b9f539c902c389bd3eb6db0602e8e62d6a74b8f15b74f4ba0d13c188741e0a5226da02bcfdb1f242d604bb4f29578912515bd72790345c74c035523dc21337cc077cfabd59470ec4895dfea8d2eff56929fc494a966ebe9060be86067acb97b906,gx-no-cache=1565100592310 HTTP/1.1" 200 29
190.171.134.178 - - [06/Aug/2019:11:15:05 -0300] "GET /cormun/servlet/solicitudot?1fc6188092fbd23eed43714f493e00dae4245830c385ea18d81bd49a73f596173918d8a30bb73dc21fd3c4790e9d439a,gx-no-cache=1565100592492 HTTP/1.1" 200 134
190.171.134.178 - - [06/Aug/2019:11:15:05 -0300] "GET /cormun/static/Shared/jqueryui/images/ui-bg_highlight-soft_100_c6c2c8_1x100.png HTTP/1.1" 404 1117
190.171.134.178 - - [06/Aug/2019:11:15:05 -0300] "GET /cormun/static/Shared/jqueryui/images/ui-icons_82798d_256x240.png HTTP/1.1" 404 1089
190.171.134.178 - - [06/Aug/2019:11:15:05 -0300] "GET /cormun/static/Shared/jqueryui/images/ui-bg_flat_55_994d53_40x100.png HTTP/1.1" 404 1097
190.171.134.178 - - [06/Aug/2019:11:15:05 -0300] "GET /cormun/static/Shared/jqueryui/images/ui-icons_ebccce_256x240.png HTTP/1.1" 404 1089
190.171.134.178 - - [06/Aug/2019:11:15:19 -0300] "GET /cormun/static/menuarrow.gif HTTP/1.1" 404 1015
190.171.134.178 - - [06/Aug/2019:11:15:43 -0300] "GET /cormun/servlet/solicitudot?1fc6188092fbd23eed43714f493e00daa005b0fec4d24a6c58e3651e284eb59f9e80d74bd58faa61d9d99ae1b91d17af,gx-no-cache=1565100629948 HTTP/1.1" 200 30
190.171.134.178 - - [06/Aug/2019:11:15:43 -0300] "POST /cormun/servlet/solicitudot?gx-no-cache=1565100630516 HTTP/1.1" 200 33
190.171.143.90 - - [06/Aug/2019:11:15:51 -0300] "GET /cormun/servlet/hlogin HTTP/1.1" 200 1724
190.171.143.90 - - [06/Aug/2019:11:15:52 -0300] "GET /cormun/servlet/hlogin HTTP/1.1" 200 1735
190.171.143.90 - - [06/Aug/2019:11:16:07 -0300] "POST /cormun/servlet/hlogin?549b6d6676ec827179780cf4ee90d1cd,gx-no-cache=1565100650747 HTTP/1.1" 200 90
190.171.143.90 - - [06/Aug/2019:11:16:07 -0300] "GET /cormun/servlet/hpexe_link HTTP/1.1" 200 952
190.171.143.90 - - [06/Aug/2019:11:16:08 -0300] "GET /cormun/servlet/hhome HTTP/1.1" 200 4312
190.171.143.90 - - [06/Aug/2019:11:16:09 -0300] "GET /cormun/servlet/hhome HTTP/1.1" 200 4308
190.171.143.90 - - [06/Aug/2019:11:16:13 -0300] "GET /cormun/servlet/trsolicitudot? HTTP/1.1" 200 7527
190.171.143.90 - - [06/Aug/2019:11:16:15 -0300] "GET /cormun/servlet/trsolicitudot? HTTP/1.1" 200 7526
190.171.143.90 - - [06/Aug/2019:11:16:28 -0300] "GET /cormun/servlet/solicitudot?INS,0,0, HTTP/1.1" 200 15352
190.171.143.90 - - [06/Aug/2019:11:16:29 -0300] "GET /cormun/servlet/solicitudot?INS,0,0, HTTP/1.1" 200 15358
186.103.159.46 - - [06/Aug/2019:11:16:30 -0300] "POST /cormun/servlet/hlogin?1ce8248c49c8afc811a0a1af61e1a625,gx-no-cache=1565097074154 HTTP/1.1" 440 972
190.171.134.178 - - [06/Aug/2019:11:16:31 -0300] "POST /cormun/servlet/solicitudot?5b96116c0d8aa2953965597b723750c7,INS,0,0,,gx-no-cache=1565100677285 HTTP/1.1" 200 93
190.171.134.178 - - [06/Aug/2019:11:16:31 -0300] "GET /cormun/servlet/hpexe_return? HTTP/1.1" 200 1002
190.171.134.178 - - [06/Aug/2019:11:16:31 -0300] "GET /cormun/servlet/trsolicitudot HTTP/1.1" 200 8628
186.103.159.46 - - [06/Aug/2019:11:16:32 -0300] "GET /cormun/servlet/hlogin HTTP/1.1" 200 1732
190.171.134.178 - - [06/Aug/2019:11:16:33 -0300] "GET /cormun/servlet/trsolicitudot HTTP/1.1" 200 8624
186.103.159.46 - - [06/Aug/2019:11:16:33 -0300] "GET /cormun/servlet/hlogin HTTP/1.1" 200 1732
190.171.143.90 - - [06/Aug/2019:11:16:34 -0300] "GET /cormun/servlet/prfichaempleado?,MD,,gxPopupLevel%3D0%3B HTTP/1.1" 200 9402
190.171.134.178 - - [06/Aug/2019:11:16:39 -0300] "GET /cormun/servlet/trsolicitudot? HTTP/1.1" 200 8624
186.103.159.46 - - [06/Aug/2019:11:16:39 -0300] "POST /cormun/servlet/hlogin?aa5158911514c784608b583838a76ba1,gx-no-cache=1565097083327 HTTP/1.1" 200 90
186.103.159.46 - - [06/Aug/2019:11:16:39 -0300] "GET /cormun/servlet/hpexe_link HTTP/1.1" 200 951
186.103.159.46 - - [06/Aug/2019:11:16:40 -0300] "GET /cormun/servlet/hhome HTTP/1.1" 200 4061
190.171.134.178 - - [06/Aug/2019:11:16:40 -0300] "GET /cormun/servlet/trsolicitudot? HTTP/1.1" 200 8624
186.103.159.46 - - [06/Aug/2019:11:16:43 -0300] "GET /cormun/servlet/hhome HTTP/1.1" 200 4057
190.171.134.178 - - [06/Aug/2019:11:16:44 -0300] "GET /cormun/servlet/solicitudot?INS,0,0, HTTP/1.1" 200 15046
190.171.143.90 - - [06/Aug/2019:11:16:45 -0300] "POST /cormun/servlet/prfichaempleado?549b6d6676ec827179780cf4ee90d1cd,,MD,,gxPopupLevel%3D0%3B,gx-no-cache=1565100687794 HTTP/1.1" 200 6264
186.103.159.46 - - [06/Aug/2019:11:16:45 -0300] "GET /cormun/servlet/trlicencias? HTTP/1.1" 200 9805
190.171.134.178 - - [06/Aug/2019:11:16:46 -0300] "GET /cormun/servlet/solicitudot?INS,0,0, HTTP/1.1" 200 15051
186.103.159.46 - - [06/Aug/2019:11:16:47 -0300] "GET /cormun/servlet/trlicencias? HTTP/1.1" 200 9803
186.103.159.46 - - [06/Aug/2019:11:16:50 -0300] "GET /cormun/servlet/trpermisosgoce? HTTP/1.1" 200 9971
186.103.159.46 - - [06/Aug/2019:11:16:54 -0300] "GET /cormun/servlet/trpermisosgoce? HTTP/1.1" 200 9977
190.171.143.90 - - [06/Aug/2019:11:17:01 -0300] "POST /cormun/servlet/solicitudot?gx-no-cache=1565100703515 HTTP/1.1" 200 3578
190.171.143.90 - - [06/Aug/2019:11:17:02 -0300] "POST /cormun/servlet/solicitudot?549b6d6676ec827179780cf4ee90d1cd,INS,0,0,,gx-no-cache=1565100704725 HTTP/1.1" 200 12063
190.171.134.178 - - [06/Aug/2019:11:17:10 -0300] "POST /cormun/servlet/solicitudot?gx-no-cache=1565100717286 HTTP/1.1" 200 3600
190.171.134.178 - - [06/Aug/2019:11:17:11 -0300] "POST /cormun/servlet/solicitudot?5b96116c0d8aa2953965597b723750c7,INS,0,0,,gx-no-cache=1565100717979 HTTP/1.1" 200 11896
186.103.159.46 - - [06/Aug/2019:11:17:15 -0300] "GET /cormun/servlet/permisogoce?INS,0,,, HTTP/1.1" 200 6900
190.171.134.178 - - [06/Aug/2019:11:17:16 -0300] "GET /cormun/servlet/solicitudot?1fc6188092fbd23eed43714f493e00da27b98c3179e317235939d183263f45f8effa1f7d7bb6311266b8a315311a7913,gx-no-cache=1565100722563 HTTP/1.1" 200 30
190.171.134.178 - - [06/Aug/2019:11:17:16 -0300] "GET /cormun/servlet/solicitudot?1fc6188092fbd23eed43714f493e00dac2d6abc7b9be101c891f76a670dd8a58d0f057b8b0167619144686e251b0f2852eebd7007e940a58681191d6c0b9f014,gx-no-cache=1565100723325 HTTP/1.1" 200 30
190.171.134.178 - - [06/Aug/2019:11:17:16 -0300] "GET /cormun/servlet/solicitudot?1fc6188092fbd23eed43714f493e00da43b85940eb2ee049b9377d215a881081,gx-no-cache=1565100723452 HTTP/1.1" 200 51
190.171.134.178 - - [06/Aug/2019:11:17:16 -0300] "POST /cormun/servlet/solicitudot?gx-no-cache=1565100723624 HTTP/1.1" 200 255
