190.171.134.178 - - [06/Aug/2019:11:17:16 -0300] "GET /cormun/servlet/solicitudot?1fc6188092fbd23eed43714f493e00da565ab8d31653e977063112c10591251ad388bcdae81eaf2768536c63fdee2a7f0bacb37d61643c903860d4072f72b90b8244cb20245a06f3236d4a44fc1c8fd0e47f1fa54af0a9cd07261eb7f8c442c100dd2acb538e8ea683faf2efafc1dd78980d8309d1cc11b61608a584aad587befec6cb7a3b9e2fc6dbb4beb1721b8c4b01dbb841a9661b4ec337f91a3dbc444dddb85b8785bf5b0b1fad6884917859c9a0284bdbd69b3c705f6687ad6ba8b7871ce2d1b6cf46f5c34959f21a6f78a8805ac6c502a384910fed2f5767c67576ca1750287a964b1d0789feda24bb1cd5229963420f9264675d2e56ca49b206921844b186baa2cfb6ae84f5b0d15ebfced3d7f49610611e2487676b7e3f19487be0d341327c63ab651aac7f3ea2d4b2546ef364dd70640dc89918b49355792c85b27c3c9c8667b0a08f332e46cdac886fdce6b225d76417cd15e0657e0d97a06afe57d57739116e71f2aa95b902f6fc4c4f341acbf604948bf6777a5f0e724b6487,gx-no-cache=1565100723817 HTTP/1.1" 200 30
186.103.159.46 - - [06/Aug/2019:11:17:18 -0300] "GET /cormun/servlet/permisogoce?INS,0,,, HTTP/1.1" 200 6900
190.171.134.178 - - [06/Aug/2019:11:17:21 -0300] "POST /cormun/servlet/solicitudot?gx-no-cache=1565100728249 HTTP/1.1" 200 30
190.171.143.106 - - [06/Aug/2019:11:17:24 -0300] "GET /cormun/servlet/hhome HTTP/1.1" 200 3421
190.171.143.106 - - [06/Aug/2019:11:17:24 -0300] "GET /cormun/servlet/hlogin HTTP/1.1" 200 1735
190.171.143.106 - - [06/Aug/2019:11:17:24 -0300] "GET /cormun/servlet/hhome HTTP/1.1" 200 3430
190.171.134.178 - - [06/Aug/2019:11:17:25 -0300] "GET /cormun/servlet/prcontratosol?17525608,,,,,MD,,gxPopupLevel%3D0%3B HTTP/1.1" 200 8234
190.171.134.178 - - [06/Aug/2019:11:17:29 -0300] "POST /cormun/servlet/solicitudot?gx-no-cache=1565100736339 HTTP/1.1" 200 1360
190.171.134.178 - - [06/Aug/2019:11:17:29 -0300] "POST /cormun/servlet/solicitudot?gx-no-cache=1565100736546 HTTP/1.1" 200 38
190.171.134.178 - - [06/Aug/2019:11:17:29 -0300] "GET /cormun/servlet/solicitudot?1fc6188092fbd23eed43714f493e00da57388a75ffec994b10988c8abb7fc31fdba51569a6cb7704a09173e8e485e284383ec3b5b4aa774c209a0ec79e264d2d2eac45bfd2748076ae8a85555ae79f25122f88d1b16c6905e9ee987cf1df71fa4ed353e406ffc7e87cd38f097bac568d,gx-no-cache=1565100736731 HTTP/1.1" 200 110
190.171.134.178 - - [06/Aug/2019:11:17:30 -0300] "POST /cormun/servlet/solicitudot?gx-no-cache=1565100736890 HTTP/1.1" 200 97
190.171.134.178 - - [06/Aug/2019:11:17:30 -0300] "GET /cormun/servlet/solicitudot?1fc6188092fbd23eed43714f493e00da6944b4dde81a8ae68a213a9d84e8a47a724336625323b6d3802af09204bd18d091758694d128877ad89068a6e987f6e78d1720e51979af7e5ddd979cb8bf68419c825f30e463c54ec3161701fdb4b44cd05ecdba34ddb74e22ac396b40af44b9f539c902c389bd3eb6db0602e8e62d6a74b8f15b74f4ba0d13c188741e0a5226da02bcfdb1f242d604bb4f29578912515bd72790345c74c035523dc21337cc077cfabd59470ec4895dfea8d2eff56929fc494a966ebe9060be86067acb97b906,gx-no-cache=1565100737042 HTTP/1.1" 200 29
190.171.134.178 - - [06/Aug/2019:11:17:30 -0300] "GET /cormun/servlet/solicitudot?1fc6188092fbd23eed43714f493e00dae4245830c385ea18d81bd49a73f596173918d8a30bb73dc21fd3c4790e9d439a,gx-no-cache=1565100737180 HTTP/1.1" 200 134
190.171.134.178 - - [06/Aug/2019:11:17:30 -0300] "GET /cormun/static/Shared/jqueryui/images/ui-bg_highlight-soft_100_c6c2c8_1x100.png HTTP/1.1" 404 1117
190.171.134.178 - - [06/Aug/2019:11:17:30 -0300] "GET /cormun/static/Shared/jqueryui/images/ui-icons_ebccce_256x240.png HTTP/1.1" 404 1089
190.171.134.178 - - [06/Aug/2019:11:17:30 -0300] "GET /cormun/static/Shared/jqueryui/images/ui-icons_82798d_256x240.png HTTP/1.1" 404 1089
190.171.134.178 - - [06/Aug/2019:11:17:30 -0300] "GET /cormun/static/Shared/jqueryui/images/ui-bg_flat_55_994d53_40x100.png HTTP/1.1" 404 1097
186.103.159.46 - - [06/Aug/2019:11:17:38 -0300] "GET /cormun/servlet/permisogoce?31cd7ea010a64ae272d34be7818a938d8603fd2ae5bc7572f12242877e8507fdf9b00c66a0c83495226d2a901aedb013b1654c3882796f0c0b1c784572253147,gx-no-cache=1565097141942 HTTP/1.1" 200 75
190.171.143.106 - - [06/Aug/2019:11:17:40 -0300] "POST /cormun/servlet/hlogin?7459831e4717c46d2dbbae4689f34897,gx-no-cache=1565100747222 HTTP/1.1" 200 90
186.103.159.46 - - [06/Aug/2019:11:17:40 -0300] "GET /cormun/static/menuarrow.gif HTTP/1.1" 404 1015
190.171.143.106 - - [06/Aug/2019:11:17:40 -0300] "GET /cormun/servlet/hpexe_link HTTP/1.1" 200 952
190.171.143.106 - - [06/Aug/2019:11:17:40 -0300] "GET /cormun/servlet/hhome HTTP/1.1" 200 4333
190.171.143.106 - - [06/Aug/2019:11:17:41 -0300] "GET /cormun/servlet/hhome HTTP/1.1" 200 4329
190.171.143.90 - - [06/Aug/2019:11:17:42 -0300] "GET /cormun/servlet/solicitudot?d0ac88cf84ca617fd118548040f82bdc732bdd0e68b557200f295e13586ba737d8af7a63988ed39ea37a488ea61da9be,gx-no-cache=1565100745140 HTTP/1.1" 200 30
190.171.143.90 - - [06/Aug/2019:11:17:42 -0300] "GET /cormun/servlet/solicitudot?d0ac88cf84ca617fd118548040f82bdc446bf8d2ccfa3551b254474a58ac7162906d31bc3116082b3f981822a705ec4e4b5ba7b7d425145f6aefd56a4c4c2e4f,gx-no-cache=1565100745401 HTTP/1.1" 200 30
190.171.143.90 - - [06/Aug/2019:11:17:42 -0300] "GET /cormun/servlet/solicitudot?d0ac88cf84ca617fd118548040f82bdcfca1e9af53e9f53142a1ec4d62338c0f,gx-no-cache=1565100745523 HTTP/1.1" 200 51
190.171.143.90 - - [06/Aug/2019:11:17:42 -0300] "POST /cormun/servlet/solicitudot?gx-no-cache=1565100745659 HTTP/1.1" 200 255
190.171.143.90 - - [06/Aug/2019:11:17:42 -0300] "GET /cormun/servlet/solicitudot?d0ac88cf84ca617fd118548040f82bdc06476bfb01e3f9eb70eec5695ec152574a68e5a27c124620847f34ec9a3145eb58387375f949381ae236a6558f4e6a1a55d9583e7309523f79f38c56d58496fc5a3e07ebe6e5c1ea33bd512b1b656c8bdcd81072af32847ac0c3b6fe51a633eb24aab7c84c8931f25e0ee4dc6e89444bdd2718251557da0b673cf6eae5f4fde8920bacf8567b8f6e53d6577c5dfb3e85143ea789b04cba8ab2febaa5ecec9d9a1e04b36f57c755ef77dabf7d9f1f2267727877cc94a6ecfb5553ebe6e44d31588fc51a2fe0ddf43fc4beae34698d79a3f0775208e814b7e1e8ee620789b3457ced149f2f88a38ea5b7cb675fe0309fc27c3b4156123728b4054ace2cf875864fdd17d8ab35dbc8fb0197efedc49d203e9cf5068ee11e0afadf32488e73a666f7f1cc414333ae593e80d2a978a100df937b3fde6a0196295a400d8981a837579595cc0873961c3c9901d46fa9fe7f58ee084a95d35a25a562761fb69d6fdc1948d1d6ad31ce789bee0bad9461a7e99efa,gx-no-cache=1565100745807 HTTP/1.1" 200 30
190.171.134.178 - - [06/Aug/2019:11:17:43 -0300] "GET /cormun/static/menuarrow.gif HTTP/1.1" 404 1015
190.171.143.106 - - [06/Aug/2019:11:17:44 -0300] "GET /cormun/servlet/trautorizarsolicitud? HTTP/1.1" 200 7446
190.171.143.106 - - [06/Aug/2019:11:17:45 -0300] "GET /cormun/servlet/trautorizarsolicitud? HTTP/1.1" 200 7444
186.103.159.46 - - [06/Aug/2019:11:17:45 -0300] "GET /cormun/servlet/permisogoce?31cd7ea010a64ae272d34be7818a938dee6c7ba5ee6dc5af55e2da3487496659f75e1162e2ed9d5e3ef1954ff7380aff3be03b1263a71c8b70a070e32cbb93b3,gx-no-cache=1565097149119 HTTP/1.1" 200 45
190.171.143.106 - - [06/Aug/2019:11:17:50 -0300] "GET /cormun/servlet/trautorizarenuncias? HTTP/1.1" 200 7069
190.171.143.106 - - [06/Aug/2019:11:17:50 -0300] "GET /cormun/static/gxui/gxui-all.css?110300 HTTP/1.1" 200 2179
190.171.143.106 - - [06/Aug/2019:11:17:50 -0300] "GET /cormun/static/calendar-system.css?75620 HTTP/1.1" 200 5572
190.171.143.106 - - [06/Aug/2019:11:17:50 -0300] "GET /cormun/static/gxcfg.js?2017761218543 HTTP/1.1" 200 953
190.171.143.106 - - [06/Aug/2019:11:17:50 -0300] "GET /cormun/static/trautorizarenuncias.js?20177612185765 HTTP/1.1" 200 29147
190.171.143.106 - - [06/Aug/2019:11:17:51 -0300] "GET /cormun/static/Shared/ext/resources/css/ext-all.css?205870 HTTP/1.1" 200 416045
190.171.134.178 - - [06/Aug/2019:11:17:51 -0300] "GET /cormun/servlet/solicitudot?1fc6188092fbd23eed43714f493e00daa005b0fec4d24a6c58e3651e284eb59f9e80d74bd58faa61d9d99ae1b91d17af,gx-no-cache=1565100758053 HTTP/1.1" 200 30
190.171.134.178 - - [06/Aug/2019:11:17:51 -0300] "POST /cormun/servlet/solicitudot?gx-no-cache=1565100758216 HTTP/1.1" 200 33
190.171.143.106 - - [06/Aug/2019:11:17:51 -0300] "GET /cormun/servlet/trautorizarenuncias? HTTP/1.1" 200 7069
190.171.143.90 - - [06/Aug/2019:11:17:54 -0300] "POST /cormun/servlet/solicitudot?gx-no-cache=1565100757030 HTTP/1.1" 200 30
186.103.159.46 - - [06/Aug/2019:11:17:57 -0300] "POST /cormun/servlet/permisogoce?aa5158911514c784608b583838a76ba1,INS,0,,,,gx-no-cache=1565097158915 HTTP/1.1" 200 93
186.103.159.46 - - [06/Aug/2019:11:17:57 -0300] "GET /cormun/servlet/hpexe_return? HTTP/1.1" 200 1011
190.171.143.106 - - [06/Aug/2019:11:17:58 -0300] "GET /cormun/static/menuarrow.gif HTTP/1.1" 404 1015
190.171.143.90 - - [06/Aug/2019:11:17:58 -0300] "GET /cormun/servlet/prcontratosol?14024644,,,,,MD,,gxPopupLevel%3D0%3B HTTP/1.1" 200 8627
186.103.159.46 - - [06/Aug/2019:11:17:58 -0300] "GET /cormun/servlet/trpermisosgoce HTTP/1.1" 200 10199
190.171.143.106 - - [06/Aug/2019:11:18:01 -0300] "POST /cormun/servlet/trautorizarenuncias?7459831e4717c46d2dbbae4689f34897,,gx-no-cache=1565100768109 HTTP/1.1" 200 4227
186.103.159.46 - - [06/Aug/2019:11:18:02 -0300] "GET /cormun/servlet/trpermisosgoce HTTP/1.1" 200 10195
190.171.143.90 - - [06/Aug/2019:11:18:02 -0300] "POST /cormun/servlet/solicitudot?gx-no-cache=1565100765681 HTTP/1.1" 200 1362
190.171.143.90 - - [06/Aug/2019:11:18:02 -0300] "POST /cormun/servlet/solicitudot?gx-no-cache=1565100766150 HTTP/1.1" 200 38
190.171.143.90 - - [06/Aug/2019:11:18:05 -0300] "GET /cormun/servlet/solicitudot?d0ac88cf84ca617fd118548040f82bdc3801a55c9e4a8c67956595304ac796a34d6d9e0c18f0722c1912817330d4821a4decfe7998fd56ed8d500c6a795736741d39a7b2d0240cb491d58a1f5d504c1c9115537966be189eafeef96bc19738539a45a4a90449ff1671c4324d07227826,gx-no-cache=1565100766278 HTTP/1.1" 200 110
190.171.143.106 - - [06/Aug/2019:11:18:05 -0300] "POST /cormun/servlet/trautorizarenuncias?7459831e4717c46d2dbbae4689f34897,,gx-no-cache=1565100771314 HTTP/1.1" 200 5064
190.171.143.90 - - [06/Aug/2019:11:18:05 -0300] "POST /cormun/servlet/solicitudot?gx-no-cache=1565100768523 HTTP/1.1" 200 97
186.103.159.46 - - [06/Aug/2019:11:18:05 -0300] "GET /cormun/servlet/apermisogoceprn?14049072,P,20190806100629,PU HTTP/1.1" 200 1654
190.171.143.106 - - [06/Aug/2019:11:18:05 -0300] "GET /cormun//static/Resources/PXToolsHeaderHelp.png HTTP/1.1" 200 4055
190.171.143.106 - - [06/Aug/2019:11:18:05 -0300] "GET /cormun//static/Resources/PXToolsHeaderFavorites.png HTTP/1.1" 200 2744
190.171.143.106 - - [06/Aug/2019:11:18:05 -0300] "GET /cormun//static/Resources/PXToolsActionDisabled.gif HTTP/1.1" 200 53
190.171.143.90 - - [06/Aug/2019:11:18:05 -0300] "GET /cormun/servlet/solicitudot?d0ac88cf84ca617fd118548040f82bdceef8bdbc5a69823e09e0849aa39acf6f31e8d72aafad65bd5fc47b78877afecb68d924edddb91a00b9ed05e657a72da578e887d63e888a00ae2fa528403b77c7e70596cc4a1a328833cd7a4ddad7cfb9d5ded2c0ecaaaca98297c2a7966651170433f92976325f22f43421b0036686b8169dd6eba9e93698fcf798a8cef02fca156e8d5281e6611f69acd70b61fda62f,gx-no-cache=1565100768854 HTTP/1.1" 200 29
190.171.143.90 - - [06/Aug/2019:11:18:12 -0300] "GET /cormun/servlet/solicitudot?d0ac88cf84ca617fd118548040f82bdc2295a3976372674b068dff1da0fbd9c0,gx-no-cache=1565100769287 HTTP/1.1" 200 30
190.171.143.106 - - [06/Aug/2019:11:18:12 -0300] "POST /cormun/servlet/trautorizarenuncias?7459831e4717c46d2dbbae4689f34897,,gx-no-cache=1565100778873 HTTP/1.1" 200 5088
190.171.143.106 - - [06/Aug/2019:11:18:12 -0300] "GET /cormun/static/Shared/jqueryui/images/ui-bg_highlight-soft_100_c6c2c8_1x100.png HTTP/1.1" 404 1117
190.171.143.106 - - [06/Aug/2019:11:18:12 -0300] "GET /cormun/static/Shared/jqueryui/images/ui-icons_82798d_256x240.png HTTP/1.1" 404 1089
190.171.143.106 - - [06/Aug/2019:11:18:12 -0300] "GET /cormun/static/Shared/jqueryui/images/ui-bg_flat_55_fafafa_40x100.png HTTP/1.1" 404 1097
190.171.143.106 - - [06/Aug/2019:11:18:12 -0300] "GET /cormun/static/Shared/jqueryui/images/ui-icons_8d78a5_256x240.png HTTP/1.1" 404 1089
190.171.134.178 - - [06/Aug/2019:11:18:15 -0300] "POST /cormun/servlet/solicitudot?5b96116c0d8aa2953965597b723750c7,INS,0,0,,gx-no-cache=1565100780809 HTTP/1.1" 200 93
190.171.134.178 - - [06/Aug/2019:11:18:15 -0300] "GET /cormun/servlet/hpexe_return? HTTP/1.1" 200 1002
190.171.134.178 - - [06/Aug/2019:11:18:15 -0300] "GET /cormun/servlet/trsolicitudot HTTP/1.1" 200 9039
190.171.143.90 - - [06/Aug/2019:11:18:17 -0300] "POST /cormun/servlet/solicitudot?gx-no-cache=1565100780551 HTTP/1.1" 200 30
190.171.143.106 - - [06/Aug/2019:11:18:18 -0300] "POST /cormun/servlet/trautorizarenuncias?7459831e4717c46d2dbbae4689f34897,,gx-no-cache=1565100784667 HTTP/1.1" 200 5088
190.171.134.178 - - [06/Aug/2019:11:18:19 -0300] "GET /cormun/servlet/trsolicitudot HTTP/1.1" 200 9035
190.171.143.90 - - [06/Aug/2019:11:18:21 -0300] "GET /cormun/servlet/prcontratosol?14024644,,,,,MD,,gxPopupLevel%3D0%3B HTTP/1.1" 200 8627
190.171.143.90 - - [06/Aug/2019:11:18:26 -0300] "POST /cormun/servlet/solicitudot?gx-no-cache=1565100789331 HTTP/1.1" 200 1444
190.171.143.90 - - [06/Aug/2019:11:18:26 -0300] "GET /cormun/static/Shared/jqueryui/images/ui-icons_82798d_256x240.png HTTP/1.1" 404 1089
190.171.143.90 - - [06/Aug/2019:11:18:26 -0300] "GET /cormun/static/Shared/jqueryui/images/ui-bg_flat_55_994d53_40x100.png HTTP/1.1" 404 1097
190.171.143.90 - - [06/Aug/2019:11:18:26 -0300] "POST /cormun/servlet/solicitudot?gx-no-cache=1565100790223 HTTP/1.1" 200 117
190.171.143.90 - - [06/Aug/2019:11:18:27 -0300] "GET /cormun/static/Shared/jqueryui/images/ui-icons_ebccce_256x240.png HTTP/1.1" 404 1089
190.171.143.90 - - [06/Aug/2019:11:18:27 -0300] "GET /cormun/servlet/solicitudot?d0ac88cf84ca617fd118548040f82bdc3801a55c9e4a8c67956595304ac796a34d6d9e0c18f0722c1912817330d4821a4decfe7998fd56ed8d500c6a795736741d39a7b2d0240cb491d58a1f5d504c1c9115537966be189eafeef96bc19738539a45a4a90449ff1671c4324d07227826,gx-no-cache=1565100790365 HTTP/1.1" 200 110
190.171.143.90 - - [06/Aug/2019:11:18:27 -0300] "GET /cormun/servlet/solicitudot?d0ac88cf84ca617fd118548040f82bdc4fcdd9c979bd9c014d2e17916050ece039adacb0c4c51bc195f9a36f6382d6b4,gx-no-cache=1565100790811 HTTP/1.1" 200 134
190.171.143.90 - - [06/Aug/2019:11:18:27 -0300] "GET /cormun/static/Shared/jqueryui/images/ui-bg_highlight-soft_100_c6c2c8_1x100.png HTTP/1.1" 404 1117
190.171.134.178 - - [06/Aug/2019:11:18:27 -0300] "GET /cormun/servlet/solicitudot?INS,0,0, HTTP/1.1" 200 15046
190.171.134.178 - - [06/Aug/2019:11:18:29 -0300] "GET /cormun/servlet/solicitudot?INS,0,0, HTTP/1.1" 200 15051
190.171.143.90 - - [06/Aug/2019:11:18:31 -0300] "GET /cormun/servlet/prfichaempleado?,MD,,gxPopupLevel%3D0%3B HTTP/1.1" 200 9402
190.171.134.178 - - [06/Aug/2019:11:18:47 -0300] "POST /cormun/servlet/solicitudot?gx-no-cache=1565100812984 HTTP/1.1" 200 3595
190.171.134.178 - - [06/Aug/2019:11:18:49 -0300] "POST /cormun/servlet/solicitudot?5b96116c0d8aa2953965597b723750c7,INS,0,0,,gx-no-cache=1565100814302 HTTP/1.1" 200 11879
190.171.134.178 - - [06/Aug/2019:11:18:53 -0300] "GET /cormun/servlet/solicitudot?1fc6188092fbd23eed43714f493e00da4affeef71d70d09229249ee6e1250916effa1f7d7bb6311266b8a315311a7913,gx-no-cache=1565100820790 HTTP/1.1" 200 30
190.171.134.178 - - [06/Aug/2019:11:18:54 -0300] "GET /cormun/servlet/solicitudot?1fc6188092fbd23eed43714f493e00da48ece49c9426d50f01e51cca50e7c860df35c11168262331af9c8fc01077940f,gx-no-cache=1565100820980 HTTP/1.1" 200 30
190.171.134.178 - - [06/Aug/2019:11:18:54 -0300] "GET /cormun/servlet/solicitudot?1fc6188092fbd23eed43714f493e00da43b85940eb2ee049b9377d215a881081,gx-no-cache=1565100821143 HTTP/1.1" 200 51
190.171.134.178 - - [06/Aug/2019:11:18:55 -0300] "POST /cormun/servlet/solicitudot?gx-no-cache=1565100821340 HTTP/1.1" 200 255
190.171.134.178 - - [06/Aug/2019:11:18:55 -0300] "GET /cormun/servlet/solicitudot?1fc6188092fbd23eed43714f493e00da565ab8d31653e977063112c10591251ad388bcdae81eaf2768536c63fdee2a7f0bacb37d61643c903860d4072f72b90b8244cb20245a06f3236d4a44fc1c8fd0e47f1fa54af0a9cd07261eb7f8c442c100dd2acb538e8ea683faf2efafc1dd78980d8309d1cc11b61608a584aad587befec6cb7a3b9e2fc6dbb4beb1721b8c4b01dbb841a9661b4ec337f91a3dbc444dddb85b8785bf5b0b1fad6884917859c9a0284bdbd69b3c705f6687ad6ba8b7871ce2d1b6cf46f5c34959f21a6f78a8805ac6c502a384910fed2f5767c67576ca1750287a964b1d0789feda24bb1cd5229963420f9264675d2e56ca49b206921844b186baa2cfb6ae84f5b0d15ebfced3d7f49610611e2487676b7e3f19487be0d341327c63ab651aac7f3ea2d4b2546ef364dd70640dc89918b49355792c85b27c3c9c8667b0a08f332e46cdac886fdce6b225d76417cd15e0657e0d97a06afe57d57739116e71f2aa95b902f6fc4c4f341acbf604948bf6777a5f0e724b6487,gx-no-cache=1565100822115 HTTP/1.1" 200 30
190.171.143.90 - - [06/Aug/2019:11:18:55 -0300] "POST /cormun/servlet/prfichaempleado?549b6d6676ec827179780cf4ee90d1cd,,MD,,gxPopupLevel%3D0%3B,gx-no-cache=1565100801956 HTTP/1.1" 200 3420
190.171.134.178 - - [06/Aug/2019:11:18:59 -0300] "POST /cormun/servlet/solicitudot?gx-no-cache=1565100825935 HTTP/1.1" 200 30
190.171.134.178 - - [06/Aug/2019:11:19:04 -0300] "POST /cormun/servlet/solicitudot?gx-no-cache=1565100830956 HTTP/1.1" 200 1361
190.171.134.178 - - [06/Aug/2019:11:19:04 -0300] "POST /cormun/servlet/solicitudot?gx-no-cache=1565100831805 HTTP/1.1" 200 38
190.171.134.178 - - [06/Aug/2019:11:19:05 -0300] "GET /cormun/servlet/solicitudot?1fc6188092fbd23eed43714f493e00da57388a75ffec994b10988c8abb7fc31fdba51569a6cb7704a09173e8e485e284383ec3b5b4aa774c209a0ec79e264d2d2eac45bfd2748076ae8a85555ae79f25122f88d1b16c6905e9ee987cf1df71fa4ed353e406ffc7e87cd38f097bac568d,gx-no-cache=1565100831970 HTTP/1.1" 200 110
190.171.134.178 - - [06/Aug/2019:11:19:05 -0300] "POST /cormun/servlet/solicitudot?gx-no-cache=1565100832108 HTTP/1.1" 200 97
190.171.134.178 - - [06/Aug/2019:11:19:11 -0300] "GET /cormun/servlet/prcontratosol?15819000,,,,,MD,,gxPopupLevel%3D0%3B HTTP/1.1" 200 8277
190.171.143.106 - - [06/Aug/2019:11:19:16 -0300] "GET /cormun/static/Shared/jqueryui/images/ui-bg_highlight-soft_100_eae6ea_1x100.png HTTP/1.1" 404 1117
190.171.143.106 - - [06/Aug/2019:11:19:17 -0300] "GET /cormun/servlet/hlogin HTTP/1.1" 200 1746
190.171.134.178 - - [06/Aug/2019:11:19:17 -0300] "POST /cormun/servlet/solicitudot?gx-no-cache=1565100843293 HTTP/1.1" 200 1361
190.171.134.178 - - [06/Aug/2019:11:19:17 -0300] "POST /cormun/servlet/solicitudot?gx-no-cache=1565100844137 HTTP/1.1" 200 38
190.171.134.178 - - [06/Aug/2019:11:19:17 -0300] "GET /cormun/servlet/solicitudot?1fc6188092fbd23eed43714f493e00da57388a75ffec994b10988c8abb7fc31fdba51569a6cb7704a09173e8e485e284383ec3b5b4aa774c209a0ec79e264d2d2eac45bfd2748076ae8a85555ae79f25122f88d1b16c6905e9ee987cf1df71fa4ed353e406ffc7e87cd38f097bac568d,gx-no-cache=1565100844298 HTTP/1.1" 200 110
190.171.134.178 - - [06/Aug/2019:11:19:18 -0300] "POST /cormun/servlet/solicitudot?gx-no-cache=1565100844471 HTTP/1.1" 200 97
190.171.134.178 - - [06/Aug/2019:11:19:18 -0300] "GET /cormun/servlet/solicitudot?1fc6188092fbd23eed43714f493e00da6944b4dde81a8ae68a213a9d84e8a47a724336625323b6d3802af09204bd18d091758694d128877ad89068a6e987f6e78d1720e51979af7e5ddd979cb8bf68419c825f30e463c54ec3161701fdb4b44cd05ecdba34ddb74e22ac396b40af44b9f539c902c389bd3eb6db0602e8e62d6a74b8f15b74f4ba0d13c188741e0a5226da02bcfdb1f242d604bb4f29578912515bd72790345c74c035523dc21337cc077cfabd59470ec4895dfea8d2eff56929fc494a966ebe9060be86067acb97b906,gx-no-cache=1565100845501 HTTP/1.1" 200 29
190.171.134.178 - - [06/Aug/2019:11:19:19 -0300] "GET /cormun/servlet/solicitudot?1fc6188092fbd23eed43714f493e00dae4245830c385ea18d81bd49a73f596173918d8a30bb73dc21fd3c4790e9d439a,gx-no-cache=1565100845667 HTTP/1.1" 200 134
190.171.134.178 - - [06/Aug/2019:11:19:19 -0300] "GET /cormun/static/Shared/jqueryui/images/ui-bg_highlight-soft_100_c6c2c8_1x100.png HTTP/1.1" 404 1117
190.171.134.178 - - [06/Aug/2019:11:19:19 -0300] "GET /cormun/static/Shared/jqueryui/images/ui-icons_82798d_256x240.png HTTP/1.1" 404 1089
190.171.134.178 - - [06/Aug/2019:11:19:19 -0300] "GET /cormun/static/Shared/jqueryui/images/ui-icons_ebccce_256x240.png HTTP/1.1" 404 1089
190.171.134.178 - - [06/Aug/2019:11:19:19 -0300] "GET /cormun/static/Shared/jqueryui/images/ui-bg_flat_55_994d53_40x100.png HTTP/1.1" 404 1097
190.171.134.178 - - [06/Aug/2019:11:19:24 -0300] "POST /cormun/servlet/solicitudot?gx-no-cache=1565100850808 HTTP/1.1" 200 33
190.171.143.90 - - [06/Aug/2019:11:19:25 -0300] "GET /cormun/servlet/prlicenciaspermisos?17886848,L,,MD,,gxPopupLevel%3D0%3B HTTP/1.1" 200 5769
190.171.143.90 - - [06/Aug/2019:11:19:33 -0300] "POST /cormun/servlet/solicitudot?gx-no-cache=1565100855276 HTTP/1.1" 200 1360
190.171.134.178 - - [06/Aug/2019:11:19:39 -0300] "GET /cormun/servlet/solicitudot?1fc6188092fbd23eed43714f493e00dae4245830c385ea18d81bd49a73f596173918d8a30bb73dc21fd3c4790e9d439a,gx-no-cache=1565100866482 HTTP/1.1" 200 134
190.171.143.90 - - [06/Aug/2019:11:19:43 -0300] "POST /cormun/servlet/solicitudot?gx-no-cache=1565100866123 HTTP/1.1" 200 41
190.171.143.90 - - [06/Aug/2019:11:19:43 -0300] "GET /cormun/servlet/solicitudot?d0ac88cf84ca617fd118548040f82bdc3801a55c9e4a8c67956595304ac796a34d6d9e0c18f0722c1912817330d4821a4decfe7998fd56ed8d500c6a795736741d39a7b2d0240cb491d58a1f5d504c1c9115537966be189eafeef96bc19738539a45a4a90449ff1671c4324d07227826,gx-no-cache=1565100866613 HTTP/1.1" 200 110
190.171.143.90 - - [06/Aug/2019:11:19:43 -0300] "POST /cormun/servlet/solicitudot?gx-no-cache=1565100866744 HTTP/1.1" 200 97
190.171.143.90 - - [06/Aug/2019:11:19:47 -0300] "GET /cormun/static/menuarrow.gif HTTP/1.1" 404 1015
190.171.143.90 - - [06/Aug/2019:11:19:49 -0300] "GET /cormun/servlet/solicitudot?d0ac88cf84ca617fd118548040f82bdc3801a55c9e4a8c67956595304ac796a34d6d9e0c18f0722c1912817330d4821a4decfe7998fd56ed8d500c6a795736741d39a7b2d0240cb491d58a1f5d504c1c9115537966be189eafeef96bc19738539a45a4a90449ff1671c4324d07227826,gx-no-cache=1565100872453 HTTP/1.1" 200 110
190.171.134.178 - - [06/Aug/2019:11:19:56 -0300] "GET /cormun/servlet/trsolicitudot HTTP/1.1" 200 9039
190.171.134.178 - - [06/Aug/2019:11:19:57 -0300] "GET /cormun/servlet/trsolicitudot HTTP/1.1" 200 9035
190.171.134.178 - - [06/Aug/2019:11:20:02 -0300] "GET /cormun/servlet/solicitudot?INS,0,0, HTTP/1.1" 200 15045
190.171.134.178 - - [06/Aug/2019:11:20:03 -0300] "POST /cormun/servlet/solicitudot?5b96116c0d8aa2953965597b723750c7,INS,0,0,,gx-no-cache=1565100866731 HTTP/1.1" 200 12276
190.171.134.178 - - [06/Aug/2019:11:20:03 -0300] "GET /cormun/servlet/solicitudot?INS,0,0, HTTP/1.1" 200 15049
190.171.143.90 - - [06/Aug/2019:11:20:09 -0300] "GET /cormun/servlet/solicitudot?d0ac88cf84ca617fd118548040f82bdc10e367ff026e8403bbb36df40d75fd6ec6d496694c88bec3f126b797e3067bb1,gx-no-cache=1565100892743 HTTP/1.1" 200 134
190.171.134.178 - - [06/Aug/2019:11:20:21 -0300] "GET /cormun/servlet/prfichaempleado?,MD,,gxPopupLevel%3D0%3B HTTP/1.1" 200 9306
190.171.143.90 - - [06/Aug/2019:11:20:28 -0300] "GET /cormun/servlet/solicitudot?d0ac88cf84ca617fd118548040f82bdcc38dd087acb6568a74620b4c0b40799262be2322b52df7e13abf757fd01fb075,gx-no-cache=1565100911329 HTTP/1.1" 200 134
190.171.134.178 - - [06/Aug/2019:11:20:29 -0300] "POST /cormun/servlet/solicitudot?gx-no-cache=1565100915902 HTTP/1.1" 200 3595
186.103.159.46 - - [06/Aug/2019:11:20:30 -0300] "GET /cormun/servlet/trlicencias? HTTP/1.1" 200 9804
190.171.134.178 - - [06/Aug/2019:11:20:30 -0300] "POST /cormun/servlet/solicitudot?5b96116c0d8aa2953965597b723750c7,INS,0,0,,gx-no-cache=1565100916360 HTTP/1.1" 200 11877
186.103.159.46 - - [06/Aug/2019:11:20:33 -0300] "GET /cormun/servlet/trlicencias? HTTP/1.1" 200 9803
190.171.134.178 - - [06/Aug/2019:11:20:38 -0300] "GET /cormun/servlet/solicitudot?1fc6188092fbd23eed43714f493e00da4affeef71d70d09229249ee6e1250916effa1f7d7bb6311266b8a315311a7913,gx-no-cache=1565100925644 HTTP/1.1" 200 30
190.171.134.178 - - [06/Aug/2019:11:20:39 -0300] "GET /cormun/servlet/solicitudot?1fc6188092fbd23eed43714f493e00da48ece49c9426d50f01e51cca50e7c860df35c11168262331af9c8fc01077940f,gx-no-cache=1565100925866 HTTP/1.1" 200 30
190.171.134.178 - - [06/Aug/2019:11:20:39 -0300] "GET /cormun/servlet/solicitudot?1fc6188092fbd23eed43714f493e00da43b85940eb2ee049b9377d215a881081,gx-no-cache=1565100926042 HTTP/1.1" 200 51
190.171.134.178 - - [06/Aug/2019:11:20:39 -0300] "POST /cormun/servlet/solicitudot?gx-no-cache=1565100926235 HTTP/1.1" 200 255
190.171.134.178 - - [06/Aug/2019:11:20:39 -0300] "GET /cormun/servlet/solicitudot?1fc6188092fbd23eed43714f493e00da565ab8d31653e977063112c10591251ad388bcdae81eaf2768536c63fdee2a7f0bacb37d61643c903860d4072f72b90b8244cb20245a06f3236d4a44fc1c8fd0e47f1fa54af0a9cd07261eb7f8c442c100dd2acb538e8ea683faf2efafc1dd78980d8309d1cc11b61608a584aad587befec6cb7a3b9e2fc6dbb4beb1721b8c4b01dbb841a9661b4ec337f91a3dbc444dddb85b8785bf5b0b1fad6884917859c9a0284bdbd69b3c705f6687ad6ba8b7871ce2d1b6cf46f5c34959f21a6f78a8805ac6c502a384910fed2f5767c67576ca1750287a964b1d0789feda24bb1cd5229963420f9264675d2e56ca49b206921844b186baa2cfb6ae84f5b0d15ebfced3d7f49610611e2487676b7e3f19487be0d341327c63ab651aac7f3ea2d4b2546ef364dd70640dc89918b49355792c85b27c3c9c8667b0a08f332e46cdac886fdce6b225d76417cd15e0657e0d97a06afe57d57739116e71f2aa95b902f6fc4c4f341acbf604948bf6777a5f0e724b6487,gx-no-cache=1565100926443 HTTP/1.1" 200 30
186.103.159.46 - - [06/Aug/2019:11:20:40 -0300] "POST /cormun/servlet/trlicencias?aa5158911514c784608b583838a76ba1,,gx-no-cache=1565097321118 HTTP/1.1" 200 7193
190.171.134.178 - - [06/Aug/2019:11:20:42 -0300] "POST /cormun/servlet/solicitudot?gx-no-cache=1565100929042 HTTP/1.1" 200 30
190.171.134.178 - - [06/Aug/2019:11:20:44 -0300] "GET /cormun/servlet/prcontratosol?15819000,,,,,MD,,gxPopupLevel%3D0%3B HTTP/1.1" 200 8277
190.171.143.90 - - [06/Aug/2019:11:20:48 -0300] "GET /cormun/servlet/solicitudot?d0ac88cf84ca617fd118548040f82bdc7831cd021338686975cba48c1b476d5962be2322b52df7e13abf757fd01fb075,gx-no-cache=1565100930931 HTTP/1.1" 200 30
190.171.134.178 - - [06/Aug/2019:11:20:48 -0300] "POST /cormun/servlet/solicitudot?gx-no-cache=1565100934881 HTTP/1.1" 200 1361
190.171.134.178 - - [06/Aug/2019:11:20:49 -0300] "POST /cormun/servlet/solicitudot?gx-no-cache=1565100935883 HTTP/1.1" 200 38
190.171.134.178 - - [06/Aug/2019:11:20:49 -0300] "GET /cormun/servlet/solicitudot?1fc6188092fbd23eed43714f493e00da57388a75ffec994b10988c8abb7fc31fdba51569a6cb7704a09173e8e485e284383ec3b5b4aa774c209a0ec79e264d2d2eac45bfd2748076ae8a85555ae79f25122f88d1b16c6905e9ee987cf1df71fa4ed353e406ffc7e87cd38f097bac568d,gx-no-cache=1565100936042 HTTP/1.1" 200 110
190.171.134.178 - - [06/Aug/2019:11:20:49 -0300] "POST /cormun/servlet/solicitudot?gx-no-cache=1565100936193 HTTP/1.1" 200 97
190.171.134.178 - - [06/Aug/2019:11:20:49 -0300] "GET /cormun/servlet/solicitudot?1fc6188092fbd23eed43714f493e00da6944b4dde81a8ae68a213a9d84e8a47a724336625323b6d3802af09204bd18d091758694d128877ad89068a6e987f6e78d1720e51979af7e5ddd979cb8bf68419c825f30e463c54ec3161701fdb4b44cd05ecdba34ddb74e22ac396b40af44b9f539c902c389bd3eb6db0602e8e62d6a74b8f15b74f4ba0d13c188741e0a5226da02bcfdb1f242d604bb4f29578912515bd72790345c74c035523dc21337cc077cfabd59470ec4895dfea8d2eff56929fc494a966ebe9060be86067acb97b906,gx-no-cache=1565100936397 HTTP/1.1" 200 29
190.171.134.178 - - [06/Aug/2019:11:20:49 -0300] "GET /cormun/servlet/solicitudot?1fc6188092fbd23eed43714f493e00dae4245830c385ea18d81bd49a73f596173918d8a30bb73dc21fd3c4790e9d439a,gx-no-cache=1565100936565 HTTP/1.1" 200 134
190.171.134.178 - - [06/Aug/2019:11:20:49 -0300] "GET /cormun/static/Shared/jqueryui/images/ui-bg_highlight-soft_100_c6c2c8_1x100.png HTTP/1.1" 404 1117
190.171.134.178 - - [06/Aug/2019:11:20:50 -0300] "GET /cormun/static/Shared/jqueryui/images/ui-bg_flat_55_994d53_40x100.png HTTP/1.1" 404 1097
190.171.134.178 - - [06/Aug/2019:11:20:50 -0300] "GET /cormun/static/Shared/jqueryui/images/ui-icons_ebccce_256x240.png HTTP/1.1" 404 1089
190.171.134.178 - - [06/Aug/2019:11:20:50 -0300] "GET /cormun/static/Shared/jqueryui/images/ui-icons_82798d_256x240.png HTTP/1.1" 404 1089
190.171.134.178 - - [06/Aug/2019:11:20:59 -0300] "GET /cormun/static/menuarrow.gif HTTP/1.1" 404 1015
190.171.143.90 - - [06/Aug/2019:11:21:05 -0300] "POST /cormun/servlet/solicitudot?gx-no-cache=1565100949052 HTTP/1.1" 200 32
190.171.134.178 - - [06/Aug/2019:11:21:10 -0300] "GET /cormun/servlet/solicitudot?1fc6188092fbd23eed43714f493e00daa005b0fec4d24a6c58e3651e284eb59f9e80d74bd58faa61d9d99ae1b91d17af,gx-no-cache=1565100957236 HTTP/1.1" 200 30
190.171.134.178 - - [06/Aug/2019:11:21:10 -0300] "POST /cormun/servlet/solicitudot?gx-no-cache=1565100957417 HTTP/1.1" 200 33
190.171.134.178 - - [06/Aug/2019:11:21:19 -0300] "POST /cormun/servlet/solicitudot?5b96116c0d8aa2953965597b723750c7,INS,0,0,,gx-no-cache=1565100965478 HTTP/1.1" 200 93
190.171.134.178 - - [06/Aug/2019:11:21:20 -0300] "GET /cormun/servlet/hpexe_return? HTTP/1.1" 200 1002
190.171.134.178 - - [06/Aug/2019:11:21:20 -0300] "GET /cormun/servlet/trsolicitudot HTTP/1.1" 200 9428
190.171.134.178 - - [06/Aug/2019:11:21:21 -0300] "GET /cormun/servlet/trsolicitudot HTTP/1.1" 200 9424
190.171.134.178 - - [06/Aug/2019:11:21:28 -0300] "GET /cormun/servlet/trvisualizadoreventos? HTTP/1.1" 200 6749
190.171.134.178 - - [06/Aug/2019:11:21:29 -0300] "GET /cormun/servlet/trvisualizadoreventos? HTTP/1.1" 200 6748
190.171.134.178 - - [06/Aug/2019:11:21:33 -0300] "GET /cormun/servlet/trsolicitudot? HTTP/1.1" 200 9425
190.171.134.178 - - [06/Aug/2019:11:21:34 -0300] "GET /cormun/servlet/trsolicitudot? HTTP/1.1" 200 9424
190.171.134.178 - - [06/Aug/2019:11:21:39 -0300] "POST /cormun/servlet/trsolicitudot?5b96116c0d8aa2953965597b723750c7,,gx-no-cache=1565100985226 HTTP/1.1" 200 6180
190.171.134.178 - - [06/Aug/2019:11:21:40 -0300] "GET /cormun/static/Shared/jqueryui/images/ui-bg_highlight-soft_100_c6c2c8_1x100.png HTTP/1.1" 404 1117
190.171.134.178 - - [06/Aug/2019:11:21:40 -0300] "GET /cormun/static/Shared/jqueryui/images/ui-icons_82798d_256x240.png HTTP/1.1" 404 1089
190.171.134.178 - - [06/Aug/2019:11:21:40 -0300] "GET /cormun/static/Shared/jqueryui/images/ui-icons_8d78a5_256x240.png HTTP/1.1" 404 1089
190.171.134.178 - - [06/Aug/2019:11:21:40 -0300] "GET /cormun/static/Shared/jqueryui/images/ui-bg_flat_55_fafafa_40x100.png HTTP/1.1" 404 1097
190.171.134.178 - - [06/Aug/2019:11:21:40 -0300] "POST /cormun/servlet/trsolicitudot?5b96116c0d8aa2953965597b723750c7,,gx-no-cache=1565100987184 HTTP/1.1" 200 6124
190.171.134.178 - - [06/Aug/2019:11:21:44 -0300] "POST /cormun/servlet/trsolicitudot?5b96116c0d8aa2953965597b723750c7,,gx-no-cache=1565100990826 HTTP/1.1" 200 5771
190.171.134.178 - - [06/Aug/2019:11:21:44 -0300] "POST /cormun/servlet/trsolicitudot?5b96116c0d8aa2953965597b723750c7,,gx-no-cache=1565100991501 HTTP/1.1" 200 5714
190.171.134.178 - - [06/Aug/2019:11:21:49 -0300] "POST /cormun/servlet/trsolicitudot?5b96116c0d8aa2953965597b723750c7,,gx-no-cache=1565100995518 HTTP/1.1" 200 4540
190.171.134.178 - - [06/Aug/2019:11:21:50 -0300] "POST /cormun/servlet/trsolicitudot?5b96116c0d8aa2953965597b723750c7,,gx-no-cache=1565100996965 HTTP/1.1" 200 4310
190.171.134.178 - - [06/Aug/2019:11:22:00 -0300] "GET /cormun/servlet/hlogin HTTP/1.1" 200 1735
190.171.134.178 - - [06/Aug/2019:11:22:13 -0300] "POST /cormun/servlet/hlogin?5b96116c0d8aa2953965597b723750c7,gx-no-cache=1565101019284 HTTP/1.1" 200 90
190.171.134.178 - - [06/Aug/2019:11:22:14 -0300] "GET /cormun/servlet/hpexe_link HTTP/1.1" 200 946
190.171.134.178 - - [06/Aug/2019:11:22:14 -0300] "GET /cormun/servlet/hhome HTTP/1.1" 200 4229
190.171.134.178 - - [06/Aug/2019:11:22:15 -0300] "GET /cormun/servlet/hhome HTTP/1.1" 200 4225
190.171.143.90 - - [06/Aug/2019:11:22:18 -0300] "POST /cormun/servlet/solicitudot?549b6d6676ec827179780cf4ee90d1cd,INS,0,0,,gx-no-cache=1565101019990 HTTP/1.1" 200 93
190.171.143.90 - - [06/Aug/2019:11:22:19 -0300] "GET /cormun/servlet/hpexe_return? HTTP/1.1" 200 1009
190.171.143.90 - - [06/Aug/2019:11:22:19 -0300] "GET /cormun/servlet/trsolicitudot HTTP/1.1" 200 8967
190.171.143.90 - - [06/Aug/2019:11:22:21 -0300] "GET /cormun/servlet/trsolicitudot HTTP/1.1" 200 8963
190.171.134.178 - - [06/Aug/2019:11:22:22 -0300] "GET /cormun/servlet/trautorizarsolicitud? HTTP/1.1" 200 9518
190.171.134.178 - - [06/Aug/2019:11:22:25 -0300] "GET /cormun/servlet/trautorizarsolicitud? HTTP/1.1" 200 9516
190.171.143.90 - - [06/Aug/2019:11:22:31 -0300] "POST /cormun/servlet/trsolicitudot?549b6d6676ec827179780cf4ee90d1cd,gx-no-cache=1565101034265 HTTP/1.1" 200 5991
190.171.143.90 - - [06/Aug/2019:11:22:36 -0300] "GET /cormun/servlet/solicitudot?INS,0,0, HTTP/1.1" 200 15351
190.171.143.90 - - [06/Aug/2019:11:22:37 -0300] "GET /cormun/servlet/solicitudot?INS,0,0, HTTP/1.1" 200 15357
190.171.134.178 - - [06/Aug/2019:11:22:44 -0300] "POST /cormun/servlet/trautorizarsolicitud?5b96116c0d8aa2953965597b723750c7,,gx-no-cache=1565101050521 HTTP/1.1" 200 6316
190.171.134.178 - - [06/Aug/2019:11:22:46 -0300] "POST /cormun/servlet/trautorizarsolicitud?5b96116c0d8aa2953965597b723750c7,,gx-no-cache=1565101051552 HTTP/1.1" 200 6261
190.171.143.90 - - [06/Aug/2019:11:22:47 -0300] "GET /cormun/servlet/prfichaempleado?,MD,,gxPopupLevel%3D0%3B HTTP/1.1" 200 9402
190.171.134.178 - - [06/Aug/2019:11:22:48 -0300] "POST /cormun/servlet/trautorizarsolicitud?5b96116c0d8aa2953965597b723750c7,,gx-no-cache=1565101054556 HTTP/1.1" 200 5900
190.171.134.178 - - [06/Aug/2019:11:22:49 -0300] "POST /cormun/servlet/trautorizarsolicitud?5b96116c0d8aa2953965597b723750c7,,gx-no-cache=1565101055289 HTTP/1.1" 200 5845
190.171.134.178 - - [06/Aug/2019:11:22:51 -0300] "POST /cormun/servlet/trautorizarsolicitud?5b96116c0d8aa2953965597b723750c7,,gx-no-cache=1565101058000 HTTP/1.1" 200 4682
190.171.134.178 - - [06/Aug/2019:11:22:52 -0300] "POST /cormun/servlet/trautorizarsolicitud?5b96116c0d8aa2953965597b723750c7,,gx-no-cache=1565101058725 HTTP/1.1" 200 4452
190.171.143.90 - - [06/Aug/2019:11:22:56 -0300] "POST /cormun/servlet/prfichaempleado?549b6d6676ec827179780cf4ee90d1cd,,MD,,gxPopupLevel%3D0%3B,gx-no-cache=1565101059020 HTTP/1.1" 200 3424
190.171.143.90 - - [06/Aug/2019:11:23:00 -0300] "POST /cormun/servlet/solicitudot?gx-no-cache=1565101063152 HTTP/1.1" 200 3610
190.171.143.90 - - [06/Aug/2019:11:23:02 -0300] "POST /cormun/servlet/solicitudot?549b6d6676ec827179780cf4ee90d1cd,INS,0,0,,gx-no-cache=1565101064409 HTTP/1.1" 200 12106
190.171.143.90 - - [06/Aug/2019:11:23:06 -0300] "GET /cormun/servlet/solicitudot?d0ac88cf84ca617fd118548040f82bdcd155f2a8d892a7bfc5156da4532f734bd8af7a63988ed39ea37a488ea61da9be,gx-no-cache=1565101069542 HTTP/1.1" 200 30
190.171.143.90 - - [06/Aug/2019:11:23:06 -0300] "GET /cormun/servlet/solicitudot?d0ac88cf84ca617fd118548040f82bdc17d8b1790dcd6ae831c4ad64a32bf8dd775b19fbdd53f19675e21bfb16ace90a87a3a7af21323b50ef501e1b723ca5f0,gx-no-cache=1565101069690 HTTP/1.1" 200 30
190.171.143.90 - - [06/Aug/2019:11:23:06 -0300] "GET /cormun/servlet/solicitudot?d0ac88cf84ca617fd118548040f82bdc554860b4ec2efb52ad3d97c81cbe80ab,gx-no-cache=1565101069822 HTTP/1.1" 200 53
190.171.143.90 - - [06/Aug/2019:11:23:07 -0300] "POST /cormun/servlet/solicitudot?gx-no-cache=1565101070258 HTTP/1.1" 200 255
190.171.143.90 - - [06/Aug/2019:11:23:07 -0300] "GET /cormun/servlet/solicitudot?d0ac88cf84ca617fd118548040f82bdc06476bfb01e3f9eb70eec5695ec152574a68e5a27c124620847f34ec9a3145eb58387375f949381ae236a6558f4e6a1a55d9583e7309523f79f38c56d58496fc5a3e07ebe6e5c1ea33bd512b1b656c8bdcd81072af32847ac0c3b6fe51a633eb24aab7c84c8931f25e0ee4dc6e89444bdd2718251557da0b673cf6eae5f4fde8920bacf8567b8f6e53d6577c5dfb3e85143ea789b04cba8ab2febaa5ecec9d9a1e04b36f57c755ef77dabf7d9f1f2267727877cc94a6ecfb5553ebe6e44d31588fc51a2fe0ddf43fc4beae34698d79a3f0775208e814b7e1e8ee620789b3457ced149f2f88a38ea5b7cb675fe0309fc27c3b4156123728b4054ace2cf875864fdd17d8ab35dbc8fb0197efedc49d203e9cf5068ee11e0afadf32488e73a666f7f1cc414333ae593e80d2a978a100df937b3fde6a0196295a400d8981a837579595cc0873961c3c9901d46fa9fe7f58ee084a95d35a25a562761fb69d6fdc1948d1d6ad31ce789bee0bad9461a7e99efa,gx-no-cache=1565101070407 HTTP/1.1" 200 30
190.171.143.90 - - [06/Aug/2019:11:23:09 -0300] "POST /cormun/servlet/solicitudot?gx-no-cache=1565101072742 HTTP/1.1" 200 30
190.171.143.90 - - [06/Aug/2019:11:23:13 -0300] "GET /cormun/servlet/prcontratosol?15111610,,,,,MD,,gxPopupLevel%3D0%3B HTTP/1.1" 200 8917
190.171.143.90 - - [06/Aug/2019:11:23:19 -0300] "POST /cormun/servlet/solicitudot?gx-no-cache=1565101082827 HTTP/1.1" 200 1444
190.171.143.90 - - [06/Aug/2019:11:23:20 -0300] "GET /cormun/static/Shared/jqueryui/images/ui-bg_flat_55_994d53_40x100.png HTTP/1.1" 404 1097
190.171.143.90 - - [06/Aug/2019:11:23:20 -0300] "GET /cormun/static/Shared/jqueryui/images/ui-icons_82798d_256x240.png HTTP/1.1" 404 1089
190.171.143.90 - - [06/Aug/2019:11:23:20 -0300] "POST /cormun/servlet/solicitudot?gx-no-cache=1565101083215 HTTP/1.1" 200 117
190.171.143.90 - - [06/Aug/2019:11:23:20 -0300] "GET /cormun/static/Shared/jqueryui/images/ui-icons_ebccce_256x240.png HTTP/1.1" 404 1089
190.171.143.90 - - [06/Aug/2019:11:23:20 -0300] "GET /cormun/servlet/solicitudot?d0ac88cf84ca617fd118548040f82bdc3801a55c9e4a8c67956595304ac796a34d6d9e0c18f0722c1912817330d4821a4decfe7998fd56ed8d500c6a795736741d39a7b2d0240cb491d58a1f5d504c1c9115537966be189eafeef96bc19738539a45a4a90449ff1671c4324d07227826,gx-no-cache=1565101083431 HTTP/1.1" 200 110
190.171.143.90 - - [06/Aug/2019:11:23:20 -0300] "GET /cormun/static/Shared/jqueryui/images/ui-bg_highlight-soft_100_c6c2c8_1x100.png HTTP/1.1" 404 1117
190.171.143.90 - - [06/Aug/2019:11:23:20 -0300] "POST /cormun/servlet/solicitudot?gx-no-cache=1565101083564 HTTP/1.1" 200 64
190.171.143.90 - - [06/Aug/2019:11:23:20 -0300] "GET /cormun/servlet/solicitudot?d0ac88cf84ca617fd118548040f82bdceef8bdbc5a69823e09e0849aa39acf6f31e8d72aafad65bd5fc47b78877afecb68d924edddb91a00b9ed05e657a72da578e887d63e888a00ae2fa528403b77c7e70596cc4a1a328833cd7a4ddad7cfb9d5ded2c0ecaaaca98297c2a7966651170433f92976325f22f43421b0036686b8169dd6eba9e93698fcf798a8cef02fca156e8d5281e6611f69acd70b61fda62f,gx-no-cache=1565101083812 HTTP/1.1" 200 29
190.171.143.90 - - [06/Aug/2019:11:23:20 -0300] "GET /cormun/servlet/solicitudot?d0ac88cf84ca617fd118548040f82bdc4fcdd9c979bd9c014d2e17916050ece039adacb0c4c51bc195f9a36f6382d6b4,gx-no-cache=1565101083945 HTTP/1.1" 200 134
190.171.143.90 - - [06/Aug/2019:11:23:27 -0300] "GET /cormun/servlet/prfichaempleado?,MD,,gxPopupLevel%3D0%3B HTTP/1.1" 200 9402
190.171.143.90 - - [06/Aug/2019:11:23:37 -0300] "POST /cormun/servlet/prfichaempleado?549b6d6676ec827179780cf4ee90d1cd,,MD,,gxPopupLevel%3D0%3B,gx-no-cache=1565101099701 HTTP/1.1" 200 5054
190.171.143.90 - - [06/Aug/2019:11:23:49 -0300] "GET /cormun/servlet/prlicenciaspermisos?17837787,L,,MD,,gxPopupLevel%3D0%3B HTTP/1.1" 200 5825
186.67.172.234 - - [06/Aug/2019:11:24:04 -0300] "GET /cormun/servlet/hlogin HTTP/1.1" 200 1724
186.67.172.234 - - [06/Aug/2019:11:24:04 -0300] "GET /cormun/static/gxtimezone.js?85251 HTTP/1.1" 200 5781
186.67.172.234 - - [06/Aug/2019:11:24:04 -0300] "GET /cormun/static/gxcfg.js?20177612122725 HTTP/1.1" 200 953
186.67.172.234 - - [06/Aug/2019:11:24:04 -0300] "GET /cormun/static/hlogin.js?20177612122738 HTTP/1.1" 200 2136
186.67.172.234 - - [06/Aug/2019:11:24:04 -0300] "GET /cormun/static/Resources/Spanish/PXTools.css?1155365 HTTP/1.1" 200 89042
186.67.172.234 - - [06/Aug/2019:11:24:04 -0300] "GET /cormun/static/Resources/PXToolsLoginBackground.png HTTP/1.1" 200 1164
186.67.172.234 - - [06/Aug/2019:11:24:04 -0300] "GET /cormun/static/Resources/PXToolsLoginTop.png HTTP/1.1" 200 1337
186.67.172.234 - - [06/Aug/2019:11:24:05 -0300] "GET /cormun/static/Resources/PXToolsLoginBottom.png HTTP/1.1" 200 1389
186.67.172.234 - - [06/Aug/2019:11:24:05 -0300] "GET /cormun/static/Resources/ComunLogin.png HTTP/1.1" 200 17326
190.171.143.90 - - [06/Aug/2019:11:24:10 -0300] "POST /cormun/servlet/solicitudot?gx-no-cache=1565101133571 HTTP/1.1" 200 1360
186.67.172.234 - - [06/Aug/2019:11:24:13 -0300] "POST /cormun/servlet/hlogin?0ff71eab55bb2879780a95023a235b98,gx-no-cache=1565097501327 HTTP/1.1" 200 90
186.67.172.234 - - [06/Aug/2019:11:24:14 -0300] "GET /cormun/servlet/hpexe_link HTTP/1.1" 200 953
186.67.172.234 - - [06/Aug/2019:11:24:14 -0300] "GET /cormun/static/hpexe_link.js?20177612121795 HTTP/1.1" 200 625
186.67.172.234 - - [06/Aug/2019:11:24:14 -0300] "GET /cormun/static/gxcfg.js?20177612121792 HTTP/1.1" 200 953
186.67.172.234 - - [06/Aug/2019:11:24:14 -0300] "GET /cormun/servlet/hhome HTTP/1.1" 200 4353
186.67.172.234 - - [06/Aug/2019:11:24:14 -0300] "GET /cormun/static/PXToolsJavascripts/pexe_windows.js HTTP/1.1" 200 15207
186.67.172.234 - - [06/Aug/2019:11:24:14 -0300] "GET /cormun/static/PXToolsJavascripts/pexe_autoreload.js HTTP/1.1" 200 1762
186.67.172.234 - - [06/Aug/2019:11:24:14 -0300] "GET /cormun/static/PXToolsJavascripts/pexe_cookies.js HTTP/1.1" 200 792
186.67.172.234 - - [06/Aug/2019:11:24:15 -0300] "GET /cormun/static/PXToolsJavascripts/pexe_grid.js HTTP/1.1" 200 7559
186.67.172.234 - - [06/Aug/2019:11:24:15 -0300] "GET /cormun/static/PXToolsJavascripts/pexe_link.js HTTP/1.1" 200 5671
186.67.172.234 - - [06/Aug/2019:11:24:15 -0300] "GET /cormun/static/PXToolsJavascripts/pexe_griddivfix.js HTTP/1.1" 200 6644
186.67.172.234 - - [06/Aug/2019:11:24:15 -0300] "GET /cormun/static/PXToolsJavascripts/pexe_menudivfix.js HTTP/1.1" 200 333
186.67.172.234 - - [06/Aug/2019:11:24:15 -0300] "GET /cormun/static/PXToolsJavascripts/pexe_menus.js HTTP/1.1" 200 1286
186.67.172.234 - - [06/Aug/2019:11:24:15 -0300] "GET /cormun/static/PXToolsJavascripts/pexe_layers.js HTTP/1.1" 200 4114
186.67.172.234 - - [06/Aug/2019:11:24:15 -0300] "GET /cormun/static/PXToolsJavascripts/pexe_oav.js HTTP/1.1" 200 645
186.67.172.234 - - [06/Aug/2019:11:24:15 -0300] "GET /cormun/static/PXToolsJavascripts/pexe_picture.js HTTP/1.1" 200 689
186.67.172.234 - - [06/Aug/2019:11:24:15 -0300] "GET /cormun/static/PXToolsJavascripts/pexe_oavdivfix.js HTTP/1.1" 200 639
186.67.172.234 - - [06/Aug/2019:11:24:15 -0300] "GET /cormun/static/PXToolsJavascripts/pexe_popup.js HTTP/1.1" 200 13458
186.67.172.234 - - [06/Aug/2019:11:24:15 -0300] "GET /cormun/static/PXToolsJavascripts/pexe_scrolldiv.js HTTP/1.1" 200 4138
186.67.172.234 - - [06/Aug/2019:11:24:15 -0300] "GET /cormun/static/PXToolsJavascripts/pexe_tabdivfix.js HTTP/1.1" 200 876
186.67.172.234 - - [06/Aug/2019:11:24:15 -0300] "GET /cormun/static/PXToolsJavascripts/pexe_tabs.js HTTP/1.1" 200 3748
186.67.172.234 - - [06/Aug/2019:11:24:15 -0300] "GET /cormun/static/PXToolsJavascripts/pexe_upload.js HTTP/1.1" 200 1423
186.67.172.234 - - [06/Aug/2019:11:24:15 -0300] "GET /cormun/static/PXToolsJavascripts/PXToolsJavascriptsRender.js HTTP/1.1" 200 367
186.67.172.234 - - [06/Aug/2019:11:24:15 -0300] "GET /cormun/static/Resources/PXToolsHeaderActionsLeft.png HTTP/1.1" 200 1118
186.67.172.234 - - [06/Aug/2019:11:24:15 -0300] "GET /cormun/static/Resources/logo4.png HTTP/1.1" 200 6582
186.67.172.234 - - [06/Aug/2019:11:24:15 -0300] "GET /cormun/static/RunJS/RunJS.js HTTP/1.1" 200 288
186.67.172.234 - - [06/Aug/2019:11:24:15 -0300] "GET /cormun/static/Shared/ext/locale/ext-lang-en.js HTTP/1.1" 200 10940
186.67.172.234 - - [06/Aug/2019:11:24:15 -0300] "GET /cormun/static/hwchdr01.js?201752511465785 HTTP/1.1" 200 1183
186.67.172.234 - - [06/Aug/2019:11:24:15 -0300] "GET /cormun/static/hpexe_recentlink.js?20177611595044 HTTP/1.1" 200 2144
186.67.172.234 - - [06/Aug/2019:11:24:15 -0300] "GET /cormun/static/Resources/PXToolsHeaderBackground2.png HTTP/1.1" 200 1174
186.67.172.234 - - [06/Aug/2019:11:24:15 -0300] "GET /cormun/static/Resources/PXToolsDataTitle.png HTTP/1.1" 200 1173
186.67.172.234 - - [06/Aug/2019:11:24:15 -0300] "GET /cormun/static/Resources/PXToolsHeaderLogin.png HTTP/1.1" 200 4279
186.67.172.234 - - [06/Aug/2019:11:24:15 -0300] "GET /cormun/static/Resources/PXToolsHeaderPreferences.png HTTP/1.1" 200 4189
186.67.172.234 - - [06/Aug/2019:11:24:15 -0300] "GET /cormun/static/gxui/gxui-all.js HTTP/1.1" 200 107772
186.67.172.234 - - [06/Aug/2019:11:24:15 -0300] "GET /cormun/static/Resources/PXToolsHeaderSecurity.png HTTP/1.1" 200 4166
186.67.172.234 - - [06/Aug/2019:11:24:15 -0300] "GET /cormun/static/Resources/PXToolsHeaderHome.png HTTP/1.1" 200 4147
186.67.172.234 - - [06/Aug/2019:11:24:15 -0300] "GET /cormun/static/Resources/PXToolsHeaderActionsRight.png HTTP/1.1" 200 1201
186.67.172.234 - - [06/Aug/2019:11:24:15 -0300] "GET /cormun/static/Resources/PXToolsFooterBackground2.png HTTP/1.1" 200 1172
186.67.172.234 - - [06/Aug/2019:11:24:15 -0300] "GET /cormun/static/Resources/PXToolsHeaderActionsBackground.png HTTP/1.1" 200 484
186.67.172.234 - - [06/Aug/2019:11:24:16 -0300] "GET /cormun/static/hpexe_scripts.js?201752511465715 HTTP/1.1" 200 1544
186.67.172.234 - - [06/Aug/2019:11:24:16 -0300] "GET /cormun/static/hpexe_messagecontroller.js?20177611595012 HTTP/1.1" 200 870
186.67.172.234 - - [06/Aug/2019:11:24:16 -0300] "GET /cormun/static/hpexe_messagegenexuscomponent.js?201752511465344 HTTP/1.1" 200 587
186.67.172.234 - - [06/Aug/2019:11:24:16 -0300] "GET /cormun/static/hpexe_messagepopupcomponent.js?20161017169425 HTTP/1.1" 200 605
186.67.172.234 - - [06/Aug/2019:11:24:16 -0300] "GET /cormun/static/cmcontrolpreferences.js?201752511465670 HTTP/1.1" 200 1375
186.67.172.234 - - [06/Aug/2019:11:24:16 -0300] "GET /cormun/static/SmoothNavMenu/resources/ddsmoothmenu.js HTTP/1.1" 200 12712
186.67.172.234 - - [06/Aug/2019:11:24:17 -0300] "GET /cormun/static/SmoothNavMenu/resources/SmoothNavMenuRender.js HTTP/1.1" 200 5951
186.67.172.234 - - [06/Aug/2019:11:24:17 -0300] "GET /cormun/static/scaMessage/scaMessageRender.js HTTP/1.1" 200 11977
186.67.172.234 - - [06/Aug/2019:11:24:18 -0300] "GET /cormun/static/hmpwkw03.js?20189613443875 HTTP/1.1" 200 3965
186.67.172.234 - - [06/Aug/2019:11:24:18 -0300] "GET /cormun/static/Shared/jquery/jquery-1.10.2.min.js HTTP/1.1" 200 273199
186.67.172.234 - - [06/Aug/2019:11:24:18 -0300] "GET /cormun/static/Shared/jquery/jquery-1.4.2.min.js HTTP/1.1" 200 72174
186.67.172.234 - - [06/Aug/2019:11:24:19 -0300] "GET /cormun/static/scaMessage/js/jquery.pnotify.min.js HTTP/1.1" 200 13038
186.67.172.234 - - [06/Aug/2019:11:24:20 -0300] "GET /cormun/static/Shared/ext/ext-all.js HTTP/1.1" 200 1289687
186.67.172.234 - - [06/Aug/2019:11:24:26 -0300] "GET /cormun/static/Shared/jqueryui/jquery-ui.min.js HTTP/1.1" 200 240427
186.67.172.234 - - [06/Aug/2019:11:24:26 -0300] "GET /cormun/static/SmoothNavMenu/resources/images/down.gif HTTP/1.1" 200 854
186.67.172.234 - - [06/Aug/2019:11:24:26 -0300] "GET /cormun/static/SmoothNavMenu/resources/images/right.gif HTTP/1.1" 200 860
186.67.172.234 - - [06/Aug/2019:11:24:26 -0300] "GET /cormun/servlet/hhome HTTP/1.1" 200 4349
190.171.143.90 - - [06/Aug/2019:11:24:35 -0300] "POST /cormun/servlet/solicitudot?gx-no-cache=1565101158969 HTTP/1.1" 200 41
190.171.143.90 - - [06/Aug/2019:11:24:35 -0300] "GET /cormun/servlet/solicitudot?d0ac88cf84ca617fd118548040f82bdc3801a55c9e4a8c67956595304ac796a34d6d9e0c18f0722c1912817330d4821a4decfe7998fd56ed8d500c6a795736741d39a7b2d0240cb491d58a1f5d504c1c9115537966be189eafeef96bc19738539a45a4a90449ff1671c4324d07227826,gx-no-cache=1565101159214 HTTP/1.1" 200 110
190.171.143.90 - - [06/Aug/2019:11:24:37 -0300] "POST /cormun/servlet/solicitudot?gx-no-cache=1565101159352 HTTP/1.1" 200 97
190.171.143.90 - - [06/Aug/2019:11:24:41 -0300] "GET /cormun/servlet/solicitudot?d0ac88cf84ca617fd118548040f82bdc3801a55c9e4a8c67956595304ac796a34d6d9e0c18f0722c1912817330d4821a4decfe7998fd56ed8d500c6a795736741d39a7b2d0240cb491d58a1f5d504c1c9115537966be189eafeef96bc19738539a45a4a90449ff1671c4324d07227826,gx-no-cache=1565101164504 HTTP/1.1" 200 110
186.67.172.234 - - [06/Aug/2019:11:24:47 -0300] "GET /cormun/servlet/trlicencias? HTTP/1.1" 200 12287
186.67.172.234 - - [06/Aug/2019:11:24:47 -0300] "GET /cormun/static/gxcfg.js?20176272054169 HTTP/1.1" 200 953
186.67.172.234 - - [06/Aug/2019:11:24:47 -0300] "GET /cormun/static/calendar-es.js?85251 HTTP/1.1" 200 1901
186.67.172.234 - - [06/Aug/2019:11:24:47 -0300] "GET /cormun/static/calendar-setup.js?85251 HTTP/1.1" 200 2588
186.67.172.234 - - [06/Aug/2019:11:24:47 -0300] "GET /cormun/static/Resources/PXTools/calendar.png HTTP/1.1" 200 1306
186.67.172.234 - - [06/Aug/2019:11:24:47 -0300] "GET /cormun/static/calendar.js?85251 HTTP/1.1" 200 26246
190.171.143.90 - - [06/Aug/2019:11:24:47 -0300] "GET /cormun/static/menuarrow.gif HTTP/1.1" 404 1015
186.67.172.234 - - [06/Aug/2019:11:24:47 -0300] "GET /cormun/static/trlicencias.js?20176272054837 HTTP/1.1" 200 41883
186.67.172.234 - - [06/Aug/2019:11:24:47 -0300] "GET /cormun/static/gxdec.js?85251 HTTP/1.1" 200 19579
186.67.172.234 - - [06/Aug/2019:11:24:47 -0300] "GET /cormun/static/Resources/PXToolsGridPreviousDisabled.gif HTTP/1.1" 200 90
186.67.172.234 - - [06/Aug/2019:11:24:47 -0300] "GET /cormun/static/Resources/PXToolsGridFirstDisabled.gif HTTP/1.1" 200 100
186.67.172.234 - - [06/Aug/2019:11:24:47 -0300] "GET /cormun/static/Resources/PXToolsGridNextDisabled.gif HTTP/1.1" 200 90
186.67.172.234 - - [06/Aug/2019:11:24:48 -0300] "GET /cormun/static/Resources/PXToolsActionExcel.png HTTP/1.1" 200 3187
186.67.172.234 - - [06/Aug/2019:11:24:48 -0300] "GET /cormun/static/Resources/PXToolsGridNew.png HTTP/1.1" 200 2949
186.67.172.234 - - [06/Aug/2019:11:24:48 -0300] "GET /cormun//static/Resources/PXToolsGridDisplay.png HTTP/1.1" 200 362
186.67.172.234 - - [06/Aug/2019:11:24:48 -0300] "GET /cormun//static/Resources/PXToolsActionDisabled.gif HTTP/1.1" 200 53
186.67.172.234 - - [06/Aug/2019:11:24:48 -0300] "GET /cormun//static/Resources/PXToolsHeaderHelp.png HTTP/1.1" 200 4055
186.67.172.234 - - [06/Aug/2019:11:24:48 -0300] "GET /cormun//static/Resources/PXToolsActionPrint.png HTTP/1.1" 200 3317
186.67.172.234 - - [06/Aug/2019:11:24:48 -0300] "GET /cormun/static/Resources/PXToolsGridPage.gif HTTP/1.1" 200 725
186.67.172.234 - - [06/Aug/2019:11:24:48 -0300] "GET /cormun/static/Resources/PXToolsGridLastDisabled.gif HTTP/1.1" 200 98
186.67.172.234 - - [06/Aug/2019:11:24:48 -0300] "GET /cormun//static/Resources/PXToolsHeaderFavorites.png HTTP/1.1" 200 2744
186.67.172.234 - - [06/Aug/2019:11:24:48 -0300] "GET /cormun/static/Shared/ext/resources/themes/images/default/panel/bg-headersPanel.png HTTP/1.1" 200 255
186.67.172.234 - - [06/Aug/2019:11:24:48 -0300] "GET /cormun/static/Shared/ext/resources/themes/images/default/tools/tool-sprites.gif HTTP/1.1" 200 5434
186.67.172.234 - - [06/Aug/2019:11:24:48 -0300] "GET /cormun//static/Resources/PXTools/ActionInsert.png HTTP/1.1" 200 1482
186.67.172.234 - - [06/Aug/2019:11:24:48 -0300] "GET /cormun/servlet/trlicencias? HTTP/1.1" 200 12284
