186.103.159.187 - - [05/Aug/2019:14:44:08 -0300] "POST /cormun/servlet/solicitudot?gx-no-cache=1565026818264 HTTP/1.1" 200 41
186.103.159.187 - - [05/Aug/2019:14:44:08 -0300] "GET /cormun/servlet/solicitudot?67b4897157eabe81163237c6c6de9be199c0a2f38d10487b262c1499a56c258238097af1f715eb38870ec31b38c347411fd8dfcb6998d40e1eeb041c5d9a1123ea1d3feca4efcbce5fb5eac2f90fabf61840afdc127ae0e1750eec14e558ea7d7114dea4b635837b06b2b8fe766332f7,gx-no-cache=1565026818360 HTTP/1.1" 200 110
186.103.159.187 - - [05/Aug/2019:14:44:10 -0300] "GET /cormun/servlet/solicitudot?67b4897157eabe81163237c6c6de9be199c0a2f38d10487b262c1499a56c258238097af1f715eb38870ec31b38c347411fd8dfcb6998d40e1eeb041c5d9a1123ea1d3feca4efcbce5fb5eac2f90fabf61840afdc127ae0e1750eec14e558ea7d7114dea4b635837b06b2b8fe766332f7,gx-no-cache=1565026820294 HTTP/1.1" 200 110
186.103.159.187 - - [05/Aug/2019:14:44:21 -0300] "GET /cormun/servlet/solicitudot?67b4897157eabe81163237c6c6de9be1258eb90568817e4b7352b2d8d40a86dc57d22e56e7a8582187d0876d227206a0,gx-no-cache=1565026831703 HTTP/1.1" 200 30
186.103.159.187 - - [05/Aug/2019:14:44:21 -0300] "POST /cormun/servlet/solicitudot?gx-no-cache=1565026831743 HTTP/1.1" 200 120
186.103.159.187 - - [05/Aug/2019:14:44:22 -0300] "POST /cormun/servlet/solicitudot?6abc2270094cb428fb3eef71c1504462,INS,0,0,,gx-no-cache=1565026831810 HTTP/1.1" 200 12204
186.103.159.204 - - [05/Aug/2019:14:45:48 -0300] "GET /cormun/servlet/trlicencias? HTTP/1.1" 200 9630
186.103.159.204 - - [05/Aug/2019:14:45:49 -0300] "GET /cormun/servlet/trlicencias? HTTP/1.1" 200 9630
186.103.159.188 - - [05/Aug/2019:14:46:53 -0300] "GET /cormun/servlet/trfichaempleado? HTTP/1.1" 200 14780
186.103.159.187 - - [05/Aug/2019:14:47:26 -0300] "POST /cormun/servlet/solicitudot?gx-no-cache=1565027016624 HTTP/1.1" 200 120
186.103.159.187 - - [05/Aug/2019:14:47:26 -0300] "POST /cormun/servlet/solicitudot?6abc2270094cb428fb3eef71c1504462,INS,0,0,,gx-no-cache=1565027016840 HTTP/1.1" 200 12267
186.103.159.187 - - [05/Aug/2019:14:47:37 -0300] "POST /cormun/servlet/solicitudot?gx-no-cache=1565027027937 HTTP/1.1" 200 30
40.77.167.86 - - [05/Aug/2019:14:47:41 -0300] "GET /cormun/servlet/hhome HTTP/1.1" 200 3469
186.103.159.187 - - [05/Aug/2019:14:47:56 -0300] "GET /cormun/servlet/prcontratosol?17136850,,,,,MD,,gxPopupLevel%3D0%3B HTTP/1.1" 200 8067
186.103.159.187 - - [05/Aug/2019:14:47:56 -0300] "GET /cormun/static/gxcfg.js?201761413223964 HTTP/1.1" 200 953
186.103.159.187 - - [05/Aug/2019:14:47:56 -0300] "GET /cormun/static/prcontratosol.js?201761413224174 HTTP/1.1" 200 15806
186.103.159.187 - - [05/Aug/2019:14:48:08 -0300] "POST /cormun/servlet/solicitudot?gx-no-cache=1565027058842 HTTP/1.1" 200 1360
186.103.159.187 - - [05/Aug/2019:14:48:08 -0300] "POST /cormun/servlet/solicitudot?gx-no-cache=1565027058984 HTTP/1.1" 200 41
186.103.159.187 - - [05/Aug/2019:14:48:08 -0300] "GET /cormun/servlet/solicitudot?67b4897157eabe81163237c6c6de9be199c0a2f38d10487b262c1499a56c258238097af1f715eb38870ec31b38c347411fd8dfcb6998d40e1eeb041c5d9a1123ea1d3feca4efcbce5fb5eac2f90fabf61840afdc127ae0e1750eec14e558ea7d7114dea4b635837b06b2b8fe766332f7,gx-no-cache=1565027059028 HTTP/1.1" 200 110
186.103.159.187 - - [05/Aug/2019:14:48:08 -0300] "POST /cormun/servlet/solicitudot?gx-no-cache=1565027059072 HTTP/1.1" 200 97
186.103.159.187 - - [05/Aug/2019:14:48:09 -0300] "GET /cormun/servlet/solicitudot?67b4897157eabe81163237c6c6de9be1cf77f71cdca1c306e5d14b2a7b718adb2323aeb19db65be451de1ca5e2d056b3,gx-no-cache=1565027059124 HTTP/1.1" 200 134
186.103.159.187 - - [05/Aug/2019:14:48:10 -0300] "POST /cormun/servlet/solicitudot?gx-no-cache=1565027060935 HTTP/1.1" 200 122
186.103.159.187 - - [05/Aug/2019:14:48:11 -0300] "POST /cormun/servlet/solicitudot?6abc2270094cb428fb3eef71c1504462,INS,0,0,,gx-no-cache=1565027061037 HTTP/1.1" 200 12373
186.103.159.187 - - [05/Aug/2019:14:48:23 -0300] "GET /cormun/servlet/solicitudot?67b4897157eabe81163237c6c6de9be1258eb90568817e4b7352b2d8d40a86dc05abb6208437dc3a241abc4f291939d2,gx-no-cache=1565027074096 HTTP/1.1" 200 30
186.103.159.187 - - [05/Aug/2019:14:48:33 -0300] "POST /cormun/servlet/solicitudot?gx-no-cache=1565027083392 HTTP/1.1" 200 146
186.103.159.187 - - [05/Aug/2019:14:48:33 -0300] "POST /cormun/servlet/solicitudot?6abc2270094cb428fb3eef71c1504462,INS,0,0,,gx-no-cache=1565027083537 HTTP/1.1" 200 12386
186.103.159.187 - - [05/Aug/2019:14:48:47 -0300] "POST /cormun/servlet/solicitudot?gx-no-cache=1565027097289 HTTP/1.1" 200 30
186.103.159.187 - - [05/Aug/2019:14:48:50 -0300] "POST /cormun/servlet/solicitudot?gx-no-cache=1565027100902 HTTP/1.1" 200 1360
186.103.159.187 - - [05/Aug/2019:14:48:51 -0300] "POST /cormun/servlet/solicitudot?gx-no-cache=1565027101057 HTTP/1.1" 200 41
186.103.159.187 - - [05/Aug/2019:14:48:51 -0300] "GET /cormun/servlet/solicitudot?67b4897157eabe81163237c6c6de9be199c0a2f38d10487b262c1499a56c258238097af1f715eb38870ec31b38c347411fd8dfcb6998d40e1eeb041c5d9a1123ea1d3feca4efcbce5fb5eac2f90fabf61840afdc127ae0e1750eec14e558ea7d7114dea4b635837b06b2b8fe766332f7,gx-no-cache=1565027101172 HTTP/1.1" 200 110
186.103.159.187 - - [05/Aug/2019:14:48:51 -0300] "POST /cormun/servlet/solicitudot?gx-no-cache=1565027101314 HTTP/1.1" 200 97
186.103.159.187 - - [05/Aug/2019:14:48:52 -0300] "POST /cormun/servlet/solicitudot?gx-no-cache=1565027103037 HTTP/1.1" 200 30
186.103.159.187 - - [05/Aug/2019:14:48:53 -0300] "POST /cormun/servlet/solicitudot?gx-no-cache=1565027103084 HTTP/1.1" 200 1360
186.103.159.187 - - [05/Aug/2019:14:48:53 -0300] "POST /cormun/servlet/solicitudot?gx-no-cache=1565027103185 HTTP/1.1" 200 41
186.103.159.187 - - [05/Aug/2019:14:48:53 -0300] "GET /cormun/servlet/solicitudot?67b4897157eabe81163237c6c6de9be199c0a2f38d10487b262c1499a56c258238097af1f715eb38870ec31b38c347411fd8dfcb6998d40e1eeb041c5d9a1123ea1d3feca4efcbce5fb5eac2f90fabf61840afdc127ae0e1750eec14e558ea7d7114dea4b635837b06b2b8fe766332f7,gx-no-cache=1565027103219 HTTP/1.1" 200 110
186.103.159.187 - - [05/Aug/2019:14:48:53 -0300] "POST /cormun/servlet/solicitudot?gx-no-cache=1565027103258 HTTP/1.1" 200 97
186.103.159.187 - - [05/Aug/2019:14:48:59 -0300] "POST /cormun/servlet/solicitudot?gx-no-cache=1565027109887 HTTP/1.1" 200 30
186.103.159.187 - - [05/Aug/2019:14:49:00 -0300] "POST /cormun/servlet/solicitudot?6abc2270094cb428fb3eef71c1504462,INS,0,0,,gx-no-cache=1565027109946 HTTP/1.1" 200 93
186.103.159.187 - - [05/Aug/2019:14:49:00 -0300] "GET /cormun/servlet/hpexe_return? HTTP/1.1" 200 996
186.103.159.187 - - [05/Aug/2019:14:49:00 -0300] "GET /cormun/static/gxcfg.js?2016101716175148 HTTP/1.1" 200 953
186.103.159.187 - - [05/Aug/2019:14:49:00 -0300] "GET /cormun/static/Resources/Spanish/PXTools.css?167811 HTTP/1.1" 200 89042
186.103.159.187 - - [05/Aug/2019:14:49:00 -0300] "GET /cormun/static/hpexe_return.js?2016101716175153 HTTP/1.1" 200 1633
186.103.159.187 - - [05/Aug/2019:14:49:00 -0300] "GET /cormun/servlet/trsolicitudot HTTP/1.1" 200 8684
186.103.159.187 - - [05/Aug/2019:14:49:02 -0300] "GET /cormun//static/Resources/PXToolsActionView.png HTTP/1.1" 200 2995
186.103.159.187 - - [05/Aug/2019:14:49:02 -0300] "GET /cormun//static/Resources/PXToolsGridUpdate.png HTTP/1.1" 200 2984
186.103.159.187 - - [05/Aug/2019:14:49:02 -0300] "GET /cormun/servlet/trsolicitudot HTTP/1.1" 200 8680
186.103.159.187 - - [05/Aug/2019:14:49:02 -0300] "GET /cormun//static/Resources/PXToolsGridDelete.png HTTP/1.1" 200 357
186.103.159.187 - - [05/Aug/2019:14:49:02 -0300] "GET /cormun//static/Resources/PXToolsRemoveAllAction.png HTTP/1.1" 200 3558
186.103.159.187 - - [05/Aug/2019:14:49:02 -0300] "GET /cormun//static/Resources/PXTools/ActionInsert.png HTTP/1.1" 200 1482
186.103.159.187 - - [05/Aug/2019:14:49:10 -0300] "POST /cormun/servlet/trsolicitudot?6abc2270094cb428fb3eef71c1504462,gx-no-cache=1565027120504 HTTP/1.1" 200 4567
186.103.159.187 - - [05/Aug/2019:14:49:10 -0300] "GET /cormun/static/Shared/jqueryui/images/ui-bg_highlight-soft_100_c6c2c8_1x100.png HTTP/1.1" 404 1117
186.103.159.187 - - [05/Aug/2019:14:49:10 -0300] "GET /cormun/static/Shared/jqueryui/images/ui-icons_82798d_256x240.png HTTP/1.1" 404 1089
186.103.159.187 - - [05/Aug/2019:14:49:10 -0300] "GET /cormun/static/Shared/jqueryui/images/ui-bg_flat_55_fafafa_40x100.png HTTP/1.1" 404 1097
186.103.159.187 - - [05/Aug/2019:14:49:10 -0300] "GET /cormun/static/Shared/jqueryui/images/ui-icons_8d78a5_256x240.png HTTP/1.1" 404 1089
186.103.159.187 - - [05/Aug/2019:14:49:11 -0300] "POST /cormun/servlet/trsolicitudot?6abc2270094cb428fb3eef71c1504462,gx-no-cache=1565027121007 HTTP/1.1" 200 4305
186.103.159.187 - - [05/Aug/2019:14:49:14 -0300] "GET /cormun/servlet/solicitudot?INS,0,0, HTTP/1.1" 200 15050
186.103.159.187 - - [05/Aug/2019:14:49:15 -0300] "GET /cormun/servlet/solicitudot?INS,0,0, HTTP/1.1" 200 15054
186.103.159.187 - - [05/Aug/2019:14:49:29 -0300] "POST /cormun/servlet/solicitudot?gx-no-cache=1565027139203 HTTP/1.1" 200 3592
186.103.159.187 - - [05/Aug/2019:14:49:30 -0300] "POST /cormun/servlet/solicitudot?6abc2270094cb428fb3eef71c1504462,INS,0,0,,gx-no-cache=1565027139901 HTTP/1.1" 200 11836
186.103.159.187 - - [05/Aug/2019:14:49:40 -0300] "GET /cormun/servlet/solicitudot?67b4897157eabe81163237c6c6de9be1f7aea2b93c85c397533253ee0dd0b3f3c533627fee953219ea63d650635f201e,gx-no-cache=1565027150185 HTTP/1.1" 200 30
186.103.159.187 - - [05/Aug/2019:14:49:40 -0300] "GET /cormun/servlet/solicitudot?67b4897157eabe81163237c6c6de9be129265f975eb13189e9cbdf37b8e2e66cfddd1cf379a2d175109af792590106f288d9d14546a7f4a968c1c312ace6717f,gx-no-cache=1565027150348 HTTP/1.1" 200 30
186.103.159.187 - - [05/Aug/2019:14:49:40 -0300] "GET /cormun/servlet/solicitudot?67b4897157eabe81163237c6c6de9be13a7263b9abb89feac544540ecb462849,gx-no-cache=1565027150480 HTTP/1.1" 200 53
186.103.159.187 - - [05/Aug/2019:14:49:40 -0300] "POST /cormun/servlet/solicitudot?gx-no-cache=1565027150617 HTTP/1.1" 200 240
186.103.159.187 - - [05/Aug/2019:14:49:40 -0300] "GET /cormun/servlet/solicitudot?67b4897157eabe81163237c6c6de9be184c26b10d191ee7135c70eb8bf03ca9ea6aee8161c742407b488d6e8eff25ba07b4852f57f8d2a0026d2cd83bc86dc49fdcd28b8ae505aa2d8680c2e386fcce42975103c09e02624f38091d49d70140ca272a37a123a7dff438269e1af9645a97c3203f8c4a2bd25702680c39b128eca95d83c0d9dfd77c298adac8812ba2689e20a38c160c386aeb88e657ff3cc4ca1bf2dce115e1f8a76c351742c3737ebc9018e86b0cb05d403cd87f48be395710477986bde98797613254ab765a14dd4952ed613ee6d3fb86df71c4cbbbf41f28b8981e61fdc55c76284b1b500276e54b3e979ca77755fb70d970a92a196c5090ea7b6511fc05df6031807d9e70e7abd4ba35aa3fbab83ae2283be773ca04df22593715fe94e497d27b680e088ab71ad31d99eb6e0deb7369ce024b559f8f1b8c928309e6b17e67671b0d1aafbf581f352268b68761281e9a9225f7c19402f7c7f1e88275bb9e168139e726a46372bae44754b0bf97535d3f06ec1449427fac6a9,gx-no-cache=1565027150767 HTTP/1.1" 200 30
186.103.159.187 - - [05/Aug/2019:14:49:48 -0300] "POST /cormun/servlet/solicitudot?gx-no-cache=1565027158347 HTTP/1.1" 200 30
186.103.159.187 - - [05/Aug/2019:14:49:52 -0300] "POST /cormun/servlet/solicitudot?gx-no-cache=1565027162357 HTTP/1.1" 200 1362
186.103.159.187 - - [05/Aug/2019:14:49:52 -0300] "POST /cormun/servlet/solicitudot?gx-no-cache=1565027162522 HTTP/1.1" 200 38
186.103.159.187 - - [05/Aug/2019:14:49:52 -0300] "GET /cormun/servlet/solicitudot?67b4897157eabe81163237c6c6de9be199c0a2f38d10487b262c1499a56c258238097af1f715eb38870ec31b38c347411fd8dfcb6998d40e1eeb041c5d9a1123ea1d3feca4efcbce5fb5eac2f90fabf61840afdc127ae0e1750eec14e558ea7d7114dea4b635837b06b2b8fe766332f7,gx-no-cache=1565027162648 HTTP/1.1" 200 110
186.103.159.187 - - [05/Aug/2019:14:49:52 -0300] "POST /cormun/servlet/solicitudot?gx-no-cache=1565027162773 HTTP/1.1" 200 97
186.103.159.187 - - [05/Aug/2019:14:50:06 -0300] "GET /cormun/servlet/solicitudot?67b4897157eabe81163237c6c6de9be1d3307024798e127f39d12c56fa2b63691cc1935d86df54c5c94532645efe68dd1b7be4b0166b3b0d62ea09166922254b52293194492a5bc88715281ce55e5e8e2a08c5606f3e5ea2e6e4dd9cdb095c021d9450575177ec566ca369acc1d2d01220f015ff0b96d6cf0f68ead432da17565672a8e7ee54648dfc095ced1d58c0f215a7c8b75235becb681eea2cd908fa83,gx-no-cache=1565027176369 HTTP/1.1" 200 29
186.103.159.187 - - [05/Aug/2019:14:50:06 -0300] "GET /cormun/static/menuarrow.gif HTTP/1.1" 404 1015
186.103.159.187 - - [05/Aug/2019:14:50:09 -0300] "GET /cormun/servlet/solicitudot?67b4897157eabe81163237c6c6de9be1258eb90568817e4b7352b2d8d40a86dc57d22e56e7a8582187d0876d227206a0,gx-no-cache=1565027179870 HTTP/1.1" 200 30
186.103.159.187 - - [05/Aug/2019:14:50:13 -0300] "POST /cormun/servlet/solicitudot?gx-no-cache=1565027183303 HTTP/1.1" 200 30
186.67.164.138 - - [05/Aug/2019:14:50:34 -0300] "GET /cormun/servlet/hlogin HTTP/1.1" 200 1720
186.67.164.138 - - [05/Aug/2019:14:50:34 -0300] "GET /favicon.ico HTTP/1.1" 200 21630
186.67.164.138 - - [05/Aug/2019:14:50:39 -0300] "POST /cormun/servlet/hlogin?1dbddfdc1ae593c9a32c2b19d88077b0,gx-no-cache=1565027125165 HTTP/1.1" 200 90
186.67.164.138 - - [05/Aug/2019:14:50:39 -0300] "GET /cormun/servlet/hpexe_link HTTP/1.1" 200 948
186.67.164.138 - - [05/Aug/2019:14:50:40 -0300] "GET /cormun/servlet/hhome HTTP/1.1" 200 4057
186.67.164.138 - - [05/Aug/2019:14:50:41 -0300] "GET /cormun/servlet/hhome HTTP/1.1" 200 4053
186.67.164.138 - - [05/Aug/2019:14:50:50 -0300] "GET /cormun/servlet/trpermisosgoce? HTTP/1.1" 200 10031
186.67.164.138 - - [05/Aug/2019:14:50:51 -0300] "GET /cormun/servlet/trpermisosgoce? HTTP/1.1" 200 10033
186.103.159.187 - - [05/Aug/2019:14:50:54 -0300] "POST /cormun/servlet/solicitudot?gx-no-cache=1565027223916 HTTP/1.1" 200 30
186.67.164.138 - - [05/Aug/2019:14:50:55 -0300] "GET /cormun/servlet/permisogoce?INS,0,,, HTTP/1.1" 200 6894
186.67.164.138 - - [05/Aug/2019:14:50:55 -0300] "GET /cormun/servlet/permisogoce?INS,0,,, HTTP/1.1" 200 6893
186.103.159.187 - - [05/Aug/2019:14:50:58 -0300] "GET /cormun/servlet/prcontratosol?17136850,,,,,MD,,gxPopupLevel%3D0%3B HTTP/1.1" 200 8067
186.103.159.187 - - [05/Aug/2019:14:51:05 -0300] "POST /cormun/servlet/solicitudot?gx-no-cache=1565027235574 HTTP/1.1" 200 1444
190.171.149.74 - - [05/Aug/2019:14:51:05 -0300] "GET /cormun/servlet/trpermisosgoce? HTTP/1.1" 200 6118
186.103.159.187 - - [05/Aug/2019:14:51:05 -0300] "GET /cormun/static/Shared/jqueryui/images/ui-bg_flat_55_994d53_40x100.png HTTP/1.1" 404 1097
186.103.159.187 - - [05/Aug/2019:14:51:06 -0300] "POST /cormun/servlet/solicitudot?gx-no-cache=1565027235878 HTTP/1.1" 200 121
186.103.159.187 - - [05/Aug/2019:14:51:06 -0300] "GET /cormun/static/Shared/jqueryui/images/ui-icons_ebccce_256x240.png HTTP/1.1" 404 1089
186.103.159.187 - - [05/Aug/2019:14:51:06 -0300] "GET /cormun/servlet/solicitudot?67b4897157eabe81163237c6c6de9be199c0a2f38d10487b262c1499a56c258238097af1f715eb38870ec31b38c347411fd8dfcb6998d40e1eeb041c5d9a1123ea1d3feca4efcbce5fb5eac2f90fabf61840afdc127ae0e1750eec14e558ea7d7114dea4b635837b06b2b8fe766332f7,gx-no-cache=1565027236468 HTTP/1.1" 200 110
186.67.164.138 - - [05/Aug/2019:14:51:06 -0300] "GET /cormun/servlet/permisogoce?38e0670f6487c942437d5887c2646e7eddcf3e44447cdd494f4a02cd6541ec3f4e13143082ae292e2c9398ce114b46a802cf6f401ac3d371873e3855f9df8b22,gx-no-cache=1565027151917 HTTP/1.1" 200 83
186.103.159.187 - - [05/Aug/2019:14:51:06 -0300] "GET /cormun/servlet/solicitudot?67b4897157eabe81163237c6c6de9be1cf77f71cdca1c306e5d14b2a7b718adb48713fa9fd118ada8aefccecf1e2f504,gx-no-cache=1565027236615 HTTP/1.1" 200 134
190.171.149.74 - - [05/Aug/2019:14:51:09 -0300] "GET /cormun/servlet/trpermisosgoce? HTTP/1.1" 200 6114
190.171.149.74 - - [05/Aug/2019:14:51:10 -0300] "GET /cormun/servlet/hlogin HTTP/1.1" 200 1740
186.67.164.138 - - [05/Aug/2019:14:51:10 -0300] "GET /cormun/static/menuarrow.gif HTTP/1.1" 404 1015
186.67.164.138 - - [05/Aug/2019:14:51:14 -0300] "GET /cormun/servlet/permisogoce?38e0670f6487c942437d5887c2646e7e1f291aa9d85ebefebf7382ae55678f1cd1c92980af011888587bf0bbd991bf38753b92b61165df8f85b4a683a058f46a,gx-no-cache=1565027159518 HTTP/1.1" 200 47
190.171.149.74 - - [05/Aug/2019:14:51:19 -0300] "POST /cormun/servlet/hlogin?02e860fe4dab45bf986047aaccac368c,gx-no-cache=1565023562398 HTTP/1.1" 200 90
190.171.149.74 - - [05/Aug/2019:14:51:19 -0300] "GET /cormun/servlet/hpexe_link HTTP/1.1" 200 955
190.171.149.74 - - [05/Aug/2019:14:51:20 -0300] "GET /cormun/servlet/trpermisosgoce HTTP/1.1" 200 9661
190.171.149.74 - - [05/Aug/2019:14:51:23 -0300] "GET /cormun/servlet/trpermisosgoce HTTP/1.1" 200 9662
190.171.149.74 - - [05/Aug/2019:14:51:33 -0300] "POST /cormun/servlet/trpermisosgoce?02e860fe4dab45bf986047aaccac368c,gx-no-cache=1565023571647 HTTP/1.1" 200 6714
190.171.149.74 - - [05/Aug/2019:14:51:36 -0300] "GET /cormun/servlet/permisogoce?INS,0,,, HTTP/1.1" 200 6899
190.171.149.74 - - [05/Aug/2019:14:51:39 -0300] "GET /cormun/servlet/permisogoce?INS,0,,, HTTP/1.1" 200 6899
186.103.159.187 - - [05/Aug/2019:14:51:41 -0300] "POST /cormun/servlet/solicitudot?gx-no-cache=1565027271295 HTTP/1.1" 200 1360
186.103.159.187 - - [05/Aug/2019:14:51:43 -0300] "GET /cormun/servlet/prlicenciaspermisos?15805102,L,,MD,,gxPopupLevel%3D0%3B HTTP/1.1" 200 7374
186.103.159.187 - - [05/Aug/2019:14:51:43 -0300] "GET /cormun/static/gxcfg.js?20176272053834 HTTP/1.1" 200 953
186.103.159.187 - - [05/Aug/2019:14:51:43 -0300] "GET /cormun/static/prlicenciaspermisos.js?20176272054050 HTTP/1.1" 200 13379
186.103.159.187 - - [05/Aug/2019:14:51:43 -0300] "GET /cormun/static/Resources/Spanish/PXTools.css?17315867 HTTP/1.1" 200 89042
186.103.159.187 - - [05/Aug/2019:14:51:53 -0300] "POST /cormun/servlet/solicitudot?gx-no-cache=1565027284015 HTTP/1.1" 200 41
186.103.159.187 - - [05/Aug/2019:14:51:54 -0300] "GET /cormun/servlet/solicitudot?67b4897157eabe81163237c6c6de9be199c0a2f38d10487b262c1499a56c258238097af1f715eb38870ec31b38c347411fd8dfcb6998d40e1eeb041c5d9a1123ea1d3feca4efcbce5fb5eac2f90fabf61840afdc127ae0e1750eec14e558ea7d7114dea4b635837b06b2b8fe766332f7,gx-no-cache=1565027284140 HTTP/1.1" 200 110
186.103.159.187 - - [05/Aug/2019:14:51:54 -0300] "POST /cormun/servlet/solicitudot?gx-no-cache=1565027284259 HTTP/1.1" 200 97
186.103.159.187 - - [05/Aug/2019:14:51:56 -0300] "GET /cormun/servlet/solicitudot?67b4897157eabe81163237c6c6de9be199c0a2f38d10487b262c1499a56c258238097af1f715eb38870ec31b38c347411fd8dfcb6998d40e1eeb041c5d9a1123ea1d3feca4efcbce5fb5eac2f90fabf61840afdc127ae0e1750eec14e558ea7d7114dea4b635837b06b2b8fe766332f7,gx-no-cache=1565027286490 HTTP/1.1" 200 110
186.103.159.187 - - [05/Aug/2019:14:52:03 -0300] "GET /cormun/servlet/solicitudot?67b4897157eabe81163237c6c6de9be1258eb90568817e4b7352b2d8d40a86dc05abb6208437dc3a241abc4f291939d2,gx-no-cache=1565027293373 HTTP/1.1" 200 30
186.103.159.187 - - [05/Aug/2019:14:52:13 -0300] "POST /cormun/servlet/solicitudot?gx-no-cache=1565027303804 HTTP/1.1" 200 146
186.103.159.187 - - [05/Aug/2019:14:52:14 -0300] "POST /cormun/servlet/solicitudot?6abc2270094cb428fb3eef71c1504462,INS,0,0,,gx-no-cache=1565027304018 HTTP/1.1" 200 12222
186.67.164.138 - - [05/Aug/2019:14:52:22 -0300] "POST /cormun/servlet/permisogoce?1dbddfdc1ae593c9a32c2b19d88077b0,INS,0,,,,gx-no-cache=1565027226951 HTTP/1.1" 200 93
186.67.164.138 - - [05/Aug/2019:14:52:22 -0300] "GET /cormun/servlet/hpexe_return? HTTP/1.1" 200 1008
186.67.164.138 - - [05/Aug/2019:14:52:22 -0300] "GET /cormun/servlet/trpermisosgoce HTTP/1.1" 200 10278
186.67.164.138 - - [05/Aug/2019:14:52:24 -0300] "GET /cormun/servlet/trpermisosgoce HTTP/1.1" 200 10271
186.103.159.187 - - [05/Aug/2019:14:52:25 -0300] "GET /cormun/servlet/prsolicitudot?17136850,,,,,MD,,gxPopupLevel%3D0%3B HTTP/1.1" 200 6247
186.103.159.187 - - [05/Aug/2019:14:52:25 -0300] "GET /cormun/static/gxcfg.js?2017111422591492 HTTP/1.1" 200 953
186.103.159.187 - - [05/Aug/2019:14:52:25 -0300] "GET /cormun/static/prsolicitudot.js?2017111422591715 HTTP/1.1" 200 13680
186.67.164.138 - - [05/Aug/2019:14:52:27 -0300] "GET /cormun/servlet/apermisogoceprn?15125451,P,20190805134009,PU HTTP/1.1" 200 1653
186.103.159.187 - - [05/Aug/2019:14:52:29 -0300] "GET /cormun/servlet/solicitudot?67b4897157eabe81163237c6c6de9be199c0a2f38d10487b262c1499a56c258238097af1f715eb38870ec31b38c347411fd8dfcb6998d40e1eeb041c5d9a1123ea1d3feca4efcbce5fb5eac2f90fabf61840afdc127ae0e1750eec14e558ea7d7114dea4b635837b06b2b8fe766332f7,gx-no-cache=1565027319603 HTTP/1.1" 200 110
186.103.159.187 - - [05/Aug/2019:14:52:29 -0300] "GET /cormun/servlet/solicitudot?67b4897157eabe81163237c6c6de9be1258eb90568817e4b7352b2d8d40a86dc05abb6208437dc3a241abc4f291939d2,gx-no-cache=1565027319746 HTTP/1.1" 200 30
186.103.159.187 - - [05/Aug/2019:14:52:36 -0300] "POST /cormun/servlet/solicitudot?gx-no-cache=1565027326281 HTTP/1.1" 200 122
186.103.159.187 - - [05/Aug/2019:14:52:37 -0300] "POST /cormun/servlet/solicitudot?6abc2270094cb428fb3eef71c1504462,INS,0,0,,gx-no-cache=1565027326493 HTTP/1.1" 200 12273
186.67.164.138 - - [05/Aug/2019:14:52:50 -0300] "GET /cormun/servlet/trpermisosadjuntos?15125451,20190805134009,P, HTTP/1.1" 200 6379
186.67.164.138 - - [05/Aug/2019:14:52:51 -0300] "GET /cormun/servlet/trpermisosadjuntos?15125451,20190805134009,P, HTTP/1.1" 200 6379
186.67.164.138 - - [05/Aug/2019:14:52:53 -0300] "GET /cormun/servlet/permisosadjuntos?INS,15125451,P,20190805134009,, HTTP/1.1" 200 5704
186.67.164.138 - - [05/Aug/2019:14:52:53 -0300] "GET /cormun/static/about:blank HTTP/1.1" 404 1011
186.67.164.138 - - [05/Aug/2019:14:52:54 -0300] "GET /cormun/servlet/permisosadjuntos?INS,15125451,P,20190805134009,, HTTP/1.1" 200 5694
186.67.164.138 - - [05/Aug/2019:14:53:32 -0300] "POST /cormun/servlet/permisosadjuntos?1dbddfdc1ae593c9a32c2b19d88077b0,INS,15125451,P,20190805134009,, HTTP/1.1" 200 116
186.103.159.187 - - [05/Aug/2019:14:53:32 -0300] "POST /cormun/servlet/solicitudot?gx-no-cache=1565027382329 HTTP/1.1" 200 32
186.67.164.138 - - [05/Aug/2019:14:53:32 -0300] "GET /cormun/servlet/hpexe_return? HTTP/1.1" 200 1036
186.67.164.138 - - [05/Aug/2019:14:53:32 -0300] "GET /cormun/servlet/trpermisosadjuntos?15125451,20190805134009,P, HTTP/1.1" 200 6863
186.103.159.187 - - [05/Aug/2019:14:53:33 -0300] "POST /cormun/servlet/solicitudot?6abc2270094cb428fb3eef71c1504462,INS,0,0,,gx-no-cache=1565027382596 HTTP/1.1" 200 93
186.103.159.187 - - [05/Aug/2019:14:53:33 -0300] "GET /cormun/servlet/hpexe_return? HTTP/1.1" 200 1017
186.67.164.138 - - [05/Aug/2019:14:53:33 -0300] "GET /cormun/servlet/trpermisosadjuntos?15125451,20190805134009,P, HTTP/1.1" 200 6859
186.103.159.187 - - [05/Aug/2019:14:53:34 -0300] "GET /cormun/servlet/trsolicitudot?gx-no-cache=1565027121007 HTTP/1.1" 200 8661
186.103.159.187 - - [05/Aug/2019:14:53:35 -0300] "GET /cormun/servlet/trsolicitudot?gx-no-cache=1565027121007 HTTP/1.1" 200 8678
186.67.164.138 - - [05/Aug/2019:14:53:36 -0300] "POST /cormun/servlet/trpermisosadjuntos?1dbddfdc1ae593c9a32c2b19d88077b0,15125451,20190805134009,P,,gx-no-cache=1565027301435 HTTP/1.1" 200 90
186.67.164.138 - - [05/Aug/2019:14:53:36 -0300] "GET /cormun/servlet/hpexe_link HTTP/1.1" 200 980
186.67.164.138 - - [05/Aug/2019:14:53:37 -0300] "GET /cormun/servlet/trpermisosgoce HTTP/1.1" 200 10273
186.67.164.138 - - [05/Aug/2019:14:53:38 -0300] "GET /cormun/servlet/trpermisosgoce HTTP/1.1" 200 10270
186.67.164.138 - - [05/Aug/2019:14:53:40 -0300] "POST /cormun/servlet/trpermisosgoce?1dbddfdc1ae593c9a32c2b19d88077b0,gx-no-cache=1565027306134 HTTP/1.1" 200 7479
186.67.164.138 - - [05/Aug/2019:14:53:41 -0300] "GET /cormun/static/Shared/jqueryui/images/ui-bg_highlight-soft_100_c6c2c8_1x100.png HTTP/1.1" 404 1117
186.67.164.138 - - [05/Aug/2019:14:53:41 -0300] "GET /cormun/static/Shared/jqueryui/images/ui-icons_82798d_256x240.png HTTP/1.1" 404 1089
186.67.164.138 - - [05/Aug/2019:14:53:41 -0300] "GET /cormun/static/Shared/jqueryui/images/ui-icons_8d78a5_256x240.png HTTP/1.1" 404 1089
186.103.159.187 - - [05/Aug/2019:14:53:41 -0300] "POST /cormun/servlet/trsolicitudot?6abc2270094cb428fb3eef71c1504462,gx-no-cache=1565027121007,gx-no-cache=1565027391209 HTTP/1.1" 200 4557
186.67.164.138 - - [05/Aug/2019:14:53:41 -0300] "GET /cormun/static/Shared/jqueryui/images/ui-bg_flat_55_fafafa_40x100.png HTTP/1.1" 404 1097
186.103.159.187 - - [05/Aug/2019:14:53:41 -0300] "GET /cormun/static/Shared/jqueryui/images/ui-bg_highlight-soft_100_c6c2c8_1x100.png HTTP/1.1" 404 1117
186.103.159.187 - - [05/Aug/2019:14:53:41 -0300] "GET /cormun/static/Shared/jqueryui/images/ui-icons_82798d_256x240.png HTTP/1.1" 404 1089
186.103.159.187 - - [05/Aug/2019:14:53:41 -0300] "GET /cormun/static/Shared/jqueryui/images/ui-bg_flat_55_fafafa_40x100.png HTTP/1.1" 404 1097
186.103.159.187 - - [05/Aug/2019:14:53:41 -0300] "GET /cormun/static/Shared/jqueryui/images/ui-icons_8d78a5_256x240.png HTTP/1.1" 404 1089
186.103.159.187 - - [05/Aug/2019:14:53:41 -0300] "POST /cormun/servlet/trsolicitudot?6abc2270094cb428fb3eef71c1504462,gx-no-cache=1565027121007,gx-no-cache=1565027391633 HTTP/1.1" 200 4305
186.67.164.138 - - [05/Aug/2019:14:53:54 -0300] "GET /cormun/servlet/permisogoce?INS,0,,, HTTP/1.1" 200 6893
186.67.164.138 - - [05/Aug/2019:14:53:55 -0300] "GET /cormun/servlet/permisogoce?INS,0,,, HTTP/1.1" 200 6893
186.67.164.138 - - [05/Aug/2019:14:53:59 -0300] "GET /cormun/servlet/permisogoce?38e0670f6487c942437d5887c2646e7e3a9fb73fe6e1662e3ac0417b7b2258764e13143082ae292e2c9398ce114b46a802cf6f401ac3d371873e3855f9df8b22,gx-no-cache=1565027325103 HTTP/1.1" 200 78
186.67.164.138 - - [05/Aug/2019:14:54:07 -0300] "GET /cormun/servlet/permisogoce?38e0670f6487c942437d5887c2646e7eee177dc7212c4a27bafcbf1861cc6d4ef607740d76340b135eae2a9b15402a69753b92b61165df8f85b4a683a058f46a,gx-no-cache=1565027332337 HTTP/1.1" 200 47
186.103.159.187 - - [05/Aug/2019:14:54:11 -0300] "GET /cormun/servlet/hlogin HTTP/1.1" 200 1748
190.171.152.234 - - [05/Aug/2019:14:54:15 -0300] "GET /cormun/servlet/hlogin HTTP/1.1" 200 1730
190.171.152.234 - - [05/Aug/2019:14:54:15 -0300] "GET /cormun/servlet/hlogin HTTP/1.1" 200 1733
190.171.152.234 - - [05/Aug/2019:14:54:15 -0300] "GET /favicon.ico HTTP/1.1" 200 21630
186.67.164.138 - - [05/Aug/2019:14:54:15 -0300] "POST /cormun/servlet/permisogoce?1dbddfdc1ae593c9a32c2b19d88077b0,INS,0,,,,gx-no-cache=1565027340872 HTTP/1.1" 200 93
186.67.164.138 - - [05/Aug/2019:14:54:15 -0300] "GET /cormun/servlet/hpexe_return? HTTP/1.1" 200 1029
186.67.164.138 - - [05/Aug/2019:14:54:16 -0300] "GET /cormun/servlet/trpermisosgoce?gx-no-cache=1565027306134 HTTP/1.1" 200 10520
186.67.164.138 - - [05/Aug/2019:14:54:17 -0300] "GET /cormun/servlet/trpermisosgoce?gx-no-cache=1565027306134 HTTP/1.1" 200 10534
186.67.164.138 - - [05/Aug/2019:14:54:20 -0300] "GET /cormun/servlet/apermisogoceprn?17652488,P,20190805134308,PU HTTP/1.1" 200 1660
186.103.159.187 - - [05/Aug/2019:14:54:21 -0300] "POST /cormun/servlet/hlogin?6abc2270094cb428fb3eef71c1504462,gx-no-cache=1565027430988 HTTP/1.1" 200 90
186.103.159.187 - - [05/Aug/2019:14:54:21 -0300] "GET /cormun/servlet/hpexe_link HTTP/1.1" 200 939
186.103.159.187 - - [05/Aug/2019:14:54:21 -0300] "GET /cormun/servlet/hhome HTTP/1.1" 200 4232
186.103.159.187 - - [05/Aug/2019:14:54:22 -0300] "GET /cormun/servlet/hhome HTTP/1.1" 200 4228
186.103.159.187 - - [05/Aug/2019:14:54:22 -0300] "GET /cormun/static/SmoothNavMenu/resources/images/right.gif HTTP/1.1" 200 860
186.103.159.187 - - [05/Aug/2019:14:54:27 -0300] "GET /cormun/servlet/trautorizarsolicitud? HTTP/1.1" 200 9131
186.103.159.187 - - [05/Aug/2019:14:54:27 -0300] "GET /cormun/static/gxcfg.js?2017111423403364 HTTP/1.1" 200 953
186.103.159.187 - - [05/Aug/2019:14:54:28 -0300] "GET /cormun/static/trautorizarsolicitud.js?201711142340425 HTTP/1.1" 200 53910
186.103.159.187 - - [05/Aug/2019:14:54:29 -0300] "GET /cormun/servlet/trautorizarsolicitud? HTTP/1.1" 200 9129
186.67.164.138 - - [05/Aug/2019:14:54:31 -0300] "GET /cormun/servlet/trpermisosadjuntos?17652488,20190805134308,P, HTTP/1.1" 200 6392
186.67.164.138 - - [05/Aug/2019:14:54:32 -0300] "GET /cormun/servlet/trpermisosadjuntos?17652488,20190805134308,P, HTTP/1.1" 200 6373
186.103.159.187 - - [05/Aug/2019:14:54:33 -0300] "POST /cormun/servlet/trautorizarsolicitud?6abc2270094cb428fb3eef71c1504462,,gx-no-cache=1565027443046 HTTP/1.1" 200 5944
186.103.159.187 - - [05/Aug/2019:14:54:33 -0300] "GET /cormun/static/Shared/jqueryui/images/ui-icons_82798d_256x240.png HTTP/1.1" 404 1089
186.103.159.187 - - [05/Aug/2019:14:54:33 -0300] "GET /cormun/static/Shared/jqueryui/images/ui-bg_highlight-soft_100_c6c2c8_1x100.png HTTP/1.1" 404 1117
186.103.159.187 - - [05/Aug/2019:14:54:33 -0300] "GET /cormun/static/Shared/jqueryui/images/ui-bg_flat_55_fafafa_40x100.png HTTP/1.1" 404 1097
186.103.159.187 - - [05/Aug/2019:14:54:33 -0300] "GET /cormun/static/Shared/jqueryui/images/ui-icons_8d78a5_256x240.png HTTP/1.1" 404 1089
186.103.159.187 - - [05/Aug/2019:14:54:33 -0300] "POST /cormun/servlet/trautorizarsolicitud?6abc2270094cb428fb3eef71c1504462,,gx-no-cache=1565027443492 HTTP/1.1" 200 5891
186.67.164.138 - - [05/Aug/2019:14:54:33 -0300] "GET /cormun/servlet/permisosadjuntos?INS,17652488,P,20190805134308,, HTTP/1.1" 200 5697
186.67.164.138 - - [05/Aug/2019:14:54:34 -0300] "GET /cormun/static/about:blank HTTP/1.1" 404 1011
186.67.164.138 - - [05/Aug/2019:14:54:34 -0300] "GET /cormun/servlet/permisosadjuntos?INS,17652488,P,20190805134308,, HTTP/1.1" 200 5687
186.103.159.187 - - [05/Aug/2019:14:54:34 -0300] "POST /cormun/servlet/trautorizarsolicitud?6abc2270094cb428fb3eef71c1504462,,gx-no-cache=1565027444548 HTTP/1.1" 200 4707
186.103.159.187 - - [05/Aug/2019:14:54:34 -0300] "POST /cormun/servlet/trautorizarsolicitud?6abc2270094cb428fb3eef71c1504462,,gx-no-cache=1565027444796 HTTP/1.1" 200 4443
186.103.159.187 - - [05/Aug/2019:14:54:37 -0300] "GET /cormun/servlet/hhome HTTP/1.1" 200 4232
186.103.159.187 - - [05/Aug/2019:14:54:38 -0300] "GET /cormun/servlet/hhome HTTP/1.1" 200 4228
190.171.152.234 - - [05/Aug/2019:14:54:39 -0300] "POST /cormun/servlet/hlogin?54565d68760d040bfb32bd1cd1bb6594,gx-no-cache=1565023617884 HTTP/1.1" 200 90
190.171.152.234 - - [05/Aug/2019:14:54:39 -0300] "GET /cormun/servlet/hpexe_link HTTP/1.1" 200 952
190.171.152.234 - - [05/Aug/2019:14:54:39 -0300] "GET /cormun/servlet/hhome HTTP/1.1" 200 4352
190.171.152.234 - - [05/Aug/2019:14:54:40 -0300] "GET /cormun/servlet/hhome HTTP/1.1" 200 4348
186.67.164.138 - - [05/Aug/2019:14:54:44 -0300] "POST /cormun/servlet/permisosadjuntos?1dbddfdc1ae593c9a32c2b19d88077b0,INS,17652488,P,20190805134308,, HTTP/1.1" 200 116
186.67.164.138 - - [05/Aug/2019:14:54:44 -0300] "GET /cormun/servlet/hpexe_return? HTTP/1.1" 200 1036
186.67.164.138 - - [05/Aug/2019:14:54:44 -0300] "GET /cormun/servlet/trpermisosadjuntos?17652488,20190805134308,P, HTTP/1.1" 200 6846
186.67.164.138 - - [05/Aug/2019:14:54:45 -0300] "GET /cormun/servlet/trpermisosadjuntos?17652488,20190805134308,P, HTTP/1.1" 200 6842
186.67.164.138 - - [05/Aug/2019:14:54:48 -0300] "POST /cormun/servlet/trpermisosadjuntos?1dbddfdc1ae593c9a32c2b19d88077b0,17652488,20190805134308,P,,gx-no-cache=1565027373487 HTTP/1.1" 200 90
186.67.164.138 - - [05/Aug/2019:14:54:49 -0300] "GET /cormun/servlet/hpexe_link HTTP/1.1" 200 1001
190.171.152.234 - - [05/Aug/2019:14:54:49 -0300] "GET /cormun/servlet/trpermisosgoce? HTTP/1.1" 200 9151
186.67.164.138 - - [05/Aug/2019:14:54:49 -0300] "GET /cormun/servlet/trpermisosgoce?gx-no-cache=1565027306134 HTTP/1.1" 200 10461
190.171.152.234 - - [05/Aug/2019:14:54:49 -0300] "GET /cormun/servlet/trpermisosgoce? HTTP/1.1" 200 9149
186.67.164.138 - - [05/Aug/2019:14:54:50 -0300] "GET /cormun/servlet/trpermisosgoce?gx-no-cache=1565027306134 HTTP/1.1" 200 10483
186.67.164.138 - - [05/Aug/2019:14:54:53 -0300] "POST /cormun/servlet/trpermisosgoce?1dbddfdc1ae593c9a32c2b19d88077b0,gx-no-cache=1565027306134,gx-no-cache=1565027378579 HTTP/1.1" 200 7700
186.67.164.138 - - [05/Aug/2019:14:55:05 -0300] "GET /cormun/servlet/permisogoce?INS,0,,, HTTP/1.1" 200 6915
186.67.164.138 - - [05/Aug/2019:14:55:06 -0300] "GET /cormun/servlet/permisogoce?INS,0,,, HTTP/1.1" 200 6893
190.171.152.234 - - [05/Aug/2019:14:55:10 -0300] "GET /cormun/servlet/permisogoce?INS,0,,, HTTP/1.1" 200 7214
190.171.152.234 - - [05/Aug/2019:14:55:10 -0300] "GET /cormun/servlet/permisogoce?INS,0,,, HTTP/1.1" 200 7214
186.67.164.138 - - [05/Aug/2019:14:55:14 -0300] "GET /cormun/servlet/permisogoce?38e0670f6487c942437d5887c2646e7e07cf18b2b986e53017c9611992d3e7cd4e13143082ae292e2c9398ce114b46a802cf6f401ac3d371873e3855f9df8b22,gx-no-cache=1565027399369 HTTP/1.1" 200 82
186.67.164.138 - - [05/Aug/2019:14:55:22 -0300] "GET /cormun/servlet/permisogoce?38e0670f6487c942437d5887c2646e7e3b98b60ab16846dccd76a1580a24f57c4881a9c5381af276c03e4d3eb4ac9f45d145f03c1da4875b3be90a75b1c01689,gx-no-cache=1565027407409 HTTP/1.1" 200 46
46.174.191.28 - - [05/Aug/2019:14:55:22 -0300] "GET / HTTP/1.0" 200 11197
186.67.164.138 - - [05/Aug/2019:14:55:29 -0300] "POST /cormun/servlet/permisogoce?1dbddfdc1ae593c9a32c2b19d88077b0,INS,0,,,,gx-no-cache=1565027414430 HTTP/1.1" 200 93
186.67.164.138 - - [05/Aug/2019:14:55:29 -0300] "GET /cormun/servlet/hpexe_return? HTTP/1.1" 200 1029
186.67.164.138 - - [05/Aug/2019:14:55:29 -0300] "GET /cormun/servlet/trpermisosgoce?gx-no-cache=1565027306134 HTTP/1.1" 200 10734
186.67.164.138 - - [05/Aug/2019:14:55:30 -0300] "GET /cormun/servlet/trpermisosgoce?gx-no-cache=1565027306134 HTTP/1.1" 200 10719
186.67.164.138 - - [05/Aug/2019:14:55:34 -0300] "GET /cormun/servlet/trpermisosadjuntos?18044023,20190805134420,P, HTTP/1.1" 200 6395
186.67.164.138 - - [05/Aug/2019:14:55:35 -0300] "GET /cormun/servlet/trpermisosadjuntos?18044023,20190805134420,P, HTTP/1.1" 200 6374
186.67.164.138 - - [05/Aug/2019:14:55:36 -0300] "GET /cormun/servlet/permisosadjuntos?INS,18044023,P,20190805134420,, HTTP/1.1" 200 5701
186.67.164.138 - - [05/Aug/2019:14:55:37 -0300] "GET /cormun/static/about:blank HTTP/1.1" 404 1011
186.67.164.138 - - [05/Aug/2019:14:55:37 -0300] "GET /cormun/servlet/permisosadjuntos?INS,18044023,P,20190805134420,, HTTP/1.1" 200 5691
186.67.164.138 - - [05/Aug/2019:14:55:47 -0300] "POST /cormun/servlet/permisosadjuntos?1dbddfdc1ae593c9a32c2b19d88077b0,INS,18044023,P,20190805134420,, HTTP/1.1" 200 116
186.67.164.138 - - [05/Aug/2019:14:55:47 -0300] "GET /cormun/servlet/hpexe_return? HTTP/1.1" 200 1036
186.67.164.138 - - [05/Aug/2019:14:55:47 -0300] "GET /cormun/servlet/trpermisosadjuntos?18044023,20190805134420,P, HTTP/1.1" 200 6860
186.67.164.138 - - [05/Aug/2019:14:55:48 -0300] "GET /cormun/servlet/trpermisosadjuntos?18044023,20190805134420,P, HTTP/1.1" 200 6856
186.67.164.138 - - [05/Aug/2019:14:55:52 -0300] "POST /cormun/servlet/trpermisosadjuntos?1dbddfdc1ae593c9a32c2b19d88077b0,18044023,20190805134420,P,,gx-no-cache=1565027436114 HTTP/1.1" 200 90
186.67.164.138 - - [05/Aug/2019:14:55:52 -0300] "GET /cormun/servlet/hpexe_link HTTP/1.1" 200 1001
186.67.164.138 - - [05/Aug/2019:14:55:52 -0300] "GET /cormun/servlet/trpermisosgoce?gx-no-cache=1565027306134 HTTP/1.1" 200 10708
186.67.164.138 - - [05/Aug/2019:14:55:53 -0300] "GET /cormun/servlet/trpermisosgoce?gx-no-cache=1565027306134 HTTP/1.1" 200 10796
186.67.164.138 - - [05/Aug/2019:14:55:55 -0300] "GET /cormun/servlet/apermisogoceprn?18044023,P,20190805134420,PU HTTP/1.1" 200 1658
186.67.164.138 - - [05/Aug/2019:14:56:05 -0300] "POST /cormun/servlet/trpermisosgoce?1dbddfdc1ae593c9a32c2b19d88077b0,gx-no-cache=1565027306134,gx-no-cache=1565027450609 HTTP/1.1" 200 7938
190.171.152.234 - - [05/Aug/2019:14:56:17 -0300] "GET /cormun/servlet/permisogoce?9659f08d9448b912d0c329fb8f90fbc30935d802d356e608b308260d99e660fc7f217c487e43ca088d27585ffdf4b6796e1f9a04eed62dfef05db3ef597dc336,gx-no-cache=1565023715688 HTTP/1.1" 200 75
190.171.152.234 - - [05/Aug/2019:14:56:23 -0300] "GET /cormun/static/menuarrow.gif HTTP/1.1" 404 1015
190.171.152.234 - - [05/Aug/2019:14:56:29 -0300] "GET /cormun/servlet/permisogoce?9659f08d9448b912d0c329fb8f90fbc36670ea9ca849ff4a8330d412a9bd611f8569e554580225108a4d0ac3f88381e0f96a70f1440e0e1b1e266dc19c4e4cf0,gx-no-cache=1565023728097 HTTP/1.1" 200 46
190.171.152.234 - - [05/Aug/2019:14:56:44 -0300] "POST /cormun/servlet/permisogoce?54565d68760d040bfb32bd1cd1bb6594,INS,0,,,,gx-no-cache=1565023742559 HTTP/1.1" 200 93
190.171.152.234 - - [05/Aug/2019:14:56:44 -0300] "GET /cormun/servlet/hpexe_return? HTTP/1.1" 200 1012
190.171.152.234 - - [05/Aug/2019:14:56:44 -0300] "GET /cormun/servlet/trpermisosgoce HTTP/1.1" 200 9427
190.171.152.234 - - [05/Aug/2019:14:56:45 -0300] "GET /cormun/servlet/trpermisosgoce HTTP/1.1" 200 9428
186.67.164.138 - - [05/Aug/2019:14:56:45 -0300] "GET /cormun/servlet/trlicencias? HTTP/1.1" 200 9327
186.67.164.138 - - [05/Aug/2019:14:56:47 -0300] "GET /cormun/servlet/trlicencias? HTTP/1.1" 200 9307
190.171.141.90 - - [05/Aug/2019:14:58:31 -0300] "GET /cormun/servlet/hlogin HTTP/1.1" 200 1729
190.171.141.90 - - [05/Aug/2019:14:58:31 -0300] "GET /cormun/servlet/hlogin HTTP/1.1" 200 1736
190.171.141.90 - - [05/Aug/2019:14:58:37 -0300] "POST /cormun/servlet/hlogin?7a45703153c61ffe89e950f46146ef38,gx-no-cache=1565027604005 HTTP/1.1" 200 90
190.171.141.90 - - [05/Aug/2019:14:58:37 -0300] "GET /cormun/servlet/hpexe_link HTTP/1.1" 200 955
190.171.141.90 - - [05/Aug/2019:14:58:37 -0300] "GET /cormun/servlet/hhome HTTP/1.1" 200 4233
190.171.141.90 - - [05/Aug/2019:14:58:38 -0300] "GET /cormun/static/SmoothNavMenu/resources/images/right.gif HTTP/1.1" 200 860
190.171.141.90 - - [05/Aug/2019:14:58:38 -0300] "GET /cormun/servlet/hhome HTTP/1.1" 200 4229
190.171.141.90 - - [05/Aug/2019:14:58:40 -0300] "GET /cormun/servlet/trlicencias? HTTP/1.1" 200 11884
190.171.141.90 - - [05/Aug/2019:14:58:41 -0300] "GET /cormun/servlet/trlicencias? HTTP/1.1" 200 11876
190.171.152.234 - - [05/Aug/2019:15:01:34 -0300] "GET /cormun/servlet/trpermisosadjuntos?16883799,20190805134424,P, HTTP/1.1" 200 6660
190.171.152.234 - - [05/Aug/2019:15:01:34 -0300] "GET /cormun/servlet/trpermisosadjuntos?16883799,20190805134424,P, HTTP/1.1" 200 6660
190.171.152.234 - - [05/Aug/2019:15:01:39 -0300] "GET /cormun/servlet/permisosadjuntos?INS,16883799,P,20190805134424,, HTTP/1.1" 200 5990
190.171.152.234 - - [05/Aug/2019:15:01:39 -0300] "GET /cormun/static/about:blank HTTP/1.1" 404 1011
190.171.152.234 - - [05/Aug/2019:15:01:39 -0300] "GET /cormun/servlet/permisosadjuntos?INS,16883799,P,20190805134424,, HTTP/1.1" 200 5980
190.171.152.234 - - [05/Aug/2019:15:01:54 -0300] "POST /cormun/servlet/permisosadjuntos?54565d68760d040bfb32bd1cd1bb6594,INS,16883799,P,20190805134424,, HTTP/1.1" 200 116
190.171.152.234 - - [05/Aug/2019:15:01:54 -0300] "GET /cormun/servlet/hpexe_return? HTTP/1.1" 200 1040
190.171.152.234 - - [05/Aug/2019:15:01:54 -0300] "GET /cormun/servlet/trpermisosadjuntos?16883799,20190805134424,P, HTTP/1.1" 200 7152
190.171.152.234 - - [05/Aug/2019:15:01:55 -0300] "GET /cormun/servlet/trpermisosadjuntos?16883799,20190805134424,P, HTTP/1.1" 200 7148
190.171.152.234 - - [05/Aug/2019:15:02:02 -0300] "GET /cormun/servlet/trpermisosgoce? HTTP/1.1" 200 9423
190.171.152.234 - - [05/Aug/2019:15:02:03 -0300] "GET /cormun/servlet/trpermisosgoce? HTTP/1.1" 200 9418
190.171.152.234 - - [05/Aug/2019:15:02:12 -0300] "POST /cormun/servlet/trpermisosgoce?54565d68760d040bfb32bd1cd1bb6594,,gx-no-cache=1565024070880 HTTP/1.1" 200 6524
190.171.152.234 - - [05/Aug/2019:15:02:12 -0300] "GET /cormun/static/Shared/jqueryui/images/ui-icons_82798d_256x240.png HTTP/1.1" 404 1089
190.171.152.234 - - [05/Aug/2019:15:02:12 -0300] "GET /cormun/static/Shared/jqueryui/images/ui-bg_highlight-soft_100_c6c2c8_1x100.png HTTP/1.1" 404 1117
190.171.152.234 - - [05/Aug/2019:15:02:12 -0300] "GET /cormun/static/Shared/jqueryui/images/ui-bg_flat_55_fafafa_40x100.png HTTP/1.1" 404 1097
190.171.152.234 - - [05/Aug/2019:15:02:12 -0300] "GET /cormun/static/Shared/jqueryui/images/ui-icons_8d78a5_256x240.png HTTP/1.1" 404 1089
190.171.152.234 - - [05/Aug/2019:15:02:21 -0300] "GET /cormun/servlet/trautorizarpermisogoce? HTTP/1.1" 200 8020
190.171.152.234 - - [05/Aug/2019:15:02:22 -0300] "GET /cormun/servlet/trautorizarpermisogoce? HTTP/1.1" 200 8020
190.171.152.234 - - [05/Aug/2019:15:02:33 -0300] "POST /cormun/servlet/trautorizarpermisogoce?54565d68760d040bfb32bd1cd1bb6594,,gx-no-cache=1565024091833 HTTP/1.1" 200 4448
190.171.152.234 - - [05/Aug/2019:15:02:33 -0300] "GET /cormun/static/Shared/jqueryui/images/ui-bg_highlight-soft_100_c6c2c8_1x100.png HTTP/1.1" 404 1117
190.171.152.234 - - [05/Aug/2019:15:02:33 -0300] "GET /cormun/static/Shared/jqueryui/images/ui-icons_82798d_256x240.png HTTP/1.1" 404 1089
190.171.152.234 - - [05/Aug/2019:15:02:33 -0300] "GET /cormun/static/Shared/jqueryui/images/ui-bg_flat_55_fafafa_40x100.png HTTP/1.1" 404 1097
190.171.152.234 - - [05/Aug/2019:15:02:33 -0300] "GET /cormun/static/Shared/jqueryui/images/ui-icons_8d78a5_256x240.png HTTP/1.1" 404 1089
190.171.152.234 - - [05/Aug/2019:15:02:39 -0300] "GET /cormun/servlet/trpermisosgoce? HTTP/1.1" 200 9378
190.171.152.234 - - [05/Aug/2019:15:02:39 -0300] "GET /cormun/servlet/trpermisosgoce? HTTP/1.1" 200 9374
190.171.152.234 - - [05/Aug/2019:15:02:46 -0300] "GET /cormun/servlet/permisogoce?INS,0,,, HTTP/1.1" 200 7214
190.171.152.234 - - [05/Aug/2019:15:02:47 -0300] "GET /cormun/servlet/permisogoce?INS,0,,, HTTP/1.1" 200 7214
190.171.149.74 - - [05/Aug/2019:15:06:49 -0300] "GET /cormun/servlet/permisogoce?f27a0c9a16fca107560872aa613d9e0b10648d77dff3f78b7806544b0a589f3800b4fb96d99341754a5425ecae730bd58c1d09ec11978ff041a8c8517a7d4fca,gx-no-cache=1565024492677 HTTP/1.1" 200 85
190.171.149.74 - - [05/Aug/2019:15:06:57 -0300] "GET /cormun/static/menuarrow.gif HTTP/1.1" 404 1015
190.171.149.74 - - [05/Aug/2019:15:07:00 -0300] "GET /cormun/servlet/permisogoce?f27a0c9a16fca107560872aa613d9e0b3958c3029aa84ea2980d32d3d87ea4ef846abcc145e547bf4d20e363d7dd8f377d93e612fa024f1d73c5a09089e32af3,gx-no-cache=1565024503484 HTTP/1.1" 200 47
190.171.149.74 - - [05/Aug/2019:15:07:02 -0300] "POST /cormun/servlet/permisogoce?02e860fe4dab45bf986047aaccac368c,INS,0,,,,gx-no-cache=1565024505805 HTTP/1.1" 200 93
190.171.149.74 - - [05/Aug/2019:15:07:03 -0300] "GET /cormun/servlet/hpexe_return? HTTP/1.1" 200 1029
190.171.149.74 - - [05/Aug/2019:15:07:04 -0300] "GET /cormun/servlet/trpermisosgoce?gx-no-cache=1565023571647 HTTP/1.1" 200 9851
190.171.149.74 - - [05/Aug/2019:15:07:07 -0300] "GET /cormun/servlet/trpermisosgoce?gx-no-cache=1565023571647 HTTP/1.1" 200 9859
190.171.152.138 - - [05/Aug/2019:15:09:30 -0300] "GET /cormun/servlet/hhome HTTP/1.1" 200 3416
190.171.152.138 - - [05/Aug/2019:15:09:31 -0300] "GET /cormun/servlet/hhome HTTP/1.1" 200 3425
190.171.152.138 - - [05/Aug/2019:15:09:31 -0300] "GET /cormun/servlet/hlogin HTTP/1.1" 200 1731
190.171.152.234 - - [05/Aug/2019:15:09:43 -0300] "GET /cormun/servlet/permisogoce?9659f08d9448b912d0c329fb8f90fbc3ee1cd9f0481a185f81de95a73a53d7d87f217c487e43ca088d27585ffdf4b6796e1f9a04eed62dfef05db3ef597dc336,gx-no-cache=1565024521866 HTTP/1.1" 200 86
190.171.152.234 - - [05/Aug/2019:15:09:46 -0300] "GET /cormun/static/menuarrow.gif HTTP/1.1" 404 1015
190.171.152.138 - - [05/Aug/2019:15:09:50 -0300] "POST /cormun/servlet/hlogin?b344bbf37aca9e41d5936dda8974d9a2,gx-no-cache=1565028276885 HTTP/1.1" 200 90
190.171.152.138 - - [05/Aug/2019:15:09:50 -0300] "GET /cormun/servlet/hpexe_link HTTP/1.1" 200 948
190.171.152.138 - - [05/Aug/2019:15:09:50 -0300] "GET /cormun/servlet/hhome HTTP/1.1" 200 3949
190.171.152.138 - - [05/Aug/2019:15:09:50 -0300] "GET /cormun/servlet/hhome HTTP/1.1" 200 3946
190.171.152.234 - - [05/Aug/2019:15:09:51 -0300] "GET /cormun/servlet/permisogoce?9659f08d9448b912d0c329fb8f90fbc311eeb82cce21badc692e628d4726d26c2e4c07627841c1e253891c3bfc28d45ef96a70f1440e0e1b1e266dc19c4e4cf0,gx-no-cache=1565024529666 HTTP/1.1" 200 46
190.171.152.138 - - [05/Aug/2019:15:09:53 -0300] "GET /cormun/servlet/trpermisosgoce? HTTP/1.1" 200 8922
190.171.152.138 - - [05/Aug/2019:15:09:54 -0300] "GET /cormun/servlet/trpermisosgoce? HTTP/1.1" 200 8920
190.171.152.138 - - [05/Aug/2019:15:09:56 -0300] "GET /cormun/servlet/permisogoce?INS,0,,, HTTP/1.1" 200 6784
190.171.152.138 - - [05/Aug/2019:15:09:56 -0300] "GET /cormun/servlet/permisogoce?INS,0,,, HTTP/1.1" 200 6783
190.171.152.234 - - [05/Aug/2019:15:09:59 -0300] "POST /cormun/servlet/permisogoce?54565d68760d040bfb32bd1cd1bb6594,INS,0,,,,gx-no-cache=1565024537703 HTTP/1.1" 200 93
190.171.152.234 - - [05/Aug/2019:15:09:59 -0300] "GET /cormun/servlet/hpexe_return? HTTP/1.1" 200 1012
190.171.152.234 - - [05/Aug/2019:15:09:59 -0300] "GET /cormun/servlet/trpermisosgoce HTTP/1.1" 200 9629
190.171.152.234 - - [05/Aug/2019:15:10:00 -0300] "GET /cormun/servlet/trpermisosgoce HTTP/1.1" 200 9617
190.171.152.138 - - [05/Aug/2019:15:10:11 -0300] "GET /cormun/servlet/permisogoce?e4f70353ee3c5b7df6ccda121ec8c3567f6f96d300bbc55cc581d39c94f15087978ee8599817328a7cae6d61045923c939d76454b5f80bb0d7b6261f4937af3e,gx-no-cache=1565028298060 HTTP/1.1" 200 82
190.171.152.234 - - [05/Aug/2019:15:10:12 -0300] "GET /cormun/servlet/permisogoce?INS,0,,, HTTP/1.1" 200 7215
190.171.152.234 - - [05/Aug/2019:15:10:12 -0300] "GET /cormun/servlet/permisogoce?INS,0,,, HTTP/1.1" 200 7214
190.171.152.138 - - [05/Aug/2019:15:10:13 -0300] "GET /cormun/static/menuarrow.gif HTTP/1.1" 404 1015
190.171.152.138 - - [05/Aug/2019:15:10:17 -0300] "GET /cormun/servlet/permisogoce?e4f70353ee3c5b7df6ccda121ec8c356029a93cead5b70e22294fad22c93d3a928dd7dc6584f689be368f8f979873abe3d64b571866bf38176934686bc4c537a,gx-no-cache=1565028304127 HTTP/1.1" 200 129
190.171.152.138 - - [05/Aug/2019:15:10:17 -0300] "GET /cormun/static/Shared/jqueryui/images/ui-bg_highlight-soft_100_c6c2c8_1x100.png HTTP/1.1" 404 1117
190.171.152.138 - - [05/Aug/2019:15:10:17 -0300] "GET /cormun/static/Shared/jqueryui/images/ui-icons_82798d_256x240.png HTTP/1.1" 404 1089
190.171.152.138 - - [05/Aug/2019:15:10:17 -0300] "GET /cormun/static/Shared/jqueryui/images/ui-bg_flat_55_994d53_40x100.png HTTP/1.1" 404 1097
190.171.152.138 - - [05/Aug/2019:15:10:17 -0300] "GET /cormun/static/Shared/jqueryui/images/ui-icons_ebccce_256x240.png HTTP/1.1" 404 1089
190.171.152.138 - - [05/Aug/2019:15:10:24 -0300] "GET /cormun/servlet/permisogoce?e4f70353ee3c5b7df6ccda121ec8c356029a93cead5b70e22294fad22c93d3a9dcc9444bfb4a575631b6ce43753308213d64b571866bf38176934686bc4c537a,gx-no-cache=1565028311433 HTTP/1.1" 200 46
190.171.152.234 - - [05/Aug/2019:15:10:27 -0300] "GET /cormun/servlet/permisogoce?9659f08d9448b912d0c329fb8f90fbc396a779ffc1021b2de5146749f283a52e3af95d89e39be4027155dd62a998715c,gx-no-cache=1565024565611 HTTP/1.1" 200 85
190.171.152.138 - - [05/Aug/2019:15:10:30 -0300] "POST /cormun/servlet/permisogoce?b344bbf37aca9e41d5936dda8974d9a2,INS,0,,,,gx-no-cache=1565028317354 HTTP/1.1" 200 93
190.171.152.138 - - [05/Aug/2019:15:10:30 -0300] "GET /cormun/servlet/hpexe_return? HTTP/1.1" 200 1006
190.171.152.138 - - [05/Aug/2019:15:10:31 -0300] "GET /cormun/servlet/trpermisosgoce HTTP/1.1" 200 9165
190.171.152.234 - - [05/Aug/2019:15:10:31 -0300] "GET /cormun/static/menuarrow.gif HTTP/1.1" 404 1015
190.171.152.138 - - [05/Aug/2019:15:10:31 -0300] "GET /cormun/servlet/trpermisosgoce HTTP/1.1" 200 9161
190.171.152.138 - - [05/Aug/2019:15:10:34 -0300] "GET /cormun/servlet/apermisogoceprn?19926880,P,20190805135910,PU HTTP/1.1" 200 1658
190.171.152.234 - - [05/Aug/2019:15:10:40 -0300] "GET /cormun/servlet/permisogoce?9659f08d9448b912d0c329fb8f90fbc367d2a83906e306364ba845428d10f7b8480cbf407b9c5e3e4c0b5aa9b62cbe34af1a6de7cb2c80de2ac9a4b4bcfc7b07,gx-no-cache=1565024578852 HTTP/1.1" 200 47
190.171.152.234 - - [05/Aug/2019:15:10:46 -0300] "POST /cormun/servlet/permisogoce?54565d68760d040bfb32bd1cd1bb6594,INS,0,,,,gx-no-cache=1565024585049 HTTP/1.1" 200 93
190.171.152.234 - - [05/Aug/2019:15:10:46 -0300] "GET /cormun/servlet/hpexe_return? HTTP/1.1" 200 1012
190.171.152.234 - - [05/Aug/2019:15:10:47 -0300] "GET /cormun/servlet/trpermisosgoce HTTP/1.1" 200 9836
190.171.152.234 - - [05/Aug/2019:15:10:47 -0300] "GET /cormun/servlet/trpermisosgoce HTTP/1.1" 200 9831
190.171.152.234 - - [05/Aug/2019:15:10:55 -0300] "GET /cormun/servlet/permisogoce?INS,0,,, HTTP/1.1" 200 7214
190.171.152.234 - - [05/Aug/2019:15:10:55 -0300] "GET /cormun/servlet/permisogoce?INS,0,,, HTTP/1.1" 200 7213
190.171.149.74 - - [05/Aug/2019:15:11:03 -0300] "POST /cormun/servlet/trpermisosgoce?02e860fe4dab45bf986047aaccac368c,gx-no-cache=1565023571647,gx-no-cache=1565024746277 HTTP/1.1" 200 6922
190.171.152.234 - - [05/Aug/2019:15:11:15 -0300] "GET /cormun/servlet/permisogoce?9659f08d9448b912d0c329fb8f90fbc30661d177dbe0e2d11dce05ef77ea7ddb7f217c487e43ca088d27585ffdf4b6796e1f9a04eed62dfef05db3ef597dc336,gx-no-cache=1565024613907 HTTP/1.1" 200 81
190.171.149.74 - - [05/Aug/2019:15:11:17 -0300] "GET /cormun/servlet/apermisogoceprn?13477280,P,20190805134051,PU HTTP/1.1" 200 1656
190.171.152.234 - - [05/Aug/2019:15:11:19 -0300] "GET /cormun/static/menuarrow.gif HTTP/1.1" 404 1015
190.171.152.234 - - [05/Aug/2019:15:11:25 -0300] "GET /cormun/servlet/permisogoce?9659f08d9448b912d0c329fb8f90fbc3558ee6dcabb16c4fc25fe205f7871a5f6ef5361f0fd65a8abbe564bb01a968f0f96a70f1440e0e1b1e266dc19c4e4cf0,gx-no-cache=1565024623972 HTTP/1.1" 200 47
190.171.152.234 - - [05/Aug/2019:15:11:30 -0300] "POST /cormun/servlet/permisogoce?54565d68760d040bfb32bd1cd1bb6594,INS,0,,,,gx-no-cache=1565024628882 HTTP/1.1" 200 93
190.171.152.234 - - [05/Aug/2019:15:11:30 -0300] "GET /cormun/servlet/hpexe_return? HTTP/1.1" 200 1012
190.171.152.234 - - [05/Aug/2019:15:11:30 -0300] "GET /cormun/servlet/trpermisosgoce HTTP/1.1" 200 10055
190.171.152.234 - - [05/Aug/2019:15:11:31 -0300] "GET /cormun/servlet/trpermisosgoce HTTP/1.1" 200 10050
190.171.152.234 - - [05/Aug/2019:15:12:58 -0300] "GET /cormun/servlet/trpermisosadjuntos?13945939,20190805140009,P, HTTP/1.1" 200 6660
190.171.152.234 - - [05/Aug/2019:15:12:58 -0300] "GET /cormun/servlet/trpermisosadjuntos?13945939,20190805140009,P, HTTP/1.1" 200 6661
190.171.152.234 - - [05/Aug/2019:15:13:00 -0300] "GET /cormun/servlet/permisosadjuntos?INS,13945939,P,20190805140009,, HTTP/1.1" 200 5991
190.171.152.234 - - [05/Aug/2019:15:13:00 -0300] "GET /cormun/static/about:blank HTTP/1.1" 404 1011
190.171.152.234 - - [05/Aug/2019:15:13:00 -0300] "GET /cormun/servlet/permisosadjuntos?INS,13945939,P,20190805140009,, HTTP/1.1" 200 5981
