190.171.141.122 - - [02/Aug/2019:14:18:57 -0300] "GET /cormun/servlet/hpexe_link HTTP/1.1" 200 969
190.171.141.122 - - [02/Aug/2019:14:18:57 -0300] "GET /cormun/servlet/prcontratosol?16174250,,,,,MD, HTTP/1.1" 200 7685
185.128.41.50 - - [02/Aug/2019:14:19:00 -0300] "GET /manager/html HTTP/1.1" 401 2474
185.128.41.50 - - [02/Aug/2019:14:19:01 -0300] "GET /manager/html HTTP/1.1" 401 2474
185.128.41.50 - - [02/Aug/2019:14:19:01 -0300] "GET /manager/html HTTP/1.1" 401 2474
185.128.41.50 - - [02/Aug/2019:14:19:02 -0300] "GET /manager/html HTTP/1.1" 401 2474
185.128.41.50 - - [02/Aug/2019:14:19:02 -0300] "GET /manager/html HTTP/1.1" 401 2474
190.171.141.122 - - [02/Aug/2019:14:19:03 -0300] "GET /cormun/servlet/hlogin HTTP/1.1" 200 1749
185.128.41.50 - - [02/Aug/2019:14:19:03 -0300] "GET /manager/html HTTP/1.1" 401 2474
185.128.41.50 - - [02/Aug/2019:14:19:03 -0300] "GET /manager/html HTTP/1.1" 401 2474
185.128.41.50 - - [02/Aug/2019:14:19:04 -0300] "GET /manager/html HTTP/1.1" 401 2474
185.128.41.50 - - [02/Aug/2019:14:19:04 -0300] "GET /manager/html HTTP/1.1" 401 2474
185.128.41.50 - - [02/Aug/2019:14:19:05 -0300] "GET /manager/html HTTP/1.1" 401 2474
185.128.41.50 - - [02/Aug/2019:14:19:06 -0300] "GET /manager/html HTTP/1.1" 401 2474
185.128.41.50 - - [02/Aug/2019:14:19:06 -0300] "GET /manager/html HTTP/1.1" 401 2474
185.128.41.50 - - [02/Aug/2019:14:19:07 -0300] "GET /manager/html HTTP/1.1" 401 2474
185.128.41.50 - - [02/Aug/2019:14:19:07 -0300] "GET /manager/html HTTP/1.1" 401 2474
185.128.41.50 - - [02/Aug/2019:14:19:08 -0300] "GET /manager/html HTTP/1.1" 401 2474
185.128.41.50 - - [02/Aug/2019:14:19:08 -0300] "GET /manager/html HTTP/1.1" 401 2474
185.128.41.50 - - [02/Aug/2019:14:19:09 -0300] "GET /manager/html HTTP/1.1" 401 2474
185.128.41.50 - - [02/Aug/2019:14:19:09 -0300] "GET /manager/html HTTP/1.1" 401 2474
185.128.41.50 - - [02/Aug/2019:14:19:10 -0300] "GET /manager/html HTTP/1.1" 401 2474
185.128.41.50 - - [02/Aug/2019:14:19:10 -0300] "GET /manager/html HTTP/1.1" 401 2474
185.128.41.50 - - [02/Aug/2019:14:19:11 -0300] "GET /manager/html HTTP/1.1" 401 2474
185.128.41.50 - - [02/Aug/2019:14:19:11 -0300] "GET /manager/html HTTP/1.1" 401 2474
185.128.41.50 - - [02/Aug/2019:14:19:12 -0300] "GET /manager/html HTTP/1.1" 401 2474
190.171.141.122 - - [02/Aug/2019:14:19:12 -0300] "GET /cormun/servlet/trcontratosolicitud? HTTP/1.1" 200 5957
190.171.141.122 - - [02/Aug/2019:14:19:12 -0300] "GET /cormun/servlet/hlogin HTTP/1.1" 200 1743
185.128.41.50 - - [02/Aug/2019:14:19:12 -0300] "GET /manager/html HTTP/1.1" 401 2474
190.171.141.122 - - [02/Aug/2019:14:19:12 -0300] "GET /cormun/servlet/trcontratosolicitud? HTTP/1.1" 200 5950
185.128.41.50 - - [02/Aug/2019:14:19:13 -0300] "GET /manager/html HTTP/1.1" 401 2474
185.128.41.50 - - [02/Aug/2019:14:19:13 -0300] "GET /manager/html HTTP/1.1" 401 2474
185.128.41.50 - - [02/Aug/2019:14:19:14 -0300] "GET /manager/html HTTP/1.1" 401 2474
185.128.41.50 - - [02/Aug/2019:14:19:14 -0300] "GET /manager/html HTTP/1.1" 401 2474
185.128.41.50 - - [02/Aug/2019:14:19:15 -0300] "GET /manager/html HTTP/1.1" 401 2474
185.128.41.50 - - [02/Aug/2019:14:19:15 -0300] "GET /manager/html HTTP/1.1" 401 2474
185.128.41.50 - - [02/Aug/2019:14:19:16 -0300] "GET /manager/html HTTP/1.1" 401 2474
185.128.41.50 - - [02/Aug/2019:14:19:16 -0300] "GET /manager/html HTTP/1.1" 401 2474
185.128.41.50 - - [02/Aug/2019:14:19:17 -0300] "GET /manager/html HTTP/1.1" 401 2474
185.128.41.50 - - [02/Aug/2019:14:19:17 -0300] "GET /manager/html HTTP/1.1" 401 2474
185.128.41.50 - - [02/Aug/2019:14:19:18 -0300] "GET /manager/html HTTP/1.1" 401 2474
190.171.141.122 - - [02/Aug/2019:14:19:18 -0300] "POST /cormun/servlet/hlogin?c3b822ba229b857129322f8a256524e1,gx-no-cache=1564766050471 HTTP/1.1" 200 90
190.171.141.122 - - [02/Aug/2019:14:19:18 -0300] "GET /cormun/servlet/hpexe_link HTTP/1.1" 200 959
190.171.141.122 - - [02/Aug/2019:14:19:18 -0300] "GET /cormun/servlet/trcontratosolicitud HTTP/1.1" 200 14439
185.128.41.50 - - [02/Aug/2019:14:19:18 -0300] "GET /manager/html HTTP/1.1" 401 2474
190.171.141.122 - - [02/Aug/2019:14:19:18 -0300] "GET /cormun/servlet/trcontratosolicitud HTTP/1.1" 200 14434
185.128.41.50 - - [02/Aug/2019:14:19:19 -0300] "GET /manager/html HTTP/1.1" 401 2474
185.128.41.50 - - [02/Aug/2019:14:19:19 -0300] "GET /manager/html HTTP/1.1" 401 2474
185.128.41.50 - - [02/Aug/2019:14:19:20 -0300] "GET /manager/html HTTP/1.1" 401 2474
185.128.41.50 - - [02/Aug/2019:14:19:20 -0300] "GET /manager/html HTTP/1.1" 401 2474
185.128.41.50 - - [02/Aug/2019:14:19:21 -0300] "GET /manager/html HTTP/1.1" 401 2474
185.128.41.50 - - [02/Aug/2019:14:19:21 -0300] "GET /manager/html HTTP/1.1" 401 2474
185.128.41.50 - - [02/Aug/2019:14:19:22 -0300] "GET /manager/html HTTP/1.1" 401 2474
185.128.41.50 - - [02/Aug/2019:14:19:22 -0300] "GET /manager/html HTTP/1.1" 401 2474
185.128.41.50 - - [02/Aug/2019:14:19:23 -0300] "GET /manager/html HTTP/1.1" 401 2474
190.171.141.122 - - [02/Aug/2019:14:19:46 -0300] "GET /cormun/servlet/trsolicitudot? HTTP/1.1" 200 7546
190.171.141.122 - - [02/Aug/2019:14:19:46 -0300] "GET /cormun/servlet/trsolicitudot? HTTP/1.1" 200 7545
190.171.141.122 - - [02/Aug/2019:14:19:48 -0300] "GET /cormun/servlet/solicitudot?INS,0,0, HTTP/1.1" 200 15375
190.171.141.122 - - [02/Aug/2019:14:19:48 -0300] "GET /cormun/servlet/solicitudot?INS,0,0, HTTP/1.1" 200 15380
190.171.141.122 - - [02/Aug/2019:14:19:58 -0300] "POST /cormun/servlet/solicitudot?gx-no-cache=1564766090364 HTTP/1.1" 200 3483
190.171.141.122 - - [02/Aug/2019:14:19:58 -0300] "POST /cormun/servlet/solicitudot?c3b822ba229b857129322f8a256524e1,INS,0,0,,gx-no-cache=1564766090582 HTTP/1.1" 200 11960
190.171.141.122 - - [02/Aug/2019:14:19:59 -0300] "GET /cormun/servlet/solicitudot?87553c21b405a542af76dccba6272fa0bab4f211faa7d7cd9022d8ca12b4925093d4eaceccc89c63d38447ddb26b67e2,gx-no-cache=1564766091928 HTTP/1.1" 200 30
78.108.177.53 - - [02/Aug/2019:14:20:10 -0300] "GET / HTTP/1.0" 200 11197
190.171.141.122 - - [02/Aug/2019:14:20:53 -0300] "GET /cormun/servlet/solicitudot?87553c21b405a542af76dccba6272fa099b174c23ea4540db08ea37342a3cd4338d4b631d6f74dd1ac4161bc7786a7a5d27f24537e68f6f0b290d6bf528aa196,gx-no-cache=1564766145802 HTTP/1.1" 200 30
190.171.141.122 - - [02/Aug/2019:14:20:54 -0300] "GET /cormun/servlet/solicitudot?87553c21b405a542af76dccba6272fa007fdc370915c14999260075cf1d6276f,gx-no-cache=1564766146539 HTTP/1.1" 200 29
190.171.153.50 - - [02/Aug/2019:14:20:55 -0300] "GET /cormun/servlet/hlogin HTTP/1.1" 200 1730
190.171.141.122 - - [02/Aug/2019:14:20:56 -0300] "POST /cormun/servlet/solicitudot?gx-no-cache=1564766148695 HTTP/1.1" 200 297
190.171.141.122 - - [02/Aug/2019:14:20:59 -0300] "POST /cormun/servlet/solicitudot?gx-no-cache=1564766152381 HTTP/1.1" 200 255
190.171.153.50 - - [02/Aug/2019:14:21:01 -0300] "POST /cormun/servlet/hlogin?e8b3a3ee7702ff8d98c12dd847c5cc4f,gx-no-cache=1564766155137 HTTP/1.1" 200 90
190.171.153.50 - - [02/Aug/2019:14:21:01 -0300] "GET /cormun/servlet/hpexe_link HTTP/1.1" 200 956
190.171.153.50 - - [02/Aug/2019:14:21:02 -0300] "GET /cormun/servlet/hhome HTTP/1.1" 200 4368
190.171.141.122 - - [02/Aug/2019:14:21:02 -0300] "GET /cormun/servlet/solicitudot?87553c21b405a542af76dccba6272fa02f0048e4a0bf545b71f451da3083c48e97ca230f36a0fdbd0cab19c99454a8a05dd43981c68df6e828ddf21714a8dbafa995b79aabb11a192e67cdfbd648d842567c7b5348223dbff0012d2424ab9cfee970b46871e11f008125fdca08046bd12f4b49eedd987c34b53fc4d9ab8f569d9801955947f37381f1f5d33ff99185ae03de83cca6416e7e02a7e9446b9ebf89efd82312e11ddb3ba391973a535e1443f09802cf8aa929f77fec056867d434731c2e708152d2c9220a29845776f328f4076b4655fb7f00217405b7d5e444d302512e365353db8c0dbf4352f0a2217c366728ecca15f327b73c871b1928312ed73ebf51a625a89b2272228e7a8405aeb23edcaeaff6297f9b509163bca3e8147e06fe7e1a40fde891e7fd92e762a8f4daac67bed1117a4ab938ee9ba9a447b11518dd73e5df5a2bcf0e02898c7e7f88b0d0223dbd418e9fa62597c957b79026e742a636901ce812ec24f452e8c89a75ee4bd505033e7119cc0441472fe5213dee,gx-no-cache=1564766154842 HTTP/1.1" 200 30
190.171.153.50 - - [02/Aug/2019:14:21:02 -0300] "GET /cormun/servlet/hhome HTTP/1.1" 200 4363
190.171.153.50 - - [02/Aug/2019:14:21:04 -0300] "GET /cormun/servlet/trlicencias? HTTP/1.1" 200 10131
190.171.153.50 - - [02/Aug/2019:14:21:05 -0300] "GET /cormun/servlet/trlicencias? HTTP/1.1" 200 10129
190.171.141.122 - - [02/Aug/2019:14:21:05 -0300] "POST /cormun/servlet/solicitudot?gx-no-cache=1564766158109 HTTP/1.1" 200 30
190.171.141.122 - - [02/Aug/2019:14:21:07 -0300] "GET /cormun/servlet/prcontratosol?16174250,,,,,MD,,gxPopupLevel%3D0%3B HTTP/1.1" 200 7687
190.171.141.122 - - [02/Aug/2019:14:21:09 -0300] "POST /cormun/servlet/solicitudot?gx-no-cache=1564766162108 HTTP/1.1" 200 1442
190.171.141.122 - - [02/Aug/2019:14:21:09 -0300] "GET /cormun/static/Shared/jqueryui/images/ui-bg_highlight-soft_100_c6c2c8_1x100.png HTTP/1.1" 404 1117
190.171.141.122 - - [02/Aug/2019:14:21:09 -0300] "GET /cormun/static/Shared/jqueryui/images/ui-icons_82798d_256x240.png HTTP/1.1" 404 1089
190.171.141.122 - - [02/Aug/2019:14:21:09 -0300] "POST /cormun/servlet/solicitudot?gx-no-cache=1564766162161 HTTP/1.1" 200 117
190.171.141.122 - - [02/Aug/2019:14:21:09 -0300] "GET /cormun/static/Shared/jqueryui/images/ui-bg_flat_55_994d53_40x100.png HTTP/1.1" 404 1097
190.171.141.122 - - [02/Aug/2019:14:21:09 -0300] "GET /cormun/static/Shared/jqueryui/images/ui-icons_ebccce_256x240.png HTTP/1.1" 404 1089
190.171.141.122 - - [02/Aug/2019:14:21:09 -0300] "GET /cormun/servlet/solicitudot?87553c21b405a542af76dccba6272fa0e403de847e2e61c47d3e9bd9341d9d8bd68ce08b4a7f2f7bfb82c54c468f322c8b310ba1e1f0692d1ea43801e919578f8321288633d8fbf0c9916df585a309f3982c69faddb04194e92ade1ae1245fca43eea5e69e8a88c50c23bc43b850c1cc,gx-no-cache=1564766162192 HTTP/1.1" 200 110
190.171.141.122 - - [02/Aug/2019:14:21:09 -0300] "POST /cormun/servlet/solicitudot?gx-no-cache=1564766162223 HTTP/1.1" 200 64
190.171.141.122 - - [02/Aug/2019:14:21:09 -0300] "GET /cormun/servlet/solicitudot?87553c21b405a542af76dccba6272fa04926cf05b10031dcb3385308fd9346ad19379de1b7757bb813452f1efdab7c6049885b847011926bb51ecb1b7c40c4dce6013ca3a51788288e2bec6606e76054e107d056d29881c4ef520851b18d91ac46175b0760af6464283943d84c578f53,gx-no-cache=1564766162285 HTTP/1.1" 200 29
190.171.141.122 - - [02/Aug/2019:14:21:09 -0300] "GET /cormun/servlet/solicitudot?87553c21b405a542af76dccba6272fa04504f2c558b9ec5141a52591c7ff224502dc5bbc120df351e8d6e41e99cb04b6,gx-no-cache=1564766162317 HTTP/1.1" 200 134
190.171.153.50 - - [02/Aug/2019:14:21:10 -0300] "GET /cormun/servlet/licenciaspermisos?INS,0,,, HTTP/1.1" 200 7902
190.171.153.50 - - [02/Aug/2019:14:21:10 -0300] "GET /cormun/static/gxcfg.js?201762917281167 HTTP/1.1" 200 953
190.171.153.50 - - [02/Aug/2019:14:21:10 -0300] "GET /cormun/static/Resources/prompt.gif HTTP/1.1" 200 902
190.171.153.50 - - [02/Aug/2019:14:21:10 -0300] "GET /cormun/static/licenciaspermisos.js?201762917281260 HTTP/1.1" 200 37491
190.171.153.50 - - [02/Aug/2019:14:21:10 -0300] "GET /cormun/servlet/licenciaspermisos?INS,0,,, HTTP/1.1" 200 7910
190.171.141.122 - - [02/Aug/2019:14:21:17 -0300] "GET /cormun/servlet/prfichaempleado?,MD,,gxPopupLevel%3D0%3B HTTP/1.1" 200 9433
190.171.153.50 - - [02/Aug/2019:14:21:20 -0300] "GET /cormun/servlet/licenciaspermisos?1a303b5d3cb672c160ae1c3f143840e21dca2a081469dccedf7d3bda3c96887c451ef046e8542e25d2198ad7a75a0597,gx-no-cache=1564766173902 HTTP/1.1" 200 108
190.171.153.50 - - [02/Aug/2019:14:21:20 -0300] "POST /cormun/servlet/licenciaspermisos?e8b3a3ee7702ff8d98c12dd847c5cc4f,INS,0,,,,gx-no-cache=1564766173956 HTTP/1.1" 200 4972
190.171.141.122 - - [02/Aug/2019:14:21:34 -0300] "POST /cormun/servlet/solicitudot?gx-no-cache=1564766186423 HTTP/1.1" 200 1363
190.171.141.122 - - [02/Aug/2019:14:21:37 -0300] "GET /cormun/servlet/prlicenciaspermisos?17476778,L,,MD,,gxPopupLevel%3D0%3B HTTP/1.1" 200 5706
190.171.141.122 - - [02/Aug/2019:14:21:43 -0300] "POST /cormun/servlet/solicitudot?gx-no-cache=1564766195959 HTTP/1.1" 200 41
190.171.141.122 - - [02/Aug/2019:14:22:02 -0300] "GET /cormun/servlet/solicitudot?87553c21b405a542af76dccba6272fa0e403de847e2e61c47d3e9bd9341d9d8bd68ce08b4a7f2f7bfb82c54c468f322c8b310ba1e1f0692d1ea43801e919578f8321288633d8fbf0c9916df585a309f3982c69faddb04194e92ade1ae1245fca43eea5e69e8a88c50c23bc43b850c1cc,gx-no-cache=1564766215354 HTTP/1.1" 200 110
190.171.153.50 - - [02/Aug/2019:14:22:10 -0300] "GET /cormun/static/menuarrow.gif HTTP/1.1" 404 1015
190.171.141.122 - - [02/Aug/2019:14:22:23 -0300] "POST /cormun/servlet/solicitudot?gx-no-cache=1564766236145 HTTP/1.1" 200 97
190.171.141.122 - - [02/Aug/2019:14:22:33 -0300] "GET /cormun/static/menuarrow.gif HTTP/1.1" 404 1015
190.171.141.122 - - [02/Aug/2019:14:22:42 -0300] "GET /cormun/servlet/solicitudot?87553c21b405a542af76dccba6272fa0dca7d0e4492d9e02454cf796f93991d1dc44e2ad01f0913b5d8cae0d803f8e70,gx-no-cache=1564766255117 HTTP/1.1" 200 30
200.54.103.162 - - [02/Aug/2019:14:24:11 -0300] "POST /cormun/servlet/trlicencias?ba5dd3a9c481e063e2d752f240a01a49,gx-no-cache=1564766342906 HTTP/1.1" 440 972
200.54.103.162 - - [02/Aug/2019:14:24:13 -0300] "GET /cormun/servlet/trlicencias HTTP/1.1" 200 7884
190.171.141.122 - - [02/Aug/2019:14:24:13 -0300] "POST /cormun/servlet/solicitudot?gx-no-cache=1564766346028 HTTP/1.1" 200 32
200.54.103.162 - - [02/Aug/2019:14:24:13 -0300] "GET /cormun/servlet/hlogin HTTP/1.1" 200 1739
200.54.103.162 - - [02/Aug/2019:14:24:13 -0300] "GET /cormun/servlet/trlicencias HTTP/1.1" 200 7884
200.54.103.162 - - [02/Aug/2019:14:24:13 -0300] "GET /cormun/servlet/trlicencias HTTP/1.1" 200 7884
200.54.103.162 - - [02/Aug/2019:14:24:21 -0300] "POST /cormun/servlet/hlogin?ba3a365fb7d220897da95eede4bdc0de,gx-no-cache=1564766353455 HTTP/1.1" 200 90
200.54.103.162 - - [02/Aug/2019:14:24:21 -0300] "GET /cormun/servlet/hpexe_link HTTP/1.1" 200 958
200.54.103.162 - - [02/Aug/2019:14:24:22 -0300] "GET /cormun/servlet/trlicencias HTTP/1.1" 200 13440
200.54.103.162 - - [02/Aug/2019:14:24:22 -0300] "GET /cormun/servlet/trlicencias HTTP/1.1" 200 13442
200.54.103.162 - - [02/Aug/2019:14:24:27 -0300] "POST /cormun/servlet/trlicencias?ba3a365fb7d220897da95eede4bdc0de,gx-no-cache=1564766358645 HTTP/1.1" 200 10946
190.171.141.122 - - [02/Aug/2019:14:25:09 -0300] "POST /cormun/servlet/solicitudot?gx-no-cache=1564766401873 HTTP/1.1" 200 97
190.171.141.122 - - [02/Aug/2019:14:25:18 -0300] "GET /cormun/servlet/solicitudot?87553c21b405a542af76dccba6272fa0dca7d0e4492d9e02454cf796f93991d1e93dce8001b7abb9c95d73b1f53028ac,gx-no-cache=1564766410660 HTTP/1.1" 200 30
190.171.141.122 - - [02/Aug/2019:14:25:18 -0300] "POST /cormun/servlet/solicitudot?gx-no-cache=1564766410751 HTTP/1.1" 200 32
190.171.141.122 - - [02/Aug/2019:14:25:18 -0300] "POST /cormun/servlet/solicitudot?c3b822ba229b857129322f8a256524e1,INS,0,0,,gx-no-cache=1564766410890 HTTP/1.1" 200 93
190.171.141.122 - - [02/Aug/2019:14:25:18 -0300] "GET /cormun/servlet/hpexe_return? HTTP/1.1" 200 1007
190.171.141.122 - - [02/Aug/2019:14:25:19 -0300] "GET /cormun/servlet/trsolicitudot HTTP/1.1" 200 8995
190.171.141.122 - - [02/Aug/2019:14:25:19 -0300] "GET /cormun/servlet/trsolicitudot HTTP/1.1" 200 8991
190.171.141.122 - - [02/Aug/2019:14:25:23 -0300] "GET /cormun/servlet/solicitudot?INS,0,0, HTTP/1.1" 200 15377
190.171.141.122 - - [02/Aug/2019:14:25:24 -0300] "GET /cormun/servlet/solicitudot?INS,0,0, HTTP/1.1" 200 15381
190.171.141.122 - - [02/Aug/2019:14:25:30 -0300] "POST /cormun/servlet/solicitudot?gx-no-cache=1564766422707 HTTP/1.1" 200 3483
190.171.141.122 - - [02/Aug/2019:14:25:30 -0300] "POST /cormun/servlet/solicitudot?c3b822ba229b857129322f8a256524e1,INS,0,0,,gx-no-cache=1564766422901 HTTP/1.1" 200 11959
190.171.141.122 - - [02/Aug/2019:14:25:32 -0300] "GET /cormun/servlet/solicitudot?87553c21b405a542af76dccba6272fa0bab4f211faa7d7cd9022d8ca12b4925093d4eaceccc89c63d38447ddb26b67e2,gx-no-cache=1564766424861 HTTP/1.1" 200 30
190.171.141.122 - - [02/Aug/2019:14:26:17 -0300] "GET /cormun/servlet/solicitudot?87553c21b405a542af76dccba6272fa099b174c23ea4540db08ea37342a3cd4338d4b631d6f74dd1ac4161bc7786a7a5d27f24537e68f6f0b290d6bf528aa196,gx-no-cache=1564766469572 HTTP/1.1" 200 30
190.171.141.122 - - [02/Aug/2019:14:26:17 -0300] "GET /cormun/servlet/solicitudot?87553c21b405a542af76dccba6272fa007fdc370915c14999260075cf1d6276f,gx-no-cache=1564766469632 HTTP/1.1" 200 29
190.171.141.122 - - [02/Aug/2019:14:26:18 -0300] "POST /cormun/servlet/solicitudot?gx-no-cache=1564766470514 HTTP/1.1" 200 255
190.171.153.50 - - [02/Aug/2019:14:26:19 -0300] "GET /cormun/servlet/licenciaspermisos?1a303b5d3cb672c160ae1c3f143840e21e838237cbbb80202b8da79aca0a6dc599060749fd29d1d6d7b73982a0f3bd3f6f69107ce31cccdb182dbcaacc2b83adc515b4bf5f995014ecf3b251e19fdf2324c04c5ae6020e3afc2c6744c65673f4e087fec3730e3a636311f91daf08ad3cd0497ef7274ee4d57be69fae694b4e6c7e0d6ba88be8ef2cbebac42f964baa411364f3a03e971471dd6a768295da5b1191f090ebea27cacfa31b6e59db890d2f,gx-no-cache=1564766473260 HTTP/1.1" 200 30
190.171.141.122 - - [02/Aug/2019:14:26:19 -0300] "GET /cormun/servlet/solicitudot?87553c21b405a542af76dccba6272fa02f0048e4a0bf545b71f451da3083c48e97ca230f36a0fdbd0cab19c99454a8a05dd43981c68df6e828ddf21714a8dbafa995b79aabb11a192e67cdfbd648d842567c7b5348223dbff0012d2424ab9cfee970b46871e11f008125fdca08046bd12f4b49eedd987c34b53fc4d9ab8f569d9801955947f37381f1f5d33ff99185ae03de83cca6416e7e02a7e9446b9ebf89efd82312e11ddb3ba391973a535e1443f09802cf8aa929f77fec056867d434731c2e708152d2c9220a29845776f328f4076b4655fb7f00217405b7d5e444d302512e365353db8c0dbf4352f0a2217c366728ecca15f327b73c871b1928312ed73ebf51a625a89b2272228e7a8405aeb23edcaeaff6297f9b509163bca3e8147e06fe7e1a40fde891e7fd92e762a8f4daac67bed1117a4ab938ee9ba9a447b11518dd73e5df5a2bcf0e02898c7e7f88b0d0223dbd418e9fa62597c957b79026e742a636901ce812ec24f452e8c89a75ee4bd505033e7119cc0441472fe5213dee,gx-no-cache=1564766472378 HTTP/1.1" 200 30
190.171.153.50 - - [02/Aug/2019:14:26:20 -0300] "GET /cormun/servlet/licenciaspermisos?1a303b5d3cb672c160ae1c3f143840e2a222598c23139608c03872cec943e10461a801f22b5177d83e3c5881ec089e2d51e7c802727d70c7d566b5ccbe0b6467a10f59b306e290467b72e358fbbe4e0313d729a00acf0a6254fc66fbf4ea550bdcda346239d4a12f009d1ef81f14b8ca1695d0014c20fb0e0439d4a8a1536e75a5bb946052b385ebce2036a09d269ca8bd13b2a1aa02357527b481ac56f5dd975a62b0936c07000c0e5ff3c7e161324d,gx-no-cache=1564766473295 HTTP/1.1" 200 29
190.171.153.50 - - [02/Aug/2019:14:26:20 -0300] "POST /cormun/servlet/licenciaspermisos?e8b3a3ee7702ff8d98c12dd847c5cc4f,INS,0,,,,gx-no-cache=1564766473323 HTTP/1.1" 200 93
190.171.153.50 - - [02/Aug/2019:14:26:20 -0300] "GET /cormun/servlet/hpexe_return? HTTP/1.1" 200 1016
190.171.153.50 - - [02/Aug/2019:14:26:21 -0300] "GET /cormun/servlet/trlicencias HTTP/1.1" 200 10694
190.171.153.50 - - [02/Aug/2019:14:26:21 -0300] "GET /cormun//static/Resources/PXToolsGridUpdate.png HTTP/1.1" 200 2984
190.171.153.50 - - [02/Aug/2019:14:26:21 -0300] "GET /cormun//static/Resources/PXToolsGridDelete.png HTTP/1.1" 200 357
190.171.153.50 - - [02/Aug/2019:14:26:21 -0300] "GET /cormun/servlet/trlicencias HTTP/1.1" 200 10689
190.171.153.50 - - [02/Aug/2019:14:26:25 -0300] "GET /cormun/servlet/trlicenciaspermisosadjuntos?8898068,20190802000000,L, HTTP/1.1" 200 6728
190.171.153.50 - - [02/Aug/2019:14:26:25 -0300] "GET /cormun/static/gxcfg.js?20177612163414 HTTP/1.1" 200 953
190.171.153.50 - - [02/Aug/2019:14:26:25 -0300] "GET /cormun/static/trlicenciaspermisosadjuntos.js?20177612163719 HTTP/1.1" 200 21036
190.171.141.122 - - [02/Aug/2019:14:26:25 -0300] "POST /cormun/servlet/solicitudot?gx-no-cache=1564766478093 HTTP/1.1" 200 30
190.171.153.50 - - [02/Aug/2019:14:26:25 -0300] "GET /cormun/servlet/trlicenciaspermisosadjuntos?8898068,20190802000000,L, HTTP/1.1" 200 6745
190.171.141.122 - - [02/Aug/2019:14:26:27 -0300] "GET /cormun/servlet/prcontratosol?16174250,,,,,MD,,gxPopupLevel%3D0%3B HTTP/1.1" 200 7687
190.171.153.50 - - [02/Aug/2019:14:26:28 -0300] "GET /cormun/servlet/licenciaspermisosadjuntos?INS,8898068,L,20190802000000,, HTTP/1.1" 200 6018
190.171.153.50 - - [02/Aug/2019:14:26:28 -0300] "GET /cormun/static/gxcfg.js?2017761263592 HTTP/1.1" 200 953
190.171.153.50 - - [02/Aug/2019:14:26:28 -0300] "GET /cormun/static/licenciaspermisosadjuntos.js?201776126362 HTTP/1.1" 200 8760
190.171.153.50 - - [02/Aug/2019:14:26:28 -0300] "GET /cormun/static/about:blank HTTP/1.1" 404 1011
190.171.153.50 - - [02/Aug/2019:14:26:28 -0300] "GET /cormun/servlet/licenciaspermisosadjuntos?INS,8898068,L,20190802000000,, HTTP/1.1" 200 6007
190.171.141.122 - - [02/Aug/2019:14:26:29 -0300] "POST /cormun/servlet/solicitudot?gx-no-cache=1564766481974 HTTP/1.1" 200 1442
190.171.141.122 - - [02/Aug/2019:14:26:29 -0300] "GET /cormun/static/Shared/jqueryui/images/ui-bg_highlight-soft_100_c6c2c8_1x100.png HTTP/1.1" 404 1117
190.171.141.122 - - [02/Aug/2019:14:26:29 -0300] "GET /cormun/static/Shared/jqueryui/images/ui-icons_ebccce_256x240.png HTTP/1.1" 404 1089
190.171.141.122 - - [02/Aug/2019:14:26:29 -0300] "GET /cormun/static/Shared/jqueryui/images/ui-bg_flat_55_994d53_40x100.png HTTP/1.1" 404 1097
190.171.141.122 - - [02/Aug/2019:14:26:29 -0300] "GET /cormun/static/Shared/jqueryui/images/ui-icons_82798d_256x240.png HTTP/1.1" 404 1089
190.171.141.122 - - [02/Aug/2019:14:26:29 -0300] "POST /cormun/servlet/solicitudot?gx-no-cache=1564766482136 HTTP/1.1" 200 117
190.171.141.122 - - [02/Aug/2019:14:26:29 -0300] "GET /cormun/servlet/solicitudot?87553c21b405a542af76dccba6272fa0e403de847e2e61c47d3e9bd9341d9d8bd68ce08b4a7f2f7bfb82c54c468f322c8b310ba1e1f0692d1ea43801e919578f8321288633d8fbf0c9916df585a309f3982c69faddb04194e92ade1ae1245fca43eea5e69e8a88c50c23bc43b850c1cc,gx-no-cache=1564766482188 HTTP/1.1" 200 110
190.171.141.122 - - [02/Aug/2019:14:26:29 -0300] "POST /cormun/servlet/solicitudot?gx-no-cache=1564766482221 HTTP/1.1" 200 64
190.171.141.122 - - [02/Aug/2019:14:26:29 -0300] "GET /cormun/servlet/solicitudot?87553c21b405a542af76dccba6272fa04926cf05b10031dcb3385308fd9346ad19379de1b7757bb813452f1efdab7c6049885b847011926bb51ecb1b7c40c4dce6013ca3a51788288e2bec6606e76054e107d056d29881c4ef520851b18d91ac46175b0760af6464283943d84c578f53,gx-no-cache=1564766482285 HTTP/1.1" 200 29
190.171.141.122 - - [02/Aug/2019:14:26:29 -0300] "GET /cormun/servlet/solicitudot?87553c21b405a542af76dccba6272fa04504f2c558b9ec5141a52591c7ff224502dc5bbc120df351e8d6e41e99cb04b6,gx-no-cache=1564766482344 HTTP/1.1" 200 134
190.171.141.122 - - [02/Aug/2019:14:26:34 -0300] "GET /cormun/servlet/prfichaempleado?,MD,,gxPopupLevel%3D0%3B HTTP/1.1" 200 9433
190.171.141.122 - - [02/Aug/2019:14:26:44 -0300] "POST /cormun/servlet/prfichaempleado?c3b822ba229b857129322f8a256524e1,,MD,,gxPopupLevel%3D0%3B,gx-no-cache=1564766496386 HTTP/1.1" 200 3423
190.171.141.122 - - [02/Aug/2019:14:26:48 -0300] "GET /cormun/servlet/prlicenciaspermisos?17476778,L,,MD,,gxPopupLevel%3D0%3B HTTP/1.1" 200 5706
190.171.141.122 - - [02/Aug/2019:14:26:50 -0300] "POST /cormun/servlet/solicitudot?gx-no-cache=1564766503109 HTTP/1.1" 200 1363
190.171.153.50 - - [02/Aug/2019:14:26:51 -0300] "POST /cormun/servlet/licenciaspermisosadjuntos?e8b3a3ee7702ff8d98c12dd847c5cc4f,INS,8898068,L,20190802000000,, HTTP/1.1" 200 116
190.171.153.50 - - [02/Aug/2019:14:26:51 -0300] "GET /cormun/servlet/hpexe_return? HTTP/1.1" 200 1046
190.171.153.50 - - [02/Aug/2019:14:26:51 -0300] "GET /cormun/servlet/trlicenciaspermisosadjuntos?8898068,20190802000000,L, HTTP/1.1" 200 7253
190.171.153.50 - - [02/Aug/2019:14:26:51 -0300] "GET /cormun/servlet/trlicenciaspermisosadjuntos?8898068,20190802000000,L, HTTP/1.1" 200 7248
190.171.141.122 - - [02/Aug/2019:14:26:52 -0300] "POST /cormun/servlet/solicitudot?gx-no-cache=1564766504557 HTTP/1.1" 200 41
190.171.153.50 - - [02/Aug/2019:14:26:56 -0300] "GET /cormun/servlet/trlicencias? HTTP/1.1" 200 10690
190.171.153.50 - - [02/Aug/2019:14:26:56 -0300] "GET /cormun/servlet/trlicencias? HTTP/1.1" 200 10689
190.171.141.122 - - [02/Aug/2019:14:27:00 -0300] "GET /cormun/servlet/solicitudot?87553c21b405a542af76dccba6272fa0e403de847e2e61c47d3e9bd9341d9d8bd68ce08b4a7f2f7bfb82c54c468f322c8b310ba1e1f0692d1ea43801e919578f8321288633d8fbf0c9916df585a309f3982c69faddb04194e92ade1ae1245fca43eea5e69e8a88c50c23bc43b850c1cc,gx-no-cache=1564766513274 HTTP/1.1" 200 110
190.171.153.50 - - [02/Aug/2019:14:27:01 -0300] "POST /cormun/servlet/trlicencias?e8b3a3ee7702ff8d98c12dd847c5cc4f,,gx-no-cache=1564766514245 HTTP/1.1" 200 7915
190.171.153.50 - - [02/Aug/2019:14:27:01 -0300] "GET /cormun/static/Shared/jqueryui/images/ui-bg_highlight-soft_100_c6c2c8_1x100.png HTTP/1.1" 404 1117
190.171.153.50 - - [02/Aug/2019:14:27:01 -0300] "GET /cormun/static/Shared/jqueryui/images/ui-icons_82798d_256x240.png HTTP/1.1" 404 1089
190.171.153.50 - - [02/Aug/2019:14:27:01 -0300] "GET /cormun/static/Shared/jqueryui/images/ui-bg_flat_55_fafafa_40x100.png HTTP/1.1" 404 1097
190.171.153.50 - - [02/Aug/2019:14:27:01 -0300] "GET /cormun/static/Shared/jqueryui/images/ui-icons_8d78a5_256x240.png HTTP/1.1" 404 1089
190.171.153.50 - - [02/Aug/2019:14:27:14 -0300] "GET /cormun/servlet/alicenciaprn?8898068,L,20190802000000,PU HTTP/1.1" 200 1542
190.171.141.122 - - [02/Aug/2019:14:27:14 -0300] "POST /cormun/servlet/solicitudot?gx-no-cache=1564766527000 HTTP/1.1" 200 97
190.171.141.122 - - [02/Aug/2019:14:27:25 -0300] "POST /cormun/servlet/solicitudot?gx-no-cache=1564766537587 HTTP/1.1" 200 72
186.103.159.46 - - [02/Aug/2019:14:27:36 -0300] "POST /cormun/servlet/hlogin?ebe11335c2a78f9418a1550cd9fe6a7b,gx-no-cache=1564762945639 HTTP/1.1" 440 972
186.103.159.46 - - [02/Aug/2019:14:27:39 -0300] "GET /cormun/servlet/hlogin HTTP/1.1" 200 1731
186.103.159.46 - - [02/Aug/2019:14:27:47 -0300] "POST /cormun/servlet/hlogin?69183ab633defe38af7a2232a47d4f69,gx-no-cache=1564762957265 HTTP/1.1" 200 90
186.103.159.46 - - [02/Aug/2019:14:27:47 -0300] "GET /cormun/servlet/hpexe_link HTTP/1.1" 200 950
186.103.159.46 - - [02/Aug/2019:14:27:48 -0300] "GET /cormun/servlet/hhome HTTP/1.1" 200 4060
186.103.159.46 - - [02/Aug/2019:14:27:50 -0300] "GET /cormun/servlet/hhome HTTP/1.1" 200 4055
190.171.141.122 - - [02/Aug/2019:14:28:07 -0300] "GET /cormun/static/menuarrow.gif HTTP/1.1" 404 1015
190.171.141.122 - - [02/Aug/2019:14:28:13 -0300] "GET /cormun/servlet/solicitudot?87553c21b405a542af76dccba6272fa0dca7d0e4492d9e02454cf796f93991d1dc44e2ad01f0913b5d8cae0d803f8e70,gx-no-cache=1564766586041 HTTP/1.1" 200 30
186.103.159.46 - - [02/Aug/2019:14:28:17 -0300] "GET /cormun/servlet/trpermisosgoce? HTTP/1.1" 200 9545
190.171.153.50 - - [02/Aug/2019:14:28:19 -0300] "GET /cormun/servlet/alicenciaprn?8898068,L,20190802000000,PU HTTP/1.1" 200 1542
186.103.159.46 - - [02/Aug/2019:14:28:20 -0300] "GET /cormun/servlet/trpermisosgoce? HTTP/1.1" 200 9543
190.171.141.122 - - [02/Aug/2019:14:28:20 -0300] "POST /cormun/servlet/solicitudot?gx-no-cache=1564766593179 HTTP/1.1" 200 32
186.103.159.46 - - [02/Aug/2019:14:28:28 -0300] "GET /cormun/servlet/permisogoce?INS,0,,, HTTP/1.1" 200 6901
186.103.159.46 - - [02/Aug/2019:14:28:30 -0300] "GET /cormun/servlet/permisogoce?INS,0,,, HTTP/1.1" 200 6900
190.171.141.122 - - [02/Aug/2019:14:28:42 -0300] "POST /cormun/servlet/solicitudot?c3b822ba229b857129322f8a256524e1,INS,0,0,,gx-no-cache=1564766614693 HTTP/1.1" 200 93
190.171.141.122 - - [02/Aug/2019:14:28:42 -0300] "GET /cormun/servlet/hpexe_return? HTTP/1.1" 200 1007
190.171.141.122 - - [02/Aug/2019:14:28:42 -0300] "GET /cormun/servlet/trsolicitudot HTTP/1.1" 200 9318
190.171.141.122 - - [02/Aug/2019:14:28:43 -0300] "GET /cormun/servlet/trsolicitudot HTTP/1.1" 200 9313
190.171.141.122 - - [02/Aug/2019:14:28:48 -0300] "GET /cormun/servlet/trsolicitudot? HTTP/1.1" 200 9313
190.171.141.122 - - [02/Aug/2019:14:28:48 -0300] "GET /cormun/servlet/trsolicitudot? HTTP/1.1" 200 9313
190.171.141.122 - - [02/Aug/2019:14:28:50 -0300] "GET /cormun/static/menuarrow.gif HTTP/1.1" 404 1015
190.171.141.122 - - [02/Aug/2019:14:29:05 -0300] "POST /cormun/servlet/trsolicitudot?c3b822ba229b857129322f8a256524e1,,gx-no-cache=1564766637988 HTTP/1.1" 200 6638
186.103.159.46 - - [02/Aug/2019:14:29:12 -0300] "GET /cormun/servlet/permisogoce?68f0d234ebe3f49c60c6656dfa1cc0415e58176092de6748516e041cf77967eab0699627c967f9e7767e77a11c74a23c,gx-no-cache=1564763040920 HTTP/1.1" 200 84
186.103.159.46 - - [02/Aug/2019:14:29:14 -0300] "GET /cormun/static/menuarrow.gif HTTP/1.1" 404 1015
186.103.159.46 - - [02/Aug/2019:14:29:21 -0300] "GET /cormun/servlet/permisogoce?68f0d234ebe3f49c60c6656dfa1cc041b9dfd4782c566d2bc441b90e71aeea5d8774f6fae783bc545d3ded1aa8b1419754b0076595ce1b897fe64e233f56b63d,gx-no-cache=1564763050947 HTTP/1.1" 200 47
186.103.159.46 - - [02/Aug/2019:14:29:29 -0300] "POST /cormun/servlet/permisogoce?69183ab633defe38af7a2232a47d4f69,INS,0,,,,gx-no-cache=1564763058506 HTTP/1.1" 200 93
186.103.159.46 - - [02/Aug/2019:14:29:29 -0300] "GET /cormun/servlet/hpexe_return? HTTP/1.1" 200 1008
186.103.159.46 - - [02/Aug/2019:14:29:30 -0300] "GET /cormun/servlet/trpermisosgoce HTTP/1.1" 200 9774
186.103.159.46 - - [02/Aug/2019:14:29:32 -0300] "GET /cormun/servlet/trpermisosgoce HTTP/1.1" 200 9766
190.171.141.122 - - [02/Aug/2019:14:29:39 -0300] "POST /cormun/servlet/trsolicitudot?c3b822ba229b857129322f8a256524e1,,gx-no-cache=1564766671365 HTTP/1.1" 200 6638
186.103.159.46 - - [02/Aug/2019:14:29:39 -0300] "GET /cormun/servlet/apermisogoceprn?8998776,P,20190802131749,PU HTTP/1.1" 200 1668
190.171.141.122 - - [02/Aug/2019:14:29:47 -0300] "POST /cormun/servlet/trsolicitudot?c3b822ba229b857129322f8a256524e1,,gx-no-cache=1564766679333 HTTP/1.1" 200 7201
190.171.141.122 - - [02/Aug/2019:14:32:35 -0300] "POST /cormun/servlet/trsolicitudot?c3b822ba229b857129322f8a256524e1,,gx-no-cache=1564766847128 HTTP/1.1" 200 23382
190.171.141.122 - - [02/Aug/2019:14:32:50 -0300] "POST /cormun/servlet/trsolicitudot?c3b822ba229b857129322f8a256524e1,,gx-no-cache=1564766861974 HTTP/1.1" 200 23381
207.46.13.126 - - [02/Aug/2019:14:32:52 -0300] "GET /cormun/servlet/licenciaspermisos?INS,0,,, HTTP/1.1" 200 6824
190.171.141.122 - - [02/Aug/2019:14:32:59 -0300] "POST /cormun/servlet/trsolicitudot?c3b822ba229b857129322f8a256524e1,,gx-no-cache=1564766871506 HTTP/1.1" 200 6307
207.46.13.152 - - [02/Aug/2019:14:33:10 -0300] "GET /cormun/static/Resources/PXTools/calendar.png HTTP/1.1" 200 1306
207.46.13.152 - - [02/Aug/2019:14:33:11 -0300] "GET /cormun/static/Resources/Spanish/PXTools.css?17315867 HTTP/1.1" 200 89042
207.46.13.152 - - [02/Aug/2019:14:33:11 -0300] "GET /cormun/static/SmoothNavMenu/resources/ddsmoothmenu-v.css?1012540 HTTP/1.1" 200 1188
207.46.13.152 - - [02/Aug/2019:14:33:12 -0300] "GET /cormun/static/hpexe_messagepopupcomponent.js?20161017169425 HTTP/1.1" 200 605
207.46.13.152 - - [02/Aug/2019:14:33:12 -0300] "GET /cormun/static/scaMessage/css/jquery.pnotify.default.css?1716380 HTTP/1.1" 200 1707
190.171.141.122 - - [02/Aug/2019:14:33:20 -0300] "GET /cormun/servlet/solicitudot?INS,0,0, HTTP/1.1" 200 15377
190.171.141.122 - - [02/Aug/2019:14:33:20 -0300] "GET /cormun/servlet/solicitudot?INS,0,0, HTTP/1.1" 200 15382
157.55.39.130 - - [02/Aug/2019:14:33:28 -0300] "GET /cormun/static/PXToolsJavascripts/pexe_tabs.js HTTP/1.1" 200 3748
157.55.39.130 - - [02/Aug/2019:14:33:28 -0300] "GET /cormun/static/licenciaspermisos.js?201762917281260 HTTP/1.1" 200 37491
190.171.141.122 - - [02/Aug/2019:14:33:37 -0300] "POST /cormun/servlet/solicitudot?gx-no-cache=1564766909459 HTTP/1.1" 200 3483
190.171.141.122 - - [02/Aug/2019:14:33:37 -0300] "POST /cormun/servlet/solicitudot?c3b822ba229b857129322f8a256524e1,INS,0,0,,gx-no-cache=1564766909694 HTTP/1.1" 200 11960
190.171.141.122 - - [02/Aug/2019:14:33:37 -0300] "GET /cormun/servlet/solicitudot?87553c21b405a542af76dccba6272fa027f28103e5eef84784060783f946a9d5d27f24537e68f6f0b290d6bf528aa196,gx-no-cache=1564766910056 HTTP/1.1" 200 111
190.171.141.122 - - [02/Aug/2019:14:33:37 -0300] "GET /cormun/static/Shared/jqueryui/images/ui-bg_highlight-soft_100_c6c2c8_1x100.png HTTP/1.1" 404 1117
190.171.141.122 - - [02/Aug/2019:14:33:37 -0300] "GET /cormun/static/Shared/jqueryui/images/ui-bg_flat_55_994d53_40x100.png HTTP/1.1" 404 1097
190.171.141.122 - - [02/Aug/2019:14:33:37 -0300] "GET /cormun/static/Shared/jqueryui/images/ui-icons_ebccce_256x240.png HTTP/1.1" 404 1089
190.171.141.122 - - [02/Aug/2019:14:33:37 -0300] "GET /cormun/static/Shared/jqueryui/images/ui-icons_82798d_256x240.png HTTP/1.1" 404 1089
190.171.141.122 - - [02/Aug/2019:14:33:45 -0300] "POST /cormun/servlet/solicitudot?gx-no-cache=1564766918227 HTTP/1.1" 200 3483
190.171.141.122 - - [02/Aug/2019:14:33:46 -0300] "POST /cormun/servlet/solicitudot?c3b822ba229b857129322f8a256524e1,INS,0,0,,gx-no-cache=1564766918377 HTTP/1.1" 200 12023
190.171.141.122 - - [02/Aug/2019:14:33:46 -0300] "GET /cormun/servlet/solicitudot?87553c21b405a542af76dccba6272fa027f28103e5eef84784060783f946a9d5d27f24537e68f6f0b290d6bf528aa196,gx-no-cache=1564766918616 HTTP/1.1" 200 111
190.171.141.122 - - [02/Aug/2019:14:33:54 -0300] "GET /cormun/servlet/solicitudot?87553c21b405a542af76dccba6272fa027f28103e5eef84784060783f946a9d5d27f24537e68f6f0b290d6bf528aa196,gx-no-cache=1564766926812 HTTP/1.1" 200 111
190.171.141.122 - - [02/Aug/2019:14:33:58 -0300] "GET /cormun/servlet/solicitudot?87553c21b405a542af76dccba6272fa0bab4f211faa7d7cd9022d8ca12b4925093d4eaceccc89c63d38447ddb26b67e2,gx-no-cache=1564766930971 HTTP/1.1" 200 30
190.171.141.122 - - [02/Aug/2019:14:34:08 -0300] "POST /cormun/servlet/solicitudot?gx-no-cache=1564766940655 HTTP/1.1" 200 3485
190.171.141.122 - - [02/Aug/2019:14:34:08 -0300] "POST /cormun/servlet/solicitudot?c3b822ba229b857129322f8a256524e1,INS,0,0,,gx-no-cache=1564766940807 HTTP/1.1" 200 12079
190.171.141.122 - - [02/Aug/2019:14:34:10 -0300] "GET /cormun/servlet/solicitudot?87553c21b405a542af76dccba6272fa0bab4f211faa7d7cd9022d8ca12b492507fc077f47da63b28e0bf11cdc66bf585,gx-no-cache=1564766942671 HTTP/1.1" 200 30
190.171.141.122 - - [02/Aug/2019:14:34:52 -0300] "GET /cormun/servlet/solicitudot?87553c21b405a542af76dccba6272fa099b174c23ea4540db08ea37342a3cd4338d4b631d6f74dd1ac4161bc7786a7a5d27f24537e68f6f0b290d6bf528aa196,gx-no-cache=1564766985326 HTTP/1.1" 200 30
190.171.141.122 - - [02/Aug/2019:14:34:52 -0300] "GET /cormun/servlet/solicitudot?87553c21b405a542af76dccba6272fa007fdc370915c14999260075cf1d6276f,gx-no-cache=1564766985385 HTTP/1.1" 200 29
190.171.141.122 - - [02/Aug/2019:14:34:53 -0300] "POST /cormun/servlet/solicitudot?gx-no-cache=1564766986373 HTTP/1.1" 200 255
190.171.141.122 - - [02/Aug/2019:14:34:56 -0300] "GET /cormun/servlet/solicitudot?87553c21b405a542af76dccba6272fa02f0048e4a0bf545b71f451da3083c48e97ca230f36a0fdbd0cab19c99454a8a05dd43981c68df6e828ddf21714a8dbafa995b79aabb11a192e67cdfbd648d842567c7b5348223dbff0012d2424ab9cfee970b46871e11f008125fdca08046bd12f4b49eedd987c34b53fc4d9ab8f569d9801955947f37381f1f5d33ff99185ae03de83cca6416e7e02a7e9446b9ebf89efd82312e11ddb3ba391973a535e1443f09802cf8aa929f77fec056867d434731c2e708152d2c9220a29845776f328f4076b4655fb7f00217405b7d5e444d302512e365353db8c0dbf4352f0a2217c366728ecca15f327b73c871b1928312ed73ebf51a625a89b2272228e7a8405aeb23edcaeaff6297f9b509163bca3e8147e06fe7e1a40fde891e7fd92e762a8f4daac67bed1117a4ab938ee9ba9a447b11518dd73e5df5a2bcf0e02898c7e7f88b0d0223dbd418e9fa62597c957b79026e742a636901ce812ec24f452e8c89a75ee4bd505033e7119cc0441472fe5213dee,gx-no-cache=1564766988520 HTTP/1.1" 200 30
190.171.141.122 - - [02/Aug/2019:14:34:59 -0300] "POST /cormun/servlet/solicitudot?gx-no-cache=1564766991693 HTTP/1.1" 200 30
190.171.141.122 - - [02/Aug/2019:14:35:00 -0300] "GET /cormun/servlet/prcontratosol?16174250,,,,,MD,,gxPopupLevel%3D0%3B HTTP/1.1" 200 7687
190.171.141.122 - - [02/Aug/2019:14:35:02 -0300] "POST /cormun/servlet/solicitudot?gx-no-cache=1564766995215 HTTP/1.1" 200 1442
190.171.141.122 - - [02/Aug/2019:14:35:02 -0300] "POST /cormun/servlet/solicitudot?gx-no-cache=1564766995271 HTTP/1.1" 200 117
190.171.141.122 - - [02/Aug/2019:14:35:02 -0300] "GET /cormun/servlet/solicitudot?87553c21b405a542af76dccba6272fa0e403de847e2e61c47d3e9bd9341d9d8bd68ce08b4a7f2f7bfb82c54c468f322c8b310ba1e1f0692d1ea43801e919578f8321288633d8fbf0c9916df585a309f3982c69faddb04194e92ade1ae1245fca43eea5e69e8a88c50c23bc43b850c1cc,gx-no-cache=1564766995326 HTTP/1.1" 200 110
190.171.141.122 - - [02/Aug/2019:14:35:02 -0300] "POST /cormun/servlet/solicitudot?gx-no-cache=1564766995363 HTTP/1.1" 200 64
190.171.141.122 - - [02/Aug/2019:14:35:02 -0300] "GET /cormun/servlet/solicitudot?87553c21b405a542af76dccba6272fa04926cf05b10031dcb3385308fd9346ad19379de1b7757bb813452f1efdab7c6049885b847011926bb51ecb1b7c40c4dce6013ca3a51788288e2bec6606e76054e107d056d29881c4ef520851b18d91ac46175b0760af6464283943d84c578f53,gx-no-cache=1564766995403 HTTP/1.1" 200 29
190.171.141.122 - - [02/Aug/2019:14:35:03 -0300] "GET /cormun/servlet/solicitudot?87553c21b405a542af76dccba6272fa04504f2c558b9ec5141a52591c7ff224502dc5bbc120df351e8d6e41e99cb04b6,gx-no-cache=1564766995437 HTTP/1.1" 200 134
190.171.141.122 - - [02/Aug/2019:14:35:07 -0300] "GET /cormun/servlet/prfichaempleado?,MD,,gxPopupLevel%3D0%3B HTTP/1.1" 200 9433
190.171.141.122 - - [02/Aug/2019:14:35:17 -0300] "POST /cormun/servlet/solicitudot?gx-no-cache=1564767010122 HTTP/1.1" 200 1363
190.171.141.122 - - [02/Aug/2019:14:35:20 -0300] "GET /cormun/servlet/prlicenciaspermisos?17476778,L,,MD,,gxPopupLevel%3D0%3B HTTP/1.1" 200 5706
190.171.141.122 - - [02/Aug/2019:14:35:25 -0300] "POST /cormun/servlet/solicitudot?gx-no-cache=1564767017797 HTTP/1.1" 200 41
190.171.141.122 - - [02/Aug/2019:14:35:40 -0300] "GET /cormun/servlet/solicitudot?87553c21b405a542af76dccba6272fa0e403de847e2e61c47d3e9bd9341d9d8bd68ce08b4a7f2f7bfb82c54c468f322c8b310ba1e1f0692d1ea43801e919578f8321288633d8fbf0c9916df585a309f3982c69faddb04194e92ade1ae1245fca43eea5e69e8a88c50c23bc43b850c1cc,gx-no-cache=1564767033293 HTTP/1.1" 200 110
190.171.141.122 - - [02/Aug/2019:14:35:40 -0300] "POST /cormun/servlet/solicitudot?gx-no-cache=1564767033344 HTTP/1.1" 200 72
190.171.141.122 - - [02/Aug/2019:14:36:46 -0300] "GET /cormun/static/menuarrow.gif HTTP/1.1" 404 1015
190.171.141.122 - - [02/Aug/2019:14:36:54 -0300] "GET /cormun/servlet/solicitudot?87553c21b405a542af76dccba6272fa0dca7d0e4492d9e02454cf796f93991d1dc44e2ad01f0913b5d8cae0d803f8e70,gx-no-cache=1564767107236 HTTP/1.1" 200 30
190.171.141.122 - - [02/Aug/2019:14:37:04 -0300] "POST /cormun/servlet/solicitudot?gx-no-cache=1564767116458 HTTP/1.1" 200 32
190.171.141.122 - - [02/Aug/2019:14:37:43 -0300] "POST /cormun/servlet/solicitudot?c3b822ba229b857129322f8a256524e1,INS,0,0,,gx-no-cache=1564767155418 HTTP/1.1" 200 93
190.171.141.122 - - [02/Aug/2019:14:37:43 -0300] "GET /cormun/servlet/hpexe_return? HTTP/1.1" 200 1007
190.171.141.122 - - [02/Aug/2019:14:37:43 -0300] "GET /cormun/servlet/trsolicitudot? HTTP/1.1" 200 9574
190.171.141.122 - - [02/Aug/2019:14:37:44 -0300] "GET /cormun/servlet/trsolicitudot? HTTP/1.1" 200 9572
190.171.141.122 - - [02/Aug/2019:14:38:52 -0300] "POST /cormun/servlet/trsolicitudot?c3b822ba229b857129322f8a256524e1,,gx-no-cache=1564767225060 HTTP/1.1" 200 106
190.171.141.122 - - [02/Aug/2019:14:38:53 -0300] "GET /cormun/servlet/solicitudot?UPD,2019,15871, HTTP/1.1" 200 15858
190.171.141.122 - - [02/Aug/2019:14:38:53 -0300] "GET /cormun/servlet/solicitudot?UPD,2019,15871, HTTP/1.1" 200 15867
190.171.141.122 - - [02/Aug/2019:14:38:54 -0300] "POST /cormun/servlet/solicitudot?gx-no-cache=1564767226550 HTTP/1.1" 200 3532
190.171.141.122 - - [02/Aug/2019:14:38:54 -0300] "POST /cormun/servlet/solicitudot?c3b822ba229b857129322f8a256524e1,UPD,2019,15871,,gx-no-cache=1564767226742 HTTP/1.1" 200 12084
190.171.141.122 - - [02/Aug/2019:14:38:54 -0300] "GET /cormun/servlet/solicitudot?87553c21b405a542af76dccba6272fa0bab4f211faa7d7cd9022d8ca12b492507fc077f47da63b28e0bf11cdc66bf585,gx-no-cache=1564767227012 HTTP/1.1" 200 30
190.171.141.122 - - [02/Aug/2019:14:38:54 -0300] "GET /cormun/servlet/solicitudot?87553c21b405a542af76dccba6272fa099b174c23ea4540db08ea37342a3cd4338d4b631d6f74dd1ac4161bc7786a7a5b15544ec4931ba949f879ba0e65f06f8,gx-no-cache=1564767227048 HTTP/1.1" 200 30
190.171.141.122 - - [02/Aug/2019:14:38:54 -0300] "GET /cormun/servlet/solicitudot?87553c21b405a542af76dccba6272fa007fdc370915c14999260075cf1d6276f,gx-no-cache=1564767227076 HTTP/1.1" 200 29
190.171.141.122 - - [02/Aug/2019:14:38:54 -0300] "POST /cormun/servlet/solicitudot?gx-no-cache=1564767227110 HTTP/1.1" 200 256
190.171.141.122 - - [02/Aug/2019:14:38:54 -0300] "GET /cormun/servlet/solicitudot?87553c21b405a542af76dccba6272fa02f0048e4a0bf545b71f451da3083c48e97ca230f36a0fdbd0cab19c99454a8a05dd43981c68df6e828ddf21714a8dbafa995b79aabb11a192e67cdfbd648d842567c7b5348223dbff0012d2424ab9cfee970b46871e11f008125fdca08046bd12f4b49eedd987c34b53fc4d9ab8f569d9801955947f37381f1f5d33ff99185ae03de83cca6416e7e02a7e9446b9ebf89efd82312e11ddb3ba391973a535e1443f09802cf8aa929f77fec056867d434731c2e708152d2c9220a29845776f328f4076b4655fb7f00217405b7d5e444d302512e365353db8c0dbf4352f0a2217c366728ecca15f327b73c871b1928312ed73ebf51a625a89b2272228e7a8405aeb23edcaeaff6297f9b509163bca3e8147e06fe7e1a40fde891e7fd92e762a8f4daac67bed1117a4ab938ee9ba9a447b11518dd73e5df5a2bcf0e02898c7e7f88b0d0223dbd418e9fa62597c957b79026e742a636901ce812ec24f452e8c89a75ee298fe41f7237e3ae834bb58240cdef2f,gx-no-cache=1564767227165 HTTP/1.1" 200 30
190.171.141.122 - - [02/Aug/2019:14:38:54 -0300] "POST /cormun/servlet/solicitudot?gx-no-cache=1564767227197 HTTP/1.1" 200 30
190.171.141.122 - - [02/Aug/2019:14:38:54 -0300] "POST /cormun/servlet/solicitudot?gx-no-cache=1564767227248 HTTP/1.1" 200 1362
190.171.141.122 - - [02/Aug/2019:14:38:54 -0300] "POST /cormun/servlet/solicitudot?gx-no-cache=1564767227370 HTTP/1.1" 200 41
190.171.141.122 - - [02/Aug/2019:14:39:04 -0300] "GET /cormun/servlet/solicitudot?87553c21b405a542af76dccba6272fa0e403de847e2e61c47d3e9bd9341d9d8bd68ce08b4a7f2f7bfb82c54c468f322c8b310ba1e1f0692d1ea43801e919578f8321288633d8fbf0c9916df585a309f3982c69faddb04194e92ade1ae1245fca43eea5e69e8a88c50c23bc43b850c1cc,gx-no-cache=1564767236578 HTTP/1.1" 200 110
190.171.141.122 - - [02/Aug/2019:14:39:10 -0300] "POST /cormun/servlet/solicitudot?gx-no-cache=1564767242574 HTTP/1.1" 200 67
190.171.141.122 - - [02/Aug/2019:14:39:15 -0300] "GET /cormun/servlet/solicitudot?87553c21b405a542af76dccba6272fa00323a8e19ff39c70a890c6a725b830c42dddcb538d1c63e71e2c7055415b9a754d0fb91c26e1cad15ab59ba901d44912410a2bdc13e28a495e5b1781b859e9d0b745afaad551a9ffa4dc51043ad8734d227b0caccd115ae6c1c5bac469994e623cc7073a032975a50040062bd9631ba1d26a0e0c6f15bda81bbb37c5091ac6a119156b0d3bb2ff7ac23ae1c8dc33c9cb,gx-no-cache=1564767247425 HTTP/1.1" 200 29
190.171.141.122 - - [02/Aug/2019:14:39:15 -0300] "GET /cormun/servlet/solicitudot?87553c21b405a542af76dccba6272fa0dca7d0e4492d9e02454cf796f93991d1dc44e2ad01f0913b5d8cae0d803f8e70,gx-no-cache=1564767247454 HTTP/1.1" 200 30
190.171.141.122 - - [02/Aug/2019:14:39:15 -0300] "POST /cormun/servlet/solicitudot?gx-no-cache=1564767247484 HTTP/1.1" 200 32
190.171.141.122 - - [02/Aug/2019:14:39:15 -0300] "POST /cormun/servlet/solicitudot?c3b822ba229b857129322f8a256524e1,UPD,2019,15871,,gx-no-cache=1564767247561 HTTP/1.1" 200 93
190.171.141.122 - - [02/Aug/2019:14:39:15 -0300] "GET /cormun/servlet/hpexe_return? HTTP/1.1" 200 1013
190.171.141.122 - - [02/Aug/2019:14:39:15 -0300] "GET /cormun/servlet/trsolicitudot HTTP/1.1" 200 9561
190.171.141.122 - - [02/Aug/2019:14:39:16 -0300] "GET /cormun/servlet/trsolicitudot HTTP/1.1" 200 9557
190.171.141.122 - - [02/Aug/2019:14:39:33 -0300] "POST /cormun/servlet/trsolicitudot?c3b822ba229b857129322f8a256524e1,gx-no-cache=1564767265761 HTTP/1.1" 200 106
190.171.141.122 - - [02/Aug/2019:14:39:33 -0300] "GET /cormun/servlet/solicitudot?UPD,2019,15872, HTTP/1.1" 200 15855
190.171.141.122 - - [02/Aug/2019:14:39:34 -0300] "GET /cormun/servlet/solicitudot?UPD,2019,15872, HTTP/1.1" 200 15865
190.171.141.122 - - [02/Aug/2019:14:39:34 -0300] "POST /cormun/servlet/solicitudot?gx-no-cache=1564767267034 HTTP/1.1" 200 3532
190.171.141.122 - - [02/Aug/2019:14:39:34 -0300] "POST /cormun/servlet/solicitudot?c3b822ba229b857129322f8a256524e1,UPD,2019,15872,,gx-no-cache=1564767267202 HTTP/1.1" 200 12080
190.171.141.122 - - [02/Aug/2019:14:39:35 -0300] "GET /cormun/servlet/solicitudot?87553c21b405a542af76dccba6272fa0bab4f211faa7d7cd9022d8ca12b492507fc077f47da63b28e0bf11cdc66bf585,gx-no-cache=1564767267452 HTTP/1.1" 200 30
190.171.141.122 - - [02/Aug/2019:14:39:35 -0300] "GET /cormun/servlet/solicitudot?87553c21b405a542af76dccba6272fa099b174c23ea4540db08ea37342a3cd4338d4b631d6f74dd1ac4161bc7786a7a5b15544ec4931ba949f879ba0e65f06f8,gx-no-cache=1564767267486 HTTP/1.1" 200 30
190.171.141.122 - - [02/Aug/2019:14:39:35 -0300] "GET /cormun/servlet/solicitudot?87553c21b405a542af76dccba6272fa007fdc370915c14999260075cf1d6276f,gx-no-cache=1564767267513 HTTP/1.1" 200 29
190.171.141.122 - - [02/Aug/2019:14:39:35 -0300] "POST /cormun/servlet/solicitudot?gx-no-cache=1564767267543 HTTP/1.1" 200 256
190.171.141.122 - - [02/Aug/2019:14:39:35 -0300] "GET /cormun/servlet/solicitudot?87553c21b405a542af76dccba6272fa02f0048e4a0bf545b71f451da3083c48e97ca230f36a0fdbd0cab19c99454a8a05dd43981c68df6e828ddf21714a8dbafa995b79aabb11a192e67cdfbd648d842567c7b5348223dbff0012d2424ab9cfee970b46871e11f008125fdca08046bd12f4b49eedd987c34b53fc4d9ab8f569d9801955947f37381f1f5d33ff99185ae03de83cca6416e7e02a7e9446b9ebf89efd82312e11ddb3ba391973a535e1443f09802cf8aa929f77fec056867d434731c2e708152d2c9220a29845776f328f4076b4655fb7f00217405b7d5e444d302512e365353db8c0dbf4352f0a2217c366728ecca15f327b73c871b1928312ed73ebf51a625a89b2272228e7a8405aeb23edcaeaff6297f9b509163bca3e8147e06fe7e1a40fde891e7fd92e762a8f4daac67bed1117a4ab938ee9ba9a447b11518dd73e5df5a2bcf0e02898c7e7f88b0d0223dbd418e9fa62597c957b79026e742a636901ce812ec24f452e8c89a75ee298fe41f7237e3ae834bb58240cdef2f,gx-no-cache=1564767267591 HTTP/1.1" 200 30
190.171.141.122 - - [02/Aug/2019:14:39:35 -0300] "POST /cormun/servlet/solicitudot?gx-no-cache=1564767267623 HTTP/1.1" 200 30
190.171.141.122 - - [02/Aug/2019:14:39:35 -0300] "POST /cormun/servlet/solicitudot?gx-no-cache=1564767267659 HTTP/1.1" 200 1362
190.171.141.122 - - [02/Aug/2019:14:39:35 -0300] "POST /cormun/servlet/solicitudot?gx-no-cache=1564767267757 HTTP/1.1" 200 41
190.171.141.122 - - [02/Aug/2019:14:39:35 -0300] "GET /cormun/servlet/solicitudot?87553c21b405a542af76dccba6272fa0e403de847e2e61c47d3e9bd9341d9d8bd68ce08b4a7f2f7bfb82c54c468f322c8b310ba1e1f0692d1ea43801e919578f8321288633d8fbf0c9916df585a309f3982c69faddb04194e92ade1ae1245fca43eea5e69e8a88c50c23bc43b850c1cc,gx-no-cache=1564767267815 HTTP/1.1" 200 110
190.171.141.122 - - [02/Aug/2019:14:39:37 -0300] "POST /cormun/servlet/solicitudot?gx-no-cache=1564767269446 HTTP/1.1" 200 67
190.171.141.122 - - [02/Aug/2019:14:39:39 -0300] "GET /cormun/servlet/solicitudot?87553c21b405a542af76dccba6272fa00323a8e19ff39c70a890c6a725b830c42dddcb538d1c63e71e2c7055415b9a754d0fb91c26e1cad15ab59ba901d44912410a2bdc13e28a495e5b1781b859e9d0b745afaad551a9ffa4dc51043ad8734d227b0caccd115ae6c1c5bac469994e623cc7073a032975a50040062bd9631ba1d26a0e0c6f15bda81bbb37c5091ac6a119156b0d3bb2ff7ac23ae1c8dc33c9cb,gx-no-cache=1564767272127 HTTP/1.1" 200 29
190.171.141.122 - - [02/Aug/2019:14:39:39 -0300] "GET /cormun/servlet/solicitudot?87553c21b405a542af76dccba6272fa0dca7d0e4492d9e02454cf796f93991d1dc44e2ad01f0913b5d8cae0d803f8e70,gx-no-cache=1564767272152 HTTP/1.1" 200 30
190.171.141.122 - - [02/Aug/2019:14:39:39 -0300] "POST /cormun/servlet/solicitudot?gx-no-cache=1564767272188 HTTP/1.1" 200 32
190.171.141.122 - - [02/Aug/2019:14:39:40 -0300] "POST /cormun/servlet/solicitudot?c3b822ba229b857129322f8a256524e1,UPD,2019,15872,,gx-no-cache=1564767272266 HTTP/1.1" 200 93
190.171.141.122 - - [02/Aug/2019:14:39:40 -0300] "GET /cormun/servlet/hpexe_return? HTTP/1.1" 200 1013
190.171.141.122 - - [02/Aug/2019:14:39:40 -0300] "GET /cormun/servlet/trsolicitudot HTTP/1.1" 200 9564
190.171.141.122 - - [02/Aug/2019:14:39:40 -0300] "GET /cormun/servlet/trsolicitudot HTTP/1.1" 200 9562
190.171.141.122 - - [02/Aug/2019:14:39:50 -0300] "POST /cormun/servlet/trsolicitudot?c3b822ba229b857129322f8a256524e1,gx-no-cache=1564767283295 HTTP/1.1" 200 106
190.171.141.122 - - [02/Aug/2019:14:39:51 -0300] "GET /cormun/servlet/solicitudot?UPD,2019,15870, HTTP/1.1" 200 15851
190.171.141.122 - - [02/Aug/2019:14:39:51 -0300] "GET /cormun/servlet/solicitudot?UPD,2019,15870, HTTP/1.1" 200 15860
190.171.141.122 - - [02/Aug/2019:14:39:52 -0300] "POST /cormun/servlet/solicitudot?gx-no-cache=1564767284552 HTTP/1.1" 200 3532
190.171.141.122 - - [02/Aug/2019:14:39:52 -0300] "POST /cormun/servlet/solicitudot?c3b822ba229b857129322f8a256524e1,UPD,2019,15870,,gx-no-cache=1564767284733 HTTP/1.1" 200 12082
190.171.141.122 - - [02/Aug/2019:14:39:52 -0300] "GET /cormun/servlet/solicitudot?87553c21b405a542af76dccba6272fa0bab4f211faa7d7cd9022d8ca12b492507fc077f47da63b28e0bf11cdc66bf585,gx-no-cache=1564767284969 HTTP/1.1" 200 30
190.171.141.122 - - [02/Aug/2019:14:39:52 -0300] "GET /cormun/servlet/solicitudot?87553c21b405a542af76dccba6272fa099b174c23ea4540db08ea37342a3cd4338d4b631d6f74dd1ac4161bc7786a7a5b15544ec4931ba949f879ba0e65f06f8,gx-no-cache=1564767285012 HTTP/1.1" 200 30
190.171.141.122 - - [02/Aug/2019:14:39:52 -0300] "GET /cormun/servlet/solicitudot?87553c21b405a542af76dccba6272fa007fdc370915c14999260075cf1d6276f,gx-no-cache=1564767285039 HTTP/1.1" 200 29
190.171.141.122 - - [02/Aug/2019:14:39:52 -0300] "POST /cormun/servlet/solicitudot?gx-no-cache=1564767285068 HTTP/1.1" 200 256
