190.171.141.138 - - [14/Jun/2019:11:10:08 -0300] "GET /cormun/servlet/licenciaspermisos?INS,0,,, HTTP/1.1" 200 7996
190.171.141.138 - - [14/Jun/2019:11:10:08 -0300] "GET /cormun/servlet/licenciaspermisos?INS,0,,, HTTP/1.1" 200 8004
192.168.10.94 - - [14/Jun/2019:11:10:09 -0300] "POST /digitalizacion/servlet/trdocumentos?gx-no-cache=1560520850020 HTTP/1.1" 200 237
190.171.141.138 - - [14/Jun/2019:11:10:13 -0300] "GET /cormun/servlet/licenciaspermisos?be728985c04fb5674b46e67b7feb591282d69d2c667740a1a19c73c713fa42d23794468ea5e90f40dacf7de949066040,gx-no-cache=1560521181702 HTTP/1.1" 200 91
190.171.141.138 - - [14/Jun/2019:11:10:13 -0300] "POST /cormun/servlet/licenciaspermisos?bd64160801bc446d3934fa160c64ab52,INS,0,,,,gx-no-cache=1560521181822 HTTP/1.1" 200 4957
192.168.10.96 - - [14/Jun/2019:11:10:24 -0300] "GET /cormun/PublicTempStorage/afp_banda5111373.pdf HTTP/1.1" 200 266613
192.168.10.94 - - [14/Jun/2019:11:10:24 -0300] "POST /digitalizacion/servlet/trdocumentos?1d482a07973365a8c59ba48e033ac892,,gx-no-cache=1560520862544 HTTP/1.1" 200 3654
190.171.141.138 - - [14/Jun/2019:11:10:24 -0300] "GET /cormun/static/menuarrow.gif HTTP/1.1" 404 1015
192.168.10.94 - - [14/Jun/2019:11:10:28 -0300] "GET /digitalizacion/servlet/wbadjunto?6635,PU HTTP/1.1" 302 -
192.168.10.94 - - [14/Jun/2019:11:10:28 -0300] "GET /digitalizacion/PublicTempStorage/1157918.tmp HTTP/1.1" 200 1079984
192.168.10.96 - - [14/Jun/2019:11:10:35 -0300] "GET /cormun/PublicTempStorage/fonasa_banda6722028.pdf HTTP/1.1" 200 456451
192.168.10.94 - - [14/Jun/2019:11:10:41 -0300] "GET /digitalizacion/servlet/wbadjunto?6636,PU HTTP/1.1" 302 -
192.168.10.94 - - [14/Jun/2019:11:10:41 -0300] "GET /digitalizacion/PublicTempStorage/7265286.tmp HTTP/1.1" 200 867415
192.168.10.96 - - [14/Jun/2019:11:10:42 -0300] "GET /cormun/PublicTempStorage/ant._banda9281513.pdf HTTP/1.1" 200 697370
192.168.10.96 - - [14/Jun/2019:11:10:57 -0300] "GET /cormun/PublicTempStorage/cv_banda4074333.pdf HTTP/1.1" 200 504686
192.168.10.96 - - [14/Jun/2019:11:11:10 -0300] "GET /cormun/PublicTempStorage/titulo_banda8772056.pdf HTTP/1.1" 200 710465
190.171.141.138 - - [14/Jun/2019:11:11:27 -0300] "GET /cormun/servlet/licenciaspermisos?be728985c04fb5674b46e67b7feb59121582953f32774d706222233ce9510801f25f63a15cf8bc84c4190b75539b1bd4cea9f8befc62772d7e86ee35e94c2035ebf8e2991ace5466890623e751167cff49dd781b8f48a5428cc15428a528665f5f0132ed8fd465025d897663f86ae14e4614ecbbeee454312054d0944d07d3797649eac955adf3d8e43d6b13f9daf67961d7805ee5979ec79beebbda9f5d3421cdc9b9f3b94773576e9af7b0e73f4b9a,gx-no-cache=1560521256040 HTTP/1.1" 200 30
190.171.141.138 - - [14/Jun/2019:11:11:28 -0300] "POST /cormun/servlet/licenciaspermisos?bd64160801bc446d3934fa160c64ab52,INS,0,,,,gx-no-cache=1560521256146 HTTP/1.1" 200 5048
190.171.141.138 - - [14/Jun/2019:11:11:42 -0300] "GET /cormun/servlet/licenciaspermisos?be728985c04fb5674b46e67b7feb59121a6e9affe32742783197817cf8af1dbcbe21972610698738f4b4ce665c2a4749464b04cd4e21729c4b71e07f2e626e410bec598c447285eba9eebca1b548147bd40e0a449016434f87a9f97821c9c3caae67b717dc13994c33fd572a90150b79e295fc638c9425226a49ec2cc8c338aa9293ccf094511c4e814731eaa0a1b20fd330daeffa355fa0d6f2a9ce5eb22b779ccf1e7ea1c48b453bca440f6f4897ffa9c976ecdf1322acbbd9b919d111a0eda660c545076c1bc96f4d4e24bd156838b1bbbeacf6747a9067403980f6448655f2d2aeb7f688d0468279584a73f34a6d,gx-no-cache=1560521270831 HTTP/1.1" 200 63
190.171.141.138 - - [14/Jun/2019:11:11:43 -0300] "POST /cormun/servlet/licenciaspermisos?bd64160801bc446d3934fa160c64ab52,INS,0,,,,gx-no-cache=1560521270923 HTTP/1.1" 200 93
190.171.141.138 - - [14/Jun/2019:11:11:43 -0300] "GET /cormun/servlet/hpexe_return? HTTP/1.1" 200 1016
190.171.141.138 - - [14/Jun/2019:11:11:43 -0300] "GET /cormun/servlet/trlicencias HTTP/1.1" 200 13714
190.171.141.138 - - [14/Jun/2019:11:11:44 -0300] "GET /cormun/servlet/trlicencias HTTP/1.1" 200 13710
190.171.141.138 - - [14/Jun/2019:11:11:48 -0300] "GET /cormun/servlet/alicenciaprn?16491258,L,20190614000000,PU HTTP/1.1" 200 1597
200.112.233.47 - - [14/Jun/2019:11:12:14 -0300] "GET /cormun/servlet/trsolicitudot? HTTP/1.1" 200 6409
200.112.233.47 - - [14/Jun/2019:11:12:14 -0300] "GET /cormun/servlet/hlogin HTTP/1.1" 200 1730
200.112.233.47 - - [14/Jun/2019:11:12:15 -0300] "GET /cormun/servlet/trsolicitudot? HTTP/1.1" 200 6409
200.112.233.47 - - [14/Jun/2019:11:12:24 -0300] "POST /cormun/servlet/hlogin?e9d8d03453016455e121642a2114bfa0,gx-no-cache=1560521312536 HTTP/1.1" 200 90
200.112.233.47 - - [14/Jun/2019:11:12:24 -0300] "GET /cormun/servlet/hpexe_link HTTP/1.1" 200 947
200.112.233.47 - - [14/Jun/2019:11:12:24 -0300] "GET /cormun/servlet/trsolicitudot HTTP/1.1" 200 7380
200.112.233.47 - - [14/Jun/2019:11:12:24 -0300] "GET /cormun/servlet/trsolicitudot HTTP/1.1" 200 7379
200.112.233.47 - - [14/Jun/2019:11:12:27 -0300] "GET /cormun/servlet/trsolicitudot? HTTP/1.1" 200 7379
200.112.233.47 - - [14/Jun/2019:11:12:27 -0300] "GET /cormun/servlet/trsolicitudot? HTTP/1.1" 200 7379
200.112.233.47 - - [14/Jun/2019:11:12:38 -0300] "GET /cormun/servlet/solicitudot?INS,0,0, HTTP/1.1" 200 15359
200.112.233.47 - - [14/Jun/2019:11:12:38 -0300] "GET /cormun/static/gxcfg.js?20189101114418 HTTP/1.1" 200 953
200.112.233.47 - - [14/Jun/2019:11:12:38 -0300] "GET /cormun/static/Resources/prompt.gif HTTP/1.1" 200 902
200.112.233.47 - - [14/Jun/2019:11:12:38 -0300] "GET /cormun/static/solicitudot.js?20189101114718 HTTP/1.1" 200 71883
200.112.233.47 - - [14/Jun/2019:11:12:39 -0300] "GET /cormun/servlet/solicitudot?INS,0,0, HTTP/1.1" 200 15365
200.112.233.47 - - [14/Jun/2019:11:13:21 -0300] "POST /cormun/servlet/solicitudot?gx-no-cache=1560521369877 HTTP/1.1" 200 3467
200.112.233.47 - - [14/Jun/2019:11:13:22 -0300] "POST /cormun/servlet/solicitudot?e9d8d03453016455e121642a2114bfa0,INS,0,0,,gx-no-cache=1560521370104 HTTP/1.1" 200 11926
200.112.233.47 - - [14/Jun/2019:11:13:29 -0300] "GET /cormun/servlet/solicitudot?e66ab25af29831f69a7ff9b7bcd0314f463d3c63d49ff9edd13ed7bfd7b197abaf06957179a526190a52ffae3f8aeb95,gx-no-cache=1560521377479 HTTP/1.1" 200 30
207.46.13.90 - - [14/Jun/2019:11:15:31 -0300] "GET /cormun/servlet/hlogin HTTP/1.1" 200 1710
190.171.142.42 - - [14/Jun/2019:11:15:49 -0300] "GET /cormun/servlet/hpexe_return? HTTP/1.1" 200 989
190.171.142.42 - - [14/Jun/2019:11:15:50 -0300] "GET /cormun/servlet/hhome HTTP/1.1" 200 3439
190.171.142.42 - - [14/Jun/2019:11:15:50 -0300] "GET /cormun/servlet/hhome HTTP/1.1" 200 3435
190.171.142.42 - - [14/Jun/2019:11:15:50 -0300] "GET /cormun/servlet/hlogin HTTP/1.1" 200 1740
190.171.142.42 - - [14/Jun/2019:11:15:59 -0300] "POST /cormun/servlet/hlogin?17e20d3af999d95d91f591518581cfb0,gx-no-cache=1560521536015 HTTP/1.1" 200 90
190.171.142.42 - - [14/Jun/2019:11:15:59 -0300] "GET /cormun/servlet/hpexe_link HTTP/1.1" 200 957
190.171.142.42 - - [14/Jun/2019:11:15:59 -0300] "GET /cormun/servlet/hhome HTTP/1.1" 200 4313
190.171.142.42 - - [14/Jun/2019:11:16:00 -0300] "GET /cormun/servlet/hhome HTTP/1.1" 200 4309
200.112.233.47 - - [14/Jun/2019:11:16:03 -0300] "GET /cormun/servlet/solicitudot?e66ab25af29831f69a7ff9b7bcd0314f1079d8da40743a560917747147fa6f207f06a3edb26118838bbc569f41c16309ba1df18d4d9e13790de99d52661c97ee,gx-no-cache=1560521531173 HTTP/1.1" 200 30
190.171.142.42 - - [14/Jun/2019:11:16:03 -0300] "GET /cormun/servlet/trpermisosgoce? HTTP/1.1" 200 8901
190.171.142.42 - - [14/Jun/2019:11:16:04 -0300] "GET /cormun/servlet/trpermisosgoce? HTTP/1.1" 200 8899
200.112.233.47 - - [14/Jun/2019:11:16:06 -0300] "POST /cormun/servlet/solicitudot?e9d8d03453016455e121642a2114bfa0,INS,0,0,,gx-no-cache=1560521533305 HTTP/1.1" 200 12113
200.112.233.47 - - [14/Jun/2019:11:16:06 -0300] "GET /cormun/static/Shared/jqueryui/images/ui-bg_highlight-soft_100_c6c2c8_1x100.png HTTP/1.1" 404 1117
200.112.233.47 - - [14/Jun/2019:11:16:06 -0300] "GET /cormun/static/Shared/jqueryui/images/ui-icons_82798d_256x240.png HTTP/1.1" 404 1089
200.112.233.47 - - [14/Jun/2019:11:16:06 -0300] "GET /cormun/static/Shared/jqueryui/images/ui-icons_8d78a5_256x240.png HTTP/1.1" 404 1089
200.112.233.47 - - [14/Jun/2019:11:16:07 -0300] "GET /cormun/static/Shared/jqueryui/images/ui-bg_flat_55_fafafa_40x100.png HTTP/1.1" 404 1097
200.112.233.47 - - [14/Jun/2019:11:16:08 -0300] "GET /cormun/servlet/solicitudot?e66ab25af29831f69a7ff9b7bcd0314fdc74815e8192803c8b83c1ca0f7aaaa3,gx-no-cache=1560521536655 HTTP/1.1" 200 53
190.171.142.42 - - [14/Jun/2019:11:16:09 -0300] "GET /cormun/servlet/permisogoce?INS,0,,, HTTP/1.1" 200 7180
200.112.233.47 - - [14/Jun/2019:11:16:10 -0300] "POST /cormun/servlet/solicitudot?gx-no-cache=1560521538205 HTTP/1.1" 200 255
190.171.142.42 - - [14/Jun/2019:11:16:10 -0300] "GET /cormun/servlet/permisogoce?INS,0,,, HTTP/1.1" 200 7180
200.112.233.47 - - [14/Jun/2019:11:16:11 -0300] "GET /cormun/servlet/solicitudot?e66ab25af29831f69a7ff9b7bcd0314f654d1082071ea0907596aad8aae9ba3e511fbb13f5621230879dda71d91c04f13115f20fadaf723badc9678a94453d28a5ea3f27b521894ede85ffd02a5254f349e8d00221048f2c0967cca8e60a402d6549948e68f8e1552661efd31314c578a4f9415ef6c7dc2611cc51559375490b6ede238a565a031e7461781f66722b38237457eddb29f23d46f5855c90246846cf7ffd0cf97a06cf4d7b16436cbe2dd9613c4907ef1e9e446f8f5b6d9c6578a154e5fa7b799c52bb4b57a82f7cfb639279be25ec14e8fdfb8a415609d25be15c0a140b050d89eb50f1fce6818e572e1a3d9fd7e9329a7e29787aa9c521485d73fd396d4e1d364b2e96b914b1a4d75e5654613add3bb0ee42f6b538963151cc0f53552ca9f3dcaa071102c44364149117f793036c88ea5560adc547ebbadcc0cdae12e9068cc63f68ae8e5dbfbc69ae876f775552d16cff1d5bc11d48ea5184903c1873379646d59ae99c5eb0131455466513da991622f8afe76db29c379b9bc5,gx-no-cache=1560521539993 HTTP/1.1" 200 30
190.171.142.42 - - [14/Jun/2019:11:16:19 -0300] "GET /cormun/servlet/prfichaempleado?,MD,,gxPopupLevel%3D0%3B HTTP/1.1" 200 9418
190.171.142.42 - - [14/Jun/2019:11:16:36 -0300] "POST /cormun/servlet/prfichaempleado?17e20d3af999d95d91f591518581cfb0,,MD,,gxPopupLevel%3D0%3B,gx-no-cache=1560521572259 HTTP/1.1" 200 3424
190.171.142.42 - - [14/Jun/2019:11:16:41 -0300] "GET /cormun/servlet/permisogoce?40e0ecadb187bb4ba9045479c92db091443b251b1a23d3d17dc9fb98225e01d13a59d8d5bd3576b2fa32f868c027cdd81ce65a114c863611be07e9233e8418f7,gx-no-cache=1560521577676 HTTP/1.1" 200 78
200.112.233.47 - - [14/Jun/2019:11:16:43 -0300] "POST /cormun/servlet/solicitudot?gx-no-cache=1560521571780 HTTP/1.1" 200 240
200.112.233.47 - - [14/Jun/2019:11:16:44 -0300] "GET /cormun/servlet/solicitudot?e66ab25af29831f69a7ff9b7bcd0314f654d1082071ea0907596aad8aae9ba3e93e248aaeaf73da1d896b61307c042ae3115f20fadaf723badc9678a94453d28a5ea3f27b521894ede85ffd02a5254f349e8d00221048f2c0967cca8e60a402d6549948e68f8e1552661efd31314c578a4f9415ef6c7dc2611cc51559375490b6ede238a565a031e7461781f66722b38237457eddb29f23d46f5855c90246846cf7ffd0cf97a06cf4d7b16436cbe2dd9613c4907ef1e9e446f8f5b6d9c6578a154e5fa7b799c52bb4b57a82f7cfb639279be25ec14e8fdfb8a415609d25be15c0a140b050d89eb50f1fce6818e572e1a3d9fd7e9329a7e29787aa9c521485d73fd396d4e1d364b2e96b914b1a4d75e56675274ca1f61cc36a7ce2e22ffe5c948c705723789760ac30d31159662e8b00cd5915e8f4a79409a90a0a564d0af642d20ec08792700a60329dbf25d6ed9005d42addbab2cb645270d503d81032ea442299d3e9c330c94955cff9617878919c0e6945ab9464745d271ba32f68776c888,gx-no-cache=1560521572658 HTTP/1.1" 200 30
190.171.142.42 - - [14/Jun/2019:11:16:48 -0300] "GET /cormun/static/menuarrow.gif HTTP/1.1" 404 1015
200.112.233.47 - - [14/Jun/2019:11:16:50 -0300] "POST /cormun/servlet/solicitudot?gx-no-cache=1560521578272 HTTP/1.1" 200 30
190.171.142.42 - - [14/Jun/2019:11:16:55 -0300] "GET /cormun/servlet/permisogoce?40e0ecadb187bb4ba9045479c92db091be9e7a82286953c8be57e40b7eecd2f3ee88267fde8b81bdfbca4eeb3e3ab4f8b23b410f27cc68af1c5a1f370a696355,gx-no-cache=1560521591998 HTTP/1.1" 200 47
200.112.233.47 - - [14/Jun/2019:11:17:00 -0300] "GET /cormun/servlet/hlogin HTTP/1.1" 200 1719
200.112.233.47 - - [14/Jun/2019:11:17:05 -0300] "GET /cormun/servlet/hlogin HTTP/1.1" 200 1719
190.171.142.42 - - [14/Jun/2019:11:17:06 -0300] "POST /cormun/servlet/permisogoce?17e20d3af999d95d91f591518581cfb0,INS,0,,,,gx-no-cache=1560521602377 HTTP/1.1" 200 93
190.171.142.42 - - [14/Jun/2019:11:17:06 -0300] "GET /cormun/servlet/hpexe_return? HTTP/1.1" 200 1015
190.171.142.42 - - [14/Jun/2019:11:17:07 -0300] "GET /cormun/servlet/trpermisosgoce HTTP/1.1" 200 9152
190.171.142.42 - - [14/Jun/2019:11:17:07 -0300] "GET /cormun/servlet/trpermisosgoce HTTP/1.1" 200 9148
190.171.142.42 - - [14/Jun/2019:11:17:11 -0300] "GET /cormun/servlet/trpermisosadjuntos?17135367,20190614100650,P, HTTP/1.1" 200 6623
190.171.142.42 - - [14/Jun/2019:11:17:12 -0300] "GET /cormun/servlet/trpermisosadjuntos?17135367,20190614100650,P, HTTP/1.1" 200 6623
200.112.233.47 - - [14/Jun/2019:11:17:13 -0300] "POST /cormun/servlet/hlogin?e9d8d03453016455e121642a2114bfa0,gx-no-cache=1560521601622 HTTP/1.1" 200 90
200.112.233.47 - - [14/Jun/2019:11:17:13 -0300] "GET /cormun/servlet/hpexe_link HTTP/1.1" 200 954
200.112.233.47 - - [14/Jun/2019:11:17:14 -0300] "GET /cormun/servlet/solicitudot?INS,0,0, HTTP/1.1" 200 15360
190.171.142.42 - - [14/Jun/2019:11:17:15 -0300] "GET /cormun/servlet/permisosadjuntos?INS,17135367,P,20190614100650,, HTTP/1.1" 200 5956
190.171.142.42 - - [14/Jun/2019:11:17:15 -0300] "GET /cormun/static/about:blank HTTP/1.1" 404 1011
190.171.142.42 - - [14/Jun/2019:11:17:15 -0300] "GET /cormun/servlet/permisosadjuntos?INS,17135367,P,20190614100650,, HTTP/1.1" 200 5946
200.112.233.47 - - [14/Jun/2019:11:17:17 -0300] "GET /cormun/servlet/solicitudot?INS,0,0, HTTP/1.1" 200 15365
200.112.233.47 - - [14/Jun/2019:11:17:18 -0300] "GET /cormun/servlet/trlicencias? HTTP/1.1" 200 10478
200.112.233.47 - - [14/Jun/2019:11:17:19 -0300] "GET /cormun/servlet/trlicencias? HTTP/1.1" 200 10471
200.112.233.47 - - [14/Jun/2019:11:17:30 -0300] "GET /cormun/servlet/licenciaspermisos?DSP,8032322,L,20190612000000, HTTP/1.1" 200 7433
200.112.233.47 - - [14/Jun/2019:11:17:30 -0300] "GET /cormun/static/gxcfg.js?201762917281167 HTTP/1.1" 200 953
200.112.233.47 - - [14/Jun/2019:11:17:31 -0300] "GET /cormun/static/licenciaspermisos.js?201762917281260 HTTP/1.1" 200 37491
200.112.233.47 - - [14/Jun/2019:11:17:31 -0300] "GET /cormun/servlet/licenciaspermisos?DSP,8032322,L,20190612000000, HTTP/1.1" 200 7431
190.171.142.42 - - [14/Jun/2019:11:17:42 -0300] "POST /cormun/servlet/permisosadjuntos?17e20d3af999d95d91f591518581cfb0,INS,17135367,P,20190614100650,, HTTP/1.1" 200 116
190.171.142.42 - - [14/Jun/2019:11:17:42 -0300] "GET /cormun/servlet/hpexe_return? HTTP/1.1" 200 1043
190.171.142.42 - - [14/Jun/2019:11:17:42 -0300] "GET /cormun/servlet/trpermisosadjuntos?17135367,20190614100650,P, HTTP/1.1" 200 7113
190.171.142.42 - - [14/Jun/2019:11:17:43 -0300] "GET /cormun/servlet/trpermisosadjuntos?17135367,20190614100650,P, HTTP/1.1" 200 7115
200.112.233.47 - - [14/Jun/2019:11:17:46 -0300] "POST /cormun/servlet/solicitudot?gx-no-cache=1560521634218 HTTP/1.1" 200 1344
190.171.142.42 - - [14/Jun/2019:11:17:47 -0300] "GET /cormun/servlet/trpermisosgoce? HTTP/1.1" 200 9147
190.171.142.42 - - [14/Jun/2019:11:17:48 -0300] "GET /cormun/servlet/trpermisosgoce? HTTP/1.1" 200 9146
200.112.233.47 - - [14/Jun/2019:11:17:53 -0300] "GET /cormun/static/Resources/resize.gif HTTP/1.1" 200 77
200.112.233.47 - - [14/Jun/2019:11:17:54 -0300] "GET /cormun/servlet/prfichaempleado?,MD,,gxPopupLevel%3D0%3B HTTP/1.1" 200 9441
200.112.233.47 - - [14/Jun/2019:11:17:54 -0300] "GET /cormun/static/Resources/PXToolsMenuSearch.png HTTP/1.1" 200 2914
200.112.233.47 - - [14/Jun/2019:11:17:54 -0300] "GET /cormun/static/gxcfg.js?20177612134814 HTTP/1.1" 200 953
200.112.233.47 - - [14/Jun/2019:11:17:54 -0300] "GET /cormun/static/Resources/PXToolsMenuSearchCancel.png HTTP/1.1" 200 2972
200.112.233.47 - - [14/Jun/2019:11:17:54 -0300] "GET /cormun/static/prfichaempleado.js?20177612134999 HTTP/1.1" 200 16006
200.112.233.47 - - [14/Jun/2019:11:17:54 -0300] "GET /cormun/static/menusearch.js?201610171694467 HTTP/1.1" 200 1424
200.112.233.47 - - [14/Jun/2019:11:17:54 -0300] "GET /cormun/static/hmpwkw011.js?20177612121862 HTTP/1.1" 200 1968
190.171.142.42 - - [14/Jun/2019:11:17:56 -0300] "POST /cormun/servlet/trpermisosgoce?17e20d3af999d95d91f591518581cfb0,,gx-no-cache=1560521653006 HTTP/1.1" 200 6283
190.171.142.42 - - [14/Jun/2019:11:17:57 -0300] "GET /cormun/static/Shared/jqueryui/images/ui-icons_82798d_256x240.png HTTP/1.1" 404 1089
190.171.142.42 - - [14/Jun/2019:11:17:57 -0300] "GET /cormun/static/Shared/jqueryui/images/ui-icons_8d78a5_256x240.png HTTP/1.1" 404 1089
190.171.142.42 - - [14/Jun/2019:11:17:57 -0300] "GET /cormun/static/Shared/jqueryui/images/ui-bg_flat_55_fafafa_40x100.png HTTP/1.1" 404 1097
190.171.142.42 - - [14/Jun/2019:11:17:57 -0300] "GET /cormun/static/Shared/jqueryui/images/ui-bg_highlight-soft_100_c6c2c8_1x100.png HTTP/1.1" 404 1117
200.112.233.47 - - [14/Jun/2019:11:18:03 -0300] "POST /cormun/servlet/prfichaempleado?e9d8d03453016455e121642a2114bfa0,,MD,,gxPopupLevel%3D0%3B,gx-no-cache=1560521651051 HTTP/1.1" 200 3191
190.171.142.42 - - [14/Jun/2019:11:18:04 -0300] "GET /cormun/servlet/permisogoce?INS,0,,, HTTP/1.1" 200 7180
190.171.142.42 - - [14/Jun/2019:11:18:04 -0300] "GET /cormun/servlet/permisogoce?INS,0,,, HTTP/1.1" 200 7180
190.171.142.42 - - [14/Jun/2019:11:18:09 -0300] "GET /cormun/servlet/prfichaempleado?,MD,,gxPopupLevel%3D0%3B HTTP/1.1" 200 9418
200.112.233.47 - - [14/Jun/2019:11:18:14 -0300] "POST /cormun/servlet/prfichaempleado?e9d8d03453016455e121642a2114bfa0,,MD,,gxPopupLevel%3D0%3B,gx-no-cache=1560521662664 HTTP/1.1" 200 3535
200.112.233.47 - - [14/Jun/2019:11:18:21 -0300] "POST /cormun/servlet/solicitudot?gx-no-cache=1560521669881 HTTP/1.1" 200 1344
190.171.142.42 - - [14/Jun/2019:11:18:24 -0300] "POST /cormun/servlet/prfichaempleado?17e20d3af999d95d91f591518581cfb0,,MD,,gxPopupLevel%3D0%3B,gx-no-cache=1560521680853 HTTP/1.1" 200 3394
190.171.142.42 - - [14/Jun/2019:11:18:27 -0300] "GET /cormun/servlet/permisogoce?40e0ecadb187bb4ba9045479c92db0917b0f41203fcda88b1e2c1084187f689d3a59d8d5bd3576b2fa32f868c027cdd81ce65a114c863611be07e9233e8418f7,gx-no-cache=1560521684357 HTTP/1.1" 200 61
190.171.142.42 - - [14/Jun/2019:11:18:32 -0300] "GET /cormun/static/menuarrow.gif HTTP/1.1" 404 1015
190.171.142.42 - - [14/Jun/2019:11:18:42 -0300] "GET /cormun/servlet/permisogoce?40e0ecadb187bb4ba9045479c92db091eb197033e41bfed573a90707be74181e307610f4330b5c71d79c972d49232ab0b23b410f27cc68af1c5a1f370a696355,gx-no-cache=1560521699134 HTTP/1.1" 200 47
200.112.233.47 - - [14/Jun/2019:11:18:47 -0300] "POST /cormun/servlet/solicitudot?gx-no-cache=1560521695416 HTTP/1.1" 200 41
190.171.142.42 - - [14/Jun/2019:11:19:07 -0300] "POST /cormun/servlet/permisogoce?17e20d3af999d95d91f591518581cfb0,INS,0,,,,gx-no-cache=1560521723437 HTTP/1.1" 200 93
190.171.142.42 - - [14/Jun/2019:11:19:07 -0300] "GET /cormun/servlet/hpexe_return? HTTP/1.1" 200 1016
190.171.142.42 - - [14/Jun/2019:11:19:07 -0300] "GET /cormun/servlet/trpermisosgoce? HTTP/1.1" 200 9373
190.171.142.42 - - [14/Jun/2019:11:19:08 -0300] "GET /cormun/servlet/trpermisosgoce? HTTP/1.1" 200 9368
190.171.142.42 - - [14/Jun/2019:11:19:14 -0300] "GET /cormun/servlet/trpermisosadjuntos?15123057,20190614100844,P, HTTP/1.1" 200 6614
190.171.142.42 - - [14/Jun/2019:11:19:14 -0300] "GET /cormun/servlet/trpermisosadjuntos?15123057,20190614100844,P, HTTP/1.1" 200 6615
190.171.142.42 - - [14/Jun/2019:11:19:17 -0300] "GET /cormun/servlet/permisosadjuntos?INS,15123057,P,20190614100844,, HTTP/1.1" 200 5940
190.171.142.42 - - [14/Jun/2019:11:19:17 -0300] "GET /cormun/static/about:blank HTTP/1.1" 404 1011
190.171.142.42 - - [14/Jun/2019:11:19:17 -0300] "GET /cormun/servlet/permisosadjuntos?INS,15123057,P,20190614100844,, HTTP/1.1" 200 5930
200.112.233.47 - - [14/Jun/2019:11:19:23 -0300] "GET /cormun/servlet/solicitudot?e66ab25af29831f69a7ff9b7bcd0314f55e7fe11bc4c1d76303cb54479151f06c13b6586639c67eaf46c3683b85a69cd3156b2971b569862f141457e19fd946c4141c4e7d53988614e2dc1dceb2e20b99b937eec04b7932e6760ea31d913653315400d7305767d7f0b9105d5786e15d5,gx-no-cache=1560521731831 HTTP/1.1" 200 110
200.112.233.47 - - [14/Jun/2019:11:19:28 -0300] "POST /cormun/servlet/solicitudot?gx-no-cache=1560521736662 HTTP/1.1" 200 97
200.112.233.47 - - [14/Jun/2019:11:19:31 -0300] "POST /cormun/servlet/solicitudot?gx-no-cache=1560521738550 HTTP/1.1" 200 97
200.112.233.47 - - [14/Jun/2019:11:19:32 -0300] "POST /cormun/servlet/solicitudot?gx-no-cache=1560521740091 HTTP/1.1" 200 97
200.112.233.47 - - [14/Jun/2019:11:19:32 -0300] "POST /cormun/servlet/solicitudot?gx-no-cache=1560521740313 HTTP/1.1" 200 97
200.112.233.47 - - [14/Jun/2019:11:19:32 -0300] "POST /cormun/servlet/solicitudot?gx-no-cache=1560521740562 HTTP/1.1" 200 97
200.112.233.47 - - [14/Jun/2019:11:19:33 -0300] "POST /cormun/servlet/solicitudot?gx-no-cache=1560521740682 HTTP/1.1" 200 97
200.112.233.47 - - [14/Jun/2019:11:19:33 -0300] "POST /cormun/servlet/solicitudot?gx-no-cache=1560521741500 HTTP/1.1" 200 97
200.112.233.47 - - [14/Jun/2019:11:19:34 -0300] "POST /cormun/servlet/solicitudot?gx-no-cache=1560521741700 HTTP/1.1" 200 97
200.112.233.47 - - [14/Jun/2019:11:19:34 -0300] "POST /cormun/servlet/solicitudot?gx-no-cache=1560521742378 HTTP/1.1" 200 97
200.112.233.47 - - [14/Jun/2019:11:19:34 -0300] "POST /cormun/servlet/solicitudot?gx-no-cache=1560521742582 HTTP/1.1" 200 97
190.171.142.42 - - [14/Jun/2019:11:19:35 -0300] "POST /cormun/servlet/permisosadjuntos?17e20d3af999d95d91f591518581cfb0,INS,15123057,P,20190614100844,, HTTP/1.1" 200 116
190.171.142.42 - - [14/Jun/2019:11:19:35 -0300] "GET /cormun/servlet/hpexe_return? HTTP/1.1" 200 1043
190.171.142.42 - - [14/Jun/2019:11:19:36 -0300] "GET /cormun/servlet/trpermisosadjuntos?15123057,20190614100844,P, HTTP/1.1" 200 7101
190.171.142.42 - - [14/Jun/2019:11:19:36 -0300] "GET /cormun/servlet/trpermisosadjuntos?15123057,20190614100844,P, HTTP/1.1" 200 7103
200.112.233.47 - - [14/Jun/2019:11:19:40 -0300] "POST /cormun/servlet/solicitudot?gx-no-cache=1560521748693 HTTP/1.1" 200 97
200.112.233.47 - - [14/Jun/2019:11:19:41 -0300] "POST /cormun/servlet/solicitudot?gx-no-cache=1560521749349 HTTP/1.1" 200 97
200.112.233.47 - - [14/Jun/2019:11:19:41 -0300] "POST /cormun/servlet/solicitudot?gx-no-cache=1560521749797 HTTP/1.1" 200 97
200.112.233.47 - - [14/Jun/2019:11:19:42 -0300] "POST /cormun/servlet/solicitudot?gx-no-cache=1560521750197 HTTP/1.1" 200 97
190.171.142.42 - - [14/Jun/2019:11:19:43 -0300] "GET /cormun/servlet/trpermisosgoce? HTTP/1.1" 200 9369
200.112.233.47 - - [14/Jun/2019:11:19:43 -0300] "POST /cormun/servlet/solicitudot?gx-no-cache=1560521750598 HTTP/1.1" 200 97
200.112.233.47 - - [14/Jun/2019:11:19:43 -0300] "POST /cormun/servlet/solicitudot?gx-no-cache=1560521751314 HTTP/1.1" 200 97
200.112.233.47 - - [14/Jun/2019:11:19:43 -0300] "POST /cormun/servlet/solicitudot?gx-no-cache=1560521751474 HTTP/1.1" 200 97
190.171.142.42 - - [14/Jun/2019:11:19:43 -0300] "GET /cormun/servlet/trpermisosgoce? HTTP/1.1" 200 9369
200.112.233.47 - - [14/Jun/2019:11:19:44 -0300] "POST /cormun/servlet/solicitudot?gx-no-cache=1560521751717 HTTP/1.1" 200 97
200.112.233.47 - - [14/Jun/2019:11:19:44 -0300] "POST /cormun/servlet/solicitudot?gx-no-cache=1560521752514 HTTP/1.1" 200 97
200.112.233.47 - - [14/Jun/2019:11:19:45 -0300] "POST /cormun/servlet/solicitudot?gx-no-cache=1560521753604 HTTP/1.1" 200 97
200.112.233.47 - - [14/Jun/2019:11:19:46 -0300] "POST /cormun/servlet/solicitudot?gx-no-cache=1560521754181 HTTP/1.1" 200 97
200.112.233.47 - - [14/Jun/2019:11:19:47 -0300] "POST /cormun/servlet/solicitudot?gx-no-cache=1560521755349 HTTP/1.1" 200 110
200.112.233.47 - - [14/Jun/2019:11:19:48 -0300] "POST /cormun/servlet/solicitudot?gx-no-cache=1560521756069 HTTP/1.1" 200 97
190.171.142.42 - - [14/Jun/2019:11:19:49 -0300] "POST /cormun/servlet/trpermisosgoce?17e20d3af999d95d91f591518581cfb0,,gx-no-cache=1560521765009 HTTP/1.1" 200 6489
190.171.142.42 - - [14/Jun/2019:11:19:49 -0300] "GET /cormun/static/Shared/jqueryui/images/ui-icons_82798d_256x240.png HTTP/1.1" 404 1089
190.171.142.42 - - [14/Jun/2019:11:19:49 -0300] "GET /cormun/static/Shared/jqueryui/images/ui-bg_highlight-soft_100_c6c2c8_1x100.png HTTP/1.1" 404 1117
190.171.142.42 - - [14/Jun/2019:11:19:49 -0300] "GET /cormun/static/Shared/jqueryui/images/ui-bg_flat_55_fafafa_40x100.png HTTP/1.1" 404 1097
190.171.142.42 - - [14/Jun/2019:11:19:49 -0300] "GET /cormun/static/Shared/jqueryui/images/ui-icons_8d78a5_256x240.png HTTP/1.1" 404 1089
200.112.233.47 - - [14/Jun/2019:11:19:49 -0300] "POST /cormun/servlet/solicitudot?gx-no-cache=1560521756782 HTTP/1.1" 200 97
200.112.233.47 - - [14/Jun/2019:11:19:50 -0300] "POST /cormun/servlet/solicitudot?gx-no-cache=1560521757797 HTTP/1.1" 200 97
200.112.233.47 - - [14/Jun/2019:11:19:50 -0300] "POST /cormun/servlet/solicitudot?gx-no-cache=1560521758773 HTTP/1.1" 200 97
200.112.233.47 - - [14/Jun/2019:11:19:51 -0300] "POST /cormun/servlet/solicitudot?gx-no-cache=1560521759509 HTTP/1.1" 200 64
200.112.233.47 - - [14/Jun/2019:11:19:53 -0300] "POST /cormun/servlet/solicitudot?gx-no-cache=1560521760837 HTTP/1.1" 200 64
200.112.233.47 - - [14/Jun/2019:11:19:54 -0300] "POST /cormun/servlet/solicitudot?gx-no-cache=1560521762164 HTTP/1.1" 200 97
200.112.233.47 - - [14/Jun/2019:11:19:54 -0300] "POST /cormun/servlet/solicitudot?gx-no-cache=1560521762725 HTTP/1.1" 200 97
200.112.233.47 - - [14/Jun/2019:11:19:55 -0300] "POST /cormun/servlet/solicitudot?gx-no-cache=1560521763285 HTTP/1.1" 200 97
200.112.233.47 - - [14/Jun/2019:11:19:55 -0300] "POST /cormun/servlet/solicitudot?gx-no-cache=1560521763781 HTTP/1.1" 200 97
200.112.233.47 - - [14/Jun/2019:11:19:56 -0300] "POST /cormun/servlet/solicitudot?gx-no-cache=1560521764277 HTTP/1.1" 200 97
200.112.233.47 - - [14/Jun/2019:11:19:56 -0300] "POST /cormun/servlet/solicitudot?gx-no-cache=1560521764805 HTTP/1.1" 200 64
200.112.233.47 - - [14/Jun/2019:11:19:57 -0300] "POST /cormun/servlet/solicitudot?gx-no-cache=1560521765542 HTTP/1.1" 200 72
190.171.142.42 - - [14/Jun/2019:11:19:59 -0300] "GET /cormun/servlet/permisogoce?INS,0,,, HTTP/1.1" 200 7179
200.112.233.47 - - [14/Jun/2019:11:19:59 -0300] "POST /cormun/servlet/solicitudot?gx-no-cache=1560521766388 HTTP/1.1" 200 105
200.112.233.47 - - [14/Jun/2019:11:19:59 -0300] "POST /cormun/servlet/solicitudot?gx-no-cache=1560521767429 HTTP/1.1" 200 97
190.171.142.42 - - [14/Jun/2019:11:19:59 -0300] "GET /cormun/servlet/permisogoce?INS,0,,, HTTP/1.1" 200 7179
200.112.233.47 - - [14/Jun/2019:11:20:00 -0300] "POST /cormun/servlet/solicitudot?gx-no-cache=1560521768165 HTTP/1.1" 200 66
200.112.233.47 - - [14/Jun/2019:11:20:00 -0300] "POST /cormun/servlet/solicitudot?gx-no-cache=1560521768821 HTTP/1.1" 200 72
200.112.233.47 - - [14/Jun/2019:11:20:01 -0300] "POST /cormun/servlet/solicitudot?gx-no-cache=1560521769636 HTTP/1.1" 200 105
190.171.142.42 - - [14/Jun/2019:11:20:02 -0300] "GET /cormun/servlet/prfichaempleado?,MD,,gxPopupLevel%3D0%3B HTTP/1.1" 200 9418
200.112.233.47 - - [14/Jun/2019:11:20:02 -0300] "POST /cormun/servlet/solicitudot?gx-no-cache=1560521770645 HTTP/1.1" 200 97
200.112.233.47 - - [14/Jun/2019:11:20:03 -0300] "POST /cormun/servlet/solicitudot?gx-no-cache=1560521771141 HTTP/1.1" 200 97
200.112.233.47 - - [14/Jun/2019:11:20:04 -0300] "POST /cormun/servlet/solicitudot?gx-no-cache=1560521771956 HTTP/1.1" 200 76
200.112.233.47 - - [14/Jun/2019:11:20:05 -0300] "POST /cormun/servlet/solicitudot?gx-no-cache=1560521772772 HTTP/1.1" 200 97
200.112.233.47 - - [14/Jun/2019:11:20:05 -0300] "POST /cormun/servlet/solicitudot?gx-no-cache=1560521773564 HTTP/1.1" 200 64
200.112.233.47 - - [14/Jun/2019:11:20:06 -0300] "POST /cormun/servlet/solicitudot?gx-no-cache=1560521774181 HTTP/1.1" 200 79
200.112.233.47 - - [14/Jun/2019:11:20:06 -0300] "POST /cormun/servlet/solicitudot?gx-no-cache=1560521774885 HTTP/1.1" 200 64
200.112.233.47 - - [14/Jun/2019:11:20:07 -0300] "POST /cormun/servlet/solicitudot?gx-no-cache=1560521775268 HTTP/1.1" 200 97
200.112.233.47 - - [14/Jun/2019:11:20:07 -0300] "POST /cormun/servlet/solicitudot?gx-no-cache=1560521775813 HTTP/1.1" 200 64
200.112.233.47 - - [14/Jun/2019:11:20:08 -0300] "POST /cormun/servlet/solicitudot?gx-no-cache=1560521776181 HTTP/1.1" 200 97
200.112.233.47 - - [14/Jun/2019:11:20:08 -0300] "POST /cormun/servlet/solicitudot?gx-no-cache=1560521776484 HTTP/1.1" 200 97
200.112.233.47 - - [14/Jun/2019:11:20:08 -0300] "POST /cormun/servlet/solicitudot?gx-no-cache=1560521776788 HTTP/1.1" 200 97
200.112.233.47 - - [14/Jun/2019:11:20:09 -0300] "POST /cormun/servlet/solicitudot?gx-no-cache=1560521777141 HTTP/1.1" 200 72
200.112.233.47 - - [14/Jun/2019:11:20:09 -0300] "POST /cormun/servlet/solicitudot?gx-no-cache=1560521777493 HTTP/1.1" 200 62
200.112.233.47 - - [14/Jun/2019:11:20:09 -0300] "POST /cormun/servlet/solicitudot?gx-no-cache=1560521777829 HTTP/1.1" 200 97
200.112.233.47 - - [14/Jun/2019:11:20:10 -0300] "POST /cormun/servlet/solicitudot?gx-no-cache=1560521778181 HTTP/1.1" 200 97
200.112.233.47 - - [14/Jun/2019:11:20:10 -0300] "POST /cormun/servlet/solicitudot?gx-no-cache=1560521778564 HTTP/1.1" 200 72
200.112.233.47 - - [14/Jun/2019:11:20:10 -0300] "POST /cormun/servlet/solicitudot?gx-no-cache=1560521778917 HTTP/1.1" 200 72
200.112.233.47 - - [14/Jun/2019:11:20:11 -0300] "POST /cormun/servlet/solicitudot?gx-no-cache=1560521779300 HTTP/1.1" 200 97
200.112.233.47 - - [14/Jun/2019:11:20:12 -0300] "POST /cormun/servlet/solicitudot?gx-no-cache=1560521779748 HTTP/1.1" 200 97
200.112.233.47 - - [14/Jun/2019:11:20:12 -0300] "POST /cormun/servlet/solicitudot?gx-no-cache=1560521780670 HTTP/1.1" 200 97
200.112.233.47 - - [14/Jun/2019:11:20:13 -0300] "POST /cormun/servlet/solicitudot?gx-no-cache=1560521781237 HTTP/1.1" 200 97
200.112.233.47 - - [14/Jun/2019:11:20:14 -0300] "POST /cormun/servlet/solicitudot?gx-no-cache=1560521782245 HTTP/1.1" 200 97
200.112.233.47 - - [14/Jun/2019:11:20:14 -0300] "POST /cormun/servlet/solicitudot?gx-no-cache=1560521782868 HTTP/1.1" 200 64
190.171.142.42 - - [14/Jun/2019:11:20:18 -0300] "POST /cormun/servlet/prfichaempleado?17e20d3af999d95d91f591518581cfb0,,MD,,gxPopupLevel%3D0%3B,gx-no-cache=1560521794303 HTTP/1.1" 200 3426
200.112.233.47 - - [14/Jun/2019:11:20:18 -0300] "POST /cormun/servlet/solicitudot?gx-no-cache=1560521786468 HTTP/1.1" 200 64
200.112.233.47 - - [14/Jun/2019:11:20:19 -0300] "POST /cormun/servlet/solicitudot?gx-no-cache=1560521787077 HTTP/1.1" 200 97
200.112.233.47 - - [14/Jun/2019:11:20:19 -0300] "POST /cormun/servlet/solicitudot?gx-no-cache=1560521787700 HTTP/1.1" 200 97
200.112.233.47 - - [14/Jun/2019:11:20:20 -0300] "POST /cormun/servlet/solicitudot?gx-no-cache=1560521788260 HTTP/1.1" 200 97
200.112.233.47 - - [14/Jun/2019:11:20:21 -0300] "POST /cormun/servlet/solicitudot?gx-no-cache=1560521788772 HTTP/1.1" 200 97
190.171.142.42 - - [14/Jun/2019:11:20:21 -0300] "GET /cormun/servlet/permisogoce?40e0ecadb187bb4ba9045479c92db09174183957070de6db7b2662bc21a3beca3a59d8d5bd3576b2fa32f868c027cdd81ce65a114c863611be07e9233e8418f7,gx-no-cache=1560521797916 HTTP/1.1" 200 77
200.112.233.47 - - [14/Jun/2019:11:20:22 -0300] "POST /cormun/servlet/solicitudot?gx-no-cache=1560521790165 HTTP/1.1" 200 110
200.112.233.47 - - [14/Jun/2019:11:20:22 -0300] "POST /cormun/servlet/solicitudot?gx-no-cache=1560521790884 HTTP/1.1" 200 97
200.112.233.47 - - [14/Jun/2019:11:20:23 -0300] "POST /cormun/servlet/solicitudot?gx-no-cache=1560521791540 HTTP/1.1" 200 97
200.112.233.47 - - [14/Jun/2019:11:20:24 -0300] "POST /cormun/servlet/solicitudot?gx-no-cache=1560521792116 HTTP/1.1" 200 97
200.112.233.47 - - [14/Jun/2019:11:20:24 -0300] "POST /cormun/servlet/solicitudot?gx-no-cache=1560521792661 HTTP/1.1" 200 97
200.112.233.47 - - [14/Jun/2019:11:20:25 -0300] "POST /cormun/servlet/solicitudot?gx-no-cache=1560521793220 HTTP/1.1" 200 97
190.171.142.42 - - [14/Jun/2019:11:20:25 -0300] "GET /cormun/static/menuarrow.gif HTTP/1.1" 404 1015
200.112.233.47 - - [14/Jun/2019:11:20:25 -0300] "POST /cormun/servlet/solicitudot?gx-no-cache=1560521793813 HTTP/1.1" 200 97
200.112.233.47 - - [14/Jun/2019:11:20:27 -0300] "POST /cormun/servlet/solicitudot?gx-no-cache=1560521794372 HTTP/1.1" 200 97
200.112.233.47 - - [14/Jun/2019:11:20:27 -0300] "POST /cormun/servlet/solicitudot?gx-no-cache=1560521795717 HTTP/1.1" 200 97
200.112.233.47 - - [14/Jun/2019:11:20:28 -0300] "POST /cormun/servlet/solicitudot?gx-no-cache=1560521796293 HTTP/1.1" 200 97
200.112.233.47 - - [14/Jun/2019:11:20:29 -0300] "POST /cormun/servlet/solicitudot?gx-no-cache=1560521797780 HTTP/1.1" 200 97
190.171.142.42 - - [14/Jun/2019:11:20:33 -0300] "GET /cormun/servlet/permisogoce?40e0ecadb187bb4ba9045479c92db091dee9071e398b7d0174a7ab5bb85c7bd023d395a667c10c61ec133c210c4cad2cb23b410f27cc68af1c5a1f370a696355,gx-no-cache=1560521809941 HTTP/1.1" 200 47
190.171.142.42 - - [14/Jun/2019:11:20:37 -0300] "POST /cormun/servlet/permisogoce?17e20d3af999d95d91f591518581cfb0,INS,0,,,,gx-no-cache=1560521814044 HTTP/1.1" 200 93
190.171.142.42 - - [14/Jun/2019:11:20:38 -0300] "GET /cormun/servlet/hpexe_return? HTTP/1.1" 200 1016
190.171.142.42 - - [14/Jun/2019:11:20:38 -0300] "GET /cormun/servlet/trpermisosgoce? HTTP/1.1" 200 9570
190.171.142.42 - - [14/Jun/2019:11:20:39 -0300] "GET /cormun/servlet/trpermisosgoce? HTTP/1.1" 200 9576
200.112.233.47 - - [14/Jun/2019:11:20:41 -0300] "GET /cormun/servlet/trlicencias? HTTP/1.1" 200 10439
200.112.233.47 - - [14/Jun/2019:11:20:41 -0300] "GET /cormun/servlet/trlicencias? HTTP/1.1" 200 10437
190.171.142.42 - - [14/Jun/2019:11:20:44 -0300] "GET /cormun/servlet/trpermisosadjuntos?17477489,20190614101039,P, HTTP/1.1" 200 6627
190.171.142.42 - - [14/Jun/2019:11:20:45 -0300] "GET /cormun/servlet/trpermisosadjuntos?17477489,20190614101039,P, HTTP/1.1" 200 6628
200.112.233.47 - - [14/Jun/2019:11:20:47 -0300] "GET /cormun/servlet/trcontratosolicitud? HTTP/1.1" 200 14986
200.112.233.47 - - [14/Jun/2019:11:20:47 -0300] "GET /cormun/static/gxcfg.js?20177612214014 HTTP/1.1" 200 953
200.112.233.47 - - [14/Jun/2019:11:20:48 -0300] "GET /cormun/static/trcontratosolicitud.js?20177612214349 HTTP/1.1" 200 28237
190.171.142.42 - - [14/Jun/2019:11:20:48 -0300] "GET /cormun/servlet/permisosadjuntos?INS,17477489,P,20190614101039,, HTTP/1.1" 200 5956
200.112.233.47 - - [14/Jun/2019:11:20:48 -0300] "GET /cormun//static/Resources/PXToolsGridNew.png HTTP/1.1" 200 2949
190.171.142.42 - - [14/Jun/2019:11:20:48 -0300] "GET /cormun/static/about:blank HTTP/1.1" 404 1011
200.112.233.47 - - [14/Jun/2019:11:20:48 -0300] "GET /cormun/servlet/trcontratosolicitud? HTTP/1.1" 200 14981
190.171.142.42 - - [14/Jun/2019:11:20:48 -0300] "GET /cormun/servlet/permisosadjuntos?INS,17477489,P,20190614101039,, HTTP/1.1" 200 5945
200.112.233.47 - - [14/Jun/2019:11:21:10 -0300] "POST /cormun/servlet/trcontratosolicitud?e9d8d03453016455e121642a2114bfa0,,gx-no-cache=1560521837885 HTTP/1.1" 200 5218
190.171.141.138 - - [14/Jun/2019:11:21:15 -0300] "GET /cormun/servlet/hlogin HTTP/1.1" 200 1719
190.171.141.138 - - [14/Jun/2019:11:21:15 -0300] "GET /cormun/static/messages.spa.js?85251 HTTP/1.1" 304 -
190.171.141.138 - - [14/Jun/2019:11:21:15 -0300] "GET /cormun/servlet/hlogin HTTP/1.1" 200 1729
190.171.141.138 - - [14/Jun/2019:11:21:18 -0300] "POST /cormun/servlet/hlogin?e3474880edd6d2de3eb4e2b5a6bcb927,gx-no-cache=1560521840317 HTTP/1.1" 200 90
190.171.141.138 - - [14/Jun/2019:11:21:18 -0300] "GET /cormun/servlet/hpexe_link HTTP/1.1" 200 951
190.171.141.138 - - [14/Jun/2019:11:21:18 -0300] "GET /cormun/servlet/hhome HTTP/1.1" 200 4462
190.171.141.138 - - [14/Jun/2019:11:21:19 -0300] "GET /cormun/static/hmpwkw03.js?20189613443875 HTTP/1.1" 304 -
190.171.141.138 - - [14/Jun/2019:11:21:19 -0300] "GET /cormun/servlet/hhome HTTP/1.1" 200 4458
190.171.141.138 - - [14/Jun/2019:11:21:21 -0300] "GET /cormun/servlet/trlicencias? HTTP/1.1" 200 13709
190.171.142.42 - - [14/Jun/2019:11:21:21 -0300] "POST /cormun/servlet/permisosadjuntos?17e20d3af999d95d91f591518581cfb0,INS,17477489,P,20190614101039,, HTTP/1.1" 200 116
190.171.142.42 - - [14/Jun/2019:11:21:21 -0300] "GET /cormun/servlet/hpexe_return? HTTP/1.1" 200 1043
190.171.141.138 - - [14/Jun/2019:11:21:22 -0300] "GET /cormun/servlet/trlicencias? HTTP/1.1" 200 13706
190.171.142.42 - - [14/Jun/2019:11:21:22 -0300] "GET /cormun/servlet/trpermisosadjuntos?17477489,20190614101039,P, HTTP/1.1" 200 7120
190.171.142.42 - - [14/Jun/2019:11:21:22 -0300] "GET /cormun/servlet/trpermisosadjuntos?17477489,20190614101039,P, HTTP/1.1" 200 7117
190.171.142.42 - - [14/Jun/2019:11:21:25 -0300] "GET /cormun/servlet/permisosadjuntos?INS,17477489,P,20190614101039,, HTTP/1.1" 200 5956
190.171.142.42 - - [14/Jun/2019:11:21:25 -0300] "GET /cormun/static/about:blank HTTP/1.1" 404 1011
190.171.142.42 - - [14/Jun/2019:11:21:25 -0300] "GET /cormun/servlet/permisosadjuntos?INS,17477489,P,20190614101039,, HTTP/1.1" 200 5945
190.171.142.42 - - [14/Jun/2019:11:21:30 -0300] "GET /cormun/servlet/trpermisosadjuntos?17477489,20190614101039,P, HTTP/1.1" 200 7120
190.171.142.42 - - [14/Jun/2019:11:21:30 -0300] "GET /cormun/servlet/trpermisosadjuntos?17477489,20190614101039,P, HTTP/1.1" 200 7117
190.171.142.42 - - [14/Jun/2019:11:21:35 -0300] "GET /cormun/servlet/trpermisosgoce? HTTP/1.1" 200 9567
190.171.142.42 - - [14/Jun/2019:11:21:37 -0300] "GET /cormun/servlet/trpermisosgoce? HTTP/1.1" 200 9580
190.171.142.42 - - [14/Jun/2019:11:21:42 -0300] "GET /cormun/servlet/trpermisosadjuntos?17477489,20190614101039,P, HTTP/1.1" 200 7115
190.171.142.42 - - [14/Jun/2019:11:21:42 -0300] "GET /cormun/servlet/trpermisosadjuntos?17477489,20190614101039,P, HTTP/1.1" 200 7118
190.171.142.42 - - [14/Jun/2019:11:21:51 -0300] "GET /cormun/servlet/permisosadjuntos?INS,17477489,P,20190614101039,, HTTP/1.1" 200 5956
190.171.142.42 - - [14/Jun/2019:11:21:52 -0300] "GET /cormun/static/about:blank HTTP/1.1" 404 1011
190.171.142.42 - - [14/Jun/2019:11:21:52 -0300] "GET /cormun/servlet/permisosadjuntos?INS,17477489,P,20190614101039,, HTTP/1.1" 200 5945
190.171.142.42 - - [14/Jun/2019:11:21:55 -0300] "POST /cormun/servlet/permisosadjuntos?17e20d3af999d95d91f591518581cfb0,INS,17477489,P,20190614101039,,,gx-no-cache=1560521891252 HTTP/1.1" 200 93
190.171.142.42 - - [14/Jun/2019:11:21:55 -0300] "GET /cormun/servlet/hpexe_return? HTTP/1.1" 200 1043
190.171.142.42 - - [14/Jun/2019:11:21:55 -0300] "GET /cormun/servlet/trpermisosadjuntos?17477489,20190614101039,P, HTTP/1.1" 200 7190
190.171.142.42 - - [14/Jun/2019:11:21:56 -0300] "GET /cormun/servlet/trpermisosadjuntos?17477489,20190614101039,P, HTTP/1.1" 200 7193
190.171.142.42 - - [14/Jun/2019:11:22:00 -0300] "GET /cormun/servlet/permisosadjuntos?DLT,17477489,P,20190614101039,20190614101232, HTTP/1.1" 200 5900
190.171.142.42 - - [14/Jun/2019:11:22:00 -0300] "GET /cormun/static/about:blank HTTP/1.1" 404 1011
190.171.142.42 - - [14/Jun/2019:11:22:00 -0300] "GET /cormun/static/Shared/jqueryui/images/ui-bg_highlight-soft_100_c6c2c8_1x100.png HTTP/1.1" 404 1117
190.171.142.42 - - [14/Jun/2019:11:22:00 -0300] "GET /cormun/static/Shared/jqueryui/images/ui-icons_82798d_256x240.png HTTP/1.1" 404 1089
190.171.142.42 - - [14/Jun/2019:11:22:00 -0300] "GET /cormun/static/Shared/jqueryui/images/ui-icons_8d78a5_256x240.png HTTP/1.1" 404 1089
190.171.142.42 - - [14/Jun/2019:11:22:00 -0300] "GET /cormun/static/Shared/jqueryui/images/ui-bg_flat_55_fafafa_40x100.png HTTP/1.1" 404 1097
190.171.142.42 - - [14/Jun/2019:11:22:00 -0300] "GET /cormun/servlet/permisosadjuntos?DLT,17477489,P,20190614101039,20190614101232, HTTP/1.1" 200 5890
190.171.142.42 - - [14/Jun/2019:11:22:06 -0300] "GET /cormun/servlet/trpermisosgoce? HTTP/1.1" 200 9582
190.171.142.42 - - [14/Jun/2019:11:22:07 -0300] "GET /cormun/servlet/trpermisosgoce? HTTP/1.1" 200 9582
190.171.142.42 - - [14/Jun/2019:11:22:13 -0300] "POST /cormun/servlet/trpermisosgoce?17e20d3af999d95d91f591518581cfb0,,gx-no-cache=1560521909587 HTTP/1.1" 200 6708
190.171.142.42 - - [14/Jun/2019:11:22:19 -0300] "GET /cormun/servlet/permisogoce?INS,0,,, HTTP/1.1" 200 7179
190.171.142.42 - - [14/Jun/2019:11:22:20 -0300] "GET /cormun/servlet/permisogoce?INS,0,,, HTTP/1.1" 200 7179
190.171.142.42 - - [14/Jun/2019:11:22:23 -0300] "GET /cormun/servlet/prfichaempleado?,MD,,gxPopupLevel%3D0%3B HTTP/1.1" 200 9418
200.112.233.47 - - [14/Jun/2019:11:22:30 -0300] "GET /cormun/servlet/solicitudot?e66ab25af29831f69a7ff9b7bcd0314f321974bd18613f840b3bab30fdc5e7f4b44b80f8f0fb6b054df47de826de505e04ee2dd59b406c621a3c6291f506633581e292e20cdfecda20dcf2645934c1e1eee488894a75989f19945fd9b2910cd5c7c591a08f106faf260f40cf496fad06,gx-no-cache=1560521918960 HTTP/1.1" 200 29
190.171.142.42 - - [14/Jun/2019:11:22:40 -0300] "POST /cormun/servlet/prfichaempleado?17e20d3af999d95d91f591518581cfb0,,MD,,gxPopupLevel%3D0%3B,gx-no-cache=1560521936531 HTTP/1.1" 200 3426
200.112.233.47 - - [14/Jun/2019:11:22:45 -0300] "GET /cormun/servlet/solicitudot?e66ab25af29831f69a7ff9b7bcd0314f026fa4e617fbc0b7520a599e64fb66e39e7d40fc6111770d12311ea3d2b8ab9e,gx-no-cache=1560521934101 HTTP/1.1" 200 30
200.112.233.47 - - [14/Jun/2019:11:22:46 -0300] "POST /cormun/servlet/solicitudot?gx-no-cache=1560521934181 HTTP/1.1" 200 34
190.171.142.42 - - [14/Jun/2019:11:22:46 -0300] "GET /cormun/servlet/permisogoce?40e0ecadb187bb4ba9045479c92db091bd0f4eb9f8b799f18643534d213b17b93a59d8d5bd3576b2fa32f868c027cdd81ce65a114c863611be07e9233e8418f7,gx-no-cache=1560521942949 HTTP/1.1" 200 84
200.112.233.47 - - [14/Jun/2019:11:22:50 -0300] "POST /cormun/servlet/solicitudot?e9d8d03453016455e121642a2114bfa0,INS,0,0,,gx-no-cache=1560521936186 HTTP/1.1" 200 93
200.112.233.47 - - [14/Jun/2019:11:22:50 -0300] "GET /cormun/servlet/hpexe_return? HTTP/1.1" 200 1000
200.112.233.47 - - [14/Jun/2019:11:22:50 -0300] "GET /cormun/static/gxcfg.js?2016101716175148 HTTP/1.1" 200 953
200.112.233.47 - - [14/Jun/2019:11:22:50 -0300] "GET /cormun/static/hpexe_return.js?2016101716175153 HTTP/1.1" 200 1633
200.112.233.47 - - [14/Jun/2019:11:22:51 -0300] "GET /cormun/static/Resources/Spanish/PXTools.css?167811 HTTP/1.1" 200 89042
200.112.233.47 - - [14/Jun/2019:11:22:51 -0300] "GET /cormun/servlet/trlicencias HTTP/1.1" 200 10476
200.112.233.47 - - [14/Jun/2019:11:22:52 -0300] "GET /cormun/servlet/trlicencias HTTP/1.1" 200 10471
200.112.233.47 - - [14/Jun/2019:11:22:56 -0300] "GET /cormun/servlet/trsolicitudot? HTTP/1.1" 200 8897
190.171.142.42 - - [14/Jun/2019:11:22:56 -0300] "GET /cormun/servlet/permisogoce?40e0ecadb187bb4ba9045479c92db091f0d59222a3a096585c8fe512c3f16985f8bfdd85b874cf36222b25b98b29379cb23b410f27cc68af1c5a1f370a696355,gx-no-cache=1560521952693 HTTP/1.1" 200 45
200.112.233.47 - - [14/Jun/2019:11:22:56 -0300] "GET /cormun//static/Resources/PXToolsGridUpdate.png HTTP/1.1" 200 2984
200.112.233.47 - - [14/Jun/2019:11:22:56 -0300] "GET /cormun//static/Resources/PXToolsActionView.png HTTP/1.1" 200 2995
200.112.233.47 - - [14/Jun/2019:11:22:56 -0300] "GET /cormun//static/Resources/PXToolsGridDelete.png HTTP/1.1" 200 357
200.112.233.47 - - [14/Jun/2019:11:22:56 -0300] "GET /cormun/servlet/trsolicitudot? HTTP/1.1" 200 8897
200.112.233.47 - - [14/Jun/2019:11:22:56 -0300] "GET /cormun//static/Resources/PXToolsRemoveAllAction.png HTTP/1.1" 200 3558
190.171.142.42 - - [14/Jun/2019:11:23:00 -0300] "POST /cormun/servlet/permisogoce?17e20d3af999d95d91f591518581cfb0,INS,0,,,,gx-no-cache=1560521955524 HTTP/1.1" 200 93
190.171.142.42 - - [14/Jun/2019:11:23:00 -0300] "GET /cormun/servlet/hpexe_return? HTTP/1.1" 200 1016
190.171.142.42 - - [14/Jun/2019:11:23:00 -0300] "GET /cormun/servlet/trpermisosgoce? HTTP/1.1" 200 9791
190.171.142.42 - - [14/Jun/2019:11:23:01 -0300] "GET /cormun/servlet/trpermisosgoce? HTTP/1.1" 200 9782
200.112.233.47 - - [14/Jun/2019:11:23:02 -0300] "POST /cormun/servlet/trsolicitudot?e9d8d03453016455e121642a2114bfa0,,gx-no-cache=1560521949580 HTTP/1.1" 200 6048
200.112.233.47 - - [14/Jun/2019:11:23:02 -0300] "GET /cormun/static/Shared/jqueryui/images/ui-icons_82798d_256x240.png HTTP/1.1" 404 1089
200.112.233.47 - - [14/Jun/2019:11:23:02 -0300] "GET /cormun/static/Shared/jqueryui/images/ui-bg_highlight-soft_100_c6c2c8_1x100.png HTTP/1.1" 404 1117
200.112.233.47 - - [14/Jun/2019:11:23:02 -0300] "GET /cormun/static/Shared/jqueryui/images/ui-icons_8d78a5_256x240.png HTTP/1.1" 404 1089
200.112.233.47 - - [14/Jun/2019:11:23:02 -0300] "GET /cormun/static/Shared/jqueryui/images/ui-bg_flat_55_fafafa_40x100.png HTTP/1.1" 404 1097
190.171.142.42 - - [14/Jun/2019:11:23:04 -0300] "GET /cormun/servlet/trpermisosadjuntos?14204011,20190614101300,P, HTTP/1.1" 200 6626
190.171.142.42 - - [14/Jun/2019:11:23:05 -0300] "GET /cormun/servlet/trpermisosadjuntos?14204011,20190614101300,P, HTTP/1.1" 200 6627
190.171.142.42 - - [14/Jun/2019:11:23:07 -0300] "GET /cormun/servlet/permisosadjuntos?INS,14204011,P,20190614101300,, HTTP/1.1" 200 5954
190.171.142.42 - - [14/Jun/2019:11:23:07 -0300] "GET /cormun/servlet/permisosadjuntos?INS,14204011,P,20190614101300,, HTTP/1.1" 200 5944
190.171.142.42 - - [14/Jun/2019:11:23:08 -0300] "GET /cormun/static/about:blank HTTP/1.1" 404 1011
190.171.142.42 - - [14/Jun/2019:11:23:26 -0300] "POST /cormun/servlet/permisosadjuntos?17e20d3af999d95d91f591518581cfb0,INS,14204011,P,20190614101300,, HTTP/1.1" 200 116
190.171.142.42 - - [14/Jun/2019:11:23:26 -0300] "GET /cormun/servlet/hpexe_return? HTTP/1.1" 200 1043
190.171.142.42 - - [14/Jun/2019:11:23:27 -0300] "GET /cormun/servlet/trpermisosadjuntos?14204011,20190614101300,P, HTTP/1.1" 200 7117
190.171.142.42 - - [14/Jun/2019:11:23:27 -0300] "GET /cormun/servlet/trpermisosadjuntos?14204011,20190614101300,P, HTTP/1.1" 200 7115
190.171.142.42 - - [14/Jun/2019:11:23:32 -0300] "GET /cormun/servlet/trpermisosgoce? HTTP/1.1" 200 9782
190.171.142.42 - - [14/Jun/2019:11:23:33 -0300] "GET /cormun/servlet/trpermisosgoce? HTTP/1.1" 200 9785
190.171.142.42 - - [14/Jun/2019:11:23:37 -0300] "POST /cormun/servlet/trpermisosgoce?17e20d3af999d95d91f591518581cfb0,,gx-no-cache=1560521994091 HTTP/1.1" 200 6921
190.171.142.42 - - [14/Jun/2019:11:23:38 -0300] "GET /cormun/static/Shared/jqueryui/images/ui-bg_flat_55_fafafa_40x100.png HTTP/1.1" 404 1097
190.171.142.42 - - [14/Jun/2019:11:23:38 -0300] "GET /cormun/static/Shared/jqueryui/images/ui-icons_8d78a5_256x240.png HTTP/1.1" 404 1089
190.171.142.42 - - [14/Jun/2019:11:23:38 -0300] "GET /cormun/static/Shared/jqueryui/images/ui-icons_82798d_256x240.png HTTP/1.1" 404 1089
190.171.142.42 - - [14/Jun/2019:11:23:38 -0300] "GET /cormun/static/Shared/jqueryui/images/ui-bg_highlight-soft_100_c6c2c8_1x100.png HTTP/1.1" 404 1117
190.171.142.42 - - [14/Jun/2019:11:23:55 -0300] "GET /cormun/servlet/trpermisosgoce? HTTP/1.1" 200 9744
190.171.142.42 - - [14/Jun/2019:11:23:56 -0300] "GET /cormun/servlet/trpermisosgoce? HTTP/1.1" 200 9744
190.171.142.42 - - [14/Jun/2019:11:23:58 -0300] "GET /cormun/servlet/permisogoce?INS,0,,, HTTP/1.1" 200 7180
190.171.142.42 - - [14/Jun/2019:11:23:58 -0300] "GET /cormun/servlet/permisogoce?INS,0,,, HTTP/1.1" 200 7179
190.171.142.42 - - [14/Jun/2019:11:24:01 -0300] "GET /cormun/servlet/prfichaempleado?,MD,,gxPopupLevel%3D0%3B HTTP/1.1" 200 9418
190.171.142.42 - - [14/Jun/2019:11:24:19 -0300] "POST /cormun/servlet/prfichaempleado?17e20d3af999d95d91f591518581cfb0,,MD,,gxPopupLevel%3D0%3B,gx-no-cache=1560522034722 HTTP/1.1" 200 3481
200.112.233.47 - - [14/Jun/2019:11:24:24 -0300] "POST /cormun/servlet/trsolicitudot?e9d8d03453016455e121642a2114bfa0,,gx-no-cache=1560522031816 HTTP/1.1" 200 6048
190.171.142.42 - - [14/Jun/2019:11:24:25 -0300] "GET /cormun/servlet/permisogoce?40e0ecadb187bb4ba9045479c92db091ff5f9bf4519990abc53f9325050130de3a59d8d5bd3576b2fa32f868c027cdd81ce65a114c863611be07e9233e8418f7,gx-no-cache=1560522041931 HTTP/1.1" 200 83
200.112.233.47 - - [14/Jun/2019:11:24:28 -0300] "POST /cormun/servlet/trsolicitudot?e9d8d03453016455e121642a2114bfa0,,gx-no-cache=1560522035602 HTTP/1.1" 200 107
200.112.233.47 - - [14/Jun/2019:11:24:28 -0300] "GET /cormun/servlet/trsolicitudadjuntos?2019,15717, HTTP/1.1" 200 6439
200.112.233.47 - - [14/Jun/2019:11:24:28 -0300] "GET /cormun/static/gxcfg.js?20177612135366 HTTP/1.1" 200 953
200.112.233.47 - - [14/Jun/2019:11:24:28 -0300] "GET /cormun/static/trsolicitudadjuntos.js?20177612135632 HTTP/1.1" 200 17922
200.112.233.47 - - [14/Jun/2019:11:24:29 -0300] "GET /cormun/servlet/trsolicitudadjuntos?2019,15717, HTTP/1.1" 200 6439
200.112.233.47 - - [14/Jun/2019:11:24:31 -0300] "GET /cormun/servlet/solicitudotadjuntos?INS,2019,15717,,1, HTTP/1.1" 200 6382
200.112.233.47 - - [14/Jun/2019:11:24:31 -0300] "GET /cormun/static/gxcfg.js?2017761244068 HTTP/1.1" 200 953
200.112.233.47 - - [14/Jun/2019:11:24:31 -0300] "GET /cormun/static/about:blank HTTP/1.1" 404 1011
200.112.233.47 - - [14/Jun/2019:11:24:31 -0300] "GET /cormun/static/solicitudotadjuntos.js?2017761244086 HTTP/1.1" 200 11771
200.112.233.47 - - [14/Jun/2019:11:24:31 -0300] "GET /cormun/servlet/solicitudotadjuntos?INS,2019,15717,,1, HTTP/1.1" 200 6374
200.112.233.47 - - [14/Jun/2019:11:24:32 -0300] "GET /cormun/servlet/solicitudotadjuntos?e66ab25af29831f69a7ff9b7bcd0314fda5dc6f67fdb7c37d19c5e7cbbe7399997d47150828a5e0da4ecc0d11cae873e,gx-no-cache=1560522040450 HTTP/1.1" 200 30
200.112.233.47 - - [14/Jun/2019:11:24:33 -0300] "POST /cormun/servlet/solicitudotadjuntos?e9d8d03453016455e121642a2114bfa0,INS,2019,15717,,1,,gx-no-cache=1560522040610 HTTP/1.1" 200 4103
200.112.233.47 - - [14/Jun/2019:11:24:39 -0300] "POST /cormun/servlet/solicitudotadjuntos?gx-no-cache=1560522047182 HTTP/1.1" 200 26
190.171.142.42 - - [14/Jun/2019:11:24:39 -0300] "GET /cormun/servlet/permisogoce?40e0ecadb187bb4ba9045479c92db09119f4334c0bd126d194e35b81eb4e2e46b049bb3ade130447680ffb60ba6bc68bb23b410f27cc68af1c5a1f370a696355,gx-no-cache=1560522056071 HTTP/1.1" 200 45
190.171.142.42 - - [14/Jun/2019:11:24:45 -0300] "POST /cormun/servlet/permisogoce?17e20d3af999d95d91f591518581cfb0,INS,0,,,,gx-no-cache=1560522061071 HTTP/1.1" 200 93
190.171.142.42 - - [14/Jun/2019:11:24:45 -0300] "GET /cormun/servlet/hpexe_return? HTTP/1.1" 200 1015
190.171.142.42 - - [14/Jun/2019:11:24:46 -0300] "GET /cormun/servlet/trpermisosgoce HTTP/1.1" 200 9994
190.171.142.42 - - [14/Jun/2019:11:24:46 -0300] "GET /cormun/servlet/trpermisosgoce HTTP/1.1" 200 9995
190.171.142.42 - - [14/Jun/2019:11:24:51 -0300] "GET /cormun/servlet/trpermisosadjuntos?19590923,20190614101438,P, HTTP/1.1" 200 6628
