190.171.142.10 - - [03/Jun/2019:11:12:54 -0300] "GET /cormun/static/gxui/gxui-all.css?120300 HTTP/1.1" 200 2179
190.171.142.10 - - [03/Jun/2019:11:12:54 -0300] "GET /cormun/static/calendar-system.css?85620 HTTP/1.1" 200 5572
190.171.142.10 - - [03/Jun/2019:11:12:54 -0300] "GET /cormun/static/gxcfg.js?2017111422585916 HTTP/1.1" 200 953
190.171.142.10 - - [03/Jun/2019:11:12:54 -0300] "GET /cormun/static/calendar.js?85251 HTTP/1.1" 200 26246
190.171.142.10 - - [03/Jun/2019:11:12:54 -0300] "GET /cormun/static/calendar-setup.js?85251 HTTP/1.1" 200 2588
190.171.142.10 - - [03/Jun/2019:11:12:54 -0300] "GET /cormun/static/calendar-es.js?85251 HTTP/1.1" 200 1901
190.171.142.10 - - [03/Jun/2019:11:12:54 -0300] "GET /cormun/static/Resources/PXTools/calendar.png HTTP/1.1" 200 1306
190.171.142.10 - - [03/Jun/2019:11:12:54 -0300] "GET /cormun/static/Resources/PXToolsDataSearch.png HTTP/1.1" 200 419
190.171.142.10 - - [03/Jun/2019:11:12:54 -0300] "GET /cormun/static/gxdec.js?85251 HTTP/1.1" 200 19579
190.171.142.10 - - [03/Jun/2019:11:12:54 -0300] "GET /cormun/static/Resources/Spanish/PXTools.css?1255365 HTTP/1.1" 200 89042
190.171.142.10 - - [03/Jun/2019:11:12:54 -0300] "GET /cormun/static/trsolicitudot.js?201711142259839 HTTP/1.1" 200 54041
190.171.142.10 - - [03/Jun/2019:11:12:54 -0300] "GET /cormun/static/Resources/PXToolsGridFirstDisabled.gif HTTP/1.1" 200 100
190.171.142.10 - - [03/Jun/2019:11:12:54 -0300] "GET /cormun/static/Resources/PXToolsGridPreviousDisabled.gif HTTP/1.1" 200 90
190.171.142.10 - - [03/Jun/2019:11:12:55 -0300] "GET /cormun/static/Resources/PXToolsGridNextDisabled.gif HTTP/1.1" 200 90
190.171.142.10 - - [03/Jun/2019:11:12:55 -0300] "GET /cormun/static/Resources/PXToolsGridLastDisabled.gif HTTP/1.1" 200 98
190.171.142.10 - - [03/Jun/2019:11:12:55 -0300] "GET /cormun/static/Resources/PXToolsGridPage.gif HTTP/1.1" 200 725
190.171.142.10 - - [03/Jun/2019:11:12:55 -0300] "GET /cormun/static/Resources/PXToolsActionExcel.png HTTP/1.1" 200 3187
190.171.142.10 - - [03/Jun/2019:11:12:55 -0300] "GET /cormun/static/Resources/PXToolsGridNew.png HTTP/1.1" 200 2949
190.171.142.10 - - [03/Jun/2019:11:12:55 -0300] "GET /cormun/static/Shared/ext/resources/css/ext-all.css?215870 HTTP/1.1" 200 416045
190.171.142.10 - - [03/Jun/2019:11:12:56 -0300] "GET /cormun/static/Resources/asc.gif HTTP/1.1" 200 67
190.171.142.10 - - [03/Jun/2019:11:12:56 -0300] "GET /cormun/static/Resources/desc.gif HTTP/1.1" 200 65
190.171.142.10 - - [03/Jun/2019:11:12:56 -0300] "GET /cormun/servlet/trsolicitudot? HTTP/1.1" 200 7523
190.171.142.10 - - [03/Jun/2019:11:12:56 -0300] "GET /cormun/static/Shared/ext/resources/themes/images/default/panel/bg-headersPanel.png HTTP/1.1" 200 255
190.171.142.10 - - [03/Jun/2019:11:12:56 -0300] "GET /cormun/static/Shared/ext/resources/themes/images/default/tools/tool-sprites.gif HTTP/1.1" 200 5434
190.171.142.10 - - [03/Jun/2019:11:12:59 -0300] "GET /cormun/servlet/solicitudot?INS,0,0, HTTP/1.1" 200 15299
190.171.142.10 - - [03/Jun/2019:11:12:59 -0300] "GET /cormun/static/calendar-system.css?75620 HTTP/1.1" 200 5572
190.171.142.10 - - [03/Jun/2019:11:12:59 -0300] "GET /cormun/static/gxcfg.js?20189101114418 HTTP/1.1" 200 953
190.171.142.10 - - [03/Jun/2019:11:12:59 -0300] "GET /cormun/static/Resources/prompt.gif HTTP/1.1" 200 902
190.171.142.10 - - [03/Jun/2019:11:12:59 -0300] "GET /cormun/static/solicitudot.js?20189101114718 HTTP/1.1" 200 71883
190.171.142.10 - - [03/Jun/2019:11:13:00 -0300] "GET /cormun/servlet/solicitudot?INS,0,0, HTTP/1.1" 200 15304
190.171.142.10 - - [03/Jun/2019:11:13:22 -0300] "POST /cormun/servlet/solicitudot?gx-no-cache=1559570969900 HTTP/1.1" 200 3459
190.171.142.10 - - [03/Jun/2019:11:13:22 -0300] "POST /cormun/servlet/solicitudot?289bb0af4a7acc5916b6a30e08782a23,INS,0,0,,gx-no-cache=1559570970201 HTTP/1.1" 200 11922
190.171.142.10 - - [03/Jun/2019:11:13:24 -0300] "GET /cormun/servlet/solicitudot?fe48203d4002bfe8c8f543b2bfcdc87551b13a00bef9b1bda11eb10054b934d40883d66ec990216af2a157ece9696d2c,gx-no-cache=1559570972364 HTTP/1.1" 200 30
200.54.107.2 - - [03/Jun/2019:11:13:41 -0300] "GET /cormun/servlet/trlicencias? HTTP/1.1" 200 9508
200.54.107.2 - - [03/Jun/2019:11:13:41 -0300] "GET /cormun/static/gxcfg.js?20176272054169 HTTP/1.1" 200 953
200.54.107.2 - - [03/Jun/2019:11:13:41 -0300] "GET /cormun/static/trlicencias.js?20176272054837 HTTP/1.1" 200 41883
200.54.107.2 - - [03/Jun/2019:11:13:42 -0300] "GET /cormun/servlet/trlicencias? HTTP/1.1" 200 9506
190.171.143.90 - - [03/Jun/2019:11:13:44 -0300] "GET /cormun/servlet/trlicencias? HTTP/1.1" 200 12864
190.171.143.90 - - [03/Jun/2019:11:13:44 -0300] "GET /cormun/servlet/trlicencias? HTTP/1.1" 200 12933
190.171.143.90 - - [03/Jun/2019:11:13:45 -0300] "GET /cormun/servlet/trlicencias? HTTP/1.1" 200 12933
200.54.107.2 - - [03/Jun/2019:11:14:05 -0300] "GET /cormun/servlet/trsolicitudot? HTTP/1.1" 200 7513
200.54.107.2 - - [03/Jun/2019:11:14:06 -0300] "GET /cormun/servlet/trsolicitudot? HTTP/1.1" 200 7513
200.54.107.2 - - [03/Jun/2019:11:14:11 -0300] "GET /cormun/servlet/solicitudot?INS,0,0, HTTP/1.1" 200 15300
200.54.107.2 - - [03/Jun/2019:11:14:11 -0300] "GET /cormun/static/gxcfg.js?20189101114418 HTTP/1.1" 304 -
200.54.107.2 - - [03/Jun/2019:11:14:11 -0300] "GET /cormun/servlet/solicitudot?INS,0,0, HTTP/1.1" 200 15306
200.54.107.2 - - [03/Jun/2019:11:14:27 -0300] "POST /cormun/servlet/solicitudot?gx-no-cache=1559571034913 HTTP/1.1" 200 3586
200.54.107.2 - - [03/Jun/2019:11:14:28 -0300] "POST /cormun/servlet/solicitudot?632a3c90e706c6b79c85149966280c01,INS,0,0,,gx-no-cache=1559571035158 HTTP/1.1" 200 12053
200.54.107.2 - - [03/Jun/2019:11:14:29 -0300] "GET /cormun/servlet/solicitudot?86413b483dbad606158ca6aefeee1f625a434110cb9a4f1eb6803ab73bb18af67b1035fe56eb1d404860c7ce8531b67d,gx-no-cache=1559571036138 HTTP/1.1" 200 30
200.54.107.2 - - [03/Jun/2019:11:14:33 -0300] "GET /cormun/servlet/solicitudot?86413b483dbad606158ca6aefeee1f624fc9c9d646ceeef228e561f215ab8d193b9f92ee38a692385fc10dcbb58c6e423bddde6b1f4a9ebc4ea84453cb1d1de8,gx-no-cache=1559571040858 HTTP/1.1" 200 30
200.54.107.2 - - [03/Jun/2019:11:14:33 -0300] "GET /cormun/servlet/solicitudot?86413b483dbad606158ca6aefeee1f62c5d0b743fa9a97ac835b5317882bad1b,gx-no-cache=1559571040912 HTTP/1.1" 200 53
200.54.107.2 - - [03/Jun/2019:11:14:42 -0300] "POST /cormun/servlet/solicitudot?gx-no-cache=1559571049765 HTTP/1.1" 200 297
200.54.107.2 - - [03/Jun/2019:11:14:42 -0300] "GET /cormun/servlet/solicitudot?86413b483dbad606158ca6aefeee1f62bfd4ee81cba2c6d9f20926feb82d48d4675840ff59246a8e05bb302a63a17331e12e122680e11f1f259e2511dcca63edaf053c60f4fbfb63e75f5ab8cf971acf6ed0d413288fc77c128622d339f72d653b18a61b2c60db40067f7da4f3696939301049815c22af1c1ddcc77aeece9755d49a15271f0472cb0dcc2eaaf95a9c5ea854a0612f4575519deb944173ee69ccb3d6ed00c5789856df84b618d31cc398219ccdefa8df765335cdea2e9a6249741a04715f2b0d33e741d1f3c55b2f1e6435a6f4abe460670a294516ee0196693a58cc818f7aa94479d184f2aeee3c9f7898a80096e9e46231742a0f840ca7d5bc860b7ea2bb43e9fa56ff3159f34ba5a0bb8bcf68f9bf5aac422893fd40440c7fb3c8d52d8d182ab8e6f9e48ce0b75c0589d3d23179316bdca86e2ce5d2ae6ed76be460b0a49aecbdbb78bdf34701f14ee22df0c88a9925346b090fafc9ef54e84e6d140868362e8388a76ea5699a17e6b0258e0fc1bdc70aa4dd85d2ec70ccab577fdbc0781a8d33a875afa661400c5c,gx-no-cache=1559571049828 HTTP/1.1" 200 30
190.171.142.10 - - [03/Jun/2019:11:15:01 -0300] "POST /cormun/servlet/solicitudot?289bb0af4a7acc5916b6a30e08782a23,INS,0,0,,gx-no-cache=1559571068794 HTTP/1.1" 200 12100
190.171.142.10 - - [03/Jun/2019:11:15:01 -0300] "GET /cormun/static/Shared/jqueryui/images/ui-bg_highlight-soft_100_c6c2c8_1x100.png HTTP/1.1" 404 1117
190.171.142.10 - - [03/Jun/2019:11:15:01 -0300] "GET /cormun/static/Shared/jqueryui/images/ui-icons_82798d_256x240.png HTTP/1.1" 404 1089
190.171.142.10 - - [03/Jun/2019:11:15:01 -0300] "GET /cormun/static/Shared/jqueryui/images/ui-bg_flat_55_fafafa_40x100.png HTTP/1.1" 404 1097
190.171.142.10 - - [03/Jun/2019:11:15:01 -0300] "GET /cormun/static/Shared/jqueryui/images/ui-icons_8d78a5_256x240.png HTTP/1.1" 404 1089
200.54.107.2 - - [03/Jun/2019:11:15:06 -0300] "POST /cormun/servlet/solicitudot?gx-no-cache=1559571073051 HTTP/1.1" 200 30
200.54.237.82 - - [03/Jun/2019:11:15:06 -0300] "GET /cormun/servlet/licenciaspermisos?INS,0,,, HTTP/1.1" 200 7860
200.54.237.82 - - [03/Jun/2019:11:15:06 -0300] "GET /cormun/static/gxcfg.js?201762917281167 HTTP/1.1" 200 953
200.54.237.82 - - [03/Jun/2019:11:15:06 -0300] "GET /cormun/static/Resources/prompt.gif HTTP/1.1" 200 902
190.171.142.10 - - [03/Jun/2019:11:15:06 -0300] "POST /cormun/servlet/solicitudot?gx-no-cache=1559571074186 HTTP/1.1" 200 3525
200.54.237.82 - - [03/Jun/2019:11:15:06 -0300] "GET /cormun/static/licenciaspermisos.js?201762917281260 HTTP/1.1" 200 37491
190.171.142.10 - - [03/Jun/2019:11:15:06 -0300] "POST /cormun/servlet/solicitudot?289bb0af4a7acc5916b6a30e08782a23,INS,0,0,,gx-no-cache=1559571074453 HTTP/1.1" 200 12112
200.54.237.82 - - [03/Jun/2019:11:15:07 -0300] "GET /cormun/servlet/licenciaspermisos?INS,0,,, HTTP/1.1" 200 7868
190.171.142.10 - - [03/Jun/2019:11:15:07 -0300] "GET /cormun/servlet/solicitudot?fe48203d4002bfe8c8f543b2bfcdc87551b13a00bef9b1bda11eb10054b934d4fabf7c7ee802ee194fcfbf282c702feb,gx-no-cache=1559571074839 HTTP/1.1" 200 30
190.171.142.10 - - [03/Jun/2019:11:15:07 -0300] "GET /cormun/servlet/solicitudot?fe48203d4002bfe8c8f543b2bfcdc8750ccf598800f7a843669ae7d11cc939289f023be913f58ac06715d1c8ed6f4d82d9427a3bc37e5782a9cf604f60e7746e,gx-no-cache=1559571074951 HTTP/1.1" 200 30
190.171.142.10 - - [03/Jun/2019:11:15:07 -0300] "GET /cormun/servlet/solicitudot?fe48203d4002bfe8c8f543b2bfcdc875666b49383e5762b67997b33a2f6853de,gx-no-cache=1559571075008 HTTP/1.1" 200 29
200.54.107.2 - - [03/Jun/2019:11:15:08 -0300] "POST /cormun/servlet/solicitudot?gx-no-cache=1559571075711 HTTP/1.1" 200 1344
200.54.107.2 - - [03/Jun/2019:11:15:08 -0300] "POST /cormun/servlet/solicitudot?gx-no-cache=1559571075775 HTTP/1.1" 200 38
200.54.107.2 - - [03/Jun/2019:11:15:08 -0300] "GET /cormun/servlet/solicitudot?86413b483dbad606158ca6aefeee1f62e1a52784ed5e13fb6a630c2610a3ae9c1e3b3d1f01dbbe37e90c25903edb4c15eb5d53b24809f82aea8fc7b8069d279a622c7f85e081d3b02b0f18406a4d59843667974b5c9b98c409e1e0d72f70ad90d70b64290ce3588674a66c819b974db1,gx-no-cache=1559571075803 HTTP/1.1" 200 110
190.171.142.10 - - [03/Jun/2019:11:15:16 -0300] "POST /cormun/servlet/solicitudot?gx-no-cache=1559571084396 HTTP/1.1" 200 256
200.54.107.2 - - [03/Jun/2019:11:15:27 -0300] "GET /cormun/servlet/trcontratosolicitud? HTTP/1.1" 200 9865
200.54.107.2 - - [03/Jun/2019:11:15:27 -0300] "GET /cormun/servlet/trcontratosolicitud? HTTP/1.1" 200 9869
190.171.142.10 - - [03/Jun/2019:11:15:29 -0300] "GET /cormun/servlet/solicitudot?fe48203d4002bfe8c8f543b2bfcdc875070972bf25eac15bddb78be2ea26748fb887aaff9d3a28fd0b26c1d68fc8b29ea0b006673e63cfbc4f128af5d8ec04a542b353acbf44a1e2f35f941fb0cc42e4fbe266d3d6d7bdce3bad54b496f371f09dbf653efc36dac3fbc33cb8471644f2ff880c3bcea5f2ad1ca3163d0da6fdfc78f2ee9dff5687764fc4686120e5b3ebe86f24500bfaffaa584d9e26806f2023f28ebbc896ee1d9cf4321b4fb14e12d0844207597f41e335e931f8050f0d4d6727e3c11f572b168f144fea7bdb7b2860a211aca6d8130364c7d520121c30a2e5f58364e72d4949d68dcc1bc46f857ca3e96c809e52a96b7c28fef3a7d9a6d07c13669a5d6167ed67683105428813050269d0ecdc5bf91f072542005735f249a90a40d6b845619e00584a7ef402209056d16cac8a0b4041bc58f938bee9a612c8a633130abf54013e9cde731e10805ea06c4fecdfe76ca931c6e20f24a0cc4bdd80ecdc06c49656a5d3e59c81799089af274c5d60febdf8c7f5b955d708bb9321,gx-no-cache=1559571097195 HTTP/1.1" 200 30
190.171.141.122 - - [03/Jun/2019:11:15:33 -0300] "GET /cormun/servlet/trpermisosgoce? HTTP/1.1" 200 6121
190.171.141.122 - - [03/Jun/2019:11:15:33 -0300] "GET /cormun/servlet/hlogin HTTP/1.1" 200 1740
190.171.141.122 - - [03/Jun/2019:11:15:33 -0300] "GET /cormun/servlet/trpermisosgoce? HTTP/1.1" 200 6118
190.171.142.10 - - [03/Jun/2019:11:15:33 -0300] "POST /cormun/servlet/solicitudot?gx-no-cache=1559571101445 HTTP/1.1" 200 30
190.171.142.10 - - [03/Jun/2019:11:15:35 -0300] "POST /cormun/servlet/solicitudot?gx-no-cache=1559571103377 HTTP/1.1" 200 1341
190.171.142.10 - - [03/Jun/2019:11:15:35 -0300] "POST /cormun/servlet/solicitudot?gx-no-cache=1559571103484 HTTP/1.1" 200 38
200.54.107.2 - - [03/Jun/2019:11:15:36 -0300] "GET /cormun/servlet/trcontratosolicitud? HTTP/1.1" 200 9862
200.54.107.2 - - [03/Jun/2019:11:15:37 -0300] "GET /cormun/servlet/trcontratosolicitud? HTTP/1.1" 200 9859
190.171.141.122 - - [03/Jun/2019:11:15:43 -0300] "POST /cormun/servlet/hlogin?c48d50ecd4dbea07c772249bfddb1908,gx-no-cache=1559571111383 HTTP/1.1" 200 90
190.171.141.122 - - [03/Jun/2019:11:15:43 -0300] "GET /cormun/servlet/hpexe_link HTTP/1.1" 200 957
190.171.141.122 - - [03/Jun/2019:11:15:43 -0300] "GET /cormun/servlet/trpermisosgoce HTTP/1.1" 200 9999
200.54.107.2 - - [03/Jun/2019:11:15:44 -0300] "GET /cormun/servlet/trcontratounov2? HTTP/1.1" 200 17627
190.171.141.122 - - [03/Jun/2019:11:15:44 -0300] "GET /cormun/servlet/trpermisosgoce HTTP/1.1" 200 10002
200.54.107.2 - - [03/Jun/2019:11:15:44 -0300] "GET /cormun/servlet/trcontratounov2? HTTP/1.1" 200 17627
190.171.141.122 - - [03/Jun/2019:11:15:47 -0300] "GET /cormun/servlet/trpermisosgoce? HTTP/1.1" 200 9998
190.171.141.122 - - [03/Jun/2019:11:15:47 -0300] "GET /cormun/servlet/trpermisosgoce? HTTP/1.1" 200 9991
200.54.107.2 - - [03/Jun/2019:11:15:54 -0300] "GET /cormun/servlet/trsolicitudot? HTTP/1.1" 200 7512
190.171.141.122 - - [03/Jun/2019:11:15:54 -0300] "GET /cormun/servlet/permisogoce?INS,0,,, HTTP/1.1" 200 7202
200.54.107.2 - - [03/Jun/2019:11:15:54 -0300] "GET /cormun/servlet/trsolicitudot? HTTP/1.1" 200 7511
190.171.141.122 - - [03/Jun/2019:11:15:54 -0300] "GET /cormun/servlet/permisogoce?INS,0,,, HTTP/1.1" 200 7202
200.54.107.2 - - [03/Jun/2019:11:15:57 -0300] "GET /cormun/servlet/solicitudot?INS,0,0, HTTP/1.1" 200 15298
190.171.141.122 - - [03/Jun/2019:11:15:57 -0300] "GET /cormun/servlet/prfichaempleado?,MD,,gxPopupLevel%3D0%3B HTTP/1.1" 200 9439
200.54.107.2 - - [03/Jun/2019:11:15:57 -0300] "GET /cormun/servlet/solicitudot?INS,0,0, HTTP/1.1" 200 15304
200.54.107.2 - - [03/Jun/2019:11:16:08 -0300] "POST /cormun/servlet/solicitudot?gx-no-cache=1559571135271 HTTP/1.1" 200 3586
200.54.107.2 - - [03/Jun/2019:11:16:08 -0300] "POST /cormun/servlet/solicitudot?632a3c90e706c6b79c85149966280c01,INS,0,0,,gx-no-cache=1559571135512 HTTP/1.1" 200 12052
200.54.107.2 - - [03/Jun/2019:11:16:17 -0300] "GET /cormun/servlet/solicitudot?86413b483dbad606158ca6aefeee1f625a434110cb9a4f1eb6803ab73bb18af67b1035fe56eb1d404860c7ce8531b67d,gx-no-cache=1559571144110 HTTP/1.1" 200 30
200.54.107.2 - - [03/Jun/2019:11:16:17 -0300] "GET /cormun/servlet/solicitudot?86413b483dbad606158ca6aefeee1f624fc9c9d646ceeef228e561f215ab8d193b9f92ee38a692385fc10dcbb58c6e423bddde6b1f4a9ebc4ea84453cb1d1de8,gx-no-cache=1559571144177 HTTP/1.1" 200 30
200.54.107.2 - - [03/Jun/2019:11:16:17 -0300] "GET /cormun/servlet/solicitudot?86413b483dbad606158ca6aefeee1f62c5d0b743fa9a97ac835b5317882bad1b,gx-no-cache=1559571144248 HTTP/1.1" 200 53
200.54.107.2 - - [03/Jun/2019:11:16:17 -0300] "POST /cormun/servlet/solicitudot?gx-no-cache=1559571144294 HTTP/1.1" 200 297
200.54.107.2 - - [03/Jun/2019:11:16:17 -0300] "GET /cormun/servlet/solicitudot?86413b483dbad606158ca6aefeee1f62bfd4ee81cba2c6d9f20926feb82d48d4675840ff59246a8e05bb302a63a17331e12e122680e11f1f259e2511dcca63edaf053c60f4fbfb63e75f5ab8cf971acf6ed0d413288fc77c128622d339f72d653b18a61b2c60db40067f7da4f3696939301049815c22af1c1ddcc77aeece9755d49a15271f0472cb0dcc2eaaf95a9c5ea854a0612f4575519deb944173ee69ccb3d6ed00c5789856df84b618d31cc398219ccdefa8df765335cdea2e9a6249741a04715f2b0d33e741d1f3c55b2f1e6435a6f4abe460670a294516ee0196693a58cc818f7aa94479d184f2aeee3c9f7898a80096e9e46231742a0f840ca7d5bc860b7ea2bb43e9fa56ff3159f34ba5a0bb8bcf68f9bf5aac422893fd40440c7fb3c8d52d8d182ab8e6f9e48ce0b75c0589d3d23179316bdca86e2ce5d2ae6ed76be460b0a49aecbdbb78bdf34701f14ee22df0c88a9925346b090fafc9ef54e84e6d140868362e8388a76ea5699a17e6b0258e0fc1bdc70aa4dd85d2ec70ccab577fdbc0781a8d33a875afa661400c5c,gx-no-cache=1559571144364 HTTP/1.1" 200 30
200.54.107.2 - - [03/Jun/2019:11:16:20 -0300] "POST /cormun/servlet/solicitudot?gx-no-cache=1559571147456 HTTP/1.1" 200 30
200.54.107.2 - - [03/Jun/2019:11:16:25 -0300] "POST /cormun/servlet/solicitudot?gx-no-cache=1559571152470 HTTP/1.1" 200 1344
200.54.107.2 - - [03/Jun/2019:11:16:25 -0300] "POST /cormun/servlet/solicitudot?gx-no-cache=1559571152546 HTTP/1.1" 200 38
200.54.107.2 - - [03/Jun/2019:11:16:25 -0300] "GET /cormun/servlet/solicitudot?86413b483dbad606158ca6aefeee1f62e1a52784ed5e13fb6a630c2610a3ae9c1e3b3d1f01dbbe37e90c25903edb4c15eb5d53b24809f82aea8fc7b8069d279a622c7f85e081d3b02b0f18406a4d59843667974b5c9b98c409e1e0d72f70ad90d70b64290ce3588674a66c819b974db1,gx-no-cache=1559571152593 HTTP/1.1" 200 110
190.171.141.122 - - [03/Jun/2019:11:16:36 -0300] "POST /cormun/servlet/prfichaempleado?c48d50ecd4dbea07c772249bfddb1908,,MD,,gxPopupLevel%3D0%3B,gx-no-cache=1559571163847 HTTP/1.1" 200 3533
190.171.141.122 - - [03/Jun/2019:11:16:41 -0300] "GET /cormun/servlet/permisogoce?5a25d5fbb4174c355ba03b6fc9f77fae4decfc20d996ea8c50d42bfe2b51b2fa2c05185c34611ee16cefaa25638d50f5a275a24f601117c2e04399387b32a31e,gx-no-cache=1559571168824 HTTP/1.1" 200 83
190.171.141.122 - - [03/Jun/2019:11:16:47 -0300] "GET /cormun/servlet/permisogoce?5a25d5fbb4174c355ba03b6fc9f77fae857683c6488e929f86ad974b4f55017e8533e7b38b14ca4fd1eed9bd390de9eac6d8e56bc716b28b634be5ac57b8e3b5,gx-no-cache=1559571174712 HTTP/1.1" 200 47
190.171.141.122 - - [03/Jun/2019:11:16:49 -0300] "POST /cormun/servlet/permisogoce?c48d50ecd4dbea07c772249bfddb1908,INS,0,,,,gx-no-cache=1559571177092 HTTP/1.1" 200 93
190.171.141.122 - - [03/Jun/2019:11:16:50 -0300] "GET /cormun/servlet/hpexe_return? HTTP/1.1" 200 1011
190.171.141.122 - - [03/Jun/2019:11:16:50 -0300] "GET /cormun/servlet/trpermisosgoce HTTP/1.1" 200 10327
190.171.141.122 - - [03/Jun/2019:11:16:50 -0300] "GET /cormun/servlet/trpermisosgoce HTTP/1.1" 200 10324
190.171.141.122 - - [03/Jun/2019:11:16:53 -0300] "GET /cormun/servlet/apermisogoceprn?17521210,P,20190603100637,PU HTTP/1.1" 200 1661
200.54.237.82 - - [03/Jun/2019:11:17:00 -0300] "GET /cormun/static/Resources/resize.gif HTTP/1.1" 200 77
200.54.237.82 - - [03/Jun/2019:11:17:01 -0300] "GET /cormun/servlet/prfichaempleado?,MD,,gxPopupLevel%3D0%3B HTTP/1.1" 200 9421
200.54.237.82 - - [03/Jun/2019:11:17:01 -0300] "GET /cormun/static/gxcfg.js?20177612134814 HTTP/1.1" 200 953
200.54.237.82 - - [03/Jun/2019:11:17:01 -0300] "GET /cormun/static/Resources/PXToolsMenuSearch.png HTTP/1.1" 200 2914
200.54.237.82 - - [03/Jun/2019:11:17:01 -0300] "GET /cormun/static/Resources/PXToolsMenuSearchCancel.png HTTP/1.1" 200 2972
200.54.237.82 - - [03/Jun/2019:11:17:01 -0300] "GET /cormun/static/prfichaempleado.js?20177612134999 HTTP/1.1" 200 16006
200.54.237.82 - - [03/Jun/2019:11:17:01 -0300] "GET /cormun/static/menusearch.js?201610171694467 HTTP/1.1" 200 1424
200.54.237.82 - - [03/Jun/2019:11:17:01 -0300] "GET /cormun/static/hmpwkw011.js?20177612121862 HTTP/1.1" 200 1968
190.171.142.10 - - [03/Jun/2019:11:17:08 -0300] "GET /cormun/servlet/solicitudot?fe48203d4002bfe8c8f543b2bfcdc8751f83c47bb4bcd239f011dff4db0b25b31661c58719c7b3735397f78ab1dd179ce5979775e298cfdfe8c1d4d7ef9c1d017a118dfe096ad299b6ce568f787ae7aed348d37f19c13bc6469f2500ba71149d1b0099e367d443df648d165e13565d9e,gx-no-cache=1559571195875 HTTP/1.1" 200 110
200.54.107.2 - - [03/Jun/2019:11:17:08 -0300] "POST /cormun/servlet/solicitudot?gx-no-cache=1559571195593 HTTP/1.1" 200 72
190.171.142.10 - - [03/Jun/2019:11:17:12 -0300] "POST /cormun/servlet/solicitudot?gx-no-cache=1559571200185 HTTP/1.1" 200 83
200.54.107.2 - - [03/Jun/2019:11:17:14 -0300] "GET /cormun/servlet/solicitudot?86413b483dbad606158ca6aefeee1f62f28d7c50085afb2e1de267f50138728ac919161d10fbd5e8d3fe179fc73c53832e7e469bbed8dc08e20b91420f25c9c36f325bdc4cde3e07bd945a37758116ecd87dcc82d9754d36faf73108364651efacf9017c0f9f9a5c18ca858683df1a88,gx-no-cache=1559571201110 HTTP/1.1" 200 29
200.54.237.82 - - [03/Jun/2019:11:17:14 -0300] "POST /cormun/servlet/prfichaempleado?39e45d0b7ab42b672ea5fc100da9ccd0,,MD,,gxPopupLevel%3D0%3B,gx-no-cache=1559571202146 HTTP/1.1" 200 3423
200.54.237.82 - - [03/Jun/2019:11:17:18 -0300] "GET /cormun/servlet/licenciaspermisos?8d9316e6da2f9ff816516c3d62850cf8b5bbc5c57674818d1b620eb2c261fa8accd473ff7b00d170ff06c898c798ffd5,gx-no-cache=1559571206427 HTTP/1.1" 200 94
200.54.237.82 - - [03/Jun/2019:11:17:18 -0300] "POST /cormun/servlet/licenciaspermisos?39e45d0b7ab42b672ea5fc100da9ccd0,INS,0,,,,gx-no-cache=1559571206554 HTTP/1.1" 200 4958
200.54.107.2 - - [03/Jun/2019:11:17:21 -0300] "GET /cormun/static/menuarrow.gif HTTP/1.1" 404 1015
190.171.142.10 - - [03/Jun/2019:11:17:25 -0300] "GET /cormun/servlet/solicitudot?fe48203d4002bfe8c8f543b2bfcdc8750569a6539dd3e10c5e6ae1045d8afd1c281d2838756a5ed094171bf3603b9671886fae5f659ee8689b6226e9d7fcc9e2a0880b7704c38150a8b643674b7470ee4e122cff8d2563aec158a8fb59b54ffc0c62c9762b9a589fdb4fa0702dbd72fb,gx-no-cache=1559571213063 HTTP/1.1" 200 29
190.171.142.10 - - [03/Jun/2019:11:17:25 -0300] "GET /cormun/static/menuarrow.gif HTTP/1.1" 404 1015
200.54.107.2 - - [03/Jun/2019:11:17:30 -0300] "GET /cormun/servlet/solicitudot?86413b483dbad606158ca6aefeee1f625128f04e0180aa53b0d77a5a8d7ba5f089e69ae7f15fe76507927ff7ea9a9458,gx-no-cache=1559571217815 HTTP/1.1" 200 134
200.54.107.2 - - [03/Jun/2019:11:17:30 -0300] "GET /cormun/static/Shared/jqueryui/images/ui-bg_flat_55_994d53_40x100.png HTTP/1.1" 404 1097
200.54.107.2 - - [03/Jun/2019:11:17:30 -0300] "GET /cormun/static/Shared/jqueryui/images/ui-icons_ebccce_256x240.png HTTP/1.1" 404 1089
200.54.107.2 - - [03/Jun/2019:11:17:30 -0300] "GET /cormun/static/Shared/jqueryui/images/ui-bg_highlight-soft_100_c6c2c8_1x100.png HTTP/1.1" 404 1117
200.54.107.2 - - [03/Jun/2019:11:17:30 -0300] "GET /cormun/static/Shared/jqueryui/images/ui-icons_82798d_256x240.png HTTP/1.1" 404 1089
190.171.142.10 - - [03/Jun/2019:11:17:32 -0300] "GET /cormun/servlet/solicitudot?fe48203d4002bfe8c8f543b2bfcdc8757b28eadd63b5921979b4cb7b7f8d2ad4ccbab16f674214259aaffb78e3e23eec,gx-no-cache=1559571219790 HTTP/1.1" 200 30
190.171.142.10 - - [03/Jun/2019:11:17:53 -0300] "POST /cormun/servlet/solicitudot?gx-no-cache=1559571240844 HTTP/1.1" 200 30
190.171.142.10 - - [03/Jun/2019:11:18:09 -0300] "POST /cormun/servlet/solicitudot?289bb0af4a7acc5916b6a30e08782a23,INS,0,0,,gx-no-cache=1559571251813 HTTP/1.1" 200 93
190.171.142.10 - - [03/Jun/2019:11:18:09 -0300] "GET /cormun/servlet/hpexe_return? HTTP/1.1" 200 1004
190.171.142.10 - - [03/Jun/2019:11:18:09 -0300] "GET /cormun/static/gxcfg.js?2016101716175148 HTTP/1.1" 200 953
190.171.142.10 - - [03/Jun/2019:11:18:09 -0300] "GET /cormun/static/hpexe_return.js?2016101716175153 HTTP/1.1" 200 1633
190.171.142.10 - - [03/Jun/2019:11:18:09 -0300] "GET /cormun/static/Resources/Spanish/PXTools.css?167811 HTTP/1.1" 200 89042
190.171.142.10 - - [03/Jun/2019:11:18:09 -0300] "GET /cormun/servlet/trsolicitudot HTTP/1.1" 200 8891
190.171.142.10 - - [03/Jun/2019:11:18:11 -0300] "GET /cormun//static/Resources/PXToolsActionView.png HTTP/1.1" 200 2995
190.171.142.10 - - [03/Jun/2019:11:18:11 -0300] "GET /cormun//static/Resources/PXToolsGridUpdate.png HTTP/1.1" 200 2984
190.171.142.10 - - [03/Jun/2019:11:18:11 -0300] "GET /cormun//static/Resources/PXToolsRemoveAllAction.png HTTP/1.1" 200 3558
190.171.142.10 - - [03/Jun/2019:11:18:11 -0300] "GET /cormun//static/Resources/PXTools/ActionInsert.png HTTP/1.1" 200 1482
190.171.142.10 - - [03/Jun/2019:11:18:11 -0300] "GET /cormun//static/Resources/PXToolsGridDelete.png HTTP/1.1" 200 357
190.171.142.10 - - [03/Jun/2019:11:18:11 -0300] "GET /cormun/servlet/trsolicitudot HTTP/1.1" 200 8887
200.54.237.82 - - [03/Jun/2019:11:18:11 -0300] "GET /cormun/static/menuarrow.gif HTTP/1.1" 404 1015
190.171.142.10 - - [03/Jun/2019:11:18:17 -0300] "GET /cormun/servlet/trsolicitudot? HTTP/1.1" 200 8887
190.171.142.10 - - [03/Jun/2019:11:18:18 -0300] "GET /cormun/servlet/trsolicitudot? HTTP/1.1" 200 8887
200.54.107.2 - - [03/Jun/2019:11:18:20 -0300] "POST /cormun/servlet/solicitudot?gx-no-cache=1559571267111 HTTP/1.1" 200 30
190.171.142.10 - - [03/Jun/2019:11:18:21 -0300] "POST /cormun/servlet/trsolicitudot?289bb0af4a7acc5916b6a30e08782a23,,gx-no-cache=1559571268717 HTTP/1.1" 200 107
190.171.142.10 - - [03/Jun/2019:11:18:21 -0300] "GET /cormun/servlet/trsolicitudadjuntos?2019,15670, HTTP/1.1" 200 6403
190.171.142.10 - - [03/Jun/2019:11:18:21 -0300] "GET /cormun/static/gxui/gxui-all.css?110300 HTTP/1.1" 200 2179
190.171.142.10 - - [03/Jun/2019:11:18:21 -0300] "GET /cormun/static/gxcfg.js?20177612135366 HTTP/1.1" 200 953
190.171.142.10 - - [03/Jun/2019:11:18:21 -0300] "GET /cormun/static/trsolicitudadjuntos.js?20177612135632 HTTP/1.1" 200 17922
190.171.142.10 - - [03/Jun/2019:11:18:21 -0300] "GET /cormun/static/Shared/ext/resources/css/ext-all.css?205870 HTTP/1.1" 200 416045
190.171.142.10 - - [03/Jun/2019:11:18:22 -0300] "GET /cormun/servlet/trsolicitudadjuntos?2019,15670, HTTP/1.1" 200 6403
190.171.142.10 - - [03/Jun/2019:11:18:25 -0300] "GET /cormun/servlet/solicitudotadjuntos?INS,2019,15670,,1, HTTP/1.1" 200 6355
190.171.142.10 - - [03/Jun/2019:11:18:25 -0300] "GET /cormun/static/gxcfg.js?2017761244068 HTTP/1.1" 200 953
190.171.142.10 - - [03/Jun/2019:11:18:25 -0300] "GET /cormun/static/solicitudotadjuntos.js?2017761244086 HTTP/1.1" 200 11771
190.171.142.10 - - [03/Jun/2019:11:18:25 -0300] "GET /cormun/static/about:blank HTTP/1.1" 404 1011
190.171.142.10 - - [03/Jun/2019:11:18:26 -0300] "GET /cormun/servlet/solicitudotadjuntos?INS,2019,15670,,1, HTTP/1.1" 200 6348
190.171.142.10 - - [03/Jun/2019:11:18:27 -0300] "GET /cormun/servlet/solicitudotadjuntos?fe48203d4002bfe8c8f543b2bfcdc87529c7f7e5c4403d5b73e1fceadd4f74781c1683623f247b14067d50f34ec45a06,gx-no-cache=1559571274897 HTTP/1.1" 200 30
190.171.142.10 - - [03/Jun/2019:11:18:27 -0300] "POST /cormun/servlet/solicitudotadjuntos?289bb0af4a7acc5916b6a30e08782a23,INS,2019,15670,,1,,gx-no-cache=1559571274957 HTTP/1.1" 200 4064
200.54.107.2 - - [03/Jun/2019:11:18:30 -0300] "GET /cormun/static/Resources/resize.gif HTTP/1.1" 200 77
200.54.107.2 - - [03/Jun/2019:11:18:31 -0300] "GET /cormun/servlet/prfichaempleado?,MD,,gxPopupLevel%3D0%3B HTTP/1.1" 200 9391
200.54.107.2 - - [03/Jun/2019:11:18:31 -0300] "GET /cormun/static/gxcfg.js?20177612134814 HTTP/1.1" 200 953
200.54.107.2 - - [03/Jun/2019:11:18:31 -0300] "GET /cormun/static/Resources/PXToolsMenuSearch.png HTTP/1.1" 200 2914
200.54.107.2 - - [03/Jun/2019:11:18:31 -0300] "GET /cormun/static/Resources/PXToolsMenuSearchCancel.png HTTP/1.1" 200 2972
200.54.107.2 - - [03/Jun/2019:11:18:31 -0300] "GET /cormun/static/menusearch.js?201610171694467 HTTP/1.1" 200 1424
200.54.107.2 - - [03/Jun/2019:11:18:31 -0300] "GET /cormun/static/prfichaempleado.js?20177612134999 HTTP/1.1" 200 16006
200.54.107.2 - - [03/Jun/2019:11:18:31 -0300] "GET /cormun/static/hmpwkw011.js?20177612121862 HTTP/1.1" 200 1968
190.171.142.10 - - [03/Jun/2019:11:18:31 -0300] "POST /cormun/servlet/solicitudotadjuntos?gx-no-cache=1559571279512 HTTP/1.1" 200 26
200.54.107.2 - - [03/Jun/2019:11:18:51 -0300] "GET /cormun/servlet/prlicenciaspermisos?198511730,L,,MD,,gxPopupLevel%3D0%3B HTTP/1.1" 200 5247
200.54.107.2 - - [03/Jun/2019:11:18:51 -0300] "GET /cormun/static/gxcfg.js?20176272053834 HTTP/1.1" 200 953
200.54.107.2 - - [03/Jun/2019:11:18:51 -0300] "GET /cormun/static/prlicenciaspermisos.js?20176272054050 HTTP/1.1" 200 13379
200.54.107.2 - - [03/Jun/2019:11:19:09 -0300] "POST /cormun/servlet/solicitudot?gx-no-cache=1559571316097 HTTP/1.1" 200 1477
200.54.107.2 - - [03/Jun/2019:11:19:17 -0300] "POST /cormun/servlet/solicitudot?632a3c90e706c6b79c85149966280c01,INS,0,0,,gx-no-cache=1559571324141 HTTP/1.1" 200 12407
200.54.107.2 - - [03/Jun/2019:11:19:21 -0300] "GET /cormun/servlet/prlicenciaspermisos?19851173,L,,MD,,gxPopupLevel%3D0%3B HTTP/1.1" 200 5515
200.54.107.2 - - [03/Jun/2019:11:19:24 -0300] "POST /cormun/servlet/solicitudot?gx-no-cache=1559571331472 HTTP/1.1" 200 1344
200.54.107.2 - - [03/Jun/2019:11:19:28 -0300] "POST /cormun/servlet/solicitudot?gx-no-cache=1559571335413 HTTP/1.1" 200 41
200.54.107.2 - - [03/Jun/2019:11:20:46 -0300] "GET /cormun/servlet/solicitudot?86413b483dbad606158ca6aefeee1f62e1a52784ed5e13fb6a630c2610a3ae9c1e3b3d1f01dbbe37e90c25903edb4c15eb5d53b24809f82aea8fc7b8069d279a622c7f85e081d3b02b0f18406a4d59843667974b5c9b98c409e1e0d72f70ad90d70b64290ce3588674a66c819b974db1,gx-no-cache=1559571413705 HTTP/1.1" 200 110
200.54.107.2 - - [03/Jun/2019:11:20:46 -0300] "POST /cormun/servlet/solicitudot?gx-no-cache=1559571413760 HTTP/1.1" 200 67
200.54.107.2 - - [03/Jun/2019:11:21:00 -0300] "GET /cormun/servlet/solicitudot?86413b483dbad606158ca6aefeee1f62b57ccd9ee0aae685e54e536f63fb1be4d4a891a764075e54b2b6cf7e1e15da6f,gx-no-cache=1559571427324 HTTP/1.1" 200 30
200.54.107.2 - - [03/Jun/2019:11:21:00 -0300] "POST /cormun/servlet/solicitudot?gx-no-cache=1559571427362 HTTP/1.1" 200 34
200.54.237.82 - - [03/Jun/2019:11:21:06 -0300] "GET /cormun/servlet/licenciaspermisos?8d9316e6da2f9ff816516c3d62850cf8b00dfb732484a6dad45d556f734913ca37327d197ba56343241854a15f2f56c6bb5e158c2f7e0ade1b166004267ca01f747d94041534dfb183f4aec673bebfda8e7500cd8bbb928ae2003bca41e33476d1ed5005b4db84df8d9116034b4d5ac33bbc8ed521863c20a61e958398fcaa8a8770cee15a8a76d1f027daf082032fcce5ef60b13b18e15ced0f9ba8e3793f991f4b15a3d19086883ab45da054d56e96,gx-no-cache=1559571434163 HTTP/1.1" 200 30
200.54.237.82 - - [03/Jun/2019:11:21:06 -0300] "POST /cormun/servlet/licenciaspermisos?39e45d0b7ab42b672ea5fc100da9ccd0,INS,0,,,,gx-no-cache=1559571434259 HTTP/1.1" 200 5061
200.54.237.82 - - [03/Jun/2019:11:21:08 -0300] "GET /cormun/servlet/prfichaempleado?,MD,,gxPopupLevel%3D0%3B HTTP/1.1" 200 9421
200.54.107.2 - - [03/Jun/2019:11:21:11 -0300] "POST /cormun/servlet/solicitudot?632a3c90e706c6b79c85149966280c01,INS,0,0,,gx-no-cache=1559571438584 HTTP/1.1" 200 12269
200.54.107.2 - - [03/Jun/2019:11:21:11 -0300] "GET /cormun/static/Shared/jqueryui/images/ui-bg_flat_55_fafafa_40x100.png HTTP/1.1" 404 1097
200.54.107.2 - - [03/Jun/2019:11:21:11 -0300] "GET /cormun/static/Shared/jqueryui/images/ui-icons_8d78a5_256x240.png HTTP/1.1" 404 1089
200.54.107.2 - - [03/Jun/2019:11:21:15 -0300] "POST /cormun/servlet/solicitudot?gx-no-cache=1559571442892 HTTP/1.1" 200 3586
200.54.107.2 - - [03/Jun/2019:11:21:16 -0300] "POST /cormun/servlet/solicitudot?632a3c90e706c6b79c85149966280c01,INS,0,0,,gx-no-cache=1559571443043 HTTP/1.1" 200 12267
200.54.107.2 - - [03/Jun/2019:11:21:16 -0300] "GET /cormun/servlet/solicitudot?86413b483dbad606158ca6aefeee1f625a434110cb9a4f1eb6803ab73bb18af6fd6914d79a800e86dd4f7bf899f858d3,gx-no-cache=1559571443243 HTTP/1.1" 200 30
200.54.107.2 - - [03/Jun/2019:11:21:16 -0300] "GET /cormun/servlet/solicitudot?86413b483dbad606158ca6aefeee1f624fc9c9d646ceeef228e561f215ab8d193b9f92ee38a692385fc10dcbb58c6e426a11e4547a45e51afe8ed3dd8bc2e918,gx-no-cache=1559571443375 HTTP/1.1" 200 30
200.54.107.2 - - [03/Jun/2019:11:21:16 -0300] "GET /cormun/servlet/solicitudot?86413b483dbad606158ca6aefeee1f6299b9b88f642355cbcdbfefb5abf2a1cb984ba6734396495c762c0d25d70f8d6f4acac0bbbc26b18b20cd7dd0d3b734bd6c6e9f07ec6fd0a712ff0cb35232676120ba9e38a746cbe6b62df477079d3b85a1187fe0e7c29a35ff64a98a18e86c3d,gx-no-cache=1559571443482 HTTP/1.1" 200 53
200.54.107.2 - - [03/Jun/2019:11:21:16 -0300] "POST /cormun/servlet/solicitudot?gx-no-cache=1559571443532 HTTP/1.1" 200 295
200.54.107.2 - - [03/Jun/2019:11:21:16 -0300] "GET /cormun/servlet/solicitudot?86413b483dbad606158ca6aefeee1f62bfd4ee81cba2c6d9f20926feb82d48d4675840ff59246a8e05bb302a63a17331e12e122680e11f1f259e2511dcca63edaf053c60f4fbfb63e75f5ab8cf971acf6ed0d413288fc77c128622d339f72d653b18a61b2c60db40067f7da4f3696939301049815c22af1c1ddcc77aeece9755d49a15271f0472cb0dcc2eaaf95a9c5ea854a0612f4575519deb944173ee69ccb3d6ed00c5789856df84b618d31cc398219ccdefa8df765335cdea2e9a6249741a04715f2b0d33e741d1f3c55b2f1e6435a6f4abe460670a294516ee0196693a58cc818f7aa94479d184f2aeee3c9f7898a80096e9e46231742a0f840ca7d5bc860b7ea2bb43e9fa56ff3159f34ba5a0bb8bcf68f9bf5aac422893fd40440c7fb3c8d52d8d182ab8e6f9e48ce0b75c0589d3d23179316bdca86e2ce5d2ae6ed76be460b0a49aecbdbb78bdf34701f14ee22df0c88a9925346b090fafc9ef54e84e6d140868362e8388a76ea5699a17e623adaa2a8a240c323f737d44206929b5577fdbc0781a8d33a875afa661400c5c,gx-no-cache=1559571443586 HTTP/1.1" 200 30
200.54.107.2 - - [03/Jun/2019:11:21:16 -0300] "POST /cormun/servlet/solicitudot?gx-no-cache=1559571443613 HTTP/1.1" 200 30
200.54.107.2 - - [03/Jun/2019:11:21:16 -0300] "POST /cormun/servlet/solicitudot?gx-no-cache=1559571443658 HTTP/1.1" 200 1344
200.54.107.2 - - [03/Jun/2019:11:21:16 -0300] "POST /cormun/servlet/solicitudot?gx-no-cache=1559571443794 HTTP/1.1" 200 41
200.54.107.2 - - [03/Jun/2019:11:21:16 -0300] "GET /cormun/servlet/solicitudot?86413b483dbad606158ca6aefeee1f62e1a52784ed5e13fb6a630c2610a3ae9c1e3b3d1f01dbbe37e90c25903edb4c15eb5d53b24809f82aea8fc7b8069d279a622c7f85e081d3b02b0f18406a4d59843667974b5c9b98c409e1e0d72f70ad90d70b64290ce3588674a66c819b974db1,gx-no-cache=1559571443827 HTTP/1.1" 200 110
200.54.107.2 - - [03/Jun/2019:11:21:16 -0300] "POST /cormun/servlet/solicitudot?gx-no-cache=1559571443867 HTTP/1.1" 200 67
200.54.107.2 - - [03/Jun/2019:11:21:16 -0300] "GET /cormun/servlet/solicitudot?86413b483dbad606158ca6aefeee1f62f28d7c50085afb2e1de267f50138728ac919161d10fbd5e8d3fe179fc73c53832e7e469bbed8dc08e20b91420f25c9c36f325bdc4cde3e07bd945a37758116ecd87dcc82d9754d36faf73108364651efacf9017c0f9f9a5c18ca858683df1a88,gx-no-cache=1559571443901 HTTP/1.1" 200 29
200.54.107.2 - - [03/Jun/2019:11:21:16 -0300] "GET /cormun/servlet/solicitudot?86413b483dbad606158ca6aefeee1f62b57ccd9ee0aae685e54e536f63fb1be4d4a891a764075e54b2b6cf7e1e15da6f,gx-no-cache=1559571443938 HTTP/1.1" 200 30
200.54.107.2 - - [03/Jun/2019:11:21:16 -0300] "POST /cormun/servlet/solicitudot?gx-no-cache=1559571443968 HTTP/1.1" 200 34
200.54.107.2 - - [03/Jun/2019:11:21:17 -0300] "POST /cormun/servlet/solicitudot?632a3c90e706c6b79c85149966280c01,INS,0,0,,gx-no-cache=1559571444011 HTTP/1.1" 200 93
200.54.107.2 - - [03/Jun/2019:11:21:17 -0300] "GET /cormun/servlet/hpexe_return? HTTP/1.1" 200 1002
200.54.107.2 - - [03/Jun/2019:11:21:17 -0300] "GET /cormun/servlet/trsolicitudot HTTP/1.1" 200 8933
200.54.107.2 - - [03/Jun/2019:11:21:18 -0300] "GET /cormun//static/Resources/PXToolsActionView.png HTTP/1.1" 200 2995
200.54.107.2 - - [03/Jun/2019:11:21:18 -0300] "GET /cormun//static/Resources/PXToolsRemoveAllAction.png HTTP/1.1" 200 3558
200.54.107.2 - - [03/Jun/2019:11:21:18 -0300] "GET /cormun/servlet/trsolicitudot HTTP/1.1" 200 8929
200.54.107.2 - - [03/Jun/2019:11:21:27 -0300] "POST /cormun/servlet/trsolicitudot?632a3c90e706c6b79c85149966280c01,gx-no-cache=1559571454131 HTTP/1.1" 200 4794
200.54.107.2 - - [03/Jun/2019:11:21:27 -0300] "GET /cormun/static/Shared/jqueryui/images/ui-bg_highlight-soft_100_c6c2c8_1x100.png HTTP/1.1" 404 1117
200.54.107.2 - - [03/Jun/2019:11:21:27 -0300] "GET /cormun/static/Shared/jqueryui/images/ui-icons_82798d_256x240.png HTTP/1.1" 404 1089
200.54.107.2 - - [03/Jun/2019:11:21:27 -0300] "GET /cormun/static/Shared/jqueryui/images/ui-bg_flat_55_fafafa_40x100.png HTTP/1.1" 404 1097
200.54.107.2 - - [03/Jun/2019:11:21:27 -0300] "GET /cormun/static/Shared/jqueryui/images/ui-icons_8d78a5_256x240.png HTTP/1.1" 404 1089
200.54.107.2 - - [03/Jun/2019:11:21:27 -0300] "POST /cormun/servlet/trsolicitudot?632a3c90e706c6b79c85149966280c01,gx-no-cache=1559571454330 HTTP/1.1" 200 4532
200.54.107.2 - - [03/Jun/2019:11:21:32 -0300] "GET /cormun/servlet/trautorizarsolicitud? HTTP/1.1" 200 8830
200.54.107.2 - - [03/Jun/2019:11:21:32 -0300] "GET /cormun/static/gxcfg.js?2017111423403364 HTTP/1.1" 200 953
200.54.107.2 - - [03/Jun/2019:11:21:32 -0300] "GET /cormun/static/trautorizarsolicitud.js?201711142340425 HTTP/1.1" 200 53910
200.54.107.2 - - [03/Jun/2019:11:21:33 -0300] "GET /cormun/servlet/trautorizarsolicitud? HTTP/1.1" 200 8830
200.54.107.2 - - [03/Jun/2019:11:21:40 -0300] "POST /cormun/servlet/trautorizarsolicitud?632a3c90e706c6b79c85149966280c01,,gx-no-cache=1559571467432 HTTP/1.1" 200 4726
200.54.107.2 - - [03/Jun/2019:11:21:40 -0300] "GET /cormun/static/Shared/jqueryui/images/ui-icons_82798d_256x240.png HTTP/1.1" 404 1089
200.54.107.2 - - [03/Jun/2019:11:21:40 -0300] "GET /cormun/static/Shared/jqueryui/images/ui-bg_highlight-soft_100_c6c2c8_1x100.png HTTP/1.1" 404 1117
200.54.107.2 - - [03/Jun/2019:11:21:40 -0300] "GET /cormun/static/Shared/jqueryui/images/ui-bg_flat_55_fafafa_40x100.png HTTP/1.1" 404 1097
200.54.107.2 - - [03/Jun/2019:11:21:40 -0300] "GET /cormun/static/Shared/jqueryui/images/ui-icons_8d78a5_256x240.png HTTP/1.1" 404 1089
200.54.107.2 - - [03/Jun/2019:11:21:40 -0300] "POST /cormun/servlet/trautorizarsolicitud?632a3c90e706c6b79c85149966280c01,,gx-no-cache=1559571467647 HTTP/1.1" 200 4465
200.54.237.82 - - [03/Jun/2019:11:21:46 -0300] "POST /cormun/servlet/prfichaempleado?39e45d0b7ab42b672ea5fc100da9ccd0,,MD,,gxPopupLevel%3D0%3B,gx-no-cache=1559571474436 HTTP/1.1" 200 3190
200.54.237.82 - - [03/Jun/2019:11:22:10 -0300] "GET /cormun/servlet/licenciaspermisos?8d9316e6da2f9ff816516c3d62850cf8b5bbc5c57674818d1b620eb2c261fa8a5706ab5c55ead769b30569af50ea0c37323dbaedbd3de58aa4fca8f299b61727abfc2e038c84fb148d960483c3b574ad5dc30a9004a02fd40b6041dd5520a51195409bf451b187b3f742a78534d61f221f4b15a3d19086883ab45da054d56e96,gx-no-cache=1559571498034 HTTP/1.1" 200 93
200.54.237.82 - - [03/Jun/2019:11:22:10 -0300] "POST /cormun/servlet/licenciaspermisos?39e45d0b7ab42b672ea5fc100da9ccd0,INS,0,,,,gx-no-cache=1559571498332 HTTP/1.1" 200 5051
200.54.237.82 - - [03/Jun/2019:11:22:14 -0300] "GET /cormun/servlet/licenciaspermisos?8d9316e6da2f9ff816516c3d62850cf8b00dfb732484a6dad45d556f734913ca76f494d4b650dd3792f3b2fcb19b6d79bb5e158c2f7e0ade1b166004267ca01f747d94041534dfb183f4aec673bebfda8e7500cd8bbb928ae2003bca41e33476d1ed5005b4db84df8d9116034b4d5ac33bbc8ed521863c20a61e958398fcaa8a8770cee15a8a76d1f027daf082032fcce5ef60b13b18e15ced0f9ba8e3793f991f4b15a3d19086883ab45da054d56e96,gx-no-cache=1559571501913 HTTP/1.1" 200 30
200.54.237.82 - - [03/Jun/2019:11:22:14 -0300] "POST /cormun/servlet/licenciaspermisos?39e45d0b7ab42b672ea5fc100da9ccd0,INS,0,,,,gx-no-cache=1559571501982 HTTP/1.1" 200 5059
190.171.142.10 - - [03/Jun/2019:11:22:48 -0300] "GET /cormun/servlet/solicitudotadjuntos?fe48203d4002bfe8c8f543b2bfcdc8754fe3fbc3895fa90dc24f4c5ecb7be0f7,gx-no-cache=1559571535908 HTTP/1.1" 200 30
190.171.142.10 - - [03/Jun/2019:11:22:48 -0300] "GET /cormun/servlet/solicitudotadjuntos?fe48203d4002bfe8c8f543b2bfcdc8754fe3fbc3895fa90dc24f4c5ecb7be0f7,gx-no-cache=1559571535961 HTTP/1.1" 200 30
190.171.142.10 - - [03/Jun/2019:11:22:49 -0300] "POST /cormun/servlet/solicitudotadjuntos?289bb0af4a7acc5916b6a30e08782a23,INS,2019,15670,,1, HTTP/1.1" 200 116
190.171.142.10 - - [03/Jun/2019:11:22:49 -0300] "GET /cormun/servlet/hpexe_return? HTTP/1.1" 200 1023
190.171.142.10 - - [03/Jun/2019:11:22:50 -0300] "GET /cormun/servlet/trsolicitudadjuntos?2019,15670, HTTP/1.1" 200 9060
190.171.142.10 - - [03/Jun/2019:11:22:52 -0300] "GET /cormun/servlet/trsolicitudadjuntos?2019,15670, HTTP/1.1" 200 9057
190.171.142.10 - - [03/Jun/2019:11:22:55 -0300] "GET /cormun/servlet/solicitudotadjuntos?INS,2019,15670,,1, HTTP/1.1" 200 6357
190.171.142.10 - - [03/Jun/2019:11:22:55 -0300] "GET /cormun/static/about:blank HTTP/1.1" 404 1011
200.54.237.82 - - [03/Jun/2019:11:22:56 -0300] "GET /cormun/servlet/licenciaspermisos?8d9316e6da2f9ff816516c3d62850cf8b5bbc5c57674818d1b620eb2c261fa8a5706ab5c55ead769b30569af50ea0c37323dbaedbd3de58aa4fca8f299b61727abfc2e038c84fb148d960483c3b574ad5dc30a9004a02fd40b6041dd5520a51195409bf451b187b3f742a78534d61f221f4b15a3d19086883ab45da054d56e96,gx-no-cache=1559571543883 HTTP/1.1" 200 93
200.54.237.82 - - [03/Jun/2019:11:22:56 -0300] "POST /cormun/servlet/licenciaspermisos?39e45d0b7ab42b672ea5fc100da9ccd0,INS,0,,,,gx-no-cache=1559571543982 HTTP/1.1" 200 5048
190.171.142.10 - - [03/Jun/2019:11:22:56 -0300] "GET /cormun/servlet/solicitudotadjuntos?INS,2019,15670,,1, HTTP/1.1" 200 6350
190.171.142.10 - - [03/Jun/2019:11:22:57 -0300] "GET /cormun/servlet/solicitudotadjuntos?fe48203d4002bfe8c8f543b2bfcdc87529c7f7e5c4403d5b73e1fceadd4f74781c1683623f247b14067d50f34ec45a06,gx-no-cache=1559571545073 HTTP/1.1" 200 30
190.171.142.10 - - [03/Jun/2019:11:22:57 -0300] "POST /cormun/servlet/solicitudotadjuntos?289bb0af4a7acc5916b6a30e08782a23,INS,2019,15670,,1,,gx-no-cache=1559571545147 HTTP/1.1" 200 4066
190.171.142.10 - - [03/Jun/2019:11:23:01 -0300] "POST /cormun/servlet/solicitudotadjuntos?gx-no-cache=1559571549394 HTTP/1.1" 200 26
200.54.237.82 - - [03/Jun/2019:11:23:20 -0300] "GET /cormun/servlet/licenciaspermisos?8d9316e6da2f9ff816516c3d62850cf868294d48dcf0c99ac11275a8100101a4dc37d385884a4ee3d1024175623d9e1f3bd465f81a582bb3ba0e9c6204222566dd8122a621b59614aba82cee1121ec965ea00abd098af3a9704339f21ee839f1b5632404c185d77173bf045a789f83cec36b98f451ec3024c1320f47b3af78d7d60f8bc31421e3027878e86b4f1b3b7f254735464d39857cbcaee1a5cbf1cb25347fc119f147b732256079c10f847537,gx-no-cache=1559571568314 HTTP/1.1" 200 29
200.54.237.82 - - [03/Jun/2019:11:23:21 -0300] "POST /cormun/servlet/licenciaspermisos?39e45d0b7ab42b672ea5fc100da9ccd0,INS,0,,,,gx-no-cache=1559571568408 HTTP/1.1" 200 93
200.54.237.82 - - [03/Jun/2019:11:23:21 -0300] "GET /cormun/servlet/hpexe_return? HTTP/1.1" 200 1011
200.54.237.82 - - [03/Jun/2019:11:23:21 -0300] "GET /cormun/static/gxcfg.js?2016101716175148 HTTP/1.1" 200 953
200.54.237.82 - - [03/Jun/2019:11:23:21 -0300] "GET /cormun/static/hpexe_return.js?2016101716175153 HTTP/1.1" 200 1633
200.54.237.82 - - [03/Jun/2019:11:23:21 -0300] "GET /cormun/static/Resources/Spanish/PXTools.css?167811 HTTP/1.1" 200 89042
200.54.237.82 - - [03/Jun/2019:11:23:21 -0300] "GET /cormun/servlet/trlicencias HTTP/1.1" 200 9984
200.54.237.82 - - [03/Jun/2019:11:23:22 -0300] "GET /cormun//static/Resources/PXToolsGridDelete.png HTTP/1.1" 200 357
200.54.237.82 - - [03/Jun/2019:11:23:22 -0300] "GET /cormun//static/Resources/PXToolsGridUpdate.png HTTP/1.1" 200 2984
200.54.237.82 - - [03/Jun/2019:11:23:22 -0300] "GET /cormun/servlet/trlicencias HTTP/1.1" 200 9980
200.54.237.82 - - [03/Jun/2019:11:23:28 -0300] "GET /cormun/servlet/trlicenciaspermisosadjuntos?18446514,20190603000000,L, HTTP/1.1" 200 6669
200.54.237.82 - - [03/Jun/2019:11:23:28 -0300] "GET /cormun/static/gxcfg.js?20177612163414 HTTP/1.1" 200 953
200.54.237.82 - - [03/Jun/2019:11:23:28 -0300] "GET /cormun/static/trlicenciaspermisosadjuntos.js?20177612163719 HTTP/1.1" 200 21036
200.54.237.82 - - [03/Jun/2019:11:23:28 -0300] "GET /cormun/servlet/trlicenciaspermisosadjuntos?18446514,20190603000000,L, HTTP/1.1" 200 6669
200.54.237.82 - - [03/Jun/2019:11:23:30 -0300] "GET /cormun/servlet/licenciaspermisosadjuntos?INS,18446514,L,20190603000000,, HTTP/1.1" 200 5967
200.54.237.82 - - [03/Jun/2019:11:23:31 -0300] "GET /cormun/static/gxcfg.js?2017761263592 HTTP/1.1" 200 953
200.54.237.82 - - [03/Jun/2019:11:23:31 -0300] "GET /cormun/static/licenciaspermisosadjuntos.js?201776126362 HTTP/1.1" 200 8760
200.54.237.82 - - [03/Jun/2019:11:23:31 -0300] "GET /cormun/static/about:blank HTTP/1.1" 404 1011
200.54.237.82 - - [03/Jun/2019:11:23:31 -0300] "GET /cormun/servlet/licenciaspermisosadjuntos?INS,18446514,L,20190603000000,, HTTP/1.1" 200 5956
190.171.142.10 - - [03/Jun/2019:11:23:46 -0300] "GET /cormun/servlet/solicitudotadjuntos?fe48203d4002bfe8c8f543b2bfcdc8754fe3fbc3895fa90dc24f4c5ecb7be0f7,gx-no-cache=1559571593775 HTTP/1.1" 200 30
190.171.142.10 - - [03/Jun/2019:11:23:46 -0300] "GET /cormun/servlet/solicitudotadjuntos?fe48203d4002bfe8c8f543b2bfcdc8754fe3fbc3895fa90dc24f4c5ecb7be0f7,gx-no-cache=1559571593819 HTTP/1.1" 200 30
190.171.142.10 - - [03/Jun/2019:11:23:46 -0300] "POST /cormun/servlet/solicitudotadjuntos?289bb0af4a7acc5916b6a30e08782a23,INS,2019,15670,,1, HTTP/1.1" 200 6604
190.171.142.10 - - [03/Jun/2019:11:23:46 -0300] "GET /cormun/static/Shared/jqueryui/images/ui-bg_highlight-soft_100_c6c2c8_1x100.png HTTP/1.1" 404 1117
190.171.142.10 - - [03/Jun/2019:11:23:46 -0300] "GET /cormun/static/Shared/jqueryui/images/ui-icons_82798d_256x240.png HTTP/1.1" 404 1089
190.171.142.10 - - [03/Jun/2019:11:23:46 -0300] "GET /cormun/static/Shared/jqueryui/images/ui-bg_flat_55_994d53_40x100.png HTTP/1.1" 404 1097
190.171.142.10 - - [03/Jun/2019:11:23:46 -0300] "GET /cormun/static/Shared/jqueryui/images/ui-icons_ebccce_256x240.png HTTP/1.1" 404 1089
190.171.142.10 - - [03/Jun/2019:11:23:47 -0300] "GET /cormun/PrivateTempStorage/upload_00037028.jpg HTTP/1.1" 200 508532
200.54.237.82 - - [03/Jun/2019:11:23:52 -0300] "POST /cormun/servlet/licenciaspermisosadjuntos?39e45d0b7ab42b672ea5fc100da9ccd0,INS,18446514,L,20190603000000,, HTTP/1.1" 200 116
200.54.237.82 - - [03/Jun/2019:11:23:52 -0300] "GET /cormun/servlet/hpexe_return? HTTP/1.1" 200 1041
200.54.237.82 - - [03/Jun/2019:11:23:52 -0300] "GET /cormun/servlet/trlicenciaspermisosadjuntos?18446514,20190603000000,L, HTTP/1.1" 200 7196
200.54.237.82 - - [03/Jun/2019:11:23:52 -0300] "GET /cormun/servlet/trlicenciaspermisosadjuntos?18446514,20190603000000,L, HTTP/1.1" 200 7192
200.54.237.82 - - [03/Jun/2019:11:23:56 -0300] "GET /cormun/servlet/trlicencias? HTTP/1.1" 200 9980
200.54.237.82 - - [03/Jun/2019:11:23:57 -0300] "GET /cormun/servlet/trlicencias? HTTP/1.1" 200 9980
190.171.142.10 - - [03/Jun/2019:11:23:57 -0300] "GET /cormun/servlet/solicitudotadjuntos?fe48203d4002bfe8c8f543b2bfcdc875d5a61b4584d0dff0829ef2f8afcfcf2a836e6d91fa86bea02cf3d561b72a37e3,gx-no-cache=1559571605561 HTTP/1.1" 200 30
190.171.142.10 - - [03/Jun/2019:11:23:57 -0300] "GET /cormun/servlet/solicitudotadjuntos?fe48203d4002bfe8c8f543b2bfcdc875d5a61b4584d0dff0829ef2f8afcfcf2a836e6d91fa86bea02cf3d561b72a37e3,gx-no-cache=1559571605602 HTTP/1.1" 200 30
190.171.142.10 - - [03/Jun/2019:11:23:58 -0300] "POST /cormun/servlet/solicitudotadjuntos?289bb0af4a7acc5916b6a30e08782a23,INS,2019,15670,,1,,gx-no-cache=1559571605636 HTTP/1.1" 200 3937
190.171.142.10 - - [03/Jun/2019:11:23:58 -0300] "GET /cormun/static/Resources/blank.jpg HTTP/1.1" 200 631
200.54.237.82 - - [03/Jun/2019:11:23:59 -0300] "GET /cormun/servlet/alicenciaprn?18446514,L,20190603000000,PU HTTP/1.1" 200 1526
190.171.142.10 - - [03/Jun/2019:11:24:06 -0300] "GET /cormun/servlet/trautorizarsolicitud? HTTP/1.1" 200 7432
190.171.142.10 - - [03/Jun/2019:11:24:07 -0300] "GET /cormun/static/gxcfg.js?2017111423403364 HTTP/1.1" 200 953
190.171.142.10 - - [03/Jun/2019:11:24:07 -0300] "GET /cormun/static/trautorizarsolicitud.js?201711142340425 HTTP/1.1" 200 53910
190.171.142.10 - - [03/Jun/2019:11:24:08 -0300] "GET /cormun/servlet/trautorizarsolicitud? HTTP/1.1" 200 7412
190.171.142.10 - - [03/Jun/2019:11:24:12 -0300] "GET /cormun/servlet/trsolicitudot? HTTP/1.1" 200 8888
190.171.142.10 - - [03/Jun/2019:11:24:13 -0300] "GET /cormun/servlet/trsolicitudot? HTTP/1.1" 200 8887
190.171.142.10 - - [03/Jun/2019:11:24:16 -0300] "POST /cormun/servlet/trsolicitudot?289bb0af4a7acc5916b6a30e08782a23,,gx-no-cache=1559571624368 HTTP/1.1" 200 107
190.171.142.10 - - [03/Jun/2019:11:24:16 -0300] "GET /cormun/servlet/trsolicitudadjuntos?2019,15670, HTTP/1.1" 200 9055
190.171.142.10 - - [03/Jun/2019:11:24:18 -0300] "GET /cormun/servlet/trsolicitudadjuntos?2019,15670, HTTP/1.1" 200 9058
190.171.142.10 - - [03/Jun/2019:11:24:22 -0300] "GET /cormun/servlet/solicitudotadjuntos?DLT,2019,15670,CARNET,0, HTTP/1.1" 200 6347
190.171.142.10 - - [03/Jun/2019:11:24:23 -0300] "GET /cormun/PublicTempStorage/1553208287483_1550782264217_curriculum_vitae763593.docx HTTP/1.1" 200 17791
190.171.142.10 - - [03/Jun/2019:11:24:23 -0300] "GET /cormun/static/Shared/jqueryui/images/ui-bg_highlight-soft_100_c6c2c8_1x100.png HTTP/1.1" 404 1117
190.171.142.10 - - [03/Jun/2019:11:24:23 -0300] "GET /cormun/static/Shared/jqueryui/images/ui-icons_82798d_256x240.png HTTP/1.1" 404 1089
190.171.142.10 - - [03/Jun/2019:11:24:23 -0300] "GET /cormun/static/Shared/jqueryui/images/ui-bg_flat_55_fafafa_40x100.png HTTP/1.1" 404 1097
190.171.142.10 - - [03/Jun/2019:11:24:23 -0300] "GET /cormun/static/Shared/jqueryui/images/ui-icons_8d78a5_256x240.png HTTP/1.1" 404 1089
190.171.142.10 - - [03/Jun/2019:11:24:23 -0300] "GET /cormun/servlet/solicitudotadjuntos?DLT,2019,15670,CARNET,0, HTTP/1.1" 200 6341
190.171.142.10 - - [03/Jun/2019:11:24:31 -0300] "GET /cormun/servlet/trsolicitudot? HTTP/1.1" 200 8907
190.171.142.10 - - [03/Jun/2019:11:24:33 -0300] "GET /cormun/servlet/trsolicitudot? HTTP/1.1" 200 8887
190.171.142.10 - - [03/Jun/2019:11:24:36 -0300] "POST /cormun/servlet/trsolicitudot?289bb0af4a7acc5916b6a30e08782a23,,gx-no-cache=1559571644207 HTTP/1.1" 200 107
190.171.142.10 - - [03/Jun/2019:11:24:36 -0300] "GET /cormun/servlet/trsolicitudadjuntos?2019,15670, HTTP/1.1" 200 9053
190.171.142.10 - - [03/Jun/2019:11:24:38 -0300] "GET /cormun/servlet/trsolicitudadjuntos?2019,15670, HTTP/1.1" 200 9058
190.171.142.10 - - [03/Jun/2019:11:24:44 -0300] "GET /cormun/servlet/solicitudotadjuntos?DLT,2019,15670,CARNET,0, HTTP/1.1" 200 6347
190.171.142.10 - - [03/Jun/2019:11:24:45 -0300] "GET /cormun/static/Shared/jqueryui/images/ui-bg_highlight-soft_100_c6c2c8_1x100.png HTTP/1.1" 404 1117
190.171.142.10 - - [03/Jun/2019:11:24:46 -0300] "GET /cormun/static/Shared/jqueryui/images/ui-icons_82798d_256x240.png HTTP/1.1" 404 1089
190.171.142.10 - - [03/Jun/2019:11:24:46 -0300] "GET /cormun/static/Shared/jqueryui/images/ui-bg_flat_55_fafafa_40x100.png HTTP/1.1" 404 1097
190.171.142.10 - - [03/Jun/2019:11:24:46 -0300] "GET /cormun/static/Shared/jqueryui/images/ui-icons_8d78a5_256x240.png HTTP/1.1" 404 1089
190.171.142.10 - - [03/Jun/2019:11:24:46 -0300] "GET /cormun/PublicTempStorage/1553208287483_1550782264217_curriculum_vitae8091189.docx HTTP/1.1" 200 17791
190.171.142.10 - - [03/Jun/2019:11:24:46 -0300] "GET /cormun/servlet/solicitudotadjuntos?DLT,2019,15670,CARNET,0, HTTP/1.1" 200 6342
190.171.142.10 - - [03/Jun/2019:11:24:48 -0300] "POST /cormun/servlet/solicitudotadjuntos?289bb0af4a7acc5916b6a30e08782a23,DLT,2019,15670,CARNET,0,,gx-no-cache=1559571655961 HTTP/1.1" 200 93
