190.171.142.18 - - [27/May/2019:09:44:28 -0300] "GET /cormun/servlet/solicitudotadjuntos?INS,2019,15637,,1, HTTP/1.1" 200 6358
190.171.142.18 - - [27/May/2019:09:44:28 -0300] "GET /cormun/static/gxcfg.js?2017761244068 HTTP/1.1" 200 953
190.171.142.18 - - [27/May/2019:09:44:29 -0300] "GET /cormun/static/solicitudotadjuntos.js?2017761244086 HTTP/1.1" 200 11771
186.67.172.234 - - [27/May/2019:09:44:29 -0300] "POST /cormun/servlet/trlicencias?a4ed8b7c01bdc598f692b2ee428d5ce6,gx-no-cache=1558957242925 HTTP/1.1" 200 18871
190.171.142.18 - - [27/May/2019:09:44:30 -0300] "GET /cormun/static/about:blank HTTP/1.1" 404 1011
190.171.142.18 - - [27/May/2019:09:44:30 -0300] "GET /cormun/servlet/solicitudotadjuntos?INS,2019,15637,,1, HTTP/1.1" 200 6352
190.171.142.18 - - [27/May/2019:09:44:30 -0300] "GET /cormun/servlet/solicitudotadjuntos?f94778497b28d5e1873f8f9b82abd24b89c89079d20b1b89a0e59bfc41bbeda7af24b54a8185bd0f191aeda89255f120,gx-no-cache=1558961051451 HTTP/1.1" 200 30
190.171.142.18 - - [27/May/2019:09:44:31 -0300] "POST /cormun/servlet/solicitudotadjuntos?58e7ea59d90081cbb7038b02945a0fa7,INS,2019,15637,,1,,gx-no-cache=1558961051645 HTTP/1.1" 200 4097
190.171.142.18 - - [27/May/2019:09:44:32 -0300] "POST /cormun/servlet/solicitudotadjuntos?gx-no-cache=1558961053466 HTTP/1.1" 200 26
190.171.141.138 - - [27/May/2019:09:44:55 -0300] "GET /cormun/servlet/licenciaspermisos?3840965b8103bad74587b9355152fed482896ec01ed2e7c018ab52327bec7155328675aa4637cbdf30739f2d392e805551925da8d32e1643516f03ca9737949ff7f3d8c6eb8c9abb07a17fcf825594f04e41b8595995c6f75d15598cafdc09c709a7a18744280d02905ba3a8c7fb9af8c37fa01cf834e728a849ba51528962d473b519dc3f3dec443202a808fe1b9632f1f21be968ac115ea9a0d458459ec0d3a68adc32e7bec6048cafd7c56a10687ce3b4d09aad81d76f67e5ff247298dd4f7f8bcef1b5ed48946e501027150c4de7452807e76ca0d19a1223e9cc192ed3d0,gx-no-cache=1558960864540 HTTP/1.1" 200 30
190.171.141.138 - - [27/May/2019:09:44:56 -0300] "GET /cormun/servlet/licenciaspermisos?3840965b8103bad74587b9355152fed4ab82c88b47dde751902b01dc8422c5291701da7388f5e3ac3d97672ad3cc3e0a377b92916e2a59acff95e6071bcbff60f48ae8710febf0f2f8bfca31fc121b2eb429f08942d605fe501e30b35508e1e341bc1db5471b577b4ad72ea87cb85c8f55cc1aa6aa3c11bb661e748fbeeb1b51fd4798f7974014b298f465563c24bdb7f0006753defad7a7f155017160237dd71a49eb006411068f36ce58e0be05c7964113733d825397e074fd92c0933bf4a25da70b7278e47efb3af2178b3b7b85e6a1be8a922c3c5f63291264fc9037bc42,gx-no-cache=1558960864897 HTTP/1.1" 200 29
190.171.141.138 - - [27/May/2019:09:44:57 -0300] "POST /cormun/servlet/licenciaspermisos?d33e569975af2dabdccc806faa11e1f8,INS,0,,,,gx-no-cache=1558960865042 HTTP/1.1" 200 93
190.171.141.138 - - [27/May/2019:09:44:57 -0300] "GET /cormun/servlet/hpexe_return? HTTP/1.1" 200 1016
190.171.141.138 - - [27/May/2019:09:44:57 -0300] "GET /cormun/servlet/trlicencias HTTP/1.1" 200 12895
190.171.141.138 - - [27/May/2019:09:44:59 -0300] "GET /cormun/servlet/trlicencias HTTP/1.1" 200 12891
190.171.141.138 - - [27/May/2019:09:45:00 -0300] "GET /cormun/servlet/trlicenciaspermisosadjuntos?11340821,20190527000000,L, HTTP/1.1" 200 6834
190.171.141.138 - - [27/May/2019:09:45:01 -0300] "GET /cormun/servlet/trlicenciaspermisosadjuntos?11340821,20190527000000,L, HTTP/1.1" 200 6834
190.171.142.18 - - [27/May/2019:09:45:09 -0300] "GET /cormun/servlet/solicitudotadjuntos?f94778497b28d5e1873f8f9b82abd24b8b8f5d46ff646ffe571ad58eb64bc09c,gx-no-cache=1558961089996 HTTP/1.1" 200 30
190.171.142.18 - - [27/May/2019:09:45:09 -0300] "GET /cormun/servlet/solicitudotadjuntos?f94778497b28d5e1873f8f9b82abd24b8b8f5d46ff646ffe571ad58eb64bc09c,gx-no-cache=1558961090518 HTTP/1.1" 200 30
190.171.141.138 - - [27/May/2019:09:45:11 -0300] "GET /cormun/servlet/licenciaspermisosadjuntos?INS,11340821,L,20190527000000,, HTTP/1.1" 200 6109
190.171.141.138 - - [27/May/2019:09:45:11 -0300] "GET /cormun/static/about:blank HTTP/1.1" 404 1011
190.171.141.138 - - [27/May/2019:09:45:11 -0300] "GET /cormun/servlet/licenciaspermisosadjuntos?INS,11340821,L,20190527000000,, HTTP/1.1" 200 6096
190.171.142.18 - - [27/May/2019:09:45:12 -0300] "POST /cormun/servlet/solicitudotadjuntos?58e7ea59d90081cbb7038b02945a0fa7,INS,2019,15637,,1, HTTP/1.1" 200 116
190.171.142.18 - - [27/May/2019:09:45:13 -0300] "GET /cormun/servlet/hpexe_return? HTTP/1.1" 200 1020
190.171.142.18 - - [27/May/2019:09:45:14 -0300] "GET /cormun/servlet/trsolicitudadjuntos?2019,15637, HTTP/1.1" 200 9011
190.171.142.18 - - [27/May/2019:09:45:14 -0300] "GET /cormun/servlet/trsolicitudadjuntos?2019,15637, HTTP/1.1" 200 9009
190.171.142.18 - - [27/May/2019:09:45:16 -0300] "GET /cormun/servlet/solicitudotadjuntos?INS,2019,15637,,1, HTTP/1.1" 200 6359
190.171.142.18 - - [27/May/2019:09:45:17 -0300] "GET /cormun/servlet/solicitudotadjuntos?INS,2019,15637,,1, HTTP/1.1" 200 6352
190.171.142.18 - - [27/May/2019:09:45:17 -0300] "GET /cormun/static/about:blank HTTP/1.1" 404 1011
190.171.142.18 - - [27/May/2019:09:45:17 -0300] "GET /cormun/servlet/solicitudotadjuntos?f94778497b28d5e1873f8f9b82abd24b89c89079d20b1b89a0e59bfc41bbeda7af24b54a8185bd0f191aeda89255f120,gx-no-cache=1558961098481 HTTP/1.1" 200 30
190.171.142.18 - - [27/May/2019:09:45:19 -0300] "POST /cormun/servlet/solicitudotadjuntos?58e7ea59d90081cbb7038b02945a0fa7,INS,2019,15637,,1,,gx-no-cache=1558961098595 HTTP/1.1" 200 4097
190.171.142.18 - - [27/May/2019:09:45:21 -0300] "POST /cormun/servlet/solicitudotadjuntos?gx-no-cache=1558961101947 HTTP/1.1" 200 26
190.171.142.18 - - [27/May/2019:09:45:26 -0300] "GET /cormun/servlet/solicitudotadjuntos?f94778497b28d5e1873f8f9b82abd24b8b8f5d46ff646ffe571ad58eb64bc09c,gx-no-cache=1558961107125 HTTP/1.1" 200 30
190.171.142.18 - - [27/May/2019:09:45:26 -0300] "GET /cormun/servlet/solicitudotadjuntos?f94778497b28d5e1873f8f9b82abd24b8b8f5d46ff646ffe571ad58eb64bc09c,gx-no-cache=1558961107537 HTTP/1.1" 200 30
190.171.142.18 - - [27/May/2019:09:45:29 -0300] "POST /cormun/servlet/solicitudotadjuntos?58e7ea59d90081cbb7038b02945a0fa7,INS,2019,15637,,1, HTTP/1.1" 200 116
190.171.142.18 - - [27/May/2019:09:45:29 -0300] "GET /cormun/servlet/hpexe_return? HTTP/1.1" 200 1020
190.171.142.18 - - [27/May/2019:09:45:29 -0300] "GET /cormun/servlet/trsolicitudadjuntos?2019,15637, HTTP/1.1" 200 9227
190.171.142.18 - - [27/May/2019:09:45:30 -0300] "GET /cormun/servlet/trsolicitudadjuntos?2019,15637, HTTP/1.1" 200 9224
190.171.142.18 - - [27/May/2019:09:45:31 -0300] "GET /cormun/servlet/solicitudotadjuntos?INS,2019,15637,,1, HTTP/1.1" 200 6359
190.171.142.18 - - [27/May/2019:09:45:32 -0300] "GET /cormun/static/about:blank HTTP/1.1" 404 1011
190.171.142.18 - - [27/May/2019:09:45:32 -0300] "GET /cormun/servlet/solicitudotadjuntos?INS,2019,15637,,1, HTTP/1.1" 200 6352
190.171.142.18 - - [27/May/2019:09:45:32 -0300] "GET /cormun/servlet/solicitudotadjuntos?f94778497b28d5e1873f8f9b82abd24b89c89079d20b1b89a0e59bfc41bbeda7af24b54a8185bd0f191aeda89255f120,gx-no-cache=1558961113557 HTTP/1.1" 200 30
186.67.172.234 - - [27/May/2019:09:45:34 -0300] "POST /cormun/servlet/trlicencias?a4ed8b7c01bdc598f692b2ee428d5ce6,gx-no-cache=1558957279943 HTTP/1.1" 200 12111
190.171.142.18 - - [27/May/2019:09:45:34 -0300] "POST /cormun/servlet/solicitudotadjuntos?58e7ea59d90081cbb7038b02945a0fa7,INS,2019,15637,,1,,gx-no-cache=1558961113706 HTTP/1.1" 200 4097
190.171.142.18 - - [27/May/2019:09:45:38 -0300] "POST /cormun/servlet/solicitudotadjuntos?gx-no-cache=1558961118683 HTTP/1.1" 200 26
190.171.142.18 - - [27/May/2019:09:45:41 -0300] "GET /cormun/servlet/solicitudotadjuntos?f94778497b28d5e1873f8f9b82abd24b8b8f5d46ff646ffe571ad58eb64bc09c,gx-no-cache=1558961122323 HTTP/1.1" 200 30
190.171.142.18 - - [27/May/2019:09:45:41 -0300] "GET /cormun/servlet/solicitudotadjuntos?f94778497b28d5e1873f8f9b82abd24b8b8f5d46ff646ffe571ad58eb64bc09c,gx-no-cache=1558961122540 HTTP/1.1" 200 30
186.67.172.234 - - [27/May/2019:09:45:42 -0300] "GET /cormun/servlet/trpermisosgoce? HTTP/1.1" 200 15782
186.67.172.234 - - [27/May/2019:09:45:44 -0300] "GET /cormun/servlet/trpermisosgoce? HTTP/1.1" 200 15788
190.171.142.18 - - [27/May/2019:09:45:44 -0300] "POST /cormun/servlet/solicitudotadjuntos?58e7ea59d90081cbb7038b02945a0fa7,INS,2019,15637,,1, HTTP/1.1" 200 116
190.171.142.18 - - [27/May/2019:09:45:44 -0300] "GET /cormun/servlet/hpexe_return? HTTP/1.1" 200 1020
190.171.142.18 - - [27/May/2019:09:45:45 -0300] "GET /cormun/servlet/trsolicitudadjuntos?2019,15637, HTTP/1.1" 200 9394
190.171.142.18 - - [27/May/2019:09:45:45 -0300] "GET /cormun/servlet/trsolicitudadjuntos?2019,15637, HTTP/1.1" 200 9395
190.171.142.18 - - [27/May/2019:09:45:47 -0300] "GET /cormun/servlet/solicitudotadjuntos?INS,2019,15637,,1, HTTP/1.1" 200 6359
190.171.142.18 - - [27/May/2019:09:45:47 -0300] "GET /cormun/static/about:blank HTTP/1.1" 404 1011
190.171.142.18 - - [27/May/2019:09:45:48 -0300] "GET /cormun/servlet/solicitudotadjuntos?f94778497b28d5e1873f8f9b82abd24b89c89079d20b1b89a0e59bfc41bbeda7af24b54a8185bd0f191aeda89255f120,gx-no-cache=1558961129010 HTTP/1.1" 200 30
190.171.142.18 - - [27/May/2019:09:45:49 -0300] "POST /cormun/servlet/solicitudotadjuntos?58e7ea59d90081cbb7038b02945a0fa7,INS,2019,15637,,1,,gx-no-cache=1558961129344 HTTP/1.1" 200 4097
190.171.142.18 - - [27/May/2019:09:45:49 -0300] "GET /cormun/servlet/solicitudotadjuntos?INS,2019,15637,,1, HTTP/1.1" 200 6352
190.171.142.18 - - [27/May/2019:09:45:50 -0300] "POST /cormun/servlet/solicitudotadjuntos?gx-no-cache=1558961131379 HTTP/1.1" 200 26
190.171.142.18 - - [27/May/2019:09:45:54 -0300] "GET /cormun/servlet/solicitudotadjuntos?f94778497b28d5e1873f8f9b82abd24b8b8f5d46ff646ffe571ad58eb64bc09c,gx-no-cache=1558961135507 HTTP/1.1" 200 30
190.171.142.18 - - [27/May/2019:09:45:54 -0300] "GET /cormun/servlet/solicitudotadjuntos?f94778497b28d5e1873f8f9b82abd24b8b8f5d46ff646ffe571ad58eb64bc09c,gx-no-cache=1558961135623 HTTP/1.1" 200 30
190.171.142.18 - - [27/May/2019:09:45:57 -0300] "POST /cormun/servlet/solicitudotadjuntos?58e7ea59d90081cbb7038b02945a0fa7,INS,2019,15637,,1, HTTP/1.1" 200 116
190.171.142.18 - - [27/May/2019:09:45:57 -0300] "GET /cormun/servlet/hpexe_return? HTTP/1.1" 200 1020
190.171.142.18 - - [27/May/2019:09:45:57 -0300] "GET /cormun/servlet/trsolicitudadjuntos?2019,15637, HTTP/1.1" 200 9613
190.171.142.18 - - [27/May/2019:09:45:58 -0300] "GET /cormun/servlet/trsolicitudadjuntos?2019,15637, HTTP/1.1" 200 9610
190.171.142.18 - - [27/May/2019:09:46:00 -0300] "GET /cormun/servlet/solicitudotadjuntos?INS,2019,15637,,1, HTTP/1.1" 200 6359
190.171.142.18 - - [27/May/2019:09:46:00 -0300] "GET /cormun/static/about:blank HTTP/1.1" 404 1011
190.171.142.18 - - [27/May/2019:09:46:00 -0300] "GET /cormun/servlet/solicitudotadjuntos?INS,2019,15637,,1, HTTP/1.1" 200 6352
190.171.142.18 - - [27/May/2019:09:46:01 -0300] "GET /cormun/servlet/solicitudotadjuntos?f94778497b28d5e1873f8f9b82abd24b89c89079d20b1b89a0e59bfc41bbeda7af24b54a8185bd0f191aeda89255f120,gx-no-cache=1558961141565 HTTP/1.1" 200 30
190.171.142.18 - - [27/May/2019:09:46:02 -0300] "POST /cormun/servlet/solicitudotadjuntos?58e7ea59d90081cbb7038b02945a0fa7,INS,2019,15637,,1,,gx-no-cache=1558961141994 HTTP/1.1" 200 4097
190.171.142.18 - - [27/May/2019:09:46:04 -0300] "POST /cormun/servlet/solicitudotadjuntos?gx-no-cache=1558961145219 HTTP/1.1" 200 26
190.171.142.18 - - [27/May/2019:09:46:10 -0300] "GET /cormun/servlet/solicitudotadjuntos?f94778497b28d5e1873f8f9b82abd24b8b8f5d46ff646ffe571ad58eb64bc09c,gx-no-cache=1558961151623 HTTP/1.1" 200 30
190.171.142.18 - - [27/May/2019:09:46:11 -0300] "GET /cormun/servlet/solicitudotadjuntos?f94778497b28d5e1873f8f9b82abd24b8b8f5d46ff646ffe571ad58eb64bc09c,gx-no-cache=1558961151744 HTTP/1.1" 200 30
190.171.142.18 - - [27/May/2019:09:46:27 -0300] "POST /cormun/servlet/solicitudotadjuntos?58e7ea59d90081cbb7038b02945a0fa7,INS,2019,15637,,1, HTTP/1.1" 200 116
190.171.142.18 - - [27/May/2019:09:46:27 -0300] "GET /cormun/servlet/hpexe_return? HTTP/1.1" 200 1020
190.171.142.18 - - [27/May/2019:09:46:28 -0300] "GET /cormun/servlet/trsolicitudadjuntos?2019,15637, HTTP/1.1" 200 9860
190.171.142.18 - - [27/May/2019:09:46:29 -0300] "GET /cormun/servlet/trsolicitudadjuntos?2019,15637, HTTP/1.1" 200 9858
190.171.142.18 - - [27/May/2019:09:46:44 -0300] "GET /cormun/servlet/solicitudotadjuntos?INS,2019,15637,,1, HTTP/1.1" 200 6357
190.171.142.18 - - [27/May/2019:09:46:45 -0300] "GET /cormun/servlet/solicitudotadjuntos?f94778497b28d5e1873f8f9b82abd24b89c89079d20b1b89a0e59bfc41bbeda7af24b54a8185bd0f191aeda89255f120,gx-no-cache=1558961186215 HTTP/1.1" 200 30
190.171.142.18 - - [27/May/2019:09:46:45 -0300] "GET /cormun/servlet/solicitudotadjuntos?INS,2019,15637,,1, HTTP/1.1" 200 6351
190.171.142.18 - - [27/May/2019:09:46:46 -0300] "POST /cormun/servlet/solicitudotadjuntos?58e7ea59d90081cbb7038b02945a0fa7,INS,2019,15637,,1,,gx-no-cache=1558961186444 HTTP/1.1" 200 4095
190.171.142.18 - - [27/May/2019:09:46:46 -0300] "GET /cormun/static/about:blank HTTP/1.1" 404 1011
190.171.152.242 - - [27/May/2019:09:46:47 -0300] "GET /cormun/servlet/hlogin HTTP/1.1" 200 1722
190.171.152.242 - - [27/May/2019:09:46:49 -0300] "POST /cormun/servlet/hlogin?dfd4c5b54e9f0b3e65c474844b857366,gx-no-cache=1558960980238 HTTP/1.1" 200 90
190.171.152.242 - - [27/May/2019:09:46:49 -0300] "GET /cormun/servlet/hpexe_link HTTP/1.1" 200 949
190.171.152.242 - - [27/May/2019:09:46:49 -0300] "GET /cormun/servlet/hhome HTTP/1.1" 200 4065
190.171.152.242 - - [27/May/2019:09:46:50 -0300] "GET /cormun/servlet/hhome HTTP/1.1" 200 4061
190.171.152.242 - - [27/May/2019:09:46:54 -0300] "GET /cormun/servlet/trlicencias? HTTP/1.1" 200 11030
190.171.152.242 - - [27/May/2019:09:46:55 -0300] "GET /cormun/servlet/trlicencias? HTTP/1.1" 200 11027
190.171.152.242 - - [27/May/2019:09:46:57 -0300] "GET /cormun/servlet/licenciaspermisos?INS,0,,, HTTP/1.1" 200 7598
190.171.152.242 - - [27/May/2019:09:46:58 -0300] "GET /cormun/static/licenciaspermisos.js?201762917281260 HTTP/1.1" 200 37491
190.171.152.242 - - [27/May/2019:09:46:58 -0300] "GET /cormun/static/gxcfg.js?201762917281167 HTTP/1.1" 200 953
190.171.152.242 - - [27/May/2019:09:46:58 -0300] "GET /cormun/servlet/licenciaspermisos?INS,0,,, HTTP/1.1" 200 7606
190.171.142.18 - - [27/May/2019:09:46:59 -0300] "POST /cormun/servlet/solicitudotadjuntos?gx-no-cache=1558961196000 HTTP/1.1" 200 26
190.171.152.242 - - [27/May/2019:09:47:01 -0300] "GET /cormun/servlet/prfichaempleado?,MD,,gxPopupLevel%3D0%3B HTTP/1.1" 200 9371
190.171.152.242 - - [27/May/2019:09:47:01 -0300] "GET /cormun/static/gxcfg.js?20177612134814 HTTP/1.1" 200 953
190.171.152.242 - - [27/May/2019:09:47:01 -0300] "GET /cormun/static/prfichaempleado.js?20177612134999 HTTP/1.1" 200 16006
190.171.141.138 - - [27/May/2019:09:47:10 -0300] "POST /cormun/servlet/licenciaspermisosadjuntos?d33e569975af2dabdccc806faa11e1f8,INS,11340821,L,20190527000000,, HTTP/1.1" 200 116
190.171.142.18 - - [27/May/2019:09:47:10 -0300] "GET /cormun/servlet/solicitudotadjuntos?f94778497b28d5e1873f8f9b82abd24b8b8f5d46ff646ffe571ad58eb64bc09c,gx-no-cache=1558961211071 HTTP/1.1" 200 30
190.171.142.18 - - [27/May/2019:09:47:10 -0300] "GET /cormun/servlet/solicitudotadjuntos?f94778497b28d5e1873f8f9b82abd24b8b8f5d46ff646ffe571ad58eb64bc09c,gx-no-cache=1558961211190 HTTP/1.1" 200 30
190.171.141.138 - - [27/May/2019:09:47:10 -0300] "GET /cormun/servlet/hpexe_return? HTTP/1.1" 200 1047
190.171.141.138 - - [27/May/2019:09:47:11 -0300] "GET /cormun/servlet/trlicenciaspermisosadjuntos?11340821,20190527000000,L, HTTP/1.1" 200 7352
186.67.172.234 - - [27/May/2019:09:47:12 -0300] "GET /cormun/servlet/trlicencias? HTTP/1.1" 200 14566
190.171.141.138 - - [27/May/2019:09:47:12 -0300] "GET /cormun/servlet/trlicenciaspermisosadjuntos?11340821,20190527000000,L, HTTP/1.1" 200 7348
186.67.172.234 - - [27/May/2019:09:47:13 -0300] "GET /cormun/servlet/trlicencias? HTTP/1.1" 200 14564
190.171.152.242 - - [27/May/2019:09:47:17 -0300] "POST /cormun/servlet/prfichaempleado?dfd4c5b54e9f0b3e65c474844b857366,,MD,,gxPopupLevel%3D0%3B,gx-no-cache=1558961004727 HTTP/1.1" 200 3432
190.171.152.242 - - [27/May/2019:09:47:21 -0300] "GET /cormun/servlet/licenciaspermisos?92472976f40fa76a4da52d6484330bb72eca5cb46eb027cce3075886141367160aeeb88fb41d110e6b4b17bbd74d86a1,gx-no-cache=1558961012247 HTTP/1.1" 200 105
190.171.152.242 - - [27/May/2019:09:47:21 -0300] "POST /cormun/servlet/licenciaspermisos?dfd4c5b54e9f0b3e65c474844b857366,INS,0,,,,gx-no-cache=1558961012396 HTTP/1.1" 200 4761
190.171.152.242 - - [27/May/2019:09:47:38 -0300] "GET /cormun/static/menuarrow.gif HTTP/1.1" 404 1015
186.67.172.234 - - [27/May/2019:09:47:43 -0300] "GET /cormun/servlet/hlogin HTTP/1.1" 200 1737
190.171.141.138 - - [27/May/2019:09:48:25 -0300] "POST /cormun/servlet/trlicenciaspermisosadjuntos?d33e569975af2dabdccc806faa11e1f8,11340821,20190527000000,L,,gx-no-cache=1558961073615 HTTP/1.1" 200 90
190.171.141.138 - - [27/May/2019:09:48:25 -0300] "GET /cormun/servlet/hpexe_link HTTP/1.1" 200 989
190.171.141.138 - - [27/May/2019:09:48:26 -0300] "GET /cormun/servlet/trlicencias HTTP/1.1" 200 12895
190.171.141.138 - - [27/May/2019:09:48:27 -0300] "GET /cormun/servlet/trlicencias HTTP/1.1" 200 12894
190.171.141.138 - - [27/May/2019:09:48:31 -0300] "GET /cormun/servlet/alicenciaprn?11340821,L,20190527000000,PU HTTP/1.1" 200 1560
190.171.142.18 - - [27/May/2019:09:48:31 -0300] "GET /cormun/servlet/solicitudotadjuntos?INS,2019,15637,,1, HTTP/1.1" 200 6341
190.171.142.18 - - [27/May/2019:09:48:31 -0300] "GET /cormun/static/about:blank HTTP/1.1" 404 1011
190.171.142.18 - - [27/May/2019:09:48:31 -0300] "GET /cormun/servlet/solicitudotadjuntos?INS,2019,15637,,1, HTTP/1.1" 200 6352
190.171.142.18 - - [27/May/2019:09:48:32 -0300] "GET /cormun/servlet/solicitudotadjuntos?f94778497b28d5e1873f8f9b82abd24b89c89079d20b1b89a0e59bfc41bbeda7af24b54a8185bd0f191aeda89255f120,gx-no-cache=1558961292920 HTTP/1.1" 200 30
190.171.142.18 - - [27/May/2019:09:48:32 -0300] "POST /cormun/servlet/solicitudotadjuntos?58e7ea59d90081cbb7038b02945a0fa7,INS,2019,15637,,1,,gx-no-cache=1558961293074 HTTP/1.1" 200 4070
190.171.142.18 - - [27/May/2019:09:48:39 -0300] "POST /cormun/servlet/solicitudotadjuntos?gx-no-cache=1558961297835 HTTP/1.1" 200 26
190.171.142.18 - - [27/May/2019:09:48:44 -0300] "GET /cormun/servlet/solicitudotadjuntos?f94778497b28d5e1873f8f9b82abd24b8b8f5d46ff646ffe571ad58eb64bc09c,gx-no-cache=1558961305219 HTTP/1.1" 200 30
190.171.142.18 - - [27/May/2019:09:48:44 -0300] "GET /cormun/servlet/solicitudotadjuntos?f94778497b28d5e1873f8f9b82abd24b8b8f5d46ff646ffe571ad58eb64bc09c,gx-no-cache=1558961305337 HTTP/1.1" 200 30
190.171.143.82 - - [27/May/2019:09:48:48 -0300] "GET /cormun/servlet/trautorizarpermisogoce? HTTP/1.1" 200 6006
190.171.142.18 - - [27/May/2019:09:48:53 -0300] "POST /cormun/servlet/solicitudotadjuntos?58e7ea59d90081cbb7038b02945a0fa7,INS,2019,15637,,1, HTTP/1.1" 200 7272
190.171.143.82 - - [27/May/2019:09:48:53 -0300] "GET /cormun/servlet/trautorizarpermisogoce? HTTP/1.1" 200 6016
190.171.143.82 - - [27/May/2019:09:48:54 -0300] "GET /cormun/servlet/hlogin HTTP/1.1" 200 1738
190.171.143.82 - - [27/May/2019:09:49:10 -0300] "POST /cormun/servlet/hlogin?1f2fbf4757effdae7785f17229d23745,gx-no-cache=1558961118690 HTTP/1.1" 200 452
190.171.143.82 - - [27/May/2019:09:49:22 -0300] "POST /cormun/servlet/hlogin?1f2fbf4757effdae7785f17229d23745,gx-no-cache=1558961133026 HTTP/1.1" 200 90
190.171.143.82 - - [27/May/2019:09:49:24 -0300] "GET /cormun/servlet/hpexe_link HTTP/1.1" 200 956
190.171.143.82 - - [27/May/2019:09:49:28 -0300] "GET /cormun/servlet/trautorizarpermisogoce HTTP/1.1" 200 6981
190.171.143.82 - - [27/May/2019:09:49:31 -0300] "GET /cormun/servlet/trautorizarpermisogoce HTTP/1.1" 200 6979
190.171.143.82 - - [27/May/2019:09:49:36 -0300] "GET /cormun/servlet/trinasistenciaautorizar? HTTP/1.1" 200 7853
190.171.143.82 - - [27/May/2019:09:49:37 -0300] "GET /cormun/static/gxcfg.js?2017761218286 HTTP/1.1" 200 953
190.171.143.82 - - [27/May/2019:09:49:37 -0300] "GET /cormun/static/trinasistenciaautorizar.js?20177612183222 HTTP/1.1" 200 32528
190.171.143.82 - - [27/May/2019:09:49:38 -0300] "GET /cormun/servlet/trinasistenciaautorizar? HTTP/1.1" 200 7852
190.171.143.82 - - [27/May/2019:09:49:38 -0300] "GET /cormun//static/Resources/PXToolsActionDisabled.gif HTTP/1.1" 200 53
190.171.142.18 - - [27/May/2019:09:49:43 -0300] "POST /cormun/servlet/solicitudotadjuntos?58e7ea59d90081cbb7038b02945a0fa7,INS,2019,15637,,1, HTTP/1.1" 200 116
190.171.142.18 - - [27/May/2019:09:49:43 -0300] "GET /cormun/servlet/hpexe_return? HTTP/1.1" 200 1020
190.171.143.82 - - [27/May/2019:09:49:44 -0300] "POST /cormun/servlet/trinasistenciaautorizar?1f2fbf4757effdae7785f17229d23745,,gx-no-cache=1558961154322 HTTP/1.1" 200 4353
190.171.142.18 - - [27/May/2019:09:49:44 -0300] "GET /cormun/servlet/trsolicitudadjuntos?2019,15637, HTTP/1.1" 200 10069
190.171.143.82 - - [27/May/2019:09:49:47 -0300] "GET /cormun/static/Shared/jqueryui/images/ui-bg_flat_55_fafafa_40x100.png HTTP/1.1" 404 1097
190.171.143.82 - - [27/May/2019:09:49:47 -0300] "GET /cormun/static/Shared/jqueryui/images/ui-icons_8d78a5_256x240.png HTTP/1.1" 404 1089
190.171.142.18 - - [27/May/2019:09:49:48 -0300] "GET /cormun/servlet/trsolicitudadjuntos?2019,15637, HTTP/1.1" 200 10061
190.171.143.82 - - [27/May/2019:09:49:48 -0300] "GET /cormun/static/Shared/jqueryui/images/ui-icons_82798d_256x240.png HTTP/1.1" 404 1089
190.171.143.82 - - [27/May/2019:09:49:49 -0300] "GET /cormun/static/Shared/jqueryui/images/ui-bg_highlight-soft_100_c6c2c8_1x100.png HTTP/1.1" 404 1117
190.171.152.242 - - [27/May/2019:09:49:59 -0300] "GET /cormun/servlet/licenciaspermisos?92472976f40fa76a4da52d6484330bb774a07db8bfdd1801d9dfd0ccf6e63c2b1bdf3b4745dd841413dc1a950e305d02108a474da54f77dbcf60fa8fcc155952be26f8cb4efaa9084a207950ac06bb983a19f4878da86ed17a5f29f3087a641b3c2eddbce3a0443c1d7de74975ba5325c744d650362463161247756f0a95b0b91fa50c537a1221aa43f430e5f48adfac32a16738d109db666df292c49c5ccc63fddb291d770e72876e9e1dd7d6fccec437f2cde7132186b4304dbbf33243c60e99aeeec2c57d1e2c580422e73f21940d3d598454b41ef6a0cdc2a65d8234b0e7,gx-no-cache=1558961170315 HTTP/1.1" 200 30
190.171.152.242 - - [27/May/2019:09:50:00 -0300] "GET /cormun/servlet/licenciaspermisos?92472976f40fa76a4da52d6484330bb781b30b3148cd1ac1910e94bf4cb30b8dae3bd1786930a5c6f71568fb5aef3a6ed9c99ac3c453dab6f5ad4c1883110bee55cddd8f4d033859a1ad2d5936f4950c93fec4228eb89f1aa5855329c090723884e17ef39c9560fc3bcdca5d27e356abe2d2a89384a4341616a4694064dc8d592c585c1a622a956850a88b8871d78722f3834d3b4f12662bd6a34743a84fb372fc03646360a0e4be0f9ab7899bbde05063b729a81a9fc0bad698f3671ee6a6e1e636454b4235c04817947ad553084c2342144cb75803a2e40524e96bd820e07a,gx-no-cache=1558961170783 HTTP/1.1" 200 29
190.171.152.242 - - [27/May/2019:09:50:01 -0300] "POST /cormun/servlet/licenciaspermisos?dfd4c5b54e9f0b3e65c474844b857366,INS,0,,,,gx-no-cache=1558961171567 HTTP/1.1" 200 93
190.171.152.242 - - [27/May/2019:09:50:01 -0300] "GET /cormun/servlet/hpexe_return? HTTP/1.1" 200 1010
190.171.152.242 - - [27/May/2019:09:50:02 -0300] "GET /cormun/servlet/trlicencias HTTP/1.1" 200 11532
190.171.152.242 - - [27/May/2019:09:50:03 -0300] "GET /cormun/servlet/trlicencias HTTP/1.1" 200 11527
190.171.152.242 - - [27/May/2019:09:50:10 -0300] "GET /cormun/servlet/trlicenciaspermisosadjuntos?18015607,20190527000000,L, HTTP/1.1" 200 6420
190.171.152.242 - - [27/May/2019:09:50:10 -0300] "GET /cormun/static/gxcfg.js?20177612163414 HTTP/1.1" 200 953
190.171.152.242 - - [27/May/2019:09:50:11 -0300] "GET /cormun/static/trlicenciaspermisosadjuntos.js?20177612163719 HTTP/1.1" 200 21036
190.171.152.242 - - [27/May/2019:09:50:12 -0300] "GET /cormun/servlet/trlicenciaspermisosadjuntos?18015607,20190527000000,L, HTTP/1.1" 200 6421
190.171.152.242 - - [27/May/2019:09:50:14 -0300] "GET /cormun/servlet/licenciaspermisosadjuntos?INS,18015607,L,20190527000000,, HTTP/1.1" 200 5716
190.171.152.242 - - [27/May/2019:09:50:14 -0300] "GET /cormun/static/gxcfg.js?2017761263592 HTTP/1.1" 200 953
190.171.152.242 - - [27/May/2019:09:50:14 -0300] "GET /cormun/static/licenciaspermisosadjuntos.js?201776126362 HTTP/1.1" 200 8760
190.171.152.242 - - [27/May/2019:09:50:14 -0300] "GET /cormun/static/about:blank HTTP/1.1" 404 1011
190.171.152.242 - - [27/May/2019:09:50:15 -0300] "GET /cormun/servlet/licenciaspermisosadjuntos?INS,18015607,L,20190527000000,, HTTP/1.1" 200 5703
190.171.142.18 - - [27/May/2019:09:50:19 -0300] "GET /cormun/servlet/solicitudotadjuntos?INS,2019,15637,,2, HTTP/1.1" 200 6356
190.171.142.18 - - [27/May/2019:09:50:20 -0300] "GET /cormun/static/about:blank HTTP/1.1" 404 1011
190.171.142.18 - - [27/May/2019:09:50:20 -0300] "GET /cormun/servlet/solicitudotadjuntos?INS,2019,15637,,2, HTTP/1.1" 200 6350
190.171.142.18 - - [27/May/2019:09:50:20 -0300] "GET /cormun/servlet/solicitudotadjuntos?f94778497b28d5e1873f8f9b82abd24b89c89079d20b1b89a0e59bfc41bbeda7af24b54a8185bd0f191aeda89255f120,gx-no-cache=1558961401430 HTTP/1.1" 200 30
190.171.142.18 - - [27/May/2019:09:50:21 -0300] "POST /cormun/servlet/solicitudotadjuntos?58e7ea59d90081cbb7038b02945a0fa7,INS,2019,15637,,2,,gx-no-cache=1558961401591 HTTP/1.1" 200 4234
190.171.142.18 - - [27/May/2019:09:50:32 -0300] "POST /cormun/servlet/solicitudotadjuntos?gx-no-cache=1558961412916 HTTP/1.1" 200 26
190.171.142.18 - - [27/May/2019:09:50:39 -0300] "GET /cormun/servlet/solicitudotadjuntos?f94778497b28d5e1873f8f9b82abd24b8b8f5d46ff646ffe571ad58eb64bc09c,gx-no-cache=1558961420559 HTTP/1.1" 200 30
190.171.142.18 - - [27/May/2019:09:50:40 -0300] "GET /cormun/servlet/solicitudotadjuntos?f94778497b28d5e1873f8f9b82abd24b8b8f5d46ff646ffe571ad58eb64bc09c,gx-no-cache=1558961420682 HTTP/1.1" 200 30
190.171.152.242 - - [27/May/2019:09:50:51 -0300] "POST /cormun/servlet/licenciaspermisosadjuntos?dfd4c5b54e9f0b3e65c474844b857366,INS,18015607,L,20190527000000,, HTTP/1.1" 200 6729
190.171.142.18 - - [27/May/2019:09:51:11 -0300] "POST /cormun/servlet/solicitudotadjuntos?58e7ea59d90081cbb7038b02945a0fa7,INS,2019,15637,,2, HTTP/1.1" 200 116
190.171.142.18 - - [27/May/2019:09:51:12 -0300] "GET /cormun/servlet/hpexe_return? HTTP/1.1" 200 1020
190.171.142.18 - - [27/May/2019:09:51:13 -0300] "GET /cormun/servlet/trsolicitudadjuntos?2019,15637, HTTP/1.1" 200 10206
190.171.142.18 - - [27/May/2019:09:51:16 -0300] "GET /cormun/servlet/trsolicitudadjuntos?2019,15637, HTTP/1.1" 200 10204
186.67.172.234 - - [27/May/2019:09:51:46 -0300] "POST /cormun/servlet/hlogin?a4ed8b7c01bdc598f692b2ee428d5ce6,gx-no-cache=1558957681323 HTTP/1.1" 200 90
186.67.172.234 - - [27/May/2019:09:51:46 -0300] "GET /cormun/servlet/hpexe_link HTTP/1.1" 200 956
186.67.172.234 - - [27/May/2019:09:51:47 -0300] "GET /cormun/servlet/trlicencias HTTP/1.1" 200 14566
186.67.172.234 - - [27/May/2019:09:51:48 -0300] "GET /cormun/servlet/trlicencias HTTP/1.1" 200 14564
186.67.172.234 - - [27/May/2019:09:51:55 -0300] "GET /cormun/servlet/trpermisosgoce? HTTP/1.1" 200 15793
186.67.172.234 - - [27/May/2019:09:51:56 -0300] "GET /cormun/servlet/trpermisosgoce? HTTP/1.1" 200 15792
190.171.142.18 - - [27/May/2019:09:52:22 -0300] "POST /cormun/servlet/trsolicitudadjuntos?58e7ea59d90081cbb7038b02945a0fa7,2019,15637,,gx-no-cache=1558961523073 HTTP/1.1" 200 90
190.171.142.18 - - [27/May/2019:09:52:23 -0300] "GET /cormun/servlet/hpexe_link HTTP/1.1" 200 963
190.171.142.18 - - [27/May/2019:09:52:24 -0300] "GET /cormun/servlet/trsolicitudot HTTP/1.1" 200 8958
190.171.142.18 - - [27/May/2019:09:52:25 -0300] "GET /cormun/servlet/trsolicitudot HTTP/1.1" 200 8957
190.171.142.18 - - [27/May/2019:09:52:28 -0300] "GET /cormun/servlet/solicitudot?INS,0,0, HTTP/1.1" 200 15308
190.171.142.18 - - [27/May/2019:09:52:28 -0300] "GET /cormun/servlet/solicitudot?INS,0,0, HTTP/1.1" 200 15312
190.171.142.18 - - [27/May/2019:09:52:37 -0300] "POST /cormun/servlet/solicitudot?gx-no-cache=1558961537532 HTTP/1.1" 200 3459
190.171.142.18 - - [27/May/2019:09:52:39 -0300] "POST /cormun/servlet/solicitudot?58e7ea59d90081cbb7038b02945a0fa7,INS,0,0,,gx-no-cache=1558961538666 HTTP/1.1" 200 11911
190.171.142.18 - - [27/May/2019:09:52:45 -0300] "GET /cormun/servlet/solicitudot?f94778497b28d5e1873f8f9b82abd24b3bd6a8be9bbf2e11ded05b4713b64a2c8bb240543e84f51cb199bc3e23ec5ad0,gx-no-cache=1558961546128 HTTP/1.1" 200 30
190.171.152.242 - - [27/May/2019:09:53:13 -0300] "POST /cormun/servlet/licenciaspermisosadjuntos?dfd4c5b54e9f0b3e65c474844b857366,INS,18015607,L,20190527000000,, HTTP/1.1" 200 116
190.171.152.242 - - [27/May/2019:09:53:13 -0300] "GET /cormun/servlet/hpexe_return? HTTP/1.1" 200 1041
190.171.152.242 - - [27/May/2019:09:53:14 -0300] "GET /cormun/servlet/trlicenciaspermisosadjuntos?18015607,20190527000000,L, HTTP/1.1" 200 6921
190.171.152.242 - - [27/May/2019:09:53:15 -0300] "GET /cormun/servlet/trlicenciaspermisosadjuntos?18015607,20190527000000,L, HTTP/1.1" 200 6919
190.171.142.18 - - [27/May/2019:09:53:37 -0300] "GET /cormun/servlet/prbanco?,MD,,gxPopupLevel%3D0%3B HTTP/1.1" 200 6677
192.168.10.89 - - [27/May/2019:09:53:38 -0300] "GET /cormun/servlet/hlogin HTTP/1.1" 200 1720
190.171.142.18 - - [27/May/2019:09:53:45 -0300] "GET /cormun/servlet/solicitudot?f94778497b28d5e1873f8f9b82abd24bdd757459eb194dbec407a12c05e11211da24c10468ee72e011cc5b1c57a650cda8e653b94eacbc8db34b1ee5948c1c69,gx-no-cache=1558961600961 HTTP/1.1" 200 30
190.171.142.18 - - [27/May/2019:09:53:46 -0300] "GET /cormun/servlet/solicitudot?f94778497b28d5e1873f8f9b82abd24bf0707c6d0d03b4966893027b1ffc535f,gx-no-cache=1558961606915 HTTP/1.1" 200 53
192.168.10.89 - - [27/May/2019:09:53:46 -0300] "POST /cormun/servlet/hlogin?7eb09012d7b0abeff31932b434362188,gx-no-cache=1558961071563 HTTP/1.1" 200 90
192.168.10.89 - - [27/May/2019:09:53:46 -0300] "GET /cormun/servlet/hpexe_link HTTP/1.1" 200 951
192.168.10.89 - - [27/May/2019:09:53:46 -0300] "GET /cormun/servlet/hhome HTTP/1.1" 200 3885
192.168.10.89 - - [27/May/2019:09:53:48 -0300] "GET /cormun/servlet/trsolicitudgral? HTTP/1.1" 200 16609
192.168.10.89 - - [27/May/2019:09:53:55 -0300] "POST /cormun/servlet/trsolicitudgral?7eb09012d7b0abeff31932b434362188,,gx-no-cache=1558961080063 HTTP/1.1" 200 6615
192.168.10.89 - - [27/May/2019:09:53:57 -0300] "POST /cormun/servlet/trsolicitudgral?7eb09012d7b0abeff31932b434362188,,gx-no-cache=1558961082188 HTTP/1.1" 200 5465
192.168.10.89 - - [27/May/2019:09:53:57 -0300] "GET /cormun/static/Shared/jqueryui/images/ui-bg_highlight-soft_100_c6c2c8_1x100.png HTTP/1.1" 404 1117
192.168.10.89 - - [27/May/2019:09:53:57 -0300] "GET /cormun/static/Shared/jqueryui/images/ui-icons_82798d_256x240.png HTTP/1.1" 404 1089
192.168.10.89 - - [27/May/2019:09:53:57 -0300] "GET /cormun/static/Shared/jqueryui/images/ui-icons_8d78a5_256x240.png HTTP/1.1" 404 1089
192.168.10.89 - - [27/May/2019:09:53:57 -0300] "GET /cormun/static/Shared/jqueryui/images/ui-bg_flat_55_fafafa_40x100.png HTTP/1.1" 404 1097
190.171.142.18 - - [27/May/2019:09:53:57 -0300] "POST /cormun/servlet/solicitudot?gx-no-cache=1558961618415 HTTP/1.1" 200 255
190.171.142.18 - - [27/May/2019:09:54:00 -0300] "GET /cormun/servlet/solicitudot?f94778497b28d5e1873f8f9b82abd24b68c083edf069833982246dd9a4e925b142383990c62b82d55b006fcfbf512cc4e758f4c8f7ef89ffda857191915f2bc1a48f82b046cc8722e13f51bcc826537a1080e4afb87d4c5059c4dc54981e11bc0c2a8ff69d9dbd101608199a649c86737c002d1a913992643f0405ecbc5841e340984eac2112b576b14b80da5feb2508ed5b36f180427d4e8cfd134e49b88f997789dbcb661b782be76de082cfcbadd090e966ca0fa7f0f9c506279a69f1d9a9b66fe0306b4ea1f0aacbec919d7a7b65ba781ac14be98e12cdec538b4ab2ad97e7b7bb5112b13bfcfbd2ef2ff8007938a31c02fca74f08d2d44f897b09d4f560e63f6f5702dded3e333a861a4fabe32ad5da958e74c0843ba3b4778ce330e261b7f3235b405a9802f057b8f370b9d86353fe0483a92b2904914336cccb6ae3610b26f4077573e5016ccbc87851ab0bd3cf5b760ead2385c601e6ff06f57a779c3686c9cceb3a776a14d8bb0052396195bcf059dc8fa6b3f4f308c79834286412,gx-no-cache=1558961620705 HTTP/1.1" 200 30
190.171.142.18 - - [27/May/2019:09:54:02 -0300] "POST /cormun/servlet/solicitudot?gx-no-cache=1558961623252 HTTP/1.1" 200 30
190.171.142.18 - - [27/May/2019:09:54:03 -0300] "POST /cormun/servlet/solicitudot?gx-no-cache=1558961624373 HTTP/1.1" 200 1341
190.171.142.18 - - [27/May/2019:09:54:03 -0300] "POST /cormun/servlet/solicitudot?gx-no-cache=1558961624535 HTTP/1.1" 200 38
192.168.10.89 - - [27/May/2019:09:54:05 -0300] "POST /cormun/servlet/trsolicitudgral?7eb09012d7b0abeff31932b434362188,,gx-no-cache=1558961091023 HTTP/1.1" 200 6636
192.168.10.89 - - [27/May/2019:09:54:11 -0300] "POST /cormun/servlet/trsolicitudgral?7eb09012d7b0abeff31932b434362188,,gx-no-cache=1558961096978 HTTP/1.1" 200 5475
190.171.142.18 - - [27/May/2019:09:54:25 -0300] "GET /cormun/servlet/solicitudot?f94778497b28d5e1873f8f9b82abd24b5fbbc03334e7fc5a31cf2e4d1d0d565e50345bf0617d3419af452f3a28bc33bc3987618a1f168719922a8dcd5182ca9e39aa92426fac0bba8d8c26df5b08a90489063465d13b671906161f2c65834703312d8b256a55f41e524ceba14dd35386,gx-no-cache=1558961644639 HTTP/1.1" 200 110
186.67.172.234 - - [27/May/2019:09:54:26 -0300] "GET /cormun/servlet/trlicencias? HTTP/1.1" 200 14566
186.67.172.234 - - [27/May/2019:09:54:27 -0300] "GET /cormun/servlet/trlicencias? HTTP/1.1" 200 14564
192.168.10.89 - - [27/May/2019:09:54:29 -0300] "GET /cormun/servlet/hlogin HTTP/1.1" 200 1741
186.67.172.234 - - [27/May/2019:09:54:37 -0300] "GET /cormun/static/menuarrow.gif HTTP/1.1" 404 1015
190.171.142.18 - - [27/May/2019:09:54:42 -0300] "POST /cormun/servlet/solicitudot?gx-no-cache=1558961662079 HTTP/1.1" 200 97
186.67.172.234 - - [27/May/2019:09:54:47 -0300] "POST /cormun/servlet/trlicencias?a4ed8b7c01bdc598f692b2ee428d5ce6,,gx-no-cache=1558957857671 HTTP/1.1" 200 18841
190.171.142.18 - - [27/May/2019:09:54:50 -0300] "GET /cormun/servlet/solicitudot?f94778497b28d5e1873f8f9b82abd24bdb3cdd35806a58dfe77de5a789379c3154a25797caf6c58ee117513e4526ac4d9101429b73da85a7215d2f94fa7ba02ef3643f6e9becc1d6cd38b59bf6a07b3b643741a79efaf88cc02eae6507780b01518a95ef5e4eda3dc4fe65f2082b5bca,gx-no-cache=1558961670233 HTTP/1.1" 200 29
190.171.142.18 - - [27/May/2019:09:54:50 -0300] "GET /cormun/static/menuarrow.gif HTTP/1.1" 404 1015
190.171.142.18 - - [27/May/2019:09:54:53 -0300] "GET /cormun/servlet/solicitudot?f94778497b28d5e1873f8f9b82abd24b20cf56d4ffe1a408418f90cb97644b2968a6507ce19fdc46edc2976c9d387912,gx-no-cache=1558961674140 HTTP/1.1" 200 30
190.171.142.18 - - [27/May/2019:09:55:00 -0300] "POST /cormun/servlet/solicitudot?gx-no-cache=1558961680724 HTTP/1.1" 200 30
190.171.142.18 - - [27/May/2019:09:55:06 -0300] "POST /cormun/servlet/solicitudot?58e7ea59d90081cbb7038b02945a0fa7,INS,0,0,,gx-no-cache=1558961685529 HTTP/1.1" 200 93
190.171.142.18 - - [27/May/2019:09:55:08 -0300] "GET /cormun/servlet/hpexe_return? HTTP/1.1" 200 1001
190.171.142.18 - - [27/May/2019:09:55:08 -0300] "GET /cormun/servlet/trsolicitudot HTTP/1.1" 200 9293
190.171.142.18 - - [27/May/2019:09:55:09 -0300] "GET /cormun/servlet/trsolicitudot HTTP/1.1" 200 9289
190.171.142.18 - - [27/May/2019:09:55:16 -0300] "POST /cormun/servlet/trsolicitudot?58e7ea59d90081cbb7038b02945a0fa7,gx-no-cache=1558961696873 HTTP/1.1" 200 5948
190.171.142.18 - - [27/May/2019:09:55:17 -0300] "GET /cormun/static/Shared/jqueryui/images/ui-bg_highlight-soft_100_c6c2c8_1x100.png HTTP/1.1" 404 1117
190.171.142.18 - - [27/May/2019:09:55:18 -0300] "GET /cormun/static/Shared/jqueryui/images/ui-icons_82798d_256x240.png HTTP/1.1" 404 1089
190.171.142.18 - - [27/May/2019:09:55:18 -0300] "GET /cormun/static/Shared/jqueryui/images/ui-bg_flat_55_fafafa_40x100.png HTTP/1.1" 404 1097
190.171.142.18 - - [27/May/2019:09:55:18 -0300] "GET /cormun/static/Shared/jqueryui/images/ui-icons_8d78a5_256x240.png HTTP/1.1" 404 1089
190.171.142.18 - - [27/May/2019:09:55:18 -0300] "POST /cormun/servlet/trsolicitudot?58e7ea59d90081cbb7038b02945a0fa7,gx-no-cache=1558961698843 HTTP/1.1" 200 5891
190.171.141.122 - - [27/May/2019:09:55:20 -0300] "GET /cormun/servlet/trpermisosgoce? HTTP/1.1" 200 8621
190.171.141.122 - - [27/May/2019:09:55:20 -0300] "GET /cormun/servlet/trpermisosgoce? HTTP/1.1" 200 8620
190.171.142.18 - - [27/May/2019:09:55:21 -0300] "POST /cormun/servlet/trsolicitudot?58e7ea59d90081cbb7038b02945a0fa7,gx-no-cache=1558961700485 HTTP/1.1" 200 6162
190.171.142.18 - - [27/May/2019:09:55:23 -0300] "GET /cormun/servlet/trautorizarsolicitud? HTTP/1.1" 200 8849
190.171.142.18 - - [27/May/2019:09:55:24 -0300] "GET /cormun/servlet/trautorizarsolicitud? HTTP/1.1" 200 8848
186.67.172.234 - - [27/May/2019:09:55:32 -0300] "POST /cormun/servlet/trlicencias?a4ed8b7c01bdc598f692b2ee428d5ce6,,gx-no-cache=1558957903705 HTTP/1.1" 200 8975
190.171.142.18 - - [27/May/2019:09:55:33 -0300] "GET /cormun/servlet/trsolicitudot? HTTP/1.1" 200 8896
190.171.142.18 - - [27/May/2019:09:55:34 -0300] "GET /cormun/servlet/trsolicitudot? HTTP/1.1" 200 8896
190.171.142.18 - - [27/May/2019:09:55:41 -0300] "POST /cormun/servlet/trsolicitudot?58e7ea59d90081cbb7038b02945a0fa7,,gx-no-cache=1558961719581 HTTP/1.1" 200 106
190.171.142.18 - - [27/May/2019:09:55:44 -0300] "GET /cormun/servlet/solicitudot?UPD,2019,15638, HTTP/1.1" 200 15821
190.171.142.18 - - [27/May/2019:09:55:44 -0300] "GET /cormun/servlet/solicitudot?UPD,2019,15638, HTTP/1.1" 200 15830
190.171.142.18 - - [27/May/2019:09:55:45 -0300] "POST /cormun/servlet/solicitudot?gx-no-cache=1558961725802 HTTP/1.1" 200 3520
190.171.142.18 - - [27/May/2019:09:55:46 -0300] "POST /cormun/servlet/solicitudot?58e7ea59d90081cbb7038b02945a0fa7,UPD,2019,15638,,gx-no-cache=1558961726389 HTTP/1.1" 200 12048
190.171.142.18 - - [27/May/2019:09:55:47 -0300] "GET /cormun/servlet/solicitudot?f94778497b28d5e1873f8f9b82abd24b3bd6a8be9bbf2e11ded05b4713b64a2cacc293240e08ae1574427e9c19d7a2fd,gx-no-cache=1558961727760 HTTP/1.1" 200 30
190.171.142.18 - - [27/May/2019:09:55:48 -0300] "GET /cormun/servlet/solicitudot?f94778497b28d5e1873f8f9b82abd24bdd757459eb194dbec407a12c05e11211da24c10468ee72e011cc5b1c57a650cdaa8c42cae42e0afaa0eccc3a80e33c8a,gx-no-cache=1558961728437 HTTP/1.1" 200 30
190.171.142.18 - - [27/May/2019:09:55:48 -0300] "GET /cormun/servlet/solicitudot?f94778497b28d5e1873f8f9b82abd24b6755bb643a07239b62cafecd1e371699f0159ff52976080d301146ed0019b1485ea1af680dbbedf4974021d6d9d9af60,gx-no-cache=1558961728891 HTTP/1.1" 200 53
190.171.142.18 - - [27/May/2019:09:55:48 -0300] "POST /cormun/servlet/solicitudot?gx-no-cache=1558961729025 HTTP/1.1" 200 254
190.171.142.18 - - [27/May/2019:09:55:48 -0300] "GET /cormun/servlet/solicitudot?f94778497b28d5e1873f8f9b82abd24b68c083edf069833982246dd9a4e925b142383990c62b82d55b006fcfbf512cc4e758f4c8f7ef89ffda857191915f2bc1a48f82b046cc8722e13f51bcc826537a1080e4afb87d4c5059c4dc54981e11bc0c2a8ff69d9dbd101608199a649c86737c002d1a913992643f0405ecbc5841e340984eac2112b576b14b80da5feb2508ed5b36f180427d4e8cfd134e49b88f997789dbcb661b782be76de082cfcbadd090e966ca0fa7f0f9c506279a69f1d9a9b66fe0306b4ea1f0aacbec919d7a7b65ba781ac14be98e12cdec538b4ab2ad97e7b7bb5112b13bfcfbd2ef2ff8007938a31c02fca74f08d2d44f897b09d4f560e63f6f5702dded3e333a861a4fabe32ad5da958e74c0843ba3b4778ce330e261b7f3235b405a9802f057b8f370b9d86353fe0483a92b2904914336cccb6ae3610b26f4077573e5016ccbc87851ab0bd3cf5b760ead2385c601e6ff06f57a779c3686c9cceb3a776a14d8bb0052396195225d6c79d3b229781561501f2c7f011b,gx-no-cache=1558961729211 HTTP/1.1" 200 30
190.171.142.18 - - [27/May/2019:09:55:48 -0300] "POST /cormun/servlet/solicitudot?gx-no-cache=1558961729379 HTTP/1.1" 200 30
190.171.142.18 - - [27/May/2019:09:55:48 -0300] "POST /cormun/servlet/solicitudot?gx-no-cache=1558961729521 HTTP/1.1" 200 1344
190.171.142.18 - - [27/May/2019:09:55:49 -0300] "POST /cormun/servlet/solicitudot?gx-no-cache=1558961729693 HTTP/1.1" 200 40
190.171.142.18 - - [27/May/2019:09:55:53 -0300] "POST /cormun/servlet/solicitudot?gx-no-cache=1558961734068 HTTP/1.1" 200 30
190.171.142.18 - - [27/May/2019:09:55:56 -0300] "GET /cormun/servlet/prsolicitudot?9433824,,,,,MD,,gxPopupLevel%3D0%3B HTTP/1.1" 200 6098
190.171.142.18 - - [27/May/2019:09:55:56 -0300] "GET /cormun/static/gxcfg.js?2017111422591492 HTTP/1.1" 200 953
190.171.142.18 - - [27/May/2019:09:55:57 -0300] "GET /cormun/static/prsolicitudot.js?2017111422591715 HTTP/1.1" 200 13680
190.171.142.18 - - [27/May/2019:09:56:03 -0300] "POST /cormun/servlet/solicitudot?gx-no-cache=1558961743852 HTTP/1.1" 200 1344
190.171.142.18 - - [27/May/2019:09:56:03 -0300] "POST /cormun/servlet/solicitudot?gx-no-cache=1558961744103 HTTP/1.1" 200 40
190.171.142.18 - - [27/May/2019:09:56:03 -0300] "GET /cormun/servlet/solicitudot?f94778497b28d5e1873f8f9b82abd24b5fbbc03334e7fc5a31cf2e4d1d0d565e50345bf0617d3419af452f3a28bc33bc3987618a1f168719922a8dcd5182ca9e39aa92426fac0bba8d8c26df5b08a90489063465d13b671906161f2c65834703312d8b256a55f41e524ceba14dd35386,gx-no-cache=1558961744231 HTTP/1.1" 200 110
190.171.142.18 - - [27/May/2019:09:56:03 -0300] "POST /cormun/servlet/solicitudot?gx-no-cache=1558961744419 HTTP/1.1" 200 97
190.171.142.18 - - [27/May/2019:09:56:03 -0300] "GET /cormun/servlet/solicitudot?f94778497b28d5e1873f8f9b82abd24b3242a0d56a3fc7699b00ccdac4082573976fc9dc4e13e65df98c0a43f319c18a45ae5571454dda46d4cd7ec28772bf2a1d3986da242606adb36c45f2e63dbb2f186289d17568f77d35e5af08d8546ee39ee3d5b67f969ab2100e7849c1a8145009ecdbdd376e7fa08637a3ba7e127d095aecb24c4e3caa1c3570af34b60e64c6d957a189916ad5d37ccf52c28fd66c70,gx-no-cache=1558961744602 HTTP/1.1" 200 29
190.171.142.18 - - [27/May/2019:09:56:04 -0300] "GET /cormun/servlet/solicitudot?f94778497b28d5e1873f8f9b82abd24b20cf56d4ffe1a408418f90cb97644b2968a6507ce19fdc46edc2976c9d387912,gx-no-cache=1558961745289 HTTP/1.1" 200 30
190.171.142.18 - - [27/May/2019:09:56:07 -0300] "POST /cormun/servlet/solicitudot?gx-no-cache=1558961747013 HTTP/1.1" 200 33
190.171.142.18 - - [27/May/2019:09:56:09 -0300] "POST /cormun/servlet/solicitudot?58e7ea59d90081cbb7038b02945a0fa7,UPD,2019,15638,,gx-no-cache=1558961748261 HTTP/1.1" 200 93
190.171.142.18 - - [27/May/2019:09:56:09 -0300] "GET /cormun/servlet/hpexe_return? HTTP/1.1" 200 1008
190.171.142.18 - - [27/May/2019:09:56:09 -0300] "GET /cormun/servlet/trsolicitudot HTTP/1.1" 200 8912
190.171.142.18 - - [27/May/2019:09:56:10 -0300] "GET /cormun/servlet/trsolicitudot HTTP/1.1" 200 8908
190.171.142.18 - - [27/May/2019:09:56:16 -0300] "POST /cormun/servlet/trsolicitudot?58e7ea59d90081cbb7038b02945a0fa7,gx-no-cache=1558961753190 HTTP/1.1" 200 4748
190.171.142.18 - - [27/May/2019:09:56:16 -0300] "GET /cormun/static/Shared/jqueryui/images/ui-icons_82798d_256x240.png HTTP/1.1" 404 1089
190.171.142.18 - - [27/May/2019:09:56:16 -0300] "GET /cormun/static/Shared/jqueryui/images/ui-bg_highlight-soft_100_c6c2c8_1x100.png HTTP/1.1" 404 1117
190.171.142.18 - - [27/May/2019:09:56:17 -0300] "GET /cormun/static/Shared/jqueryui/images/ui-icons_8d78a5_256x240.png HTTP/1.1" 404 1089
190.171.142.18 - - [27/May/2019:09:56:17 -0300] "GET /cormun/static/Shared/jqueryui/images/ui-bg_flat_55_fafafa_40x100.png HTTP/1.1" 404 1097
190.171.142.18 - - [27/May/2019:09:56:17 -0300] "POST /cormun/servlet/trsolicitudot?58e7ea59d90081cbb7038b02945a0fa7,gx-no-cache=1558961757337 HTTP/1.1" 200 4524
190.171.142.18 - - [27/May/2019:09:56:20 -0300] "GET /cormun/servlet/solicitudot?INS,0,0, HTTP/1.1" 200 15308
190.171.142.18 - - [27/May/2019:09:56:21 -0300] "GET /cormun/servlet/solicitudot?INS,0,0, HTTP/1.1" 200 15313
186.67.172.234 - - [27/May/2019:09:56:23 -0300] "GET /cormun/servlet/trpermisosgoce? HTTP/1.1" 200 15793
186.67.172.234 - - [27/May/2019:09:56:24 -0300] "GET /cormun/servlet/trpermisosgoce? HTTP/1.1" 200 15792
190.171.142.18 - - [27/May/2019:09:56:27 -0300] "GET /cormun/servlet/prfichaempleado?,MD,,gxPopupLevel%3D0%3B HTTP/1.1" 200 9410
190.171.142.18 - - [27/May/2019:09:56:34 -0300] "POST /cormun/servlet/prfichaempleado?58e7ea59d90081cbb7038b02945a0fa7,,MD,,gxPopupLevel%3D0%3B,gx-no-cache=1558961774181 HTTP/1.1" 200 4219
186.67.172.234 - - [27/May/2019:09:56:36 -0300] "GET /cormun/servlet/trlicencias? HTTP/1.1" 200 11713
186.67.172.234 - - [27/May/2019:09:56:38 -0300] "GET /cormun/servlet/trlicencias? HTTP/1.1" 200 11712
186.67.172.234 - - [27/May/2019:09:56:40 -0300] "GET /cormun/static/menuarrow.gif HTTP/1.1" 404 1015
190.171.142.18 - - [27/May/2019:09:56:49 -0300] "POST /cormun/servlet/solicitudot?gx-no-cache=1558961780885 HTTP/1.1" 200 3582
190.171.142.10 - - [27/May/2019:09:56:53 -0300] "GET /cormun/servlet/hlogin HTTP/1.1" 200 1718
190.171.142.10 - - [27/May/2019:09:56:53 -0300] "GET /cormun/static/gxtimezone.js?85251 HTTP/1.1" 200 5781
190.171.142.10 - - [27/May/2019:09:56:53 -0300] "GET /cormun/static/gxcfg.js?20177612122725 HTTP/1.1" 200 953
190.171.142.10 - - [27/May/2019:09:56:53 -0300] "GET /cormun/static/Resources/Spanish/PXTools.css?1155365 HTTP/1.1" 200 89042
190.171.142.10 - - [27/May/2019:09:56:54 -0300] "GET /cormun/static/messages.spa.js?85251 HTTP/1.1" 200 30736
190.171.142.10 - - [27/May/2019:09:56:54 -0300] "GET /cormun/static/Resources/ComunLogin.png HTTP/1.1" 200 17326
190.171.142.10 - - [27/May/2019:09:56:54 -0300] "GET /cormun/static/hlogin.js?20177612122738 HTTP/1.1" 200 2136
190.171.142.10 - - [27/May/2019:09:56:54 -0300] "GET /cormun/static/gxgral.js?85251 HTTP/1.1" 200 384558
190.171.142.10 - - [27/May/2019:09:56:54 -0300] "GET /cormun/static/Resources/PXToolsLoginBottom.png HTTP/1.1" 200 1389
190.171.142.10 - - [27/May/2019:09:56:54 -0300] "GET /cormun/static/Resources/PXToolsButtonLeft21.png HTTP/1.1" 200 1287
190.171.142.10 - - [27/May/2019:09:56:54 -0300] "GET /cormun/static/Resources/PXToolsButtonRight21.png HTTP/1.1" 200 1283
190.171.142.10 - - [27/May/2019:09:56:54 -0300] "GET /cormun/static/Resources/PXToolsButtonBackground2.png HTTP/1.1" 200 1181
190.171.142.10 - - [27/May/2019:09:56:54 -0300] "GET /cormun/static/Resources/indicator.gif HTTP/1.1" 200 1553
190.171.142.10 - - [27/May/2019:09:56:55 -0300] "GET /cormun/static/Resources/PXToolsLoginTop.png HTTP/1.1" 200 1337
190.171.142.10 - - [27/May/2019:09:56:55 -0300] "GET /cormun/static/Resources/PXToolsLoginBackground.png HTTP/1.1" 200 1164
190.171.142.10 - - [27/May/2019:09:56:55 -0300] "GET /cormun/servlet/hlogin HTTP/1.1" 200 1729
190.171.142.18 - - [27/May/2019:09:56:56 -0300] "POST /cormun/servlet/solicitudot?58e7ea59d90081cbb7038b02945a0fa7,INS,0,0,,gx-no-cache=1558961790705 HTTP/1.1" 200 12042
190.171.142.18 - - [27/May/2019:09:56:56 -0300] "GET /cormun/servlet/solicitudot?f94778497b28d5e1873f8f9b82abd24bb8a48f40b773de2de97868f90192c226660c748f68ea06bb02f375826758a117,gx-no-cache=1558961796972 HTTP/1.1" 200 30
190.171.142.18 - - [27/May/2019:09:56:57 -0300] "GET /cormun/servlet/solicitudot?f94778497b28d5e1873f8f9b82abd24b78e051bc81f1294210053179f56187f6ef8babed973ce08c47ad72b17b942e1997ab26409a9e20523fed624ff255f803,gx-no-cache=1558961797452 HTTP/1.1" 200 30
190.171.142.18 - - [27/May/2019:09:56:57 -0300] "GET /cormun/servlet/solicitudot?f94778497b28d5e1873f8f9b82abd24b3e83a5e786f7dae879085f53f785d0d4,gx-no-cache=1558961797882 HTTP/1.1" 200 45
190.171.142.18 - - [27/May/2019:09:57:02 -0300] "POST /cormun/servlet/solicitudot?gx-no-cache=1558961802920 HTTP/1.1" 200 255
190.171.142.18 - - [27/May/2019:09:57:02 -0300] "GET /cormun/servlet/solicitudot?f94778497b28d5e1873f8f9b82abd24b68c083edf069833982246dd9a4e925b142383990c62b82d55b006fcfbf512cc4e758f4c8f7ef89ffda857191915f2bc1a48f82b046cc8722e13f51bcc826537a1080e4afb87d4c5059c4dc54981e11bc0c2a8ff69d9dbd101608199a649c86737c002d1a913992643f0405ecbc5841e340984eac2112b576b14b80da5feb2508ed5b36f180427d4e8cfd134e49b88f997789dbcb661b782be76de082cfcbadd090e966ca0fa7f0f9c506279a69f1d9a9b66fe0306b4ea1f0aacbec919d7a7b65ba781ac14be98e12cdec538b4ab2ad97e7b7bb5112b13bfcfbd2ef2ff8007938a31c02fca74f08d2d44f897b09d4f560e63f6f5702dded3e333a861a4fabe32ad5da958e74c0843ba3b4778ce330e261b7f3235b405a9802f057b8f370b9d86353fe0483a92b2904914336cccb6ae3610b26f4077573e5016ccbc87851ab0bd3cf5b760ead2385c601e6ff06f57a779c3686c9cceb3a776a14d8bb0052396195bcf059dc8fa6b3f4f308c79834286412,gx-no-cache=1558961803212 HTTP/1.1" 200 30
190.171.142.18 - - [27/May/2019:09:57:04 -0300] "POST /cormun/servlet/solicitudot?gx-no-cache=1558961805148 HTTP/1.1" 200 30
190.171.142.18 - - [27/May/2019:09:57:06 -0300] "GET /cormun/servlet/prsolicitudot?10482009,,,,,MD,,gxPopupLevel%3D0%3B HTTP/1.1" 200 6383
190.171.142.18 - - [27/May/2019:09:57:09 -0300] "POST /cormun/servlet/solicitudot?gx-no-cache=1558961809978 HTTP/1.1" 200 1345
190.171.142.18 - - [27/May/2019:09:57:09 -0300] "POST /cormun/servlet/solicitudot?gx-no-cache=1558961810246 HTTP/1.1" 200 38
190.171.142.18 - - [27/May/2019:09:57:09 -0300] "GET /cormun/servlet/solicitudot?f94778497b28d5e1873f8f9b82abd24b5fbbc03334e7fc5a31cf2e4d1d0d565e50345bf0617d3419af452f3a28bc33bc3987618a1f168719922a8dcd5182ca9e39aa92426fac0bba8d8c26df5b08a90489063465d13b671906161f2c65834703312d8b256a55f41e524ceba14dd35386,gx-no-cache=1558961810388 HTTP/1.1" 200 110
190.171.142.18 - - [27/May/2019:09:57:10 -0300] "POST /cormun/servlet/solicitudot?gx-no-cache=1558961810530 HTTP/1.1" 200 97
190.171.142.18 - - [27/May/2019:09:57:10 -0300] "GET /cormun/servlet/solicitudot?f94778497b28d5e1873f8f9b82abd24bdb3cdd35806a58dfe77de5a789379c3154a25797caf6c58ee117513e4526ac4debb824473e7efe1a90d3f9f8ba90068aeb9c7b6dd0745e9fe02c717e80403726f262ba391af79b30d330e2c8f9742fa78892611c91301c77267c3a2f075b24fb77ac642f8a513f60e7994ec4ecc1862b12931cb70f5c7c5cb5b64469b560d6447f5583edce62300f28523aae2b945069,gx-no-cache=1558961811094 HTTP/1.1" 200 29
190.171.142.18 - - [27/May/2019:09:57:10 -0300] "GET /cormun/servlet/solicitudot?f94778497b28d5e1873f8f9b82abd24b9c9a32a67450058b69ad5bf6dce79fea,gx-no-cache=1558961811263 HTTP/1.1" 200 30
190.171.142.18 - - [27/May/2019:09:57:11 -0300] "GET /cormun/servlet/prcontratosol?10482009,,,,,MD,,gxPopupLevel%3D0%3B HTTP/1.1" 200 8024
190.171.142.18 - - [27/May/2019:09:57:11 -0300] "GET /cormun/static/gxcfg.js?201761413223964 HTTP/1.1" 200 953
190.171.142.18 - - [27/May/2019:09:57:11 -0300] "GET /cormun/static/prcontratosol.js?201761413224174 HTTP/1.1" 200 15806
190.171.142.18 - - [27/May/2019:09:57:17 -0300] "POST /cormun/servlet/solicitudot?gx-no-cache=1558961816821 HTTP/1.1" 200 1345
190.171.142.18 - - [27/May/2019:09:57:17 -0300] "POST /cormun/servlet/solicitudot?gx-no-cache=1558961818028 HTTP/1.1" 200 38
