190.171.142.18 - - [27/May/2019:09:57:17 -0300] "GET /cormun/servlet/solicitudot?f94778497b28d5e1873f8f9b82abd24b5fbbc03334e7fc5a31cf2e4d1d0d565e50345bf0617d3419af452f3a28bc33bc3987618a1f168719922a8dcd5182ca9e39aa92426fac0bba8d8c26df5b08a90489063465d13b671906161f2c65834703312d8b256a55f41e524ceba14dd35386,gx-no-cache=1558961818206 HTTP/1.1" 200 110
190.171.142.18 - - [27/May/2019:09:57:19 -0300] "POST /cormun/servlet/solicitudot?gx-no-cache=1558961818650 HTTP/1.1" 200 97
190.171.142.18 - - [27/May/2019:09:57:19 -0300] "GET /cormun/servlet/solicitudot?f94778497b28d5e1873f8f9b82abd24b96d158b8dd3d4cb6c40e3dcf99a52588968ac0c2a635e2fd240c8518dae2c912,gx-no-cache=1558961819907 HTTP/1.1" 200 134
190.171.142.18 - - [27/May/2019:09:57:19 -0300] "GET /cormun/static/Shared/jqueryui/images/ui-bg_highlight-soft_100_c6c2c8_1x100.png HTTP/1.1" 404 1117
190.171.142.18 - - [27/May/2019:09:57:19 -0300] "GET /cormun/static/Shared/jqueryui/images/ui-icons_82798d_256x240.png HTTP/1.1" 404 1089
190.171.142.18 - - [27/May/2019:09:57:19 -0300] "GET /cormun/static/Shared/jqueryui/images/ui-bg_flat_55_994d53_40x100.png HTTP/1.1" 404 1097
190.171.142.18 - - [27/May/2019:09:57:20 -0300] "GET /cormun/static/Shared/jqueryui/images/ui-icons_ebccce_256x240.png HTTP/1.1" 404 1089
190.171.152.242 - - [27/May/2019:09:57:26 -0300] "GET /cormun/servlet/trlicencias? HTTP/1.1" 200 11528
190.171.152.242 - - [27/May/2019:09:57:27 -0300] "GET /cormun/servlet/trlicencias? HTTP/1.1" 200 11527
190.171.152.242 - - [27/May/2019:09:57:36 -0300] "POST /cormun/servlet/trlicencias?dfd4c5b54e9f0b3e65c474844b857366,,gx-no-cache=1558961627132 HTTP/1.1" 200 8803
190.171.152.242 - - [27/May/2019:09:57:37 -0300] "GET /cormun/static/Shared/jqueryui/images/ui-bg_highlight-soft_100_c6c2c8_1x100.png HTTP/1.1" 404 1117
190.171.152.242 - - [27/May/2019:09:57:37 -0300] "GET /cormun/static/Shared/jqueryui/images/ui-icons_82798d_256x240.png HTTP/1.1" 404 1089
190.171.152.242 - - [27/May/2019:09:57:37 -0300] "GET /cormun/static/Shared/jqueryui/images/ui-bg_flat_55_fafafa_40x100.png HTTP/1.1" 404 1097
190.171.152.242 - - [27/May/2019:09:57:37 -0300] "GET /cormun/static/Shared/jqueryui/images/ui-icons_8d78a5_256x240.png HTTP/1.1" 404 1089
190.171.142.18 - - [27/May/2019:09:57:39 -0300] "GET /cormun/servlet/solicitudot?f94778497b28d5e1873f8f9b82abd24b20cf56d4ffe1a408418f90cb97644b2968a6507ce19fdc46edc2976c9d387912,gx-no-cache=1558961840230 HTTP/1.1" 200 30
190.171.142.18 - - [27/May/2019:09:57:39 -0300] "POST /cormun/servlet/solicitudot?gx-no-cache=1558961840493 HTTP/1.1" 200 137
190.171.152.242 - - [27/May/2019:09:57:40 -0300] "GET /cormun/servlet/alicenciaprn?18015607,L,20190527000000,PU HTTP/1.1" 200 1564
190.171.152.242 - - [27/May/2019:09:57:55 -0300] "GET /cormun/servlet/hlogin HTTP/1.1" 200 1736
190.171.142.18 - - [27/May/2019:09:57:56 -0300] "POST /cormun/servlet/solicitudot?gx-no-cache=1558961856782 HTTP/1.1" 200 33
190.171.142.10 - - [27/May/2019:09:58:04 -0300] "POST /cormun/servlet/hlogin?c1b4e17c830016dfd16145d6840cd66e,gx-no-cache=1558961653425 HTTP/1.1" 200 440
190.171.142.18 - - [27/May/2019:09:58:10 -0300] "POST /cormun/servlet/solicitudot?58e7ea59d90081cbb7038b02945a0fa7,INS,0,0,,gx-no-cache=1558961869842 HTTP/1.1" 200 93
190.171.142.18 - - [27/May/2019:09:58:10 -0300] "GET /cormun/servlet/hpexe_return? HTTP/1.1" 200 1021
190.171.142.18 - - [27/May/2019:09:58:11 -0300] "GET /cormun/servlet/trsolicitudot?gx-no-cache=1558961757337 HTTP/1.1" 200 8924
190.171.142.18 - - [27/May/2019:09:58:11 -0300] "GET /cormun/servlet/trsolicitudot?gx-no-cache=1558961757337 HTTP/1.1" 200 8941
190.171.142.18 - - [27/May/2019:09:58:15 -0300] "POST /cormun/servlet/trsolicitudot?58e7ea59d90081cbb7038b02945a0fa7,gx-no-cache=1558961757337,gx-no-cache=1558961875713 HTTP/1.1" 200 4760
190.171.142.18 - - [27/May/2019:09:58:15 -0300] "GET /cormun/static/Shared/jqueryui/images/ui-bg_highlight-soft_100_c6c2c8_1x100.png HTTP/1.1" 404 1117
190.171.142.18 - - [27/May/2019:09:58:15 -0300] "GET /cormun/static/Shared/jqueryui/images/ui-icons_82798d_256x240.png HTTP/1.1" 404 1089
190.171.142.18 - - [27/May/2019:09:58:15 -0300] "GET /cormun/static/Shared/jqueryui/images/ui-bg_flat_55_fafafa_40x100.png HTTP/1.1" 404 1097
190.171.142.18 - - [27/May/2019:09:58:15 -0300] "GET /cormun/static/Shared/jqueryui/images/ui-icons_8d78a5_256x240.png HTTP/1.1" 404 1089
190.171.142.18 - - [27/May/2019:09:58:16 -0300] "POST /cormun/servlet/trsolicitudot?58e7ea59d90081cbb7038b02945a0fa7,gx-no-cache=1558961757337,gx-no-cache=1558961876287 HTTP/1.1" 200 4524
190.171.142.18 - - [27/May/2019:09:58:19 -0300] "GET /cormun/servlet/trautorizarsolicitud? HTTP/1.1" 200 9613
190.171.142.18 - - [27/May/2019:09:58:19 -0300] "GET /cormun/servlet/trautorizarsolicitud? HTTP/1.1" 200 9592
190.171.143.106 - - [27/May/2019:09:58:22 -0300] "GET /cormun/servlet/hlogin HTTP/1.1" 200 1723
190.171.143.106 - - [27/May/2019:09:58:23 -0300] "GET /cormun/servlet/hlogin HTTP/1.1" 200 1734
190.171.142.18 - - [27/May/2019:09:58:24 -0300] "POST /cormun/servlet/trautorizarsolicitud?58e7ea59d90081cbb7038b02945a0fa7,,gx-no-cache=1558961883543 HTTP/1.1" 200 6297
190.171.142.18 - - [27/May/2019:09:58:25 -0300] "GET /cormun/static/Shared/jqueryui/images/ui-bg_highlight-soft_100_c6c2c8_1x100.png HTTP/1.1" 404 1117
190.171.142.18 - - [27/May/2019:09:58:25 -0300] "GET /cormun/static/Shared/jqueryui/images/ui-icons_82798d_256x240.png HTTP/1.1" 404 1089
190.171.143.106 - - [27/May/2019:09:58:25 -0300] "POST /cormun/servlet/hlogin?d7fd0b0be5620455c5de77fb24152f96,gx-no-cache=1558961674667 HTTP/1.1" 200 90
190.171.142.18 - - [27/May/2019:09:58:25 -0300] "GET /cormun/static/Shared/jqueryui/images/ui-icons_8d78a5_256x240.png HTTP/1.1" 404 1089
190.171.142.18 - - [27/May/2019:09:58:25 -0300] "GET /cormun/static/Shared/jqueryui/images/ui-bg_flat_55_fafafa_40x100.png HTTP/1.1" 404 1097
190.171.143.106 - - [27/May/2019:09:58:25 -0300] "GET /cormun/servlet/hpexe_link HTTP/1.1" 200 952
190.171.143.106 - - [27/May/2019:09:58:25 -0300] "GET /cormun/servlet/hhome HTTP/1.1" 200 4077
190.171.142.18 - - [27/May/2019:09:58:25 -0300] "POST /cormun/servlet/trautorizarsolicitud?58e7ea59d90081cbb7038b02945a0fa7,,gx-no-cache=1558961885697 HTTP/1.1" 200 6241
190.171.143.106 - - [27/May/2019:09:58:26 -0300] "GET /cormun/servlet/hhome HTTP/1.1" 200 4072
190.171.142.18 - - [27/May/2019:09:58:27 -0300] "POST /cormun/servlet/trautorizarsolicitud?58e7ea59d90081cbb7038b02945a0fa7,,gx-no-cache=1558961887804 HTTP/1.1" 200 5889
190.171.142.18 - - [27/May/2019:09:58:28 -0300] "POST /cormun/servlet/trautorizarsolicitud?58e7ea59d90081cbb7038b02945a0fa7,,gx-no-cache=1558961888454 HTTP/1.1" 200 5836
190.171.142.18 - - [27/May/2019:09:58:29 -0300] "POST /cormun/servlet/trautorizarsolicitud?58e7ea59d90081cbb7038b02945a0fa7,,gx-no-cache=1558961889653 HTTP/1.1" 200 4687
190.171.143.106 - - [27/May/2019:09:58:29 -0300] "GET /cormun/servlet/trlicencias? HTTP/1.1" 200 9619
190.171.143.106 - - [27/May/2019:09:58:29 -0300] "GET /cormun/static/trlicencias.js?20176272054837 HTTP/1.1" 200 41883
190.171.143.106 - - [27/May/2019:09:58:30 -0300] "GET /cormun/static/gxcfg.js?20176272054169 HTTP/1.1" 200 953
190.171.143.106 - - [27/May/2019:09:58:30 -0300] "GET /cormun/servlet/trlicencias? HTTP/1.1" 200 9616
190.171.142.18 - - [27/May/2019:09:58:31 -0300] "POST /cormun/servlet/trautorizarsolicitud?58e7ea59d90081cbb7038b02945a0fa7,,gx-no-cache=1558961890209 HTTP/1.1" 200 4467
190.171.142.18 - - [27/May/2019:09:58:40 -0300] "GET /cormun/servlet/trsolicitudot? HTTP/1.1" 200 7529
190.171.142.18 - - [27/May/2019:09:58:40 -0300] "GET /cormun/servlet/trsolicitudot? HTTP/1.1" 200 7529
190.171.142.18 - - [27/May/2019:09:58:43 -0300] "GET /cormun/servlet/solicitudot?INS,0,0, HTTP/1.1" 200 15306
190.171.142.18 - - [27/May/2019:09:58:44 -0300] "GET /cormun/servlet/solicitudot?INS,0,0, HTTP/1.1" 200 15311
190.171.142.10 - - [27/May/2019:09:58:50 -0300] "GET /cormun/servlet/hlogin HTTP/1.1" 200 1718
190.171.142.18 - - [27/May/2019:09:58:51 -0300] "GET /cormun/servlet/prfichaempleado?,MD,,gxPopupLevel%3D0%3B HTTP/1.1" 200 9410
190.171.142.10 - - [27/May/2019:09:59:01 -0300] "POST /cormun/servlet/hlogin?c1b4e17c830016dfd16145d6840cd66e,gx-no-cache=1558961710665 HTTP/1.1" 200 90
190.171.142.10 - - [27/May/2019:09:59:02 -0300] "GET /cormun/servlet/hpexe_link HTTP/1.1" 200 947
190.171.142.10 - - [27/May/2019:09:59:02 -0300] "GET /cormun/static/gxcfg.js?20177612121792 HTTP/1.1" 200 953
190.171.142.10 - - [27/May/2019:09:59:02 -0300] "GET /cormun/static/hpexe_link.js?20177612121795 HTTP/1.1" 200 625
190.171.142.10 - - [27/May/2019:09:59:02 -0300] "GET /cormun/servlet/hhome HTTP/1.1" 200 4037
190.171.142.10 - - [27/May/2019:09:59:02 -0300] "GET /cormun/static/SmoothNavMenu/resources/ddsmoothmenu.css?1012540 HTTP/1.1" 200 2223
190.171.142.10 - - [27/May/2019:09:59:02 -0300] "GET /cormun/static/SmoothNavMenu/resources/ddsmoothmenu-v.css?1012540 HTTP/1.1" 200 1188
190.171.142.10 - - [27/May/2019:09:59:02 -0300] "GET /cormun/static/Shared/jqueryui/jquery-ui.min.css?1245370 HTTP/1.1" 200 30288
190.171.142.10 - - [27/May/2019:09:59:02 -0300] "GET /cormun/static/scaMessage/css/jquery.pnotify.default.css?1716380 HTTP/1.1" 200 1707
190.171.142.10 - - [27/May/2019:09:59:03 -0300] "GET /cormun/static/gxcfg.js?20175251212442 HTTP/1.1" 200 953
190.171.142.10 - - [27/May/2019:09:59:03 -0300] "GET /cormun/static/PXToolsJavascripts/pexe_autoreload.js HTTP/1.1" 200 1762
190.171.142.10 - - [27/May/2019:09:59:03 -0300] "GET /cormun/static/PXToolsJavascripts/pexe_cookies.js HTTP/1.1" 200 792
190.171.142.10 - - [27/May/2019:09:59:03 -0300] "GET /cormun/static/Resources/Spanish/PXTools.css?11423723 HTTP/1.1" 200 89042
190.171.142.10 - - [27/May/2019:09:59:03 -0300] "GET /cormun/static/PXToolsJavascripts/pexe_grid.js HTTP/1.1" 200 7559
190.171.142.10 - - [27/May/2019:09:59:03 -0300] "GET /cormun/static/PXToolsJavascripts/pexe_griddivfix.js HTTP/1.1" 200 6644
190.171.142.10 - - [27/May/2019:09:59:03 -0300] "GET /cormun/static/PXToolsJavascripts/pexe_link.js HTTP/1.1" 200 5671
190.171.142.10 - - [27/May/2019:09:59:03 -0300] "GET /cormun/static/PXToolsJavascripts/pexe_menus.js HTTP/1.1" 200 1286
190.171.142.10 - - [27/May/2019:09:59:03 -0300] "GET /cormun/static/PXToolsJavascripts/pexe_menudivfix.js HTTP/1.1" 200 333
190.171.142.10 - - [27/May/2019:09:59:03 -0300] "GET /cormun/static/PXToolsJavascripts/pexe_oavdivfix.js HTTP/1.1" 200 639
190.171.142.10 - - [27/May/2019:09:59:03 -0300] "GET /cormun/static/PXToolsJavascripts/pexe_picture.js HTTP/1.1" 200 689
190.171.142.10 - - [27/May/2019:09:59:03 -0300] "GET /cormun/static/PXToolsJavascripts/pexe_popup.js HTTP/1.1" 200 13458
190.171.142.10 - - [27/May/2019:09:59:03 -0300] "GET /cormun/static/PXToolsJavascripts/pexe_scrolldiv.js HTTP/1.1" 200 4138
190.171.142.10 - - [27/May/2019:09:59:03 -0300] "GET /cormun/static/PXToolsJavascripts/pexe_tabdivfix.js HTTP/1.1" 200 876
190.171.142.10 - - [27/May/2019:09:59:03 -0300] "GET /cormun/static/PXToolsJavascripts/pexe_tabs.js HTTP/1.1" 200 3748
190.171.142.10 - - [27/May/2019:09:59:03 -0300] "GET /cormun/static/PXToolsJavascripts/pexe_upload.js HTTP/1.1" 200 1423
190.171.142.10 - - [27/May/2019:09:59:03 -0300] "GET /cormun/static/PXToolsJavascripts/PXToolsJavascriptsRender.js HTTP/1.1" 200 367
190.171.142.10 - - [27/May/2019:09:59:03 -0300] "GET /cormun/static/PXToolsJavascripts/pexe_oav.js HTTP/1.1" 200 645
190.171.142.10 - - [27/May/2019:09:59:03 -0300] "GET /cormun/static/Resources/logo4.png HTTP/1.1" 200 6582
190.171.142.10 - - [27/May/2019:09:59:04 -0300] "GET /cormun/static/PXToolsJavascripts/pexe_windows.js HTTP/1.1" 200 15207
190.171.142.10 - - [27/May/2019:09:59:04 -0300] "GET /cormun/static/PXToolsJavascripts/pexe_layers.js HTTP/1.1" 200 4114
190.171.142.10 - - [27/May/2019:09:59:04 -0300] "GET /cormun/static/Shared/ext/locale/ext-lang-en.js HTTP/1.1" 200 10940
190.171.142.10 - - [27/May/2019:09:59:04 -0300] "GET /cormun/static/Resources/PXToolsHeaderActionsLeft.png HTTP/1.1" 200 1118
190.171.142.10 - - [27/May/2019:09:59:04 -0300] "GET /cormun/static/gxui/gxui-all.js HTTP/1.1" 200 107772
190.171.142.10 - - [27/May/2019:09:59:04 -0300] "GET /cormun/static/Resources/PXToolsHeaderSecurity.png HTTP/1.1" 200 4166
190.171.142.10 - - [27/May/2019:09:59:05 -0300] "GET /cormun/static/Resources/PXToolsHeaderHome.png HTTP/1.1" 200 4147
190.171.142.10 - - [27/May/2019:09:59:05 -0300] "GET /cormun/static/Resources/PXToolsHeaderPreferences.png HTTP/1.1" 200 4189
190.171.142.10 - - [27/May/2019:09:59:05 -0300] "GET /cormun/static/RunJS/RunJS.js HTTP/1.1" 200 288
190.171.142.10 - - [27/May/2019:09:59:05 -0300] "GET /cormun/static/Resources/PXToolsHeaderBackground2.png HTTP/1.1" 200 1174
190.171.142.10 - - [27/May/2019:09:59:05 -0300] "GET /cormun/static/Resources/PXToolsHeaderLogin.png HTTP/1.1" 200 4279
190.171.142.10 - - [27/May/2019:09:59:05 -0300] "GET /cormun/static/Resources/PXToolsHeaderActionsBackground.png HTTP/1.1" 200 484
190.171.142.10 - - [27/May/2019:09:59:05 -0300] "GET /cormun/static/Resources/PXToolsDataTitle.png HTTP/1.1" 200 1173
190.171.142.10 - - [27/May/2019:09:59:05 -0300] "GET /cormun/static/Resources/PXToolsHeaderActionsRight.png HTTP/1.1" 200 1201
190.171.142.10 - - [27/May/2019:09:59:05 -0300] "GET /cormun/static/hhome.js?20175251212450 HTTP/1.1" 200 777
190.171.142.10 - - [27/May/2019:09:59:05 -0300] "GET /cormun/static/hwchdr01.js?201752511465785 HTTP/1.1" 200 1183
190.171.142.10 - - [27/May/2019:09:59:05 -0300] "GET /cormun/static/hpexe_recentlink.js?20177611595044 HTTP/1.1" 200 2144
190.171.142.10 - - [27/May/2019:09:59:05 -0300] "GET /cormun/static/hpexe_scripts.js?201752511465715 HTTP/1.1" 200 1544
190.171.142.10 - - [27/May/2019:09:59:05 -0300] "GET /cormun/static/hpexe_messagepopupcomponent.js?20161017169425 HTTP/1.1" 200 605
190.171.142.10 - - [27/May/2019:09:59:05 -0300] "GET /cormun/static/hpexe_messagegenexuscomponent.js?201752511465344 HTTP/1.1" 200 587
190.171.142.10 - - [27/May/2019:09:59:05 -0300] "GET /cormun/static/cmcontrolpreferences.js?201752511465670 HTTP/1.1" 200 1375
190.171.142.10 - - [27/May/2019:09:59:05 -0300] "GET /cormun/static/Shared/jquery/jquery-1.4.2.min.js HTTP/1.1" 200 72174
190.171.142.10 - - [27/May/2019:09:59:05 -0300] "GET /cormun/static/hpexe_messagecontroller.js?20177611595012 HTTP/1.1" 200 870
190.171.142.10 - - [27/May/2019:09:59:06 -0300] "GET /cormun/static/Shared/jquery/jquery-1.10.2.min.js HTTP/1.1" 200 273199
190.171.142.10 - - [27/May/2019:09:59:06 -0300] "GET /cormun/static/Shared/jqueryui/jquery-ui.min.js HTTP/1.1" 200 240427
190.171.142.10 - - [27/May/2019:09:59:06 -0300] "GET /cormun/static/scaMessage/js/jquery.pnotify.min.js HTTP/1.1" 200 13038
190.171.142.10 - - [27/May/2019:09:59:06 -0300] "GET /cormun/static/scaMessage/scaMessageRender.js HTTP/1.1" 200 11977
190.171.142.10 - - [27/May/2019:09:59:06 -0300] "GET /cormun/static/SmoothNavMenu/resources/SmoothNavMenuRender.js HTTP/1.1" 200 5951
190.171.142.10 - - [27/May/2019:09:59:06 -0300] "GET /cormun/static/hmpwkw03.js?20189613443875 HTTP/1.1" 200 3965
190.171.142.10 - - [27/May/2019:09:59:07 -0300] "GET /cormun/static/SmoothNavMenu/resources/ddsmoothmenu.js HTTP/1.1" 200 12712
190.171.142.10 - - [27/May/2019:09:59:08 -0300] "GET /cormun/static/Resources/PXToolsFooterBackground2.png HTTP/1.1" 200 1172
190.171.142.10 - - [27/May/2019:09:59:09 -0300] "GET /cormun/static/Shared/ext/ext-all.js HTTP/1.1" 200 1289687
190.171.142.10 - - [27/May/2019:09:59:10 -0300] "GET /cormun/servlet/hhome HTTP/1.1" 200 4033
190.171.142.10 - - [27/May/2019:09:59:11 -0300] "GET /cormun/static/SmoothNavMenu/resources/images/down.gif HTTP/1.1" 200 854
190.171.142.18 - - [27/May/2019:09:59:22 -0300] "GET /cormun/servlet/prfichaempleado?,MD,,gxPopupLevel%3D0%3B HTTP/1.1" 200 9410
190.171.142.18 - - [27/May/2019:09:59:28 -0300] "POST /cormun/servlet/prfichaempleado?58e7ea59d90081cbb7038b02945a0fa7,,MD,,gxPopupLevel%3D0%3B,gx-no-cache=1558961948544 HTTP/1.1" 200 3551
190.171.142.18 - - [27/May/2019:09:59:32 -0300] "POST /cormun/servlet/solicitudot?gx-no-cache=1558961953046 HTTP/1.1" 200 3589
190.171.142.18 - - [27/May/2019:09:59:34 -0300] "POST /cormun/servlet/solicitudot?58e7ea59d90081cbb7038b02945a0fa7,INS,0,0,,gx-no-cache=1558961953703 HTTP/1.1" 200 12029
190.171.142.18 - - [27/May/2019:09:59:34 -0300] "GET /cormun/servlet/solicitudot?f94778497b28d5e1873f8f9b82abd24b49caf01264acd033ae0032676b707b0e660c748f68ea06bb02f375826758a117,gx-no-cache=1558961954957 HTTP/1.1" 200 30
190.171.142.18 - - [27/May/2019:09:59:37 -0300] "GET /cormun/servlet/solicitudot?f94778497b28d5e1873f8f9b82abd24b663bd72c82e69ed5eed60009c6f26c7b8acf3a1251fa2f5083fef81e88ace7d4186483336fdeb3182d01cb231030277a5888f85016f6956501b946008e24a5ee,gx-no-cache=1558961958372 HTTP/1.1" 200 30
190.171.142.18 - - [27/May/2019:09:59:37 -0300] "GET /cormun/servlet/solicitudot?f94778497b28d5e1873f8f9b82abd24b9a7e50376ce6aaf51e4325823bf3cfdf,gx-no-cache=1558961958523 HTTP/1.1" 200 51
190.171.142.18 - - [27/May/2019:09:59:38 -0300] "POST /cormun/servlet/solicitudot?gx-no-cache=1558961958665 HTTP/1.1" 200 255
190.171.142.18 - - [27/May/2019:09:59:38 -0300] "GET /cormun/servlet/solicitudot?f94778497b28d5e1873f8f9b82abd24b68c083edf069833982246dd9a4e925b142383990c62b82d55b006fcfbf512cc4e758f4c8f7ef89ffda857191915f2bc1a48f82b046cc8722e13f51bcc826537a1080e4afb87d4c5059c4dc54981e11bc0c2a8ff69d9dbd101608199a649c86737c002d1a913992643f0405ecbc5841e340984eac2112b576b14b80da5feb2508ed5b36f180427d4e8cfd134e49b88f997789dbcb661b782be76de082cfcbadd090e966ca0fa7f0f9c506279a69f1d9a9b66fe0306b4ea1f0aacbec919d7a7b65ba781ac14be98e12cdec538b4ab2ad97e7b7bb5112b13bfcfbd2ef2ff8007938a31c02fca74f08d2d44f897b09d4f560e63f6f5702dded3e333a861a4fabe32ad5da958e74c0843ba3b4778ce330e261b7f3235b405a9802f057b8f370b9d86353fe0483a92b2904914336cccb6ae3610b26f4077573e5016ccbc87851ab0bd3cf5b760ead2385c601e6ff06f57a779c3686c9cceb3a776a14d8bb0052396195bcf059dc8fa6b3f4f308c79834286412,gx-no-cache=1558961959590 HTTP/1.1" 200 30
190.171.142.18 - - [27/May/2019:09:59:42 -0300] "POST /cormun/servlet/solicitudot?gx-no-cache=1558961962579 HTTP/1.1" 200 30
190.171.142.18 - - [27/May/2019:09:59:45 -0300] "GET /cormun/servlet/prcontratosol?15123618,,,,,MD,,gxPopupLevel%3D0%3B HTTP/1.1" 200 10394
190.171.142.18 - - [27/May/2019:09:59:50 -0300] "POST /cormun/servlet/solicitudot?gx-no-cache=1558961970592 HTTP/1.1" 200 1345
190.171.142.18 - - [27/May/2019:09:59:50 -0300] "POST /cormun/servlet/solicitudot?gx-no-cache=1558961970888 HTTP/1.1" 200 38
190.171.142.18 - - [27/May/2019:09:59:50 -0300] "GET /cormun/servlet/solicitudot?f94778497b28d5e1873f8f9b82abd24b5fbbc03334e7fc5a31cf2e4d1d0d565e50345bf0617d3419af452f3a28bc33bc3987618a1f168719922a8dcd5182ca9e39aa92426fac0bba8d8c26df5b08a90489063465d13b671906161f2c65834703312d8b256a55f41e524ceba14dd35386,gx-no-cache=1558961971426 HTTP/1.1" 200 110
190.171.142.18 - - [27/May/2019:09:59:50 -0300] "POST /cormun/servlet/solicitudot?gx-no-cache=1558961971569 HTTP/1.1" 200 97
190.171.142.18 - - [27/May/2019:09:59:51 -0300] "GET /cormun/servlet/solicitudot?f94778497b28d5e1873f8f9b82abd24bdb3cdd35806a58dfe77de5a789379c3154a25797caf6c58ee117513e4526ac4debb824473e7efe1a90d3f9f8ba90068aeb9c7b6dd0745e9fe02c717e80403726f262ba391af79b30d330e2c8f9742fa78892611c91301c77267c3a2f075b24fb77ac642f8a513f60e7994ec4ecc1862b12931cb70f5c7c5cb5b64469b560d6447f5583edce62300f28523aae2b945069,gx-no-cache=1558961971798 HTTP/1.1" 200 29
190.171.142.18 - - [27/May/2019:09:59:51 -0300] "GET /cormun/servlet/solicitudot?f94778497b28d5e1873f8f9b82abd24b6c4dd4b3d3839751ae9deeb483daf4f4968ac0c2a635e2fd240c8518dae2c912,gx-no-cache=1558961972234 HTTP/1.1" 200 134
190.171.142.18 - - [27/May/2019:09:59:51 -0300] "GET /cormun/static/Shared/jqueryui/images/ui-bg_highlight-soft_100_c6c2c8_1x100.png HTTP/1.1" 404 1117
190.171.142.18 - - [27/May/2019:09:59:51 -0300] "GET /cormun/static/Shared/jqueryui/images/ui-icons_ebccce_256x240.png HTTP/1.1" 404 1089
190.171.142.18 - - [27/May/2019:09:59:51 -0300] "GET /cormun/static/Shared/jqueryui/images/ui-icons_82798d_256x240.png HTTP/1.1" 404 1089
190.171.142.18 - - [27/May/2019:09:59:51 -0300] "GET /cormun/static/Shared/jqueryui/images/ui-bg_flat_55_994d53_40x100.png HTTP/1.1" 404 1097
190.171.142.10 - - [27/May/2019:10:00:13 -0300] "GET /cormun/servlet/trsolicitudot? HTTP/1.1" 200 8622
190.171.142.18 - - [27/May/2019:10:00:14 -0300] "GET /cormun/servlet/solicitudot?f94778497b28d5e1873f8f9b82abd24ba8b859ec2d47b5d76e4e7f959761dae5e2dca325cdf1fcfa266ba3cd2ac5f1e4,gx-no-cache=1558961994359 HTTP/1.1" 200 30
190.171.142.10 - - [27/May/2019:10:00:14 -0300] "GET /cormun/static/Shared/ext/resources/css/ext-all.css?215870 HTTP/1.1" 200 416045
190.171.142.10 - - [27/May/2019:10:00:15 -0300] "GET /cormun/static/gxui/gxui-all.css?120300 HTTP/1.1" 200 2179
190.171.142.10 - - [27/May/2019:10:00:15 -0300] "GET /cormun/static/calendar-system.css?85620 HTTP/1.1" 200 5572
190.171.142.10 - - [27/May/2019:10:00:15 -0300] "GET /cormun/static/Resources/Spanish/PXTools.css?1255365 HTTP/1.1" 200 89042
190.171.142.10 - - [27/May/2019:10:00:15 -0300] "GET /cormun/static/gxcfg.js?2017111422585916 HTTP/1.1" 200 953
190.171.142.10 - - [27/May/2019:10:00:15 -0300] "GET /cormun/static/calendar.js?85251 HTTP/1.1" 200 26246
190.171.142.10 - - [27/May/2019:10:00:15 -0300] "GET /cormun/static/calendar-setup.js?85251 HTTP/1.1" 200 2588
190.171.142.10 - - [27/May/2019:10:00:15 -0300] "GET /cormun/static/calendar-es.js?85251 HTTP/1.1" 200 1901
190.171.142.10 - - [27/May/2019:10:00:16 -0300] "GET /cormun/static/Resources/PXTools/calendar.png HTTP/1.1" 200 1306
190.171.142.10 - - [27/May/2019:10:00:16 -0300] "GET /cormun/static/Resources/PXToolsDataSearch.png HTTP/1.1" 200 419
190.171.142.10 - - [27/May/2019:10:00:17 -0300] "GET /cormun/static/gxdec.js?85251 HTTP/1.1" 200 19579
190.171.142.10 - - [27/May/2019:10:00:17 -0300] "GET /cormun/static/Resources/PXToolsGridFirstDisabled.gif HTTP/1.1" 200 100
190.171.142.10 - - [27/May/2019:10:00:17 -0300] "GET /cormun/static/trsolicitudot.js?201711142259839 HTTP/1.1" 200 54041
190.171.142.10 - - [27/May/2019:10:00:17 -0300] "GET /cormun/static/Resources/PXToolsGridNew.png HTTP/1.1" 200 2949
190.171.142.10 - - [27/May/2019:10:00:17 -0300] "GET /cormun/static/Resources/PXToolsActionExcel.png HTTP/1.1" 200 3187
190.171.142.10 - - [27/May/2019:10:00:17 -0300] "GET /cormun/static/Resources/PXToolsGridPage.gif HTTP/1.1" 200 725
190.171.142.10 - - [27/May/2019:10:00:18 -0300] "GET /cormun/static/Resources/PXToolsGridLastDisabled.gif HTTP/1.1" 200 98
190.171.142.10 - - [27/May/2019:10:00:18 -0300] "GET /cormun/static/Resources/desc.gif HTTP/1.1" 200 65
190.171.142.10 - - [27/May/2019:10:00:18 -0300] "GET /cormun/static/Resources/asc.gif HTTP/1.1" 200 67
190.171.142.10 - - [27/May/2019:10:00:19 -0300] "GET /cormun//static/Resources/PXToolsGridUpdate.png HTTP/1.1" 200 2984
190.171.142.10 - - [27/May/2019:10:00:19 -0300] "GET /cormun//static/Resources/PXToolsGridDelete.png HTTP/1.1" 200 357
190.171.142.10 - - [27/May/2019:10:00:19 -0300] "GET /cormun//static/Resources/PXTools/ActionInsert.png HTTP/1.1" 200 1482
190.171.142.10 - - [27/May/2019:10:00:19 -0300] "GET /cormun//static/Resources/PXToolsRemoveAllAction.png HTTP/1.1" 200 3558
190.171.142.10 - - [27/May/2019:10:00:19 -0300] "GET /cormun/static/Shared/ext/resources/themes/images/default/panel/bg-headersPanel.png HTTP/1.1" 200 255
190.171.142.10 - - [27/May/2019:10:00:19 -0300] "GET /cormun/static/Shared/ext/resources/themes/images/default/tools/tool-sprites.gif HTTP/1.1" 200 5434
190.171.142.10 - - [27/May/2019:10:00:19 -0300] "GET /cormun//static/Resources/PXToolsActionView.png HTTP/1.1" 200 2995
190.171.142.10 - - [27/May/2019:10:00:19 -0300] "GET /cormun/servlet/trsolicitudot? HTTP/1.1" 200 8620
190.171.142.10 - - [27/May/2019:10:00:20 -0300] "GET /cormun/static/Resources/PXToolsGridNextDisabled.gif HTTP/1.1" 200 90
190.171.142.10 - - [27/May/2019:10:00:20 -0300] "GET /cormun/static/Resources/PXToolsGridPreviousDisabled.gif HTTP/1.1" 200 90
190.171.142.10 - - [27/May/2019:10:00:24 -0300] "POST /cormun/servlet/trsolicitudot?c1b4e17c830016dfd16145d6840cd66e,,gx-no-cache=1558961793072 HTTP/1.1" 200 5687
190.171.142.18 - - [27/May/2019:10:00:25 -0300] "POST /cormun/servlet/solicitudot?gx-no-cache=1558962006211 HTTP/1.1" 200 33
200.54.103.162 - - [27/May/2019:10:00:26 -0300] "GET /cormun/servlet/hlogin HTTP/1.1" 200 1724
190.171.142.18 - - [27/May/2019:10:00:34 -0300] "POST /cormun/servlet/solicitudot?58e7ea59d90081cbb7038b02945a0fa7,INS,0,0,,gx-no-cache=1558962013809 HTTP/1.1" 200 93
190.171.142.18 - - [27/May/2019:10:00:34 -0300] "GET /cormun/servlet/hpexe_return? HTTP/1.1" 200 1001
190.171.142.18 - - [27/May/2019:10:00:34 -0300] "GET /cormun/servlet/trsolicitudot HTTP/1.1" 200 8926
190.171.142.18 - - [27/May/2019:10:00:35 -0300] "GET /cormun/servlet/trsolicitudot HTTP/1.1" 200 8922
200.54.103.162 - - [27/May/2019:10:00:36 -0300] "POST /cormun/servlet/hlogin?3cba9e73dbe4333ec2af12b039a1d87c,gx-no-cache=1558961810121 HTTP/1.1" 200 90
200.54.103.162 - - [27/May/2019:10:00:36 -0300] "GET /cormun/servlet/hpexe_link HTTP/1.1" 200 953
200.54.103.162 - - [27/May/2019:10:00:37 -0300] "GET /cormun/servlet/hhome HTTP/1.1" 200 4339
190.171.142.18 - - [27/May/2019:10:00:38 -0300] "POST /cormun/servlet/trsolicitudot?58e7ea59d90081cbb7038b02945a0fa7,gx-no-cache=1558962018280 HTTP/1.1" 200 4758
190.171.142.18 - - [27/May/2019:10:00:38 -0300] "GET /cormun/static/Shared/jqueryui/images/ui-icons_82798d_256x240.png HTTP/1.1" 404 1089
190.171.142.18 - - [27/May/2019:10:00:38 -0300] "GET /cormun/static/Shared/jqueryui/images/ui-bg_highlight-soft_100_c6c2c8_1x100.png HTTP/1.1" 404 1117
190.171.142.18 - - [27/May/2019:10:00:38 -0300] "GET /cormun/static/Shared/jqueryui/images/ui-bg_flat_55_fafafa_40x100.png HTTP/1.1" 404 1097
190.171.142.18 - - [27/May/2019:10:00:38 -0300] "POST /cormun/servlet/trsolicitudot?58e7ea59d90081cbb7038b02945a0fa7,gx-no-cache=1558962019114 HTTP/1.1" 200 4522
190.171.142.18 - - [27/May/2019:10:00:38 -0300] "GET /cormun/static/Shared/jqueryui/images/ui-icons_8d78a5_256x240.png HTTP/1.1" 404 1089
200.54.103.162 - - [27/May/2019:10:00:39 -0300] "GET /cormun/servlet/hhome HTTP/1.1" 200 4335
190.171.142.10 - - [27/May/2019:10:00:42 -0300] "GET /cormun/servlet/solicitudot?INS,0,0, HTTP/1.1" 200 15035
190.171.142.10 - - [27/May/2019:10:00:42 -0300] "GET /cormun/static/calendar-system.css?75620 HTTP/1.1" 200 5572
190.171.142.10 - - [27/May/2019:10:00:42 -0300] "GET /cormun/static/gxcfg.js?20189101114418 HTTP/1.1" 200 953
190.171.142.10 - - [27/May/2019:10:00:43 -0300] "GET /cormun/static/Resources/prompt.gif HTTP/1.1" 200 902
190.171.142.18 - - [27/May/2019:10:00:43 -0300] "GET /cormun/servlet/trlicencias? HTTP/1.1" 200 9746
190.171.142.10 - - [27/May/2019:10:00:43 -0300] "GET /cormun/static/solicitudot.js?20189101114718 HTTP/1.1" 200 71883
190.171.142.18 - - [27/May/2019:10:00:43 -0300] "GET /cormun/static/gxcfg.js?20176272054169 HTTP/1.1" 200 953
190.171.142.18 - - [27/May/2019:10:00:44 -0300] "GET /cormun/static/trlicencias.js?20176272054837 HTTP/1.1" 200 41883
190.171.142.10 - - [27/May/2019:10:00:44 -0300] "GET /cormun/servlet/solicitudot?INS,0,0, HTTP/1.1" 200 15039
190.171.142.18 - - [27/May/2019:10:00:45 -0300] "GET /cormun//static/Resources/PXToolsActionDisabled.gif HTTP/1.1" 200 53
190.171.142.18 - - [27/May/2019:10:00:49 -0300] "GET /cormun/servlet/trlicencias? HTTP/1.1" 200 9745
190.171.142.10 - - [27/May/2019:10:01:06 -0300] "POST /cormun/servlet/solicitudot?gx-no-cache=1558961834300 HTTP/1.1" 200 3594
190.171.142.10 - - [27/May/2019:10:01:07 -0300] "POST /cormun/servlet/solicitudot?c1b4e17c830016dfd16145d6840cd66e,INS,0,0,,gx-no-cache=1558961835105 HTTP/1.1" 200 11811
190.171.142.10 - - [27/May/2019:10:01:15 -0300] "GET /cormun/servlet/solicitudot?f044752dd5e047dfd297290dcb33698e48ad2073d0f54a64dad077e420880c1bf36bb2e9eb447962009d874f2aa70ff7,gx-no-cache=1558961843747 HTTP/1.1" 200 30
190.171.142.10 - - [27/May/2019:10:01:41 -0300] "GET /cormun/servlet/solicitudot?f044752dd5e047dfd297290dcb33698eb1d096ff71aa6052fa2074ceae8712b6e17368df781b527631380a1c21b578d0ddfe02325579f50d97411b9b11d889ee,gx-no-cache=1558961870222 HTTP/1.1" 200 30
190.171.142.10 - - [27/May/2019:10:01:42 -0300] "GET /cormun/servlet/solicitudot?f044752dd5e047dfd297290dcb33698e13f3b05b6f4dd7cc029094bb1a8c9e7e,gx-no-cache=1558961870771 HTTP/1.1" 200 53
190.171.142.10 - - [27/May/2019:10:01:42 -0300] "POST /cormun/servlet/solicitudot?gx-no-cache=1558961870939 HTTP/1.1" 200 240
190.171.142.10 - - [27/May/2019:10:01:42 -0300] "GET /cormun/servlet/solicitudot?f044752dd5e047dfd297290dcb33698e6499a20554f19e69fdf2026d2a4aef2b3834bda09c59f3cbb43e666322dcbdb1376a22bd36c8db4f1032573a28ca84e2eda5d25168d75f70c7827a5d5b665ccf60cc6f84dc914ae2223e692e30be901334fae423d35fd7800890d83e2f092bf34f9a9d3ff6916c0c7ab498b9a7e8a7753feca7c5e262d139332dae8bd0315841eb8eda4430c525f9215db658341dbc6d452733956ad511b219cc2f94dd71b06145494b7db4c9f99925808cf545fb676b0cba4ba7428a264165e3d1833b5ad5480a98c47d2d0baf9f0b1215adbe9fbfa180fd92cd5aa62213990cad94e5c9b72d7ef40a15888cb8dc0d1ffe5962237ce634f3989be90592eac9990dce5c64839c247672ae8ed9ad4268578f1c40db72d4f044627aa4db3fa8d6e1ef4e2df96dfaf6691029bbed08f975148749acece2a759d4b31d6018aca8f8ae8e23fc3e1a2148daaea889ad4454927094e48f8b70641f16eddc398e9c7e7d71c303fc55c7a4599ad7e91296ed88a5d6d95a15128c1c,gx-no-cache=1558961871139 HTTP/1.1" 200 30
190.171.142.10 - - [27/May/2019:10:01:46 -0300] "POST /cormun/servlet/solicitudot?gx-no-cache=1558961874625 HTTP/1.1" 200 30
190.171.142.10 - - [27/May/2019:10:01:58 -0300] "POST /cormun/servlet/solicitudot?gx-no-cache=1558961878103 HTTP/1.1" 200 1344
190.171.142.10 - - [27/May/2019:10:01:59 -0300] "POST /cormun/servlet/solicitudot?gx-no-cache=1558961887060 HTTP/1.1" 200 38
190.171.142.10 - - [27/May/2019:10:02:24 -0300] "GET /cormun/servlet/solicitudot?f044752dd5e047dfd297290dcb33698e3eaed3da2163fa0beeda12a26c775bf09f0200d09ce40b08f808c656d6953d2a19d529485f98d1fb4c72bb1263907271572928021ae174709dfeee7a7ea43eff331748f10a39a0538c0620440f8aa444e15f416c28adee0236474f321483d33c,gx-no-cache=1558961910283 HTTP/1.1" 200 110
190.171.142.10 - - [27/May/2019:10:03:07 -0300] "POST /cormun/servlet/solicitudot?gx-no-cache=1558961955203 HTTP/1.1" 200 79
190.171.141.114 - - [27/May/2019:10:04:06 -0300] "GET /cormun/servlet/hlogin HTTP/1.1" 200 1719
190.171.141.114 - - [27/May/2019:10:04:06 -0300] "GET /cormun/servlet/hlogin HTTP/1.1" 200 1730
190.171.141.122 - - [27/May/2019:10:05:02 -0300] "GET /cormun/servlet/trrenuncias? HTTP/1.1" 200 8189
190.171.141.122 - - [27/May/2019:10:05:03 -0300] "GET /cormun/static/trrenuncias.js?20175251283179 HTTP/1.1" 200 31174
190.171.141.122 - - [27/May/2019:10:05:03 -0300] "GET /cormun/static/gxcfg.js?20175251282642 HTTP/1.1" 200 953
190.171.141.122 - - [27/May/2019:10:05:04 -0300] "GET /cormun/servlet/trrenuncias? HTTP/1.1" 200 8188
190.171.142.10 - - [27/May/2019:10:05:18 -0300] "POST /cormun/servlet/solicitudot?gx-no-cache=1558962085444 HTTP/1.1" 200 64
200.54.246.54 - - [27/May/2019:10:05:22 -0300] "GET /cormun/servlet/hlogin HTTP/1.1" 200 1737
190.171.149.74 - - [27/May/2019:10:05:48 -0300] "GET /cormun/servlet/licenciaspermisos?INS,0,,, HTTP/1.1" 200 6794
190.171.149.74 - - [27/May/2019:10:05:51 -0300] "GET /cormun/servlet/licenciaspermisos?INS,0,,, HTTP/1.1" 200 6790
190.171.149.74 - - [27/May/2019:10:05:51 -0300] "GET /cormun/servlet/hlogin HTTP/1.1" 200 1751
190.171.142.10 - - [27/May/2019:10:05:59 -0300] "POST /cormun/servlet/solicitudot?gx-no-cache=1558962127021 HTTP/1.1" 200 64
190.171.149.74 - - [27/May/2019:10:06:00 -0300] "POST /cormun/servlet/hlogin?221700e27ad813f93032d14774b2f185,gx-no-cache=1558958526671 HTTP/1.1" 200 90
190.171.149.74 - - [27/May/2019:10:06:00 -0300] "GET /cormun/servlet/hpexe_link HTTP/1.1" 200 970
190.171.149.74 - - [27/May/2019:10:06:01 -0300] "GET /cormun/servlet/licenciaspermisos?INS,0,,, HTTP/1.1" 200 7430
190.171.149.74 - - [27/May/2019:10:06:03 -0300] "GET /cormun/servlet/licenciaspermisos?INS,0,,, HTTP/1.1" 200 7429
190.171.142.10 - - [27/May/2019:10:06:09 -0300] "GET /cormun/servlet/solicitudot?f044752dd5e047dfd297290dcb33698e7265fdccef5c6bd9b2a6ce10f015c5d6695e53fcdd9445c73314cce546b59971b11d7839fb133eb48751b6a596ac19c037bf365fcc2ce25e9d30cdcc07a5a0f67c3a396ecd16e71ce17832e0f505d558b847f7acb889c16db17e09ddff23f4f8,gx-no-cache=1558962137890 HTTP/1.1" 200 29
190.171.149.74 - - [27/May/2019:10:06:10 -0300] "POST /cormun/servlet/licenciaspermisos?221700e27ad813f93032d14774b2f185,INS,0,,,,gx-no-cache=1558958532437 HTTP/1.1" 200 93
190.171.149.74 - - [27/May/2019:10:06:10 -0300] "GET /cormun/servlet/hpexe_return? HTTP/1.1" 200 1012
200.54.103.162 - - [27/May/2019:10:06:10 -0300] "GET /cormun/servlet/trlicencias? HTTP/1.1" 200 13039
190.171.149.74 - - [27/May/2019:10:06:11 -0300] "GET /cormun/servlet/hhome HTTP/1.1" 200 4065
190.171.142.10 - - [27/May/2019:10:06:11 -0300] "GET /cormun/static/menuarrow.gif HTTP/1.1" 404 1015
190.171.149.74 - - [27/May/2019:10:06:13 -0300] "GET /cormun/servlet/hhome HTTP/1.1" 200 4059
200.54.103.162 - - [27/May/2019:10:06:14 -0300] "GET /cormun/servlet/trlicencias? HTTP/1.1" 200 13036
190.171.142.10 - - [27/May/2019:10:06:16 -0300] "GET /cormun/servlet/solicitudot?f044752dd5e047dfd297290dcb33698e4cf942580e8634a7e74b1ea06e0bcc7bd720d090e8654bbf9c4ca60f3f7ac72e,gx-no-cache=1558962145320 HTTP/1.1" 200 30
190.171.149.74 - - [27/May/2019:10:06:19 -0300] "GET /cormun/servlet/trlicencias? HTTP/1.1" 200 9852
190.171.149.74 - - [27/May/2019:10:06:21 -0300] "GET /cormun/servlet/trlicencias? HTTP/1.1" 200 9849
190.171.149.74 - - [27/May/2019:10:06:25 -0300] "POST /cormun/servlet/trlicencias?221700e27ad813f93032d14774b2f185,,gx-no-cache=1558958550490 HTTP/1.1" 200 7228
190.171.142.10 - - [27/May/2019:10:06:29 -0300] "POST /cormun/servlet/solicitudot?gx-no-cache=1558962158457 HTTP/1.1" 200 30
200.54.103.162 - - [27/May/2019:10:06:34 -0300] "GET /cormun/servlet/licenciaspermisos?INS,0,,, HTTP/1.1" 200 7875
200.54.103.162 - - [27/May/2019:10:06:36 -0300] "GET /cormun/servlet/licenciaspermisos?INS,0,,, HTTP/1.1" 200 7883
190.171.149.74 - - [27/May/2019:10:06:38 -0300] "GET /cormun/static/menuarrow.gif HTTP/1.1" 404 1015
190.171.149.74 - - [27/May/2019:10:06:42 -0300] "POST /cormun/servlet/trlicencias?221700e27ad813f93032d14774b2f185,,gx-no-cache=1558958567854 HTTP/1.1" 200 8077
190.171.142.10 - - [27/May/2019:10:07:04 -0300] "POST /cormun/servlet/solicitudot?c1b4e17c830016dfd16145d6840cd66e,INS,0,0,,gx-no-cache=1558962191966 HTTP/1.1" 200 93
190.171.142.10 - - [27/May/2019:10:07:06 -0300] "GET /cormun/servlet/hpexe_return? HTTP/1.1" 200 1002
190.171.142.10 - - [27/May/2019:10:07:07 -0300] "GET /cormun/static/gxcfg.js?2016101716175148 HTTP/1.1" 200 953
190.171.142.10 - - [27/May/2019:10:07:07 -0300] "GET /cormun/static/hpexe_return.js?2016101716175153 HTTP/1.1" 200 1633
200.54.103.162 - - [27/May/2019:10:07:09 -0300] "POST /cormun/servlet/licenciaspermisos?3cba9e73dbe4333ec2af12b039a1d87c,INS,0,,,,gx-no-cache=1558962202471 HTTP/1.1" 200 90
200.54.103.162 - - [27/May/2019:10:07:09 -0300] "GET /cormun/servlet/hpexe_link HTTP/1.1" 200 970
200.54.103.162 - - [27/May/2019:10:07:09 -0300] "GET /cormun/servlet/trlicencias HTTP/1.1" 200 13038
200.54.103.162 - - [27/May/2019:10:07:11 -0300] "GET /cormun/servlet/trlicencias HTTP/1.1" 200 13036
190.171.142.10 - - [27/May/2019:10:07:12 -0300] "GET /cormun/static/Resources/Spanish/PXTools.css?167811 HTTP/1.1" 200 89042
190.171.142.10 - - [27/May/2019:10:07:13 -0300] "GET /cormun/servlet/trsolicitudot? HTTP/1.1" 200 9055
190.171.142.10 - - [27/May/2019:10:07:15 -0300] "GET /cormun/servlet/trsolicitudot? HTTP/1.1" 200 9052
200.54.103.162 - - [27/May/2019:10:07:15 -0300] "GET /cormun/servlet/trlicenciaspermisosadjuntos?8325885,20190527000000,L, HTTP/1.1" 200 6683
200.54.103.162 - - [27/May/2019:10:07:17 -0300] "GET /cormun/servlet/trlicenciaspermisosadjuntos?8325885,20190527000000,L, HTTP/1.1" 200 6683
200.54.103.162 - - [27/May/2019:10:07:19 -0300] "GET /cormun/servlet/licenciaspermisosadjuntos?INS,8325885,L,20190527000000,, HTTP/1.1" 200 5984
200.54.103.162 - - [27/May/2019:10:07:20 -0300] "GET /cormun/static/gxcfg.js?2017761263592 HTTP/1.1" 200 953
200.54.103.162 - - [27/May/2019:10:07:20 -0300] "GET /cormun/static/licenciaspermisosadjuntos.js?201776126362 HTTP/1.1" 200 8760
200.54.103.162 - - [27/May/2019:10:07:20 -0300] "GET /cormun/static/about:blank HTTP/1.1" 404 1011
200.54.103.162 - - [27/May/2019:10:07:21 -0300] "GET /cormun/servlet/licenciaspermisosadjuntos?INS,8325885,L,20190527000000,, HTTP/1.1" 200 5973
200.54.103.162 - - [27/May/2019:10:07:49 -0300] "POST /cormun/servlet/licenciaspermisosadjuntos?3cba9e73dbe4333ec2af12b039a1d87c,INS,8325885,L,20190527000000,, HTTP/1.1" 200 116
200.54.103.162 - - [27/May/2019:10:07:52 -0300] "GET /cormun/servlet/hpexe_return? HTTP/1.1" 200 1044
200.54.103.162 - - [27/May/2019:10:08:11 -0300] "GET /cormun/servlet/trlicenciaspermisosadjuntos?8325885,20190527000000,L, HTTP/1.1" 200 7192
200.54.103.162 - - [27/May/2019:10:08:17 -0300] "POST /cormun/servlet/trlicenciaspermisosadjuntos?3cba9e73dbe4333ec2af12b039a1d87c,8325885,20190527000000,L,,gx-no-cache=1558962271078 HTTP/1.1" 200 90
200.54.103.162 - - [27/May/2019:10:08:18 -0300] "GET /cormun/servlet/hpexe_link HTTP/1.1" 200 985
200.54.103.162 - - [27/May/2019:10:08:18 -0300] "GET /cormun/servlet/trlicencias HTTP/1.1" 200 13038
200.54.103.162 - - [27/May/2019:10:08:20 -0300] "GET /cormun/servlet/trlicencias HTTP/1.1" 200 13036
200.54.103.162 - - [27/May/2019:10:08:25 -0300] "POST /cormun/servlet/trlicencias?3cba9e73dbe4333ec2af12b039a1d87c,gx-no-cache=1558962277483 HTTP/1.1" 200 10440
190.171.141.138 - - [27/May/2019:10:08:25 -0300] "GET /cormun/servlet/hlogin HTTP/1.1" 200 1725
190.171.142.10 - - [27/May/2019:10:08:26 -0300] "GET /cormun/servlet/trsolicitudot? HTTP/1.1" 200 9052
190.171.142.10 - - [27/May/2019:10:08:29 -0300] "GET /cormun/servlet/trsolicitudot? HTTP/1.1" 200 9052
200.54.103.162 - - [27/May/2019:10:08:29 -0300] "GET /cormun/servlet/trlicenciaspermisosadjuntos?16792393,20190527000000,L, HTTP/1.1" 200 6686
200.54.103.162 - - [27/May/2019:10:08:31 -0300] "GET /cormun/servlet/trlicenciaspermisosadjuntos?16792393,20190527000000,L, HTTP/1.1" 200 6687
200.54.103.162 - - [27/May/2019:10:08:34 -0300] "GET /cormun/servlet/licenciaspermisosadjuntos?INS,16792393,L,20190527000000,, HTTP/1.1" 200 5989
200.54.103.162 - - [27/May/2019:10:08:34 -0300] "GET /cormun/static/about:blank HTTP/1.1" 404 1011
200.54.103.162 - - [27/May/2019:10:08:35 -0300] "GET /cormun/servlet/licenciaspermisosadjuntos?INS,16792393,L,20190527000000,, HTTP/1.1" 200 5978
190.171.142.10 - - [27/May/2019:10:08:39 -0300] "POST /cormun/servlet/trsolicitudot?c1b4e17c830016dfd16145d6840cd66e,,gx-no-cache=1558962287398 HTTP/1.1" 200 107
190.171.142.10 - - [27/May/2019:10:08:39 -0300] "GET /cormun/servlet/trsolicitudadjuntos?2019,15641, HTTP/1.1" 200 6143
190.171.142.10 - - [27/May/2019:10:08:39 -0300] "GET /cormun/static/gxui/gxui-all.css?110300 HTTP/1.1" 200 2179
190.171.142.10 - - [27/May/2019:10:08:39 -0300] "GET /cormun/static/gxcfg.js?20177612135366 HTTP/1.1" 200 953
190.171.142.10 - - [27/May/2019:10:08:39 -0300] "GET /cormun/static/trsolicitudadjuntos.js?20177612135632 HTTP/1.1" 200 17922
190.171.142.10 - - [27/May/2019:10:08:40 -0300] "GET /cormun/static/Shared/ext/resources/css/ext-all.css?205870 HTTP/1.1" 200 416045
190.171.142.10 - - [27/May/2019:10:08:42 -0300] "GET /cormun/servlet/trsolicitudadjuntos?2019,15641, HTTP/1.1" 200 6143
200.54.103.162 - - [27/May/2019:10:08:57 -0300] "POST /cormun/servlet/licenciaspermisosadjuntos?3cba9e73dbe4333ec2af12b039a1d87c,INS,16792393,L,20190527000000,, HTTP/1.1" 200 116
200.54.103.162 - - [27/May/2019:10:08:57 -0300] "GET /cormun/servlet/hpexe_return? HTTP/1.1" 200 1044
200.54.103.162 - - [27/May/2019:10:08:58 -0300] "GET /cormun/servlet/trlicenciaspermisosadjuntos?16792393,20190527000000,L, HTTP/1.1" 200 7198
200.54.103.162 - - [27/May/2019:10:09:00 -0300] "GET /cormun/servlet/trlicenciaspermisosadjuntos?16792393,20190527000000,L, HTTP/1.1" 200 7193
200.54.103.162 - - [27/May/2019:10:09:02 -0300] "POST /cormun/servlet/trlicenciaspermisosadjuntos?3cba9e73dbe4333ec2af12b039a1d87c,16792393,20190527000000,L,,gx-no-cache=1558962315832 HTTP/1.1" 200 90
200.54.103.162 - - [27/May/2019:10:09:02 -0300] "GET /cormun/servlet/hpexe_link HTTP/1.1" 200 1006
200.54.103.162 - - [27/May/2019:10:09:03 -0300] "GET /cormun/servlet/trlicencias?gx-no-cache=1558962277483 HTTP/1.1" 200 13038
200.54.103.162 - - [27/May/2019:10:09:05 -0300] "GET /cormun/servlet/trlicencias?gx-no-cache=1558962277483 HTTP/1.1" 200 13056
200.54.103.162 - - [27/May/2019:10:09:10 -0300] "GET /cormun/servlet/alicenciaprn?8325885,L,20190527000000,PU HTTP/1.1" 200 1537
190.171.142.10 - - [27/May/2019:10:09:10 -0300] "GET /cormun/servlet/solicitudotadjuntos?INS,2019,15641,,1, HTTP/1.1" 200 6090
190.171.142.10 - - [27/May/2019:10:09:10 -0300] "GET /cormun/static/gxcfg.js?2017761244068 HTTP/1.1" 200 953
190.171.142.10 - - [27/May/2019:10:09:10 -0300] "GET /cormun/static/solicitudotadjuntos.js?2017761244086 HTTP/1.1" 200 11771
190.171.142.10 - - [27/May/2019:10:09:10 -0300] "GET /cormun/static/about:blank HTTP/1.1" 404 1011
190.171.142.10 - - [27/May/2019:10:09:11 -0300] "GET /cormun/servlet/solicitudotadjuntos?INS,2019,15641,,1, HTTP/1.1" 200 6084
190.171.142.10 - - [27/May/2019:10:09:12 -0300] "GET /cormun/servlet/solicitudotadjuntos?f044752dd5e047dfd297290dcb33698edf489bf17b8b86d24b41d97c9cf45382308c350d3707cfc47b3710ab850ee7b9,gx-no-cache=1558962320841 HTTP/1.1" 200 30
190.171.142.10 - - [27/May/2019:10:09:12 -0300] "POST /cormun/servlet/solicitudotadjuntos?c1b4e17c830016dfd16145d6840cd66e,INS,2019,15641,,1,,gx-no-cache=1558962320993 HTTP/1.1" 200 3854
190.171.142.10 - - [27/May/2019:10:09:23 -0300] "GET /cormun/servlet/trsolicitudot? HTTP/1.1" 200 9063
190.171.142.10 - - [27/May/2019:10:09:24 -0300] "GET /cormun/servlet/trsolicitudot? HTTP/1.1" 200 9052
190.171.142.10 - - [27/May/2019:10:09:35 -0300] "POST /cormun/servlet/trsolicitudot?c1b4e17c830016dfd16145d6840cd66e,,gx-no-cache=1558962344009 HTTP/1.1" 200 107
190.171.142.10 - - [27/May/2019:10:09:35 -0300] "GET /cormun/servlet/trsolicitudadjuntos?2019,15641, HTTP/1.1" 200 6143
190.171.142.10 - - [27/May/2019:10:09:37 -0300] "GET /cormun/servlet/trsolicitudadjuntos?2019,15641, HTTP/1.1" 200 6143
190.171.142.10 - - [27/May/2019:10:09:41 -0300] "GET /cormun/servlet/solicitudotadjuntos?INS,2019,15641,,1, HTTP/1.1" 200 6089
190.171.142.10 - - [27/May/2019:10:09:42 -0300] "GET /cormun/static/about:blank HTTP/1.1" 404 1011
190.171.142.10 - - [27/May/2019:10:09:43 -0300] "GET /cormun/servlet/solicitudotadjuntos?INS,2019,15641,,1, HTTP/1.1" 200 6083
190.171.142.10 - - [27/May/2019:10:09:43 -0300] "GET /cormun/servlet/solicitudotadjuntos?f044752dd5e047dfd297290dcb33698edf489bf17b8b86d24b41d97c9cf45382308c350d3707cfc47b3710ab850ee7b9,gx-no-cache=1558962352557 HTTP/1.1" 200 30
190.171.142.10 - - [27/May/2019:10:09:44 -0300] "POST /cormun/servlet/solicitudotadjuntos?c1b4e17c830016dfd16145d6840cd66e,INS,2019,15641,,1,,gx-no-cache=1558962352689 HTTP/1.1" 200 3853
190.171.142.10 - - [27/May/2019:10:09:50 -0300] "POST /cormun/servlet/solicitudotadjuntos?gx-no-cache=1558962359021 HTTP/1.1" 200 26
200.54.103.162 - - [27/May/2019:10:09:51 -0300] "GET /cormun/servlet/alicenciaprn?16792393,L,20190527000000,PU HTTP/1.1" 200 1569
190.171.141.138 - - [27/May/2019:10:10:08 -0300] "POST /cormun/servlet/hlogin?d33e569975af2dabdccc806faa11e1f8,gx-no-cache=1558962376256 HTTP/1.1" 200 90
190.171.141.138 - - [27/May/2019:10:10:08 -0300] "GET /cormun/servlet/hpexe_link HTTP/1.1" 200 960
190.171.141.138 - - [27/May/2019:10:10:09 -0300] "GET /cormun/servlet/trlicencias HTTP/1.1" 200 12895
190.171.141.138 - - [27/May/2019:10:10:10 -0300] "GET /cormun/servlet/trlicencias HTTP/1.1" 200 12894
190.171.142.10 - - [27/May/2019:10:10:16 -0300] "GET /cormun/servlet/solicitudotadjuntos?f044752dd5e047dfd297290dcb33698ea2eff2b2d620e2335d1dbc151e5dbfeb,gx-no-cache=1558962385387 HTTP/1.1" 200 30
190.171.142.10 - - [27/May/2019:10:10:16 -0300] "GET /cormun/servlet/solicitudotadjuntos?f044752dd5e047dfd297290dcb33698ea2eff2b2d620e2335d1dbc151e5dbfeb,gx-no-cache=1558962385619 HTTP/1.1" 200 30
190.171.141.138 - - [27/May/2019:10:10:17 -0300] "GET /cormun/servlet/licenciaspermisos?UPD,11340821,L,20190527000000, HTTP/1.1" 200 8216
192.168.10.89 - - [27/May/2019:10:10:17 -0300] "GET /cormun/servlet/hlogin HTTP/1.1" 200 1725
190.171.141.138 - - [27/May/2019:10:10:17 -0300] "GET /cormun/servlet/licenciaspermisos?UPD,11340821,L,20190527000000, HTTP/1.1" 200 8236
190.171.141.138 - - [27/May/2019:10:10:18 -0300] "GET /cormun/servlet/licenciaspermisos?3840965b8103bad74587b9355152fed484ee2d2b906a03e1d148be41f30045fc389f9b3c0f7fb597eded9be2812eb0b2cab15239e6741545f0a067b1ceb79976dd380847051aa465210f9d1241c979e710e2da52be8cf2ead6db38e40dad9e44,gx-no-cache=1558962387045 HTTP/1.1" 200 88
190.171.142.10 - - [27/May/2019:10:10:19 -0300] "POST /cormun/servlet/solicitudotadjuntos?c1b4e17c830016dfd16145d6840cd66e,INS,2019,15641,,1, HTTP/1.1" 200 116
190.171.142.10 - - [27/May/2019:10:10:20 -0300] "GET /cormun/servlet/hpexe_return? HTTP/1.1" 200 1021
190.171.142.10 - - [27/May/2019:10:10:20 -0300] "GET /cormun/servlet/trsolicitudadjuntos?2019,15641, HTTP/1.1" 200 8746
190.171.141.138 - - [27/May/2019:10:10:20 -0300] "GET /cormun/servlet/licenciaspermisos?3840965b8103bad74587b9355152fed4080f9c5f50bfbfed9d6a08d63f59d85e3b265ce21e97c31b06365f81afd8435751925da8d32e1643516f03ca9737949ff7f3d8c6eb8c9abb07a17fcf825594f04e41b8595995c6f75d15598cafdc09c709a7a18744280d02905ba3a8c7fb9af8c37fa01cf834e728a849ba51528962d473b519dc3f3dec443202a808fe1b9632f1f21be968ac115ea9a0d458459ec0d3a68adc32e7bec6048cafd7c56a10687ce3b4d09aad81d76f67e5ff247298dd4f7f8bcef1b5ed48946e501027150c4de7452807e76ca0d19a1223e9cc192ed3d0,gx-no-cache=1558962388643 HTTP/1.1" 200 30
190.171.141.138 - - [27/May/2019:10:10:21 -0300] "POST /cormun/servlet/licenciaspermisos?d33e569975af2dabdccc806faa11e1f8,UPD,11340821,L,20190527000000,,gx-no-cache=1558962389891 HTTP/1.1" 200 5042
190.171.142.10 - - [27/May/2019:10:10:22 -0300] "GET /cormun/servlet/trsolicitudadjuntos?2019,15641, HTTP/1.1" 200 8743
192.168.10.89 - - [27/May/2019:10:10:24 -0300] "POST /cormun/servlet/hlogin?0a3c0336d55994fd8bd7bd8a98f134b8,gx-no-cache=1558962069583 HTTP/1.1" 200 90
192.168.10.89 - - [27/May/2019:10:10:24 -0300] "GET /cormun/servlet/hpexe_link HTTP/1.1" 200 954
190.171.142.10 - - [27/May/2019:10:10:24 -0300] "GET /cormun/servlet/solicitudotadjuntos?INS,2019,15641,,1, HTTP/1.1" 200 6089
192.168.10.89 - - [27/May/2019:10:10:24 -0300] "GET /cormun/servlet/hhome HTTP/1.1" 200 3890
190.171.142.10 - - [27/May/2019:10:10:25 -0300] "GET /cormun/static/about:blank HTTP/1.1" 404 1011
190.171.142.10 - - [27/May/2019:10:10:26 -0300] "GET /cormun/servlet/solicitudotadjuntos?INS,2019,15641,,1, HTTP/1.1" 200 6083
192.168.10.89 - - [27/May/2019:10:10:26 -0300] "GET /cormun/servlet/trsolicitudgral? HTTP/1.1" 200 16875
190.171.142.10 - - [27/May/2019:10:10:27 -0300] "GET /cormun/servlet/solicitudotadjuntos?f044752dd5e047dfd297290dcb33698edf489bf17b8b86d24b41d97c9cf45382308c350d3707cfc47b3710ab850ee7b9,gx-no-cache=1558962395410 HTTP/1.1" 200 30
190.171.142.10 - - [27/May/2019:10:10:27 -0300] "POST /cormun/servlet/solicitudotadjuntos?c1b4e17c830016dfd16145d6840cd66e,INS,2019,15641,,1,,gx-no-cache=1558962396057 HTTP/1.1" 200 3854
190.171.142.10 - - [27/May/2019:10:10:32 -0300] "POST /cormun/servlet/solicitudotadjuntos?gx-no-cache=1558962401338 HTTP/1.1" 200 26
192.168.10.89 - - [27/May/2019:10:10:37 -0300] "POST /cormun/servlet/trsolicitudgral?0a3c0336d55994fd8bd7bd8a98f134b8,,gx-no-cache=1558962082434 HTTP/1.1" 200 8464
190.171.141.138 - - [27/May/2019:10:10:40 -0300] "GET /cormun/servlet/licenciaspermisos?3840965b8103bad74587b9355152fed4ab82c88b47dde751902b01dc8422c529cb66e17e05651000cc71c3313fb5219e377b92916e2a59acff95e6071bcbff60f48ae8710febf0f2f8bfca31fc121b2eb429f08942d605fe501e30b35508e1e341bc1db5471b577b4ad72ea87cb85c8f55cc1aa6aa3c11bb661e748fbeeb1b51fd4798f7974014b298f465563c24bdb7f0006753defad7a7f155017160237dd71a49eb006411068f36ce58e0be05c7964113733d825397e074fd92c0933bf4a25da70b7278e47efb3af2178b3b7b85e6240c00ff23f4e8352477922874be079b3ce7f904fa1f4f9bfd5d65b38d900f19,gx-no-cache=1558962409029 HTTP/1.1" 200 134
190.171.141.138 - - [27/May/2019:10:10:40 -0300] "GET /cormun/static/Shared/jqueryui/images/ui-icons_82798d_256x240.png HTTP/1.1" 404 1089
190.171.141.138 - - [27/May/2019:10:10:40 -0300] "GET /cormun/static/Shared/jqueryui/images/ui-bg_flat_55_994d53_40x100.png HTTP/1.1" 404 1097
190.171.141.138 - - [27/May/2019:10:10:40 -0300] "GET /cormun/static/Shared/jqueryui/images/ui-icons_ebccce_256x240.png HTTP/1.1" 404 1089
190.171.141.138 - - [27/May/2019:10:10:40 -0300] "GET /cormun/static/Shared/jqueryui/images/ui-bg_highlight-soft_100_c6c2c8_1x100.png HTTP/1.1" 404 1117
190.171.141.138 - - [27/May/2019:10:10:42 -0300] "POST /cormun/servlet/licenciaspermisos?d33e569975af2dabdccc806faa11e1f8,UPD,11340821,L,20190527000000,,gx-no-cache=1558962409329 HTTP/1.1" 200 5152
190.171.142.10 - - [27/May/2019:10:10:42 -0300] "GET /cormun/servlet/solicitudotadjuntos?f044752dd5e047dfd297290dcb33698ea2eff2b2d620e2335d1dbc151e5dbfeb,gx-no-cache=1558962411582 HTTP/1.1" 200 30
190.171.142.10 - - [27/May/2019:10:10:42 -0300] "GET /cormun/servlet/solicitudotadjuntos?f044752dd5e047dfd297290dcb33698ea2eff2b2d620e2335d1dbc151e5dbfeb,gx-no-cache=1558962411715 HTTP/1.1" 200 30
192.168.10.89 - - [27/May/2019:10:10:44 -0300] "POST /cormun/servlet/trsolicitudgral?0a3c0336d55994fd8bd7bd8a98f134b8,,gx-no-cache=1558962089421 HTTP/1.1" 200 5477
192.168.10.89 - - [27/May/2019:10:10:44 -0300] "GET /cormun/static/Shared/jqueryui/images/ui-bg_highlight-soft_100_c6c2c8_1x100.png HTTP/1.1" 404 1117
192.168.10.89 - - [27/May/2019:10:10:44 -0300] "GET /cormun/static/Shared/jqueryui/images/ui-bg_flat_55_fafafa_40x100.png HTTP/1.1" 404 1097
