192.168.10.89 - - [27/May/2019:10:10:44 -0300] "GET /cormun/static/Shared/jqueryui/images/ui-icons_8d78a5_256x240.png HTTP/1.1" 404 1089
192.168.10.89 - - [27/May/2019:10:10:44 -0300] "GET /cormun/static/Shared/jqueryui/images/ui-icons_82798d_256x240.png HTTP/1.1" 404 1089
192.168.10.89 - - [27/May/2019:10:10:46 -0300] "GET /cormun/servlet/trautorizarot? HTTP/1.1" 200 12283
190.171.141.138 - - [27/May/2019:10:10:47 -0300] "GET /cormun/servlet/prfichaempleado?,MD,,gxPopupLevel%3D0%3B HTTP/1.1" 200 9591
190.171.142.10 - - [27/May/2019:10:10:47 -0300] "POST /cormun/servlet/solicitudotadjuntos?c1b4e17c830016dfd16145d6840cd66e,INS,2019,15641,,1, HTTP/1.1" 200 116
190.171.142.10 - - [27/May/2019:10:10:47 -0300] "GET /cormun/servlet/hpexe_return? HTTP/1.1" 200 1021
190.171.141.138 - - [27/May/2019:10:10:47 -0300] "GET /cormun/static/gxcfg.js?20177612134814 HTTP/1.1" 304 -
190.171.142.10 - - [27/May/2019:10:10:48 -0300] "GET /cormun/servlet/trsolicitudadjuntos?2019,15641, HTTP/1.1" 200 8987
190.171.142.10 - - [27/May/2019:10:10:49 -0300] "GET /cormun/servlet/trsolicitudadjuntos?2019,15641, HTTP/1.1" 200 8987
190.171.142.10 - - [27/May/2019:10:10:52 -0300] "GET /cormun/servlet/solicitudotadjuntos?INS,2019,15641,,1, HTTP/1.1" 200 6089
190.171.142.10 - - [27/May/2019:10:10:52 -0300] "GET /cormun/static/about:blank HTTP/1.1" 404 1011
190.171.142.10 - - [27/May/2019:10:10:53 -0300] "GET /cormun/servlet/solicitudotadjuntos?INS,2019,15641,,1, HTTP/1.1" 200 6083
190.171.142.10 - - [27/May/2019:10:10:54 -0300] "GET /cormun/servlet/solicitudotadjuntos?f044752dd5e047dfd297290dcb33698edf489bf17b8b86d24b41d97c9cf45382308c350d3707cfc47b3710ab850ee7b9,gx-no-cache=1558962422904 HTTP/1.1" 200 30
190.171.142.10 - - [27/May/2019:10:10:54 -0300] "POST /cormun/servlet/solicitudotadjuntos?c1b4e17c830016dfd16145d6840cd66e,INS,2019,15641,,1,,gx-no-cache=1558962423046 HTTP/1.1" 200 3854
192.168.10.89 - - [27/May/2019:10:10:55 -0300] "POST /cormun/servlet/trautorizarot?0a3c0336d55994fd8bd7bd8a98f134b8,,gx-no-cache=1558962100408 HTTP/1.1" 200 5351
190.171.141.138 - - [27/May/2019:10:10:56 -0300] "POST /cormun/servlet/prfichaempleado?d33e569975af2dabdccc806faa11e1f8,,MD,,gxPopupLevel%3D0%3B,gx-no-cache=1558962425278 HTTP/1.1" 200 3774
192.168.10.89 - - [27/May/2019:10:10:57 -0300] "GET /cormun/servlet/trsolicitudgral? HTTP/1.1" 200 8377
190.171.142.10 - - [27/May/2019:10:10:57 -0300] "POST /cormun/servlet/solicitudotadjuntos?gx-no-cache=1558962426684 HTTP/1.1" 200 26
192.168.10.89 - - [27/May/2019:10:11:03 -0300] "POST /cormun/servlet/trsolicitudgral?0a3c0336d55994fd8bd7bd8a98f134b8,,gx-no-cache=1558962108886 HTTP/1.1" 200 11370
190.171.142.10 - - [27/May/2019:10:11:04 -0300] "GET /cormun/servlet/solicitudotadjuntos?f044752dd5e047dfd297290dcb33698ea2eff2b2d620e2335d1dbc151e5dbfeb,gx-no-cache=1558962432867 HTTP/1.1" 200 30
190.171.142.10 - - [27/May/2019:10:11:04 -0300] "GET /cormun/servlet/solicitudotadjuntos?f044752dd5e047dfd297290dcb33698ea2eff2b2d620e2335d1dbc151e5dbfeb,gx-no-cache=1558962432992 HTTP/1.1" 200 30
190.171.142.10 - - [27/May/2019:10:11:09 -0300] "POST /cormun/servlet/solicitudotadjuntos?c1b4e17c830016dfd16145d6840cd66e,INS,2019,15641,,1, HTTP/1.1" 200 116
190.171.142.10 - - [27/May/2019:10:11:10 -0300] "GET /cormun/servlet/hpexe_return? HTTP/1.1" 200 1021
190.171.142.10 - - [27/May/2019:10:11:10 -0300] "GET /cormun/servlet/trsolicitudadjuntos?2019,15641, HTTP/1.1" 200 9159
190.171.142.10 - - [27/May/2019:10:11:12 -0300] "GET /cormun/servlet/trsolicitudadjuntos?2019,15641, HTTP/1.1" 200 9157
190.171.141.138 - - [27/May/2019:10:11:14 -0300] "GET /cormun/servlet/licenciaspermisos?3840965b8103bad74587b9355152fed4ab82c88b47dde751902b01dc8422c529cb66e17e05651000cc71c3313fb5219e377b92916e2a59acff95e6071bcbff60f48ae8710febf0f2f8bfca31fc121b2eb429f08942d605fe501e30b35508e1e341bc1db5471b577b4ad72ea87cb85c8f55cc1aa6aa3c11bb661e748fbeeb1b51fd4798f7974014b298f465563c24bdb7f0006753defad7a7f155017160237dd71a49eb006411068f36ce58e0be05c7964113733d825397e074fd92c0933bf4a25da70b7278e47efb3af2178b3b7b85e68dacf4193f3337be7b8c67137d8d036eb2fc56790fa73b679169ae1e9fdeb40b8f5f62a58c2e482169e2b7402f1a73baff028d95f1e3bff6e2659e03e183805e,gx-no-cache=1558962442844 HTTP/1.1" 200 60
190.171.142.10 - - [27/May/2019:10:11:14 -0300] "GET /cormun/servlet/solicitudotadjuntos?INS,2019,15641,,1, HTTP/1.1" 200 6090
190.171.142.10 - - [27/May/2019:10:11:15 -0300] "GET /cormun/static/about:blank HTTP/1.1" 404 1011
190.171.141.138 - - [27/May/2019:10:11:16 -0300] "POST /cormun/servlet/licenciaspermisos?d33e569975af2dabdccc806faa11e1f8,UPD,11340821,L,20190527000000,,gx-no-cache=1558962443081 HTTP/1.1" 200 93
190.171.141.138 - - [27/May/2019:10:11:16 -0300] "GET /cormun/servlet/hpexe_return? HTTP/1.1" 200 1033
190.171.142.10 - - [27/May/2019:10:11:16 -0300] "GET /cormun/servlet/solicitudotadjuntos?INS,2019,15641,,1, HTTP/1.1" 200 6084
190.171.141.138 - - [27/May/2019:10:11:16 -0300] "GET /cormun/servlet/trlicencias HTTP/1.1" 200 12955
190.171.142.10 - - [27/May/2019:10:11:16 -0300] "GET /cormun/servlet/solicitudotadjuntos?f044752dd5e047dfd297290dcb33698edf489bf17b8b86d24b41d97c9cf45382308c350d3707cfc47b3710ab850ee7b9,gx-no-cache=1558962445485 HTTP/1.1" 200 30
190.171.141.138 - - [27/May/2019:10:11:17 -0300] "GET /cormun/servlet/trlicencias HTTP/1.1" 200 12951
190.171.142.10 - - [27/May/2019:10:11:17 -0300] "POST /cormun/servlet/solicitudotadjuntos?c1b4e17c830016dfd16145d6840cd66e,INS,2019,15641,,1,,gx-no-cache=1558962445630 HTTP/1.1" 200 3855
190.171.142.10 - - [27/May/2019:10:11:21 -0300] "POST /cormun/servlet/solicitudotadjuntos?gx-no-cache=1558962450477 HTTP/1.1" 200 26
190.171.142.10 - - [27/May/2019:10:11:26 -0300] "GET /cormun/servlet/solicitudotadjuntos?f044752dd5e047dfd297290dcb33698ea2eff2b2d620e2335d1dbc151e5dbfeb,gx-no-cache=1558962455435 HTTP/1.1" 200 30
190.171.142.10 - - [27/May/2019:10:11:26 -0300] "GET /cormun/servlet/solicitudotadjuntos?f044752dd5e047dfd297290dcb33698ea2eff2b2d620e2335d1dbc151e5dbfeb,gx-no-cache=1558962455555 HTTP/1.1" 200 30
190.171.142.10 - - [27/May/2019:10:11:30 -0300] "POST /cormun/servlet/solicitudotadjuntos?c1b4e17c830016dfd16145d6840cd66e,INS,2019,15641,,1, HTTP/1.1" 200 116
190.171.142.10 - - [27/May/2019:10:11:30 -0300] "GET /cormun/servlet/hpexe_return? HTTP/1.1" 200 1021
190.171.142.10 - - [27/May/2019:10:11:31 -0300] "GET /cormun/servlet/trsolicitudadjuntos?2019,15641, HTTP/1.1" 200 9381
190.171.142.10 - - [27/May/2019:10:11:33 -0300] "GET /cormun/servlet/trsolicitudadjuntos?2019,15641, HTTP/1.1" 200 9382
192.168.10.89 - - [27/May/2019:10:11:36 -0300] "GET /cormun/servlet/hlogin HTTP/1.1" 200 1745
190.171.142.10 - - [27/May/2019:10:11:36 -0300] "GET /cormun/servlet/solicitudotadjuntos?INS,2019,15641,,1, HTTP/1.1" 200 6090
190.171.142.10 - - [27/May/2019:10:11:37 -0300] "GET /cormun/static/about:blank HTTP/1.1" 404 1011
190.171.142.10 - - [27/May/2019:10:11:38 -0300] "GET /cormun/servlet/solicitudotadjuntos?f044752dd5e047dfd297290dcb33698edf489bf17b8b86d24b41d97c9cf45382308c350d3707cfc47b3710ab850ee7b9,gx-no-cache=1558962466841 HTTP/1.1" 200 30
190.171.142.10 - - [27/May/2019:10:11:38 -0300] "GET /cormun/servlet/solicitudotadjuntos?INS,2019,15641,,1, HTTP/1.1" 200 6084
190.171.142.10 - - [27/May/2019:10:11:39 -0300] "POST /cormun/servlet/solicitudotadjuntos?c1b4e17c830016dfd16145d6840cd66e,INS,2019,15641,,1,,gx-no-cache=1558962466978 HTTP/1.1" 200 3855
190.171.142.10 - - [27/May/2019:10:11:43 -0300] "POST /cormun/servlet/solicitudotadjuntos?gx-no-cache=1558962472446 HTTP/1.1" 200 26
186.103.159.186 - - [27/May/2019:10:11:43 -0300] "GET /cormun/servlet/hlogin HTTP/1.1" 200 1719
186.103.159.186 - - [27/May/2019:10:11:44 -0300] "GET /cormun/servlet/hlogin HTTP/1.1" 200 1730
190.171.141.138 - - [27/May/2019:10:11:52 -0300] "GET /cormun/servlet/alicenciaprn?11340821,L,20190527000000,PU HTTP/1.1" 200 1610
186.103.159.186 - - [27/May/2019:10:11:55 -0300] "POST /cormun/servlet/hlogin?b7cead636e146f801ad815d8c5ec4223,gx-no-cache=1558965840226 HTTP/1.1" 200 90
186.103.159.186 - - [27/May/2019:10:11:55 -0300] "GET /cormun/servlet/hpexe_link HTTP/1.1" 200 947
190.171.142.10 - - [27/May/2019:10:11:55 -0300] "GET /cormun/servlet/solicitudotadjuntos?f044752dd5e047dfd297290dcb33698ea2eff2b2d620e2335d1dbc151e5dbfeb,gx-no-cache=1558962484514 HTTP/1.1" 200 30
190.171.142.10 - - [27/May/2019:10:11:55 -0300] "GET /cormun/servlet/solicitudotadjuntos?f044752dd5e047dfd297290dcb33698ea2eff2b2d620e2335d1dbc151e5dbfeb,gx-no-cache=1558962484639 HTTP/1.1" 200 30
186.103.159.186 - - [27/May/2019:10:11:56 -0300] "GET /cormun/servlet/hhome HTTP/1.1" 200 4023
186.103.159.186 - - [27/May/2019:10:11:56 -0300] "GET /cormun/servlet/hhome HTTP/1.1" 200 4021
190.171.142.10 - - [27/May/2019:10:12:01 -0300] "POST /cormun/servlet/solicitudotadjuntos?c1b4e17c830016dfd16145d6840cd66e,INS,2019,15641,,1, HTTP/1.1" 200 116
190.171.142.10 - - [27/May/2019:10:12:01 -0300] "GET /cormun/servlet/hpexe_return? HTTP/1.1" 200 1021
190.171.142.10 - - [27/May/2019:10:12:02 -0300] "GET /cormun/servlet/trsolicitudadjuntos?2019,15641, HTTP/1.1" 200 9647
186.103.159.186 - - [27/May/2019:10:12:04 -0300] "GET /cormun/servlet/trsolicitudot? HTTP/1.1" 200 7238
186.103.159.186 - - [27/May/2019:10:12:04 -0300] "GET /cormun/static/gxui/gxui-all.css?120300 HTTP/1.1" 200 2179
186.103.159.186 - - [27/May/2019:10:12:04 -0300] "GET /cormun/static/calendar-system.css?85620 HTTP/1.1" 200 5572
186.103.159.186 - - [27/May/2019:10:12:04 -0300] "GET /cormun/static/gxcfg.js?2017111422585916 HTTP/1.1" 200 953
190.171.142.10 - - [27/May/2019:10:12:04 -0300] "GET /cormun/servlet/trsolicitudadjuntos?2019,15641, HTTP/1.1" 200 9644
186.103.159.186 - - [27/May/2019:10:12:04 -0300] "GET /cormun/static/trsolicitudot.js?201711142259839 HTTP/1.1" 200 54041
190.171.142.10 - - [27/May/2019:10:12:07 -0300] "GET /cormun/servlet/solicitudotadjuntos?INS,2019,15641,,1, HTTP/1.1" 200 6090
186.103.159.186 - - [27/May/2019:10:12:07 -0300] "GET /cormun/static/Resources/Spanish/PXTools.css?1255365 HTTP/1.1" 200 89042
190.171.142.10 - - [27/May/2019:10:12:07 -0300] "GET /cormun/static/about:blank HTTP/1.1" 404 1011
190.171.142.10 - - [27/May/2019:10:12:08 -0300] "GET /cormun/servlet/solicitudotadjuntos?INS,2019,15641,,1, HTTP/1.1" 200 6084
190.171.142.10 - - [27/May/2019:10:12:08 -0300] "GET /cormun/servlet/solicitudotadjuntos?f044752dd5e047dfd297290dcb33698edf489bf17b8b86d24b41d97c9cf45382308c350d3707cfc47b3710ab850ee7b9,gx-no-cache=1558962497488 HTTP/1.1" 200 30
190.171.142.10 - - [27/May/2019:10:12:09 -0300] "POST /cormun/servlet/solicitudotadjuntos?c1b4e17c830016dfd16145d6840cd66e,INS,2019,15641,,1,,gx-no-cache=1558962497621 HTTP/1.1" 200 3855
192.168.10.96 - - [27/May/2019:10:12:12 -0300] "GET /cormun/servlet/trsolicitudgral? HTTP/1.1" 500 10
190.171.142.10 - - [27/May/2019:10:12:14 -0300] "POST /cormun/servlet/solicitudotadjuntos?gx-no-cache=1558962502372 HTTP/1.1" 200 26
186.103.159.186 - - [27/May/2019:10:12:17 -0300] "GET /cormun/static/Shared/ext/resources/css/ext-all.css?215870 HTTP/1.1" 200 416045
186.103.159.186 - - [27/May/2019:10:12:19 -0300] "GET /cormun/servlet/trsolicitudot? HTTP/1.1" 200 7237
192.168.10.96 - - [27/May/2019:10:12:20 -0300] "GET /cormun/servlet/hlogin HTTP/1.1" 200 1720
190.171.142.10 - - [27/May/2019:10:12:20 -0300] "GET /cormun/servlet/solicitudotadjuntos?f044752dd5e047dfd297290dcb33698ea2eff2b2d620e2335d1dbc151e5dbfeb,gx-no-cache=1558962509383 HTTP/1.1" 200 30
192.168.10.96 - - [27/May/2019:10:12:20 -0300] "GET /cormun/servlet/hlogin HTTP/1.1" 200 1720
190.171.142.10 - - [27/May/2019:10:12:20 -0300] "GET /cormun/servlet/solicitudotadjuntos?f044752dd5e047dfd297290dcb33698ea2eff2b2d620e2335d1dbc151e5dbfeb,gx-no-cache=1558962509512 HTTP/1.1" 200 30
190.171.142.10 - - [27/May/2019:10:12:25 -0300] "POST /cormun/servlet/solicitudotadjuntos?c1b4e17c830016dfd16145d6840cd66e,INS,2019,15641,,1, HTTP/1.1" 200 116
190.171.142.10 - - [27/May/2019:10:12:25 -0300] "GET /cormun/servlet/hpexe_return? HTTP/1.1" 200 1021
190.171.142.10 - - [27/May/2019:10:12:25 -0300] "GET /cormun/servlet/trsolicitudadjuntos?2019,15641, HTTP/1.1" 200 9880
192.168.10.96 - - [27/May/2019:10:12:26 -0300] "POST /cormun/servlet/hlogin?d10c08353292aaafbb75242f88b35ece,gx-no-cache=1558962191773 HTTP/1.1" 200 90
192.168.10.96 - - [27/May/2019:10:12:26 -0300] "GET /cormun/servlet/hpexe_link HTTP/1.1" 200 952
192.168.10.96 - - [27/May/2019:10:12:26 -0300] "GET /cormun/servlet/hhome HTTP/1.1" 200 4774
192.168.10.96 - - [27/May/2019:10:12:27 -0300] "GET /cormun/servlet/hhome HTTP/1.1" 200 4770
190.171.142.10 - - [27/May/2019:10:12:27 -0300] "GET /cormun/servlet/trsolicitudadjuntos?2019,15641, HTTP/1.1" 200 9878
192.168.10.96 - - [27/May/2019:10:12:34 -0300] "GET /cormun/servlet/trsolicitudgral? HTTP/1.1" 200 15542
192.168.10.96 - - [27/May/2019:10:12:34 -0300] "GET /cormun/servlet/trsolicitudgral? HTTP/1.1" 200 15540
186.103.159.186 - - [27/May/2019:10:12:36 -0300] "GET /cormun/servlet/solicitudot?INS,0,0, HTTP/1.1" 200 15015
186.103.159.186 - - [27/May/2019:10:12:36 -0300] "GET /cormun/static/gxcfg.js?20189101114418 HTTP/1.1" 200 953
190.171.142.10 - - [27/May/2019:10:12:38 -0300] "GET /cormun/servlet/trsolicitudot? HTTP/1.1" 200 9058
186.103.159.186 - - [27/May/2019:10:12:38 -0300] "GET /cormun/static/solicitudot.js?20189101114718 HTTP/1.1" 200 71883
186.103.159.186 - - [27/May/2019:10:12:38 -0300] "GET /cormun/servlet/solicitudot?INS,0,0, HTTP/1.1" 200 15019
190.171.142.10 - - [27/May/2019:10:12:39 -0300] "GET /cormun/servlet/trsolicitudot? HTTP/1.1" 200 9052
190.171.142.10 - - [27/May/2019:10:12:50 -0300] "POST /cormun/servlet/trsolicitudot?c1b4e17c830016dfd16145d6840cd66e,,gx-no-cache=1558962535794 HTTP/1.1" 200 107
190.171.142.10 - - [27/May/2019:10:12:50 -0300] "GET /cormun/servlet/trsolicitudadjuntos?2019,15531, HTTP/1.1" 200 6141
190.171.142.10 - - [27/May/2019:10:12:51 -0300] "GET /cormun/servlet/trsolicitudadjuntos?2019,15531, HTTP/1.1" 200 6141
200.54.103.162 - - [27/May/2019:10:12:53 -0300] "POST /cormun/servlet/trlicencias?3cba9e73dbe4333ec2af12b039a1d87c,gx-no-cache=1558962277483,gx-no-cache=1558962543853 HTTP/1.1" 200 10448
200.54.103.162 - - [27/May/2019:10:12:53 -0300] "GET /cormun/static/Shared/jqueryui/images/ui-bg_highlight-soft_100_c6c2c8_1x100.png HTTP/1.1" 404 1117
200.54.103.162 - - [27/May/2019:10:12:53 -0300] "GET /cormun/static/Shared/jqueryui/images/ui-icons_82798d_256x240.png HTTP/1.1" 404 1089
200.54.103.162 - - [27/May/2019:10:12:53 -0300] "GET /cormun/static/Shared/jqueryui/images/ui-icons_8d78a5_256x240.png HTTP/1.1" 404 1089
200.54.103.162 - - [27/May/2019:10:12:53 -0300] "GET /cormun/static/Shared/jqueryui/images/ui-bg_flat_55_fafafa_40x100.png HTTP/1.1" 404 1097
200.54.103.162 - - [27/May/2019:10:12:57 -0300] "POST /cormun/servlet/trlicencias?3cba9e73dbe4333ec2af12b039a1d87c,gx-no-cache=1558962277483,gx-no-cache=1558962549364 HTTP/1.1" 200 10308
190.171.142.10 - - [27/May/2019:10:13:02 -0300] "GET /cormun/servlet/trsolicitudot? HTTP/1.1" 200 9058
190.171.142.10 - - [27/May/2019:10:13:04 -0300] "GET /cormun/servlet/trsolicitudot? HTTP/1.1" 200 9052
190.171.142.10 - - [27/May/2019:10:13:13 -0300] "POST /cormun/servlet/trsolicitudot?c1b4e17c830016dfd16145d6840cd66e,,gx-no-cache=1558962562111 HTTP/1.1" 200 106
190.171.142.10 - - [27/May/2019:10:13:14 -0300] "GET /cormun/servlet/solicitudot?UPD,2019,15531, HTTP/1.1" 200 15632
190.171.142.10 - - [27/May/2019:10:13:16 -0300] "GET /cormun/servlet/solicitudot?UPD,2019,15531, HTTP/1.1" 200 15641
190.171.142.10 - - [27/May/2019:10:13:17 -0300] "POST /cormun/servlet/solicitudot?gx-no-cache=1558962565209 HTTP/1.1" 200 3597
190.171.142.10 - - [27/May/2019:10:13:18 -0300] "POST /cormun/servlet/solicitudot?c1b4e17c830016dfd16145d6840cd66e,UPD,2019,15531,,gx-no-cache=1558962566144 HTTP/1.1" 200 11942
190.171.142.10 - - [27/May/2019:10:13:19 -0300] "GET /cormun/servlet/solicitudot?f044752dd5e047dfd297290dcb33698e5c808a49131f332b4a0f0bd621446fee98a0242ec288b3949ab6711bbd6bb619,gx-no-cache=1558962567798 HTTP/1.1" 200 30
190.171.142.10 - - [27/May/2019:10:13:19 -0300] "GET /cormun/servlet/solicitudot?f044752dd5e047dfd297290dcb33698e146d8481652b17fd11380efed5d129d16c6b77fbcc656ff2259ca5afa6f8d200,gx-no-cache=1558962568003 HTTP/1.1" 200 30
190.171.142.10 - - [27/May/2019:10:13:19 -0300] "GET /cormun/servlet/solicitudot?f044752dd5e047dfd297290dcb33698e4042498cc614645d9badaec1ed07c0c224e30e543a6406e51a38a6e53a37212a320a9a12e7bc830d867d8085e9127e3e,gx-no-cache=1558962568161 HTTP/1.1" 200 51
190.171.142.10 - - [27/May/2019:10:13:19 -0300] "POST /cormun/servlet/solicitudot?gx-no-cache=1558962568326 HTTP/1.1" 200 297
190.171.142.10 - - [27/May/2019:10:13:19 -0300] "GET /cormun/servlet/solicitudot?f044752dd5e047dfd297290dcb33698e6499a20554f19e69fdf2026d2a4aef2b6afead79c08d472a3c0cde4ce64cdf16376a22bd36c8db4f1032573a28ca84e2eda5d25168d75f70c7827a5d5b665ccf60cc6f84dc914ae2223e692e30be901334fae423d35fd7800890d83e2f092bf34f9a9d3ff6916c0c7ab498b9a7e8a7753feca7c5e262d139332dae8bd0315841eb8eda4430c525f9215db658341dbc6d452733956ad511b219cc2f94dd71b06145494b7db4c9f99925808cf545fb676b0cba4ba7428a264165e3d1833b5ad5480a98c47d2d0baf9f0b1215adbe9fbfa180fd92cd5aa62213990cad94e5c9b72d7ef40a15888cb8dc0d1ffe5962237ce634f3989be90592eac9990dce5c64839c247672ae8ed9ad4268578f1c40db72d4f044627aa4db3fa8d6e1ef4e2df96dfaf6691029bbed08f975148749acece2a705e63b8e256993ea97ed4fed7ca90ef965becaa470a8befa0fcb9d4d4ad06daeb6410f0580c5981e75e5f0cb1885c18db0a1e2be31405c975354f812c90dd16762e38c9301ef04a5de229c2d8f4387b2,gx-no-cache=1558962568513 HTTP/1.1" 200 30
190.171.142.10 - - [27/May/2019:10:13:20 -0300] "POST /cormun/servlet/solicitudot?gx-no-cache=1558962568705 HTTP/1.1" 200 30
190.171.142.10 - - [27/May/2019:10:13:21 -0300] "POST /cormun/servlet/solicitudot?gx-no-cache=1558962569570 HTTP/1.1" 200 1343
190.171.142.10 - - [27/May/2019:10:13:21 -0300] "POST /cormun/servlet/solicitudot?gx-no-cache=1558962569995 HTTP/1.1" 200 40
190.171.142.10 - - [27/May/2019:10:13:27 -0300] "POST /cormun/servlet/solicitudot?gx-no-cache=1558962575720 HTTP/1.1" 200 30
190.171.142.10 - - [27/May/2019:10:13:30 -0300] "POST /cormun/servlet/solicitudot?gx-no-cache=1558962578917 HTTP/1.1" 200 1343
190.171.142.10 - - [27/May/2019:10:13:30 -0300] "POST /cormun/servlet/solicitudot?gx-no-cache=1558962579226 HTTP/1.1" 200 40
190.171.142.10 - - [27/May/2019:10:13:30 -0300] "GET /cormun/servlet/solicitudot?f044752dd5e047dfd297290dcb33698e3eaed3da2163fa0beeda12a26c775bf09f0200d09ce40b08f808c656d6953d2a19d529485f98d1fb4c72bb1263907271572928021ae174709dfeee7a7ea43eff331748f10a39a0538c0620440f8aa444e15f416c28adee0236474f321483d33c,gx-no-cache=1558962579355 HTTP/1.1" 200 110
190.171.152.114 - - [27/May/2019:10:13:47 -0300] "GET /cormun/servlet/hlogin HTTP/1.1" 200 1721
190.171.142.10 - - [27/May/2019:10:13:47 -0300] "POST /cormun/servlet/solicitudot?gx-no-cache=1558962596244 HTTP/1.1" 200 64
190.171.152.114 - - [27/May/2019:10:13:49 -0300] "GET /cormun/servlet/hlogin HTTP/1.1" 200 1732
190.171.142.10 - - [27/May/2019:10:14:28 -0300] "GET /cormun/servlet/solicitudot?f044752dd5e047dfd297290dcb33698ea8f7218f3709439b53db2f8caaa1d8662d8165e2a78c9ea07ab58c244334efdfe57bf46b81ffc63f94ab178e98cc60c7306568f315f673efc250e6adfc97251b2cd7340efaccc74ddf57a7ff7d4be96333298cf9a7b9d807bb010464d12d1fb6,gx-no-cache=1558962637125 HTTP/1.1" 200 29
190.171.142.10 - - [27/May/2019:10:14:28 -0300] "GET /cormun/servlet/solicitudot?f044752dd5e047dfd297290dcb33698e50d2204ae9ff41df73de3e2ad0767f8088e034e44ce56f76051272a4909cc142,gx-no-cache=1558962637600 HTTP/1.1" 200 30
190.171.142.10 - - [27/May/2019:10:14:58 -0300] "GET /cormun/servlet/solicitudot?f044752dd5e047dfd297290dcb33698e2d704da759eab945f158dd4dd3c9eeba,gx-no-cache=1558962667604 HTTP/1.1" 200 30
190.171.142.10 - - [27/May/2019:10:14:59 -0300] "POST /cormun/servlet/solicitudot?gx-no-cache=1558962667857 HTTP/1.1" 200 30
190.171.142.10 - - [27/May/2019:10:15:32 -0300] "POST /cormun/servlet/solicitudot?gx-no-cache=1558962701123 HTTP/1.1" 200 297
190.171.142.10 - - [27/May/2019:10:15:33 -0300] "GET /cormun/servlet/solicitudot?f044752dd5e047dfd297290dcb33698e6499a20554f19e69fdf2026d2a4aef2b6afead79c08d472a3c0cde4ce64cdf16376a22bd36c8db4f1032573a28ca84e2eda5d25168d75f70c7827a5d5b665ccf60cc6f84dc914ae2223e692e30be901334fae423d35fd7800890d83e2f092bf34f9a9d3ff6916c0c7ab498b9a7e8a7753feca7c5e262d139332dae8bd0315841eb8eda4430c525f9215db658341dbc6d452733956ad511b219cc2f94dd71b06145494b7db4c9f99925808cf545fb676b0cba4ba7428a264165e3d1833b5ad5480a98c47d2d0baf9f0b1215adbe9fbfa180fd92cd5aa62213990cad94e5c9b72d7ef40a15888cb8dc0d1ffe5962237ce634f3989be90592eac9990dce5c64839c247672ae8ed9ad4268578f1c40db72d4f044627aa4db3fa8d6e1ef4e2df96dfaf6691029bbed08f975148749acece2a705e63b8e256993ea97ed4fed7ca90ef965becaa470a8befa0fcb9d4d4ad06daeb6410f0580c5981e75e5f0cb1885c18db0a1e2be31405c975354f812c90dd16762e38c9301ef04a5de229c2d8f4387b2,gx-no-cache=1558962701400 HTTP/1.1" 200 30
186.103.159.186 - - [27/May/2019:10:15:33 -0300] "POST /cormun/servlet/solicitudot?gx-no-cache=1558966057960 HTTP/1.1" 200 3596
186.103.159.186 - - [27/May/2019:10:15:35 -0300] "POST /cormun/servlet/solicitudot?b7cead636e146f801ad815d8c5ec4223,INS,0,0,,gx-no-cache=1558966058838 HTTP/1.1" 200 11843
186.103.159.186 - - [27/May/2019:10:15:42 -0300] "GET /cormun/servlet/solicitudot?dda1522b66d92d3edec90852a03b4f61973b1444c7f602fe0e1a9577b36ff8fc0eea9bd9eb440a79f50b9072a9a9b855,gx-no-cache=1558966066856 HTTP/1.1" 200 30
186.103.159.186 - - [27/May/2019:10:15:42 -0300] "GET /cormun/servlet/solicitudot?dda1522b66d92d3edec90852a03b4f611fdb909ac87fe1c43d188a51e666b3a44dec45ff8e0e6928c87e2276a2998c4876027f86973c1f576bf2632f6b0811fc,gx-no-cache=1558966066983 HTTP/1.1" 200 30
186.103.159.186 - - [27/May/2019:10:15:43 -0300] "GET /cormun/servlet/solicitudot?dda1522b66d92d3edec90852a03b4f6138e726a4f5f5457a0009f78b85831f7d,gx-no-cache=1558966067774 HTTP/1.1" 200 53
186.103.159.186 - - [27/May/2019:10:15:43 -0300] "POST /cormun/servlet/solicitudot?gx-no-cache=1558966067889 HTTP/1.1" 200 255
186.103.159.186 - - [27/May/2019:10:15:43 -0300] "GET /cormun/servlet/solicitudot?dda1522b66d92d3edec90852a03b4f6171c15f941ad9c9b11110623dd39db89ac8902406421c6d8b7bbe67e694024b5bd444958c5dae87b2645ec30ebdcdb0bfe7db569faaa246acdbb1f5ea59bb9f4914ae2c0ff7a7fa2e3516c60d37df855ada6d768c1d71cdf446249993b4953b276f9f1d3ac374db236a3f96c8a30884220e3b82f17a1d69b5be8ac28e70eb082bf0279f416633352aaba2a8e181eb69fb66d85a37814424a92f97dd8a5fdcdedc2b5690be24d3a02432aad25e2e29ef1a30451a3ffb69f271b0ddb5bc840030e5dcd17fc0e6c8b71d2d2813d2eca72ef9a61ace4a7a80919905bbeb021170ace017b5583a2db8573d21c0889ad14192351aa086995bb6d5f1191998b40d2e7519a6f78444dfe07b99316de127524c3403d8eb8eb0b49dc2b847db5a0a80efd35b2b102d9e93c8b19cbef4e043b8ec98fb8c2f4df6ef18f2ae3d191b5bd37b5d350a2664bc45c5ddafdc0d1ee519a12abc31c98bb6d04c2f814ecce0a8bc018fd0f2b159873667a9382118d2c2de213f73,gx-no-cache=1558966068032 HTTP/1.1" 200 30
190.171.142.10 - - [27/May/2019:10:15:51 -0300] "POST /cormun/servlet/solicitudot?gx-no-cache=1558962719981 HTTP/1.1" 200 30
190.171.142.10 - - [27/May/2019:10:15:51 -0300] "POST /cormun/servlet/solicitudot?gx-no-cache=1558962720177 HTTP/1.1" 200 1344
190.171.142.10 - - [27/May/2019:10:15:51 -0300] "POST /cormun/servlet/solicitudot?gx-no-cache=1558962720512 HTTP/1.1" 200 38
190.171.142.10 - - [27/May/2019:10:15:51 -0300] "GET /cormun/servlet/solicitudot?f044752dd5e047dfd297290dcb33698e3eaed3da2163fa0beeda12a26c775bf09f0200d09ce40b08f808c656d6953d2a19d529485f98d1fb4c72bb1263907271572928021ae174709dfeee7a7ea43eff331748f10a39a0538c0620440f8aa444e15f416c28adee0236474f321483d33c,gx-no-cache=1558962720684 HTTP/1.1" 200 110
190.171.142.10 - - [27/May/2019:10:15:52 -0300] "POST /cormun/servlet/solicitudot?gx-no-cache=1558962720839 HTTP/1.1" 200 64
192.168.10.96 - - [27/May/2019:10:16:16 -0300] "GET /cormun/servlet/trsolicitudgral? HTTP/1.1" 200 15540
192.168.10.96 - - [27/May/2019:10:16:17 -0300] "GET /cormun/servlet/trsolicitudgral? HTTP/1.1" 200 15540
190.171.142.10 - - [27/May/2019:10:16:20 -0300] "POST /cormun/servlet/solicitudot?gx-no-cache=1558962748996 HTTP/1.1" 200 297
190.171.142.10 - - [27/May/2019:10:16:20 -0300] "GET /cormun/servlet/solicitudot?f044752dd5e047dfd297290dcb33698e6499a20554f19e69fdf2026d2a4aef2b6afead79c08d472a3c0cde4ce64cdf16376a22bd36c8db4f1032573a28ca84e2eda5d25168d75f70c7827a5d5b665ccf60cc6f84dc914ae2223e692e30be901334fae423d35fd7800890d83e2f092bf34f9a9d3ff6916c0c7ab498b9a7e8a7753feca7c5e262d139332dae8bd0315841eb8eda4430c525f9215db658341dbc6d452733956ad511b219cc2f94dd71b06145494b7db4c9f99925808cf545fb676b0cba4ba7428a264165e3d1833b5ad5480a98c47d2d0baf9f0b1215adbe9fbfa180fd92cd5aa62213990cad94e5c9b72d7ef40a15888cb8dc0d1ffe5962237ce634f3989be90592eac9990dce5c64839c247672ae8ed9ad4268578f1c40db72d4f044627aa4db3fa8d6e1ef4e2df96dfaf6691029bbed08f975148749acece2a705e63b8e256993ea97ed4fed7ca90ef965becaa470a8befa0fcb9d4d4ad06daeb6410f0580c5981e75e5f0cb1885c18db0a1e2be31405c975354f812c90dd16762e38c9301ef04a5de229c2d8f4387b2,gx-no-cache=1558962749310 HTTP/1.1" 200 30
190.171.142.10 - - [27/May/2019:10:16:20 -0300] "POST /cormun/servlet/solicitudot?gx-no-cache=1558962749464 HTTP/1.1" 200 30
190.171.142.10 - - [27/May/2019:10:16:20 -0300] "POST /cormun/servlet/solicitudot?gx-no-cache=1558962749665 HTTP/1.1" 200 1344
190.171.142.10 - - [27/May/2019:10:16:21 -0300] "POST /cormun/servlet/solicitudot?gx-no-cache=1558962749857 HTTP/1.1" 200 38
190.171.142.10 - - [27/May/2019:10:16:21 -0300] "GET /cormun/servlet/solicitudot?f044752dd5e047dfd297290dcb33698e3eaed3da2163fa0beeda12a26c775bf09f0200d09ce40b08f808c656d6953d2a19d529485f98d1fb4c72bb1263907271572928021ae174709dfeee7a7ea43eff331748f10a39a0538c0620440f8aa444e15f416c28adee0236474f321483d33c,gx-no-cache=1558962750026 HTTP/1.1" 200 110
190.171.142.10 - - [27/May/2019:10:16:21 -0300] "POST /cormun/servlet/solicitudot?gx-no-cache=1558962750211 HTTP/1.1" 200 64
186.103.159.186 - - [27/May/2019:10:16:27 -0300] "POST /cormun/servlet/solicitudot?gx-no-cache=1558966111961 HTTP/1.1" 200 30
186.103.159.186 - - [27/May/2019:10:16:35 -0300] "GET /cormun/static/Resources/resize.gif HTTP/1.1" 200 77
186.103.159.186 - - [27/May/2019:10:16:36 -0300] "GET /cormun/servlet/prsolicitudot?16884025,,,,,MD,,gxPopupLevel%3D0%3B HTTP/1.1" 200 6163
200.54.103.162 - - [27/May/2019:10:16:36 -0300] "GET /cormun/servlet/hlogin HTTP/1.1" 200 1759
186.103.159.186 - - [27/May/2019:10:16:36 -0300] "GET /cormun/static/Resources/PXToolsMenuSearch.png HTTP/1.1" 200 2914
186.103.159.186 - - [27/May/2019:10:16:36 -0300] "GET /cormun/static/gxcfg.js?2017111422591492 HTTP/1.1" 200 953
186.103.159.186 - - [27/May/2019:10:16:36 -0300] "GET /cormun/static/Resources/PXToolsMenuSearchCancel.png HTTP/1.1" 200 2972
186.103.159.186 - - [27/May/2019:10:16:36 -0300] "GET /cormun/static/prsolicitudot.js?2017111422591715 HTTP/1.1" 200 13680
186.103.159.186 - - [27/May/2019:10:16:36 -0300] "GET /cormun/static/hmpwkw011.js?20177612121862 HTTP/1.1" 200 1968
186.103.159.186 - - [27/May/2019:10:16:36 -0300] "GET /cormun/static/menusearch.js?201610171694467 HTTP/1.1" 200 1424
190.171.142.10 - - [27/May/2019:10:16:37 -0300] "POST /cormun/servlet/solicitudot?gx-no-cache=1558962765797 HTTP/1.1" 200 72
186.103.159.186 - - [27/May/2019:10:16:40 -0300] "POST /cormun/servlet/solicitudot?gx-no-cache=1558966124962 HTTP/1.1" 200 1345
186.103.159.186 - - [27/May/2019:10:16:40 -0300] "POST /cormun/servlet/solicitudot?gx-no-cache=1558966125218 HTTP/1.1" 200 38
186.103.159.186 - - [27/May/2019:10:16:41 -0300] "GET /cormun/servlet/solicitudot?dda1522b66d92d3edec90852a03b4f615872bf6aad94a4cbf360191fa7e1edd986b3e80ce5aa79e709db620cc225a3778dd256e9ebedc94dbc57816967b6a96d69ce11bf7cf1d407ad5049f385edf48aaf94eb78b31ba371972e5724fcb3dea5f6ae8038794fa0d6f2b3bd6eb35cc7b6,gx-no-cache=1558966125341 HTTP/1.1" 200 110
186.103.159.186 - - [27/May/2019:10:16:41 -0300] "POST /cormun/servlet/solicitudot?gx-no-cache=1558966126108 HTTP/1.1" 200 97
186.103.159.186 - - [27/May/2019:10:16:41 -0300] "GET /cormun/servlet/solicitudot?dda1522b66d92d3edec90852a03b4f6189f6d6f0498127927f1d1d42362e895f83a62c0f8b588e277f484e2f4a01f37a040bd80f512978d3804f9154f033ead60fa47332316dc4034917f6ed543af46ab48d803cab2531ed9ef68510b51996e35e9841ff9ac6d4e0854141d9c8d6456d8c3f5744dea07523dfcb8a024fb6822dbc7e424595ad130eb30c2f6ab308c8f7c85b9c5a09112897bc44c3bac0251df7534a2bc8be1c9b9c659d14e45ce8ef16c9af983c5785121302bba84a862b94969d6c78fd489be961ecd480f4e1292ad2,gx-no-cache=1558966126392 HTTP/1.1" 200 29
186.103.159.186 - - [27/May/2019:10:16:41 -0300] "GET /cormun/servlet/solicitudot?dda1522b66d92d3edec90852a03b4f6128fee8813cd6c3f6a6eddbbd6f3ecadcda1af6bc8d75213de54c2481a77df0e7,gx-no-cache=1558966126514 HTTP/1.1" 200 134
186.103.159.186 - - [27/May/2019:10:16:41 -0300] "GET /cormun/static/Shared/jqueryui/images/ui-bg_highlight-soft_100_c6c2c8_1x100.png HTTP/1.1" 404 1117
186.103.159.186 - - [27/May/2019:10:16:42 -0300] "GET /cormun/static/Shared/jqueryui/images/ui-icons_ebccce_256x240.png HTTP/1.1" 404 1089
186.103.159.186 - - [27/May/2019:10:16:42 -0300] "GET /cormun/static/Shared/jqueryui/images/ui-bg_flat_55_994d53_40x100.png HTTP/1.1" 404 1097
186.103.159.186 - - [27/May/2019:10:16:42 -0300] "GET /cormun/static/Shared/jqueryui/images/ui-icons_82798d_256x240.png HTTP/1.1" 404 1089
190.171.142.10 - - [27/May/2019:10:16:47 -0300] "GET /cormun/static/menuarrow.gif HTTP/1.1" 404 1015
186.103.159.186 - - [27/May/2019:10:16:53 -0300] "POST /cormun/servlet/solicitudot?gx-no-cache=1558966137731 HTTP/1.1" 200 72
190.171.142.10 - - [27/May/2019:10:16:59 -0300] "GET /cormun/servlet/solicitudot?f044752dd5e047dfd297290dcb33698e4cf942580e8634a7e74b1ea06e0bcc7bd720d090e8654bbf9c4ca60f3f7ac72e,gx-no-cache=1558962788612 HTTP/1.1" 200 30
190.171.142.10 - - [27/May/2019:10:17:23 -0300] "POST /cormun/servlet/solicitudot?gx-no-cache=1558962812362 HTTP/1.1" 200 30
190.171.142.10 - - [27/May/2019:10:17:24 -0300] "POST /cormun/servlet/solicitudot?c1b4e17c830016dfd16145d6840cd66e,UPD,2019,15531,,gx-no-cache=1558962812604 HTTP/1.1" 200 93
190.171.142.10 - - [27/May/2019:10:17:24 -0300] "GET /cormun/servlet/hpexe_return? HTTP/1.1" 200 1009
190.171.142.10 - - [27/May/2019:10:17:25 -0300] "GET /cormun/servlet/trsolicitudot HTTP/1.1" 200 9079
190.171.142.10 - - [27/May/2019:10:17:26 -0300] "GET /cormun/servlet/trsolicitudot HTTP/1.1" 200 9075
190.171.142.10 - - [27/May/2019:10:17:34 -0300] "GET /cormun/servlet/trsolicitudot? HTTP/1.1" 200 9075
190.171.142.10 - - [27/May/2019:10:17:36 -0300] "GET /cormun/servlet/trsolicitudot? HTTP/1.1" 200 9075
190.171.141.138 - - [27/May/2019:10:17:38 -0300] "POST /cormun/servlet/trlicencias?d33e569975af2dabdccc806faa11e1f8,gx-no-cache=1558962825950 HTTP/1.1" 200 10085
190.171.141.138 - - [27/May/2019:10:17:38 -0300] "GET /cormun/static/Shared/jqueryui/images/ui-bg_highlight-soft_100_c6c2c8_1x100.png HTTP/1.1" 404 1117
190.171.141.138 - - [27/May/2019:10:17:39 -0300] "GET /cormun/static/Shared/jqueryui/images/ui-icons_82798d_256x240.png HTTP/1.1" 404 1089
190.171.141.138 - - [27/May/2019:10:17:39 -0300] "GET /cormun/static/Shared/jqueryui/images/ui-icons_8d78a5_256x240.png HTTP/1.1" 404 1089
190.171.141.138 - - [27/May/2019:10:17:39 -0300] "GET /cormun/static/Shared/jqueryui/images/ui-bg_flat_55_fafafa_40x100.png HTTP/1.1" 404 1097
190.171.142.10 - - [27/May/2019:10:17:48 -0300] "POST /cormun/servlet/trsolicitudot?c1b4e17c830016dfd16145d6840cd66e,,gx-no-cache=1558962836856 HTTP/1.1" 200 5717
190.171.142.10 - - [27/May/2019:10:17:48 -0300] "GET /cormun/static/Shared/jqueryui/images/ui-bg_highlight-soft_100_c6c2c8_1x100.png HTTP/1.1" 404 1117
190.171.142.10 - - [27/May/2019:10:17:48 -0300] "GET /cormun/static/Shared/jqueryui/images/ui-icons_82798d_256x240.png HTTP/1.1" 404 1089
190.171.142.10 - - [27/May/2019:10:17:48 -0300] "GET /cormun/static/Shared/jqueryui/images/ui-bg_flat_55_fafafa_40x100.png HTTP/1.1" 404 1097
190.171.142.10 - - [27/May/2019:10:17:48 -0300] "GET /cormun/static/Shared/jqueryui/images/ui-icons_8d78a5_256x240.png HTTP/1.1" 404 1089
190.171.142.10 - - [27/May/2019:10:17:49 -0300] "POST /cormun/servlet/trsolicitudot?c1b4e17c830016dfd16145d6840cd66e,,gx-no-cache=1558962837528 HTTP/1.1" 200 5659
190.171.142.10 - - [27/May/2019:10:17:51 -0300] "POST /cormun/servlet/trsolicitudot?c1b4e17c830016dfd16145d6840cd66e,,gx-no-cache=1558962840095 HTTP/1.1" 200 4536
190.171.142.10 - - [27/May/2019:10:17:52 -0300] "POST /cormun/servlet/trsolicitudot?c1b4e17c830016dfd16145d6840cd66e,,gx-no-cache=1558962840548 HTTP/1.1" 200 4306
190.171.142.10 - - [27/May/2019:10:18:00 -0300] "GET /cormun/servlet/hlogin HTTP/1.1" 200 1718
190.171.142.10 - - [27/May/2019:10:18:13 -0300] "POST /cormun/servlet/hlogin?c1b4e17c830016dfd16145d6840cd66e,gx-no-cache=1558962862090 HTTP/1.1" 200 90
190.171.142.10 - - [27/May/2019:10:18:13 -0300] "GET /cormun/servlet/hpexe_link HTTP/1.1" 200 947
190.171.142.10 - - [27/May/2019:10:18:13 -0300] "GET /cormun/servlet/hhome HTTP/1.1" 200 4301
190.171.142.10 - - [27/May/2019:10:18:15 -0300] "GET /cormun/servlet/hhome HTTP/1.1" 200 4298
190.171.142.10 - - [27/May/2019:10:18:15 -0300] "GET /cormun/static/SmoothNavMenu/resources/images/right.gif HTTP/1.1" 200 860
190.171.142.10 - - [27/May/2019:10:18:25 -0300] "GET /cormun/servlet/trautorizarsolicitud? HTTP/1.1" 200 9232
190.171.142.10 - - [27/May/2019:10:18:25 -0300] "GET /cormun/static/gxcfg.js?2017111423403364 HTTP/1.1" 200 953
190.171.142.10 - - [27/May/2019:10:18:25 -0300] "GET /cormun/static/trautorizarsolicitud.js?201711142340425 HTTP/1.1" 200 53910
190.171.142.10 - - [27/May/2019:10:18:26 -0300] "GET /cormun/servlet/trautorizarsolicitud? HTTP/1.1" 200 9230
190.171.142.10 - - [27/May/2019:10:18:32 -0300] "POST /cormun/servlet/trautorizarsolicitud?c1b4e17c830016dfd16145d6840cd66e,,gx-no-cache=1558962881305 HTTP/1.1" 200 6278
190.171.142.10 - - [27/May/2019:10:18:56 -0300] "POST /cormun/servlet/trautorizarsolicitud?c1b4e17c830016dfd16145d6840cd66e,,gx-no-cache=1558962905105 HTTP/1.1" 200 5848
190.171.142.10 - - [27/May/2019:10:18:57 -0300] "GET /cormun/static/Shared/jqueryui/images/ui-bg_highlight-soft_100_c6c2c8_1x100.png HTTP/1.1" 404 1117
190.171.142.10 - - [27/May/2019:10:18:57 -0300] "GET /cormun/static/Shared/jqueryui/images/ui-icons_82798d_256x240.png HTTP/1.1" 404 1089
190.171.142.10 - - [27/May/2019:10:18:57 -0300] "GET /cormun/static/Shared/jqueryui/images/ui-bg_flat_55_fafafa_40x100.png HTTP/1.1" 404 1097
190.171.142.10 - - [27/May/2019:10:18:57 -0300] "GET /cormun/static/Shared/jqueryui/images/ui-icons_8d78a5_256x240.png HTTP/1.1" 404 1089
190.171.142.10 - - [27/May/2019:10:18:58 -0300] "POST /cormun/servlet/trautorizarsolicitud?c1b4e17c830016dfd16145d6840cd66e,,gx-no-cache=1558962905988 HTTP/1.1" 200 5792
190.171.142.10 - - [27/May/2019:10:19:01 -0300] "POST /cormun/servlet/trautorizarsolicitud?c1b4e17c830016dfd16145d6840cd66e,,gx-no-cache=1558962908420 HTTP/1.1" 200 4678
190.171.142.10 - - [27/May/2019:10:19:02 -0300] "POST /cormun/servlet/trautorizarsolicitud?c1b4e17c830016dfd16145d6840cd66e,,gx-no-cache=1558962910665 HTTP/1.1" 200 4450
186.103.159.186 - - [27/May/2019:10:19:04 -0300] "GET /cormun/servlet/solicitudot?dda1522b66d92d3edec90852a03b4f6189f6d6f0498127927f1d1d42362e895f83a62c0f8b588e277f484e2f4a01f37a9b094a1b5a32d5838c26aaaeecfdf5640fa47332316dc4034917f6ed543af46ab48d803cab2531ed9ef68510b51996e35e9841ff9ac6d4e0854141d9c8d6456d8c3f5744dea07523dfcb8a024fb6822dbc7e424595ad130eb30c2f6ab308c8f7c85b9c5a09112897bc44c3bac0251df7534a2bc8be1c9b9c659d14e45ce8ef16c9af983c5785121302bba84a862b94969d6c78fd489be961ecd480f4e1292ad2,gx-no-cache=1558966268449 HTTP/1.1" 200 29
186.103.159.186 - - [27/May/2019:10:19:07 -0300] "GET /cormun/static/menuarrow.gif HTTP/1.1" 404 1015
186.103.159.186 - - [27/May/2019:10:19:17 -0300] "GET /cormun/servlet/solicitudot?dda1522b66d92d3edec90852a03b4f61b978dfe1603da69b995108a7153882b10b8eab837b41d15d137695ad0b10aa38,gx-no-cache=1558966281435 HTTP/1.1" 200 30
186.103.159.186 - - [27/May/2019:10:19:17 -0300] "POST /cormun/servlet/solicitudot?gx-no-cache=1558966281855 HTTP/1.1" 200 33
192.168.10.96 - - [27/May/2019:10:19:34 -0300] "POST /cormun/servlet/trsolicitudgral?d10c08353292aaafbb75242f88b35ece,,gx-no-cache=1558962619664 HTTP/1.1" 200 5956
192.168.10.96 - - [27/May/2019:10:19:35 -0300] "POST /cormun/servlet/trsolicitudgral?d10c08353292aaafbb75242f88b35ece,,gx-no-cache=1558962620690 HTTP/1.1" 200 5955
192.168.10.96 - - [27/May/2019:10:19:39 -0300] "POST /cormun/servlet/trsolicitudgral?d10c08353292aaafbb75242f88b35ece,,gx-no-cache=1558962624244 HTTP/1.1" 200 5956
192.168.10.96 - - [27/May/2019:10:19:41 -0300] "POST /cormun/servlet/trsolicitudgral?d10c08353292aaafbb75242f88b35ece,,gx-no-cache=1558962626923 HTTP/1.1" 200 7783
192.168.10.96 - - [27/May/2019:10:19:47 -0300] "GET /cormun/servlet/vesolicitudgral?2019,15557,, HTTP/1.1" 200 9363
192.168.10.96 - - [27/May/2019:10:19:47 -0300] "GET /cormun/pexe_scrolldiv.js HTTP/1.1" 404 1009
192.168.10.96 - - [27/May/2019:10:19:47 -0300] "GET /cormun/pexe_scrolldiv.js HTTP/1.1" 404 1009
192.168.10.96 - - [27/May/2019:10:19:48 -0300] "GET /cormun/servlet/vesolicitudgral?2019,15557,, HTTP/1.1" 200 9362
190.171.149.74 - - [27/May/2019:10:20:11 -0300] "POST /cormun/servlet/trlicencias?221700e27ad813f93032d14774b2f185,,gx-no-cache=1558959376881 HTTP/1.1" 200 8077
190.171.149.74 - - [27/May/2019:10:20:18 -0300] "GET /cormun/servlet/trsolicitudot? HTTP/1.1" 200 7275
190.171.149.74 - - [27/May/2019:10:20:21 -0300] "GET /cormun/servlet/trsolicitudot? HTTP/1.1" 200 7275
186.103.159.186 - - [27/May/2019:10:20:38 -0300] "POST /cormun/servlet/solicitudot?b7cead636e146f801ad815d8c5ec4223,INS,0,0,,gx-no-cache=1558966361165 HTTP/1.1" 200 93
186.103.159.186 - - [27/May/2019:10:20:38 -0300] "GET /cormun/servlet/hpexe_return? HTTP/1.1" 200 1004
186.103.159.186 - - [27/May/2019:10:20:38 -0300] "GET /cormun/servlet/trsolicitudot HTTP/1.1" 200 8656
186.103.159.186 - - [27/May/2019:10:20:39 -0300] "GET /cormun//static/Resources/PXToolsRemoveAllAction.png HTTP/1.1" 200 3558
186.103.159.186 - - [27/May/2019:10:20:39 -0300] "GET /cormun//static/Resources/PXToolsActionView.png HTTP/1.1" 200 2995
186.103.159.186 - - [27/May/2019:10:20:39 -0300] "GET /cormun/servlet/trsolicitudot HTTP/1.1" 200 8652
186.103.159.186 - - [27/May/2019:10:20:44 -0300] "POST /cormun/servlet/trsolicitudot?b7cead636e146f801ad815d8c5ec4223,gx-no-cache=1558966368174 HTTP/1.1" 200 5749
190.171.149.74 - - [27/May/2019:10:20:48 -0300] "GET /cormun/servlet/solicitudot?INS,0,0, HTTP/1.1" 200 15054
190.171.149.74 - - [27/May/2019:10:20:53 -0300] "GET /cormun/servlet/solicitudot?INS,0,0, HTTP/1.1" 200 15059
186.103.159.186 - - [27/May/2019:10:21:19 -0300] "POST /cormun/servlet/trsolicitudot?b7cead636e146f801ad815d8c5ec4223,gx-no-cache=1558966403708 HTTP/1.1" 200 4554
186.103.159.186 - - [27/May/2019:10:21:20 -0300] "GET /cormun/static/Shared/jqueryui/images/ui-bg_highlight-soft_100_c6c2c8_1x100.png HTTP/1.1" 404 1117
186.103.159.186 - - [27/May/2019:10:21:20 -0300] "GET /cormun/static/Shared/jqueryui/images/ui-bg_flat_55_fafafa_40x100.png HTTP/1.1" 404 1097
186.103.159.186 - - [27/May/2019:10:21:20 -0300] "GET /cormun/static/Shared/jqueryui/images/ui-icons_82798d_256x240.png HTTP/1.1" 404 1089
186.103.159.186 - - [27/May/2019:10:21:20 -0300] "GET /cormun/static/Shared/jqueryui/images/ui-icons_8d78a5_256x240.png HTTP/1.1" 404 1089
186.103.159.186 - - [27/May/2019:10:21:20 -0300] "POST /cormun/servlet/trsolicitudot?b7cead636e146f801ad815d8c5ec4223,gx-no-cache=1558966404876 HTTP/1.1" 200 4309
186.103.159.186 - - [27/May/2019:10:21:28 -0300] "GET /cormun/servlet/hlogin HTTP/1.1" 200 1719
186.103.159.186 - - [27/May/2019:10:21:36 -0300] "POST /cormun/servlet/hlogin?b7cead636e146f801ad815d8c5ec4223,gx-no-cache=1558966421160 HTTP/1.1" 200 90
186.103.159.186 - - [27/May/2019:10:21:36 -0300] "GET /cormun/servlet/hpexe_link HTTP/1.1" 200 947
186.103.159.186 - - [27/May/2019:10:21:36 -0300] "GET /cormun/servlet/hhome HTTP/1.1" 200 4201
186.103.159.186 - - [27/May/2019:10:21:37 -0300] "GET /cormun/servlet/hhome HTTP/1.1" 200 4198
186.103.159.186 - - [27/May/2019:10:21:40 -0300] "GET /cormun/servlet/trautorizarsolicitud? HTTP/1.1" 200 8713
186.103.159.186 - - [27/May/2019:10:21:41 -0300] "GET /cormun/static/gxcfg.js?2017111423403364 HTTP/1.1" 200 953
186.103.159.186 - - [27/May/2019:10:21:41 -0300] "GET /cormun/static/trautorizarsolicitud.js?201711142340425 HTTP/1.1" 200 53910
186.103.159.186 - - [27/May/2019:10:21:41 -0300] "GET /cormun/servlet/trautorizarsolicitud? HTTP/1.1" 200 8712
186.103.159.186 - - [27/May/2019:10:21:45 -0300] "POST /cormun/servlet/trautorizarsolicitud?b7cead636e146f801ad815d8c5ec4223,,gx-no-cache=1558966430262 HTTP/1.1" 200 4694
186.103.159.186 - - [27/May/2019:10:21:46 -0300] "GET /cormun/static/Shared/jqueryui/images/ui-icons_82798d_256x240.png HTTP/1.1" 404 1089
186.103.159.186 - - [27/May/2019:10:21:46 -0300] "GET /cormun/static/Shared/jqueryui/images/ui-bg_highlight-soft_100_c6c2c8_1x100.png HTTP/1.1" 404 1117
186.103.159.186 - - [27/May/2019:10:21:46 -0300] "GET /cormun/static/Shared/jqueryui/images/ui-bg_flat_55_fafafa_40x100.png HTTP/1.1" 404 1097
186.103.159.186 - - [27/May/2019:10:21:46 -0300] "GET /cormun/static/Shared/jqueryui/images/ui-icons_8d78a5_256x240.png HTTP/1.1" 404 1089
186.103.159.186 - - [27/May/2019:10:21:48 -0300] "POST /cormun/servlet/trautorizarsolicitud?b7cead636e146f801ad815d8c5ec4223,,gx-no-cache=1558966430819 HTTP/1.1" 200 4448
190.171.141.122 - - [27/May/2019:10:22:00 -0300] "GET /cormun/servlet/hlogin HTTP/1.1" 200 1725
190.171.141.122 - - [27/May/2019:10:22:06 -0300] "POST /cormun/servlet/hlogin?e563797b8f9705776eddd454da7ef0b9,gx-no-cache=1558963095213 HTTP/1.1" 200 90
190.171.141.122 - - [27/May/2019:10:22:06 -0300] "GET /cormun/servlet/hpexe_link HTTP/1.1" 200 960
190.171.141.122 - - [27/May/2019:10:22:06 -0300] "GET /cormun/servlet/trrenuncias HTTP/1.1" 200 8190
190.171.141.122 - - [27/May/2019:10:22:07 -0300] "GET /cormun/servlet/trrenuncias HTTP/1.1" 200 8188
190.171.141.122 - - [27/May/2019:10:22:17 -0300] "GET /cormun/servlet/trpermisosgoce? HTTP/1.1" 200 8620
190.171.141.122 - - [27/May/2019:10:22:17 -0300] "GET /cormun/servlet/trpermisosgoce? HTTP/1.1" 200 8620
190.171.141.122 - - [27/May/2019:10:22:21 -0300] "GET /cormun/servlet/trpermisosadjuntos?17134154,20190527082540,P, HTTP/1.1" 200 6655
190.171.141.122 - - [27/May/2019:10:22:21 -0300] "GET /cormun/static/gxcfg.js?201762817193957 HTTP/1.1" 200 953
190.171.141.122 - - [27/May/2019:10:22:21 -0300] "GET /cormun/static/trpermisosadjuntos.js?201762817194366 HTTP/1.1" 200 20158
190.171.141.122 - - [27/May/2019:10:22:21 -0300] "GET /cormun/servlet/trpermisosadjuntos?17134154,20190527082540,P, HTTP/1.1" 200 6654
190.171.141.122 - - [27/May/2019:10:22:23 -0300] "GET /cormun/servlet/permisosadjuntos?INS,17134154,P,20190527082540,, HTTP/1.1" 200 5989
190.171.141.122 - - [27/May/2019:10:22:23 -0300] "GET /cormun/static/gxcfg.js?201762717441171 HTTP/1.1" 200 953
190.171.141.122 - - [27/May/2019:10:22:23 -0300] "GET /cormun/static/permisosadjuntos.js?201762717441184 HTTP/1.1" 200 8724
190.171.141.122 - - [27/May/2019:10:22:23 -0300] "GET /cormun/static/about:blank HTTP/1.1" 404 1011
190.171.141.122 - - [27/May/2019:10:22:24 -0300] "GET /cormun/servlet/permisosadjuntos?INS,17134154,P,20190527082540,, HTTP/1.1" 200 5979
190.171.141.122 - - [27/May/2019:10:22:44 -0300] "POST /cormun/servlet/permisosadjuntos?e563797b8f9705776eddd454da7ef0b9,INS,17134154,P,20190527082540,, HTTP/1.1" 200 116
190.171.141.122 - - [27/May/2019:10:22:44 -0300] "GET /cormun/servlet/hpexe_return? HTTP/1.1" 200 1043
190.171.141.122 - - [27/May/2019:10:22:44 -0300] "GET /cormun/servlet/trpermisosadjuntos?17134154,20190527082540,P, HTTP/1.1" 200 7175
190.171.141.122 - - [27/May/2019:10:22:45 -0300] "GET /cormun/servlet/trpermisosadjuntos?17134154,20190527082540,P, HTTP/1.1" 200 7173
190.171.141.122 - - [27/May/2019:10:22:50 -0300] "POST /cormun/servlet/trpermisosadjuntos?e563797b8f9705776eddd454da7ef0b9,17134154,20190527082540,P,,gx-no-cache=1558963137982 HTTP/1.1" 200 90
190.171.141.122 - - [27/May/2019:10:22:50 -0300] "GET /cormun/servlet/hpexe_link HTTP/1.1" 200 987
190.171.141.122 - - [27/May/2019:10:22:50 -0300] "GET /cormun/servlet/trpermisosgoce HTTP/1.1" 200 8621
190.171.141.122 - - [27/May/2019:10:22:51 -0300] "GET /cormun/servlet/trpermisosgoce HTTP/1.1" 200 8620
190.171.141.122 - - [27/May/2019:10:22:59 -0300] "POST /cormun/servlet/trpermisosgoce?e563797b8f9705776eddd454da7ef0b9,gx-no-cache=1558963147121 HTTP/1.1" 200 5704
190.171.141.122 - - [27/May/2019:10:22:59 -0300] "GET /cormun/static/Shared/jqueryui/images/ui-bg_highlight-soft_100_c6c2c8_1x100.png HTTP/1.1" 404 1117
190.171.141.122 - - [27/May/2019:10:22:59 -0300] "GET /cormun/static/Shared/jqueryui/images/ui-bg_flat_55_fafafa_40x100.png HTTP/1.1" 404 1097
190.171.141.122 - - [27/May/2019:10:22:59 -0300] "GET /cormun/static/Shared/jqueryui/images/ui-icons_82798d_256x240.png HTTP/1.1" 404 1089
190.171.141.122 - - [27/May/2019:10:22:59 -0300] "GET /cormun/static/Shared/jqueryui/images/ui-icons_8d78a5_256x240.png HTTP/1.1" 404 1089
190.171.141.122 - - [27/May/2019:10:23:04 -0300] "GET /cormun/servlet/trautorizarpermisogoce? HTTP/1.1" 200 8025
190.171.141.122 - - [27/May/2019:10:23:04 -0300] "GET /cormun/static/gxcfg.js?20177612165975 HTTP/1.1" 200 953
190.171.141.122 - - [27/May/2019:10:23:04 -0300] "GET /cormun/static/trautorizarpermisogoce.js?2017761217384 HTTP/1.1" 200 34948
190.171.141.122 - - [27/May/2019:10:23:05 -0300] "GET /cormun/servlet/trautorizarpermisogoce? HTTP/1.1" 200 8024
190.171.141.122 - - [27/May/2019:10:23:11 -0300] "POST /cormun/servlet/trautorizarpermisogoce?e563797b8f9705776eddd454da7ef0b9,,gx-no-cache=1558963159311 HTTP/1.1" 200 4440
190.171.141.122 - - [27/May/2019:10:23:11 -0300] "GET /cormun/static/Shared/jqueryui/images/ui-icons_82798d_256x240.png HTTP/1.1" 404 1089
190.171.141.122 - - [27/May/2019:10:23:11 -0300] "GET /cormun/static/Shared/jqueryui/images/ui-bg_highlight-soft_100_c6c2c8_1x100.png HTTP/1.1" 404 1117
190.171.141.122 - - [27/May/2019:10:23:12 -0300] "GET /cormun/static/Shared/jqueryui/images/ui-bg_flat_55_fafafa_40x100.png HTTP/1.1" 404 1097
190.171.141.122 - - [27/May/2019:10:23:12 -0300] "GET /cormun/static/Shared/jqueryui/images/ui-icons_8d78a5_256x240.png HTTP/1.1" 404 1089
190.171.149.74 - - [27/May/2019:10:23:12 -0300] "POST /cormun/servlet/solicitudot?gx-no-cache=1558959558022 HTTP/1.1" 200 3579
190.171.149.74 - - [27/May/2019:10:23:13 -0300] "POST /cormun/servlet/solicitudot?221700e27ad813f93032d14774b2f185,INS,0,0,,gx-no-cache=1558959559108 HTTP/1.1" 200 11842
190.171.141.122 - - [27/May/2019:10:23:21 -0300] "GET /cormun/servlet/trpermisosgoce? HTTP/1.1" 200 8586
190.171.141.122 - - [27/May/2019:10:23:22 -0300] "GET /cormun/servlet/trpermisosgoce? HTTP/1.1" 200 8586
190.171.141.138 - - [27/May/2019:10:23:27 -0300] "GET /cormun/servlet/hlogin HTTP/1.1" 200 1725
190.171.141.122 - - [27/May/2019:10:23:31 -0300] "POST /cormun/servlet/trpermisosgoce?e563797b8f9705776eddd454da7ef0b9,,gx-no-cache=1558963178605 HTTP/1.1" 200 10152
190.171.149.74 - - [27/May/2019:10:23:55 -0300] "GET /cormun/servlet/solicitudot?02f1f31d9910d7521f4abd1836796213e31e08d4263cd21191de28505eaa3532b6d012ceba0b0e6bf71a6294663495c4,gx-no-cache=1558959601535 HTTP/1.1" 200 30
200.112.233.47 - - [27/May/2019:10:27:04 -0300] "GET /cormun/servlet/hlogin HTTP/1.1" 200 1724
200.112.233.47 - - [27/May/2019:10:27:04 -0300] "GET /cormun/static/gxtimezone.js?85251 HTTP/1.1" 200 5781
200.112.233.47 - - [27/May/2019:10:27:04 -0300] "GET /cormun/static/gxcfg.js?20177612122725 HTTP/1.1" 200 953
200.112.233.47 - - [27/May/2019:10:27:04 -0300] "GET /cormun/static/messages.spa.js?85251 HTTP/1.1" 200 30736
200.112.233.47 - - [27/May/2019:10:27:04 -0300] "GET /cormun/static/Resources/ComunLogin.png HTTP/1.1" 200 17326
200.112.233.47 - - [27/May/2019:10:27:04 -0300] "GET /cormun/static/Resources/Spanish/PXTools.css?1155365 HTTP/1.1" 200 89042
200.112.233.47 - - [27/May/2019:10:27:06 -0300] "GET /cormun/static/hlogin.js?20177612122738 HTTP/1.1" 200 2136
200.112.233.47 - - [27/May/2019:10:27:18 -0300] "GET /cormun/static/gxgral.js?85251 HTTP/1.1" 200 384558
200.112.233.47 - - [27/May/2019:10:27:19 -0300] "GET /cormun/static/Resources/PXToolsLoginTop.png HTTP/1.1" 200 1337
200.112.233.47 - - [27/May/2019:10:27:19 -0300] "GET /cormun/static/Resources/PXToolsButtonLeft21.png HTTP/1.1" 200 1287
200.112.233.47 - - [27/May/2019:10:27:19 -0300] "GET /cormun/static/Resources/PXToolsButtonRight21.png HTTP/1.1" 200 1283
200.112.233.47 - - [27/May/2019:10:27:19 -0300] "GET /cormun/static/Resources/PXToolsButtonBackground2.png HTTP/1.1" 200 1181
200.112.233.47 - - [27/May/2019:10:27:19 -0300] "GET /cormun/static/Resources/PXToolsLoginBackground.png HTTP/1.1" 200 1164
200.112.233.47 - - [27/May/2019:10:27:19 -0300] "GET /cormun/servlet/hlogin HTTP/1.1" 200 1732
200.112.233.47 - - [27/May/2019:10:27:20 -0300] "GET /cormun/static/Resources/PXToolsLoginBottom.png HTTP/1.1" 200 1389
200.112.233.47 - - [27/May/2019:10:27:20 -0300] "GET /cormun/static/Resources/indicator.gif HTTP/1.1" 200 1553
200.112.233.47 - - [27/May/2019:10:27:20 -0300] "GET /cormun/static/Resources/PXToolsLoginBackground.png HTTP/1.1" 200 1164
200.112.233.47 - - [27/May/2019:10:27:20 -0300] "GET /cormun/static/Resources/PXToolsButtonLeft21.png HTTP/1.1" 206 1
200.112.233.47 - - [27/May/2019:10:27:21 -0300] "GET /cormun/static/Resources/PXToolsButtonLeft21.png HTTP/1.1" 206 55
200.112.233.47 - - [27/May/2019:10:27:53 -0300] "POST /cormun/servlet/hlogin?8f54d09c0ab82369cd8613137f5711cc,gx-no-cache=1558963442200 HTTP/1.1" 200 445
200.112.233.47 - - [27/May/2019:10:27:58 -0300] "POST /cormun/servlet/hlogin?8f54d09c0ab82369cd8613137f5711cc,gx-no-cache=1558963446943 HTTP/1.1" 200 90
200.112.233.47 - - [27/May/2019:10:27:58 -0300] "GET /cormun/servlet/hpexe_link HTTP/1.1" 200 948
200.112.233.47 - - [27/May/2019:10:27:59 -0300] "GET /cormun/static/gxcfg.js?20177612121792 HTTP/1.1" 200 953
200.112.233.47 - - [27/May/2019:10:27:59 -0300] "GET /cormun/static/hpexe_link.js?20177612121795 HTTP/1.1" 200 625
