186.103.157.246 - - [22/May/2019:14:52:34 -0300] "POST /cormun/servlet/solicitudot?gx-no-cache=1558547323854 HTTP/1.1" 200 3601
186.103.157.246 - - [22/May/2019:14:52:34 -0300] "POST /cormun/servlet/solicitudot?8f185bb8b4c031777094bb38846d8470,UPD,2019,15620,,gx-no-cache=1558547324119 HTTP/1.1" 200 11897
186.103.157.246 - - [22/May/2019:14:52:34 -0300] "GET /cormun/servlet/solicitudot?b5d37ea03759939aa588627387b45aebb64b03a0ecd5d41b903e165886b9ed0f10c6682b0df3ac6f59e413c76abde0b6,gx-no-cache=1558547324556 HTTP/1.1" 200 30
186.103.157.246 - - [22/May/2019:14:52:34 -0300] "GET /cormun/servlet/solicitudot?b5d37ea03759939aa588627387b45aeb00de316647e64ed13efa423b70625cfdf68028a25d9dbd955e79fb59cdb2b9a8a01821ae1d1fe85a96f681b21e44a205,gx-no-cache=1558547324650 HTTP/1.1" 200 30
186.103.157.246 - - [22/May/2019:14:52:34 -0300] "GET /cormun/servlet/solicitudot?b5d37ea03759939aa588627387b45aebc746f85dec0a0da9d4cfe86df20d44a608cf749e50f935c0b0dc9b03702c8ee6667a124375f7d64d4c3b522fda0db186,gx-no-cache=1558547324712 HTTP/1.1" 200 53
186.103.157.246 - - [22/May/2019:14:52:34 -0300] "POST /cormun/servlet/solicitudot?gx-no-cache=1558547324774 HTTP/1.1" 200 257
186.103.157.246 - - [22/May/2019:14:52:35 -0300] "GET /cormun/servlet/solicitudot?b5d37ea03759939aa588627387b45aeb7bca643122014eef08210e480f926cd6bee68ee7753acaeff6a012d7c76b45d6b80988f3d61c22cbc4f920065e6aec028ac037df7ce13dde27f61143825ebf4b4890f727608272171f3402d6b5202ed0f4b21e1392bfded60a084c42a0437b7184466645359bd182ed0fb4ed0ac107c66079da8f586e5e7e0f7ecde72144268752ab55646cbba7dc640b84c1c25d6c5f6c4cc74c4bf6682b940c9ef179fbabd9b72cd39202e12e476192eabb87db853156efb09a81c10dfc2cefb9687655d0cf8a44ad97af90aa7a68c8128729a4d90fad69022e66d03af238be89a5d2cb5e5f7e8cfe824be56d7ca26bb303a798650b07dfb1c445fa646145027923fd58bd5eb71e91bfca82556ae6a6d93604de1d8014d58ce3b2e5a977ecda9aaf660322059abd8c9a9af16a0ab8e1554954476fa1957d95efdafc8b60e3b41450edb3e89b87bd81fd52edd9a9c7e7ed8a6a4f452bfaca98aae88263213926df29ed3be8f6accad6fbea348add0bff4dda81ac5bf3,gx-no-cache=1558547324899 HTTP/1.1" 200 30
186.103.157.246 - - [22/May/2019:14:52:35 -0300] "POST /cormun/servlet/solicitudot?gx-no-cache=1558547324946 HTTP/1.1" 200 30
186.103.157.246 - - [22/May/2019:14:52:35 -0300] "POST /cormun/servlet/solicitudot?gx-no-cache=1558547325071 HTTP/1.1" 200 1343
186.103.157.246 - - [22/May/2019:14:52:35 -0300] "POST /cormun/servlet/solicitudot?gx-no-cache=1558547325164 HTTP/1.1" 200 40
186.103.157.246 - - [22/May/2019:14:53:58 -0300] "GET /cormun/servlet/solicitudot?b5d37ea03759939aa588627387b45aeb245b68981356282c0896337377993fb57c78228cdd1d72ea1b5ab02faec6c8c17b20b2492ac83fc01a4acb4398ef6c345f4ff7a16c3c4106c672b596449d699038c99371bcc05126afe45f6e9ad6891e80485d2f222a72e1bbaf55f8c06fb5db,gx-no-cache=1558547408391 HTTP/1.1" 200 110
186.103.157.246 - - [22/May/2019:14:53:58 -0300] "POST /cormun/servlet/solicitudot?gx-no-cache=1558547408484 HTTP/1.1" 200 67
186.103.157.246 - - [22/May/2019:14:53:58 -0300] "GET /cormun/servlet/solicitudot?b5d37ea03759939aa588627387b45aebd4ddf277bce9e2a7cb83f5d8c8008849ad99d6b7294dc31a01d39e5b964a203d37a5e265fe1ef6510bde621b0ce5495eb2cb5147cde82f27f16c00b20fd6b8dd9c5ff29aff1cc96ecbdabd426be771455752fd44ce4e48496f88e70ad0e9e750,gx-no-cache=1558547408562 HTTP/1.1" 200 29
186.103.157.246 - - [22/May/2019:14:53:58 -0300] "GET /cormun/servlet/solicitudot?b5d37ea03759939aa588627387b45aeb138df07a54bfb070f6016c1a545574772c5fb2623ae4c6ba3b094a4947aed144,gx-no-cache=1558547408609 HTTP/1.1" 200 30
186.103.157.246 - - [22/May/2019:14:53:58 -0300] "POST /cormun/servlet/solicitudot?gx-no-cache=1558547408703 HTTP/1.1" 200 30
186.103.157.246 - - [22/May/2019:14:53:59 -0300] "POST /cormun/servlet/solicitudot?8f185bb8b4c031777094bb38846d8470,UPD,2019,15620,,gx-no-cache=1558547408812 HTTP/1.1" 200 93
186.103.157.246 - - [22/May/2019:14:53:59 -0300] "GET /cormun/servlet/hpexe_return? HTTP/1.1" 200 999
186.103.157.246 - - [22/May/2019:14:53:59 -0300] "GET /cormun/servlet/trsolicitudot HTTP/1.1" 200 8521
186.103.157.246 - - [22/May/2019:14:54:15 -0300] "POST /cormun/servlet/trsolicitudot?8f185bb8b4c031777094bb38846d8470,gx-no-cache=1558547425193 HTTP/1.1" 200 4539
186.103.157.246 - - [22/May/2019:14:54:16 -0300] "GET /cormun/static/Shared/jqueryui/images/ui-bg_highlight-soft_100_c6c2c8_1x100.png HTTP/1.1" 404 1117
186.103.157.246 - - [22/May/2019:14:54:16 -0300] "GET /cormun/static/Shared/jqueryui/images/ui-icons_8d78a5_256x240.png HTTP/1.1" 404 1089
186.103.157.246 - - [22/May/2019:14:54:16 -0300] "GET /cormun/static/Shared/jqueryui/images/ui-bg_flat_55_fafafa_40x100.png HTTP/1.1" 404 1097
186.103.157.246 - - [22/May/2019:14:54:16 -0300] "POST /cormun/servlet/trsolicitudot?8f185bb8b4c031777094bb38846d8470,gx-no-cache=1558547425957 HTTP/1.1" 200 4300
186.103.157.246 - - [22/May/2019:14:54:18 -0300] "GET /cormun/static/Shared/jqueryui/images/ui-icons_82798d_256x240.png HTTP/1.1" 404 1089
186.67.164.138 - - [22/May/2019:14:58:50 -0300] "GET /cormun/servlet/trsolicitudot? HTTP/1.1" 200 6415
186.67.164.138 - - [22/May/2019:14:58:52 -0300] "GET /cormun/servlet/trsolicitudot? HTTP/1.1" 200 6415
186.67.164.138 - - [22/May/2019:14:58:52 -0300] "GET /cormun/servlet/hlogin HTTP/1.1" 200 1741
186.67.164.138 - - [22/May/2019:14:58:57 -0300] "POST /cormun/servlet/hlogin?8c6e953b93c94009ff0883bd172fe545,gx-no-cache=1558547707334 HTTP/1.1" 200 90
186.67.164.138 - - [22/May/2019:14:58:57 -0300] "GET /cormun/servlet/hpexe_link HTTP/1.1" 200 958
186.67.164.138 - - [22/May/2019:14:58:57 -0300] "GET /cormun/servlet/trsolicitudot HTTP/1.1" 200 7092
186.67.164.138 - - [22/May/2019:14:58:58 -0300] "GET /cormun/servlet/trsolicitudot HTTP/1.1" 200 7090
186.67.164.138 - - [22/May/2019:14:59:04 -0300] "GET /cormun/servlet/solicitudot?INS,0,0, HTTP/1.1" 200 15057
186.67.164.138 - - [22/May/2019:14:59:05 -0300] "GET /cormun/servlet/solicitudot?INS,0,0, HTTP/1.1" 200 15062
190.171.154.42 - - [22/May/2019:15:01:45 -0300] "GET /cormun/static/menuarrow.gif HTTP/1.1" 404 1015
190.171.154.42 - - [22/May/2019:15:01:49 -0300] "POST /cormun/servlet/trlicencias?57da0e249aeb90093f15a42c2d9a9677,,gx-no-cache=1558547879789 HTTP/1.1" 440 972
190.171.154.42 - - [22/May/2019:15:01:52 -0300] "GET /cormun/servlet/trlicencias? HTTP/1.1" 200 7880
190.171.154.42 - - [22/May/2019:15:01:55 -0300] "GET /cormun/servlet/trlicencias? HTTP/1.1" 200 7880
190.171.154.42 - - [22/May/2019:15:01:55 -0300] "GET /cormun/servlet/hlogin HTTP/1.1" 200 1737
190.171.154.42 - - [22/May/2019:15:02:05 -0300] "POST /cormun/servlet/hlogin?7166e83913459b9c63ac2f5657bb96f8,gx-no-cache=1558547895042 HTTP/1.1" 200 90
190.171.154.42 - - [22/May/2019:15:02:05 -0300] "GET /cormun/servlet/hpexe_link HTTP/1.1" 200 954
190.171.154.42 - - [22/May/2019:15:02:05 -0300] "GET /cormun/servlet/trlicencias HTTP/1.1" 200 11980
190.171.154.42 - - [22/May/2019:15:02:07 -0300] "GET /cormun/servlet/trlicencias HTTP/1.1" 200 11978
190.171.154.42 - - [22/May/2019:15:02:16 -0300] "GET /cormun/static/menuarrow.gif HTTP/1.1" 404 1015
190.171.154.42 - - [22/May/2019:15:02:21 -0300] "POST /cormun/servlet/trlicencias?7166e83913459b9c63ac2f5657bb96f8,gx-no-cache=1558547911496 HTTP/1.1" 200 9253
190.171.154.42 - - [22/May/2019:15:02:56 -0300] "POST /cormun/servlet/trlicencias?7166e83913459b9c63ac2f5657bb96f8,gx-no-cache=1558547945887 HTTP/1.1" 200 11441
192.168.10.89 - - [22/May/2019:15:04:57 -0300] "GET /cormun/servlet/hlogin HTTP/1.1" 200 1725
192.168.10.89 - - [22/May/2019:15:05:37 -0300] "POST /cormun/servlet/hlogin?184d92103ff8f002818aa500f19105b9,gx-no-cache=1558547784220 HTTP/1.1" 200 90
192.168.10.89 - - [22/May/2019:15:05:37 -0300] "GET /cormun/servlet/hpexe_link HTTP/1.1" 200 952
192.168.10.89 - - [22/May/2019:15:05:38 -0300] "GET /cormun/servlet/hhome HTTP/1.1" 200 3882
192.168.10.89 - - [22/May/2019:15:05:41 -0300] "GET /cormun/servlet/trpermisosingocecormun? HTTP/1.1" 200 9772
192.168.10.89 - - [22/May/2019:15:05:41 -0300] "GET /cormun/static/gxcfg.js?201762722271628 HTTP/1.1" 200 953
192.168.10.89 - - [22/May/2019:15:05:41 -0300] "GET /cormun/static/trpermisosingocecormun.js?201762722272163 HTTP/1.1" 200 31017
192.168.10.89 - - [22/May/2019:15:05:42 -0300] "GET /cormun//static/Resources/PXToolsActionDisabled.gif HTTP/1.1" 200 53
192.168.10.89 - - [22/May/2019:15:06:27 -0300] "GET /cormun/servlet/trpermisosingoceadjunto?379,16528642, HTTP/1.1" 200 6419
192.168.10.89 - - [22/May/2019:15:06:27 -0300] "GET /cormun/static/gxcfg.js?2017761217146 HTTP/1.1" 200 953
192.168.10.89 - - [22/May/2019:15:06:28 -0300] "GET /cormun/static/trpermisosingoceadjunto.js?20177612171634 HTTP/1.1" 200 16925
192.168.10.89 - - [22/May/2019:15:06:28 -0300] "GET /cormun/PublicTempStorage/permiso_catherine_arenas_n%B0_2_sin_goce7060187.pdf HTTP/1.1" 200 366717
192.168.10.89 - - [22/May/2019:15:06:29 -0300] "GET /cormun/PublicTempStorage/permiso_catherine_arenas_n%B0_2_sin_goce7060187.pdf HTTP/1.1" 304 -
192.168.10.89 - - [22/May/2019:15:06:30 -0300] "GET /cormun/PublicTempStorage/permiso_catherine_arenas_n%B0_2_sin_goce7060187.pdf HTTP/1.1" 304 -
192.168.10.89 - - [22/May/2019:15:06:48 -0300] "GET /cormun/servlet/trpermisosingoceadjunto?379,16528642, HTTP/1.1" 200 6419
192.168.10.89 - - [22/May/2019:15:06:51 -0300] "GET /cormun/PublicTempStorage/permiso_catherine_arenas_n%B0_2_sin_goce3111650.pdf HTTP/1.1" 200 366717
192.168.10.89 - - [22/May/2019:15:06:51 -0300] "GET /cormun/PublicTempStorage/permiso_catherine_arenas_n%B0_2_sin_goce3111650.pdf HTTP/1.1" 304 -
192.168.10.89 - - [22/May/2019:15:06:53 -0300] "POST /cormun/servlet/trpermisosingoceadjunto?184d92103ff8f002818aa500f19105b9,379,16528642,,gx-no-cache=1558547860478 HTTP/1.1" 200 90
192.168.10.89 - - [22/May/2019:15:06:53 -0300] "GET /cormun/servlet/hpexe_link HTTP/1.1" 200 979
192.168.10.89 - - [22/May/2019:15:06:54 -0300] "GET /cormun/servlet/trpermisosingocecormun HTTP/1.1" 200 9771
192.168.10.89 - - [22/May/2019:15:07:12 -0300] "GET /cormun/servlet/trpermisosingoceadjunto?378,8070203, HTTP/1.1" 200 6362
192.168.10.89 - - [22/May/2019:15:07:13 -0300] "GET /cormun/PublicTempStorage/permiso_sonia2564059.pdf HTTP/1.1" 200 498274
192.168.10.89 - - [22/May/2019:15:07:13 -0300] "GET /cormun/PublicTempStorage/permiso_sonia2564059.pdf HTTP/1.1" 304 -
192.168.10.89 - - [22/May/2019:15:07:15 -0300] "GET /cormun/PublicTempStorage/permiso_sonia2564059.pdf HTTP/1.1" 304 -
190.171.154.42 - - [22/May/2019:15:07:22 -0300] "GET /cormun/servlet/licenciaspermisos?INS,0,,, HTTP/1.1" 200 7861
190.171.154.42 - - [22/May/2019:15:07:22 -0300] "GET /cormun/static/gxcfg.js?201762917281167 HTTP/1.1" 200 953
190.171.154.42 - - [22/May/2019:15:07:22 -0300] "GET /cormun/static/Resources/prompt.gif HTTP/1.1" 200 902
190.171.154.42 - - [22/May/2019:15:07:22 -0300] "GET /cormun/static/licenciaspermisos.js?201762917281260 HTTP/1.1" 200 37491
190.171.154.42 - - [22/May/2019:15:07:24 -0300] "GET /cormun/servlet/licenciaspermisos?INS,0,,, HTTP/1.1" 200 7869
192.168.10.89 - - [22/May/2019:15:07:25 -0300] "GET /cormun/servlet/trpermisosingoceadjunto?378,8070203, HTTP/1.1" 200 6360
192.168.10.89 - - [22/May/2019:15:07:26 -0300] "GET /cormun/PublicTempStorage/permiso_sonia633278.pdf HTTP/1.1" 200 498274
192.168.10.89 - - [22/May/2019:15:07:26 -0300] "GET /cormun/PublicTempStorage/permiso_sonia633278.pdf HTTP/1.1" 304 -
192.168.10.89 - - [22/May/2019:15:07:28 -0300] "POST /cormun/servlet/trpermisosingoceadjunto?184d92103ff8f002818aa500f19105b9,378,8070203,,gx-no-cache=1558547895245 HTTP/1.1" 200 90
192.168.10.89 - - [22/May/2019:15:07:28 -0300] "GET /cormun/servlet/hpexe_link HTTP/1.1" 200 978
192.168.10.89 - - [22/May/2019:15:07:29 -0300] "GET /cormun/servlet/trpermisosingocecormun HTTP/1.1" 200 9771
192.168.10.89 - - [22/May/2019:15:07:34 -0300] "GET /cormun/servlet/trpermisosingoceadjunto?377,16528642, HTTP/1.1" 200 6409
192.168.10.89 - - [22/May/2019:15:07:35 -0300] "GET /cormun/PublicTempStorage/permiso_catherine_arenas___1_sin_goce1713998.pdf HTTP/1.1" 200 365943
192.168.10.89 - - [22/May/2019:15:07:35 -0300] "GET /cormun/PublicTempStorage/permiso_catherine_arenas___1_sin_goce1713998.pdf HTTP/1.1" 304 -
186.67.164.138 - - [22/May/2019:15:07:51 -0300] "POST /cormun/servlet/solicitudot?gx-no-cache=1558548241166 HTTP/1.1" 200 3571
186.67.164.138 - - [22/May/2019:15:07:51 -0300] "POST /cormun/servlet/solicitudot?8c6e953b93c94009ff0883bd172fe545,INS,0,0,,gx-no-cache=1558548241392 HTTP/1.1" 200 11834
192.168.10.89 - - [22/May/2019:15:07:54 -0300] "GET /cormun/PublicTempStorage/permiso_catherine_arenas___1_sin_goce1713998.pdf HTTP/1.1" 304 -
186.67.164.138 - - [22/May/2019:15:07:58 -0300] "GET /cormun/servlet/solicitudot?be614c9c601d537b72c71de34a9bb0f50fb90c06c0a4ec9be66e4feb6d0d52003db314301ad56b2b19ca158afa6ec4bf,gx-no-cache=1558548247937 HTTP/1.1" 200 30
186.67.164.138 - - [22/May/2019:15:07:58 -0300] "GET /cormun/servlet/solicitudot?be614c9c601d537b72c71de34a9bb0f582331b7518c9b427b07f1774d8e40ef4e35bfb382d82623d93a690e9fc345169d2e0c9bbe1bd26f7aab419f668f8af65,gx-no-cache=1558548247977 HTTP/1.1" 200 30
186.67.164.138 - - [22/May/2019:15:07:58 -0300] "GET /cormun/servlet/solicitudot?be614c9c601d537b72c71de34a9bb0f5d7ac99a038f9524bc175d5bb8ca3f8eb,gx-no-cache=1558548248002 HTTP/1.1" 200 45
186.67.164.138 - - [22/May/2019:15:07:58 -0300] "POST /cormun/servlet/solicitudot?gx-no-cache=1558548248031 HTTP/1.1" 200 255
186.67.164.138 - - [22/May/2019:15:07:58 -0300] "GET /cormun/servlet/solicitudot?be614c9c601d537b72c71de34a9bb0f525118d4642742acf2ca36cc447307793b0c57cf811ca9c8331f85dd40e58b677ee5a8c28122e012da73da5bd4e346c147495065c80389a152bb84ea9ef5d4ba5e6ede87486ca9d2ee609233a6e2971954a55b04f642495e5a908e37f369f873400cb6d848b0ca4efb5a58b65fb938bfa81635a10160baebf21e130e59bba71f86123b815f6d6753be4aebe13cd0df53cbeea04111a9b1bdc39981d93f9d95b745283afd0de6ae39b52896db2e0c967a683fb423bd89fafb1d97c603eb679782ac620b8962c4343f9cab08b8657896aa763a1d976e27420857138e0ddd57efc37e1079baea66bee6c1675b58bc82449d3d1c3ce6bd44de9b1559c022e9061182e4d3e0229f00a860afbf59537697b8e2ab7b1139bdde27754f7af9d368739453e0df53bb352fcebb69df2999272ac40e06726f485a72aa52c997f4c70c18c94ce48a5ed04105948e5e098dae9e4638e33fc5c0834801fb05fef5b5a6769dae7f6a5369309cd660be407ecfdd600b62bb7,gx-no-cache=1558548248069 HTTP/1.1" 200 30
186.67.164.138 - - [22/May/2019:15:08:01 -0300] "POST /cormun/servlet/solicitudot?gx-no-cache=1558548251158 HTTP/1.1" 200 30
186.67.164.138 - - [22/May/2019:15:08:03 -0300] "GET /cormun/servlet/prcontratosol?16010761,,,,,MD,,gxPopupLevel%3D0%3B HTTP/1.1" 200 8975
186.67.164.138 - - [22/May/2019:15:08:03 -0300] "GET /cormun/static/gxcfg.js?201761413223964 HTTP/1.1" 200 953
186.67.164.138 - - [22/May/2019:15:08:03 -0300] "GET /cormun/static/prcontratosol.js?201761413224174 HTTP/1.1" 200 15806
190.171.154.42 - - [22/May/2019:15:08:03 -0300] "GET /cormun/static/Resources/resize.gif HTTP/1.1" 200 77
190.171.154.42 - - [22/May/2019:15:08:04 -0300] "GET /cormun/servlet/prfichaempleado?,MD,,gxPopupLevel%3D0%3B HTTP/1.1" 200 9424
190.171.154.42 - - [22/May/2019:15:08:04 -0300] "GET /cormun/static/gxcfg.js?20177612134814 HTTP/1.1" 200 953
192.168.10.89 - - [22/May/2019:15:08:04 -0300] "GET /cormun/servlet/trpermisosingoceadjunto?377,16528642, HTTP/1.1" 200 6409
190.171.154.42 - - [22/May/2019:15:08:04 -0300] "GET /cormun/static/Resources/PXToolsMenuSearch.png HTTP/1.1" 200 2914
190.171.154.42 - - [22/May/2019:15:08:04 -0300] "GET /cormun/static/Resources/PXToolsMenuSearchCancel.png HTTP/1.1" 200 2972
190.171.154.42 - - [22/May/2019:15:08:04 -0300] "GET /cormun/static/prfichaempleado.js?20177612134999 HTTP/1.1" 200 16006
190.171.154.42 - - [22/May/2019:15:08:04 -0300] "GET /cormun/static/menusearch.js?201610171694467 HTTP/1.1" 200 1424
192.168.10.89 - - [22/May/2019:15:08:04 -0300] "GET /cormun/PublicTempStorage/permiso_catherine_arenas___1_sin_goce1236376.pdf HTTP/1.1" 200 365943
192.168.10.89 - - [22/May/2019:15:08:04 -0300] "GET /cormun/PublicTempStorage/permiso_catherine_arenas___1_sin_goce1236376.pdf HTTP/1.1" 304 -
190.171.154.42 - - [22/May/2019:15:08:05 -0300] "GET /cormun/static/hmpwkw011.js?20177612121862 HTTP/1.1" 200 1968
192.168.10.89 - - [22/May/2019:15:08:06 -0300] "POST /cormun/servlet/trpermisosingoceadjunto?184d92103ff8f002818aa500f19105b9,377,16528642,,gx-no-cache=1558547933382 HTTP/1.1" 200 90
192.168.10.89 - - [22/May/2019:15:08:06 -0300] "GET /cormun/servlet/hpexe_link HTTP/1.1" 200 979
186.67.164.138 - - [22/May/2019:15:08:07 -0300] "POST /cormun/servlet/solicitudot?gx-no-cache=1558548257128 HTTP/1.1" 200 1343
192.168.10.89 - - [22/May/2019:15:08:07 -0300] "GET /cormun/servlet/trpermisosingocecormun HTTP/1.1" 200 9771
186.67.164.138 - - [22/May/2019:15:08:07 -0300] "POST /cormun/servlet/solicitudot?gx-no-cache=1558548257365 HTTP/1.1" 200 38
186.67.164.138 - - [22/May/2019:15:08:07 -0300] "GET /cormun/servlet/solicitudot?be614c9c601d537b72c71de34a9bb0f5a33488a8f07840eb5b4d17ff4328b1f7344a65afdcddbc0894114c5d99512749336148b195aff4a1c973e2060159b5ee120e826c0d04ae4cc99bf80bebc8ba89577e04ae680d8deef5bdbf23aedf7b1e811956692d23c5a3512fafe6a019dcf2,gx-no-cache=1558548257392 HTTP/1.1" 200 110
186.67.164.138 - - [22/May/2019:15:08:07 -0300] "POST /cormun/servlet/solicitudot?gx-no-cache=1558548257420 HTTP/1.1" 200 97
186.67.164.138 - - [22/May/2019:15:08:07 -0300] "GET /cormun/servlet/solicitudot?be614c9c601d537b72c71de34a9bb0f5dfc18cf39199e046dbc93e980164c23d1f3bb435863c688dcd166da4dfad5af0c3aea60f88e34f4af2b15a17f9d58a4eb80ff3c68150711f27648b81f0a9777894af1fe081f4b299098096a05409d30baa18c4f8d2ee5c3769cd38882db52ac4d369011447a288c415130b986f255106a7023adaf61fe784590eacbff0cb0792091866616f418c16ce4398ce0db116a51cede9ab8c1c9650ba51e0a4243b34fddba94c6dbf41611df4a6dcf53881ae71ddf5aed5ef5ffcd8610d33d0f1fe9ed9,gx-no-cache=1558548257456 HTTP/1.1" 200 29
186.67.164.138 - - [22/May/2019:15:08:07 -0300] "GET /cormun/servlet/solicitudot?be614c9c601d537b72c71de34a9bb0f578865ba5be072e949b193d6f70d35a30a92e117875d2d443c44159fd3e70c911,gx-no-cache=1558548257483 HTTP/1.1" 200 134
186.67.164.138 - - [22/May/2019:15:08:07 -0300] "GET /cormun/static/Shared/jqueryui/images/ui-bg_highlight-soft_100_c6c2c8_1x100.png HTTP/1.1" 404 1117
186.67.164.138 - - [22/May/2019:15:08:07 -0300] "GET /cormun/static/Shared/jqueryui/images/ui-icons_82798d_256x240.png HTTP/1.1" 404 1089
186.67.164.138 - - [22/May/2019:15:08:07 -0300] "GET /cormun/static/Shared/jqueryui/images/ui-bg_flat_55_994d53_40x100.png HTTP/1.1" 404 1097
186.67.164.138 - - [22/May/2019:15:08:07 -0300] "GET /cormun/static/Shared/jqueryui/images/ui-icons_ebccce_256x240.png HTTP/1.1" 404 1089
192.168.10.89 - - [22/May/2019:15:08:14 -0300] "GET /cormun/servlet/trinasistenciacormun? HTTP/1.1" 200 9296
190.171.154.42 - - [22/May/2019:15:08:26 -0300] "POST /cormun/servlet/prfichaempleado?7166e83913459b9c63ac2f5657bb96f8,,MD,,gxPopupLevel%3D0%3B,gx-no-cache=1558548276453 HTTP/1.1" 200 3430
192.168.10.89 - - [22/May/2019:15:08:29 -0300] "GET /cormun/servlet/trpermisosingoceadjunto?380,16881995, HTTP/1.1" 200 5966
190.171.154.42 - - [22/May/2019:15:08:32 -0300] "GET /cormun/servlet/licenciaspermisos?348699b8464a1b7d608c756ecb62dc5edc5b361896dfb96f75407e26fd0b6de06b6ab86ee7405d7b7c5a8b6512a4ce8b,gx-no-cache=1558548282042 HTTP/1.1" 200 98
190.171.154.42 - - [22/May/2019:15:08:32 -0300] "POST /cormun/servlet/licenciaspermisos?7166e83913459b9c63ac2f5657bb96f8,INS,0,,,,gx-no-cache=1558548282299 HTTP/1.1" 200 4966
192.168.10.89 - - [22/May/2019:15:08:35 -0300] "POST /cormun/servlet/trpermisosingoceadjunto?184d92103ff8f002818aa500f19105b9,380,16881995,,gx-no-cache=1558547961722 HTTP/1.1" 200 90
192.168.10.89 - - [22/May/2019:15:08:35 -0300] "GET /cormun/servlet/hpexe_link HTTP/1.1" 200 985
192.168.10.89 - - [22/May/2019:15:08:35 -0300] "GET /cormun/servlet/trinasistenciacormun HTTP/1.1" 200 9297
186.67.164.138 - - [22/May/2019:15:08:38 -0300] "POST /cormun/servlet/solicitudot?gx-no-cache=1558548288804 HTTP/1.1" 200 72
186.67.164.138 - - [22/May/2019:15:08:46 -0300] "GET /cormun/static/menuarrow.gif HTTP/1.1" 404 1015
186.67.164.138 - - [22/May/2019:15:08:54 -0300] "GET /cormun/servlet/solicitudot?be614c9c601d537b72c71de34a9bb0f5dca6fd51961620228b9606e1c3024599a92e117875d2d443c44159fd3e70c911,gx-no-cache=1558548304769 HTTP/1.1" 200 30
186.67.164.138 - - [22/May/2019:15:08:55 -0300] "POST /cormun/servlet/solicitudot?gx-no-cache=1558548304915 HTTP/1.1" 200 33
186.67.164.138 - - [22/May/2019:15:09:19 -0300] "POST /cormun/servlet/solicitudot?8c6e953b93c94009ff0883bd172fe545,INS,0,0,,gx-no-cache=1558548328510 HTTP/1.1" 200 93
186.67.164.138 - - [22/May/2019:15:09:19 -0300] "GET /cormun/servlet/hpexe_return? HTTP/1.1" 200 1008
186.67.164.138 - - [22/May/2019:15:09:19 -0300] "GET /cormun/static/gxcfg.js?2016101716175148 HTTP/1.1" 304 -
186.67.164.138 - - [22/May/2019:15:09:19 -0300] "GET /cormun/servlet/trsolicitudot HTTP/1.1" 200 8550
186.67.164.138 - - [22/May/2019:15:09:20 -0300] "GET /cormun/servlet/trsolicitudot HTTP/1.1" 200 8547
186.67.164.138 - - [22/May/2019:15:09:23 -0300] "GET /cormun/servlet/solicitudot?INS,0,0, HTTP/1.1" 200 15057
186.67.164.138 - - [22/May/2019:15:09:24 -0300] "GET /cormun/servlet/solicitudot?INS,0,0, HTTP/1.1" 200 15062
192.168.10.89 - - [22/May/2019:15:09:30 -0300] "GET /cormun/servlet/trpermisosingoceadjunto?380,16881995, HTTP/1.1" 200 5966
186.67.164.138 - - [22/May/2019:15:09:31 -0300] "POST /cormun/servlet/solicitudot?gx-no-cache=1558548341715 HTTP/1.1" 200 3571
186.67.164.138 - - [22/May/2019:15:09:32 -0300] "POST /cormun/servlet/solicitudot?8c6e953b93c94009ff0883bd172fe545,INS,0,0,,gx-no-cache=1558548341934 HTTP/1.1" 200 11832
192.168.10.89 - - [22/May/2019:15:09:33 -0300] "POST /cormun/servlet/trpermisosingoceadjunto?184d92103ff8f002818aa500f19105b9,380,16881995,,gx-no-cache=1558548019960 HTTP/1.1" 200 90
192.168.10.89 - - [22/May/2019:15:09:33 -0300] "GET /cormun/servlet/hpexe_link HTTP/1.1" 200 985
186.67.164.138 - - [22/May/2019:15:09:33 -0300] "GET /cormun/servlet/solicitudot?be614c9c601d537b72c71de34a9bb0f50fb90c06c0a4ec9be66e4feb6d0d52003db314301ad56b2b19ca158afa6ec4bf,gx-no-cache=1558548343780 HTTP/1.1" 200 30
186.67.164.138 - - [22/May/2019:15:09:33 -0300] "GET /cormun/servlet/solicitudot?be614c9c601d537b72c71de34a9bb0f582331b7518c9b427b07f1774d8e40ef4e35bfb382d82623d93a690e9fc345169d2e0c9bbe1bd26f7aab419f668f8af65,gx-no-cache=1558548343817 HTTP/1.1" 200 30
192.168.10.89 - - [22/May/2019:15:09:33 -0300] "GET /cormun/servlet/trinasistenciacormun HTTP/1.1" 200 9297
186.67.164.138 - - [22/May/2019:15:09:33 -0300] "GET /cormun/servlet/solicitudot?be614c9c601d537b72c71de34a9bb0f5d7ac99a038f9524bc175d5bb8ca3f8eb,gx-no-cache=1558548343863 HTTP/1.1" 200 45
186.67.164.138 - - [22/May/2019:15:09:34 -0300] "POST /cormun/servlet/solicitudot?gx-no-cache=1558548343890 HTTP/1.1" 200 255
186.67.164.138 - - [22/May/2019:15:09:34 -0300] "GET /cormun/servlet/solicitudot?be614c9c601d537b72c71de34a9bb0f525118d4642742acf2ca36cc447307793b0c57cf811ca9c8331f85dd40e58b677ee5a8c28122e012da73da5bd4e346c147495065c80389a152bb84ea9ef5d4ba5e6ede87486ca9d2ee609233a6e2971954a55b04f642495e5a908e37f369f873400cb6d848b0ca4efb5a58b65fb938bfa81635a10160baebf21e130e59bba71f86123b815f6d6753be4aebe13cd0df53cbeea04111a9b1bdc39981d93f9d95b745283afd0de6ae39b52896db2e0c967a683fb423bd89fafb1d97c603eb679782ac620b8962c4343f9cab08b8657896aa763a1d976e27420857138e0ddd57efc37e1079baea66bee6c1675b58bc82449d3d1c3ce6bd44de9b1559c022e9061182e4d3e0229f00a860afbf59537697b8e2ab7b1139bdde27754f7af9d368739453e0df53bb352fcebb69df2999272ac40e06726f485a72aa52c997f4c70c18c94ce48a5ed04105948e5e098dae9e4638e33fc5c0834801fb05fef5b5a6769dae7f6a5369309cd660be407ecfdd600b62bb7,gx-no-cache=1558548343936 HTTP/1.1" 200 30
186.67.164.138 - - [22/May/2019:15:09:37 -0300] "POST /cormun/servlet/solicitudot?gx-no-cache=1558548346974 HTTP/1.1" 200 30
186.67.164.138 - - [22/May/2019:15:09:41 -0300] "POST /cormun/servlet/solicitudot?gx-no-cache=1558548351586 HTTP/1.1" 200 30
186.67.164.138 - - [22/May/2019:15:10:03 -0300] "GET /cormun/servlet/prcontratosol?16010761,,,,,MD,,gxPopupLevel%3D0%3B HTTP/1.1" 200 8975
186.67.164.138 - - [22/May/2019:15:10:06 -0300] "POST /cormun/servlet/solicitudot?gx-no-cache=1558548376388 HTTP/1.1" 200 1343
186.67.164.138 - - [22/May/2019:15:10:06 -0300] "POST /cormun/servlet/solicitudot?gx-no-cache=1558548376458 HTTP/1.1" 200 38
186.67.164.138 - - [22/May/2019:15:10:06 -0300] "GET /cormun/servlet/solicitudot?be614c9c601d537b72c71de34a9bb0f5a33488a8f07840eb5b4d17ff4328b1f7344a65afdcddbc0894114c5d99512749336148b195aff4a1c973e2060159b5ee120e826c0d04ae4cc99bf80bebc8ba89577e04ae680d8deef5bdbf23aedf7b1e811956692d23c5a3512fafe6a019dcf2,gx-no-cache=1558548376485 HTTP/1.1" 200 110
186.67.164.138 - - [22/May/2019:15:10:06 -0300] "POST /cormun/servlet/solicitudot?gx-no-cache=1558548376514 HTTP/1.1" 200 97
186.67.164.138 - - [22/May/2019:15:10:06 -0300] "GET /cormun/servlet/solicitudot?be614c9c601d537b72c71de34a9bb0f5dfc18cf39199e046dbc93e980164c23d1f3bb435863c688dcd166da4dfad5af0c3aea60f88e34f4af2b15a17f9d58a4eb80ff3c68150711f27648b81f0a9777894af1fe081f4b299098096a05409d30baa18c4f8d2ee5c3769cd38882db52ac4d369011447a288c415130b986f255106a7023adaf61fe784590eacbff0cb0792091866616f418c16ce4398ce0db116a51cede9ab8c1c9650ba51e0a4243b34fddba94c6dbf41611df4a6dcf53881ae71ddf5aed5ef5ffcd8610d33d0f1fe9ed9,gx-no-cache=1558548376548 HTTP/1.1" 200 29
186.67.164.138 - - [22/May/2019:15:10:06 -0300] "GET /cormun/servlet/solicitudot?be614c9c601d537b72c71de34a9bb0f578865ba5be072e949b193d6f70d35a30a92e117875d2d443c44159fd3e70c911,gx-no-cache=1558548376575 HTTP/1.1" 200 134
186.67.164.138 - - [22/May/2019:15:10:06 -0300] "GET /cormun/static/Shared/jqueryui/images/ui-bg_highlight-soft_100_c6c2c8_1x100.png HTTP/1.1" 404 1117
186.67.164.138 - - [22/May/2019:15:10:06 -0300] "GET /cormun/static/Shared/jqueryui/images/ui-icons_82798d_256x240.png HTTP/1.1" 404 1089
186.67.164.138 - - [22/May/2019:15:10:06 -0300] "GET /cormun/static/Shared/jqueryui/images/ui-icons_ebccce_256x240.png HTTP/1.1" 404 1089
186.67.164.138 - - [22/May/2019:15:10:06 -0300] "GET /cormun/static/Shared/jqueryui/images/ui-bg_flat_55_994d53_40x100.png HTTP/1.1" 404 1097
186.67.164.138 - - [22/May/2019:15:10:18 -0300] "POST /cormun/servlet/solicitudot?gx-no-cache=1558548387753 HTTP/1.1" 200 72
192.168.10.89 - - [22/May/2019:15:10:24 -0300] "GET /cormun/servlet/trrenunciasgenerales? HTTP/1.1" 200 10488
186.67.164.138 - - [22/May/2019:15:10:26 -0300] "GET /cormun/servlet/solicitudot?be614c9c601d537b72c71de34a9bb0f5dfc18cf39199e046dbc93e980164c23d1f3bb435863c688dcd166da4dfad5af0626bcec4826e3ff718e52416c7da40a4b80ff3c68150711f27648b81f0a9777894af1fe081f4b299098096a05409d30baa18c4f8d2ee5c3769cd38882db52ac4d369011447a288c415130b986f255106a7023adaf61fe784590eacbff0cb0792091866616f418c16ce4398ce0db116a51cede9ab8c1c9650ba51e0a4243b34fddba94c6dbf41611df4a6dcf53881ae71ddf5aed5ef5ffcd8610d33d0f1fe9ed9,gx-no-cache=1558548396433 HTTP/1.1" 200 29
186.67.164.138 - - [22/May/2019:15:10:28 -0300] "GET /cormun/static/menuarrow.gif HTTP/1.1" 404 1015
186.67.164.138 - - [22/May/2019:15:10:32 -0300] "GET /cormun/servlet/solicitudot?be614c9c601d537b72c71de34a9bb0f5dca6fd51961620228b9606e1c3024599a92e117875d2d443c44159fd3e70c911,gx-no-cache=1558548402468 HTTP/1.1" 200 30
186.67.164.138 - - [22/May/2019:15:10:32 -0300] "POST /cormun/servlet/solicitudot?gx-no-cache=1558548402517 HTTP/1.1" 200 33
186.67.164.138 - - [22/May/2019:15:10:43 -0300] "POST /cormun/servlet/solicitudot?8c6e953b93c94009ff0883bd172fe545,INS,0,0,,gx-no-cache=1558548412872 HTTP/1.1" 200 93
186.67.164.138 - - [22/May/2019:15:10:43 -0300] "GET /cormun/servlet/hpexe_return? HTTP/1.1" 200 1008
186.67.164.138 - - [22/May/2019:15:10:43 -0300] "GET /cormun/servlet/trsolicitudot HTTP/1.1" 200 8836
186.67.164.138 - - [22/May/2019:15:10:44 -0300] "GET /cormun/servlet/trsolicitudot HTTP/1.1" 200 8832
192.168.10.89 - - [22/May/2019:15:10:58 -0300] "GET /cormun/servlet/trrenunciasadjuntos?228,15126087, HTTP/1.1" 200 6300
192.168.10.89 - - [22/May/2019:15:10:59 -0300] "GET /cormun/PublicTempStorage/carta_renuncia_catalina3355679.pdf HTTP/1.1" 200 632895
192.168.10.89 - - [22/May/2019:15:10:59 -0300] "GET /cormun/PublicTempStorage/carta_renuncia_catalina3355679.pdf HTTP/1.1" 304 -
192.168.10.89 - - [22/May/2019:15:11:01 -0300] "GET /cormun/PublicTempStorage/carta_renuncia_catalina3355679.pdf HTTP/1.1" 304 -
186.67.164.138 - - [22/May/2019:15:11:33 -0300] "POST /cormun/servlet/trsolicitudot?8c6e953b93c94009ff0883bd172fe545,gx-no-cache=1558548463038 HTTP/1.1" 200 106
186.67.164.138 - - [22/May/2019:15:11:33 -0300] "GET /cormun/servlet/solicitudot?UPD,2019,15622, HTTP/1.1" 200 15634
186.67.164.138 - - [22/May/2019:15:11:35 -0300] "GET /cormun/servlet/solicitudot?UPD,2019,15622, HTTP/1.1" 200 15643
192.168.10.89 - - [22/May/2019:15:11:35 -0300] "GET /cormun/servlet/trrenunciasadjuntos?228,15126087, HTTP/1.1" 200 6300
186.67.164.138 - - [22/May/2019:15:11:35 -0300] "POST /cormun/servlet/solicitudot?gx-no-cache=1558548464927 HTTP/1.1" 200 3582
186.67.164.138 - - [22/May/2019:15:11:35 -0300] "POST /cormun/servlet/solicitudot?8c6e953b93c94009ff0883bd172fe545,UPD,2019,15622,,gx-no-cache=1558548465323 HTTP/1.1" 200 11941
192.168.10.89 - - [22/May/2019:15:11:35 -0300] "GET /cormun/PublicTempStorage/carta_renuncia_catalina8587442.pdf HTTP/1.1" 200 632895
192.168.10.89 - - [22/May/2019:15:11:36 -0300] "GET /cormun/PublicTempStorage/carta_renuncia_catalina8587442.pdf HTTP/1.1" 304 -
186.67.164.138 - - [22/May/2019:15:11:36 -0300] "GET /cormun/servlet/solicitudot?be614c9c601d537b72c71de34a9bb0f50fb90c06c0a4ec9be66e4feb6d0d52001555a83b9658d434c7d4457c40f87d53,gx-no-cache=1558548466005 HTTP/1.1" 200 30
186.67.164.138 - - [22/May/2019:15:11:36 -0300] "GET /cormun/servlet/solicitudot?be614c9c601d537b72c71de34a9bb0f582331b7518c9b427b07f1774d8e40ef4e35bfb382d82623d93a690e9fc3451699f0ee59e147774d4f3fadb7902579867,gx-no-cache=1558548466044 HTTP/1.1" 200 30
186.67.164.138 - - [22/May/2019:15:11:36 -0300] "GET /cormun/servlet/solicitudot?be614c9c601d537b72c71de34a9bb0f5f0302bb448e52a5798ce33948f15a993b1d9a2a9491703169e22f61f3fc8ea27,gx-no-cache=1558548466066 HTTP/1.1" 200 45
186.67.164.138 - - [22/May/2019:15:11:36 -0300] "POST /cormun/servlet/solicitudot?gx-no-cache=1558548466092 HTTP/1.1" 200 256
186.67.164.138 - - [22/May/2019:15:11:36 -0300] "GET /cormun/servlet/solicitudot?be614c9c601d537b72c71de34a9bb0f525118d4642742acf2ca36cc447307793b0c57cf811ca9c8331f85dd40e58b677ee5a8c28122e012da73da5bd4e346c147495065c80389a152bb84ea9ef5d4ba5e6ede87486ca9d2ee609233a6e2971954a55b04f642495e5a908e37f369f873400cb6d848b0ca4efb5a58b65fb938bfa81635a10160baebf21e130e59bba71f86123b815f6d6753be4aebe13cd0df53cbeea04111a9b1bdc39981d93f9d95b745283afd0de6ae39b52896db2e0c967a683fb423bd89fafb1d97c603eb679782ac620b8962c4343f9cab08b8657896aa763a1d976e27420857138e0ddd57efc37e1079baea66bee6c1675b58bc82449d3d1c3ce6bd44de9b1559c022e9061182e4d3e0229f00a860afbf59537697b8e2ab7b1139bdde27754f7af9d368739453e0df53bb352fcebb69df2999272ac40e06726f485a72aa52c997f4c70c18c94ce48a5ed04105948e5e098dae9e4638e33fc5c0834801fb05fef5b5a6769dae7f6c4392b3f41c2515016c428d988cb76ec,gx-no-cache=1558548466130 HTTP/1.1" 200 30
186.67.164.138 - - [22/May/2019:15:11:36 -0300] "POST /cormun/servlet/solicitudot?gx-no-cache=1558548466157 HTTP/1.1" 200 30
186.67.164.138 - - [22/May/2019:15:11:36 -0300] "POST /cormun/servlet/solicitudot?gx-no-cache=1558548466192 HTTP/1.1" 200 1343
186.67.164.138 - - [22/May/2019:15:11:36 -0300] "POST /cormun/servlet/solicitudot?gx-no-cache=1558548466236 HTTP/1.1" 200 40
192.168.10.89 - - [22/May/2019:15:11:37 -0300] "POST /cormun/servlet/trrenunciasadjuntos?184d92103ff8f002818aa500f19105b9,228,15126087,,gx-no-cache=1558548144411 HTTP/1.1" 200 90
192.168.10.89 - - [22/May/2019:15:11:37 -0300] "GET /cormun/servlet/hpexe_link HTTP/1.1" 200 977
192.168.10.89 - - [22/May/2019:15:11:38 -0300] "GET /cormun/servlet/trrenunciasgenerales HTTP/1.1" 200 10488
186.67.164.138 - - [22/May/2019:15:11:39 -0300] "GET /cormun/servlet/solicitudot?be614c9c601d537b72c71de34a9bb0f5a33488a8f07840eb5b4d17ff4328b1f7344a65afdcddbc0894114c5d99512749336148b195aff4a1c973e2060159b5ee120e826c0d04ae4cc99bf80bebc8ba89577e04ae680d8deef5bdbf23aedf7b1e811956692d23c5a3512fafe6a019dcf2,gx-no-cache=1558548469068 HTTP/1.1" 200 110
192.168.10.89 - - [22/May/2019:15:11:44 -0300] "GET /cormun/servlet/trrenunciasadjuntos?227,19600735, HTTP/1.1" 200 6287
186.67.164.138 - - [22/May/2019:15:11:45 -0300] "POST /cormun/servlet/solicitudot?gx-no-cache=1558548475348 HTTP/1.1" 200 67
192.168.10.89 - - [22/May/2019:15:11:45 -0300] "GET /cormun/PublicTempStorage/erick_medel6170443.pdf HTTP/1.1" 200 169686
192.168.10.89 - - [22/May/2019:15:11:45 -0300] "GET /cormun/PublicTempStorage/erick_medel6170443.pdf HTTP/1.1" 304 -
186.67.164.138 - - [22/May/2019:15:11:48 -0300] "GET /cormun/servlet/solicitudot?be614c9c601d537b72c71de34a9bb0f5ab1702c732db15f132d6268e9e6faf25066b4f927f3dc25167082fe6681aee523d26ab168f210e35eed5bc584040daa730d68f4d74d5288ea84034bd61791e57f835901c2de240b0ba369bd4ec86b83a635972e98634d867bc633f8b8f772dc4186203b9524da33c0c2f9f4a1dbfa6a933ba453e57805c91fa9982f39d6915c06cba3a1bd14c0a4c6af9dcdfe6500cd913ee4111a06dbb1e2abee1e09428dca999b458da17c4bee8ef260bca5743db11468972305a73e91772b4a198b81a556c,gx-no-cache=1558548478226 HTTP/1.1" 200 29
186.67.164.138 - - [22/May/2019:15:11:48 -0300] "GET /cormun/servlet/solicitudot?be614c9c601d537b72c71de34a9bb0f5dca6fd51961620228b9606e1c3024599a92e117875d2d443c44159fd3e70c911,gx-no-cache=1558548478277 HTTP/1.1" 200 30
186.67.164.138 - - [22/May/2019:15:11:48 -0300] "POST /cormun/servlet/solicitudot?gx-no-cache=1558548478331 HTTP/1.1" 200 33
186.67.164.138 - - [22/May/2019:15:11:48 -0300] "POST /cormun/servlet/solicitudot?8c6e953b93c94009ff0883bd172fe545,UPD,2019,15622,,gx-no-cache=1558548478421 HTTP/1.1" 200 93
186.67.164.138 - - [22/May/2019:15:11:48 -0300] "GET /cormun/servlet/hpexe_return? HTTP/1.1" 200 1014
186.67.164.138 - - [22/May/2019:15:11:49 -0300] "GET /cormun/servlet/trsolicitudot HTTP/1.1" 200 8851
186.67.164.138 - - [22/May/2019:15:11:50 -0300] "GET /cormun/servlet/trsolicitudot HTTP/1.1" 200 8847
192.168.10.89 - - [22/May/2019:15:11:55 -0300] "GET /cormun/PublicTempStorage/erick_medel6170443.pdf HTTP/1.1" 304 -
186.67.164.138 - - [22/May/2019:15:11:56 -0300] "POST /cormun/servlet/trsolicitudot?8c6e953b93c94009ff0883bd172fe545,gx-no-cache=1558548486007 HTTP/1.1" 200 106
186.67.164.138 - - [22/May/2019:15:11:56 -0300] "GET /cormun/servlet/solicitudot?UPD,2019,15621, HTTP/1.1" 200 15633
186.67.164.138 - - [22/May/2019:15:11:57 -0300] "GET /cormun/servlet/solicitudot?UPD,2019,15621, HTTP/1.1" 200 15642
186.67.164.138 - - [22/May/2019:15:11:58 -0300] "POST /cormun/servlet/solicitudot?gx-no-cache=1558548487922 HTTP/1.1" 200 3582
186.67.164.138 - - [22/May/2019:15:11:58 -0300] "POST /cormun/servlet/solicitudot?8c6e953b93c94009ff0883bd172fe545,UPD,2019,15621,,gx-no-cache=1558548488111 HTTP/1.1" 200 11942
186.67.164.138 - - [22/May/2019:15:11:58 -0300] "GET /cormun/servlet/solicitudot?be614c9c601d537b72c71de34a9bb0f50fb90c06c0a4ec9be66e4feb6d0d52001555a83b9658d434c7d4457c40f87d53,gx-no-cache=1558548488352 HTTP/1.1" 200 30
186.67.164.138 - - [22/May/2019:15:11:58 -0300] "GET /cormun/servlet/solicitudot?be614c9c601d537b72c71de34a9bb0f582331b7518c9b427b07f1774d8e40ef4e35bfb382d82623d93a690e9fc3451699f0ee59e147774d4f3fadb7902579867,gx-no-cache=1558548488403 HTTP/1.1" 200 30
186.67.164.138 - - [22/May/2019:15:11:58 -0300] "GET /cormun/servlet/solicitudot?be614c9c601d537b72c71de34a9bb0f5f0302bb448e52a5798ce33948f15a993b1d9a2a9491703169e22f61f3fc8ea27,gx-no-cache=1558548488427 HTTP/1.1" 200 45
186.67.164.138 - - [22/May/2019:15:11:58 -0300] "POST /cormun/servlet/solicitudot?gx-no-cache=1558548488459 HTTP/1.1" 200 256
186.67.164.138 - - [22/May/2019:15:11:58 -0300] "GET /cormun/servlet/solicitudot?be614c9c601d537b72c71de34a9bb0f525118d4642742acf2ca36cc447307793b0c57cf811ca9c8331f85dd40e58b677ee5a8c28122e012da73da5bd4e346c147495065c80389a152bb84ea9ef5d4ba5e6ede87486ca9d2ee609233a6e2971954a55b04f642495e5a908e37f369f873400cb6d848b0ca4efb5a58b65fb938bfa81635a10160baebf21e130e59bba71f86123b815f6d6753be4aebe13cd0df53cbeea04111a9b1bdc39981d93f9d95b745283afd0de6ae39b52896db2e0c967a683fb423bd89fafb1d97c603eb679782ac620b8962c4343f9cab08b8657896aa763a1d976e27420857138e0ddd57efc37e1079baea66bee6c1675b58bc82449d3d1c3ce6bd44de9b1559c022e9061182e4d3e0229f00a860afbf59537697b8e2ab7b1139bdde27754f7af9d368739453e0df53bb352fcebb69df2999272ac40e06726f485a72aa52c997f4c70c18c94ce48a5ed04105948e5e098dae9e4638e33fc5c0834801fb05fef5b5a6769dae7f6c4392b3f41c2515016c428d988cb76ec,gx-no-cache=1558548488493 HTTP/1.1" 200 30
186.67.164.138 - - [22/May/2019:15:11:58 -0300] "POST /cormun/servlet/solicitudot?gx-no-cache=1558548488519 HTTP/1.1" 200 30
186.67.164.138 - - [22/May/2019:15:11:58 -0300] "POST /cormun/servlet/solicitudot?gx-no-cache=1558548488558 HTTP/1.1" 200 1343
186.67.164.138 - - [22/May/2019:15:11:58 -0300] "POST /cormun/servlet/solicitudot?gx-no-cache=1558548488599 HTTP/1.1" 200 40
186.67.164.138 - - [22/May/2019:15:11:59 -0300] "GET /cormun/servlet/solicitudot?be614c9c601d537b72c71de34a9bb0f5a33488a8f07840eb5b4d17ff4328b1f7344a65afdcddbc0894114c5d99512749336148b195aff4a1c973e2060159b5ee120e826c0d04ae4cc99bf80bebc8ba89577e04ae680d8deef5bdbf23aedf7b1e811956692d23c5a3512fafe6a019dcf2,gx-no-cache=1558548489523 HTTP/1.1" 200 110
192.168.10.89 - - [22/May/2019:15:12:04 -0300] "GET /cormun/servlet/trrenunciasadjuntos?227,19600735, HTTP/1.1" 200 6288
192.168.10.89 - - [22/May/2019:15:12:05 -0300] "GET /cormun/PublicTempStorage/erick_medel6872538.pdf HTTP/1.1" 200 169686
192.168.10.89 - - [22/May/2019:15:12:05 -0300] "GET /cormun/PublicTempStorage/erick_medel6872538.pdf HTTP/1.1" 304 -
192.168.10.89 - - [22/May/2019:15:12:06 -0300] "POST /cormun/servlet/trrenunciasadjuntos?184d92103ff8f002818aa500f19105b9,227,19600735,,gx-no-cache=1558548173390 HTTP/1.1" 200 90
192.168.10.89 - - [22/May/2019:15:12:06 -0300] "GET /cormun/servlet/hpexe_link HTTP/1.1" 200 977
192.168.10.89 - - [22/May/2019:15:12:07 -0300] "GET /cormun/servlet/trrenunciasgenerales HTTP/1.1" 200 10488
186.67.164.138 - - [22/May/2019:15:12:08 -0300] "POST /cormun/servlet/solicitudot?gx-no-cache=1558548498273 HTTP/1.1" 200 67
186.67.164.138 - - [22/May/2019:15:12:11 -0300] "GET /cormun/servlet/solicitudot?be614c9c601d537b72c71de34a9bb0f56d734d94fc2b3ba741df6b21340b8dd8066b4f927f3dc25167082fe6681aee5291d6fcb1937d16bb57dfe94687c82e8f30d68f4d74d5288ea84034bd61791e57f835901c2de240b0ba369bd4ec86b83a635972e98634d867bc633f8b8f772dc4186203b9524da33c0c2f9f4a1dbfa6a933ba453e57805c91fa9982f39d6915c06cba3a1bd14c0a4c6af9dcdfe6500cd913ee4111a06dbb1e2abee1e09428dca999b458da17c4bee8ef260bca5743db11468972305a73e91772b4a198b81a556c,gx-no-cache=1558548501586 HTTP/1.1" 200 29
186.67.164.138 - - [22/May/2019:15:12:11 -0300] "GET /cormun/servlet/solicitudot?be614c9c601d537b72c71de34a9bb0f5dca6fd51961620228b9606e1c3024599a92e117875d2d443c44159fd3e70c911,gx-no-cache=1558548501645 HTTP/1.1" 200 30
186.67.164.138 - - [22/May/2019:15:12:11 -0300] "POST /cormun/servlet/solicitudot?gx-no-cache=1558548501669 HTTP/1.1" 200 33
186.67.164.138 - - [22/May/2019:15:12:12 -0300] "POST /cormun/servlet/solicitudot?8c6e953b93c94009ff0883bd172fe545,UPD,2019,15621,,gx-no-cache=1558548501739 HTTP/1.1" 200 93
186.67.164.138 - - [22/May/2019:15:12:12 -0300] "GET /cormun/servlet/hpexe_return? HTTP/1.1" 200 1014
186.67.164.138 - - [22/May/2019:15:12:12 -0300] "GET /cormun/servlet/trsolicitudot HTTP/1.1" 200 8833
186.67.164.138 - - [22/May/2019:15:12:13 -0300] "GET /cormun/servlet/trsolicitudot HTTP/1.1" 200 8829
192.168.10.89 - - [22/May/2019:15:12:26 -0300] "GET /cormun/servlet/trrenunciasadjuntos?226,26154797, HTTP/1.1" 200 6297
192.168.10.89 - - [22/May/2019:15:12:27 -0300] "GET /cormun/PublicTempStorage/renuncia_tia_cindy1233337.pdf HTTP/1.1" 200 351416
192.168.10.89 - - [22/May/2019:15:12:27 -0300] "GET /cormun/PublicTempStorage/renuncia_tia_cindy1233337.pdf HTTP/1.1" 304 -
186.67.164.138 - - [22/May/2019:15:12:28 -0300] "POST /cormun/servlet/trsolicitudot?8c6e953b93c94009ff0883bd172fe545,gx-no-cache=1558548517674 HTTP/1.1" 200 5577
186.67.164.138 - - [22/May/2019:15:12:28 -0300] "GET /cormun/static/Shared/jqueryui/images/ui-bg_highlight-soft_100_c6c2c8_1x100.png HTTP/1.1" 404 1117
186.67.164.138 - - [22/May/2019:15:12:28 -0300] "GET /cormun/static/Shared/jqueryui/images/ui-icons_82798d_256x240.png HTTP/1.1" 404 1089
186.67.164.138 - - [22/May/2019:15:12:28 -0300] "GET /cormun/static/Shared/jqueryui/images/ui-bg_flat_55_fafafa_40x100.png HTTP/1.1" 404 1097
186.67.164.138 - - [22/May/2019:15:12:28 -0300] "GET /cormun/static/Shared/jqueryui/images/ui-icons_8d78a5_256x240.png HTTP/1.1" 404 1089
186.67.164.138 - - [22/May/2019:15:12:28 -0300] "POST /cormun/servlet/trsolicitudot?8c6e953b93c94009ff0883bd172fe545,gx-no-cache=1558548518213 HTTP/1.1" 200 5520
192.168.10.89 - - [22/May/2019:15:12:28 -0300] "GET /cormun/PublicTempStorage/renuncia_tia_cindy1233337.pdf HTTP/1.1" 304 -
186.67.164.138 - - [22/May/2019:15:12:29 -0300] "POST /cormun/servlet/trsolicitudot?8c6e953b93c94009ff0883bd172fe545,gx-no-cache=1558548519112 HTTP/1.1" 200 4290
186.67.164.138 - - [22/May/2019:15:12:29 -0300] "POST /cormun/servlet/trsolicitudot?8c6e953b93c94009ff0883bd172fe545,gx-no-cache=1558548519300 HTTP/1.1" 200 4063
200.54.103.162 - - [22/May/2019:15:12:35 -0300] "GET /cormun/servlet/hlogin HTTP/1.1" 200 1724
192.168.10.89 - - [22/May/2019:15:12:38 -0300] "GET /cormun/servlet/trrenunciasadjuntos?226,26154797, HTTP/1.1" 200 6298
192.168.10.89 - - [22/May/2019:15:12:38 -0300] "GET /cormun/PublicTempStorage/renuncia_tia_cindy7388512.pdf HTTP/1.1" 200 351416
192.168.10.89 - - [22/May/2019:15:12:38 -0300] "GET /cormun/PublicTempStorage/renuncia_tia_cindy7388512.pdf HTTP/1.1" 304 -
192.168.10.89 - - [22/May/2019:15:12:41 -0300] "POST /cormun/servlet/trrenunciasadjuntos?184d92103ff8f002818aa500f19105b9,226,26154797,,gx-no-cache=1558548207698 HTTP/1.1" 200 90
192.168.10.89 - - [22/May/2019:15:12:41 -0300] "GET /cormun/servlet/hpexe_link HTTP/1.1" 200 977
192.168.10.89 - - [22/May/2019:15:12:41 -0300] "GET /cormun/servlet/trrenunciasgenerales HTTP/1.1" 200 10488
200.54.103.162 - - [22/May/2019:15:12:41 -0300] "POST /cormun/servlet/hlogin?4e448f28c8bcf7b9e2b110941a1b01d0,gx-no-cache=1558548533916 HTTP/1.1" 200 90
200.54.103.162 - - [22/May/2019:15:12:42 -0300] "GET /cormun/servlet/hpexe_link HTTP/1.1" 200 957
200.54.103.162 - - [22/May/2019:15:12:42 -0300] "GET /cormun/servlet/trcontratounov2? HTTP/1.1" 200 17753
200.54.103.162 - - [22/May/2019:15:12:44 -0300] "GET /cormun/servlet/trcontratounov2? HTTP/1.1" 200 17738
200.54.103.162 - - [22/May/2019:15:12:48 -0300] "GET /cormun/servlet/trlicencias? HTTP/1.1" 200 12920
200.54.103.162 - - [22/May/2019:15:12:48 -0300] "GET /cormun/static/gxcfg.js?20176272054169 HTTP/1.1" 200 953
200.54.103.162 - - [22/May/2019:15:12:48 -0300] "GET /cormun/static/Resources/Spanish/PXTools.css?17315867 HTTP/1.1" 200 89042
200.54.103.162 - - [22/May/2019:15:12:49 -0300] "GET /cormun/static/trlicencias.js?20176272054837 HTTP/1.1" 200 41883
200.54.103.162 - - [22/May/2019:15:12:50 -0300] "GET /cormun//static/Resources/PXToolsGridDisplay.png HTTP/1.1" 200 362
200.54.103.162 - - [22/May/2019:15:12:51 -0300] "GET /cormun/servlet/trlicencias? HTTP/1.1" 200 12919
200.54.103.162 - - [22/May/2019:15:12:53 -0300] "POST /cormun/servlet/trlicencias?4e448f28c8bcf7b9e2b110941a1b01d0,,gx-no-cache=1558548544908 HTTP/1.1" 200 10458
192.168.10.89 - - [22/May/2019:15:13:15 -0300] "GET /cormun/servlet/hlogin HTTP/1.1" 200 1744
200.54.103.162 - - [22/May/2019:15:13:25 -0300] "GET /cormun/static/menuarrow.gif HTTP/1.1" 404 1015
200.54.103.162 - - [22/May/2019:15:13:31 -0300] "POST /cormun/servlet/trlicencias?4e448f28c8bcf7b9e2b110941a1b01d0,,gx-no-cache=1558548582618 HTTP/1.1" 200 13128
200.54.103.162 - - [22/May/2019:15:14:34 -0300] "GET /cormun/servlet/trsolicitudot? HTTP/1.1" 200 8961
200.54.103.162 - - [22/May/2019:15:14:34 -0300] "GET /cormun/static/gxui/gxui-all.css?120300 HTTP/1.1" 200 2179
200.54.103.162 - - [22/May/2019:15:14:34 -0300] "GET /cormun/static/calendar-system.css?85620 HTTP/1.1" 200 5572
200.54.103.162 - - [22/May/2019:15:14:34 -0300] "GET /cormun/static/gxcfg.js?2017111422585916 HTTP/1.1" 200 953
200.54.103.162 - - [22/May/2019:15:14:34 -0300] "GET /cormun/static/Resources/Spanish/PXTools.css?1255365 HTTP/1.1" 200 89042
200.54.103.162 - - [22/May/2019:15:14:34 -0300] "GET /cormun/static/trsolicitudot.js?201711142259839 HTTP/1.1" 200 54041
200.54.103.162 - - [22/May/2019:15:14:34 -0300] "GET /cormun/static/Shared/ext/resources/css/ext-all.css?215870 HTTP/1.1" 200 416045
200.54.103.162 - - [22/May/2019:15:14:36 -0300] "GET /cormun//static/Resources/PXToolsGridUpdate.png HTTP/1.1" 200 2984
200.54.103.162 - - [22/May/2019:15:14:36 -0300] "GET /cormun//static/Resources/PXToolsRemoveAllAction.png HTTP/1.1" 200 3558
200.54.103.162 - - [22/May/2019:15:14:36 -0300] "GET /cormun//static/Resources/PXToolsActionView.png HTTP/1.1" 200 2995
200.54.103.162 - - [22/May/2019:15:14:36 -0300] "GET /cormun/servlet/trsolicitudot? HTTP/1.1" 200 8961
200.54.103.162 - - [22/May/2019:15:14:50 -0300] "POST /cormun/servlet/trsolicitudot?4e448f28c8bcf7b9e2b110941a1b01d0,,gx-no-cache=1558548662153 HTTP/1.1" 200 4738
200.54.103.162 - - [22/May/2019:15:14:50 -0300] "POST /cormun/servlet/trsolicitudot?4e448f28c8bcf7b9e2b110941a1b01d0,,gx-no-cache=1558548662476 HTTP/1.1" 200 4527
200.54.103.162 - - [22/May/2019:15:14:54 -0300] "GET /cormun/servlet/trlicencias? HTTP/1.1" 200 15329
200.54.103.162 - - [22/May/2019:15:14:56 -0300] "GET /cormun/servlet/trlicencias? HTTP/1.1" 200 15355
200.54.103.162 - - [22/May/2019:15:15:31 -0300] "GET /cormun/servlet/licenciaspermisos?INS,0,,, HTTP/1.1" 200 7873
200.54.103.162 - - [22/May/2019:15:15:31 -0300] "GET /cormun/static/gxcfg.js?201762917281167 HTTP/1.1" 200 953
200.54.103.162 - - [22/May/2019:15:15:31 -0300] "GET /cormun/static/Resources/prompt.gif HTTP/1.1" 200 902
200.54.103.162 - - [22/May/2019:15:15:31 -0300] "GET /cormun/static/licenciaspermisos.js?201762917281260 HTTP/1.1" 200 37491
190.171.154.42 - - [22/May/2019:15:15:31 -0300] "GET /cormun/static/menuarrow.gif HTTP/1.1" 404 1015
200.54.103.162 - - [22/May/2019:15:15:32 -0300] "GET /cormun/servlet/licenciaspermisos?INS,0,,, HTTP/1.1" 200 7881
200.54.103.162 - - [22/May/2019:15:15:43 -0300] "GET /cormun/servlet/licenciaspermisos?455697d8b8438dc813df88d5ae4efbd98a9b3a7d0756c30d3ffdded449b192f8191d84a9922bc9834ce866c99e0165dc,gx-no-cache=1558548715923 HTTP/1.1" 200 94
200.54.103.162 - - [22/May/2019:15:15:44 -0300] "POST /cormun/servlet/licenciaspermisos?4e448f28c8bcf7b9e2b110941a1b01d0,INS,0,,,,gx-no-cache=1558548715989 HTTP/1.1" 200 4957
190.171.154.42 - - [22/May/2019:15:16:09 -0300] "POST /cormun/servlet/licenciaspermisos?7166e83913459b9c63ac2f5657bb96f8,INS,0,,,,gx-no-cache=1558548739425 HTTP/1.1" 200 90
190.171.154.42 - - [22/May/2019:15:16:09 -0300] "GET /cormun/servlet/hpexe_link HTTP/1.1" 200 987
190.171.154.42 - - [22/May/2019:15:16:10 -0300] "GET /cormun/servlet/trlicencias?gx-no-cache=1558547945887 HTTP/1.1" 200 13856
190.171.154.42 - - [22/May/2019:15:16:12 -0300] "GET /cormun/servlet/trlicencias?gx-no-cache=1558547945887 HTTP/1.1" 200 13876
207.46.13.1 - - [22/May/2019:15:16:41 -0300] "GET /cormun/servlet/trlicenciaspermisoslog?24578941,L,20190107000000,_escaped_fragment_%3D HTTP/1.1" 200 5338
190.171.154.42 - - [22/May/2019:15:17:19 -0300] "GET /cormun/servlet/licenciaspermisos?DSP,17909060,L,20190517000000, HTTP/1.1" 200 7435
190.171.154.42 - - [22/May/2019:15:17:21 -0300] "GET /cormun/servlet/licenciaspermisos?DSP,17909060,L,20190517000000, HTTP/1.1" 200 7413
157.55.39.218 - - [22/May/2019:15:17:25 -0300] "GET /cormun/static/SmoothNavMenu/resources/ddsmoothmenu.js HTTP/1.1" 200 12712
157.55.39.86 - - [22/May/2019:15:17:29 -0300] "GET /cormun/static/hpexe_messagepopupcomponent.js?20161017169425 HTTP/1.1" 200 605
207.46.13.1 - - [22/May/2019:15:17:35 -0300] "GET /cormun/static/solicitudot.js?20189101114718 HTTP/1.1" 200 71883
157.55.39.43 - - [22/May/2019:15:17:38 -0300] "GET /robots.txt HTTP/1.1" 404 981
200.54.103.162 - - [22/May/2019:15:17:41 -0300] "GET /cormun/static/menuarrow.gif HTTP/1.1" 404 1015
190.171.154.42 - - [22/May/2019:15:18:02 -0300] "GET /cormun/servlet/trlicencias? HTTP/1.1" 200 13856
190.171.154.42 - - [22/May/2019:15:18:04 -0300] "GET /cormun/servlet/trlicencias? HTTP/1.1" 200 13854
190.171.154.42 - - [22/May/2019:15:18:08 -0300] "GET /cormun/servlet/licenciaspermisos?INS,0,,, HTTP/1.1" 200 7861
190.171.154.42 - - [22/May/2019:15:18:09 -0300] "GET /cormun/servlet/licenciaspermisos?INS,0,,, HTTP/1.1" 200 7869
190.171.154.42 - - [22/May/2019:15:18:15 -0300] "GET /cormun/servlet/prfichaempleado?,MD,,gxPopupLevel%3D0%3B HTTP/1.1" 200 9424
190.171.154.42 - - [22/May/2019:15:18:23 -0300] "POST /cormun/servlet/prfichaempleado?7166e83913459b9c63ac2f5657bb96f8,,MD,,gxPopupLevel%3D0%3B,gx-no-cache=1558548873329 HTTP/1.1" 200 3430
190.171.154.42 - - [22/May/2019:15:18:27 -0300] "GET /cormun/servlet/licenciaspermisos?348699b8464a1b7d608c756ecb62dc5edc5b361896dfb96f75407e26fd0b6de06b6ab86ee7405d7b7c5a8b6512a4ce8b,gx-no-cache=1558548877633 HTTP/1.1" 200 98
190.171.154.42 - - [22/May/2019:15:18:27 -0300] "POST /cormun/servlet/licenciaspermisos?7166e83913459b9c63ac2f5657bb96f8,INS,0,,,,gx-no-cache=1558548877696 HTTP/1.1" 200 4963
207.46.13.168 - - [22/May/2019:15:18:43 -0300] "GET /cormun/static/SmoothNavMenu/resources/ddsmoothmenu-v.css?1012540 HTTP/1.1" 200 1188
190.171.154.42 - - [22/May/2019:15:19:07 -0300] "GET /cormun/static/menuarrow.gif HTTP/1.1" 404 1015
200.54.103.162 - - [22/May/2019:15:19:47 -0300] "GET /cormun/servlet/licenciaspermisos?455697d8b8438dc813df88d5ae4efbd9a6f2f4b04d637f74b129e3624f590a50c29ac871f23f7f3016c8ee672300cdfc36871d7897c1bee935bacd912e69cc9f668e1fef20bf6ff69a9e92a9150f24ee17815cc7aa4d6ff01a3296e1fe21c915c84b23915f4c2505e7ad64f6a7c62226e9914c55724f29ac37bc496fbfc13a34466baa8e3d8ad8f73fc7a151cb3d97dd0dd829d2d821ec3712720cbea9c162a9948b43e03f46a3103f01d43f9b9ebf34,gx-no-cache=1558548959080 HTTP/1.1" 200 30
