190.171.153.26 - - [15/May/2019:09:08:27 -0300] "GET /cormun/static/permisosadjuntos.js?201762717441184 HTTP/1.1" 200 8724
190.171.153.26 - - [15/May/2019:09:08:27 -0300] "GET /cormun/static/about:blank HTTP/1.1" 404 1011
190.171.153.26 - - [15/May/2019:09:08:27 -0300] "GET /cormun/servlet/permisosadjuntos?INS,15731222,P,20190514170347,, HTTP/1.1" 200 5633
186.67.164.138 - - [15/May/2019:09:08:29 -0300] "GET /cormun/servlet/solicitudot?INS,0,0, HTTP/1.1" 200 15053
186.67.164.138 - - [15/May/2019:09:08:30 -0300] "GET /cormun/servlet/solicitudot?INS,0,0, HTTP/1.1" 200 15057
186.67.164.138 - - [15/May/2019:09:08:40 -0300] "POST /cormun/servlet/solicitudot?gx-no-cache=1557921891153 HTTP/1.1" 200 3459
186.67.164.138 - - [15/May/2019:09:08:41 -0300] "POST /cormun/servlet/solicitudot?d210e584da522abaed0f5a2145a1d8c1,INS,0,0,,gx-no-cache=1557921891913 HTTP/1.1" 200 11701
186.67.164.138 - - [15/May/2019:09:08:44 -0300] "GET /cormun/servlet/solicitudot?df03fb6028daee940b4930bf5fdab9e8384950c3086c086811fa666525344f6ae8d1e9bf530a5e20ac75fe89dccf9a4f,gx-no-cache=1557921895480 HTTP/1.1" 200 30
87.98.145.79 - - [15/May/2019:09:09:04 -0300] "GET /manager/html HTTP/1.1" 401 2474
190.171.153.26 - - [15/May/2019:09:09:21 -0300] "POST /cormun/servlet/permisosadjuntos?4caec2a6a0d90d1baa60d585fbba5e1c,INS,15731222,P,20190514170347,, HTTP/1.1" 200 116
190.171.153.26 - - [15/May/2019:09:09:21 -0300] "GET /cormun/servlet/hpexe_return? HTTP/1.1" 200 1042
190.171.153.26 - - [15/May/2019:09:09:21 -0300] "GET /cormun/static/gxcfg.js?2016101716175148 HTTP/1.1" 200 953
190.171.153.26 - - [15/May/2019:09:09:21 -0300] "GET /cormun/static/hpexe_return.js?2016101716175153 HTTP/1.1" 200 1633
190.171.153.26 - - [15/May/2019:09:09:21 -0300] "GET /cormun/static/Resources/Spanish/PXTools.css?167811 HTTP/1.1" 200 89042
190.171.153.26 - - [15/May/2019:09:09:22 -0300] "GET /cormun/servlet/trpermisosadjuntos?15731222,20190514170347,P, HTTP/1.1" 200 6792
190.171.153.26 - - [15/May/2019:09:09:23 -0300] "GET /cormun/servlet/trpermisosadjuntos?15731222,20190514170347,P, HTTP/1.1" 200 6789
190.171.153.26 - - [15/May/2019:09:09:23 -0300] "GET /cormun/PublicTempStorage/sandro_calderon19503.pdf HTTP/1.1" 200 98304
190.171.153.26 - - [15/May/2019:09:09:30 -0300] "GET /cormun/servlet/hpexe_return? HTTP/1.1" 200 1038
190.171.153.26 - - [15/May/2019:09:09:30 -0300] "GET /cormun/servlet/trpermisosgoce HTTP/1.1" 200 9081
190.171.153.26 - - [15/May/2019:09:09:31 -0300] "GET /cormun/servlet/trpermisosgoce HTTP/1.1" 200 9077
190.171.153.26 - - [15/May/2019:09:09:36 -0300] "POST /cormun/servlet/trpermisosgoce?4caec2a6a0d90d1baa60d585fbba5e1c,gx-no-cache=1557921943066 HTTP/1.1" 200 6286
190.171.153.26 - - [15/May/2019:09:09:37 -0300] "GET /cormun/static/Shared/jqueryui/images/ui-bg_flat_55_fafafa_40x100.png HTTP/1.1" 404 1097
190.171.153.26 - - [15/May/2019:09:09:37 -0300] "GET /cormun/static/Shared/jqueryui/images/ui-icons_8d78a5_256x240.png HTTP/1.1" 404 1089
190.171.153.26 - - [15/May/2019:09:09:37 -0300] "GET /cormun/static/Shared/jqueryui/images/ui-bg_highlight-soft_100_c6c2c8_1x100.png HTTP/1.1" 404 1117
190.171.153.26 - - [15/May/2019:09:09:37 -0300] "GET /cormun/static/Shared/jqueryui/images/ui-icons_82798d_256x240.png HTTP/1.1" 404 1089
186.67.164.138 - - [15/May/2019:09:09:52 -0300] "GET /cormun/servlet/prbanco?,MD,,gxPopupLevel%3D0%3B HTTP/1.1" 200 6610
186.67.164.138 - - [15/May/2019:09:09:52 -0300] "GET /cormun/static/gxcfg.js?20181161016094 HTTP/1.1" 200 953
186.67.164.138 - - [15/May/2019:09:09:53 -0300] "GET /cormun/static/prbanco.js?2018116101633 HTTP/1.1" 200 10693
186.67.164.138 - - [15/May/2019:09:10:08 -0300] "GET /cormun/servlet/solicitudot?df03fb6028daee940b4930bf5fdab9e8d270eb07ccee46e5240445a525fc095d32da28ae386b497cec3f285727485675aac92ceb97ff6bf5860797fd311ab566,gx-no-cache=1557921979464 HTTP/1.1" 200 30
186.67.164.138 - - [15/May/2019:09:10:10 -0300] "GET /cormun/servlet/solicitudot?df03fb6028daee940b4930bf5fdab9e85e59655cf3fde86181fc95e79fce9d85,gx-no-cache=1557921981335 HTTP/1.1" 200 53
186.67.164.138 - - [15/May/2019:09:10:28 -0300] "POST /cormun/servlet/solicitudot?gx-no-cache=1557921999327 HTTP/1.1" 200 297
186.67.164.138 - - [15/May/2019:09:10:28 -0300] "GET /cormun/servlet/solicitudot?df03fb6028daee940b4930bf5fdab9e8c077d121d7728d543de28d3f1dbadc248012337099d17d2d6bff3a087fbf363af96bcbb6c9414085b8f5f883a880a593a36fceac024869567816e6950f49b7707a48001e339e379c01d5af667ec5cdef4f7b6f3124c3a3ac5a8dd1d9bd91ac24b2a2a1fb9e7c1724bea45e5c536d6073f44ba4024c84daea8fdbbcc273a5689e7e6909ef9018f3a7b796ff6c881e10283d47c70e8b2cea951d81e9b400a37f5fd2bb2bc51001779201d634fe2ffa2e895e4e9286ce60350c584e5ce3692d3955d71ae0f613b508df8cf2951b4503c5a824cede3d5db6e5d89321eafd159d8a81c9e6171a3f560c0f1902cf2865e23fa71a0d7de972eebded0e93850e4fc460b3f28601b74e5e0be6016967db22985b7d3b7e0d12f314fe6cbbbb0b1f252cfcee5d9146b585925b0092e9a3863325bbb9ab792cf5eebb2495c782572ccc781dde3af78c6809f8350f15daf8dbeaabdfd305abd79f3c790dc1386bff0cfdb8908e1dcc357281e0c02635bcc19cb97cd644809b051f05d76f796980b43fd17c9a12,gx-no-cache=1557921999484 HTTP/1.1" 200 30
186.67.164.138 - - [15/May/2019:09:10:30 -0300] "POST /cormun/servlet/solicitudot?gx-no-cache=1557922001134 HTTP/1.1" 200 30
186.67.164.138 - - [15/May/2019:09:10:32 -0300] "POST /cormun/servlet/solicitudot?gx-no-cache=1557922003089 HTTP/1.1" 200 1341
186.67.164.138 - - [15/May/2019:09:10:32 -0300] "POST /cormun/servlet/solicitudot?gx-no-cache=1557922003234 HTTP/1.1" 200 38
87.98.145.79 - - [15/May/2019:09:10:35 -0300] "GET /manager/html HTTP/1.1" 401 2474
190.171.149.74 - - [15/May/2019:09:10:35 -0300] "GET /cormun/servlet/hlogin HTTP/1.1" 200 1723
190.171.149.74 - - [15/May/2019:09:10:41 -0300] "POST /cormun/servlet/hlogin?d6af690f2d186e54a9c67713c89f14ce,gx-no-cache=1557918411888 HTTP/1.1" 200 90
190.171.149.74 - - [15/May/2019:09:10:42 -0300] "GET /cormun/servlet/hpexe_link HTTP/1.1" 200 950
190.171.149.74 - - [15/May/2019:09:10:42 -0300] "GET /cormun/servlet/hhome HTTP/1.1" 200 4059
190.171.149.74 - - [15/May/2019:09:10:46 -0300] "GET /cormun/servlet/hhome HTTP/1.1" 200 4054
190.171.149.74 - - [15/May/2019:09:10:56 -0300] "GET /cormun/servlet/trlicencias? HTTP/1.1" 200 9661
190.171.149.74 - - [15/May/2019:09:11:00 -0300] "GET /cormun/servlet/trlicencias? HTTP/1.1" 200 9658
186.67.164.138 - - [15/May/2019:09:11:13 -0300] "GET /cormun/servlet/solicitudot?df03fb6028daee940b4930bf5fdab9e882e093bd08c9b97361ec742d464ebde87e8a1ed66d2e9ea57fe58ad2baec7be70b3a4288748b651c708d2904164f592afbf5e00c215b57c813fd58cfa4d76e18a76245a3e62a7a9869b1ba9f9aee28829338fece31c7d641c6a27c1fef0f040c,gx-no-cache=1557922044357 HTTP/1.1" 200 110
190.171.149.74 - - [15/May/2019:09:11:14 -0300] "POST /cormun/servlet/trlicencias?d6af690f2d186e54a9c67713c89f14ce,,gx-no-cache=1557918444418 HTTP/1.1" 200 7025
186.67.164.138 - - [15/May/2019:09:11:17 -0300] "POST /cormun/servlet/solicitudot?gx-no-cache=1557922048730 HTTP/1.1" 200 72
186.67.164.138 - - [15/May/2019:09:11:23 -0300] "GET /cormun/servlet/solicitudot?df03fb6028daee940b4930bf5fdab9e8ca76fa09390f380dccde0507ec9fe216cf67596f3f84cb8800b53ad0c7233e6ab50a029a7ec49e30c3d3afc5f8e23bf241c58911f75ed221960cdbe02262417cbb3e9d9d8ab266cfff20a219d82611e01396c2cb59cb483ef3f9648e76b318ef,gx-no-cache=1557922054146 HTTP/1.1" 200 29
186.67.164.138 - - [15/May/2019:09:11:23 -0300] "GET /cormun/static/menuarrow.gif HTTP/1.1" 404 1015
186.67.172.234 - - [15/May/2019:09:11:25 -0300] "GET /cormun/servlet/trlicencias HTTP/1.1" 200 8674
186.67.164.138 - - [15/May/2019:09:11:26 -0300] "GET /cormun/servlet/solicitudot?df03fb6028daee940b4930bf5fdab9e855022f73feef1df6c776ef101b6392826f3de68ce4cdfbd12f54e67528142c64,gx-no-cache=1557922057238 HTTP/1.1" 200 30
186.67.172.234 - - [15/May/2019:09:11:27 -0300] "GET /cormun/servlet/trlicencias HTTP/1.1" 200 8685
186.67.172.234 - - [15/May/2019:09:11:27 -0300] "GET /cormun/servlet/hlogin HTTP/1.1" 200 1738
186.67.164.138 - - [15/May/2019:09:11:31 -0300] "POST /cormun/servlet/solicitudot?gx-no-cache=1557922062545 HTTP/1.1" 200 30
186.67.172.234 - - [15/May/2019:09:11:41 -0300] "POST /cormun/servlet/hlogin?cdc8b617a560aed4e0ec9c5904dd3a4a,gx-no-cache=1557918476812 HTTP/1.1" 200 90
186.67.172.234 - - [15/May/2019:09:11:42 -0300] "GET /cormun/servlet/hpexe_link HTTP/1.1" 200 955
186.67.172.234 - - [15/May/2019:09:11:42 -0300] "GET /cormun/servlet/trlicencias HTTP/1.1" 200 14045
186.67.172.234 - - [15/May/2019:09:11:43 -0300] "GET /cormun/servlet/trlicencias HTTP/1.1" 200 14042
186.67.164.138 - - [15/May/2019:09:11:46 -0300] "POST /cormun/servlet/solicitudot?d210e584da522abaed0f5a2145a1d8c1,INS,0,0,,gx-no-cache=1557922077200 HTTP/1.1" 200 93
186.67.164.138 - - [15/May/2019:09:11:47 -0300] "GET /cormun/servlet/hpexe_return? HTTP/1.1" 200 1003
186.67.164.138 - - [15/May/2019:09:11:47 -0300] "GET /cormun/servlet/trsolicitudot? HTTP/1.1" 200 25620
186.67.164.138 - - [15/May/2019:09:11:49 -0300] "GET /cormun/servlet/trsolicitudot? HTTP/1.1" 200 25616
186.67.172.234 - - [15/May/2019:09:11:53 -0300] "GET /cormun/servlet/trpermisosgoce? HTTP/1.1" 200 15151
186.67.172.234 - - [15/May/2019:09:11:53 -0300] "GET /cormun/servlet/trpermisosgoce? HTTP/1.1" 200 15151
186.67.164.138 - - [15/May/2019:09:12:03 -0300] "GET /cormun/servlet/hlogin HTTP/1.1" 200 1718
87.98.145.79 - - [15/May/2019:09:12:08 -0300] "GET /manager/html HTTP/1.1" 401 2474
186.67.164.138 - - [15/May/2019:09:12:09 -0300] "POST /cormun/servlet/hlogin?d210e584da522abaed0f5a2145a1d8c1,gx-no-cache=1557922100023 HTTP/1.1" 200 90
186.67.164.138 - - [15/May/2019:09:12:09 -0300] "GET /cormun/servlet/hpexe_link HTTP/1.1" 200 954
186.67.164.138 - - [15/May/2019:09:12:10 -0300] "GET /cormun/servlet/trsolicitudot HTTP/1.1" 200 25617
186.67.164.138 - - [15/May/2019:09:12:11 -0300] "GET /cormun/servlet/trsolicitudot HTTP/1.1" 200 25615
186.67.164.138 - - [15/May/2019:09:12:18 -0300] "POST /cormun/servlet/trsolicitudot?d210e584da522abaed0f5a2145a1d8c1,gx-no-cache=1557922108958 HTTP/1.1" 200 6140
186.67.164.138 - - [15/May/2019:09:12:50 -0300] "POST /cormun/servlet/trsolicitudot?d210e584da522abaed0f5a2145a1d8c1,gx-no-cache=1557922139530 HTTP/1.1" 200 107
186.67.164.138 - - [15/May/2019:09:12:50 -0300] "GET /cormun/servlet/trsolicitudadjuntos?2019,15595, HTTP/1.1" 200 6150
186.67.164.138 - - [15/May/2019:09:12:51 -0300] "GET /cormun/servlet/trsolicitudadjuntos?2019,15595, HTTP/1.1" 200 6150
186.67.164.138 - - [15/May/2019:09:12:54 -0300] "GET /cormun/servlet/solicitudotadjuntos?INS,2019,15595,,1, HTTP/1.1" 200 6093
186.67.164.138 - - [15/May/2019:09:12:54 -0300] "GET /cormun/static/about:blank HTTP/1.1" 404 1011
186.67.164.138 - - [15/May/2019:09:12:55 -0300] "GET /cormun/servlet/solicitudotadjuntos?INS,2019,15595,,1, HTTP/1.1" 200 6087
186.67.164.138 - - [15/May/2019:09:12:55 -0300] "GET /cormun/servlet/solicitudotadjuntos?df03fb6028daee940b4930bf5fdab9e82e8d7cb62882b3fee38e7c5b4ba1a42ab2b8ca8d90168be3406c2d661c25d207,gx-no-cache=1557922146311 HTTP/1.1" 200 30
186.67.164.138 - - [15/May/2019:09:12:55 -0300] "POST /cormun/servlet/solicitudotadjuntos?d210e584da522abaed0f5a2145a1d8c1,INS,2019,15595,,1,,gx-no-cache=1557922146398 HTTP/1.1" 200 3868
186.67.164.138 - - [15/May/2019:09:12:58 -0300] "POST /cormun/servlet/solicitudotadjuntos?gx-no-cache=1557922149373 HTTP/1.1" 200 26
186.67.164.138 - - [15/May/2019:09:13:22 -0300] "GET /cormun/servlet/solicitudotadjuntos?df03fb6028daee940b4930bf5fdab9e8866e716979ad0813dd0488f6d8c80b7b,gx-no-cache=1557922172566 HTTP/1.1" 200 30
186.67.164.138 - - [15/May/2019:09:13:22 -0300] "GET /cormun/servlet/solicitudotadjuntos?df03fb6028daee940b4930bf5fdab9e8866e716979ad0813dd0488f6d8c80b7b,gx-no-cache=1557922173047 HTTP/1.1" 200 30
186.67.164.138 - - [15/May/2019:09:13:24 -0300] "POST /cormun/servlet/solicitudotadjuntos?d210e584da522abaed0f5a2145a1d8c1,INS,2019,15595,,1, HTTP/1.1" 200 116
186.67.164.138 - - [15/May/2019:09:13:25 -0300] "GET /cormun/servlet/hpexe_return? HTTP/1.1" 200 1023
186.67.164.138 - - [15/May/2019:09:13:25 -0300] "GET /cormun/servlet/trsolicitudadjuntos?2019,15595, HTTP/1.1" 200 8774
186.67.164.138 - - [15/May/2019:09:13:26 -0300] "GET /cormun/servlet/trsolicitudadjuntos?2019,15595, HTTP/1.1" 200 8769
186.67.164.138 - - [15/May/2019:09:13:28 -0300] "GET /cormun/servlet/solicitudotadjuntos?INS,2019,15595,,1, HTTP/1.1" 200 6093
186.67.164.138 - - [15/May/2019:09:13:28 -0300] "GET /cormun/static/about:blank HTTP/1.1" 404 1011
186.67.164.138 - - [15/May/2019:09:13:28 -0300] "GET /cormun/servlet/solicitudotadjuntos?INS,2019,15595,,1, HTTP/1.1" 200 6087
186.67.164.138 - - [15/May/2019:09:13:29 -0300] "GET /cormun/servlet/solicitudotadjuntos?df03fb6028daee940b4930bf5fdab9e82e8d7cb62882b3fee38e7c5b4ba1a42ab2b8ca8d90168be3406c2d661c25d207,gx-no-cache=1557922180098 HTTP/1.1" 200 30
186.67.164.138 - - [15/May/2019:09:13:30 -0300] "POST /cormun/servlet/solicitudotadjuntos?d210e584da522abaed0f5a2145a1d8c1,INS,2019,15595,,1,,gx-no-cache=1557922180232 HTTP/1.1" 200 3868
186.67.164.138 - - [15/May/2019:09:13:31 -0300] "POST /cormun/servlet/solicitudotadjuntos?gx-no-cache=1557922182367 HTTP/1.1" 200 26
186.67.164.138 - - [15/May/2019:09:13:35 -0300] "GET /cormun/servlet/solicitudotadjuntos?df03fb6028daee940b4930bf5fdab9e8866e716979ad0813dd0488f6d8c80b7b,gx-no-cache=1557922186739 HTTP/1.1" 200 30
186.67.164.138 - - [15/May/2019:09:13:36 -0300] "GET /cormun/servlet/solicitudotadjuntos?df03fb6028daee940b4930bf5fdab9e8866e716979ad0813dd0488f6d8c80b7b,gx-no-cache=1557922186878 HTTP/1.1" 200 30
87.98.145.79 - - [15/May/2019:09:13:40 -0300] "GET /manager/html HTTP/1.1" 401 2474
186.67.164.138 - - [15/May/2019:09:13:45 -0300] "POST /cormun/servlet/solicitudotadjuntos?d210e584da522abaed0f5a2145a1d8c1,INS,2019,15595,,1, HTTP/1.1" 200 116
186.67.164.138 - - [15/May/2019:09:13:45 -0300] "GET /cormun/servlet/hpexe_return? HTTP/1.1" 200 1023
186.67.164.138 - - [15/May/2019:09:13:45 -0300] "GET /cormun/servlet/trsolicitudadjuntos?2019,15595, HTTP/1.1" 200 8989
186.67.164.138 - - [15/May/2019:09:13:46 -0300] "GET /cormun/servlet/trsolicitudadjuntos?2019,15595, HTTP/1.1" 200 8984
186.67.164.138 - - [15/May/2019:09:13:48 -0300] "GET /cormun/servlet/solicitudotadjuntos?INS,2019,15595,,1, HTTP/1.1" 200 6093
186.67.164.138 - - [15/May/2019:09:13:49 -0300] "GET /cormun/static/about:blank HTTP/1.1" 404 1011
186.67.164.138 - - [15/May/2019:09:13:49 -0300] "GET /cormun/servlet/solicitudotadjuntos?INS,2019,15595,,1, HTTP/1.1" 200 6087
186.67.164.138 - - [15/May/2019:09:13:50 -0300] "GET /cormun/servlet/solicitudotadjuntos?df03fb6028daee940b4930bf5fdab9e82e8d7cb62882b3fee38e7c5b4ba1a42ab2b8ca8d90168be3406c2d661c25d207,gx-no-cache=1557922200812 HTTP/1.1" 200 30
186.67.164.138 - - [15/May/2019:09:13:50 -0300] "POST /cormun/servlet/solicitudotadjuntos?d210e584da522abaed0f5a2145a1d8c1,INS,2019,15595,,1,,gx-no-cache=1557922200927 HTTP/1.1" 200 3868
186.67.164.138 - - [15/May/2019:09:13:54 -0300] "POST /cormun/servlet/solicitudotadjuntos?gx-no-cache=1557922204049 HTTP/1.1" 200 26
186.67.164.138 - - [15/May/2019:09:14:00 -0300] "GET /cormun/servlet/solicitudotadjuntos?df03fb6028daee940b4930bf5fdab9e8866e716979ad0813dd0488f6d8c80b7b,gx-no-cache=1557922210802 HTTP/1.1" 200 30
186.67.164.138 - - [15/May/2019:09:14:00 -0300] "GET /cormun/servlet/solicitudotadjuntos?df03fb6028daee940b4930bf5fdab9e8866e716979ad0813dd0488f6d8c80b7b,gx-no-cache=1557922211277 HTTP/1.1" 200 30
186.67.164.138 - - [15/May/2019:09:14:29 -0300] "POST /cormun/servlet/solicitudotadjuntos?d210e584da522abaed0f5a2145a1d8c1,INS,2019,15595,,1, HTTP/1.1" 200 116
186.67.164.138 - - [15/May/2019:09:14:29 -0300] "GET /cormun/servlet/hpexe_return? HTTP/1.1" 200 1023
186.67.164.138 - - [15/May/2019:09:14:30 -0300] "GET /cormun/servlet/trsolicitudadjuntos?2019,15595, HTTP/1.1" 200 9175
186.67.164.138 - - [15/May/2019:09:14:32 -0300] "GET /cormun/servlet/trsolicitudadjuntos?2019,15595, HTTP/1.1" 200 9172
186.67.164.138 - - [15/May/2019:09:14:35 -0300] "GET /cormun/servlet/solicitudotadjuntos?INS,2019,15595,,1, HTTP/1.1" 200 6092
186.67.164.138 - - [15/May/2019:09:14:36 -0300] "GET /cormun/static/about:blank HTTP/1.1" 404 1011
186.67.164.138 - - [15/May/2019:09:14:36 -0300] "GET /cormun/servlet/solicitudotadjuntos?INS,2019,15595,,1, HTTP/1.1" 200 6086
186.67.164.138 - - [15/May/2019:09:14:36 -0300] "GET /cormun/servlet/solicitudotadjuntos?df03fb6028daee940b4930bf5fdab9e82e8d7cb62882b3fee38e7c5b4ba1a42ab2b8ca8d90168be3406c2d661c25d207,gx-no-cache=1557922247456 HTTP/1.1" 200 30
186.67.164.138 - - [15/May/2019:09:14:37 -0300] "POST /cormun/servlet/solicitudotadjuntos?d210e584da522abaed0f5a2145a1d8c1,INS,2019,15595,,1,,gx-no-cache=1557922247591 HTTP/1.1" 200 3867
186.67.164.138 - - [15/May/2019:09:14:40 -0300] "POST /cormun/servlet/solicitudotadjuntos?gx-no-cache=1557922251565 HTTP/1.1" 200 26
186.67.164.138 - - [15/May/2019:09:14:46 -0300] "GET /cormun/servlet/solicitudotadjuntos?df03fb6028daee940b4930bf5fdab9e8866e716979ad0813dd0488f6d8c80b7b,gx-no-cache=1557922257261 HTTP/1.1" 200 30
186.67.164.138 - - [15/May/2019:09:14:46 -0300] "GET /cormun/servlet/solicitudotadjuntos?df03fb6028daee940b4930bf5fdab9e8866e716979ad0813dd0488f6d8c80b7b,gx-no-cache=1557922257401 HTTP/1.1" 200 30
186.67.164.138 - - [15/May/2019:09:15:13 -0300] "POST /cormun/servlet/solicitudotadjuntos?d210e584da522abaed0f5a2145a1d8c1,INS,2019,15595,,1, HTTP/1.1" 200 116
186.67.164.138 - - [15/May/2019:09:15:14 -0300] "GET /cormun/servlet/hpexe_return? HTTP/1.1" 200 1023
186.67.164.138 - - [15/May/2019:09:15:14 -0300] "GET /cormun/servlet/trsolicitudadjuntos?2019,15595, HTTP/1.1" 200 9401
186.67.164.138 - - [15/May/2019:09:15:16 -0300] "GET /cormun/servlet/trsolicitudadjuntos?2019,15595, HTTP/1.1" 200 9402
186.67.164.138 - - [15/May/2019:09:15:18 -0300] "GET /cormun/servlet/solicitudotadjuntos?INS,2019,15595,,1, HTTP/1.1" 200 6093
186.67.164.138 - - [15/May/2019:09:15:18 -0300] "GET /cormun/static/about:blank HTTP/1.1" 404 1011
186.67.164.138 - - [15/May/2019:09:15:19 -0300] "GET /cormun/servlet/solicitudotadjuntos?INS,2019,15595,,1, HTTP/1.1" 200 6087
87.98.145.79 - - [15/May/2019:09:15:19 -0300] "GET /manager/html HTTP/1.1" 401 2474
186.67.164.138 - - [15/May/2019:09:15:19 -0300] "GET /cormun/servlet/solicitudotadjuntos?df03fb6028daee940b4930bf5fdab9e82e8d7cb62882b3fee38e7c5b4ba1a42ab2b8ca8d90168be3406c2d661c25d207,gx-no-cache=1557922290398 HTTP/1.1" 200 30
186.67.164.138 - - [15/May/2019:09:15:20 -0300] "POST /cormun/servlet/solicitudotadjuntos?d210e584da522abaed0f5a2145a1d8c1,INS,2019,15595,,1,,gx-no-cache=1557922290938 HTTP/1.1" 200 3868
186.67.164.138 - - [15/May/2019:09:15:23 -0300] "POST /cormun/servlet/solicitudotadjuntos?gx-no-cache=1557922294492 HTTP/1.1" 200 26
186.67.164.138 - - [15/May/2019:09:15:30 -0300] "GET /cormun/servlet/solicitudotadjuntos?df03fb6028daee940b4930bf5fdab9e8866e716979ad0813dd0488f6d8c80b7b,gx-no-cache=1557922301461 HTTP/1.1" 200 30
186.67.164.138 - - [15/May/2019:09:15:30 -0300] "GET /cormun/servlet/solicitudotadjuntos?df03fb6028daee940b4930bf5fdab9e8866e716979ad0813dd0488f6d8c80b7b,gx-no-cache=1557922301603 HTTP/1.1" 200 30
186.67.164.138 - - [15/May/2019:09:16:20 -0300] "POST /cormun/servlet/solicitudotadjuntos?d210e584da522abaed0f5a2145a1d8c1,INS,2019,15595,,1, HTTP/1.1" 200 116
186.67.164.138 - - [15/May/2019:09:16:20 -0300] "GET /cormun/servlet/hpexe_return? HTTP/1.1" 200 1023
186.67.164.138 - - [15/May/2019:09:16:21 -0300] "GET /cormun/servlet/trsolicitudadjuntos?2019,15595, HTTP/1.1" 200 9660
186.67.164.138 - - [15/May/2019:09:16:23 -0300] "GET /cormun/servlet/trsolicitudadjuntos?2019,15595, HTTP/1.1" 200 9660
186.67.164.138 - - [15/May/2019:09:16:26 -0300] "GET /cormun/servlet/solicitudotadjuntos?INS,2019,15595,,1, HTTP/1.1" 200 6092
186.67.164.138 - - [15/May/2019:09:16:27 -0300] "GET /cormun/static/about:blank HTTP/1.1" 404 1011
186.67.164.138 - - [15/May/2019:09:16:27 -0300] "GET /cormun/servlet/solicitudotadjuntos?INS,2019,15595,,1, HTTP/1.1" 200 6086
186.67.164.138 - - [15/May/2019:09:16:28 -0300] "GET /cormun/servlet/solicitudotadjuntos?df03fb6028daee940b4930bf5fdab9e82e8d7cb62882b3fee38e7c5b4ba1a42ab2b8ca8d90168be3406c2d661c25d207,gx-no-cache=1557922358875 HTTP/1.1" 200 30
186.67.164.138 - - [15/May/2019:09:16:28 -0300] "POST /cormun/servlet/solicitudotadjuntos?d210e584da522abaed0f5a2145a1d8c1,INS,2019,15595,,1,,gx-no-cache=1557922359316 HTTP/1.1" 200 3867
186.67.164.138 - - [15/May/2019:09:16:34 -0300] "POST /cormun/servlet/solicitudotadjuntos?gx-no-cache=1557922365182 HTTP/1.1" 200 26
186.67.164.138 - - [15/May/2019:09:16:41 -0300] "GET /cormun/servlet/solicitudotadjuntos?df03fb6028daee940b4930bf5fdab9e8866e716979ad0813dd0488f6d8c80b7b,gx-no-cache=1557922372149 HTTP/1.1" 200 30
186.67.164.138 - - [15/May/2019:09:16:41 -0300] "GET /cormun/servlet/solicitudotadjuntos?df03fb6028daee940b4930bf5fdab9e8866e716979ad0813dd0488f6d8c80b7b,gx-no-cache=1557922372267 HTTP/1.1" 200 30
190.171.141.114 - - [15/May/2019:09:16:55 -0300] "GET /cormun/servlet/hlogin HTTP/1.1" 200 1719
186.67.164.138 - - [15/May/2019:09:17:11 -0300] "POST /cormun/servlet/solicitudotadjuntos?d210e584da522abaed0f5a2145a1d8c1,INS,2019,15595,,1, HTTP/1.1" 200 116
186.67.164.138 - - [15/May/2019:09:17:11 -0300] "GET /cormun/servlet/hpexe_return? HTTP/1.1" 200 1023
186.67.164.138 - - [15/May/2019:09:17:12 -0300] "GET /cormun/servlet/trsolicitudadjuntos?2019,15595, HTTP/1.1" 200 9877
186.67.164.138 - - [15/May/2019:09:17:14 -0300] "GET /cormun/servlet/trsolicitudadjuntos?2019,15595, HTTP/1.1" 200 9875
186.67.172.234 - - [15/May/2019:09:17:19 -0300] "GET /cormun/servlet/trlicencias? HTTP/1.1" 200 14041
186.67.172.234 - - [15/May/2019:09:17:20 -0300] "GET /cormun/servlet/trlicencias? HTTP/1.1" 200 14045
190.171.141.114 - - [15/May/2019:09:17:21 -0300] "POST /cormun/servlet/hlogin?569006a77ed297fdde0524a0e5af4a8f,gx-no-cache=1557922413204 HTTP/1.1" 200 90
190.171.141.114 - - [15/May/2019:09:17:21 -0300] "GET /cormun/servlet/hpexe_link HTTP/1.1" 200 951
190.171.141.114 - - [15/May/2019:09:17:21 -0300] "GET /cormun/servlet/hhome HTTP/1.1" 200 4055
190.171.141.114 - - [15/May/2019:09:17:24 -0300] "GET /cormun/servlet/hhome HTTP/1.1" 200 4051
190.171.141.114 - - [15/May/2019:09:17:50 -0300] "GET /cormun/servlet/trlicencias? HTTP/1.1" 200 10277
190.171.141.114 - - [15/May/2019:09:17:50 -0300] "GET /cormun/static/gxcfg.js?20176272054169 HTTP/1.1" 200 953
190.171.141.114 - - [15/May/2019:09:17:51 -0300] "GET /cormun/static/trlicencias.js?20176272054837 HTTP/1.1" 200 41883
186.67.172.234 - - [15/May/2019:09:17:51 -0300] "GET /cormun/servlet/hlogin HTTP/1.1" 200 1739
190.171.141.114 - - [15/May/2019:09:17:52 -0300] "GET /cormun/servlet/trlicencias? HTTP/1.1" 200 10274
190.171.141.114 - - [15/May/2019:09:18:31 -0300] "GET /cormun/servlet/trlicencias? HTTP/1.1" 200 10274
190.171.141.114 - - [15/May/2019:09:18:33 -0300] "GET /cormun/servlet/trlicencias? HTTP/1.1" 200 10275
190.171.141.114 - - [15/May/2019:09:18:37 -0300] "GET /cormun/servlet/licenciaspermisos?INS,0,,, HTTP/1.1" 200 7591
190.171.141.114 - - [15/May/2019:09:18:38 -0300] "GET /cormun/static/gxcfg.js?201762917281167 HTTP/1.1" 200 953
190.171.141.114 - - [15/May/2019:09:18:38 -0300] "GET /cormun/static/licenciaspermisos.js?201762917281260 HTTP/1.1" 200 37491
190.171.141.114 - - [15/May/2019:09:18:39 -0300] "GET /cormun/servlet/licenciaspermisos?INS,0,,, HTTP/1.1" 200 7599
190.171.153.26 - - [15/May/2019:09:18:44 -0300] "GET /cormun/servlet/hlogin HTTP/1.1" 200 1744
190.171.143.106 - - [15/May/2019:09:18:59 -0300] "GET /cormun/servlet/hlogin HTTP/1.1" 200 1721
190.171.143.106 - - [15/May/2019:09:19:02 -0300] "POST /cormun/servlet/hlogin?089a0689e4aa0ef7e95a2536aa29e19f,gx-no-cache=1557922515591 HTTP/1.1" 200 90
190.171.143.106 - - [15/May/2019:09:19:02 -0300] "GET /cormun/servlet/hpexe_link HTTP/1.1" 200 952
190.171.143.106 - - [15/May/2019:09:19:02 -0300] "GET /cormun/servlet/hhome HTTP/1.1" 200 4077
190.171.143.106 - - [15/May/2019:09:19:04 -0300] "GET /cormun/servlet/hhome HTTP/1.1" 200 4072
186.67.164.138 - - [15/May/2019:09:19:07 -0300] "POST /cormun/servlet/trsolicitudadjuntos?d210e584da522abaed0f5a2145a1d8c1,2019,15595,,gx-no-cache=1557922518069 HTTP/1.1" 200 90
186.67.164.138 - - [15/May/2019:09:19:07 -0300] "GET /cormun/servlet/hpexe_link HTTP/1.1" 200 986
186.67.164.138 - - [15/May/2019:09:19:08 -0300] "GET /cormun/servlet/trsolicitudot?gx-no-cache=1557922108958 HTTP/1.1" 200 9072
186.67.164.138 - - [15/May/2019:09:19:09 -0300] "GET /cormun/servlet/trsolicitudot?gx-no-cache=1557922108958 HTTP/1.1" 200 9091
190.171.143.106 - - [15/May/2019:09:19:10 -0300] "GET /cormun/servlet/trlicencias? HTTP/1.1" 200 9625
190.171.143.106 - - [15/May/2019:09:19:11 -0300] "GET /cormun/servlet/trlicencias? HTTP/1.1" 200 9622
186.67.164.138 - - [15/May/2019:09:19:12 -0300] "POST /cormun/servlet/trsolicitudot?d210e584da522abaed0f5a2145a1d8c1,gx-no-cache=1557922108958,gx-no-cache=1557922523234 HTTP/1.1" 200 106
186.67.164.138 - - [15/May/2019:09:19:12 -0300] "GET /cormun/servlet/solicitudot?UPD,2019,15595, HTTP/1.1" 200 15640
186.67.164.138 - - [15/May/2019:09:19:13 -0300] "GET /cormun/servlet/solicitudot?UPD,2019,15595, HTTP/1.1" 200 15627
186.67.164.138 - - [15/May/2019:09:19:14 -0300] "POST /cormun/servlet/solicitudot?gx-no-cache=1557922525161 HTTP/1.1" 200 3549
186.67.164.138 - - [15/May/2019:09:19:15 -0300] "POST /cormun/servlet/solicitudot?d210e584da522abaed0f5a2145a1d8c1,UPD,2019,15595,,gx-no-cache=1557922525692 HTTP/1.1" 200 11893
186.67.164.138 - - [15/May/2019:09:19:15 -0300] "GET /cormun/servlet/solicitudot?df03fb6028daee940b4930bf5fdab9e8384950c3086c086811fa666525344f6a08afa81bfbdb90c72db817418291c815,gx-no-cache=1557922526310 HTTP/1.1" 200 30
186.67.164.138 - - [15/May/2019:09:19:16 -0300] "GET /cormun/servlet/solicitudot?df03fb6028daee940b4930bf5fdab9e8d270eb07ccee46e5240445a525fc095d32da28ae386b497cec3f28572748567522a6a0789947eb09c03accf120383a5c,gx-no-cache=1557922526491 HTTP/1.1" 200 30
186.67.164.138 - - [15/May/2019:09:19:16 -0300] "GET /cormun/servlet/solicitudot?df03fb6028daee940b4930bf5fdab9e88151f3618ddbec33009d455aeea091e52d341e8422b68f5947d2583998ab346dd7ab422666a89dab5b14a02a97243059,gx-no-cache=1557922527126 HTTP/1.1" 200 53
186.67.164.138 - - [15/May/2019:09:19:16 -0300] "POST /cormun/servlet/solicitudot?gx-no-cache=1557922527314 HTTP/1.1" 200 297
186.67.164.138 - - [15/May/2019:09:19:16 -0300] "GET /cormun/servlet/solicitudot?df03fb6028daee940b4930bf5fdab9e8c077d121d7728d543de28d3f1dbadc248012337099d17d2d6bff3a087fbf363af96bcbb6c9414085b8f5f883a880a593a36fceac024869567816e6950f49b7707a48001e339e379c01d5af667ec5cdef4f7b6f3124c3a3ac5a8dd1d9bd91ac24b2a2a1fb9e7c1724bea45e5c536d6073f44ba4024c84daea8fdbbcc273a5689e7e6909ef9018f3a7b796ff6c881e10283d47c70e8b2cea951d81e9b400a37f5fd2bb2bc51001779201d634fe2ffa2e895e4e9286ce60350c584e5ce3692d3955d71ae0f613b508df8cf2951b4503c5a824cede3d5db6e5d89321eafd159d8a81c9e6171a3f560c0f1902cf2865e23fa71a0d7de972eebded0e93850e4fc460b3f28601b74e5e0be6016967db22985b7d3b7e0d12f314fe6cbbbb0b1f252cfcee5d9146b585925b0092e9a3863325bbb9ab792cf5eebb2495c782572ccc781dde3af78c6809f8350f15daf8dbeaabdfd305abd79f3c790dc1386bff0cfdb8908e48ba86aa0342b99eb8c3ed531fe37760809b051f05d76f796980b43fd17c9a12,gx-no-cache=1557922527489 HTTP/1.1" 200 30
186.67.164.138 - - [15/May/2019:09:19:16 -0300] "POST /cormun/servlet/solicitudot?gx-no-cache=1557922527621 HTTP/1.1" 200 30
186.67.164.138 - - [15/May/2019:09:19:17 -0300] "POST /cormun/servlet/solicitudot?gx-no-cache=1557922527839 HTTP/1.1" 200 1344
186.67.164.138 - - [15/May/2019:09:19:17 -0300] "POST /cormun/servlet/solicitudot?gx-no-cache=1557922528178 HTTP/1.1" 200 40
186.67.164.138 - - [15/May/2019:09:19:37 -0300] "GET /cormun/servlet/solicitudot?df03fb6028daee940b4930bf5fdab9e882e093bd08c9b97361ec742d464ebde87e8a1ed66d2e9ea57fe58ad2baec7be70b3a4288748b651c708d2904164f592afbf5e00c215b57c813fd58cfa4d76e18a76245a3e62a7a9869b1ba9f9aee28829338fece31c7d641c6a27c1fef0f040c,gx-no-cache=1557922548630 HTTP/1.1" 200 110
186.67.164.138 - - [15/May/2019:09:19:38 -0300] "POST /cormun/servlet/solicitudot?gx-no-cache=1557922548831 HTTP/1.1" 200 67
186.67.164.138 - - [15/May/2019:09:19:38 -0300] "GET /cormun/servlet/solicitudot?df03fb6028daee940b4930bf5fdab9e869421d04b1e9fe2162623184d1047e1c5f5c1eb7e62b7103550864b22c3ad1d97e646f4a00fd97fa9404530a4f42c5cff2c1ef573b67654742aa1f1b64531043a9e15b29feaa724053dde7897f663c3024d83bc87a399601f606ea7bbc48db7d,gx-no-cache=1557922549189 HTTP/1.1" 200 29
186.67.164.138 - - [15/May/2019:09:19:38 -0300] "GET /cormun/servlet/solicitudot?df03fb6028daee940b4930bf5fdab9e855022f73feef1df6c776ef101b6392826f3de68ce4cdfbd12f54e67528142c64,gx-no-cache=1557922549317 HTTP/1.1" 200 30
186.67.164.138 - - [15/May/2019:09:19:38 -0300] "POST /cormun/servlet/solicitudot?gx-no-cache=1557922549448 HTTP/1.1" 200 30
186.67.164.138 - - [15/May/2019:09:19:39 -0300] "POST /cormun/servlet/solicitudot?d210e584da522abaed0f5a2145a1d8c1,UPD,2019,15595,,gx-no-cache=1557922549584 HTTP/1.1" 200 93
186.67.164.138 - - [15/May/2019:09:19:39 -0300] "GET /cormun/servlet/hpexe_return? HTTP/1.1" 200 1031
186.67.164.138 - - [15/May/2019:09:19:39 -0300] "GET /cormun/servlet/trsolicitudot?gx-no-cache=1557922108958 HTTP/1.1" 200 9074
186.67.164.138 - - [15/May/2019:09:19:40 -0300] "GET /cormun/servlet/trsolicitudot?gx-no-cache=1557922108958 HTTP/1.1" 200 9091
200.111.191.210 - - [15/May/2019:09:20:02 -0300] "POST /cormun/servlet/hlogin?dccaf3f82fe5a62eb5a85502e579d6e9,gx-no-cache=1557922652407 HTTP/1.1" 440 972
186.67.164.138 - - [15/May/2019:09:20:04 -0300] "POST /cormun/servlet/trsolicitudot?d210e584da522abaed0f5a2145a1d8c1,gx-no-cache=1557922108958,gx-no-cache=1557922574826 HTTP/1.1" 200 5730
200.111.191.210 - - [15/May/2019:09:20:04 -0300] "GET /cormun/servlet/hlogin HTTP/1.1" 200 1735
186.67.164.138 - - [15/May/2019:09:20:04 -0300] "GET /cormun/static/Shared/jqueryui/images/ui-bg_highlight-soft_100_c6c2c8_1x100.png HTTP/1.1" 404 1117
186.67.164.138 - - [15/May/2019:09:20:04 -0300] "GET /cormun/static/Shared/jqueryui/images/ui-icons_82798d_256x240.png HTTP/1.1" 404 1089
186.67.164.138 - - [15/May/2019:09:20:04 -0300] "GET /cormun/static/Shared/jqueryui/images/ui-bg_flat_55_fafafa_40x100.png HTTP/1.1" 404 1097
186.67.164.138 - - [15/May/2019:09:20:04 -0300] "GET /cormun/static/Shared/jqueryui/images/ui-icons_8d78a5_256x240.png HTTP/1.1" 404 1089
186.67.164.138 - - [15/May/2019:09:20:04 -0300] "POST /cormun/servlet/trsolicitudot?d210e584da522abaed0f5a2145a1d8c1,gx-no-cache=1557922108958,gx-no-cache=1557922575457 HTTP/1.1" 200 5673
200.111.191.210 - - [15/May/2019:09:20:09 -0300] "POST /cormun/servlet/hlogin?be3252fe533a47238b389f45cd55cc9b,gx-no-cache=1557922658303 HTTP/1.1" 200 90
200.111.191.210 - - [15/May/2019:09:20:09 -0300] "GET /cormun/servlet/hpexe_link HTTP/1.1" 200 954
200.111.191.210 - - [15/May/2019:09:20:09 -0300] "GET /cormun/servlet/hhome HTTP/1.1" 200 4032
200.111.191.210 - - [15/May/2019:09:20:09 -0300] "GET /cormun/servlet/hhome HTTP/1.1" 200 4030
190.171.141.114 - - [15/May/2019:09:20:18 -0300] "GET /cormun/servlet/licenciaspermisos?3b911bd8a37b5dc8475c1d42bf61fde763e6309bf07ad37f36d5c2e56e2fa9f61ebff7f83efbc46935bcc3f75fd1bd36,gx-no-cache=1557922590161 HTTP/1.1" 200 100
190.171.141.114 - - [15/May/2019:09:20:20 -0300] "POST /cormun/servlet/licenciaspermisos?569006a77ed297fdde0524a0e5af4a8f,INS,0,,,,gx-no-cache=1557922590508 HTTP/1.1" 200 4748
190.171.141.114 - - [15/May/2019:09:20:46 -0300] "GET /cormun/static/menuarrow.gif HTTP/1.1" 404 1015
200.111.191.210 - - [15/May/2019:09:21:42 -0300] "GET /cormun/servlet/trpermisosgoce? HTTP/1.1" 200 18623
200.111.191.210 - - [15/May/2019:09:21:42 -0300] "GET /cormun/servlet/trpermisosgoce? HTTP/1.1" 200 18621
200.111.191.210 - - [15/May/2019:09:21:47 -0300] "GET /cormun/servlet/trpermisosadjuntos?16348726,20190514092526,P, HTTP/1.1" 200 6350
200.111.191.210 - - [15/May/2019:09:21:48 -0300] "GET /cormun/servlet/trpermisosadjuntos?16348726,20190514092526,P, HTTP/1.1" 200 6349
200.111.191.210 - - [15/May/2019:09:21:49 -0300] "GET /cormun/servlet/permisosadjuntos?INS,16348726,P,20190514092526,, HTTP/1.1" 200 5676
200.111.191.210 - - [15/May/2019:09:21:49 -0300] "GET /cormun/static/about:blank HTTP/1.1" 404 1011
200.111.191.210 - - [15/May/2019:09:21:49 -0300] "GET /cormun/servlet/permisosadjuntos?INS,16348726,P,20190514092526,, HTTP/1.1" 200 5666
87.98.145.79 - - [15/May/2019:09:22:02 -0300] "GET /manager/html HTTP/1.1" 401 2474
200.111.191.210 - - [15/May/2019:09:22:18 -0300] "POST /cormun/servlet/permisosadjuntos?be3252fe533a47238b389f45cd55cc9b,INS,16348726,P,20190514092526,, HTTP/1.1" 200 116
200.111.191.210 - - [15/May/2019:09:22:18 -0300] "GET /cormun/servlet/hpexe_return? HTTP/1.1" 200 1037
200.111.191.210 - - [15/May/2019:09:22:19 -0300] "GET /cormun/servlet/trpermisosadjuntos?16348726,20190514092526,P, HTTP/1.1" 200 6808
200.111.191.210 - - [15/May/2019:09:22:19 -0300] "GET /cormun/servlet/trpermisosadjuntos?16348726,20190514092526,P, HTTP/1.1" 200 6806
200.111.191.210 - - [15/May/2019:09:22:22 -0300] "GET /cormun/servlet/trpermisosgoce? HTTP/1.1" 200 18628
200.111.191.210 - - [15/May/2019:09:22:22 -0300] "GET /cormun/servlet/trpermisosgoce? HTTP/1.1" 200 18621
200.111.191.210 - - [15/May/2019:09:22:25 -0300] "POST /cormun/servlet/trpermisosgoce?be3252fe533a47238b389f45cd55cc9b,,gx-no-cache=1557922794681 HTTP/1.1" 200 15894
200.111.191.210 - - [15/May/2019:09:22:25 -0300] "GET /cormun/static/Shared/jqueryui/images/ui-bg_highlight-soft_100_c6c2c8_1x100.png HTTP/1.1" 404 1117
200.111.191.210 - - [15/May/2019:09:22:25 -0300] "GET /cormun/static/Shared/jqueryui/images/ui-bg_flat_55_fafafa_40x100.png HTTP/1.1" 404 1097
200.111.191.210 - - [15/May/2019:09:22:25 -0300] "GET /cormun/static/Shared/jqueryui/images/ui-icons_82798d_256x240.png HTTP/1.1" 404 1089
200.111.191.210 - - [15/May/2019:09:22:25 -0300] "GET /cormun/static/Shared/jqueryui/images/ui-icons_8d78a5_256x240.png HTTP/1.1" 404 1089
200.111.191.210 - - [15/May/2019:09:22:27 -0300] "GET /cormun/servlet/trpermisosadjuntos?14638581,20190514093232,P, HTTP/1.1" 200 6346
190.171.141.114 - - [15/May/2019:09:22:27 -0300] "GET /cormun/servlet/licenciaspermisos?3b911bd8a37b5dc8475c1d42bf61fde756ee1e8ebd6b5191c8ea01d2eca1ea0be9f511b9d85c29bd08bfba2f7138e5278ce06790599fd9e5048ce5428002f4ca69c38f64f7fb71019d03a7c8d5781cec0a98da3a8477174d15ced2329a97a384c5f12515930c10233beadf92e0c60f8c14bc547086a36c7f5065f93f77b4f1316db1e5f57d7377ceb4a616b6d01f17b235d24acd348bb80b4c31f71b514a2b34d183d36d1092a4f87a93be34e5b9c545,gx-no-cache=1557922719922 HTTP/1.1" 200 30
190.171.141.114 - - [15/May/2019:09:22:27 -0300] "GET /cormun/servlet/licenciaspermisos?3b911bd8a37b5dc8475c1d42bf61fde7d74de3322c28eb6792b94a8870171fe33ce8c8c16f63142b9baa254df50897d8473731a8e10e2368d924ace81228467eb7d72e88d7e7a64471aad5ec749c1dc82b3dab69bf203345358641ae2d8b696b6df238ce21124f73cce7d62e99813d3976f2cbaf067c6788e1574720cd232d0a9d426fe445262ecf2af3418fec5cf156b38165dddccd4bc9b6ef3e224823d3fc9226a6ea3054f0176061140e78a46d9d,gx-no-cache=1557922720206 HTTP/1.1" 200 29
200.111.191.210 - - [15/May/2019:09:22:28 -0300] "GET /cormun/servlet/trpermisosadjuntos?14638581,20190514093232,P, HTTP/1.1" 200 6346
190.171.141.114 - - [15/May/2019:09:22:28 -0300] "POST /cormun/servlet/licenciaspermisos?569006a77ed297fdde0524a0e5af4a8f,INS,0,,,,gx-no-cache=1557922720346 HTTP/1.1" 200 93
190.171.141.114 - - [15/May/2019:09:22:28 -0300] "GET /cormun/servlet/hpexe_return? HTTP/1.1" 200 1012
190.171.141.114 - - [15/May/2019:09:22:29 -0300] "GET /cormun/servlet/trlicencias HTTP/1.1" 200 10818
200.111.191.210 - - [15/May/2019:09:22:29 -0300] "GET /cormun/servlet/permisosadjuntos?INS,14638581,P,20190514093232,, HTTP/1.1" 200 5675
200.111.191.210 - - [15/May/2019:09:22:29 -0300] "GET /cormun/static/about:blank HTTP/1.1" 404 1011
200.111.191.210 - - [15/May/2019:09:22:29 -0300] "GET /cormun/servlet/permisosadjuntos?INS,14638581,P,20190514093232,, HTTP/1.1" 200 5665
190.171.141.114 - - [15/May/2019:09:22:31 -0300] "GET /cormun/servlet/trlicencias HTTP/1.1" 200 10812
200.111.191.210 - - [15/May/2019:09:22:37 -0300] "POST /cormun/servlet/permisosadjuntos?be3252fe533a47238b389f45cd55cc9b,INS,14638581,P,20190514093232,, HTTP/1.1" 200 116
200.111.191.210 - - [15/May/2019:09:22:37 -0300] "GET /cormun/servlet/hpexe_return? HTTP/1.1" 200 1040
200.111.191.210 - - [15/May/2019:09:22:38 -0300] "GET /cormun/servlet/trpermisosadjuntos?14638581,20190514093232,P, HTTP/1.1" 200 6806
200.111.191.210 - - [15/May/2019:09:22:38 -0300] "GET /cormun/servlet/trpermisosadjuntos?14638581,20190514093232,P, HTTP/1.1" 200 6802
190.171.141.114 - - [15/May/2019:09:22:40 -0300] "GET /cormun/servlet/trlicencias? HTTP/1.1" 200 10813
190.171.141.114 - - [15/May/2019:09:22:42 -0300] "GET /cormun/servlet/trlicencias? HTTP/1.1" 200 10813
200.111.191.210 - - [15/May/2019:09:22:45 -0300] "GET /cormun/servlet/trpermisosgoce? HTTP/1.1" 200 18628
200.111.191.210 - - [15/May/2019:09:22:45 -0300] "GET /cormun/servlet/trpermisosgoce? HTTP/1.1" 200 18627
190.171.141.114 - - [15/May/2019:09:22:46 -0300] "GET /cormun/servlet/alicenciaprn?15105259,L,20190515000000,PU HTTP/1.1" 200 1511
200.111.191.210 - - [15/May/2019:09:22:48 -0300] "POST /cormun/servlet/trpermisosgoce?be3252fe533a47238b389f45cd55cc9b,,gx-no-cache=1557922818150 HTTP/1.1" 200 15861
200.111.191.210 - - [15/May/2019:09:22:49 -0300] "GET /cormun/static/Shared/jqueryui/images/ui-bg_highlight-soft_100_c6c2c8_1x100.png HTTP/1.1" 404 1117
200.111.191.210 - - [15/May/2019:09:22:49 -0300] "GET /cormun/static/Shared/jqueryui/images/ui-bg_flat_55_fafafa_40x100.png HTTP/1.1" 404 1097
200.111.191.210 - - [15/May/2019:09:22:49 -0300] "GET /cormun/static/Shared/jqueryui/images/ui-icons_8d78a5_256x240.png HTTP/1.1" 404 1089
200.111.191.210 - - [15/May/2019:09:22:49 -0300] "GET /cormun/static/Shared/jqueryui/images/ui-icons_82798d_256x240.png HTTP/1.1" 404 1089
200.111.191.210 - - [15/May/2019:09:22:56 -0300] "GET /cormun/servlet/trpermisosadjuntos?12103177,20190514104425,P, HTTP/1.1" 200 6349
200.111.191.210 - - [15/May/2019:09:22:56 -0300] "GET /cormun/servlet/trpermisosadjuntos?12103177,20190514104425,P, HTTP/1.1" 200 6349
200.111.191.210 - - [15/May/2019:09:22:57 -0300] "GET /cormun/servlet/permisosadjuntos?INS,12103177,P,20190514104425,, HTTP/1.1" 200 5679
200.111.191.210 - - [15/May/2019:09:22:58 -0300] "GET /cormun/static/about:blank HTTP/1.1" 404 1011
200.111.191.210 - - [15/May/2019:09:22:58 -0300] "GET /cormun/servlet/permisosadjuntos?INS,12103177,P,20190514104425,, HTTP/1.1" 200 5670
200.111.191.210 - - [15/May/2019:09:23:06 -0300] "POST /cormun/servlet/permisosadjuntos?be3252fe533a47238b389f45cd55cc9b,INS,12103177,P,20190514104425,, HTTP/1.1" 200 116
200.111.191.210 - - [15/May/2019:09:23:06 -0300] "GET /cormun/servlet/hpexe_return? HTTP/1.1" 200 1040
200.111.191.210 - - [15/May/2019:09:23:06 -0300] "GET /cormun/servlet/trpermisosadjuntos?12103177,20190514104425,P, HTTP/1.1" 200 6809
200.111.191.210 - - [15/May/2019:09:23:06 -0300] "GET /cormun/servlet/trpermisosadjuntos?12103177,20190514104425,P, HTTP/1.1" 200 6806
200.111.191.210 - - [15/May/2019:09:23:09 -0300] "GET /cormun/servlet/trpermisosgoce? HTTP/1.1" 200 18612
200.111.191.210 - - [15/May/2019:09:23:10 -0300] "GET /cormun/servlet/trpermisosgoce? HTTP/1.1" 200 18598
200.111.191.210 - - [15/May/2019:09:23:13 -0300] "POST /cormun/servlet/trpermisosgoce?be3252fe533a47238b389f45cd55cc9b,,gx-no-cache=1557922842566 HTTP/1.1" 200 15855
200.111.191.210 - - [15/May/2019:09:23:13 -0300] "GET /cormun/static/Shared/jqueryui/images/ui-bg_highlight-soft_100_c6c2c8_1x100.png HTTP/1.1" 404 1117
200.111.191.210 - - [15/May/2019:09:23:13 -0300] "GET /cormun/static/Shared/jqueryui/images/ui-icons_8d78a5_256x240.png HTTP/1.1" 404 1089
200.111.191.210 - - [15/May/2019:09:23:13 -0300] "GET /cormun/static/Shared/jqueryui/images/ui-icons_82798d_256x240.png HTTP/1.1" 404 1089
200.111.191.210 - - [15/May/2019:09:23:13 -0300] "GET /cormun/static/Shared/jqueryui/images/ui-bg_flat_55_fafafa_40x100.png HTTP/1.1" 404 1097
87.98.145.79 - - [15/May/2019:09:23:45 -0300] "GET /manager/html HTTP/1.1" 401 2474
87.98.145.79 - - [15/May/2019:09:25:24 -0300] "GET /manager/html HTTP/1.1" 401 2474
200.111.191.210 - - [15/May/2019:09:31:56 -0300] "GET /cormun/servlet/trlicencias? HTTP/1.1" 200 15240
200.111.191.210 - - [15/May/2019:09:31:57 -0300] "GET /cormun/servlet/trlicencias? HTTP/1.1" 200 15242
77.159.81.210 - - [15/May/2019:09:34:30 -0300] "GET / HTTP/1.1" 200 11217
192.168.10.96 - - [15/May/2019:09:36:04 -0300] "GET /cormun/servlet/hlogin HTTP/1.1" 200 1719
192.168.10.96 - - [15/May/2019:09:36:15 -0300] "POST /cormun/servlet/hlogin?8c59862d85bf7b6e0c187547fbb116b7,gx-no-cache=1557923223626 HTTP/1.1" 200 90
192.168.10.96 - - [15/May/2019:09:36:15 -0300] "GET /cormun/servlet/hpexe_link HTTP/1.1" 200 947
192.168.10.96 - - [15/May/2019:09:36:15 -0300] "GET /cormun/servlet/hhome HTTP/1.1" 200 4771
192.168.10.96 - - [15/May/2019:09:36:16 -0300] "GET /cormun/servlet/hhome HTTP/1.1" 200 4768
192.168.10.96 - - [15/May/2019:09:36:20 -0300] "GET /cormun/servlet/trsolicitudgral? HTTP/1.1" 200 28277
192.168.10.96 - - [15/May/2019:09:36:21 -0300] "GET /cormun/servlet/trsolicitudgral? HTTP/1.1" 200 28275
192.168.10.96 - - [15/May/2019:09:40:00 -0300] "POST /cormun/servlet/trsolicitudgral?8c59862d85bf7b6e0c187547fbb116b7,,gx-no-cache=1557923448876 HTTP/1.1" 200 7388
192.168.10.96 - - [15/May/2019:09:40:06 -0300] "POST /cormun/servlet/trsolicitudgral?8c59862d85bf7b6e0c187547fbb116b7,,gx-no-cache=1557923454738 HTTP/1.1" 200 8071
192.168.10.96 - - [15/May/2019:09:40:12 -0300] "GET /cormun/servlet/vesolicitudgral?2019,15509,, HTTP/1.1" 200 9374
192.168.10.96 - - [15/May/2019:09:40:12 -0300] "GET /cormun/pexe_scrolldiv.js HTTP/1.1" 404 1009
192.168.10.96 - - [15/May/2019:09:40:12 -0300] "GET /cormun/pexe_scrolldiv.js HTTP/1.1" 404 1009
192.168.10.96 - - [15/May/2019:09:40:12 -0300] "GET /cormun/servlet/vesolicitudgral?2019,15509,, HTTP/1.1" 200 9374
207.46.13.11 - - [15/May/2019:09:40:42 -0300] "GET /cormun/servlet/hpexe_return HTTP/1.1" 200 1039
207.46.13.11 - - [15/May/2019:09:41:05 -0300] "GET /cormun/static/Resources/Spanish/PXTools.css?167811 HTTP/1.1" 200 89042
207.46.13.11 - - [15/May/2019:09:41:06 -0300] "GET /cormun/static/hpexe_return.js?2016101716175153 HTTP/1.1" 200 1633
200.54.103.162 - - [15/May/2019:09:42:20 -0300] "POST /cormun/servlet/trlicencias?007928d5f7f182b95775ec71d75224a8,,gx-no-cache=1557923910860 HTTP/1.1" 440 972
200.111.191.210 - - [15/May/2019:09:42:23 -0300] "GET /cormun/servlet/trpermisosgoce? HTTP/1.1" 200 18583
200.111.191.210 - - [15/May/2019:09:42:23 -0300] "GET /cormun/servlet/trpermisosgoce? HTTP/1.1" 200 18583
200.111.191.210 - - [15/May/2019:09:42:25 -0300] "GET /cormun/servlet/permisogoce?INS,0,,, HTTP/1.1" 200 6872
200.111.191.210 - - [15/May/2019:09:42:25 -0300] "GET /cormun/servlet/permisogoce?INS,0,,, HTTP/1.1" 200 6871
200.111.191.210 - - [15/May/2019:09:42:34 -0300] "GET /cormun/servlet/permisogoce?66e7ea2e780742c7e1338a5b4e2528f7447da92249cff3f98ab26503626329e2c2ceedd1916f585b6b1d4a4e09b60503,gx-no-cache=1557924004675 HTTP/1.1" 200 78
200.54.103.162 - - [15/May/2019:09:42:44 -0300] "GET /cormun/servlet/trlicencias? HTTP/1.1" 200 8686
200.111.191.210 - - [15/May/2019:09:42:44 -0300] "GET /cormun/servlet/permisogoce?66e7ea2e780742c7e1338a5b4e2528f735a9cbf1d818dbf63c8924b26b44e04e18c9b6c2b466c8d04acc24e6e2cdd47635c6f4983df61eb5088751f44c9d3c11,gx-no-cache=1557924014578 HTTP/1.1" 200 47
200.54.103.162 - - [15/May/2019:09:42:45 -0300] "GET /cormun/servlet/trlicencias? HTTP/1.1" 200 8686
200.54.103.162 - - [15/May/2019:09:42:51 -0300] "GET /cormun/servlet/hlogin HTTP/1.1" 200 1738
200.111.191.210 - - [15/May/2019:09:42:51 -0300] "POST /cormun/servlet/permisogoce?be3252fe533a47238b389f45cd55cc9b,INS,0,,,,gx-no-cache=1557924020552 HTTP/1.1" 200 93
200.111.191.210 - - [15/May/2019:09:42:51 -0300] "GET /cormun/servlet/hpexe_return? HTTP/1.1" 200 1013
200.111.191.210 - - [15/May/2019:09:42:51 -0300] "GET /cormun/servlet/trpermisosgoce HTTP/1.1" 200 18878
200.111.191.210 - - [15/May/2019:09:42:52 -0300] "GET /cormun/servlet/trpermisosgoce HTTP/1.1" 200 18874
200.111.191.210 - - [15/May/2019:09:42:54 -0300] "GET /cormun/servlet/apermisogoceprn?9984335,P,20190515083313,PU HTTP/1.1" 200 1645
61.219.11.153 - - [15/May/2019:09:44:57 -0300] "GET / HTTP/1.1" 400 -
200.54.103.162 - - [15/May/2019:09:45:17 -0300] "POST /cormun/servlet/hlogin?30ef6da0e02f456509ebda985bd181ff,gx-no-cache=1557924088943 HTTP/1.1" 200 90
200.54.103.162 - - [15/May/2019:09:45:17 -0300] "GET /cormun/servlet/hpexe_link HTTP/1.1" 200 956
200.54.103.162 - - [15/May/2019:09:45:18 -0300] "GET /cormun/servlet/trlicencias HTTP/1.1" 200 12884
200.54.103.162 - - [15/May/2019:09:45:19 -0300] "GET /cormun/servlet/trlicencias HTTP/1.1" 200 12882
200.54.103.162 - - [15/May/2019:09:45:26 -0300] "POST /cormun/servlet/trlicencias?30ef6da0e02f456509ebda985bd181ff,gx-no-cache=1557924095066 HTTP/1.1" 200 10304
186.67.164.138 - - [15/May/2019:09:50:42 -0300] "GET /cormun/servlet/hlogin HTTP/1.1" 200 1725
186.67.164.138 - - [15/May/2019:09:50:47 -0300] "POST /cormun/servlet/hlogin?ccd975987b076e19d857c55aa3d9def4,gx-no-cache=1557924418386 HTTP/1.1" 200 90
186.67.164.138 - - [15/May/2019:09:50:47 -0300] "GET /cormun/servlet/hpexe_link HTTP/1.1" 200 953
186.67.164.138 - - [15/May/2019:09:50:48 -0300] "GET /cormun/servlet/hhome HTTP/1.1" 200 4055
186.67.164.138 - - [15/May/2019:09:50:49 -0300] "GET /cormun/servlet/hhome HTTP/1.1" 200 4051
186.67.164.138 - - [15/May/2019:09:50:52 -0300] "GET /cormun/servlet/trpermisosgoce? HTTP/1.1" 200 12472
186.67.164.138 - - [15/May/2019:09:50:53 -0300] "GET /cormun/servlet/trpermisosgoce? HTTP/1.1" 200 12470
186.67.164.138 - - [15/May/2019:09:50:56 -0300] "GET /cormun/servlet/permisogoce?INS,0,,, HTTP/1.1" 200 6890
186.67.164.138 - - [15/May/2019:09:50:57 -0300] "GET /cormun/servlet/permisogoce?INS,0,,, HTTP/1.1" 200 6889
186.67.164.138 - - [15/May/2019:09:51:05 -0300] "GET /cormun/servlet/permisogoce?2f90229002ea6d66d038fad869f69f77bef8eb7f53c4c001b8852d5501d354d97acc44fee8f73e3fb68437fbc7f38169f942d79a3b8e060147d63f48523f04e3,gx-no-cache=1557924435525 HTTP/1.1" 200 77
186.67.164.138 - - [15/May/2019:09:51:11 -0300] "GET /cormun/static/menuarrow.gif HTTP/1.1" 404 1015
186.67.164.138 - - [15/May/2019:09:51:20 -0300] "GET /cormun/servlet/permisogoce?2f90229002ea6d66d038fad869f69f77512d4b5ceedc746e8c1f87bbdc441f2d443c5f964b9e31f632163a157248a8eb02f4d37ba76f0bf4bd8fe3adadcbb7fb,gx-no-cache=1557924450924 HTTP/1.1" 200 47
186.67.164.138 - - [15/May/2019:09:51:28 -0300] "POST /cormun/servlet/permisogoce?ccd975987b076e19d857c55aa3d9def4,INS,0,,,,gx-no-cache=1557924458590 HTTP/1.1" 200 93
186.67.164.138 - - [15/May/2019:09:51:28 -0300] "GET /cormun/servlet/hpexe_return? HTTP/1.1" 200 1012
186.67.164.138 - - [15/May/2019:09:51:29 -0300] "GET /cormun/servlet/trpermisosgoce HTTP/1.1" 200 12840
186.67.164.138 - - [15/May/2019:09:51:30 -0300] "GET /cormun/servlet/trpermisosgoce HTTP/1.1" 200 12835
186.67.164.138 - - [15/May/2019:09:51:34 -0300] "GET /cormun/servlet/trpermisosadjuntos?17152836,20190515084145,P, HTTP/1.1" 200 6370
186.67.164.138 - - [15/May/2019:09:51:35 -0300] "GET /cormun/servlet/trpermisosadjuntos?17152836,20190515084145,P, HTTP/1.1" 200 6369
186.67.164.138 - - [15/May/2019:09:51:36 -0300] "GET /cormun/servlet/permisosadjuntos?INS,17152836,P,20190515084145,, HTTP/1.1" 200 5698
186.67.164.138 - - [15/May/2019:09:51:36 -0300] "GET /cormun/static/about:blank HTTP/1.1" 404 1011
186.67.164.138 - - [15/May/2019:09:51:37 -0300] "GET /cormun/servlet/permisosadjuntos?INS,17152836,P,20190515084145,, HTTP/1.1" 200 5688
186.67.164.138 - - [15/May/2019:09:51:52 -0300] "POST /cormun/servlet/permisosadjuntos?ccd975987b076e19d857c55aa3d9def4,INS,17152836,P,20190515084145,, HTTP/1.1" 200 116
186.67.164.138 - - [15/May/2019:09:51:52 -0300] "GET /cormun/servlet/hpexe_return? HTTP/1.1" 200 1040
186.67.164.138 - - [15/May/2019:09:51:52 -0300] "GET /cormun/servlet/trpermisosadjuntos?17152836,20190515084145,P, HTTP/1.1" 200 6843
186.67.164.138 - - [15/May/2019:09:51:53 -0300] "GET /cormun/servlet/trpermisosadjuntos?17152836,20190515084145,P, HTTP/1.1" 200 6840
200.111.191.210 - - [15/May/2019:09:51:54 -0300] "GET /cormun/servlet/permisogoce?INS,0,,, HTTP/1.1" 200 6872
200.111.191.210 - - [15/May/2019:09:51:55 -0300] "GET /cormun/servlet/permisogoce?INS,0,,, HTTP/1.1" 200 6872
186.67.164.138 - - [15/May/2019:09:51:56 -0300] "POST /cormun/servlet/trpermisosadjuntos?ccd975987b076e19d857c55aa3d9def4,17152836,20190515084145,P,,gx-no-cache=1557924487096 HTTP/1.1" 200 90
186.67.164.138 - - [15/May/2019:09:51:56 -0300] "GET /cormun/servlet/hpexe_link HTTP/1.1" 200 986
186.67.164.138 - - [15/May/2019:09:51:56 -0300] "GET /cormun/servlet/trpermisosgoce HTTP/1.1" 200 12837
186.67.164.138 - - [15/May/2019:09:51:57 -0300] "GET /cormun/servlet/trpermisosgoce HTTP/1.1" 200 12835
186.67.164.138 - - [15/May/2019:09:52:00 -0300] "GET /cormun/servlet/apermisogoceprn?17152836,P,20190515084145,PU HTTP/1.1" 200 1657
200.111.191.210 - - [15/May/2019:09:52:06 -0300] "GET /cormun/servlet/permisogoce?66e7ea2e780742c7e1338a5b4e2528f778489d9559cec1d337636c6628bbbca2c2ceedd1916f585b6b1d4a4e09b60503,gx-no-cache=1557924576775 HTTP/1.1" 200 78
200.111.191.210 - - [15/May/2019:09:52:14 -0300] "GET /cormun/servlet/permisogoce?66e7ea2e780742c7e1338a5b4e2528f7de599871528d63a5fa9a6c67e07caeb64dfa9f5d9e76e8b35462de3c1a62cbe435c6f4983df61eb5088751f44c9d3c11,gx-no-cache=1557924584100 HTTP/1.1" 200 47
186.67.164.138 - - [15/May/2019:09:52:15 -0300] "POST /cormun/servlet/trpermisosgoce?ccd975987b076e19d857c55aa3d9def4,gx-no-cache=1557924503131 HTTP/1.1" 200 9828
186.67.164.138 - - [15/May/2019:09:52:16 -0300] "GET /cormun/static/Shared/jqueryui/images/ui-bg_highlight-soft_100_c6c2c8_1x100.png HTTP/1.1" 404 1117
186.67.164.138 - - [15/May/2019:09:52:16 -0300] "GET /cormun/static/Shared/jqueryui/images/ui-icons_82798d_256x240.png HTTP/1.1" 404 1089
186.67.164.138 - - [15/May/2019:09:52:16 -0300] "GET /cormun/static/Shared/jqueryui/images/ui-bg_flat_55_fafafa_40x100.png HTTP/1.1" 404 1097
