190.171.141.114 - - [14/May/2019:10:13:06 -0300] "GET /cormun/static/Resources/Spanish/PXTools.css?11423723 HTTP/1.1" 200 89042
190.171.141.114 - - [14/May/2019:10:13:06 -0300] "GET /cormun/static/hhome.js?20175251212450 HTTP/1.1" 200 777
190.171.141.114 - - [14/May/2019:10:13:07 -0300] "GET /cormun/servlet/hhome HTTP/1.1" 200 4070
190.171.152.114 - - [14/May/2019:10:13:14 -0300] "POST /cormun/servlet/solicitudot?gx-no-cache=1557839366221 HTTP/1.1" 200 97
190.171.141.114 - - [14/May/2019:10:13:17 -0300] "GET /cormun/servlet/trlicencias? HTTP/1.1" 200 10294
190.171.141.114 - - [14/May/2019:10:13:19 -0300] "GET /cormun/servlet/trlicencias? HTTP/1.1" 200 10292
190.171.141.114 - - [14/May/2019:10:13:23 -0300] "GET /cormun/servlet/trlicencias? HTTP/1.1" 200 10292
190.171.141.114 - - [14/May/2019:10:13:25 -0300] "GET /cormun/servlet/trlicencias? HTTP/1.1" 200 10291
200.111.191.210 - - [14/May/2019:10:13:28 -0300] "GET /cormun/servlet/trlicenciaspermisosadjuntos?17137508,20190514000000,L, HTTP/1.1" 200 6392
200.111.191.210 - - [14/May/2019:10:13:28 -0300] "GET /cormun/static/gxcfg.js?20177612163414 HTTP/1.1" 200 953
200.111.191.210 - - [14/May/2019:10:13:28 -0300] "GET /cormun/static/trlicenciaspermisosadjuntos.js?20177612163719 HTTP/1.1" 200 21036
200.111.191.210 - - [14/May/2019:10:13:28 -0300] "GET /cormun/servlet/trlicenciaspermisosadjuntos?17137508,20190514000000,L, HTTP/1.1" 200 6392
200.111.191.210 - - [14/May/2019:10:13:29 -0300] "GET /cormun/servlet/licenciaspermisosadjuntos?INS,17137508,L,20190514000000,, HTTP/1.1" 200 5691
200.111.191.210 - - [14/May/2019:10:13:29 -0300] "GET /cormun/static/gxcfg.js?2017761263592 HTTP/1.1" 200 953
200.111.191.210 - - [14/May/2019:10:13:29 -0300] "GET /cormun/static/licenciaspermisosadjuntos.js?201776126362 HTTP/1.1" 200 8760
200.111.191.210 - - [14/May/2019:10:13:29 -0300] "GET /cormun/static/about:blank HTTP/1.1" 404 1011
200.111.191.210 - - [14/May/2019:10:13:30 -0300] "GET /cormun/servlet/licenciaspermisosadjuntos?INS,17137508,L,20190514000000,, HTTP/1.1" 200 5680
190.171.152.114 - - [14/May/2019:10:13:30 -0300] "POST /cormun/servlet/solicitudot?gx-no-cache=1557839382403 HTTP/1.1" 200 72
190.171.152.114 - - [14/May/2019:10:13:33 -0300] "GET /cormun/servlet/solicitudot?2b26033dc9784299a0478b1f3efccc42800f2827676a1235607c90c2dcd0a358ee9576128c22e29896115cfdc6f7c38b2bf45f55f046003fd2d4d0977a585f480438558e9f269dc31709d65bbc4135903245d63b040dbc04496695fc1cd4141c157e3c3b33282e9506f9632ce324a3ce7d4c809e7ea4cd867e242fc27942150a9ce18e85da16c8e5ef074bf5ddda29124788c4beab05c41fb2e2f76478397162,gx-no-cache=1557839385520 HTTP/1.1" 200 29
190.171.152.114 - - [14/May/2019:10:13:33 -0300] "GET /cormun/static/menuarrow.gif HTTP/1.1" 404 1015
190.171.152.114 - - [14/May/2019:10:13:38 -0300] "GET /cormun/servlet/solicitudot?2b26033dc9784299a0478b1f3efccc42185781fea7ac79c104008f75e84371265c1a28d7851700269c4ce1b0a0add102,gx-no-cache=1557839390754 HTTP/1.1" 200 30
200.111.191.210 - - [14/May/2019:10:13:39 -0300] "POST /cormun/servlet/licenciaspermisosadjuntos?71dcfd9b2f0541055ee6acb7ea0ea91a,INS,17137508,L,20190514000000,, HTTP/1.1" 200 116
200.111.191.210 - - [14/May/2019:10:13:39 -0300] "GET /cormun/servlet/hpexe_return? HTTP/1.1" 200 1045
200.111.191.210 - - [14/May/2019:10:13:39 -0300] "GET /cormun/servlet/trlicenciaspermisosadjuntos?17137508,20190514000000,L, HTTP/1.1" 200 6852
200.111.191.210 - - [14/May/2019:10:13:40 -0300] "GET /cormun/servlet/trlicenciaspermisosadjuntos?17137508,20190514000000,L, HTTP/1.1" 200 6848
190.171.152.114 - - [14/May/2019:10:13:46 -0300] "POST /cormun/servlet/solicitudot?gx-no-cache=1557839398838 HTTP/1.1" 200 30
190.171.141.114 - - [14/May/2019:10:13:58 -0300] "GET /cormun/servlet/hlogin HTTP/1.1" 200 1736
190.171.152.114 - - [14/May/2019:10:14:41 -0300] "POST /cormun/servlet/solicitudot?3d5104911d7c443e78aae78fda1503c6,INS,0,0,,gx-no-cache=1557839453098 HTTP/1.1" 200 93
190.171.152.114 - - [14/May/2019:10:14:41 -0300] "GET /cormun/servlet/hpexe_return? HTTP/1.1" 200 1006
190.171.152.114 - - [14/May/2019:10:14:41 -0300] "GET /cormun/static/gxcfg.js?2016101716175148 HTTP/1.1" 200 953
190.171.152.114 - - [14/May/2019:10:14:41 -0300] "GET /cormun/static/Resources/Spanish/PXTools.css?167811 HTTP/1.1" 200 89042
190.171.152.114 - - [14/May/2019:10:14:41 -0300] "GET /cormun/static/hpexe_return.js?2016101716175153 HTTP/1.1" 200 1633
190.171.152.114 - - [14/May/2019:10:14:41 -0300] "GET /cormun/servlet/trsolicitudot HTTP/1.1" 200 8878
190.171.152.114 - - [14/May/2019:10:14:42 -0300] "GET /cormun//static/Resources/PXToolsGridUpdate.png HTTP/1.1" 200 2984
190.171.152.114 - - [14/May/2019:10:14:42 -0300] "GET /cormun//static/Resources/PXToolsGridDelete.png HTTP/1.1" 200 357
190.171.152.114 - - [14/May/2019:10:14:42 -0300] "GET /cormun//static/Resources/PXTools/ActionInsert.png HTTP/1.1" 200 1482
190.171.152.114 - - [14/May/2019:10:14:42 -0300] "GET /cormun//static/Resources/PXToolsRemoveAllAction.png HTTP/1.1" 200 3558
190.171.152.114 - - [14/May/2019:10:14:42 -0300] "GET /cormun//static/Resources/PXToolsActionView.png HTTP/1.1" 200 2995
190.171.152.114 - - [14/May/2019:10:14:46 -0300] "POST /cormun/servlet/trsolicitudot?3d5104911d7c443e78aae78fda1503c6,gx-no-cache=1557839458464 HTTP/1.1" 200 107
190.171.152.114 - - [14/May/2019:10:14:46 -0300] "GET /cormun/servlet/trsolicitudadjuntos?2019,15580, HTTP/1.1" 200 6367
190.171.152.114 - - [14/May/2019:10:14:46 -0300] "GET /cormun/static/gxui/gxui-all.css?110300 HTTP/1.1" 200 2179
190.171.152.114 - - [14/May/2019:10:14:46 -0300] "GET /cormun/static/gxcfg.js?20177612135366 HTTP/1.1" 200 953
190.171.152.114 - - [14/May/2019:10:14:46 -0300] "GET /cormun/static/trsolicitudadjuntos.js?20177612135632 HTTP/1.1" 200 17922
190.171.152.114 - - [14/May/2019:10:14:47 -0300] "GET /cormun/static/Shared/ext/resources/css/ext-all.css?205870 HTTP/1.1" 200 416045
190.171.152.114 - - [14/May/2019:10:14:50 -0300] "GET /cormun/servlet/solicitudotadjuntos?INS,2019,15580,,1, HTTP/1.1" 200 6312
190.171.152.114 - - [14/May/2019:10:14:50 -0300] "GET /cormun/static/gxcfg.js?2017761244068 HTTP/1.1" 200 953
190.171.152.114 - - [14/May/2019:10:14:50 -0300] "GET /cormun/static/solicitudotadjuntos.js?2017761244086 HTTP/1.1" 200 11771
190.171.152.114 - - [14/May/2019:10:14:50 -0300] "HEAD /cormun/static/about:blank HTTP/1.1" 404 -
190.171.152.114 - - [14/May/2019:10:14:51 -0300] "GET /cormun/servlet/solicitudotadjuntos?2b26033dc9784299a0478b1f3efccc4228f141d71c942ca56508a731dee72ccd356661af0b19c525b83e7f1a0fc772e4,gx-no-cache=1557839463583 HTTP/1.1" 200 30
190.171.152.114 - - [14/May/2019:10:14:51 -0300] "POST /cormun/servlet/solicitudotadjuntos?3d5104911d7c443e78aae78fda1503c6,INS,2019,15580,,1,,gx-no-cache=1557839463718 HTTP/1.1" 200 4096
190.171.152.114 - - [14/May/2019:10:14:54 -0300] "POST /cormun/servlet/solicitudotadjuntos?gx-no-cache=1557839466367 HTTP/1.1" 200 26
190.171.152.114 - - [14/May/2019:10:15:09 -0300] "GET /cormun/servlet/solicitudotadjuntos?2b26033dc9784299a0478b1f3efccc4220a8d1eed394b1bf01ca8441c2fff297,gx-no-cache=1557839481935 HTTP/1.1" 200 30
190.171.152.114 - - [14/May/2019:10:15:10 -0300] "GET /cormun/servlet/solicitudotadjuntos?2b26033dc9784299a0478b1f3efccc4220a8d1eed394b1bf01ca8441c2fff297,gx-no-cache=1557839482049 HTTP/1.1" 200 30
190.171.152.114 - - [14/May/2019:10:15:13 -0300] "POST /cormun/servlet/solicitudotadjuntos?3d5104911d7c443e78aae78fda1503c6,INS,2019,15580,,1, HTTP/1.1" 200 116
190.171.152.114 - - [14/May/2019:10:15:14 -0300] "GET /cormun/servlet/hpexe_return? HTTP/1.1" 200 1025
190.171.152.114 - - [14/May/2019:10:15:14 -0300] "GET /cormun/servlet/trsolicitudadjuntos?2019,15580, HTTP/1.1" 200 9005
190.171.152.114 - - [14/May/2019:10:15:22 -0300] "GET /cormun/servlet/solicitudotadjuntos?INS,2019,15580,,1, HTTP/1.1" 200 6312
190.171.152.114 - - [14/May/2019:10:15:23 -0300] "HEAD /cormun/static/about:blank HTTP/1.1" 404 -
190.171.152.114 - - [14/May/2019:10:15:24 -0300] "GET /cormun/servlet/solicitudotadjuntos?2b26033dc9784299a0478b1f3efccc4228f141d71c942ca56508a731dee72ccd356661af0b19c525b83e7f1a0fc772e4,gx-no-cache=1557839496074 HTTP/1.1" 200 30
190.171.152.114 - - [14/May/2019:10:15:24 -0300] "POST /cormun/servlet/solicitudotadjuntos?3d5104911d7c443e78aae78fda1503c6,INS,2019,15580,,1,,gx-no-cache=1557839496189 HTTP/1.1" 200 4096
190.171.152.114 - - [14/May/2019:10:15:27 -0300] "POST /cormun/servlet/solicitudotadjuntos?gx-no-cache=1557839499346 HTTP/1.1" 200 26
200.86.99.60 - - [14/May/2019:10:15:33 -0300] "GET /cormun/servlet/hlogin HTTP/1.1" 200 1718
200.86.99.60 - - [14/May/2019:10:15:33 -0300] "GET /cormun/static/gxtimezone.js?85251 HTTP/1.1" 200 5781
200.86.99.60 - - [14/May/2019:10:15:33 -0300] "GET /cormun/static/gxcfg.js?20177612122725 HTTP/1.1" 200 953
200.86.99.60 - - [14/May/2019:10:15:33 -0300] "GET /cormun/static/messages.spa.js?85251 HTTP/1.1" 200 30736
200.86.99.60 - - [14/May/2019:10:15:33 -0300] "GET /cormun/static/Resources/ComunLogin.png HTTP/1.1" 200 17326
200.86.99.60 - - [14/May/2019:10:15:33 -0300] "GET /cormun/static/Resources/Spanish/PXTools.css?1155365 HTTP/1.1" 200 89042
200.86.99.60 - - [14/May/2019:10:15:33 -0300] "GET /cormun/static/hlogin.js?20177612122738 HTTP/1.1" 200 2136
190.171.152.114 - - [14/May/2019:10:15:34 -0300] "GET /cormun/servlet/solicitudotadjuntos?2b26033dc9784299a0478b1f3efccc4220a8d1eed394b1bf01ca8441c2fff297,gx-no-cache=1557839506325 HTTP/1.1" 200 30
190.171.152.114 - - [14/May/2019:10:15:34 -0300] "GET /cormun/servlet/solicitudotadjuntos?2b26033dc9784299a0478b1f3efccc4220a8d1eed394b1bf01ca8441c2fff297,gx-no-cache=1557839506415 HTTP/1.1" 200 30
200.86.99.60 - - [14/May/2019:10:15:34 -0300] "GET /cormun/static/gxgral.js?85251 HTTP/1.1" 200 384558
200.86.99.60 - - [14/May/2019:10:15:34 -0300] "GET /cormun/static/Resources/PXToolsLoginTop.png HTTP/1.1" 200 1337
200.86.99.60 - - [14/May/2019:10:15:34 -0300] "GET /cormun/static/Resources/PXToolsLoginBackground.png HTTP/1.1" 200 1164
200.86.99.60 - - [14/May/2019:10:15:34 -0300] "GET /cormun/static/Resources/PXToolsButtonLeft21.png HTTP/1.1" 200 1287
200.86.99.60 - - [14/May/2019:10:15:34 -0300] "GET /cormun/static/Resources/PXToolsButtonBackground2.png HTTP/1.1" 200 1181
200.86.99.60 - - [14/May/2019:10:15:34 -0300] "GET /cormun/static/Resources/PXToolsButtonRight21.png HTTP/1.1" 200 1283
200.86.99.60 - - [14/May/2019:10:15:34 -0300] "GET /cormun/static/Resources/PXToolsLoginBottom.png HTTP/1.1" 200 1389
200.86.99.60 - - [14/May/2019:10:15:35 -0300] "GET /cormun/static/Resources/indicator.gif HTTP/1.1" 200 1553
200.86.99.60 - - [14/May/2019:10:15:35 -0300] "GET /cormun/servlet/hlogin HTTP/1.1" 200 1728
190.171.152.114 - - [14/May/2019:10:15:35 -0300] "POST /cormun/servlet/solicitudotadjuntos?3d5104911d7c443e78aae78fda1503c6,INS,2019,15580,,1, HTTP/1.1" 200 116
190.171.152.114 - - [14/May/2019:10:15:35 -0300] "GET /cormun/servlet/hpexe_return? HTTP/1.1" 200 1025
190.171.152.114 - - [14/May/2019:10:15:36 -0300] "GET /cormun/servlet/trsolicitudadjuntos?2019,15580, HTTP/1.1" 200 9225
200.86.99.60 - - [14/May/2019:10:15:37 -0300] "POST /cormun/servlet/hlogin?1f4d32d54904bb09e443743f0709b54b,gx-no-cache=1557839509568 HTTP/1.1" 200 90
200.86.99.60 - - [14/May/2019:10:15:37 -0300] "GET /cormun/servlet/hpexe_link HTTP/1.1" 200 948
200.86.99.60 - - [14/May/2019:10:15:37 -0300] "GET /cormun/static/gxcfg.js?20177612121792 HTTP/1.1" 200 953
200.86.99.60 - - [14/May/2019:10:15:37 -0300] "GET /cormun/static/hpexe_link.js?20177612121795 HTTP/1.1" 200 625
200.86.99.60 - - [14/May/2019:10:15:37 -0300] "GET /cormun/servlet/hhome HTTP/1.1" 200 4255
200.86.99.60 - - [14/May/2019:10:15:37 -0300] "GET /cormun/static/Shared/jqueryui/jquery-ui.min.css?1245370 HTTP/1.1" 200 30288
200.86.99.60 - - [14/May/2019:10:15:37 -0300] "GET /cormun/static/scaMessage/css/jquery.pnotify.default.css?1716380 HTTP/1.1" 200 1707
200.86.99.60 - - [14/May/2019:10:15:37 -0300] "GET /cormun/static/SmoothNavMenu/resources/ddsmoothmenu-v.css?1012540 HTTP/1.1" 200 1188
200.86.99.60 - - [14/May/2019:10:15:37 -0300] "GET /cormun/static/gxcfg.js?20175251212442 HTTP/1.1" 200 953
200.86.99.60 - - [14/May/2019:10:15:37 -0300] "GET /cormun/static/SmoothNavMenu/resources/ddsmoothmenu.css?1012540 HTTP/1.1" 200 2223
200.86.99.60 - - [14/May/2019:10:15:37 -0300] "GET /cormun/static/Resources/Spanish/PXTools.css?11423723 HTTP/1.1" 200 89042
200.86.99.60 - - [14/May/2019:10:15:37 -0300] "GET /cormun/static/PXToolsJavascripts/pexe_grid.js HTTP/1.1" 200 7559
200.86.99.60 - - [14/May/2019:10:15:37 -0300] "GET /cormun/static/PXToolsJavascripts/pexe_cookies.js HTTP/1.1" 200 792
200.86.99.60 - - [14/May/2019:10:15:37 -0300] "GET /cormun/static/PXToolsJavascripts/pexe_autoreload.js HTTP/1.1" 200 1762
200.86.99.60 - - [14/May/2019:10:15:37 -0300] "GET /cormun/static/PXToolsJavascripts/pexe_windows.js HTTP/1.1" 200 15207
200.86.99.60 - - [14/May/2019:10:15:38 -0300] "GET /cormun/static/PXToolsJavascripts/pexe_griddivfix.js HTTP/1.1" 200 6644
200.86.99.60 - - [14/May/2019:10:15:38 -0300] "GET /cormun/static/PXToolsJavascripts/pexe_menus.js HTTP/1.1" 200 1286
200.86.99.60 - - [14/May/2019:10:15:38 -0300] "GET /cormun/static/PXToolsJavascripts/pexe_link.js HTTP/1.1" 200 5671
200.86.99.60 - - [14/May/2019:10:15:38 -0300] "GET /cormun/static/PXToolsJavascripts/pexe_menudivfix.js HTTP/1.1" 200 333
200.86.99.60 - - [14/May/2019:10:15:38 -0300] "GET /cormun/static/PXToolsJavascripts/pexe_layers.js HTTP/1.1" 200 4114
200.86.99.60 - - [14/May/2019:10:15:38 -0300] "GET /cormun/static/PXToolsJavascripts/pexe_oav.js HTTP/1.1" 200 645
200.86.99.60 - - [14/May/2019:10:15:38 -0300] "GET /cormun/static/PXToolsJavascripts/pexe_picture.js HTTP/1.1" 200 689
200.86.99.60 - - [14/May/2019:10:15:38 -0300] "GET /cormun/static/PXToolsJavascripts/pexe_popup.js HTTP/1.1" 200 13458
200.86.99.60 - - [14/May/2019:10:15:38 -0300] "GET /cormun/static/PXToolsJavascripts/pexe_oavdivfix.js HTTP/1.1" 200 639
200.86.99.60 - - [14/May/2019:10:15:38 -0300] "GET /cormun/static/PXToolsJavascripts/pexe_scrolldiv.js HTTP/1.1" 200 4138
200.86.99.60 - - [14/May/2019:10:15:38 -0300] "GET /cormun/static/PXToolsJavascripts/pexe_tabdivfix.js HTTP/1.1" 200 876
200.86.99.60 - - [14/May/2019:10:15:38 -0300] "GET /cormun/static/PXToolsJavascripts/pexe_tabs.js HTTP/1.1" 200 3748
200.86.99.60 - - [14/May/2019:10:15:38 -0300] "GET /cormun/static/PXToolsJavascripts/pexe_upload.js HTTP/1.1" 200 1423
200.86.99.60 - - [14/May/2019:10:15:38 -0300] "GET /cormun/static/PXToolsJavascripts/PXToolsJavascriptsRender.js HTTP/1.1" 200 367
200.86.99.60 - - [14/May/2019:10:15:38 -0300] "GET /cormun/static/Resources/PXToolsHeaderActionsLeft.png HTTP/1.1" 200 1118
200.86.99.60 - - [14/May/2019:10:15:38 -0300] "GET /cormun/static/Resources/logo4.png HTTP/1.1" 200 6582
200.86.99.60 - - [14/May/2019:10:15:38 -0300] "GET /cormun/static/RunJS/RunJS.js HTTP/1.1" 200 288
200.86.99.60 - - [14/May/2019:10:15:38 -0300] "GET /cormun/static/Shared/ext/locale/ext-lang-en.js HTTP/1.1" 200 10940
192.168.10.96 - - [14/May/2019:10:15:38 -0300] "POST /cormun/servlet/solicitudot?2d541b8033ce023d2bbfce3714c9765a,INS,0,0,,gx-no-cache=1557839187297 HTTP/1.1" 200 93
192.168.10.96 - - [14/May/2019:10:15:38 -0300] "GET /cormun/servlet/hpexe_return? HTTP/1.1" 200 1003
200.86.99.60 - - [14/May/2019:10:15:38 -0300] "GET /cormun/static/hwchdr01.js?201752511465785 HTTP/1.1" 200 1183
200.86.99.60 - - [14/May/2019:10:15:38 -0300] "GET /cormun/static/Resources/PXToolsHeaderActionsRight.png HTTP/1.1" 200 1201
192.168.10.96 - - [14/May/2019:10:15:38 -0300] "GET /cormun/static/gxcfg.js?2016101716175148 HTTP/1.1" 304 -
200.86.99.60 - - [14/May/2019:10:15:38 -0300] "GET /cormun/static/Resources/PXToolsHeaderHome.png HTTP/1.1" 200 4147
200.86.99.60 - - [14/May/2019:10:15:38 -0300] "GET /cormun/static/gxui/gxui-all.js HTTP/1.1" 200 107772
200.86.99.60 - - [14/May/2019:10:15:38 -0300] "GET /cormun/static/Resources/PXToolsHeaderPreferences.png HTTP/1.1" 200 4189
200.86.99.60 - - [14/May/2019:10:15:38 -0300] "GET /cormun/static/Resources/PXToolsHeaderSecurity.png HTTP/1.1" 200 4166
200.86.99.60 - - [14/May/2019:10:15:38 -0300] "GET /cormun/static/hhome.js?20175251212450 HTTP/1.1" 200 777
200.86.99.60 - - [14/May/2019:10:15:38 -0300] "GET /cormun/static/Resources/PXToolsHeaderBackground2.png HTTP/1.1" 200 1174
200.86.99.60 - - [14/May/2019:10:15:39 -0300] "GET /cormun/static/Resources/PXToolsHeaderActionsBackground.png HTTP/1.1" 200 484
192.168.10.96 - - [14/May/2019:10:15:39 -0300] "GET /cormun/servlet/trsolicitudot HTTP/1.1" 200 8811
200.86.99.60 - - [14/May/2019:10:15:39 -0300] "GET /cormun/static/Resources/PXToolsDataTitle.png HTTP/1.1" 200 1173
200.86.99.60 - - [14/May/2019:10:15:39 -0300] "GET /cormun/static/Resources/PXToolsHeaderLogin.png HTTP/1.1" 200 4279
200.86.99.60 - - [14/May/2019:10:15:39 -0300] "GET /cormun/static/Resources/PXToolsFooterBackground2.png HTTP/1.1" 200 1172
200.86.99.60 - - [14/May/2019:10:15:39 -0300] "GET /cormun/static/hpexe_recentlink.js?20177611595044 HTTP/1.1" 200 2144
200.86.99.60 - - [14/May/2019:10:15:39 -0300] "GET /cormun/static/hpexe_scripts.js?201752511465715 HTTP/1.1" 200 1544
200.86.99.60 - - [14/May/2019:10:15:39 -0300] "GET /cormun/static/hpexe_messagecontroller.js?20177611595012 HTTP/1.1" 200 870
200.86.99.60 - - [14/May/2019:10:15:39 -0300] "GET /cormun/static/hpexe_messagepopupcomponent.js?20161017169425 HTTP/1.1" 200 605
200.86.99.60 - - [14/May/2019:10:15:39 -0300] "GET /cormun/static/hpexe_messagegenexuscomponent.js?201752511465344 HTTP/1.1" 200 587
200.86.99.60 - - [14/May/2019:10:15:39 -0300] "GET /cormun/static/Shared/jquery/jquery-1.4.2.min.js HTTP/1.1" 200 72174
200.86.99.60 - - [14/May/2019:10:15:39 -0300] "GET /cormun/static/cmcontrolpreferences.js?201752511465670 HTTP/1.1" 200 1375
200.86.99.60 - - [14/May/2019:10:15:39 -0300] "GET /cormun/static/SmoothNavMenu/resources/ddsmoothmenu.js HTTP/1.1" 200 12712
200.86.99.60 - - [14/May/2019:10:15:39 -0300] "GET /cormun/static/SmoothNavMenu/resources/SmoothNavMenuRender.js HTTP/1.1" 200 5951
192.168.10.96 - - [14/May/2019:10:15:39 -0300] "GET /cormun//static/Resources/PXToolsActionView.png HTTP/1.1" 200 2995
192.168.10.96 - - [14/May/2019:10:15:39 -0300] "GET /cormun//static/Resources/PXToolsRemoveAllAction.png HTTP/1.1" 200 3558
200.86.99.60 - - [14/May/2019:10:15:39 -0300] "GET /cormun/static/scaMessage/scaMessageRender.js HTTP/1.1" 200 11977
200.86.99.60 - - [14/May/2019:10:15:39 -0300] "GET /cormun/static/scaMessage/js/jquery.pnotify.min.js HTTP/1.1" 200 13038
200.86.99.60 - - [14/May/2019:10:15:39 -0300] "GET /cormun/static/hmpwkw03.js?20189613443875 HTTP/1.1" 200 3965
192.168.10.96 - - [14/May/2019:10:15:39 -0300] "GET /cormun/servlet/trsolicitudot HTTP/1.1" 200 8807
200.86.99.60 - - [14/May/2019:10:15:39 -0300] "GET /cormun/static/Shared/jquery/jquery-1.10.2.min.js HTTP/1.1" 200 273199
200.86.99.60 - - [14/May/2019:10:15:40 -0300] "GET /cormun/static/Shared/jqueryui/jquery-ui.min.js HTTP/1.1" 200 240427
200.86.99.60 - - [14/May/2019:10:15:40 -0300] "GET /cormun/static/Shared/ext/ext-all.js HTTP/1.1" 200 1289687
190.171.152.114 - - [14/May/2019:10:15:41 -0300] "GET /cormun/servlet/solicitudotadjuntos?INS,2019,15580,,1, HTTP/1.1" 200 6312
190.171.152.114 - - [14/May/2019:10:15:41 -0300] "HEAD /cormun/static/about:blank HTTP/1.1" 404 -
200.86.99.60 - - [14/May/2019:10:15:42 -0300] "GET /cormun/servlet/hhome HTTP/1.1" 200 4252
200.86.99.60 - - [14/May/2019:10:15:43 -0300] "GET /cormun/static/SmoothNavMenu/resources/images/down.gif HTTP/1.1" 200 854
200.86.99.60 - - [14/May/2019:10:15:43 -0300] "GET /cormun/static/SmoothNavMenu/resources/images/right.gif HTTP/1.1" 200 860
190.171.152.114 - - [14/May/2019:10:15:43 -0300] "GET /cormun/servlet/solicitudotadjuntos?2b26033dc9784299a0478b1f3efccc4228f141d71c942ca56508a731dee72ccd356661af0b19c525b83e7f1a0fc772e4,gx-no-cache=1557839514789 HTTP/1.1" 200 30
190.171.152.114 - - [14/May/2019:10:15:43 -0300] "POST /cormun/servlet/solicitudotadjuntos?3d5104911d7c443e78aae78fda1503c6,INS,2019,15580,,1,,gx-no-cache=1557839515246 HTTP/1.1" 200 4096
190.171.152.114 - - [14/May/2019:10:15:46 -0300] "POST /cormun/servlet/solicitudotadjuntos?gx-no-cache=1557839518859 HTTP/1.1" 200 26
200.86.99.60 - - [14/May/2019:10:15:48 -0300] "GET /cormun/servlet/trlicencias? HTTP/1.1" 200 9518
192.168.10.96 - - [14/May/2019:10:15:48 -0300] "POST /cormun/servlet/trsolicitudot?2d541b8033ce023d2bbfce3714c9765a,gx-no-cache=1557839197304 HTTP/1.1" 200 106
200.86.99.60 - - [14/May/2019:10:15:48 -0300] "GET /cormun/static/gxui/gxui-all.css?110300 HTTP/1.1" 200 2179
200.86.99.60 - - [14/May/2019:10:15:48 -0300] "GET /cormun/static/calendar-system.css?75620 HTTP/1.1" 200 5572
200.86.99.60 - - [14/May/2019:10:15:48 -0300] "GET /cormun/static/gxcfg.js?20176272054169 HTTP/1.1" 200 953
200.86.99.60 - - [14/May/2019:10:15:48 -0300] "GET /cormun/static/calendar-setup.js?85251 HTTP/1.1" 200 2588
200.86.99.60 - - [14/May/2019:10:15:48 -0300] "GET /cormun/static/calendar.js?85251 HTTP/1.1" 200 26246
192.168.10.96 - - [14/May/2019:10:15:48 -0300] "GET /cormun/servlet/solicitudot?UPD,2019,15581, HTTP/1.1" 200 15850
200.86.99.60 - - [14/May/2019:10:15:48 -0300] "GET /cormun/static/Resources/Spanish/PXTools.css?17315867 HTTP/1.1" 200 89042
200.86.99.60 - - [14/May/2019:10:15:48 -0300] "GET /cormun/static/calendar-es.js?85251 HTTP/1.1" 200 1901
200.86.99.60 - - [14/May/2019:10:15:48 -0300] "GET /cormun/static/Resources/PXToolsDataSearch.png HTTP/1.1" 200 419
200.86.99.60 - - [14/May/2019:10:15:48 -0300] "GET /cormun/static/Resources/PXTools/calendar.png HTTP/1.1" 200 1306
200.86.99.60 - - [14/May/2019:10:15:48 -0300] "GET /cormun/static/Shared/ext/resources/css/ext-all.css?205870 HTTP/1.1" 200 416045
200.86.99.60 - - [14/May/2019:10:15:48 -0300] "GET /cormun/static/trlicencias.js?20176272054837 HTTP/1.1" 200 41883
200.86.99.60 - - [14/May/2019:10:15:48 -0300] "GET /cormun/static/gxdec.js?85251 HTTP/1.1" 200 19579
200.86.99.60 - - [14/May/2019:10:15:48 -0300] "GET /cormun/static/Resources/PXToolsGridFirstDisabled.gif HTTP/1.1" 200 100
192.168.10.96 - - [14/May/2019:10:15:49 -0300] "GET /cormun/servlet/solicitudot?UPD,2019,15581, HTTP/1.1" 200 15861
192.168.10.96 - - [14/May/2019:10:15:49 -0300] "POST /cormun/servlet/solicitudot?gx-no-cache=1557839198483 HTTP/1.1" 200 3596
192.168.10.96 - - [14/May/2019:10:15:49 -0300] "POST /cormun/servlet/solicitudot?2d541b8033ce023d2bbfce3714c9765a,UPD,2019,15581,,gx-no-cache=1557839198618 HTTP/1.1" 200 12185
200.86.99.60 - - [14/May/2019:10:15:49 -0300] "GET /cormun/static/Resources/PXToolsGridPreviousDisabled.gif HTTP/1.1" 200 90
200.86.99.60 - - [14/May/2019:10:15:49 -0300] "GET /cormun/static/Resources/PXToolsGridNextDisabled.gif HTTP/1.1" 200 90
192.168.10.96 - - [14/May/2019:10:15:49 -0300] "GET /cormun/servlet/solicitudot?27e1d01c56ca065f6655b86807cf7f7353d54f5effb48a632ad7d4208af39072fb2d51c3bc88212656bcc3e6fe0f9048,gx-no-cache=1557839198824 HTTP/1.1" 200 30
192.168.10.96 - - [14/May/2019:10:15:49 -0300] "GET /cormun/servlet/solicitudot?27e1d01c56ca065f6655b86807cf7f73a8bb01975723f94f2801595830e25475e745343fbb27c6acd88f96c8332987b3,gx-no-cache=1557839198850 HTTP/1.1" 200 30
192.168.10.96 - - [14/May/2019:10:15:49 -0300] "GET /cormun/servlet/solicitudot?27e1d01c56ca065f6655b86807cf7f736552ba0c02e0f71432e4c77ba2bd43d4580732f4471d45d055f07b92e6ae5240aa5bc87c638a4f890078ed7884b6a8fbccb9ac0f012a7eb7264a9a5b44c6d723,gx-no-cache=1557839198865 HTTP/1.1" 200 59
200.86.99.60 - - [14/May/2019:10:15:49 -0300] "GET /cormun/static/Resources/PXToolsGridLastDisabled.gif HTTP/1.1" 200 98
192.168.10.96 - - [14/May/2019:10:15:49 -0300] "POST /cormun/servlet/solicitudot?gx-no-cache=1557839198884 HTTP/1.1" 200 297
200.86.99.60 - - [14/May/2019:10:15:49 -0300] "GET /cormun/static/Resources/PXToolsGridPage.gif HTTP/1.1" 200 725
192.168.10.96 - - [14/May/2019:10:15:49 -0300] "GET /cormun/servlet/solicitudot?27e1d01c56ca065f6655b86807cf7f731b525f9b22bd47754c33d0e480c0a77acba2857afa0d28dc17d91223de7b2c54c4e9cfe19360011a8181ea8e323a2ac26e76de0a5f53de3364b56e30b621d6d99531b8a99dd5580b75d77445aeb6dce03534470ba4e726e6dbabb52718e47577324cbd332e2822b485fa03b1a883a0b2a38e657e074568bf310c0ccfae6c1d3319bc031d5f92b164b3dd5c72d9a47aedabcd31fa550aab37804236cc9911bbe002f33925d231d0aebb66845e9927690af17965fa4aa82bc63d78887d1c89f1c5f49b0eb61df2ffc89c3af23e1691ae92b1acd8c8d3e48f6e98ee25ca6b51b84a357bb12770cfd09b6df42a594df1f2f08a0954eaf26c7405bc50b3be3af3152b206573f801e64d9a352ccc608fe6a06b7c8831892ec9971fb45057752e945077c4f5a1a0f632b87bd970cd7bd5045cb0755aedd66ec77d57f89b5a3b52fda5cf335c730d20d45b71956ade15138e072bd01dc3396d63bb2dfc73312e422a87b2e48fb5f4359f316f76cd7cef98f5ba8025e6b95cdadc2a00e9ed0cf5de18e75c,gx-no-cache=1557839198908 HTTP/1.1" 200 30
192.168.10.96 - - [14/May/2019:10:15:49 -0300] "POST /cormun/servlet/solicitudot?gx-no-cache=1557839198924 HTTP/1.1" 200 30
192.168.10.96 - - [14/May/2019:10:15:50 -0300] "POST /cormun/servlet/solicitudot?gx-no-cache=1557839198946 HTTP/1.1" 200 1343
200.86.99.60 - - [14/May/2019:10:15:50 -0300] "GET /cormun/static/Resources/PXToolsActionExcel.png HTTP/1.1" 200 3187
200.86.99.60 - - [14/May/2019:10:15:50 -0300] "GET /cormun/static/Resources/PXToolsGridNew.png HTTP/1.1" 200 2949
192.168.10.96 - - [14/May/2019:10:15:50 -0300] "POST /cormun/servlet/solicitudot?gx-no-cache=1557839198976 HTTP/1.1" 200 40
200.86.99.60 - - [14/May/2019:10:15:50 -0300] "GET /cormun/servlet/trlicencias? HTTP/1.1" 200 9515
200.86.99.60 - - [14/May/2019:10:15:50 -0300] "GET /cormun/static/Resources/asc.gif HTTP/1.1" 200 67
200.86.99.60 - - [14/May/2019:10:15:50 -0300] "GET /cormun//static/Resources/PXToolsActionDisabled.gif HTTP/1.1" 200 53
200.86.99.60 - - [14/May/2019:10:15:50 -0300] "GET /cormun//static/Resources/PXToolsGridDisplay.png HTTP/1.1" 200 362
200.86.99.60 - - [14/May/2019:10:15:50 -0300] "GET /cormun/static/Resources/desc.gif HTTP/1.1" 200 65
200.86.99.60 - - [14/May/2019:10:15:50 -0300] "GET /cormun//static/Resources/PXTools/ActionInsert.png HTTP/1.1" 200 1482
200.86.99.60 - - [14/May/2019:10:15:50 -0300] "GET /cormun//static/Resources/PXToolsHeaderHelp.png HTTP/1.1" 200 4055
200.86.99.60 - - [14/May/2019:10:15:50 -0300] "GET /cormun//static/Resources/PXToolsActionPrint.png HTTP/1.1" 200 3317
200.86.99.60 - - [14/May/2019:10:15:50 -0300] "GET /cormun//static/Resources/PXToolsHeaderFavorites.png HTTP/1.1" 200 2744
200.86.99.60 - - [14/May/2019:10:15:51 -0300] "GET /cormun/static/Shared/ext/resources/themes/images/default/panel/bg-headersPanel.png HTTP/1.1" 200 255
200.86.99.60 - - [14/May/2019:10:15:51 -0300] "GET /cormun/static/Shared/ext/resources/themes/images/default/tools/tool-sprites.gif HTTP/1.1" 200 5434
192.168.10.96 - - [14/May/2019:10:15:53 -0300] "GET /cormun/servlet/solicitudot?27e1d01c56ca065f6655b86807cf7f732a80da117a828e57c6a908c311e61b08ef72185a4303cdf3ef0f237483e273933c8e4e86eccb9d2736d53472625fe15b3d6138e8c2450227985ce58cb6835622871324aebfbb38e008f8024de219f8a477bc69f5f7b8797bfc9dac904c5d4705,gx-no-cache=1557839202780 HTTP/1.1" 200 110
192.168.10.96 - - [14/May/2019:10:15:53 -0300] "POST /cormun/servlet/solicitudot?gx-no-cache=1557839202814 HTTP/1.1" 200 96
192.168.10.96 - - [14/May/2019:10:15:53 -0300] "GET /cormun/servlet/solicitudot?27e1d01c56ca065f6655b86807cf7f731044ad1355daa2d4003758ca13064e8a0a8c1b68b985d67cfd384154b16e1ca44f7ebf99f7cda47fa7c2da3f178158be5cce1c4e374a2abb09f3999e703dc937177a267ce32e4770a4fb2906e4677786288d171750d46c114745c60cbbf6ea98,gx-no-cache=1557839202852 HTTP/1.1" 200 29
192.168.10.96 - - [14/May/2019:10:15:53 -0300] "GET /cormun/servlet/solicitudot?27e1d01c56ca065f6655b86807cf7f73d1f712a5f18970ce01a72c6828efae71373633b1e527c727043dc325e2440225,gx-no-cache=1557839202872 HTTP/1.1" 200 30
192.168.10.96 - - [14/May/2019:10:15:53 -0300] "POST /cormun/servlet/solicitudot?gx-no-cache=1557839202889 HTTP/1.1" 200 33
192.168.10.96 - - [14/May/2019:10:16:05 -0300] "POST /cormun/servlet/solicitudot?2d541b8033ce023d2bbfce3714c9765a,UPD,2019,15581,,gx-no-cache=1557839214151 HTTP/1.1" 200 93
192.168.10.96 - - [14/May/2019:10:16:05 -0300] "GET /cormun/servlet/hpexe_return? HTTP/1.1" 200 1010
192.168.10.96 - - [14/May/2019:10:16:05 -0300] "GET /cormun/servlet/trsolicitudot HTTP/1.1" 200 8811
192.168.10.96 - - [14/May/2019:10:16:06 -0300] "GET /cormun/servlet/trsolicitudot HTTP/1.1" 200 8807
192.168.10.96 - - [14/May/2019:10:16:14 -0300] "POST /cormun/servlet/trsolicitudot?2d541b8033ce023d2bbfce3714c9765a,gx-no-cache=1557839223299 HTTP/1.1" 200 4748
192.168.10.96 - - [14/May/2019:10:16:14 -0300] "GET /cormun/static/Shared/jqueryui/images/ui-bg_highlight-soft_100_c6c2c8_1x100.png HTTP/1.1" 404 1117
192.168.10.96 - - [14/May/2019:10:16:14 -0300] "GET /cormun/static/Shared/jqueryui/images/ui-bg_flat_55_fafafa_40x100.png HTTP/1.1" 404 1097
192.168.10.96 - - [14/May/2019:10:16:14 -0300] "GET /cormun/static/Shared/jqueryui/images/ui-icons_8d78a5_256x240.png HTTP/1.1" 404 1089
192.168.10.96 - - [14/May/2019:10:16:14 -0300] "GET /cormun/static/Shared/jqueryui/images/ui-icons_82798d_256x240.png HTTP/1.1" 404 1089
192.168.10.96 - - [14/May/2019:10:16:14 -0300] "POST /cormun/servlet/trsolicitudot?2d541b8033ce023d2bbfce3714c9765a,gx-no-cache=1557839223496 HTTP/1.1" 200 4521
200.86.99.60 - - [14/May/2019:10:16:17 -0300] "GET /cormun/servlet/licenciaspermisos?INS,0,,, HTTP/1.1" 200 7783
200.86.99.60 - - [14/May/2019:10:16:17 -0300] "GET /cormun/static/gxcfg.js?201762917281167 HTTP/1.1" 200 953
200.86.99.60 - - [14/May/2019:10:16:17 -0300] "GET /cormun/static/Resources/prompt.gif HTTP/1.1" 200 902
200.86.99.60 - - [14/May/2019:10:16:17 -0300] "GET /cormun/static/licenciaspermisos.js?201762917281260 HTTP/1.1" 200 37491
200.86.99.60 - - [14/May/2019:10:16:19 -0300] "GET /cormun/servlet/licenciaspermisos?INS,0,,, HTTP/1.1" 200 7791
192.168.10.96 - - [14/May/2019:10:16:20 -0300] "GET /cormun/servlet/trautorizarsolicitud? HTTP/1.1" 200 8703
192.168.10.96 - - [14/May/2019:10:16:20 -0300] "GET /cormun/static/gxcfg.js?2017111423403364 HTTP/1.1" 200 953
192.168.10.96 - - [14/May/2019:10:16:20 -0300] "GET /cormun/static/trautorizarsolicitud.js?201711142340425 HTTP/1.1" 200 53910
192.168.10.96 - - [14/May/2019:10:16:20 -0300] "GET /cormun/servlet/trautorizarsolicitud? HTTP/1.1" 200 8703
192.168.10.96 - - [14/May/2019:10:16:22 -0300] "POST /cormun/servlet/trautorizarsolicitud?2d541b8033ce023d2bbfce3714c9765a,,gx-no-cache=1557839231392 HTTP/1.1" 200 4679
192.168.10.96 - - [14/May/2019:10:16:22 -0300] "GET /cormun/static/Shared/jqueryui/images/ui-icons_82798d_256x240.png HTTP/1.1" 404 1089
192.168.10.96 - - [14/May/2019:10:16:22 -0300] "GET /cormun/static/Shared/jqueryui/images/ui-bg_highlight-soft_100_c6c2c8_1x100.png HTTP/1.1" 404 1117
192.168.10.96 - - [14/May/2019:10:16:22 -0300] "GET /cormun/static/Shared/jqueryui/images/ui-bg_flat_55_fafafa_40x100.png HTTP/1.1" 404 1097
192.168.10.96 - - [14/May/2019:10:16:22 -0300] "GET /cormun/static/Shared/jqueryui/images/ui-icons_8d78a5_256x240.png HTTP/1.1" 404 1089
200.86.99.60 - - [14/May/2019:10:16:22 -0300] "GET /cormun/static/Resources/resize.gif HTTP/1.1" 200 77
192.168.10.96 - - [14/May/2019:10:16:22 -0300] "POST /cormun/servlet/trautorizarsolicitud?2d541b8033ce023d2bbfce3714c9765a,,gx-no-cache=1557839231588 HTTP/1.1" 200 4454
192.168.10.96 - - [14/May/2019:10:16:23 -0300] "GET /cormun/static/Shared/jqueryui/images/ui-bg_highlight-soft_100_eae6ea_1x100.png HTTP/1.1" 404 1117
200.86.99.60 - - [14/May/2019:10:16:23 -0300] "GET /cormun/servlet/prfichaempleado?,MD,,gxPopupLevel%3D0%3B HTTP/1.1" 200 9338
200.86.99.60 - - [14/May/2019:10:16:23 -0300] "GET /cormun/static/gxcfg.js?20177612134814 HTTP/1.1" 200 953
200.86.99.60 - - [14/May/2019:10:16:23 -0300] "GET /cormun/static/Resources/PXToolsMenuSearch.png HTTP/1.1" 200 2914
200.86.99.60 - - [14/May/2019:10:16:23 -0300] "GET /cormun/static/Resources/PXToolsMenuSearchCancel.png HTTP/1.1" 200 2972
200.86.99.60 - - [14/May/2019:10:16:23 -0300] "GET /cormun/static/prfichaempleado.js?20177612134999 HTTP/1.1" 200 16006
200.86.99.60 - - [14/May/2019:10:16:23 -0300] "GET /cormun/static/menusearch.js?201610171694467 HTTP/1.1" 200 1424
200.86.99.60 - - [14/May/2019:10:16:24 -0300] "GET /cormun/static/hmpwkw011.js?20177612121862 HTTP/1.1" 200 1968
192.168.10.96 - - [14/May/2019:10:16:24 -0300] "POST /cormun/servlet/trautorizarsolicitud?2d541b8033ce023d2bbfce3714c9765a,,gx-no-cache=1557839233245 HTTP/1.1" 200 90
192.168.10.96 - - [14/May/2019:10:16:24 -0300] "GET /cormun/servlet/hpexe_link HTTP/1.1" 200 980
192.168.10.96 - - [14/May/2019:10:16:24 -0300] "GET /cormun/servlet/trsolicitudot?gx-no-cache=1557839223496 HTTP/1.1" 200 7448
192.168.10.96 - - [14/May/2019:10:16:24 -0300] "GET /cormun/servlet/trsolicitudot?gx-no-cache=1557839223496 HTTP/1.1" 200 7467
192.168.10.96 - - [14/May/2019:10:16:31 -0300] "GET /cormun/servlet/trsolicitudot? HTTP/1.1" 200 7467
192.168.10.96 - - [14/May/2019:10:16:31 -0300] "GET /cormun/servlet/trsolicitudot? HTTP/1.1" 200 7447
192.168.10.96 - - [14/May/2019:10:16:33 -0300] "GET /cormun/servlet/solicitudot?INS,0,0, HTTP/1.1" 200 15223
192.168.10.96 - - [14/May/2019:10:16:33 -0300] "GET /cormun/servlet/solicitudot?INS,0,0, HTTP/1.1" 200 15228
190.171.152.114 - - [14/May/2019:10:16:33 -0300] "GET /cormun/servlet/solicitudotadjuntos?2b26033dc9784299a0478b1f3efccc4220a8d1eed394b1bf01ca8441c2fff297,gx-no-cache=1557839566070 HTTP/1.1" 200 30
190.171.152.114 - - [14/May/2019:10:16:34 -0300] "GET /cormun/servlet/solicitudotadjuntos?2b26033dc9784299a0478b1f3efccc4220a8d1eed394b1bf01ca8441c2fff297,gx-no-cache=1557839566140 HTTP/1.1" 200 30
190.171.152.114 - - [14/May/2019:10:16:34 -0300] "POST /cormun/servlet/solicitudotadjuntos?3d5104911d7c443e78aae78fda1503c6,INS,2019,15580,,1, HTTP/1.1" 200 116
190.171.152.114 - - [14/May/2019:10:16:34 -0300] "GET /cormun/servlet/hpexe_return? HTTP/1.1" 200 1025
190.171.152.114 - - [14/May/2019:10:16:34 -0300] "GET /cormun/servlet/trsolicitudadjuntos?2019,15580, HTTP/1.1" 200 9407
192.168.10.96 - - [14/May/2019:10:16:35 -0300] "GET /cormun/servlet/prfichaempleado?,MD,,gxPopupLevel%3D0%3B HTTP/1.1" 200 9307
200.86.99.60 - - [14/May/2019:10:16:37 -0300] "POST /cormun/servlet/prfichaempleado?1f4d32d54904bb09e443743f0709b54b,,MD,,gxPopupLevel%3D0%3B,gx-no-cache=1557839569989 HTTP/1.1" 200 3187
200.86.99.60 - - [14/May/2019:10:16:44 -0300] "POST /cormun/servlet/prfichaempleado?1f4d32d54904bb09e443743f0709b54b,,MD,,gxPopupLevel%3D0%3B,gx-no-cache=1557839577058 HTTP/1.1" 200 3418
192.168.10.96 - - [14/May/2019:10:16:46 -0300] "POST /cormun/servlet/prfichaempleado?2d541b8033ce023d2bbfce3714c9765a,,MD,,gxPopupLevel%3D0%3B,gx-no-cache=1557839255447 HTTP/1.1" 200 3410
192.168.10.96 - - [14/May/2019:10:16:48 -0300] "POST /cormun/servlet/solicitudot?gx-no-cache=1557839257599 HTTP/1.1" 200 3567
192.168.10.96 - - [14/May/2019:10:16:48 -0300] "POST /cormun/servlet/solicitudot?2d541b8033ce023d2bbfce3714c9765a,INS,0,0,,gx-no-cache=1557839257847 HTTP/1.1" 200 12029
200.86.99.60 - - [14/May/2019:10:16:49 -0300] "GET /cormun/servlet/licenciaspermisos?13ae935e28b603ffb1b7f535b20f9e1b83f56fb8c8c10c972f3cd079311946c8f0de9ab34d6f2988184cfd971524db23,gx-no-cache=1557839582095 HTTP/1.1" 200 95
200.86.99.60 - - [14/May/2019:10:16:49 -0300] "POST /cormun/servlet/licenciaspermisos?1f4d32d54904bb09e443743f0709b54b,INS,0,,,,gx-no-cache=1557839582263 HTTP/1.1" 200 4947
192.168.10.96 - - [14/May/2019:10:16:51 -0300] "GET /cormun/servlet/solicitudot?27e1d01c56ca065f6655b86807cf7f7346b318225fa11266989b851dfecdeea4361cc4f09efc0909de6ef7f1261904ab,gx-no-cache=1557839260682 HTTP/1.1" 200 30
192.168.10.96 - - [14/May/2019:10:16:51 -0300] "GET /cormun/servlet/solicitudot?27e1d01c56ca065f6655b86807cf7f73a922009ab912d3c01807b7180f3c7c78339b6341c9cb7b927992a6e55353f484361cc4f09efc0909de6ef7f1261904ab,gx-no-cache=1557839260716 HTTP/1.1" 200 30
192.168.10.96 - - [14/May/2019:10:16:51 -0300] "GET /cormun/servlet/solicitudot?27e1d01c56ca065f6655b86807cf7f73ce6d065d2c1314a6cf03d623229168ba,gx-no-cache=1557839260744 HTTP/1.1" 200 51
192.168.10.96 - - [14/May/2019:10:16:51 -0300] "POST /cormun/servlet/solicitudot?gx-no-cache=1557839260824 HTTP/1.1" 200 255
192.168.10.96 - - [14/May/2019:10:16:51 -0300] "GET /cormun/servlet/solicitudot?27e1d01c56ca065f6655b86807cf7f731b525f9b22bd47754c33d0e480c0a77a1518fa87d7015ee4245466a70ae38cddc4e9cfe19360011a8181ea8e323a2ac26e76de0a5f53de3364b56e30b621d6d99531b8a99dd5580b75d77445aeb6dce03534470ba4e726e6dbabb52718e47577324cbd332e2822b485fa03b1a883a0b2a38e657e074568bf310c0ccfae6c1d3319bc031d5f92b164b3dd5c72d9a47aedabcd31fa550aab37804236cc9911bbe002f33925d231d0aebb66845e9927690af17965fa4aa82bc63d78887d1c89f1c5f49b0eb61df2ffc89c3af23e1691ae92b1acd8c8d3e48f6e98ee25ca6b51b84a88bed40e27abd9bcd870a79bb7d908e88a0954eaf26c7405bc50b3be3af3152b83e105279195201276e21b86e571e3dceb7b27054a11a33a2db0a3801570058aff50180f69717c9360d91b98d7b7cf24a2526f7d713bbbc02c0a76d0a2019d57d76e83c8b0b06ff2e7717776c4708be1f87723fd41bbe8c14d63d66866ea884ab6196ff81cd723ea986120dae462c1d9,gx-no-cache=1557839260851 HTTP/1.1" 200 30
192.168.10.96 - - [14/May/2019:10:16:54 -0300] "POST /cormun/servlet/solicitudot?gx-no-cache=1557839263844 HTTP/1.1" 200 30
192.168.10.96 - - [14/May/2019:10:16:56 -0300] "GET /cormun/servlet/prcontratosol?6829535,,,,,MD,,gxPopupLevel%3D0%3B HTTP/1.1" 200 7928
200.111.191.210 - - [14/May/2019:10:16:57 -0300] "GET /cormun/servlet/trlicencias? HTTP/1.1" 200 15299
200.111.191.210 - - [14/May/2019:10:16:57 -0300] "GET /cormun/servlet/trlicencias? HTTP/1.1" 200 15298
200.111.191.210 - - [14/May/2019:10:16:59 -0300] "POST /cormun/servlet/trlicencias?71dcfd9b2f0541055ee6acb7ea0ea91a,,gx-no-cache=1557839669080 HTTP/1.1" 200 12769
192.168.10.96 - - [14/May/2019:10:16:59 -0300] "POST /cormun/servlet/solicitudot?gx-no-cache=1557839268626 HTTP/1.1" 200 1344
192.168.10.96 - - [14/May/2019:10:16:59 -0300] "POST /cormun/servlet/solicitudot?gx-no-cache=1557839268725 HTTP/1.1" 200 38
192.168.10.96 - - [14/May/2019:10:16:59 -0300] "GET /cormun/servlet/solicitudot?27e1d01c56ca065f6655b86807cf7f732a80da117a828e57c6a908c311e61b08ef72185a4303cdf3ef0f237483e273933c8e4e86eccb9d2736d53472625fe15b3d6138e8c2450227985ce58cb6835622871324aebfbb38e008f8024de219f8a477bc69f5f7b8797bfc9dac904c5d4705,gx-no-cache=1557839268764 HTTP/1.1" 200 110
192.168.10.96 - - [14/May/2019:10:16:59 -0300] "POST /cormun/servlet/solicitudot?gx-no-cache=1557839268794 HTTP/1.1" 200 110
200.111.191.210 - - [14/May/2019:10:16:59 -0300] "GET /cormun/static/Shared/jqueryui/images/ui-bg_highlight-soft_100_c6c2c8_1x100.png HTTP/1.1" 404 1117
192.168.10.96 - - [14/May/2019:10:16:59 -0300] "GET /cormun/servlet/solicitudot?27e1d01c56ca065f6655b86807cf7f73dab936b151095a76454ee85948941ab44412369e0f835a102b256052e7a3876cb4b6b18e13fc894f9ab0fb2fe1d3813222807c29837de1220509013399aacad4a8203bc3dfb73d5bfa815e4746ac937e93b05b441c8d49a20f16790b9eb4e77bff35f8d48afd0402862b57489724b7617e464df52d7add756b7a7615fa99e474030c019c0c21d322bffcb85ce0b24f33,gx-no-cache=1557839268826 HTTP/1.1" 200 29
200.111.191.210 - - [14/May/2019:10:16:59 -0300] "GET /cormun/static/Shared/jqueryui/images/ui-icons_82798d_256x240.png HTTP/1.1" 404 1089
200.111.191.210 - - [14/May/2019:10:16:59 -0300] "GET /cormun/static/Shared/jqueryui/images/ui-icons_8d78a5_256x240.png HTTP/1.1" 404 1089
200.111.191.210 - - [14/May/2019:10:16:59 -0300] "GET /cormun/static/Shared/jqueryui/images/ui-bg_flat_55_fafafa_40x100.png HTTP/1.1" 404 1097
192.168.10.96 - - [14/May/2019:10:16:59 -0300] "GET /cormun/servlet/solicitudot?27e1d01c56ca065f6655b86807cf7f7346ec9d1a91ce419039a616dd02618328373633b1e527c727043dc325e2440225,gx-no-cache=1557839268888 HTTP/1.1" 200 134
192.168.10.96 - - [14/May/2019:10:17:00 -0300] "GET /cormun/static/Shared/jqueryui/images/ui-icons_82798d_256x240.png HTTP/1.1" 404 1089
192.168.10.96 - - [14/May/2019:10:17:00 -0300] "GET /cormun/static/Shared/jqueryui/images/ui-bg_flat_55_994d53_40x100.png HTTP/1.1" 404 1097
192.168.10.96 - - [14/May/2019:10:17:00 -0300] "GET /cormun/static/Shared/jqueryui/images/ui-icons_ebccce_256x240.png HTTP/1.1" 404 1089
192.168.10.96 - - [14/May/2019:10:17:00 -0300] "GET /cormun/static/Shared/jqueryui/images/ui-bg_highlight-soft_100_c6c2c8_1x100.png HTTP/1.1" 404 1117
200.111.191.210 - - [14/May/2019:10:17:02 -0300] "GET /cormun/servlet/trpermisosgoce? HTTP/1.1" 200 17229
200.111.191.210 - - [14/May/2019:10:17:03 -0300] "GET /cormun/servlet/trpermisosgoce? HTTP/1.1" 200 17229
200.111.191.210 - - [14/May/2019:10:17:05 -0300] "GET /cormun/servlet/trpermisosadjuntos?26141332,20190513160529,P, HTTP/1.1" 200 6351
200.111.191.210 - - [14/May/2019:10:17:05 -0300] "GET /cormun/servlet/trpermisosadjuntos?26141332,20190513160529,P, HTTP/1.1" 200 6351
200.111.191.210 - - [14/May/2019:10:17:06 -0300] "GET /cormun/servlet/permisosadjuntos?INS,26141332,P,20190513160529,, HTTP/1.1" 200 5681
200.111.191.210 - - [14/May/2019:10:17:06 -0300] "GET /cormun/static/about:blank HTTP/1.1" 404 1011
200.111.191.210 - - [14/May/2019:10:17:06 -0300] "GET /cormun/servlet/permisosadjuntos?INS,26141332,P,20190513160529,, HTTP/1.1" 200 5671
200.111.191.210 - - [14/May/2019:10:17:11 -0300] "POST /cormun/servlet/permisosadjuntos?71dcfd9b2f0541055ee6acb7ea0ea91a,INS,26141332,P,20190513160529,, HTTP/1.1" 200 116
200.111.191.210 - - [14/May/2019:10:17:11 -0300] "GET /cormun/servlet/hpexe_return? HTTP/1.1" 200 1040
200.111.191.210 - - [14/May/2019:10:17:11 -0300] "GET /cormun/servlet/trpermisosadjuntos?26141332,20190513160529,P, HTTP/1.1" 200 6815
200.111.191.210 - - [14/May/2019:10:17:11 -0300] "GET /cormun/servlet/trpermisosadjuntos?26141332,20190513160529,P, HTTP/1.1" 200 6812
192.168.10.96 - - [14/May/2019:10:17:12 -0300] "GET /cormun/servlet/solicitudot?27e1d01c56ca065f6655b86807cf7f73d1f712a5f18970ce01a72c6828efae71e26da1dcfa4f888c054b215eb1adabde,gx-no-cache=1557839281248 HTTP/1.1" 200 30
200.111.191.210 - - [14/May/2019:10:17:14 -0300] "GET /cormun/servlet/trpermisosgoce? HTTP/1.1" 200 17246
200.111.191.210 - - [14/May/2019:10:17:14 -0300] "GET /cormun/servlet/trpermisosgoce? HTTP/1.1" 200 17229
200.111.191.210 - - [14/May/2019:10:17:16 -0300] "POST /cormun/servlet/trpermisosgoce?71dcfd9b2f0541055ee6acb7ea0ea91a,,gx-no-cache=1557839685735 HTTP/1.1" 200 14410
192.168.10.96 - - [14/May/2019:10:17:16 -0300] "POST /cormun/servlet/solicitudot?gx-no-cache=1557839285206 HTTP/1.1" 200 33
200.111.191.210 - - [14/May/2019:10:17:16 -0300] "GET /cormun/static/Shared/jqueryui/images/ui-bg_highlight-soft_100_c6c2c8_1x100.png HTTP/1.1" 404 1117
200.111.191.210 - - [14/May/2019:10:17:16 -0300] "GET /cormun/static/Shared/jqueryui/images/ui-bg_flat_55_fafafa_40x100.png HTTP/1.1" 404 1097
200.111.191.210 - - [14/May/2019:10:17:16 -0300] "GET /cormun/static/Shared/jqueryui/images/ui-icons_8d78a5_256x240.png HTTP/1.1" 404 1089
200.111.191.210 - - [14/May/2019:10:17:16 -0300] "GET /cormun/static/Shared/jqueryui/images/ui-icons_82798d_256x240.png HTTP/1.1" 404 1089
190.171.152.114 - - [14/May/2019:10:17:17 -0300] "GET /cormun/servlet/solicitudotadjuntos?INS,2019,15580,,1, HTTP/1.1" 200 6312
190.171.152.114 - - [14/May/2019:10:17:17 -0300] "HEAD /cormun/static/about:blank HTTP/1.1" 404 -
190.171.152.114 - - [14/May/2019:10:17:18 -0300] "GET /cormun/servlet/solicitudotadjuntos?2b26033dc9784299a0478b1f3efccc4228f141d71c942ca56508a731dee72ccd356661af0b19c525b83e7f1a0fc772e4,gx-no-cache=1557839610591 HTTP/1.1" 200 30
190.171.152.114 - - [14/May/2019:10:17:18 -0300] "POST /cormun/servlet/solicitudotadjuntos?3d5104911d7c443e78aae78fda1503c6,INS,2019,15580,,1,,gx-no-cache=1557839610630 HTTP/1.1" 200 4096
190.171.152.114 - - [14/May/2019:10:17:20 -0300] "POST /cormun/servlet/solicitudotadjuntos?gx-no-cache=1557839613083 HTTP/1.1" 200 26
192.168.10.96 - - [14/May/2019:10:17:21 -0300] "POST /cormun/servlet/solicitudot?2d541b8033ce023d2bbfce3714c9765a,INS,0,0,,gx-no-cache=1557839289924 HTTP/1.1" 200 93
192.168.10.96 - - [14/May/2019:10:17:21 -0300] "GET /cormun/servlet/hpexe_return? HTTP/1.1" 200 1003
192.168.10.96 - - [14/May/2019:10:17:21 -0300] "GET /cormun/servlet/trsolicitudot HTTP/1.1" 200 8829
192.168.10.96 - - [14/May/2019:10:17:21 -0300] "GET /cormun/servlet/trsolicitudot HTTP/1.1" 200 8825
192.168.10.96 - - [14/May/2019:10:17:23 -0300] "POST /cormun/servlet/trsolicitudot?2d541b8033ce023d2bbfce3714c9765a,gx-no-cache=1557839292634 HTTP/1.1" 200 4740
192.168.10.96 - - [14/May/2019:10:17:23 -0300] "GET /cormun/static/Shared/jqueryui/images/ui-icons_82798d_256x240.png HTTP/1.1" 404 1089
192.168.10.96 - - [14/May/2019:10:17:23 -0300] "GET /cormun/static/Shared/jqueryui/images/ui-bg_highlight-soft_100_c6c2c8_1x100.png HTTP/1.1" 404 1117
192.168.10.96 - - [14/May/2019:10:17:23 -0300] "GET /cormun/static/Shared/jqueryui/images/ui-bg_flat_55_fafafa_40x100.png HTTP/1.1" 404 1097
192.168.10.96 - - [14/May/2019:10:17:23 -0300] "GET /cormun/static/Shared/jqueryui/images/ui-icons_8d78a5_256x240.png HTTP/1.1" 404 1089
192.168.10.96 - - [14/May/2019:10:17:23 -0300] "POST /cormun/servlet/trsolicitudot?2d541b8033ce023d2bbfce3714c9765a,gx-no-cache=1557839292822 HTTP/1.1" 200 4521
190.171.152.114 - - [14/May/2019:10:17:25 -0300] "GET /cormun/servlet/solicitudotadjuntos?2b26033dc9784299a0478b1f3efccc4220a8d1eed394b1bf01ca8441c2fff297,gx-no-cache=1557839618100 HTTP/1.1" 200 30
190.171.152.114 - - [14/May/2019:10:17:25 -0300] "GET /cormun/servlet/solicitudotadjuntos?2b26033dc9784299a0478b1f3efccc4220a8d1eed394b1bf01ca8441c2fff297,gx-no-cache=1557839618120 HTTP/1.1" 200 30
192.168.10.96 - - [14/May/2019:10:17:26 -0300] "GET /cormun/servlet/trautorizarsolicitud? HTTP/1.1" 200 8718
190.171.152.114 - - [14/May/2019:10:17:26 -0300] "POST /cormun/servlet/solicitudotadjuntos?3d5104911d7c443e78aae78fda1503c6,INS,2019,15580,,1, HTTP/1.1" 200 116
190.171.152.114 - - [14/May/2019:10:17:26 -0300] "GET /cormun/servlet/hpexe_return? HTTP/1.1" 200 1025
192.168.10.96 - - [14/May/2019:10:17:26 -0300] "GET /cormun/servlet/trautorizarsolicitud? HTTP/1.1" 200 8718
190.171.152.114 - - [14/May/2019:10:17:27 -0300] "GET /cormun/servlet/trsolicitudadjuntos?2019,15580, HTTP/1.1" 200 9639
192.168.10.96 - - [14/May/2019:10:17:27 -0300] "POST /cormun/servlet/trautorizarsolicitud?2d541b8033ce023d2bbfce3714c9765a,,gx-no-cache=1557839296735 HTTP/1.1" 200 4671
192.168.10.96 - - [14/May/2019:10:17:27 -0300] "GET /cormun/static/Shared/jqueryui/images/ui-bg_highlight-soft_100_c6c2c8_1x100.png HTTP/1.1" 404 1117
192.168.10.96 - - [14/May/2019:10:17:27 -0300] "GET /cormun/static/Shared/jqueryui/images/ui-icons_82798d_256x240.png HTTP/1.1" 404 1089
192.168.10.96 - - [14/May/2019:10:17:27 -0300] "GET /cormun/static/Shared/jqueryui/images/ui-bg_flat_55_fafafa_40x100.png HTTP/1.1" 404 1097
192.168.10.96 - - [14/May/2019:10:17:27 -0300] "GET /cormun/static/Shared/jqueryui/images/ui-icons_8d78a5_256x240.png HTTP/1.1" 404 1089
192.168.10.96 - - [14/May/2019:10:17:28 -0300] "POST /cormun/servlet/trautorizarsolicitud?2d541b8033ce023d2bbfce3714c9765a,,gx-no-cache=1557839296942 HTTP/1.1" 200 4454
192.168.10.96 - - [14/May/2019:10:17:33 -0300] "GET /cormun/servlet/trsolicitudot? HTTP/1.1" 200 7447
190.171.152.114 - - [14/May/2019:10:17:33 -0300] "GET /cormun/servlet/solicitudotadjuntos?INS,2019,15580,,1, HTTP/1.1" 200 6312
192.168.10.96 - - [14/May/2019:10:17:33 -0300] "GET /cormun/servlet/trsolicitudot? HTTP/1.1" 200 7447
190.171.152.114 - - [14/May/2019:10:17:33 -0300] "HEAD /cormun/static/about:blank HTTP/1.1" 404 -
190.171.152.114 - - [14/May/2019:10:17:34 -0300] "GET /cormun/servlet/solicitudotadjuntos?2b26033dc9784299a0478b1f3efccc4228f141d71c942ca56508a731dee72ccd356661af0b19c525b83e7f1a0fc772e4,gx-no-cache=1557839626854 HTTP/1.1" 200 30
190.171.152.114 - - [14/May/2019:10:17:34 -0300] "POST /cormun/servlet/solicitudotadjuntos?3d5104911d7c443e78aae78fda1503c6,INS,2019,15580,,1,,gx-no-cache=1557839626901 HTTP/1.1" 200 4096
190.171.152.114 - - [14/May/2019:10:17:37 -0300] "POST /cormun/servlet/solicitudotadjuntos?gx-no-cache=1557839629628 HTTP/1.1" 200 26
192.168.10.96 - - [14/May/2019:10:17:50 -0300] "GET /cormun/servlet/hlogin HTTP/1.1" 200 1735
192.168.10.96 - - [14/May/2019:10:17:57 -0300] "POST /cormun/servlet/hlogin?2d541b8033ce023d2bbfce3714c9765a,gx-no-cache=1557839326094 HTTP/1.1" 200 90
192.168.10.96 - - [14/May/2019:10:17:57 -0300] "GET /cormun/servlet/hpexe_link HTTP/1.1" 200 947
192.168.10.96 - - [14/May/2019:10:17:57 -0300] "GET /cormun/servlet/hhome HTTP/1.1" 200 4767
192.168.10.96 - - [14/May/2019:10:17:57 -0300] "GET /cormun/servlet/hhome HTTP/1.1" 200 4763
190.171.152.114 - - [14/May/2019:10:18:36 -0300] "GET /cormun/servlet/solicitudotadjuntos?2b26033dc9784299a0478b1f3efccc4220a8d1eed394b1bf01ca8441c2fff297,gx-no-cache=1557839689029 HTTP/1.1" 200 30
190.171.152.114 - - [14/May/2019:10:18:37 -0300] "GET /cormun/servlet/solicitudotadjuntos?2b26033dc9784299a0478b1f3efccc4220a8d1eed394b1bf01ca8441c2fff297,gx-no-cache=1557839689150 HTTP/1.1" 200 30
190.171.152.114 - - [14/May/2019:10:18:39 -0300] "POST /cormun/servlet/solicitudotadjuntos?3d5104911d7c443e78aae78fda1503c6,INS,2019,15580,,1, HTTP/1.1" 200 116
190.171.152.114 - - [14/May/2019:10:18:39 -0300] "GET /cormun/servlet/hpexe_return? HTTP/1.1" 200 1025
190.171.152.114 - - [14/May/2019:10:18:40 -0300] "GET /cormun/servlet/trsolicitudadjuntos?2019,15580, HTTP/1.1" 200 9887
190.171.152.114 - - [14/May/2019:10:18:44 -0300] "GET /cormun/servlet/solicitudotadjuntos?INS,2019,15580,,1, HTTP/1.1" 200 6312
190.171.152.114 - - [14/May/2019:10:18:44 -0300] "HEAD /cormun/static/about:blank HTTP/1.1" 404 -
190.171.152.114 - - [14/May/2019:10:18:45 -0300] "GET /cormun/servlet/solicitudotadjuntos?2b26033dc9784299a0478b1f3efccc4228f141d71c942ca56508a731dee72ccd356661af0b19c525b83e7f1a0fc772e4,gx-no-cache=1557839697901 HTTP/1.1" 200 30
190.171.152.114 - - [14/May/2019:10:18:46 -0300] "POST /cormun/servlet/solicitudotadjuntos?3d5104911d7c443e78aae78fda1503c6,INS,2019,15580,,1,,gx-no-cache=1557839698022 HTTP/1.1" 200 4095
190.171.152.114 - - [14/May/2019:10:18:51 -0300] "POST /cormun/servlet/solicitudotadjuntos?gx-no-cache=1557839703225 HTTP/1.1" 200 26
190.171.142.42 - - [14/May/2019:10:18:53 -0300] "GET /cormun/servlet/alicenciaprn?17477489,L,20190513000000,PU HTTP/1.1" 200 1531
