200.112.233.47 - - [13/May/2019:17:33:48 -0300] "GET /cormun/static/PXToolsJavascripts/pexe_griddivfix.js HTTP/1.1" 200 6644
200.112.233.47 - - [13/May/2019:17:33:48 -0300] "GET /cormun/static/PXToolsJavascripts/pexe_link.js HTTP/1.1" 200 5671
200.112.233.47 - - [13/May/2019:17:33:48 -0300] "GET /cormun/static/PXToolsJavascripts/pexe_menudivfix.js HTTP/1.1" 200 333
200.112.233.47 - - [13/May/2019:17:33:48 -0300] "GET /cormun/static/PXToolsJavascripts/pexe_menus.js HTTP/1.1" 200 1286
200.112.233.47 - - [13/May/2019:17:33:49 -0300] "GET /cormun/static/PXToolsJavascripts/pexe_layers.js HTTP/1.1" 200 4114
200.112.233.47 - - [13/May/2019:17:33:49 -0300] "GET /cormun/static/PXToolsJavascripts/pexe_oav.js HTTP/1.1" 200 645
200.112.233.47 - - [13/May/2019:17:33:49 -0300] "GET /cormun/static/PXToolsJavascripts/pexe_oavdivfix.js HTTP/1.1" 200 639
200.112.233.47 - - [13/May/2019:17:33:50 -0300] "GET /cormun/static/PXToolsJavascripts/pexe_picture.js HTTP/1.1" 200 689
200.112.233.47 - - [13/May/2019:17:33:51 -0300] "GET /cormun/static/PXToolsJavascripts/pexe_popup.js HTTP/1.1" 200 13458
200.112.233.47 - - [13/May/2019:17:33:51 -0300] "GET /cormun/static/PXToolsJavascripts/pexe_scrolldiv.js HTTP/1.1" 200 4138
200.112.233.47 - - [13/May/2019:17:33:51 -0300] "GET /cormun/static/PXToolsJavascripts/pexe_tabdivfix.js HTTP/1.1" 200 876
200.112.233.47 - - [13/May/2019:17:33:52 -0300] "GET /cormun/static/PXToolsJavascripts/pexe_tabs.js HTTP/1.1" 200 3748
200.112.233.47 - - [13/May/2019:17:33:52 -0300] "GET /cormun/static/PXToolsJavascripts/pexe_upload.js HTTP/1.1" 200 1423
200.112.233.47 - - [13/May/2019:17:33:52 -0300] "GET /cormun/static/PXToolsJavascripts/PXToolsJavascriptsRender.js HTTP/1.1" 200 367
200.112.233.47 - - [13/May/2019:17:33:52 -0300] "GET /cormun/static/Shared/ext/locale/ext-lang-en.js HTTP/1.1" 200 10940
200.112.233.47 - - [13/May/2019:17:33:52 -0300] "GET /cormun/static/messages.spa.js?85251 HTTP/1.1" 200 30736
200.112.233.47 - - [13/May/2019:17:33:52 -0300] "GET /cormun/static/gxdec.js?85251 HTTP/1.1" 200 19579
200.112.233.47 - - [13/May/2019:17:33:52 -0300] "GET /cormun/static/trlicencias.js?20176272054837 HTTP/1.1" 200 41883
200.112.233.47 - - [13/May/2019:17:33:53 -0300] "GET /cormun/static/hwchdr01.js?201752511465785 HTTP/1.1" 200 1183
200.112.233.47 - - [13/May/2019:17:33:53 -0300] "GET /cormun/static/hpexe_recentlink.js?20177611595044 HTTP/1.1" 200 2144
200.112.233.47 - - [13/May/2019:17:33:53 -0300] "GET /cormun/static/hpexe_scripts.js?201752511465715 HTTP/1.1" 200 1544
200.112.233.47 - - [13/May/2019:17:33:53 -0300] "GET /cormun/static/hpexe_messagecontroller.js?20177611595012 HTTP/1.1" 200 870
200.112.233.47 - - [13/May/2019:17:33:54 -0300] "GET /cormun/static/hpexe_messagepopupcomponent.js?20161017169425 HTTP/1.1" 200 605
200.112.233.47 - - [13/May/2019:17:33:54 -0300] "GET /cormun/static/hpexe_messagegenexuscomponent.js?201752511465344 HTTP/1.1" 200 587
200.112.233.47 - - [13/May/2019:17:33:54 -0300] "GET /cormun/static/cmcontrolpreferences.js?201752511465670 HTTP/1.1" 200 1375
200.112.233.47 - - [13/May/2019:17:33:58 -0300] "GET /cormun/static/Shared/jquery/jquery-1.4.2.min.js HTTP/1.1" 200 72174
200.112.233.47 - - [13/May/2019:17:33:58 -0300] "GET /cormun/static/Shared/jquery/jquery-1.10.2.min.js HTTP/1.1" 200 273199
200.112.233.47 - - [13/May/2019:17:33:59 -0300] "GET /cormun/static/SmoothNavMenu/resources/ddsmoothmenu.js HTTP/1.1" 200 12712
200.112.233.47 - - [13/May/2019:17:33:59 -0300] "GET /cormun/static/Shared/jqueryui/jquery-ui.min.js HTTP/1.1" 200 240427
200.112.233.47 - - [13/May/2019:17:33:59 -0300] "GET /cormun/static/SmoothNavMenu/resources/SmoothNavMenuRender.js HTTP/1.1" 200 5951
200.112.233.47 - - [13/May/2019:17:33:59 -0300] "GET /cormun/static/scaMessage/js/jquery.pnotify.min.js HTTP/1.1" 200 13038
200.112.233.47 - - [13/May/2019:17:34:00 -0300] "GET /cormun/static/Resources/PXToolsHeaderBackground2.png HTTP/1.1" 200 1174
200.112.233.47 - - [13/May/2019:17:34:00 -0300] "GET /cormun/static/Resources/PXToolsFooterBackground2.png HTTP/1.1" 200 1172
200.112.233.47 - - [13/May/2019:17:34:00 -0300] "GET /cormun/static/Resources/PXToolsDataTitle.png HTTP/1.1" 200 1173
200.112.233.47 - - [13/May/2019:17:34:00 -0300] "GET /cormun/static/Resources/PXToolsHeaderActionsLeft.png HTTP/1.1" 200 1118
200.112.233.47 - - [13/May/2019:17:34:00 -0300] "GET /cormun/static/Resources/PXToolsHeaderHome.png HTTP/1.1" 200 4147
200.112.233.47 - - [13/May/2019:17:34:00 -0300] "GET /cormun/static/Resources/PXToolsHeaderLogin.png HTTP/1.1" 200 4279
200.112.233.47 - - [13/May/2019:17:34:01 -0300] "GET /cormun/static/Resources/PXToolsHeaderPreferences.png HTTP/1.1" 200 4189
200.112.233.47 - - [13/May/2019:17:34:01 -0300] "GET /cormun/static/Resources/PXToolsHeaderActionsRight.png HTTP/1.1" 200 1201
200.112.233.47 - - [13/May/2019:17:34:01 -0300] "GET /cormun/static/Resources/PXToolsGridPreviousDisabled.gif HTTP/1.1" 200 90
200.112.233.47 - - [13/May/2019:17:34:01 -0300] "GET /cormun/static/Resources/PXToolsHeaderSecurity.png HTTP/1.1" 200 4166
200.112.233.47 - - [13/May/2019:17:34:01 -0300] "GET /cormun/static/Resources/PXToolsGridFirstDisabled.gif HTTP/1.1" 200 100
200.112.233.47 - - [13/May/2019:17:34:01 -0300] "GET /cormun/static/Resources/PXToolsGridNextDisabled.gif HTTP/1.1" 200 90
200.112.233.47 - - [13/May/2019:17:34:01 -0300] "GET /cormun/static/Resources/PXToolsGridLastDisabled.gif HTTP/1.1" 200 98
200.112.233.47 - - [13/May/2019:17:34:01 -0300] "GET /cormun/static/Resources/PXToolsGridPage.gif HTTP/1.1" 200 725
200.112.233.47 - - [13/May/2019:17:34:01 -0300] "GET /cormun/static/scaMessage/scaMessageRender.js HTTP/1.1" 200 11977
200.112.233.47 - - [13/May/2019:17:34:01 -0300] "GET /cormun/static/Resources/PXToolsGridNew.png HTTP/1.1" 200 2949
200.112.233.47 - - [13/May/2019:17:34:01 -0300] "GET /cormun/static/Resources/PXToolsHeaderActionsBackground.png HTTP/1.1" 200 484
200.112.233.47 - - [13/May/2019:17:34:01 -0300] "GET /cormun/static/Resources/PXToolsActionExcel.png HTTP/1.1" 200 3187
200.112.233.47 - - [13/May/2019:17:34:01 -0300] "GET /cormun/static/hmpwkw03.js?20189613443875 HTTP/1.1" 200 3965
200.112.233.47 - - [13/May/2019:17:34:01 -0300] "GET /cormun/static/Resources/PXToolsDataSearch.png HTTP/1.1" 200 419
200.112.233.47 - - [13/May/2019:17:34:01 -0300] "GET /cormun/static/Resources/PXTools/calendar.png HTTP/1.1" 200 1306
200.112.233.47 - - [13/May/2019:17:34:01 -0300] "GET /cormun/static/Resources/logo4.png HTTP/1.1" 200 6582
200.54.107.2 - - [13/May/2019:17:34:04 -0300] "GET /cormun/servlet/trcontratounov2? HTTP/1.1" 200 17567
200.112.233.47 - - [13/May/2019:17:34:04 -0300] "GET /cormun/static/Shared/ext/resources/themes/images/default/tools/tool-sprites.gif HTTP/1.1" 200 5434
200.112.233.47 - - [13/May/2019:17:34:04 -0300] "GET /cormun/static/Shared/ext/resources/themes/images/default/panel/bg-headersPanel.png HTTP/1.1" 200 255
200.112.233.47 - - [13/May/2019:17:34:04 -0300] "GET /cormun//static/Resources/PXToolsGridDisplay.png HTTP/1.1" 200 362
200.112.233.47 - - [13/May/2019:17:34:04 -0300] "GET /cormun/servlet/hlogin HTTP/1.1" 200 1736
200.112.233.47 - - [13/May/2019:17:34:04 -0300] "GET /cormun//static/Resources/PXTools/ActionInsert.png HTTP/1.1" 200 1482
200.112.233.47 - - [13/May/2019:17:34:04 -0300] "GET /cormun//static/Resources/PXToolsActionDisabled.gif HTTP/1.1" 200 53
200.112.233.47 - - [13/May/2019:17:34:05 -0300] "GET /cormun//static/Resources/PXToolsActionPrint.png HTTP/1.1" 200 3317
200.112.233.47 - - [13/May/2019:17:34:05 -0300] "GET /cormun//static/Resources/PXToolsHeaderHelp.png HTTP/1.1" 200 4055
200.112.233.47 - - [13/May/2019:17:34:05 -0300] "GET /cormun/static/Resources/desc.gif HTTP/1.1" 200 65
200.112.233.47 - - [13/May/2019:17:34:05 -0300] "GET /cormun/servlet/trlicencias HTTP/1.1" 200 8439
200.112.233.47 - - [13/May/2019:17:34:05 -0300] "GET /cormun/static/gxcfg.js?20177612122725 HTTP/1.1" 200 953
200.112.233.47 - - [13/May/2019:17:34:05 -0300] "GET /cormun/static/Resources/Spanish/PXTools.css?1155365 HTTP/1.1" 200 89042
200.54.107.2 - - [13/May/2019:17:34:05 -0300] "GET /cormun/servlet/trcontratounov2? HTTP/1.1" 200 17578
200.112.233.47 - - [13/May/2019:17:34:05 -0300] "GET /cormun/static/hlogin.js?20177612122738 HTTP/1.1" 200 2136
200.112.233.47 - - [13/May/2019:17:34:05 -0300] "GET /cormun/static/Resources/ComunLogin.png HTTP/1.1" 200 17326
200.112.233.47 - - [13/May/2019:17:34:06 -0300] "GET /cormun/static/Resources/PXToolsLoginTop.png HTTP/1.1" 200 1337
200.112.233.47 - - [13/May/2019:17:34:06 -0300] "GET /cormun/static/Resources/PXToolsLoginBackground.png HTTP/1.1" 200 1164
200.112.233.47 - - [13/May/2019:17:34:06 -0300] "GET /cormun/static/Resources/PXToolsButtonLeft21.png HTTP/1.1" 200 1287
200.112.233.47 - - [13/May/2019:17:34:06 -0300] "GET /cormun/static/Resources/PXToolsButtonRight21.png HTTP/1.1" 200 1283
200.112.233.47 - - [13/May/2019:17:34:07 -0300] "GET /cormun/static/Resources/PXToolsButtonBackground2.png HTTP/1.1" 200 1181
200.112.233.47 - - [13/May/2019:17:34:07 -0300] "GET /cormun/static/Resources/PXToolsLoginBottom.png HTTP/1.1" 200 1389
200.112.233.47 - - [13/May/2019:17:34:07 -0300] "GET /cormun/static/Resources/indicator.gif HTTP/1.1" 200 1553
200.54.107.2 - - [13/May/2019:17:34:18 -0300] "GET /cormun/servlet/trcontratosolicitud? HTTP/1.1" 200 14692
200.54.107.2 - - [13/May/2019:17:34:19 -0300] "GET /cormun/servlet/trcontratosolicitud? HTTP/1.1" 200 14692
200.54.107.2 - - [13/May/2019:17:35:09 -0300] "POST /cormun/servlet/trcontratosolicitud?0681e29a79e29c135234073e737f5b4d,,gx-no-cache=1557779482783 HTTP/1.1" 200 7133
190.171.143.90 - - [13/May/2019:17:35:50 -0300] "POST /cormun/servlet/hlogin?0bd6e905d1b2b9c8221d54abb4e01b65,gx-no-cache=1557779522706 HTTP/1.1" 200 90
190.171.143.90 - - [13/May/2019:17:35:50 -0300] "GET /cormun/servlet/hpexe_link HTTP/1.1" 200 950
190.171.143.90 - - [13/May/2019:17:35:51 -0300] "GET /cormun/servlet/hhome HTTP/1.1" 200 4308
190.171.143.90 - - [13/May/2019:17:35:53 -0300] "GET /cormun/servlet/hhome HTTP/1.1" 200 4304
190.171.143.90 - - [13/May/2019:17:36:18 -0300] "GET /cormun/servlet/trsolicitudot? HTTP/1.1" 200 7521
190.171.143.90 - - [13/May/2019:17:36:19 -0300] "GET /cormun/servlet/trsolicitudot? HTTP/1.1" 200 7521
190.171.143.90 - - [13/May/2019:17:36:23 -0300] "GET /cormun/servlet/solicitudot?INS,0,0, HTTP/1.1" 200 15297
190.171.143.90 - - [13/May/2019:17:36:23 -0300] "GET /cormun/static/gxcfg.js?20189101114418 HTTP/1.1" 200 953
190.171.143.90 - - [13/May/2019:17:36:23 -0300] "GET /cormun/static/solicitudot.js?20189101114718 HTTP/1.1" 200 71883
190.171.143.90 - - [13/May/2019:17:36:24 -0300] "GET /cormun/servlet/solicitudot?INS,0,0, HTTP/1.1" 200 15302
190.171.143.90 - - [13/May/2019:17:36:32 -0300] "POST /cormun/servlet/solicitudot?gx-no-cache=1557779564343 HTTP/1.1" 200 3459
190.171.143.90 - - [13/May/2019:17:36:32 -0300] "POST /cormun/servlet/solicitudot?0bd6e905d1b2b9c8221d54abb4e01b65,INS,0,0,,gx-no-cache=1557779564660 HTTP/1.1" 200 11921
190.171.143.90 - - [13/May/2019:17:36:35 -0300] "GET /cormun/servlet/solicitudot?ce45f430ab844380e4a172eaf71bd15323587bcd3f446b41eaf1569d2ed9f338076394ffa7fb9c6456e35f2ba5af7f0f,gx-no-cache=1557779567228 HTTP/1.1" 200 30
192.168.10.96 - - [13/May/2019:17:37:16 -0300] "GET /cormun/servlet/trsolicitudgral? HTTP/1.1" 500 10
192.168.10.96 - - [13/May/2019:17:37:21 -0300] "GET /cormun/servlet/hlogin HTTP/1.1" 200 1723
192.168.10.96 - - [13/May/2019:17:37:32 -0300] "POST /cormun/servlet/hlogin?0d704e06afa32e7cffc83f832ad938f2,gx-no-cache=1557779301217 HTTP/1.1" 200 90
192.168.10.96 - - [13/May/2019:17:37:32 -0300] "GET /cormun/servlet/hpexe_link HTTP/1.1" 200 954
192.168.10.96 - - [13/May/2019:17:37:32 -0300] "GET /cormun/servlet/hhome HTTP/1.1" 200 4779
192.168.10.96 - - [13/May/2019:17:37:32 -0300] "GET /cormun/servlet/hhome HTTP/1.1" 200 4776
190.171.143.90 - - [13/May/2019:17:38:01 -0300] "GET /cormun/servlet/prbanco?,MD,,gxPopupLevel%3D0%3B HTTP/1.1" 200 6657
190.171.143.90 - - [13/May/2019:17:38:01 -0300] "GET /cormun/static/gxcfg.js?20181161016094 HTTP/1.1" 200 953
190.171.143.90 - - [13/May/2019:17:38:01 -0300] "GET /cormun/static/prbanco.js?2018116101633 HTTP/1.1" 200 10693
192.168.10.96 - - [13/May/2019:17:38:04 -0300] "GET /cormun/servlet/trsolicitudgral? HTTP/1.1" 200 28786
190.171.143.90 - - [13/May/2019:17:38:05 -0300] "GET /cormun/servlet/solicitudot?ce45f430ab844380e4a172eaf71bd15382f2ad59b9151eea9917db9b0da68a5888ab3ad9256cbfa94b2f6c35815b2dcd716720c35fecd3c261e8ea930a100722,gx-no-cache=1557779657990 HTTP/1.1" 200 30
192.168.10.96 - - [13/May/2019:17:38:06 -0300] "GET /cormun/servlet/trsolicitudgral? HTTP/1.1" 200 28784
190.171.143.90 - - [13/May/2019:17:38:07 -0300] "GET /cormun/servlet/solicitudot?ce45f430ab844380e4a172eaf71bd1532e528513167d7698ac26553c56a4d72b,gx-no-cache=1557779659236 HTTP/1.1" 200 51
192.168.10.89 - - [13/May/2019:17:38:08 -0300] "GET /cormun/servlet/hlogin HTTP/1.1" 200 1721
190.171.143.90 - - [13/May/2019:17:38:10 -0300] "POST /cormun/servlet/solicitudot?0bd6e905d1b2b9c8221d54abb4e01b65,INS,0,0,,gx-no-cache=1557779662166 HTTP/1.1" 200 12112
190.171.143.90 - - [13/May/2019:17:38:10 -0300] "GET /cormun/static/Shared/jqueryui/images/ui-bg_highlight-soft_100_c6c2c8_1x100.png HTTP/1.1" 404 1117
190.171.143.90 - - [13/May/2019:17:38:10 -0300] "GET /cormun/static/Shared/jqueryui/images/ui-icons_82798d_256x240.png HTTP/1.1" 404 1089
190.171.143.90 - - [13/May/2019:17:38:10 -0300] "GET /cormun/static/Shared/jqueryui/images/ui-bg_flat_55_fafafa_40x100.png HTTP/1.1" 404 1097
190.171.143.90 - - [13/May/2019:17:38:10 -0300] "GET /cormun/static/Shared/jqueryui/images/ui-icons_8d78a5_256x240.png HTTP/1.1" 404 1089
190.171.143.90 - - [13/May/2019:17:38:12 -0300] "GET /cormun/servlet/solicitudot?ce45f430ab844380e4a172eaf71bd153815ebf054c0c45fc7a3af228a69150efc3d8a95faea4e4e60c7fdb459855fbca6ce00f5e2547166beaafb72e830903f1,gx-no-cache=1557779664341 HTTP/1.1" 200 51
190.171.143.90 - - [13/May/2019:17:38:16 -0300] "POST /cormun/servlet/solicitudot?gx-no-cache=1557779668556 HTTP/1.1" 200 297
192.168.10.89 - - [13/May/2019:17:38:18 -0300] "POST /cormun/servlet/hlogin?db1c914870ba76f3ee79cb2a93f1e4b2,gx-no-cache=1557779347886 HTTP/1.1" 200 90
192.168.10.89 - - [13/May/2019:17:38:18 -0300] "GET /cormun/servlet/hpexe_link HTTP/1.1" 200 950
192.168.10.89 - - [13/May/2019:17:38:18 -0300] "GET /cormun/servlet/hhome HTTP/1.1" 200 3880
192.168.10.89 - - [13/May/2019:17:38:20 -0300] "GET /cormun/servlet/trsolicitudgral? HTTP/1.1" 200 27852
200.54.107.2 - - [13/May/2019:17:38:21 -0300] "POST /cormun/servlet/trcontratosolicitud?0681e29a79e29c135234073e737f5b4d,,gx-no-cache=1557779675694 HTTP/1.1" 200 12313
190.171.143.90 - - [13/May/2019:17:38:22 -0300] "GET /cormun/servlet/solicitudot?ce45f430ab844380e4a172eaf71bd153d9f243cbceb75231884500ac2a2a5ac5868efedb0672d55d69d54d46f2d5255b795950691a134b9cea61529b01b3e734a7d907b8a5a09a1aad853ddb066f3a1a3bda2c1db0d90c46711ba3dd60839b297d60d1dfc725e86a7b2076f2878ecc18d2a8230d06142f9c4e91a40f8c4f5358ff5ac5ca3c4e70ab0ace9d59b0e9f1954d76d97bab31e611659e9482baf3081d25afb2152ae157f6a860d0aa4260548477a8a26596a588397db0ab76ed08ca8b2d8676eada7d46283c15aa859c3e4703857eed6081eaccee98ad562fd7fd106dd69e9aae48e287553b1087fd87c8e111290aea58439e997abfb6dad38491a5b2831a2f5bee529c77ac535a5cab9aa78f2f4cd8c96266c5d153db25ff282ea3627436461ccd874060c50bd5f32aacfaabb7a715ec38a611e44a2e29e5945c5f5f6d73019731d70ab8b5b799a19168435edfeda63f84299fcbf2aa9d7fdc14d0ad20103cd0709ab2da962ff2492780db5901a8f948de6d542194e5aacd9e1e6013f87ff1b54b7abf4c93ebaaa8a040a065,gx-no-cache=1557779674950 HTTP/1.1" 200 30
190.171.143.90 - - [13/May/2019:17:38:25 -0300] "POST /cormun/servlet/solicitudot?gx-no-cache=1557779677969 HTTP/1.1" 200 30
190.171.143.90 - - [13/May/2019:17:38:26 -0300] "POST /cormun/servlet/solicitudot?gx-no-cache=1557779679080 HTTP/1.1" 200 1341
190.171.143.90 - - [13/May/2019:17:38:27 -0300] "POST /cormun/servlet/solicitudot?gx-no-cache=1557779679217 HTTP/1.1" 200 38
192.168.10.89 - - [13/May/2019:17:38:27 -0300] "POST /cormun/servlet/trsolicitudgral?db1c914870ba76f3ee79cb2a93f1e4b2,,gx-no-cache=1557779356315 HTTP/1.1" 200 6921
192.168.10.89 - - [13/May/2019:17:38:37 -0300] "GET /cormun/servlet/solicitudgral?UPD,2019,15508, HTTP/1.1" 200 12588
190.171.143.90 - - [13/May/2019:17:38:38 -0300] "GET /cormun/servlet/solicitudot?ce45f430ab844380e4a172eaf71bd15365fa0c36f4ccb5da5cc656e95ec306708eb4b6eb3a0440ac39aa12cf0688cda0d21406750d758de2eb38e080d785eafa3c63a6c936cc112182e1cea816e9c8b87a0698633427094e85b95e72b1a6582aa1f5ce20ba4f2479dabce8249b1b7631,gx-no-cache=1557779690539 HTTP/1.1" 200 110
192.168.10.89 - - [13/May/2019:17:38:38 -0300] "POST /cormun/servlet/solicitudgral?gx-no-cache=1557779367546 HTTP/1.1" 200 4075
192.168.10.89 - - [13/May/2019:17:38:38 -0300] "GET /cormun/servlet/solicitudgral?ec2a613ffd3b1e2bd0edc716ef2a7d21afdec348f554a460ce549cd3c503a350709120d865262f63f99b023991d738bfed47a750a6f953c263a4e422036e508c2b0e3ada3ea4d98f890a2913ef5959cef62867f1d585f5f2672283dc8a6eac395143a7f35b8cd7cc0578f2771a3115ce0dc7804a1be65b944865d8447005b617adef3548481606310481acb9f2141b25047ec30ce653236e363b8b6660b8291f892c1b4d1d70a64dea097d90ea55087bf7309e77947559c0dc65665ffcb4594c8a0bc9dd57030de4469668f5f3e3797de22b28fe3dcf1e08896381980370ccec5ace7ece86ef0868340e6697106d5d73c4a658ca06a620d1da3de6cd2ee2d5e406c81f339be98962d74dbd9dec6498bfa13db0f07ec0bb8420f9e4e087af8b23fb41fb1c079946175279bf3ec2521d8cc95a386b276ab67dd8fe1a8142abd847d03fbcbefaaf50b3a30e9eb71465ee90,gx-no-cache=1557779367908 HTTP/1.1" 200 256
192.168.10.89 - - [13/May/2019:17:38:39 -0300] "GET /cormun/servlet/solicitudgral?ec2a613ffd3b1e2bd0edc716ef2a7d213e32bcf6057f90a5aeaa5ab0128262b9dc3e7406df8d6673dcb1518070234701ed47a750a6f953c263a4e422036e508c3a3150924c9750ed522759cc24301900b37b2fd3e4b84f6128b13daa7a78c59d,gx-no-cache=1557779368653 HTTP/1.1" 200 30
192.168.10.89 - - [13/May/2019:17:38:39 -0300] "POST /cormun/servlet/solicitudgral?gx-no-cache=1557779368997 HTTP/1.1" 200 109
192.168.10.89 - - [13/May/2019:17:38:40 -0300] "GET /cormun/servlet/solicitudgral?ec2a613ffd3b1e2bd0edc716ef2a7d2169c6f1538c91025a50fab01a2a5cc9f81a152c1ea66cf438da1b8c50e5ca520d9337680199a6b783a3dd657697aea82ed57d84d91054e0a972387b147fb29582f2f720a7a992f677e9890f986b6f849335408688d59d9840f9929384851b8459a423c380ff278c86337c113227c6ca085eab6a81e18544e23b045494db4b9eba88d8d4c5fd58215606877f4b6e7994d3d9030c0f26d46737d79a674668a78392cb097fb3cf75c1cebc9c0ea2d3f228e88518d5b4bc273ddfeb8610e647c6ed7020f7498926afb0315ec9bc44bc44a1e3233ddfca0f3878061b4d436cdf453ea1651a4075499e7c8ba0365d003a1e0781,gx-no-cache=1557779369322 HTTP/1.1" 200 49
192.168.10.89 - - [13/May/2019:17:38:40 -0300] "POST /cormun/servlet/solicitudgral?db1c914870ba76f3ee79cb2a93f1e4b2,UPD,2019,15508,,gx-no-cache=1557779369660 HTTP/1.1" 200 11471
192.168.10.89 - - [13/May/2019:17:38:41 -0300] "GET /cormun/servlet/solicitudgral?ec2a613ffd3b1e2bd0edc716ef2a7d21a285a7ba17698c689bde7b15b7ca6180935be7c5fdf3c6176d442aa69271e68dcbae8d7848b0806c316453b4578836ed1401b0248a3d6d07e0c432c4a491507bc80bd14b5aaec2334e24578ca59f8fa6b91da23101cb174d5a35ecf85ac19bd7,gx-no-cache=1557779370391 HTTP/1.1" 200 29
190.171.141.114 - - [13/May/2019:17:38:56 -0300] "GET /cormun/servlet/hlogin HTTP/1.1" 200 1723
190.171.143.90 - - [13/May/2019:17:38:58 -0300] "POST /cormun/servlet/solicitudot?gx-no-cache=1557779710429 HTTP/1.1" 200 69
192.168.10.89 - - [13/May/2019:17:38:59 -0300] "POST /cormun/servlet/solicitudgral?db1c914870ba76f3ee79cb2a93f1e4b2,UPD,2019,15508,,gx-no-cache=1557779388575 HTTP/1.1" 200 93
192.168.10.89 - - [13/May/2019:17:38:59 -0300] "GET /cormun/servlet/hpexe_return? HTTP/1.1" 200 1013
192.168.10.89 - - [13/May/2019:17:38:59 -0300] "GET /cormun/servlet/trsolicitudgral? HTTP/1.1" 200 10033
192.168.10.89 - - [13/May/2019:17:39:03 -0300] "GET /cormun/servlet/solicitudgral2?UPD,2019,15509, HTTP/1.1" 200 12605
192.168.10.89 - - [13/May/2019:17:39:05 -0300] "POST /cormun/servlet/solicitudgral2?gx-no-cache=1557779394024 HTTP/1.1" 200 4075
192.168.10.89 - - [13/May/2019:17:39:05 -0300] "GET /cormun/servlet/solicitudgral2?ec2a613ffd3b1e2bd0edc716ef2a7d21afdec348f554a460ce549cd3c503a350709120d865262f63f99b023991d738bfed47a750a6f953c263a4e422036e508c2b0e3ada3ea4d98f890a2913ef5959cef62867f1d585f5f2672283dc8a6eac395143a7f35b8cd7cc0578f2771a3115ce0dc7804a1be65b944865d8447005b617adef3548481606310481acb9f2141b25047ec30ce653236e363b8b6660b8291f892c1b4d1d70a64dea097d90ea55087bf7309e77947559c0dc65665ffcb4594c8a0bc9dd57030de4469668f5f3e3797de22b28fe3dcf1e08896381980370ccec5ace7ece86ef0868340e6697106d5d73c4a658ca06a620d1da3de6cd2ee2d5e406c81f339be98962d74dbd9dec6498bfa13db0f07ec0bb8420f9e4e087af8b23fb41fb1c079946175279bf3ec2521d8cc95a386b276ab67dd8fe1a8142abd847d03fbcbefaaf50b3a30e9eb71465ee90,gx-no-cache=1557779394344 HTTP/1.1" 200 256
192.168.10.89 - - [13/May/2019:17:39:05 -0300] "GET /cormun/servlet/solicitudgral2?ec2a613ffd3b1e2bd0edc716ef2a7d21fe964c9468d0ab240cbc313a0e67d176ba7c4615d55460e896242a7ad29b530376d5b4646563a85cc26f2eb9d1b242cd82c78f2dc762c52f0a3b3829dfd28f0e8ed910da3794d32cd77312a550c112e5,gx-no-cache=1557779394361 HTTP/1.1" 200 33
192.168.10.89 - - [13/May/2019:17:39:05 -0300] "GET /cormun/servlet/solicitudgral2?ec2a613ffd3b1e2bd0edc716ef2a7d219a231883b8c98c1faef6f0c0ddd809e575da75abe4f521f29ae9970c5a167301cbbf4ee080ff489af3c67a6f81eb2352f51c305340b6e2043db7a0d0a12c81710646eacd4c44bc819ec2d80ad4958ca777052aee4a61b4dd84877e9cf2839aac,gx-no-cache=1557779394376 HTTP/1.1" 200 41
190.171.141.114 - - [13/May/2019:17:39:05 -0300] "POST /cormun/servlet/hlogin?aa11bf770632ba764f5e6173ab052a99,gx-no-cache=1557779716408 HTTP/1.1" 200 90
190.171.141.114 - - [13/May/2019:17:39:05 -0300] "GET /cormun/servlet/hpexe_link HTTP/1.1" 200 955
192.168.10.89 - - [13/May/2019:17:39:05 -0300] "GET /cormun/servlet/solicitudgral2?ec2a613ffd3b1e2bd0edc716ef2a7d213e32bcf6057f90a5aeaa5ab0128262b9dc3e7406df8d6673dcb1518070234701ed47a750a6f953c263a4e422036e508c3a3150924c9750ed522759cc24301900b37b2fd3e4b84f6128b13daa7a78c59d,gx-no-cache=1557779394704 HTTP/1.1" 200 30
190.171.141.114 - - [13/May/2019:17:39:05 -0300] "GET /cormun/static/gxcfg.js?20177612121792 HTTP/1.1" 200 953
190.171.141.114 - - [13/May/2019:17:39:05 -0300] "GET /cormun/static/hpexe_link.js?20177612121795 HTTP/1.1" 200 625
190.171.141.114 - - [13/May/2019:17:39:05 -0300] "GET /cormun/servlet/hhome HTTP/1.1" 200 4074
192.168.10.89 - - [13/May/2019:17:39:05 -0300] "POST /cormun/servlet/solicitudgral2?gx-no-cache=1557779394995 HTTP/1.1" 200 110
190.171.141.114 - - [13/May/2019:17:39:05 -0300] "GET /cormun/static/gxcfg.js?20175251212442 HTTP/1.1" 200 953
190.171.141.114 - - [13/May/2019:17:39:05 -0300] "GET /cormun/static/Resources/Spanish/PXTools.css?11423723 HTTP/1.1" 200 89042
190.171.141.114 - - [13/May/2019:17:39:06 -0300] "GET /cormun/static/hhome.js?20175251212450 HTTP/1.1" 200 777
192.168.10.89 - - [13/May/2019:17:39:06 -0300] "POST /cormun/servlet/solicitudgral2?db1c914870ba76f3ee79cb2a93f1e4b2,UPD,2019,15509,,gx-no-cache=1557779395651 HTTP/1.1" 200 11498
192.168.10.89 - - [13/May/2019:17:39:06 -0300] "GET /cormun/servlet/solicitudgral2?ec2a613ffd3b1e2bd0edc716ef2a7d21a285a7ba17698c689bde7b15b7ca6180935be7c5fdf3c6176d442aa69271e68dcbae8d7848b0806c316453b4578836ed1401b0248a3d6d07e0c432c4a491507bc80bd14b5aaec2334e24578ca59f8fa6b91da23101cb174d5a35ecf85ac19bd7,gx-no-cache=1557779396073 HTTP/1.1" 200 29
190.171.141.114 - - [13/May/2019:17:39:07 -0300] "GET /cormun/servlet/hhome HTTP/1.1" 200 4071
190.171.141.114 - - [13/May/2019:17:39:08 -0300] "GET /cormun/static/SmoothNavMenu/resources/images/down.gif HTTP/1.1" 200 854
190.171.143.90 - - [13/May/2019:17:39:08 -0300] "GET /cormun/servlet/solicitudot?ce45f430ab844380e4a172eaf71bd1539ee00808e13e2aaad4d792d8e5f4f22c1f7d6e3cfcde2fbef0184ce3c0272b4d7931df457321257727c8a0295cac72ccad5a8b133a150ece5e2dfcfb6400303aff18355bf7348154ed8eaac800908e3da5c2d67930ab4fe4851b44772c8c26ad,gx-no-cache=1557779721111 HTTP/1.1" 200 29
190.171.143.90 - - [13/May/2019:17:39:08 -0300] "GET /cormun/static/menuarrow.gif HTTP/1.1" 404 1015
192.168.10.89 - - [13/May/2019:17:39:11 -0300] "GET /cormun/servlet/solicitudgral2?ec2a613ffd3b1e2bd0edc716ef2a7d213e191d589ff5cddd14ffcb927338e836b252f60f5bea485382f2b7a5dbf0b83cb132fc91c40ce0afb72516e1ae1db926e7e5bc141253ef2623c98c86bc860c1b75460cac4cf60d70d3bb105c6f1196a4abb8b3e8fcaa5f9a90bc120e8f3a9fee3a8f4fade875ae9c58201aa35bafffe3,gx-no-cache=1557779400797 HTTP/1.1" 200 30
190.171.143.90 - - [13/May/2019:17:39:12 -0300] "GET /cormun/servlet/solicitudot?ce45f430ab844380e4a172eaf71bd15390773cf795675dffe8e2c01ffe64d7d2b6faba99888bac509142c58002d75c2c,gx-no-cache=1557779725118 HTTP/1.1" 200 30
192.168.10.89 - - [13/May/2019:17:39:13 -0300] "POST /cormun/servlet/solicitudgral2?db1c914870ba76f3ee79cb2a93f1e4b2,UPD,2019,15509,,gx-no-cache=1557779402137 HTTP/1.1" 200 93
192.168.10.89 - - [13/May/2019:17:39:13 -0300] "GET /cormun/servlet/hpexe_return? HTTP/1.1" 200 1014
192.168.10.89 - - [13/May/2019:17:39:13 -0300] "GET /cormun/servlet/trsolicitudgral HTTP/1.1" 200 10033
190.171.141.114 - - [13/May/2019:17:39:14 -0300] "GET /cormun/servlet/trpermisosgoce? HTTP/1.1" 200 13780
190.171.141.114 - - [13/May/2019:17:39:14 -0300] "GET /cormun/static/gxcfg.js?20177612163875 HTTP/1.1" 200 953
190.171.141.114 - - [13/May/2019:17:39:14 -0300] "GET /cormun/static/trpermisosgoce.js?20177612164335 HTTP/1.1" 200 35904
190.171.141.114 - - [13/May/2019:17:39:16 -0300] "GET /cormun/servlet/trpermisosgoce? HTTP/1.1" 200 13778
190.171.141.114 - - [13/May/2019:17:39:16 -0300] "GET /cormun//static/Resources/PXToolsGridDelete.png HTTP/1.1" 200 357
192.168.10.89 - - [13/May/2019:17:39:21 -0300] "GET /cormun/servlet/hlogin HTTP/1.1" 200 1739
190.171.143.90 - - [13/May/2019:17:39:22 -0300] "POST /cormun/servlet/solicitudot?gx-no-cache=1557779734454 HTTP/1.1" 200 30
190.171.143.90 - - [13/May/2019:17:39:22 -0300] "POST /cormun/servlet/solicitudot?0bd6e905d1b2b9c8221d54abb4e01b65,INS,0,0,,gx-no-cache=1557779734536 HTTP/1.1" 200 93
190.171.143.90 - - [13/May/2019:17:39:23 -0300] "GET /cormun/servlet/hpexe_return? HTTP/1.1" 200 1005
190.171.143.90 - - [13/May/2019:17:39:23 -0300] "GET /cormun/servlet/trsolicitudot HTTP/1.1" 200 8870
190.171.143.90 - - [13/May/2019:17:39:24 -0300] "GET /cormun//static/Resources/PXToolsActionView.png HTTP/1.1" 200 2995
190.171.143.90 - - [13/May/2019:17:39:24 -0300] "GET /cormun//static/Resources/PXToolsRemoveAllAction.png HTTP/1.1" 200 3558
190.171.143.90 - - [13/May/2019:17:39:24 -0300] "GET /cormun/servlet/trsolicitudot HTTP/1.1" 200 8868
190.171.141.114 - - [13/May/2019:17:39:25 -0300] "GET /cormun/servlet/trpermisosgoce? HTTP/1.1" 200 13778
190.171.141.114 - - [13/May/2019:17:39:26 -0300] "GET /cormun/servlet/trpermisosgoce? HTTP/1.1" 200 13778
190.171.141.114 - - [13/May/2019:17:39:32 -0300] "GET /cormun/servlet/permisogoce?INS,0,,, HTTP/1.1" 200 6921
190.171.141.114 - - [13/May/2019:17:39:32 -0300] "GET /cormun/static/gxcfg.js?201776126440 HTTP/1.1" 200 953
190.171.141.114 - - [13/May/2019:17:39:32 -0300] "GET /cormun/static/Resources/prompt.gif HTTP/1.1" 200 902
190.171.141.114 - - [13/May/2019:17:39:32 -0300] "GET /cormun/static/permisogoce.js?2017761264459 HTTP/1.1" 200 27897
190.171.141.114 - - [13/May/2019:17:39:33 -0300] "GET /cormun/servlet/permisogoce?INS,0,,, HTTP/1.1" 200 6921
190.171.141.114 - - [13/May/2019:17:39:47 -0300] "GET /cormun/servlet/permisogoce?47dc1161bbc4500fc58fe8df9acdf56ad5dad7fcd9d8c64e4cd748f976778b6eed01abab55a7c366f00226925a1a4337be196492720be6d6dd655880f1cfacf5,gx-no-cache=1557779758813 HTTP/1.1" 200 79
190.171.141.114 - - [13/May/2019:17:39:48 -0300] "GET /cormun/static/menuarrow.gif HTTP/1.1" 404 1015
190.171.141.114 - - [13/May/2019:17:39:52 -0300] "GET /cormun/servlet/permisogoce?47dc1161bbc4500fc58fe8df9acdf56a35265e7b089df3249c902443b0e7dace09b60463c88cb91d9684babbbb83af420484dce5950e72b94eb8481b781a6d58,gx-no-cache=1557779763412 HTTP/1.1" 200 47
190.171.141.114 - - [13/May/2019:17:40:42 -0300] "POST /cormun/servlet/permisogoce?aa11bf770632ba764f5e6173ab052a99,INS,0,,,,gx-no-cache=1557779813308 HTTP/1.1" 200 93
190.171.141.114 - - [13/May/2019:17:40:42 -0300] "GET /cormun/servlet/hpexe_return? HTTP/1.1" 200 1015
190.171.141.114 - - [13/May/2019:17:40:43 -0300] "GET /cormun/static/gxcfg.js?2016101716175148 HTTP/1.1" 200 953
190.171.141.114 - - [13/May/2019:17:40:43 -0300] "GET /cormun/static/hpexe_return.js?2016101716175153 HTTP/1.1" 200 1633
190.171.141.114 - - [13/May/2019:17:40:43 -0300] "GET /cormun/static/Resources/Spanish/PXTools.css?167811 HTTP/1.1" 200 89042
190.171.141.114 - - [13/May/2019:17:40:43 -0300] "GET /cormun/servlet/trpermisosgoce HTTP/1.1" 200 14131
190.171.141.114 - - [13/May/2019:17:40:44 -0300] "GET /cormun//static/Resources/PXToolsGridUpdate.png HTTP/1.1" 200 2984
190.171.141.114 - - [13/May/2019:17:40:44 -0300] "GET /cormun/servlet/trpermisosgoce HTTP/1.1" 200 14126
200.54.107.2 - - [13/May/2019:17:40:48 -0300] "POST /cormun/servlet/trcontratosolicitud?0681e29a79e29c135234073e737f5b4d,,gx-no-cache=1557779822623 HTTP/1.1" 200 7132
190.171.141.114 - - [13/May/2019:17:40:51 -0300] "GET /cormun/servlet/trpermisosgoce? HTTP/1.1" 200 14126
190.171.141.114 - - [13/May/2019:17:40:52 -0300] "GET /cormun/servlet/trpermisosgoce? HTTP/1.1" 200 14126
190.171.141.114 - - [13/May/2019:17:40:56 -0300] "GET /cormun/servlet/apermisogoceprn?15122762,P,20190513163021,PU HTTP/1.1" 200 1683
186.67.172.234 - - [13/May/2019:17:43:15 -0300] "GET /cormun/servlet/trlicencias HTTP/1.1" 200 8432
186.67.172.234 - - [13/May/2019:17:43:17 -0300] "GET /cormun/servlet/hlogin HTTP/1.1" 200 1742
186.67.172.234 - - [13/May/2019:17:43:17 -0300] "GET /cormun/servlet/trlicencias HTTP/1.1" 200 8442
186.67.172.234 - - [13/May/2019:17:43:17 -0300] "GET /favicon.ico HTTP/1.1" 200 21630
200.54.107.2 - - [13/May/2019:17:43:24 -0300] "POST /cormun/servlet/trcontratosolicitud?0681e29a79e29c135234073e737f5b4d,,gx-no-cache=1557779978211 HTTP/1.1" 200 12323
190.171.143.90 - - [13/May/2019:17:43:32 -0300] "POST /cormun/servlet/trsolicitudot?0bd6e905d1b2b9c8221d54abb4e01b65,gx-no-cache=1557779984760 HTTP/1.1" 200 107
190.171.143.90 - - [13/May/2019:17:43:32 -0300] "GET /cormun/servlet/trsolicitudadjuntos?2019,15576, HTTP/1.1" 200 6407
190.171.143.90 - - [13/May/2019:17:43:33 -0300] "GET /cormun/static/gxcfg.js?20177612135366 HTTP/1.1" 200 953
190.171.143.90 - - [13/May/2019:17:43:33 -0300] "GET /cormun/static/trsolicitudadjuntos.js?20177612135632 HTTP/1.1" 200 17922
190.171.143.90 - - [13/May/2019:17:43:33 -0300] "GET /cormun/servlet/trsolicitudadjuntos?2019,15576, HTTP/1.1" 200 6407
190.171.143.90 - - [13/May/2019:17:43:35 -0300] "GET /cormun/servlet/solicitudotadjuntos?INS,2019,15576,,1, HTTP/1.1" 200 6353
190.171.143.90 - - [13/May/2019:17:43:35 -0300] "GET /cormun/static/gxcfg.js?2017761244068 HTTP/1.1" 200 953
190.171.143.90 - - [13/May/2019:17:43:35 -0300] "GET /cormun/static/solicitudotadjuntos.js?2017761244086 HTTP/1.1" 200 11771
190.171.143.90 - - [13/May/2019:17:43:35 -0300] "GET /cormun/static/about:blank HTTP/1.1" 404 1011
190.171.143.90 - - [13/May/2019:17:43:35 -0300] "GET /cormun/servlet/solicitudotadjuntos?INS,2019,15576,,1, HTTP/1.1" 200 6346
190.171.143.90 - - [13/May/2019:17:43:36 -0300] "GET /cormun/servlet/solicitudotadjuntos?ce45f430ab844380e4a172eaf71bd1530914d3718413f089c780a77cc0366d22896a13e11d0c2550082108fd3c6e8058,gx-no-cache=1557779988669 HTTP/1.1" 200 30
190.171.143.90 - - [13/May/2019:17:43:36 -0300] "POST /cormun/servlet/solicitudotadjuntos?0bd6e905d1b2b9c8221d54abb4e01b65,INS,2019,15576,,1,,gx-no-cache=1557779988779 HTTP/1.1" 200 4065
190.171.143.90 - - [13/May/2019:17:43:38 -0300] "POST /cormun/servlet/solicitudotadjuntos?gx-no-cache=1557779990619 HTTP/1.1" 200 26
186.67.172.234 - - [13/May/2019:17:43:42 -0300] "POST /cormun/servlet/hlogin?b7ce584c016d24bea9a625d18734e33d,gx-no-cache=1557776397526 HTTP/1.1" 200 90
186.67.172.234 - - [13/May/2019:17:43:42 -0300] "GET /cormun/servlet/hpexe_link HTTP/1.1" 200 957
186.67.172.234 - - [13/May/2019:17:43:42 -0300] "GET /cormun/servlet/trlicencias HTTP/1.1" 200 13478
186.67.172.234 - - [13/May/2019:17:43:43 -0300] "GET /cormun/servlet/trlicencias HTTP/1.1" 200 13476
186.67.172.234 - - [13/May/2019:17:43:55 -0300] "GET /cormun/servlet/trpermisosgoce? HTTP/1.1" 200 14934
186.67.172.234 - - [13/May/2019:17:43:55 -0300] "GET /cormun/servlet/trpermisosgoce? HTTP/1.1" 200 14934
190.171.143.90 - - [13/May/2019:17:44:04 -0300] "GET /cormun/servlet/solicitudotadjuntos?ce45f430ab844380e4a172eaf71bd1538b1325696bb42b5792b03d2910043d60,gx-no-cache=1557780016265 HTTP/1.1" 200 30
190.171.143.90 - - [13/May/2019:17:44:04 -0300] "GET /cormun/servlet/solicitudotadjuntos?ce45f430ab844380e4a172eaf71bd1538b1325696bb42b5792b03d2910043d60,gx-no-cache=1557780016294 HTTP/1.1" 200 30
190.171.143.90 - - [13/May/2019:17:44:04 -0300] "POST /cormun/servlet/solicitudotadjuntos?0bd6e905d1b2b9c8221d54abb4e01b65,INS,2019,15576,,1, HTTP/1.1" 200 116
190.171.143.90 - - [13/May/2019:17:44:05 -0300] "GET /cormun/servlet/hpexe_return? HTTP/1.1" 200 1025
190.171.143.90 - - [13/May/2019:17:44:05 -0300] "GET /cormun/servlet/trsolicitudadjuntos?2019,15576, HTTP/1.1" 200 9027
190.171.143.90 - - [13/May/2019:17:44:05 -0300] "GET /cormun/servlet/trsolicitudadjuntos?2019,15576, HTTP/1.1" 200 9025
190.171.143.90 - - [13/May/2019:17:44:07 -0300] "GET /cormun/servlet/solicitudotadjuntos?INS,2019,15576,,1, HTTP/1.1" 200 6353
190.171.143.90 - - [13/May/2019:17:44:07 -0300] "GET /cormun/static/about:blank HTTP/1.1" 404 1011
190.171.143.90 - - [13/May/2019:17:44:08 -0300] "GET /cormun/servlet/solicitudotadjuntos?INS,2019,15576,,1, HTTP/1.1" 200 6346
190.171.143.90 - - [13/May/2019:17:44:08 -0300] "GET /cormun/servlet/solicitudotadjuntos?ce45f430ab844380e4a172eaf71bd1530914d3718413f089c780a77cc0366d22896a13e11d0c2550082108fd3c6e8058,gx-no-cache=1557780020824 HTTP/1.1" 200 30
190.171.143.90 - - [13/May/2019:17:44:08 -0300] "POST /cormun/servlet/solicitudotadjuntos?0bd6e905d1b2b9c8221d54abb4e01b65,INS,2019,15576,,1,,gx-no-cache=1557780020884 HTTP/1.1" 200 4065
190.171.143.90 - - [13/May/2019:17:44:10 -0300] "POST /cormun/servlet/solicitudotadjuntos?gx-no-cache=1557780022528 HTTP/1.1" 200 26
190.171.143.90 - - [13/May/2019:17:44:15 -0300] "GET /cormun/servlet/solicitudotadjuntos?ce45f430ab844380e4a172eaf71bd1538b1325696bb42b5792b03d2910043d60,gx-no-cache=1557780027624 HTTP/1.1" 200 30
190.171.143.90 - - [13/May/2019:17:44:15 -0300] "GET /cormun/servlet/solicitudotadjuntos?ce45f430ab844380e4a172eaf71bd1538b1325696bb42b5792b03d2910043d60,gx-no-cache=1557780027650 HTTP/1.1" 200 30
190.171.143.90 - - [13/May/2019:17:44:17 -0300] "POST /cormun/servlet/solicitudotadjuntos?0bd6e905d1b2b9c8221d54abb4e01b65,INS,2019,15576,,1, HTTP/1.1" 200 116
190.171.143.90 - - [13/May/2019:17:44:17 -0300] "GET /cormun/servlet/hpexe_return? HTTP/1.1" 200 1025
190.171.143.90 - - [13/May/2019:17:44:18 -0300] "GET /cormun/servlet/trsolicitudadjuntos?2019,15576, HTTP/1.1" 200 9250
190.171.143.90 - - [13/May/2019:17:44:19 -0300] "GET /cormun/servlet/trsolicitudadjuntos?2019,15576, HTTP/1.1" 200 9250
190.171.143.90 - - [13/May/2019:17:44:20 -0300] "GET /cormun/servlet/solicitudotadjuntos?INS,2019,15576,,1, HTTP/1.1" 200 6352
190.171.143.90 - - [13/May/2019:17:44:21 -0300] "GET /cormun/static/about:blank HTTP/1.1" 404 1011
190.171.143.90 - - [13/May/2019:17:44:21 -0300] "GET /cormun/servlet/solicitudotadjuntos?INS,2019,15576,,1, HTTP/1.1" 200 6346
190.171.143.90 - - [13/May/2019:17:44:21 -0300] "GET /cormun/servlet/solicitudotadjuntos?ce45f430ab844380e4a172eaf71bd1530914d3718413f089c780a77cc0366d22896a13e11d0c2550082108fd3c6e8058,gx-no-cache=1557780034163 HTTP/1.1" 200 30
190.171.143.90 - - [13/May/2019:17:44:22 -0300] "POST /cormun/servlet/solicitudotadjuntos?0bd6e905d1b2b9c8221d54abb4e01b65,INS,2019,15576,,1,,gx-no-cache=1557780034202 HTTP/1.1" 200 4065
190.171.143.90 - - [13/May/2019:17:44:24 -0300] "POST /cormun/servlet/solicitudotadjuntos?gx-no-cache=1557780036407 HTTP/1.1" 200 26
190.171.143.90 - - [13/May/2019:17:44:29 -0300] "GET /cormun/servlet/solicitudotadjuntos?ce45f430ab844380e4a172eaf71bd1538b1325696bb42b5792b03d2910043d60,gx-no-cache=1557780042162 HTTP/1.1" 200 30
190.171.143.90 - - [13/May/2019:17:44:30 -0300] "GET /cormun/servlet/solicitudotadjuntos?ce45f430ab844380e4a172eaf71bd1538b1325696bb42b5792b03d2910043d60,gx-no-cache=1557780042240 HTTP/1.1" 200 30
190.171.143.90 - - [13/May/2019:17:44:30 -0300] "POST /cormun/servlet/solicitudotadjuntos?0bd6e905d1b2b9c8221d54abb4e01b65,INS,2019,15576,,1, HTTP/1.1" 200 116
190.171.143.90 - - [13/May/2019:17:44:30 -0300] "GET /cormun/servlet/hpexe_return? HTTP/1.1" 200 1025
190.171.143.90 - - [13/May/2019:17:44:30 -0300] "GET /cormun/servlet/trsolicitudadjuntos?2019,15576, HTTP/1.1" 200 9420
190.171.143.90 - - [13/May/2019:17:44:31 -0300] "GET /cormun/servlet/trsolicitudadjuntos?2019,15576, HTTP/1.1" 200 9419
190.171.143.90 - - [13/May/2019:17:44:33 -0300] "GET /cormun/servlet/solicitudotadjuntos?INS,2019,15576,,1, HTTP/1.1" 200 6352
190.171.143.90 - - [13/May/2019:17:44:33 -0300] "GET /cormun/static/about:blank HTTP/1.1" 404 1011
190.171.143.90 - - [13/May/2019:17:44:34 -0300] "GET /cormun/servlet/solicitudotadjuntos?INS,2019,15576,,1, HTTP/1.1" 200 6346
190.171.143.90 - - [13/May/2019:17:44:34 -0300] "GET /cormun/servlet/solicitudotadjuntos?ce45f430ab844380e4a172eaf71bd1530914d3718413f089c780a77cc0366d22896a13e11d0c2550082108fd3c6e8058,gx-no-cache=1557780047008 HTTP/1.1" 200 30
190.171.143.90 - - [13/May/2019:17:44:34 -0300] "POST /cormun/servlet/solicitudotadjuntos?0bd6e905d1b2b9c8221d54abb4e01b65,INS,2019,15576,,1,,gx-no-cache=1557780047042 HTTP/1.1" 200 4065
190.171.143.90 - - [13/May/2019:17:44:38 -0300] "POST /cormun/servlet/solicitudotadjuntos?gx-no-cache=1557780050400 HTTP/1.1" 200 26
190.171.143.90 - - [13/May/2019:17:44:43 -0300] "GET /cormun/servlet/solicitudotadjuntos?ce45f430ab844380e4a172eaf71bd1538b1325696bb42b5792b03d2910043d60,gx-no-cache=1557780055642 HTTP/1.1" 200 30
190.171.143.90 - - [13/May/2019:17:44:43 -0300] "GET /cormun/servlet/solicitudotadjuntos?ce45f430ab844380e4a172eaf71bd1538b1325696bb42b5792b03d2910043d60,gx-no-cache=1557780055733 HTTP/1.1" 200 30
190.171.143.90 - - [13/May/2019:17:44:44 -0300] "POST /cormun/servlet/solicitudotadjuntos?0bd6e905d1b2b9c8221d54abb4e01b65,INS,2019,15576,,1, HTTP/1.1" 200 116
190.171.143.90 - - [13/May/2019:17:44:45 -0300] "GET /cormun/servlet/hpexe_return? HTTP/1.1" 200 1025
190.171.143.90 - - [13/May/2019:17:44:45 -0300] "GET /cormun/servlet/trsolicitudadjuntos?2019,15576, HTTP/1.1" 200 9640
190.171.143.90 - - [13/May/2019:17:44:46 -0300] "GET /cormun/servlet/trsolicitudadjuntos?2019,15576, HTTP/1.1" 200 9632
190.171.143.90 - - [13/May/2019:17:44:49 -0300] "GET /cormun/servlet/solicitudotadjuntos?INS,2019,15576,,1, HTTP/1.1" 200 6352
190.171.143.90 - - [13/May/2019:17:44:49 -0300] "GET /cormun/static/about:blank HTTP/1.1" 404 1011
190.171.143.90 - - [13/May/2019:17:44:49 -0300] "GET /cormun/servlet/solicitudotadjuntos?INS,2019,15576,,1, HTTP/1.1" 200 6346
190.171.143.90 - - [13/May/2019:17:44:50 -0300] "GET /cormun/servlet/solicitudotadjuntos?ce45f430ab844380e4a172eaf71bd1530914d3718413f089c780a77cc0366d22896a13e11d0c2550082108fd3c6e8058,gx-no-cache=1557780062419 HTTP/1.1" 200 30
190.171.143.90 - - [13/May/2019:17:44:50 -0300] "POST /cormun/servlet/solicitudotadjuntos?0bd6e905d1b2b9c8221d54abb4e01b65,INS,2019,15576,,1,,gx-no-cache=1557780062532 HTTP/1.1" 200 4065
190.171.143.90 - - [13/May/2019:17:44:52 -0300] "POST /cormun/servlet/solicitudotadjuntos?gx-no-cache=1557780065034 HTTP/1.1" 200 26
190.171.154.42 - - [13/May/2019:17:44:54 -0300] "GET /cormun/servlet/hlogin HTTP/1.1" 200 1714
190.171.143.90 - - [13/May/2019:17:44:59 -0300] "GET /cormun/servlet/solicitudotadjuntos?ce45f430ab844380e4a172eaf71bd1538b1325696bb42b5792b03d2910043d60,gx-no-cache=1557780071666 HTTP/1.1" 200 30
190.171.143.90 - - [13/May/2019:17:44:59 -0300] "GET /cormun/servlet/solicitudotadjuntos?ce45f430ab844380e4a172eaf71bd1538b1325696bb42b5792b03d2910043d60,gx-no-cache=1557780071694 HTTP/1.1" 200 30
190.171.143.90 - - [13/May/2019:17:44:59 -0300] "POST /cormun/servlet/solicitudotadjuntos?0bd6e905d1b2b9c8221d54abb4e01b65,INS,2019,15576,,1, HTTP/1.1" 200 116
190.171.143.90 - - [13/May/2019:17:44:59 -0300] "GET /cormun/servlet/hpexe_return? HTTP/1.1" 200 1025
190.171.143.90 - - [13/May/2019:17:45:00 -0300] "GET /cormun/servlet/trsolicitudadjuntos?2019,15576, HTTP/1.1" 200 9884
190.171.143.90 - - [13/May/2019:17:45:01 -0300] "GET /cormun/servlet/trsolicitudadjuntos?2019,15576, HTTP/1.1" 200 9881
190.171.154.42 - - [13/May/2019:17:45:02 -0300] "POST /cormun/servlet/hlogin?397bb25276951a1f5cf3936b85548b74,gx-no-cache=1557780073328 HTTP/1.1" 200 418
190.171.143.90 - - [13/May/2019:17:45:02 -0300] "GET /cormun/servlet/solicitudotadjuntos?INS,2019,15576,,1, HTTP/1.1" 200 6352
190.171.143.90 - - [13/May/2019:17:45:03 -0300] "GET /cormun/static/about:blank HTTP/1.1" 404 1011
190.171.143.90 - - [13/May/2019:17:45:03 -0300] "GET /cormun/servlet/solicitudotadjuntos?INS,2019,15576,,1, HTTP/1.1" 200 6346
190.171.143.90 - - [13/May/2019:17:45:03 -0300] "GET /cormun/servlet/solicitudotadjuntos?ce45f430ab844380e4a172eaf71bd1530914d3718413f089c780a77cc0366d22896a13e11d0c2550082108fd3c6e8058,gx-no-cache=1557780076198 HTTP/1.1" 200 30
190.171.143.90 - - [13/May/2019:17:45:04 -0300] "POST /cormun/servlet/solicitudotadjuntos?0bd6e905d1b2b9c8221d54abb4e01b65,INS,2019,15576,,1,,gx-no-cache=1557780076250 HTTP/1.1" 200 4065
190.171.143.90 - - [13/May/2019:17:45:06 -0300] "POST /cormun/servlet/solicitudotadjuntos?gx-no-cache=1557780078353 HTTP/1.1" 200 26
190.171.154.42 - - [13/May/2019:17:45:09 -0300] "POST /cormun/servlet/hlogin?397bb25276951a1f5cf3936b85548b74,gx-no-cache=1557780079990 HTTP/1.1" 200 90
190.171.154.42 - - [13/May/2019:17:45:09 -0300] "GET /cormun/servlet/hpexe_link HTTP/1.1" 200 943
190.171.154.42 - - [13/May/2019:17:45:09 -0300] "GET /cormun/servlet/hhome HTTP/1.1" 200 4311
190.171.154.42 - - [13/May/2019:17:45:11 -0300] "GET /cormun/servlet/hhome HTTP/1.1" 200 4309
190.171.143.90 - - [13/May/2019:17:45:13 -0300] "GET /cormun/servlet/solicitudotadjuntos?ce45f430ab844380e4a172eaf71bd1538b1325696bb42b5792b03d2910043d60,gx-no-cache=1557780085443 HTTP/1.1" 200 30
190.171.143.90 - - [13/May/2019:17:45:13 -0300] "GET /cormun/servlet/solicitudotadjuntos?ce45f430ab844380e4a172eaf71bd1538b1325696bb42b5792b03d2910043d60,gx-no-cache=1557780085473 HTTP/1.1" 200 30
190.171.143.90 - - [13/May/2019:17:45:13 -0300] "POST /cormun/servlet/solicitudotadjuntos?0bd6e905d1b2b9c8221d54abb4e01b65,INS,2019,15576,,1, HTTP/1.1" 200 116
190.171.143.90 - - [13/May/2019:17:45:13 -0300] "GET /cormun/servlet/hpexe_return? HTTP/1.1" 200 1025
190.171.143.90 - - [13/May/2019:17:45:14 -0300] "GET /cormun/servlet/trsolicitudadjuntos?2019,15576, HTTP/1.1" 200 10083
190.171.143.90 - - [13/May/2019:17:45:14 -0300] "GET /cormun/servlet/trsolicitudadjuntos?2019,15576, HTTP/1.1" 200 10078
190.171.143.90 - - [13/May/2019:17:45:17 -0300] "POST /cormun/servlet/trsolicitudadjuntos?0bd6e905d1b2b9c8221d54abb4e01b65,2019,15576,,gx-no-cache=1557780089821 HTTP/1.1" 200 90
190.171.143.90 - - [13/May/2019:17:45:17 -0300] "GET /cormun/servlet/hpexe_link HTTP/1.1" 200 966
190.171.143.90 - - [13/May/2019:17:45:17 -0300] "GET /cormun/servlet/trsolicitudot HTTP/1.1" 200 8867
190.171.143.90 - - [13/May/2019:17:45:18 -0300] "GET /cormun/servlet/trsolicitudot HTTP/1.1" 200 8868
190.171.143.90 - - [13/May/2019:17:45:21 -0300] "POST /cormun/servlet/trsolicitudot?0bd6e905d1b2b9c8221d54abb4e01b65,gx-no-cache=1557780093995 HTTP/1.1" 200 4739
190.171.143.90 - - [13/May/2019:17:45:21 -0300] "GET /cormun/static/Shared/jqueryui/images/ui-bg_highlight-soft_100_c6c2c8_1x100.png HTTP/1.1" 404 1117
190.171.143.90 - - [13/May/2019:17:45:21 -0300] "GET /cormun/static/Shared/jqueryui/images/ui-icons_82798d_256x240.png HTTP/1.1" 404 1089
190.171.143.90 - - [13/May/2019:17:45:21 -0300] "GET /cormun/static/Shared/jqueryui/images/ui-bg_flat_55_fafafa_40x100.png HTTP/1.1" 404 1097
190.171.143.90 - - [13/May/2019:17:45:21 -0300] "GET /cormun/static/Shared/jqueryui/images/ui-icons_8d78a5_256x240.png HTTP/1.1" 404 1089
190.171.143.90 - - [13/May/2019:17:45:22 -0300] "POST /cormun/servlet/trsolicitudot?0bd6e905d1b2b9c8221d54abb4e01b65,gx-no-cache=1557780094283 HTTP/1.1" 200 4522
190.171.143.90 - - [13/May/2019:17:45:24 -0300] "GET /cormun/servlet/trautorizarsolicitud? HTTP/1.1" 200 8765
190.171.143.90 - - [13/May/2019:17:45:24 -0300] "GET /cormun/static/gxcfg.js?2017111423403364 HTTP/1.1" 200 953
190.171.143.90 - - [13/May/2019:17:45:24 -0300] "GET /cormun/static/trautorizarsolicitud.js?201711142340425 HTTP/1.1" 200 53910
190.171.143.90 - - [13/May/2019:17:45:25 -0300] "GET /cormun/servlet/trautorizarsolicitud? HTTP/1.1" 200 8765
190.171.143.90 - - [13/May/2019:17:45:27 -0300] "POST /cormun/servlet/trautorizarsolicitud?0bd6e905d1b2b9c8221d54abb4e01b65,,gx-no-cache=1557780100060 HTTP/1.1" 200 4671
190.171.143.90 - - [13/May/2019:17:45:27 -0300] "GET /cormun/static/Shared/jqueryui/images/ui-bg_highlight-soft_100_c6c2c8_1x100.png HTTP/1.1" 404 1117
190.171.143.90 - - [13/May/2019:17:45:27 -0300] "GET /cormun/static/Shared/jqueryui/images/ui-icons_82798d_256x240.png HTTP/1.1" 404 1089
190.171.143.90 - - [13/May/2019:17:45:27 -0300] "GET /cormun/static/Shared/jqueryui/images/ui-bg_flat_55_fafafa_40x100.png HTTP/1.1" 404 1097
190.171.143.90 - - [13/May/2019:17:45:27 -0300] "GET /cormun/static/Shared/jqueryui/images/ui-icons_8d78a5_256x240.png HTTP/1.1" 404 1089
190.171.143.90 - - [13/May/2019:17:45:28 -0300] "POST /cormun/servlet/trautorizarsolicitud?0bd6e905d1b2b9c8221d54abb4e01b65,,gx-no-cache=1557780100252 HTTP/1.1" 200 4456
190.171.143.90 - - [13/May/2019:17:45:31 -0300] "GET /cormun/servlet/trsolicitudot? HTTP/1.1" 200 7521
190.171.143.90 - - [13/May/2019:17:45:32 -0300] "GET /cormun/servlet/trsolicitudot? HTTP/1.1" 200 7521
190.171.143.90 - - [13/May/2019:17:45:34 -0300] "GET /cormun/servlet/solicitudot?INS,0,0, HTTP/1.1" 200 15297
190.171.143.90 - - [13/May/2019:17:45:35 -0300] "GET /cormun/servlet/solicitudot?INS,0,0, HTTP/1.1" 200 15302
186.67.172.234 - - [13/May/2019:17:46:10 -0300] "GET /cormun/servlet/trlicencias? HTTP/1.1" 200 13480
186.67.172.234 - - [13/May/2019:17:46:10 -0300] "GET /cormun/servlet/trlicencias? HTTP/1.1" 200 13464
190.171.154.42 - - [13/May/2019:17:46:11 -0300] "GET /cormun/servlet/trsolicitudot? HTTP/1.1" 200 7527
190.171.154.42 - - [13/May/2019:17:46:12 -0300] "GET /cormun/static/calendar-system.css?85620 HTTP/1.1" 200 5572
190.171.154.42 - - [13/May/2019:17:46:12 -0300] "GET /cormun/static/gxcfg.js?2017111422585916 HTTP/1.1" 200 953
190.171.154.42 - - [13/May/2019:17:46:12 -0300] "GET /cormun/static/gxui/gxui-all.css?120300 HTTP/1.1" 200 2179
190.171.154.42 - - [13/May/2019:17:46:12 -0300] "GET /cormun/static/Resources/Spanish/PXTools.css?1255365 HTTP/1.1" 200 89042
190.171.154.42 - - [13/May/2019:17:46:12 -0300] "GET /cormun/static/Shared/ext/resources/css/ext-all.css?215870 HTTP/1.1" 200 416045
190.171.154.42 - - [13/May/2019:17:46:12 -0300] "GET /cormun/static/trsolicitudot.js?201711142259839 HTTP/1.1" 200 54041
190.171.154.42 - - [13/May/2019:17:46:14 -0300] "GET /cormun/servlet/trsolicitudot? HTTP/1.1" 200 7525
190.171.143.90 - - [13/May/2019:17:46:26 -0300] "POST /cormun/servlet/solicitudot?gx-no-cache=1557780158326 HTTP/1.1" 200 3459
190.171.143.90 - - [13/May/2019:17:46:26 -0300] "POST /cormun/servlet/solicitudot?0bd6e905d1b2b9c8221d54abb4e01b65,INS,0,0,,gx-no-cache=1557780158649 HTTP/1.1" 200 11923
190.171.143.90 - - [13/May/2019:17:46:30 -0300] "GET /cormun/servlet/solicitudot?ce45f430ab844380e4a172eaf71bd153f45ae842cd0f77f29985844a911b3b15076394ffa7fb9c6456e35f2ba5af7f0f,gx-no-cache=1557780163032 HTTP/1.1" 200 111
190.171.143.90 - - [13/May/2019:17:46:30 -0300] "GET /cormun/static/Shared/jqueryui/images/ui-bg_highlight-soft_100_c6c2c8_1x100.png HTTP/1.1" 404 1117
190.171.143.90 - - [13/May/2019:17:46:30 -0300] "GET /cormun/static/Shared/jqueryui/images/ui-icons_82798d_256x240.png HTTP/1.1" 404 1089
190.171.143.90 - - [13/May/2019:17:46:30 -0300] "GET /cormun/static/Shared/jqueryui/images/ui-bg_flat_55_994d53_40x100.png HTTP/1.1" 404 1097
190.171.143.90 - - [13/May/2019:17:46:30 -0300] "GET /cormun/static/Shared/jqueryui/images/ui-icons_ebccce_256x240.png HTTP/1.1" 404 1089
190.171.143.90 - - [13/May/2019:17:47:03 -0300] "GET /cormun/servlet/solicitudot?ce45f430ab844380e4a172eaf71bd1536fc623a0a037413ff8c2fbf508becf21076394ffa7fb9c6456e35f2ba5af7f0f,gx-no-cache=1557780195242 HTTP/1.1" 200 30
200.112.233.47 - - [13/May/2019:17:47:12 -0300] "POST /cormun/servlet/hlogin?2a25655d4fc70408b93957369db2c293,gx-no-cache=1557780203784 HTTP/1.1" 200 90
200.112.233.47 - - [13/May/2019:17:47:12 -0300] "GET /cormun/servlet/hpexe_link HTTP/1.1" 200 956
200.112.233.47 - - [13/May/2019:17:47:12 -0300] "GET /cormun/static/gxcfg.js?20177612121792 HTTP/1.1" 200 953
200.112.233.47 - - [13/May/2019:17:47:12 -0300] "GET /cormun/static/hpexe_link.js?20177612121795 HTTP/1.1" 200 625
200.112.233.47 - - [13/May/2019:17:47:12 -0300] "GET /cormun/servlet/trlicencias HTTP/1.1" 200 10204
200.112.233.47 - - [13/May/2019:17:47:12 -0300] "GET /cormun/static/gxui/gxui-all.css?110300 HTTP/1.1" 200 2179
200.112.233.47 - - [13/May/2019:17:47:12 -0300] "GET /cormun/static/Shared/ext/resources/css/ext-all.css?205870 HTTP/1.1" 200 416045
200.112.233.47 - - [13/May/2019:17:47:13 -0300] "GET /cormun/static/Resources/asc.gif HTTP/1.1" 200 67
200.112.233.47 - - [13/May/2019:17:47:13 -0300] "GET /cormun//static/Resources/PXToolsHeaderHelp.png HTTP/1.1" 200 4055
200.112.233.47 - - [13/May/2019:17:47:13 -0300] "GET /cormun//static/Resources/PXToolsHeaderFavorites.png HTTP/1.1" 200 2744
200.112.233.47 - - [13/May/2019:17:47:13 -0300] "GET /cormun//static/Resources/PXToolsActionDisabled.gif HTTP/1.1" 200 53
200.112.233.47 - - [13/May/2019:17:47:13 -0300] "GET /cormun/static/Resources/desc.gif HTTP/1.1" 200 65
