190.171.141.82 - - [13/May/2019:10:12:37 -0300] "GET /cormun/static/PXToolsJavascripts/pexe_picture.js HTTP/1.1" 200 689
190.171.141.82 - - [13/May/2019:10:12:37 -0300] "GET /cormun/static/PXToolsJavascripts/pexe_popup.js HTTP/1.1" 200 13458
190.171.141.82 - - [13/May/2019:10:12:37 -0300] "GET /cormun/static/PXToolsJavascripts/pexe_scrolldiv.js HTTP/1.1" 200 4138
190.171.141.82 - - [13/May/2019:10:12:37 -0300] "GET /cormun/static/Resources/Spanish/PXTools.css?11423723 HTTP/1.1" 200 89042
190.171.141.82 - - [13/May/2019:10:12:37 -0300] "GET /cormun/static/PXToolsJavascripts/pexe_tabdivfix.js HTTP/1.1" 200 876
190.171.141.82 - - [13/May/2019:10:12:37 -0300] "GET /cormun/static/PXToolsJavascripts/pexe_tabs.js HTTP/1.1" 200 3748
190.171.141.82 - - [13/May/2019:10:12:37 -0300] "GET /cormun/static/PXToolsJavascripts/PXToolsJavascriptsRender.js HTTP/1.1" 200 367
190.171.141.82 - - [13/May/2019:10:12:37 -0300] "GET /cormun/static/PXToolsJavascripts/pexe_upload.js HTTP/1.1" 200 1423
190.171.141.82 - - [13/May/2019:10:12:37 -0300] "GET /cormun/static/Resources/logo4.png HTTP/1.1" 200 6582
190.171.141.82 - - [13/May/2019:10:12:37 -0300] "GET /cormun/static/Resources/PXToolsHeaderActionsLeft.png HTTP/1.1" 200 1118
190.171.141.82 - - [13/May/2019:10:12:38 -0300] "GET /cormun/static/RunJS/RunJS.js HTTP/1.1" 200 288
190.171.141.82 - - [13/May/2019:10:12:38 -0300] "GET /cormun/static/hwchdr01.js?201752511465785 HTTP/1.1" 200 1183
190.171.141.82 - - [13/May/2019:10:12:38 -0300] "GET /cormun/static/hhome.js?20175251212450 HTTP/1.1" 200 777
190.171.141.82 - - [13/May/2019:10:12:38 -0300] "GET /cormun/static/Shared/ext/locale/ext-lang-en.js HTTP/1.1" 200 10940
190.171.141.82 - - [13/May/2019:10:12:38 -0300] "GET /cormun/static/hpexe_recentlink.js?20177611595044 HTTP/1.1" 200 2144
190.171.141.82 - - [13/May/2019:10:12:38 -0300] "GET /cormun/static/Resources/PXToolsHeaderActionsBackground.png HTTP/1.1" 200 484
190.171.141.82 - - [13/May/2019:10:12:38 -0300] "GET /cormun/static/Resources/PXToolsFooterBackground2.png HTTP/1.1" 200 1172
190.171.141.82 - - [13/May/2019:10:12:39 -0300] "GET /cormun/static/Resources/PXToolsHeaderSecurity.png HTTP/1.1" 200 4166
190.171.141.82 - - [13/May/2019:10:12:39 -0300] "GET /cormun/static/Resources/PXToolsHeaderPreferences.png HTTP/1.1" 200 4189
190.171.141.82 - - [13/May/2019:10:12:39 -0300] "GET /cormun/static/Resources/PXToolsHeaderActionsRight.png HTTP/1.1" 200 1201
190.171.141.82 - - [13/May/2019:10:12:39 -0300] "GET /cormun/static/Resources/PXToolsHeaderHome.png HTTP/1.1" 200 4147
190.171.141.82 - - [13/May/2019:10:12:39 -0300] "GET /cormun/static/Resources/PXToolsDataTitle.png HTTP/1.1" 200 1173
190.171.141.82 - - [13/May/2019:10:12:39 -0300] "GET /cormun/static/Resources/PXToolsHeaderLogin.png HTTP/1.1" 200 4279
190.171.141.82 - - [13/May/2019:10:12:39 -0300] "GET /cormun/static/hpexe_scripts.js?201752511465715 HTTP/1.1" 200 1544
190.171.141.82 - - [13/May/2019:10:12:39 -0300] "GET /cormun/static/hpexe_messagecontroller.js?20177611595012 HTTP/1.1" 200 870
190.171.141.82 - - [13/May/2019:10:12:39 -0300] "GET /cormun/static/hpexe_messagepopupcomponent.js?20161017169425 HTTP/1.1" 200 605
190.171.141.82 - - [13/May/2019:10:12:39 -0300] "GET /cormun/static/hpexe_messagegenexuscomponent.js?201752511465344 HTTP/1.1" 200 587
190.171.141.82 - - [13/May/2019:10:12:39 -0300] "GET /cormun/static/cmcontrolpreferences.js?201752511465670 HTTP/1.1" 200 1375
190.171.141.82 - - [13/May/2019:10:12:39 -0300] "GET /cormun/static/Resources/PXToolsHeaderBackground2.png HTTP/1.1" 200 1174
190.171.141.82 - - [13/May/2019:10:12:40 -0300] "GET /cormun/static/SmoothNavMenu/resources/ddsmoothmenu.js HTTP/1.1" 200 12712
190.171.141.82 - - [13/May/2019:10:12:40 -0300] "GET /cormun/static/SmoothNavMenu/resources/SmoothNavMenuRender.js HTTP/1.1" 200 5951
190.171.141.82 - - [13/May/2019:10:12:40 -0300] "GET /cormun/static/scaMessage/js/jquery.pnotify.min.js HTTP/1.1" 200 13038
190.171.141.82 - - [13/May/2019:10:12:41 -0300] "GET /cormun/static/Shared/jquery/jquery-1.10.2.min.js HTTP/1.1" 200 273199
190.171.141.82 - - [13/May/2019:10:12:41 -0300] "GET /cormun/static/scaMessage/scaMessageRender.js HTTP/1.1" 200 11977
190.171.141.82 - - [13/May/2019:10:12:41 -0300] "GET /cormun/static/gxui/gxui-all.js HTTP/1.1" 200 107772
190.171.141.82 - - [13/May/2019:10:12:41 -0300] "GET /cormun/static/hmpwkw03.js?20189613443875 HTTP/1.1" 200 3965
190.171.141.82 - - [13/May/2019:10:12:41 -0300] "GET /cormun/static/Shared/jqueryui/jquery-ui.min.js HTTP/1.1" 200 240427
190.171.141.82 - - [13/May/2019:10:12:43 -0300] "GET /cormun/static/Shared/jquery/jquery-1.4.2.min.js HTTP/1.1" 200 72174
190.171.144.234 - - [13/May/2019:10:12:43 -0300] "POST /cormun/servlet/solicitudot?8c8688dc60788beb97582f495cb9b027,INS,0,0,,gx-no-cache=1557752933393 HTTP/1.1" 200 11915
190.171.144.234 - - [13/May/2019:10:12:44 -0300] "GET /cormun/static/Shared/jqueryui/images/ui-icons_82798d_256x240.png HTTP/1.1" 404 1089
190.171.144.234 - - [13/May/2019:10:12:44 -0300] "GET /cormun/static/Shared/jqueryui/images/ui-bg_highlight-soft_100_c6c2c8_1x100.png HTTP/1.1" 404 1117
190.171.144.234 - - [13/May/2019:10:12:44 -0300] "GET /cormun/static/Shared/jqueryui/images/ui-icons_8d78a5_256x240.png HTTP/1.1" 404 1089
190.171.144.234 - - [13/May/2019:10:12:44 -0300] "GET /cormun/static/Shared/jqueryui/images/ui-bg_flat_55_fafafa_40x100.png HTTP/1.1" 404 1097
190.171.141.82 - - [13/May/2019:10:12:44 -0300] "GET /cormun/servlet/licenciaspermisos?486ab4a8edd94f8d7ef254eb01ef2902f8ed41b3012567ae0574ae7127970f918d4a782445abde5ced32d6de753853bbcc9d51a84dcbbb4c79aa7db1c8d1f9c1fd76b289a41f47740778bee51859363f77d30fefb340bf41d6f416c218183224e90fd6d52c1174c02cd754cc782cc67c5d2356cd2a006e0a3b2b9bb0924564d40a6b778db1c8c72b5e3cf82fb617aabf533e3befb4a3ae58183f1594e47e74befe3078074f2fdebf6a4194e4fb96897a,gx-no-cache=1557752935141 HTTP/1.1" 200 30
190.171.141.82 - - [13/May/2019:10:12:44 -0300] "GET /cormun/servlet/licenciaspermisos?486ab4a8edd94f8d7ef254eb01ef29025282e7d76c80c22de67d82f9830a75d82bb60214eb196fb3c0fae6f3f91456ba3805371783ecd4e208f16f1ab9a6b1730e13677eb9750d3036560ae0cf7f0152aafeadca03eff3165a995f83f5e480d37911b0d4e9f56ceff190fff61ba9a5e643378bf5a20b0c5eb096ebf014fd00965ab57829727246b0f3ffe2367d9cb255f5ddb581d1790ef405f2daf8b66a01019f096fd9a345f30817196a178cd3478c,gx-no-cache=1557752935240 HTTP/1.1" 200 29
190.171.141.82 - - [13/May/2019:10:12:45 -0300] "POST /cormun/servlet/licenciaspermisos?0c6341827104d8adee3771810f8b6982,INS,0,,,,gx-no-cache=1557752935290 HTTP/1.1" 200 93
190.171.141.82 - - [13/May/2019:10:12:45 -0300] "GET /cormun/servlet/hpexe_return? HTTP/1.1" 200 1009
190.171.141.82 - - [13/May/2019:10:12:45 -0300] "GET /cormun/servlet/hhome HTTP/1.1" 200 4343
190.171.141.82 - - [13/May/2019:10:12:46 -0300] "GET /cormun/servlet/hhome HTTP/1.1" 200 4337
190.171.141.82 - - [13/May/2019:10:12:51 -0300] "GET /cormun/static/Shared/ext/ext-all.js HTTP/1.1" 200 1289687
190.171.154.42 - - [13/May/2019:10:12:52 -0300] "GET /cormun/servlet/alicenciaprn?15987607,L,20190501000000,PU HTTP/1.1" 200 1536
190.171.141.82 - - [13/May/2019:10:12:52 -0300] "GET /cormun/servlet/trlicencias? HTTP/1.1" 200 14084
190.171.141.82 - - [13/May/2019:10:12:52 -0300] "GET /cormun/servlet/trlicencias? HTTP/1.1" 200 14081
190.171.144.234 - - [13/May/2019:10:12:53 -0300] "GET /cormun/servlet/solicitudot?8fe973838cb6e87a9adbf5616db30397fe2e13ddbd5ff0067b0b3b2ddc17879cb8b1925472072564eb30f09201db398fcd8048ebb75eb169008563d1bed7f4f3,gx-no-cache=1557752943514 HTTP/1.1" 200 30
190.171.144.234 - - [13/May/2019:10:12:53 -0300] "GET /cormun/servlet/solicitudot?8fe973838cb6e87a9adbf5616db3039730b039f487f8865348f97606a96dc368f733e0c5a40b834c2927b7fdf9b55da914fd0e88a9ed40d967d4f8ad767621ba,gx-no-cache=1557752943599 HTTP/1.1" 200 53
190.171.144.234 - - [13/May/2019:10:12:53 -0300] "POST /cormun/servlet/solicitudot?gx-no-cache=1557752943662 HTTP/1.1" 200 297
190.171.144.234 - - [13/May/2019:10:12:53 -0300] "GET /cormun/servlet/solicitudot?8fe973838cb6e87a9adbf5616db30397defa4e180b4f122a94c2c8475244849ab33b92a249cb121a3a0bc0237867604ad7f8d5dbfec3f66262988ff2b6f333b5f2eacbf523ada7ae3dac3464913da943a13be0ff26653ee5dfe084814aa49be1fb1f9b9001045b61e7274b552d24ca5a04ac127eb89ec76926157937771a316079d07359e5c4a4cbeed9205bb2ac6c017587c166fbdb7e3042e5ad70a28a9c06d3bb329eeaa7c532a749f38fdeab5d187e64469e3002c770655f18e803bb838a820a6459b9760040436b048ebc8ed5f60c7d320229b222fb1dab9eee1800eb093de6f523be58a66904f35338f213c34ff1476c04a3474cc01fbb9b76f5e3283818fe2ae146b535646bae0525d07d9d50a3a09919a21cba7c3625452f928283633b3d69a16412236eab281cfaaf601ba542d8b5e98c3f5f4e3afed33cdae0ee93e391ec97cdfea7d9b5e2449cf8f5aace999c8b0ff16c840dbd57d07d512306baf46bb1b42387f0dbddc004be2a3834318642a6f07c2b3439bc01231a4c5a4759f0dc4aa85116e406488c3c5179ec9e2e,gx-no-cache=1557752943711 HTTP/1.1" 200 30
190.171.141.82 - - [13/May/2019:10:12:53 -0300] "GET /cormun/static/SmoothNavMenu/resources/images/right.gif HTTP/1.1" 200 860
190.171.141.82 - - [13/May/2019:10:12:53 -0300] "GET /cormun/static/SmoothNavMenu/resources/images/down.gif HTTP/1.1" 200 854
190.171.141.82 - - [13/May/2019:10:12:53 -0300] "GET /cormun/servlet/hhome HTTP/1.1" 200 4340
190.171.141.82 - - [13/May/2019:10:12:56 -0300] "GET /cormun/static/menuarrow.gif HTTP/1.1" 404 1015
190.171.144.234 - - [13/May/2019:10:13:02 -0300] "POST /cormun/servlet/solicitudot?gx-no-cache=1557752952809 HTTP/1.1" 200 255
190.171.141.82 - - [13/May/2019:10:13:04 -0300] "POST /cormun/servlet/trlicencias?0c6341827104d8adee3771810f8b6982,,gx-no-cache=1557752954573 HTTP/1.1" 200 6952
190.171.144.234 - - [13/May/2019:10:13:07 -0300] "GET /cormun/servlet/solicitudot?8fe973838cb6e87a9adbf5616db30397defa4e180b4f122a94c2c8475244849a400b439cfd31ca5e652b06b7fa861e83d7f8d5dbfec3f66262988ff2b6f333b5f2eacbf523ada7ae3dac3464913da943a13be0ff26653ee5dfe084814aa49be1fb1f9b9001045b61e7274b552d24ca5a04ac127eb89ec76926157937771a316079d07359e5c4a4cbeed9205bb2ac6c017587c166fbdb7e3042e5ad70a28a9c06d3bb329eeaa7c532a749f38fdeab5d187e64469e3002c770655f18e803bb838a820a6459b9760040436b048ebc8ed5f60c7d320229b222fb1dab9eee1800eb093de6f523be58a66904f35338f213c34f801a713f18d43a97a03b6573294db22518fe2ae146b535646bae0525d07d9d50a00c555a462b2adaac53d1869cdd0bf803060ee7391809b13a652072bf5e22a7e4032c85cf0e9d8e1e4310315a8ffd23361621fe5969afad3a3a3a3de0033a39fea8a35d99cfd7f246a39a1e4e17a729018d9ca87065ca310fbce9d2b972d1a8f77fbf44e69041e8998caedaa1b346f6,gx-no-cache=1557752957172 HTTP/1.1" 200 30
190.171.141.82 - - [13/May/2019:10:13:08 -0300] "GET /cormun/servlet/trlicencias? HTTP/1.1" 200 11080
190.171.141.82 - - [13/May/2019:10:13:09 -0300] "POST /cormun/servlet/trlicencias?0c6341827104d8adee3771810f8b6982,,gx-no-cache=1557752959235 HTTP/1.1" 200 5663
190.171.141.82 - - [13/May/2019:10:13:09 -0300] "GET /cormun/static/calendar-system.css?75620 HTTP/1.1" 200 5572
190.171.141.82 - - [13/May/2019:10:13:09 -0300] "GET /cormun/static/gxui/gxui-all.css?110300 HTTP/1.1" 200 2179
190.171.141.82 - - [13/May/2019:10:13:10 -0300] "GET /cormun/static/gxcfg.js?20176272054169 HTTP/1.1" 200 953
190.171.141.82 - - [13/May/2019:10:13:10 -0300] "GET /cormun/static/calendar-setup.js?85251 HTTP/1.1" 200 2588
190.171.141.82 - - [13/May/2019:10:13:10 -0300] "GET /cormun/static/calendar-es.js?85251 HTTP/1.1" 200 1901
190.171.141.82 - - [13/May/2019:10:13:10 -0300] "GET /cormun/static/calendar.js?85251 HTTP/1.1" 200 26246
190.171.141.82 - - [13/May/2019:10:13:10 -0300] "GET /cormun/static/Resources/PXToolsDataSearch.png HTTP/1.1" 200 419
190.171.141.82 - - [13/May/2019:10:13:10 -0300] "GET /cormun/static/Resources/PXTools/calendar.png HTTP/1.1" 200 1306
190.171.141.82 - - [13/May/2019:10:13:10 -0300] "GET /cormun/static/Resources/Spanish/PXTools.css?17315867 HTTP/1.1" 200 89042
190.171.141.82 - - [13/May/2019:10:13:10 -0300] "GET /cormun/static/trlicencias.js?20176272054837 HTTP/1.1" 200 41883
190.171.141.82 - - [13/May/2019:10:13:10 -0300] "GET /cormun/static/gxdec.js?85251 HTTP/1.1" 200 19579
190.171.141.82 - - [13/May/2019:10:13:11 -0300] "GET /cormun/static/Resources/PXToolsGridFirstDisabled.gif HTTP/1.1" 200 100
190.171.141.82 - - [13/May/2019:10:13:11 -0300] "GET /cormun/static/Resources/PXToolsGridPreviousDisabled.gif HTTP/1.1" 200 90
190.171.141.82 - - [13/May/2019:10:13:11 -0300] "GET /cormun/static/Resources/PXToolsGridNextDisabled.gif HTTP/1.1" 200 90
190.171.141.82 - - [13/May/2019:10:13:12 -0300] "GET /cormun/static/Shared/ext/resources/css/ext-all.css?205870 HTTP/1.1" 200 416045
190.171.141.82 - - [13/May/2019:10:13:12 -0300] "GET /cormun/static/Resources/PXToolsGridLastDisabled.gif HTTP/1.1" 200 98
190.171.141.82 - - [13/May/2019:10:13:13 -0300] "GET /cormun/static/Resources/PXToolsActionExcel.png HTTP/1.1" 200 3187
190.171.141.82 - - [13/May/2019:10:13:13 -0300] "GET /cormun/static/Resources/PXToolsGridPage.gif HTTP/1.1" 200 725
190.171.141.82 - - [13/May/2019:10:13:13 -0300] "GET /cormun/static/Resources/PXToolsGridNew.png HTTP/1.1" 200 2949
190.171.154.42 - - [13/May/2019:10:13:13 -0300] "GET /cormun/servlet/alicenciaprn?15806207,L,20190509000000,PU HTTP/1.1" 200 1535
190.171.141.82 - - [13/May/2019:10:13:16 -0300] "GET /cormun/static/Resources/desc.gif HTTP/1.1" 200 65
190.171.141.82 - - [13/May/2019:10:13:16 -0300] "GET /cormun//static/Resources/PXToolsGridDelete.png HTTP/1.1" 200 357
190.171.141.82 - - [13/May/2019:10:13:16 -0300] "GET /cormun//static/Resources/PXToolsGridUpdate.png HTTP/1.1" 200 2984
190.171.141.82 - - [13/May/2019:10:13:16 -0300] "GET /cormun/static/Resources/asc.gif HTTP/1.1" 200 67
190.171.141.82 - - [13/May/2019:10:13:16 -0300] "GET /cormun//static/Resources/PXToolsGridDisplay.png HTTP/1.1" 200 362
190.171.141.82 - - [13/May/2019:10:13:16 -0300] "GET /cormun//static/Resources/PXToolsActionPrint.png HTTP/1.1" 200 3317
190.171.141.82 - - [13/May/2019:10:13:16 -0300] "GET /cormun//static/Resources/PXToolsHeaderFavorites.png HTTP/1.1" 200 2744
190.171.141.82 - - [13/May/2019:10:13:16 -0300] "GET /cormun//static/Resources/PXTools/ActionInsert.png HTTP/1.1" 200 1482
190.171.141.82 - - [13/May/2019:10:13:16 -0300] "GET /cormun//static/Resources/PXToolsActionDisabled.gif HTTP/1.1" 200 53
190.171.141.82 - - [13/May/2019:10:13:16 -0300] "GET /cormun//static/Resources/PXToolsHeaderHelp.png HTTP/1.1" 200 4055
190.171.141.82 - - [13/May/2019:10:13:16 -0300] "GET /cormun/servlet/trlicencias? HTTP/1.1" 200 11077
190.171.141.82 - - [13/May/2019:10:13:17 -0300] "GET /cormun/static/Shared/ext/resources/themes/images/default/panel/bg-headersPanel.png HTTP/1.1" 200 255
190.171.141.82 - - [13/May/2019:10:13:17 -0300] "GET /cormun/static/Shared/ext/resources/themes/images/default/tools/tool-sprites.gif HTTP/1.1" 200 5434
190.171.141.82 - - [13/May/2019:10:13:18 -0300] "GET /cormun/servlet/trlicenciaspermisosadjuntos?15126351,20190513000000,L, HTTP/1.1" 200 6691
190.171.141.82 - - [13/May/2019:10:13:19 -0300] "GET /cormun/static/gxcfg.js?20177612163414 HTTP/1.1" 200 953
190.171.141.82 - - [13/May/2019:10:13:19 -0300] "GET /cormun/static/trlicenciaspermisosadjuntos.js?20177612163719 HTTP/1.1" 200 21036
190.171.141.82 - - [13/May/2019:10:13:19 -0300] "GET /cormun/servlet/trlicenciaspermisosadjuntos?15126351,20190513000000,L, HTTP/1.1" 200 6691
190.171.141.82 - - [13/May/2019:10:13:21 -0300] "GET /cormun/servlet/licenciaspermisosadjuntos?INS,15126351,L,20190513000000,, HTTP/1.1" 200 5986
190.171.141.82 - - [13/May/2019:10:13:22 -0300] "GET /cormun/static/gxcfg.js?2017761263592 HTTP/1.1" 200 953
190.171.141.82 - - [13/May/2019:10:13:22 -0300] "GET /cormun/static/licenciaspermisosadjuntos.js?201776126362 HTTP/1.1" 200 8760
192.168.10.96 - - [13/May/2019:10:13:23 -0300] "GET /cormun/servlet/hlogin HTTP/1.1" 200 1721
190.171.141.82 - - [13/May/2019:10:13:23 -0300] "GET /cormun/static/about:blank HTTP/1.1" 404 1011
192.168.10.96 - - [13/May/2019:10:13:23 -0300] "GET /cormun/servlet/hlogin HTTP/1.1" 200 1731
190.171.141.82 - - [13/May/2019:10:13:25 -0300] "GET /cormun/servlet/licenciaspermisosadjuntos?INS,15126351,L,20190513000000,, HTTP/1.1" 200 5976
190.171.141.82 - - [13/May/2019:10:13:26 -0300] "POST /cormun/servlet/trlicencias?bcd510ed1911c7e0bcca22809704ace3,,gx-no-cache=1557749607717 HTTP/1.1" 200 8395
190.171.144.234 - - [13/May/2019:10:13:27 -0300] "POST /cormun/servlet/solicitudot?gx-no-cache=1557752976988 HTTP/1.1" 200 30
190.171.144.234 - - [13/May/2019:10:13:29 -0300] "POST /cormun/servlet/solicitudot?gx-no-cache=1557752979522 HTTP/1.1" 200 1344
190.171.144.234 - - [13/May/2019:10:13:29 -0300] "POST /cormun/servlet/solicitudot?gx-no-cache=1557752979615 HTTP/1.1" 200 38
190.171.141.82 - - [13/May/2019:10:13:34 -0300] "POST /cormun/servlet/licenciaspermisosadjuntos?0c6341827104d8adee3771810f8b6982,INS,15126351,L,20190513000000,, HTTP/1.1" 200 116
190.171.141.82 - - [13/May/2019:10:13:35 -0300] "GET /cormun/servlet/hpexe_return? HTTP/1.1" 200 1041
190.171.141.82 - - [13/May/2019:10:13:35 -0300] "GET /cormun/servlet/trlicenciaspermisosadjuntos?15126351,20190513000000,L, HTTP/1.1" 200 7254
190.171.141.82 - - [13/May/2019:10:13:36 -0300] "GET /cormun/servlet/trlicenciaspermisosadjuntos?15126351,20190513000000,L, HTTP/1.1" 200 7251
192.168.10.96 - - [13/May/2019:10:13:36 -0300] "POST /cormun/servlet/hlogin?a266a116f19942df45b9272515d3093b,gx-no-cache=1557752665417 HTTP/1.1" 200 90
192.168.10.96 - - [13/May/2019:10:13:36 -0300] "GET /cormun/servlet/hpexe_link HTTP/1.1" 200 949
192.168.10.96 - - [13/May/2019:10:13:36 -0300] "GET /cormun/static/gxcfg.js?20177612121792 HTTP/1.1" 304 -
192.168.10.96 - - [13/May/2019:10:13:36 -0300] "GET /cormun/servlet/hhome HTTP/1.1" 200 4772
192.168.10.96 - - [13/May/2019:10:13:37 -0300] "GET /cormun/servlet/hhome HTTP/1.1" 200 4768
190.171.141.82 - - [13/May/2019:10:13:38 -0300] "POST /cormun/servlet/trlicenciaspermisosadjuntos?0c6341827104d8adee3771810f8b6982,15126351,20190513000000,L,,gx-no-cache=1557752989362 HTTP/1.1" 200 90
190.171.141.82 - - [13/May/2019:10:13:39 -0300] "GET /cormun/servlet/hpexe_link HTTP/1.1" 200 984
190.171.141.82 - - [13/May/2019:10:13:39 -0300] "GET /cormun/servlet/trlicencias? HTTP/1.1" 200 8473
190.171.141.82 - - [13/May/2019:10:13:40 -0300] "GET /cormun/servlet/trlicencias? HTTP/1.1" 200 8471
192.168.10.96 - - [13/May/2019:10:13:40 -0300] "GET /cormun/servlet/trsolicitudgral? HTTP/1.1" 200 28910
192.168.10.96 - - [13/May/2019:10:13:40 -0300] "GET /cormun/static/gxcfg.js?201813119461163 HTTP/1.1" 304 -
190.171.154.42 - - [13/May/2019:10:13:41 -0300] "GET /cormun/servlet/alicenciaprn?7398710,L,20190506000000,PU HTTP/1.1" 200 1521
192.168.10.96 - - [13/May/2019:10:13:42 -0300] "GET /cormun/servlet/trsolicitudgral? HTTP/1.1" 200 28908
190.171.141.82 - - [13/May/2019:10:13:42 -0300] "GET /cormun/servlet/alicenciaprn?15126351,L,20190513000000,PU HTTP/1.1" 200 1530
192.168.10.96 - - [13/May/2019:10:13:44 -0300] "GET /cormun/servlet/trsolicitudgral? HTTP/1.1" 200 28908
192.168.10.96 - - [13/May/2019:10:13:46 -0300] "GET /cormun/servlet/trsolicitudgral? HTTP/1.1" 200 28908
192.168.10.96 - - [13/May/2019:10:13:49 -0300] "POST /cormun/servlet/trsolicitudgral?a266a116f19942df45b9272515d3093b,,gx-no-cache=1557752677887 HTTP/1.1" 200 15635
190.171.144.234 - - [13/May/2019:10:14:05 -0300] "GET /cormun/servlet/solicitudot?8fe973838cb6e87a9adbf5616db303971175d13ab46804bdf5bce218a621f1e78bf3325a861261ef787e25a110a0e8068e13c2963c195c65e08798e00fcd6d3fa8a21ed0fd21230babb6f353eeeb6a7f0f6528a15b4bca1fd90f42ab4a96096598ebf4ae70fe8f1e8ba3b10f653c2379,gx-no-cache=1557753015144 HTTP/1.1" 200 110
190.171.144.234 - - [13/May/2019:10:14:05 -0300] "POST /cormun/servlet/solicitudot?gx-no-cache=1557753015216 HTTP/1.1" 200 110
192.168.10.96 - - [13/May/2019:10:14:05 -0300] "POST /cormun/servlet/trsolicitudgral?a266a116f19942df45b9272515d3093b,,gx-no-cache=1557752694427 HTTP/1.1" 200 7316
192.168.10.96 - - [13/May/2019:10:14:07 -0300] "GET /cormun/servlet/vesolicitudgral?2019,15527,, HTTP/1.1" 200 9346
192.168.10.96 - - [13/May/2019:10:14:07 -0300] "GET /cormun/static/gxcfg.js?201711151294153 HTTP/1.1" 304 -
192.168.10.96 - - [13/May/2019:10:14:07 -0300] "GET /cormun/pexe_scrolldiv.js HTTP/1.1" 404 1009
192.168.10.96 - - [13/May/2019:10:14:08 -0300] "GET /cormun/servlet/vesolicitudgral?2019,15527,, HTTP/1.1" 200 9346
190.171.141.82 - - [13/May/2019:10:14:09 -0300] "GET /cormun/servlet/licenciaspermisos?INS,0,,, HTTP/1.1" 200 7884
190.171.141.82 - - [13/May/2019:10:14:09 -0300] "GET /cormun/servlet/licenciaspermisos?INS,0,,, HTTP/1.1" 200 7892
192.168.10.96 - - [13/May/2019:10:14:09 -0300] "GET /cormun/servlet/vesolicitudgral?2019,15527,,SolicitudOTAdjuntos HTTP/1.1" 200 11626
192.168.10.96 - - [13/May/2019:10:14:09 -0300] "GET /cormun/pexe_scrolldiv.js HTTP/1.1" 404 1009
192.168.10.96 - - [13/May/2019:10:14:09 -0300] "GET /cormun/pexe_scrolldiv.js HTTP/1.1" 404 1009
192.168.10.96 - - [13/May/2019:10:14:10 -0300] "GET /cormun/servlet/vesolicitudgral?2019,15527,,SolicitudOTAdjuntos HTTP/1.1" 200 11627
192.168.10.96 - - [13/May/2019:10:14:11 -0300] "POST /cormun/servlet/acontrolpreferencessavestate?None,DZAMUDIO,true HTTP/1.1" 200 35
192.168.10.96 - - [13/May/2019:10:14:12 -0300] "GET /cormun/PublicTempStorage/ci8382241.pdf HTTP/1.1" 200 23366
190.171.144.234 - - [13/May/2019:10:14:12 -0300] "GET /cormun/servlet/solicitudot?8fe973838cb6e87a9adbf5616db303978eb5eaa975d912c8062bdfae71f43f6749e5777b6a14f052395125c59b81cf8864cb7a23cf4b7b99245cda01b0108237ab90fa245dbbcc84e5e289e9135949aadcc3e4fa133dac8f622b90cf9c6f64daaeef754e40a014c6c27a7a9e689cec7a,gx-no-cache=1557753022763 HTTP/1.1" 200 29
190.171.144.234 - - [13/May/2019:10:14:12 -0300] "GET /cormun/static/menuarrow.gif HTTP/1.1" 404 1015
192.168.10.96 - - [13/May/2019:10:14:24 -0300] "GET /cormun/PublicTempStorage/cert._afiliacion_afp4467972.pdf HTTP/1.1" 200 90739
190.171.141.82 - - [13/May/2019:10:14:27 -0300] "GET /cormun/servlet/licenciaspermisos?486ab4a8edd94f8d7ef254eb01ef29026c9ac193a084c3a34f8665a84741fb7887006c7c692533bef2a8644cd7f54b24,gx-no-cache=1557753037531 HTTP/1.1" 200 88
190.171.141.82 - - [13/May/2019:10:14:27 -0300] "POST /cormun/servlet/licenciaspermisos?0c6341827104d8adee3771810f8b6982,INS,0,,,,gx-no-cache=1557753037670 HTTP/1.1" 200 4959
190.171.144.234 - - [13/May/2019:10:14:31 -0300] "GET /cormun/servlet/solicitudot?8fe973838cb6e87a9adbf5616db303970e2ab975f59e51c87cc0faa97152ba97612df04ee002cea19bca0350f8c74385,gx-no-cache=1557753041634 HTTP/1.1" 200 30
192.168.10.96 - - [13/May/2019:10:14:37 -0300] "GET /cormun/PublicTempStorage/cert._fonasa1890588.pdf HTTP/1.1" 200 74219
190.171.141.82 - - [13/May/2019:10:14:40 -0300] "GET /cormun/static/menuarrow.gif HTTP/1.1" 404 1015
190.171.144.234 - - [13/May/2019:10:14:52 -0300] "POST /cormun/servlet/solicitudot?gx-no-cache=1557753062661 HTTP/1.1" 200 30
192.168.10.96 - - [13/May/2019:10:14:56 -0300] "GET /cormun/PublicTempStorage/cert._antecedentes3374967.pdf HTTP/1.1" 200 34215
192.168.10.96 - - [13/May/2019:10:15:06 -0300] "GET /cormun/PublicTempStorage/curriculum_ximena_orrego_silva2002569.pdf HTTP/1.1" 200 1182679
190.171.144.234 - - [13/May/2019:10:15:07 -0300] "POST /cormun/servlet/solicitudot?8c8688dc60788beb97582f495cb9b027,INS,0,0,,gx-no-cache=1557753076533 HTTP/1.1" 200 93
190.171.144.234 - - [13/May/2019:10:15:07 -0300] "GET /cormun/servlet/hpexe_return? HTTP/1.1" 200 1006
190.171.144.234 - - [13/May/2019:10:15:07 -0300] "GET /cormun/servlet/trsolicitudot HTTP/1.1" 200 8618
190.171.144.234 - - [13/May/2019:10:15:08 -0300] "GET /cormun/servlet/trsolicitudot HTTP/1.1" 200 8614
190.171.144.234 - - [13/May/2019:10:15:15 -0300] "POST /cormun/servlet/trsolicitudot?8c8688dc60788beb97582f495cb9b027,gx-no-cache=1557753085481 HTTP/1.1" 200 4524
190.171.144.234 - - [13/May/2019:10:15:15 -0300] "GET /cormun/static/Shared/jqueryui/images/ui-icons_82798d_256x240.png HTTP/1.1" 404 1089
190.171.144.234 - - [13/May/2019:10:15:15 -0300] "GET /cormun/static/Shared/jqueryui/images/ui-bg_flat_55_fafafa_40x100.png HTTP/1.1" 404 1097
190.171.144.234 - - [13/May/2019:10:15:15 -0300] "GET /cormun/static/Shared/jqueryui/images/ui-icons_8d78a5_256x240.png HTTP/1.1" 404 1089
190.171.144.234 - - [13/May/2019:10:15:15 -0300] "GET /cormun/static/Shared/jqueryui/images/ui-bg_highlight-soft_100_c6c2c8_1x100.png HTTP/1.1" 404 1117
190.171.144.234 - - [13/May/2019:10:15:15 -0300] "POST /cormun/servlet/trsolicitudot?8c8688dc60788beb97582f495cb9b027,gx-no-cache=1557753085765 HTTP/1.1" 200 4307
190.171.141.82 - - [13/May/2019:10:15:27 -0300] "GET /cormun/servlet/licenciaspermisos?486ab4a8edd94f8d7ef254eb01ef2902f8ed41b3012567ae0574ae7127970f918d4a782445abde5ced32d6de753853bbcc9d51a84dcbbb4c79aa7db1c8d1f9c1fd76b289a41f47740778bee51859363f77d30fefb340bf41d6f416c218183224e90fd6d52c1174c02cd754cc782cc67c5d2356cd2a006e0a3b2b9bb0924564d40a6b778db1c8c72b5e3cf82fb617aabf533e3befb4a3ae58183f1594e47e74befe3078074f2fdebf6a4194e4fb96897a,gx-no-cache=1557753097668 HTTP/1.1" 200 30
190.171.141.82 - - [13/May/2019:10:15:27 -0300] "GET /cormun/servlet/licenciaspermisos?486ab4a8edd94f8d7ef254eb01ef29025282e7d76c80c22de67d82f9830a75d82bb60214eb196fb3c0fae6f3f91456ba3805371783ecd4e208f16f1ab9a6b1730e13677eb9750d3036560ae0cf7f0152aafeadca03eff3165a995f83f5e480d37911b0d4e9f56ceff190fff61ba9a5e643378bf5a20b0c5eb096ebf014fd00965ab57829727246b0f3ffe2367d9cb255f5ddb581d1790ef405f2daf8b66a01019f096fd9a345f30817196a178cd3478c,gx-no-cache=1557753097904 HTTP/1.1" 200 29
190.171.141.82 - - [13/May/2019:10:15:27 -0300] "POST /cormun/servlet/licenciaspermisos?0c6341827104d8adee3771810f8b6982,INS,0,,,,gx-no-cache=1557753097975 HTTP/1.1" 200 5083
190.171.141.82 - - [13/May/2019:10:15:27 -0300] "GET /cormun/static/Shared/jqueryui/images/ui-bg_highlight-soft_100_c6c2c8_1x100.png HTTP/1.1" 404 1117
190.171.144.234 - - [13/May/2019:10:15:27 -0300] "GET /cormun/servlet/hlogin HTTP/1.1" 200 1721
190.171.141.82 - - [13/May/2019:10:15:27 -0300] "GET /cormun/static/Shared/jqueryui/images/ui-icons_82798d_256x240.png HTTP/1.1" 404 1089
190.171.141.82 - - [13/May/2019:10:15:27 -0300] "GET /cormun/static/Shared/jqueryui/images/ui-icons_ebccce_256x240.png HTTP/1.1" 404 1089
190.171.141.82 - - [13/May/2019:10:15:28 -0300] "GET /cormun/static/Shared/jqueryui/images/ui-bg_flat_55_994d53_40x100.png HTTP/1.1" 404 1097
190.171.141.82 - - [13/May/2019:10:15:40 -0300] "GET /cormun/servlet/licenciaspermisos?486ab4a8edd94f8d7ef254eb01ef29026c9ac193a084c3a34f8665a84741fb78ff06702206c5c64a96494dfa87a69180ad89da1c45c111834af80e78f231acbb238998312fa2d37a173458b242fd8e7de6eab7c57f849234e53759b45040edd50eb8fd1d1c553e1ecbc07aafc08749ccfbfba154953dfd9ace4b966dabc54199,gx-no-cache=1557753108199 HTTP/1.1" 200 88
190.171.141.82 - - [13/May/2019:10:15:40 -0300] "POST /cormun/servlet/licenciaspermisos?0c6341827104d8adee3771810f8b6982,INS,0,,,,gx-no-cache=1557753110815 HTTP/1.1" 200 5023
190.171.141.82 - - [13/May/2019:10:15:40 -0300] "GET /cormun/servlet/licenciaspermisos?486ab4a8edd94f8d7ef254eb01ef2902f8ed41b3012567ae0574ae7127970f918d4a782445abde5ced32d6de753853bbcc9d51a84dcbbb4c79aa7db1c8d1f9c1fd76b289a41f47740778bee51859363f77d30fefb340bf41d6f416c218183224e90fd6d52c1174c02cd754cc782cc67c5d2356cd2a006e0a3b2b9bb0924564d40a6b778db1c8c72b5e3cf82fb617aabf533e3befb4a3ae58183f1594e47e74befe3078074f2fdebf6a4194e4fb96897a,gx-no-cache=1557753110982 HTTP/1.1" 200 30
190.171.141.82 - - [13/May/2019:10:15:40 -0300] "GET /cormun/servlet/licenciaspermisos?486ab4a8edd94f8d7ef254eb01ef29025282e7d76c80c22de67d82f9830a75d82bb60214eb196fb3c0fae6f3f91456ba3805371783ecd4e208f16f1ab9a6b1730e13677eb9750d3036560ae0cf7f0152aafeadca03eff3165a995f83f5e480d37911b0d4e9f56ceff190fff61ba9a5e643378bf5a20b0c5eb096ebf014fd00965ab57829727246b0f3ffe2367d9cb255f5ddb581d1790ef405f2daf8b66a01019f096fd9a345f30817196a178cd3478c,gx-no-cache=1557753111093 HTTP/1.1" 200 29
190.171.141.82 - - [13/May/2019:10:15:41 -0300] "POST /cormun/servlet/licenciaspermisos?0c6341827104d8adee3771810f8b6982,INS,0,,,,gx-no-cache=1557753111123 HTTP/1.1" 200 5083
190.171.141.82 - - [13/May/2019:10:15:42 -0300] "GET /cormun/servlet/trlicencias? HTTP/1.1" 200 8473
190.171.141.82 - - [13/May/2019:10:15:43 -0300] "GET /cormun/servlet/trlicencias? HTTP/1.1" 200 8471
190.171.141.82 - - [13/May/2019:10:15:47 -0300] "GET /cormun/servlet/licenciaspermisos?UPD,15126351,L,20190513000000, HTTP/1.1" 200 8067
190.171.141.82 - - [13/May/2019:10:15:48 -0300] "GET /cormun/servlet/licenciaspermisos?UPD,15126351,L,20190513000000, HTTP/1.1" 200 8085
190.171.141.82 - - [13/May/2019:10:15:49 -0300] "GET /cormun/servlet/licenciaspermisos?486ab4a8edd94f8d7ef254eb01ef29026c9ac193a084c3a34f8665a84741fb78b3d3ebed4cbf897afae72ca1cfd1d9368e1f277d4ba9cc3cc03545af650e2a106e084a9beaee5117acf7eeccd657cfc3fe21285f265290379b24ef6f69907f24,gx-no-cache=1557753119491 HTTP/1.1" 200 88
190.171.141.82 - - [13/May/2019:10:16:01 -0300] "GET /cormun/static/menuarrow.gif HTTP/1.1" 404 1015
190.171.144.234 - - [13/May/2019:10:16:01 -0300] "POST /cormun/servlet/hlogin?5bd67b58ae99ba6fdf1871a9d6e75ad4,gx-no-cache=1557753131845 HTTP/1.1" 200 90
190.171.144.234 - - [13/May/2019:10:16:01 -0300] "GET /cormun/servlet/hpexe_link HTTP/1.1" 200 949
190.171.144.234 - - [13/May/2019:10:16:02 -0300] "GET /cormun/servlet/hhome HTTP/1.1" 200 4182
190.171.144.234 - - [13/May/2019:10:16:02 -0300] "GET /cormun/servlet/hhome HTTP/1.1" 200 4178
190.171.141.82 - - [13/May/2019:10:16:06 -0300] "GET /cormun/servlet/licenciaspermisos?486ab4a8edd94f8d7ef254eb01ef2902933ba1894c3967c8a3787c3517eb4a6b8d4a782445abde5ced32d6de753853bbcc9d51a84dcbbb4c79aa7db1c8d1f9c1fd76b289a41f47740778bee51859363f77d30fefb340bf41d6f416c21818322499c908133a5fb3e39c8283a0baad669d5d2356cd2a006e0a3b2b9bb0924564d44a317341c250ed4ee824fe67149df637a641f0824558625a66de118f5f96fa538db5e4999ff30d39b7e435673efdd1657f93b43d61cd47a24917345d3e99f0ee0a1d9b0ec82c65ac5aed0fb272d45e4be1f12045fcf04b4b1b61a89479cebf1e,gx-no-cache=1557753137216 HTTP/1.1" 200 30
190.171.141.82 - - [13/May/2019:10:16:06 -0300] "GET /cormun/servlet/licenciaspermisos?486ab4a8edd94f8d7ef254eb01ef29025282e7d76c80c22de67d82f9830a75d82bb60214eb196fb3c0fae6f3f91456ba3805371783ecd4e208f16f1ab9a6b1730e13677eb9750d3036560ae0cf7f0152aafeadca03eff3165a995f83f5e480d37367e596ece18cd853840af0fda257be43378bf5a20b0c5eb096ebf014fd009673a00a72f736f144f5dc6cd35ea5ad99c0e541e82bc7ca838edb737cc10d7f5b806fbc776d466da8e5eefa613f063126e7bcce9b4e2dddd654f34f7926fc43c3066f1604103b866b4c6c0bda35dd8c8d7a90488afcddd8919c76c2ba89663b7b,gx-no-cache=1557753137254 HTTP/1.1" 200 29
190.171.141.82 - - [13/May/2019:10:16:07 -0300] "POST /cormun/servlet/licenciaspermisos?0c6341827104d8adee3771810f8b6982,UPD,15126351,L,20190513000000,,gx-no-cache=1557753137315 HTTP/1.1" 200 93
190.171.141.82 - - [13/May/2019:10:16:07 -0300] "GET /cormun/servlet/hpexe_return? HTTP/1.1" 200 1026
190.171.141.82 - - [13/May/2019:10:16:07 -0300] "GET /cormun/servlet/trlicencias HTTP/1.1" 200 8484
190.171.144.234 - - [13/May/2019:10:16:08 -0300] "GET /cormun/servlet/trautorizarsolicitud? HTTP/1.1" 200 8646
190.171.144.234 - - [13/May/2019:10:16:08 -0300] "GET /cormun/static/gxcfg.js?2017111423403364 HTTP/1.1" 304 -
190.171.144.234 - - [13/May/2019:10:16:08 -0300] "GET /cormun/servlet/trautorizarsolicitud? HTTP/1.1" 200 8644
190.171.141.82 - - [13/May/2019:10:16:08 -0300] "GET /cormun/servlet/trlicencias HTTP/1.1" 200 8480
190.171.144.234 - - [13/May/2019:10:16:15 -0300] "POST /cormun/servlet/trautorizarsolicitud?5bd67b58ae99ba6fdf1871a9d6e75ad4,,gx-no-cache=1557753145064 HTTP/1.1" 200 4667
190.171.144.234 - - [13/May/2019:10:16:15 -0300] "GET /cormun/static/Shared/jqueryui/images/ui-bg_highlight-soft_100_c6c2c8_1x100.png HTTP/1.1" 404 1117
190.171.144.234 - - [13/May/2019:10:16:15 -0300] "GET /cormun/static/Shared/jqueryui/images/ui-icons_82798d_256x240.png HTTP/1.1" 404 1089
190.171.144.234 - - [13/May/2019:10:16:15 -0300] "GET /cormun/static/Shared/jqueryui/images/ui-icons_8d78a5_256x240.png HTTP/1.1" 404 1089
190.171.144.234 - - [13/May/2019:10:16:15 -0300] "GET /cormun/static/Shared/jqueryui/images/ui-bg_flat_55_fafafa_40x100.png HTTP/1.1" 404 1097
190.171.144.234 - - [13/May/2019:10:16:15 -0300] "POST /cormun/servlet/trautorizarsolicitud?5bd67b58ae99ba6fdf1871a9d6e75ad4,,gx-no-cache=1557753145377 HTTP/1.1" 200 4451
190.171.141.82 - - [13/May/2019:10:16:21 -0300] "GET /cormun/servlet/licenciaspermisos?INS,0,,, HTTP/1.1" 200 7884
190.171.141.82 - - [13/May/2019:10:16:21 -0300] "GET /cormun/servlet/licenciaspermisos?INS,0,,, HTTP/1.1" 200 7892
190.171.141.82 - - [13/May/2019:10:16:27 -0300] "GET /cormun/servlet/licenciaspermisos?486ab4a8edd94f8d7ef254eb01ef29026c9ac193a084c3a34f8665a84741fb7887006c7c692533bef2a8644cd7f54b24,gx-no-cache=1557753158211 HTTP/1.1" 200 88
190.171.141.82 - - [13/May/2019:10:16:28 -0300] "POST /cormun/servlet/licenciaspermisos?0c6341827104d8adee3771810f8b6982,INS,0,,,,gx-no-cache=1557753158357 HTTP/1.1" 200 4960
190.171.144.234 - - [13/May/2019:10:16:28 -0300] "GET /cormun/servlet/trautorizarpermisogoce? HTTP/1.1" 200 7002
190.171.144.234 - - [13/May/2019:10:16:28 -0300] "GET /cormun/servlet/trautorizarpermisogoce? HTTP/1.1" 200 7002
190.171.141.82 - - [13/May/2019:10:16:37 -0300] "GET /cormun/static/menuarrow.gif HTTP/1.1" 404 1015
190.171.141.138 - - [13/May/2019:10:16:45 -0300] "GET /cormun/servlet/hlogin HTTP/1.1" 200 1714
190.171.141.138 - - [13/May/2019:10:16:46 -0300] "GET /cormun/servlet/hlogin HTTP/1.1" 200 1725
190.171.141.138 - - [13/May/2019:10:16:51 -0300] "POST /cormun/servlet/hlogin?dbc624e779651657a1449b6e0d9e04be,gx-no-cache=1557753182726 HTTP/1.1" 200 90
190.171.141.138 - - [13/May/2019:10:16:51 -0300] "GET /cormun/servlet/hpexe_link HTTP/1.1" 200 946
190.171.141.138 - - [13/May/2019:10:16:51 -0300] "GET /cormun/servlet/hhome HTTP/1.1" 200 4461
190.171.141.138 - - [13/May/2019:10:16:53 -0300] "GET /cormun/servlet/hhome HTTP/1.1" 200 4457
190.171.141.82 - - [13/May/2019:10:16:56 -0300] "GET /cormun/servlet/licenciaspermisos?486ab4a8edd94f8d7ef254eb01ef2902f8ed41b3012567ae0574ae7127970f918d4a782445abde5ced32d6de753853bbcc9d51a84dcbbb4c79aa7db1c8d1f9c1fd76b289a41f47740778bee51859363f77d30fefb340bf41d6f416c218183224e90fd6d52c1174c02cd754cc782cc67c5d2356cd2a006e0a3b2b9bb0924564d40a6b778db1c8c72b5e3cf82fb617aabf533e3befb4a3ae58183f1594e47e74befe3078074f2fdebf6a4194e4fb96897a,gx-no-cache=1557753187411 HTTP/1.1" 200 30
190.171.141.82 - - [13/May/2019:10:16:56 -0300] "GET /cormun/servlet/licenciaspermisos?486ab4a8edd94f8d7ef254eb01ef29025282e7d76c80c22de67d82f9830a75d82bb60214eb196fb3c0fae6f3f91456ba3805371783ecd4e208f16f1ab9a6b1730e13677eb9750d3036560ae0cf7f0152aafeadca03eff3165a995f83f5e480d37911b0d4e9f56ceff190fff61ba9a5e643378bf5a20b0c5eb096ebf014fd00965ab57829727246b0f3ffe2367d9cb255f5ddb581d1790ef405f2daf8b66a01019f096fd9a345f30817196a178cd3478c,gx-no-cache=1557753187460 HTTP/1.1" 200 29
190.171.141.82 - - [13/May/2019:10:16:57 -0300] "POST /cormun/servlet/licenciaspermisos?0c6341827104d8adee3771810f8b6982,INS,0,,,,gx-no-cache=1557753187496 HTTP/1.1" 200 5082
190.171.141.82 - - [13/May/2019:10:16:57 -0300] "GET /cormun/static/Shared/jqueryui/images/ui-bg_highlight-soft_100_c6c2c8_1x100.png HTTP/1.1" 404 1117
190.171.141.82 - - [13/May/2019:10:16:57 -0300] "GET /cormun/static/Shared/jqueryui/images/ui-icons_82798d_256x240.png HTTP/1.1" 404 1089
190.171.141.82 - - [13/May/2019:10:16:57 -0300] "GET /cormun/static/Shared/jqueryui/images/ui-bg_flat_55_994d53_40x100.png HTTP/1.1" 404 1097
190.171.141.82 - - [13/May/2019:10:16:57 -0300] "GET /cormun/static/Shared/jqueryui/images/ui-icons_ebccce_256x240.png HTTP/1.1" 404 1089
190.171.141.82 - - [13/May/2019:10:17:00 -0300] "GET /cormun/servlet/trlicencias? HTTP/1.1" 200 8481
190.171.141.82 - - [13/May/2019:10:17:00 -0300] "GET /cormun/servlet/trlicencias? HTTP/1.1" 200 8480
190.171.141.138 - - [13/May/2019:10:17:04 -0300] "GET /cormun/servlet/trpermisosgoce? HTTP/1.1" 200 12968
190.171.141.82 - - [13/May/2019:10:17:04 -0300] "GET /cormun/servlet/licenciaspermisos?UPD,15126351,L,20190513000000, HTTP/1.1" 200 8069
190.171.141.82 - - [13/May/2019:10:17:05 -0300] "GET /cormun/servlet/licenciaspermisos?486ab4a8edd94f8d7ef254eb01ef29026c9ac193a084c3a34f8665a84741fb78b3d3ebed4cbf897afae72ca1cfd1d9368e1f277d4ba9cc3cc03545af650e2a106e084a9beaee5117acf7eeccd657cfc3fe21285f265290379b24ef6f69907f24,gx-no-cache=1557753196260 HTTP/1.1" 200 88
190.171.141.82 - - [13/May/2019:10:17:05 -0300] "GET /cormun/servlet/licenciaspermisos?UPD,15126351,L,20190513000000, HTTP/1.1" 200 8087
190.171.141.138 - - [13/May/2019:10:17:05 -0300] "GET /cormun/servlet/trpermisosgoce? HTTP/1.1" 200 12966
190.171.141.138 - - [13/May/2019:10:17:10 -0300] "GET /cormun/servlet/permisogoce?INS,0,,, HTTP/1.1" 200 7337
190.171.141.82 - - [13/May/2019:10:17:10 -0300] "GET /cormun/servlet/licenciaspermisos?486ab4a8edd94f8d7ef254eb01ef2902933ba1894c3967c8a3787c3517eb4a6b8d4a782445abde5ced32d6de753853bbcc9d51a84dcbbb4c79aa7db1c8d1f9c1fd76b289a41f47740778bee51859363f77d30fefb340bf41d6f416c21818322499c908133a5fb3e39c8283a0baad669d5d2356cd2a006e0a3b2b9bb0924564d44a317341c250ed4ee824fe67149df637a641f0824558625a66de118f5f96fa538db5e4999ff30d39b7e435673efdd1657f93b43d61cd47a24917345d3e99f0ee0a1d9b0ec82c65ac5aed0fb272d45e4be1f12045fcf04b4b1b61a89479cebf1e,gx-no-cache=1557753201031 HTTP/1.1" 200 30
190.171.141.82 - - [13/May/2019:10:17:10 -0300] "GET /cormun/servlet/licenciaspermisos?486ab4a8edd94f8d7ef254eb01ef29025282e7d76c80c22de67d82f9830a75d82bb60214eb196fb3c0fae6f3f91456ba3805371783ecd4e208f16f1ab9a6b1730e13677eb9750d3036560ae0cf7f0152aafeadca03eff3165a995f83f5e480d37367e596ece18cd853840af0fda257be43378bf5a20b0c5eb096ebf014fd009673a00a72f736f144f5dc6cd35ea5ad99c0e541e82bc7ca838edb737cc10d7f5b806fbc776d466da8e5eefa613f063126e7bcce9b4e2dddd654f34f7926fc43c3066f1604103b866b4c6c0bda35dd8c8d7a90488afcddd8919c76c2ba89663b7b,gx-no-cache=1557753201053 HTTP/1.1" 200 29
190.171.141.138 - - [13/May/2019:10:17:10 -0300] "GET /cormun/servlet/permisogoce?INS,0,,, HTTP/1.1" 200 7341
190.171.141.82 - - [13/May/2019:10:17:10 -0300] "POST /cormun/servlet/licenciaspermisos?0c6341827104d8adee3771810f8b6982,UPD,15126351,L,20190513000000,,gx-no-cache=1557753201077 HTTP/1.1" 200 93
190.171.141.82 - - [13/May/2019:10:17:10 -0300] "GET /cormun/servlet/hpexe_return? HTTP/1.1" 200 1026
190.171.141.82 - - [13/May/2019:10:17:11 -0300] "GET /cormun/servlet/trlicencias HTTP/1.1" 200 8484
190.171.141.82 - - [13/May/2019:10:17:12 -0300] "GET /cormun/servlet/trlicencias HTTP/1.1" 200 8480
190.171.141.138 - - [13/May/2019:10:17:13 -0300] "GET /cormun/servlet/prfichaempleado?,MD,,gxPopupLevel%3D0%3B HTTP/1.1" 200 9570
190.171.141.82 - - [13/May/2019:10:17:14 -0300] "GET /cormun/servlet/trlicenciaspermisosadjuntos?15126351,20190513000000,L, HTTP/1.1" 200 7250
190.171.141.82 - - [13/May/2019:10:17:16 -0300] "GET /cormun/servlet/trlicenciaspermisosadjuntos?15126351,20190513000000,L, HTTP/1.1" 200 7251
190.171.141.82 - - [13/May/2019:10:17:18 -0300] "POST /cormun/servlet/trlicenciaspermisosadjuntos?0c6341827104d8adee3771810f8b6982,15126351,20190513000000,L,,gx-no-cache=1557753208451 HTTP/1.1" 200 90
190.171.141.82 - - [13/May/2019:10:17:18 -0300] "GET /cormun/servlet/hpexe_link HTTP/1.1" 200 983
190.171.141.82 - - [13/May/2019:10:17:18 -0300] "GET /cormun/servlet/trlicencias HTTP/1.1" 200 8482
190.171.141.82 - - [13/May/2019:10:17:19 -0300] "GET /cormun/servlet/trlicencias HTTP/1.1" 200 8480
190.171.141.138 - - [13/May/2019:10:17:22 -0300] "POST /cormun/servlet/prfichaempleado?dbc624e779651657a1449b6e0d9e04be,,MD,,gxPopupLevel%3D0%3B,gx-no-cache=1557753213435 HTTP/1.1" 200 6260
190.171.141.138 - - [13/May/2019:10:17:22 -0300] "GET /cormun/static/Resources/PXToolsGridNext.gif HTTP/1.1" 200 369
190.171.141.138 - - [13/May/2019:10:17:22 -0300] "GET /cormun/static/Resources/PXToolsGridLast.gif HTTP/1.1" 200 370
190.171.141.82 - - [13/May/2019:10:17:23 -0300] "POST /cormun/servlet/trlicencias?0c6341827104d8adee3771810f8b6982,gx-no-cache=1557753213523 HTTP/1.1" 200 4487
190.171.141.82 - - [13/May/2019:10:17:23 -0300] "GET /cormun/static/Shared/jqueryui/images/ui-bg_highlight-soft_100_c6c2c8_1x100.png HTTP/1.1" 404 1117
190.171.141.82 - - [13/May/2019:10:17:23 -0300] "GET /cormun/static/Shared/jqueryui/images/ui-icons_82798d_256x240.png HTTP/1.1" 404 1089
190.171.141.82 - - [13/May/2019:10:17:23 -0300] "GET /cormun/static/Shared/jqueryui/images/ui-icons_8d78a5_256x240.png HTTP/1.1" 404 1089
190.171.141.82 - - [13/May/2019:10:17:25 -0300] "GET /cormun/static/Shared/jqueryui/images/ui-bg_flat_55_fafafa_40x100.png HTTP/1.1" 404 1097
190.171.141.82 - - [13/May/2019:10:17:27 -0300] "GET /cormun/servlet/licenciaspermisos?INS,0,,, HTTP/1.1" 200 7884
190.171.141.82 - - [13/May/2019:10:17:27 -0300] "GET /cormun/servlet/licenciaspermisos?INS,0,,, HTTP/1.1" 200 7892
190.171.141.138 - - [13/May/2019:10:17:31 -0300] "GET /cormun/servlet/permisogoce?5230fd141502f71f4a0fc1ac248f752c03f8f6e3603fd522bc7af5638c79a884c6c93ca9be2af8f12b2cd775dac6d533,gx-no-cache=1557753222669 HTTP/1.1" 200 76
190.171.141.138 - - [13/May/2019:10:17:31 -0300] "GET /cormun/static/menuarrow.gif HTTP/1.1" 404 1015
190.171.141.138 - - [13/May/2019:10:17:35 -0300] "GET /cormun/servlet/permisogoce?5230fd141502f71f4a0fc1ac248f752cc2c4242e34999b787e3154d3765ab7026e6224446de3d765cb94d8cf33b969613afe37ded2ba302b1d6014da2ffa4bb5,gx-no-cache=1557753226903 HTTP/1.1" 200 47
190.171.141.138 - - [13/May/2019:10:17:38 -0300] "POST /cormun/servlet/permisogoce?dbc624e779651657a1449b6e0d9e04be,INS,0,,,,gx-no-cache=1557753228648 HTTP/1.1" 200 93
190.171.141.138 - - [13/May/2019:10:17:38 -0300] "GET /cormun/servlet/hpexe_return? HTTP/1.1" 200 1004
190.171.141.138 - - [13/May/2019:10:17:38 -0300] "GET /cormun/servlet/trpermisosgoce HTTP/1.1" 200 13221
190.171.141.138 - - [13/May/2019:10:17:39 -0300] "GET /cormun/servlet/trpermisosgoce HTTP/1.1" 200 13216
190.171.141.138 - - [13/May/2019:10:17:41 -0300] "GET /cormun/servlet/apermisogoceprn?9390855,P,20190513090759,PU HTTP/1.1" 200 1657
190.171.141.82 - - [13/May/2019:10:18:14 -0300] "GET /cormun/servlet/licenciaspermisos?486ab4a8edd94f8d7ef254eb01ef29026c9ac193a084c3a34f8665a84741fb7887006c7c692533bef2a8644cd7f54b24,gx-no-cache=1557753264710 HTTP/1.1" 200 88
190.171.141.82 - - [13/May/2019:10:18:14 -0300] "POST /cormun/servlet/licenciaspermisos?0c6341827104d8adee3771810f8b6982,INS,0,,,,gx-no-cache=1557753264968 HTTP/1.1" 200 4960
190.171.141.82 - - [13/May/2019:10:18:29 -0300] "GET /cormun/static/menuarrow.gif HTTP/1.1" 404 1015
190.171.141.82 - - [13/May/2019:10:18:54 -0300] "GET /cormun/servlet/licenciaspermisos?486ab4a8edd94f8d7ef254eb01ef2902f8ed41b3012567ae0574ae7127970f918d4a782445abde5ced32d6de753853bbcc9d51a84dcbbb4c79aa7db1c8d1f9c1fd76b289a41f47740778bee51859363f77d30fefb340bf41d6f416c218183224e90fd6d52c1174c02cd754cc782cc67c5d2356cd2a006e0a3b2b9bb0924564d40a6b778db1c8c72b5e3cf82fb617aabf533e3befb4a3ae58183f1594e47e74befe3078074f2fdebf6a4194e4fb96897a,gx-no-cache=1557753304555 HTTP/1.1" 200 30
190.171.141.82 - - [13/May/2019:10:18:54 -0300] "GET /cormun/servlet/licenciaspermisos?486ab4a8edd94f8d7ef254eb01ef29025282e7d76c80c22de67d82f9830a75d82bb60214eb196fb3c0fae6f3f91456ba3805371783ecd4e208f16f1ab9a6b1730e13677eb9750d3036560ae0cf7f0152aafeadca03eff3165a995f83f5e480d37911b0d4e9f56ceff190fff61ba9a5e643378bf5a20b0c5eb096ebf014fd00965ab57829727246b0f3ffe2367d9cb255f5ddb581d1790ef405f2daf8b66a01019f096fd9a345f30817196a178cd3478c,gx-no-cache=1557753304739 HTTP/1.1" 200 29
190.171.141.82 - - [13/May/2019:10:18:54 -0300] "POST /cormun/servlet/licenciaspermisos?0c6341827104d8adee3771810f8b6982,INS,0,,,,gx-no-cache=1557753304875 HTTP/1.1" 200 5082
190.171.141.82 - - [13/May/2019:10:18:54 -0300] "GET /cormun/static/Shared/jqueryui/images/ui-bg_flat_55_994d53_40x100.png HTTP/1.1" 404 1097
190.171.141.82 - - [13/May/2019:10:18:54 -0300] "GET /cormun/static/Shared/jqueryui/images/ui-icons_ebccce_256x240.png HTTP/1.1" 404 1089
190.171.141.82 - - [13/May/2019:10:18:57 -0300] "GET /cormun/servlet/licenciaspermisos?486ab4a8edd94f8d7ef254eb01ef29026c9ac193a084c3a34f8665a84741fb78ff06702206c5c64a96494dfa87a69180ad89da1c45c111834af80e78f231acbb238998312fa2d37a173458b242fd8e7de6eab7c57f849234e53759b45040edd50eb8fd1d1c553e1ecbc07aafc08749ccfbfba154953dfd9ace4b966dabc54199,gx-no-cache=1557753308103 HTTP/1.1" 200 88
190.171.141.82 - - [13/May/2019:10:18:57 -0300] "POST /cormun/servlet/licenciaspermisos?0c6341827104d8adee3771810f8b6982,INS,0,,,,gx-no-cache=1557753308177 HTTP/1.1" 200 5022
190.171.141.82 - - [13/May/2019:10:18:57 -0300] "GET /cormun/servlet/licenciaspermisos?486ab4a8edd94f8d7ef254eb01ef2902f8ed41b3012567ae0574ae7127970f918d4a782445abde5ced32d6de753853bbcc9d51a84dcbbb4c79aa7db1c8d1f9c1fd76b289a41f47740778bee51859363f77d30fefb340bf41d6f416c218183224e90fd6d52c1174c02cd754cc782cc67c5d2356cd2a006e0a3b2b9bb0924564d40a6b778db1c8c72b5e3cf82fb617aabf533e3befb4a3ae58183f1594e47e74befe3078074f2fdebf6a4194e4fb96897a,gx-no-cache=1557753308330 HTTP/1.1" 200 30
190.171.141.82 - - [13/May/2019:10:18:57 -0300] "GET /cormun/servlet/licenciaspermisos?486ab4a8edd94f8d7ef254eb01ef29025282e7d76c80c22de67d82f9830a75d82bb60214eb196fb3c0fae6f3f91456ba3805371783ecd4e208f16f1ab9a6b1730e13677eb9750d3036560ae0cf7f0152aafeadca03eff3165a995f83f5e480d37911b0d4e9f56ceff190fff61ba9a5e643378bf5a20b0c5eb096ebf014fd00965ab57829727246b0f3ffe2367d9cb255f5ddb581d1790ef405f2daf8b66a01019f096fd9a345f30817196a178cd3478c,gx-no-cache=1557753308398 HTTP/1.1" 200 29
190.171.141.82 - - [13/May/2019:10:18:58 -0300] "POST /cormun/servlet/licenciaspermisos?0c6341827104d8adee3771810f8b6982,INS,0,,,,gx-no-cache=1557753308476 HTTP/1.1" 200 5082
190.171.141.82 - - [13/May/2019:10:19:00 -0300] "GET /cormun/servlet/licenciaspermisos?486ab4a8edd94f8d7ef254eb01ef29026c9ac193a084c3a34f8665a84741fb78ff06702206c5c64a96494dfa87a69180ad89da1c45c111834af80e78f231acbb238998312fa2d37a173458b242fd8e7de6eab7c57f849234e53759b45040edd50eb8fd1d1c553e1ecbc07aafc08749ccfbfba154953dfd9ace4b966dabc54199,gx-no-cache=1557753311190 HTTP/1.1" 200 88
190.171.141.82 - - [13/May/2019:10:19:00 -0300] "POST /cormun/servlet/licenciaspermisos?0c6341827104d8adee3771810f8b6982,INS,0,,,,gx-no-cache=1557753311269 HTTP/1.1" 200 5022
190.171.141.82 - - [13/May/2019:10:19:01 -0300] "GET /cormun/servlet/licenciaspermisos?486ab4a8edd94f8d7ef254eb01ef2902f8ed41b3012567ae0574ae7127970f918d4a782445abde5ced32d6de753853bbcc9d51a84dcbbb4c79aa7db1c8d1f9c1fd76b289a41f47740778bee51859363f77d30fefb340bf41d6f416c218183224e90fd6d52c1174c02cd754cc782cc67c5d2356cd2a006e0a3b2b9bb0924564d40a6b778db1c8c72b5e3cf82fb617aabf533e3befb4a3ae58183f1594e47e74befe3078074f2fdebf6a4194e4fb96897a,gx-no-cache=1557753311468 HTTP/1.1" 200 30
190.171.141.82 - - [13/May/2019:10:19:01 -0300] "GET /cormun/servlet/licenciaspermisos?486ab4a8edd94f8d7ef254eb01ef29025282e7d76c80c22de67d82f9830a75d82bb60214eb196fb3c0fae6f3f91456ba3805371783ecd4e208f16f1ab9a6b1730e13677eb9750d3036560ae0cf7f0152aafeadca03eff3165a995f83f5e480d37911b0d4e9f56ceff190fff61ba9a5e643378bf5a20b0c5eb096ebf014fd00965ab57829727246b0f3ffe2367d9cb255f5ddb581d1790ef405f2daf8b66a01019f096fd9a345f30817196a178cd3478c,gx-no-cache=1557753311559 HTTP/1.1" 200 29
190.171.141.82 - - [13/May/2019:10:19:01 -0300] "POST /cormun/servlet/licenciaspermisos?0c6341827104d8adee3771810f8b6982,INS,0,,,,gx-no-cache=1557753311619 HTTP/1.1" 200 5082
190.171.141.138 - - [13/May/2019:10:19:09 -0300] "GET /cormun/servlet/hlogin HTTP/1.1" 200 1714
190.171.141.82 - - [13/May/2019:10:19:10 -0300] "GET /cormun/servlet/trlicencias? HTTP/1.1" 200 7280
190.171.141.82 - - [13/May/2019:10:19:10 -0300] "GET /cormun/servlet/trlicencias? HTTP/1.1" 200 7278
190.171.142.18 - - [13/May/2019:10:19:16 -0300] "GET /cormun/servlet/hlogin HTTP/1.1" 200 1725
190.171.142.18 - - [13/May/2019:10:19:16 -0300] "GET /cormun/static/messages.spa.js?85251 HTTP/1.1" 304 -
190.171.142.18 - - [13/May/2019:10:19:16 -0300] "GET /cormun/servlet/hlogin HTTP/1.1" 200 1731
190.171.142.18 - - [13/May/2019:10:19:18 -0300] "POST /cormun/servlet/hlogin?3b744914dadaa93dbe830153928051db,gx-no-cache=1557753530781 HTTP/1.1" 200 90
190.171.142.18 - - [13/May/2019:10:19:18 -0300] "GET /cormun/servlet/hpexe_link HTTP/1.1" 200 952
190.171.142.18 - - [13/May/2019:10:19:18 -0300] "GET /cormun/servlet/hhome HTTP/1.1" 200 4340
190.171.142.18 - - [13/May/2019:10:19:19 -0300] "GET /cormun/static/hmpwkw03.js?20189613443875 HTTP/1.1" 304 -
190.171.142.18 - - [13/May/2019:10:19:19 -0300] "GET /cormun/servlet/hhome HTTP/1.1" 200 4336
190.171.141.82 - - [13/May/2019:10:19:23 -0300] "GET /cormun/servlet/trlicencias? HTTP/1.1" 200 7278
190.171.141.82 - - [13/May/2019:10:19:24 -0300] "GET /cormun/servlet/trlicencias? HTTP/1.1" 200 7278
190.171.141.82 - - [13/May/2019:10:19:25 -0300] "GET /cormun/servlet/licenciaspermisos?INS,0,,, HTTP/1.1" 200 7884
190.171.142.18 - - [13/May/2019:10:19:26 -0300] "GET /cormun/servlet/trsolicitudot? HTTP/1.1" 200 7555
190.171.141.82 - - [13/May/2019:10:19:26 -0300] "GET /cormun/servlet/licenciaspermisos?INS,0,,, HTTP/1.1" 200 7892
190.171.142.18 - - [13/May/2019:10:19:26 -0300] "GET /cormun/servlet/trsolicitudot? HTTP/1.1" 200 7553
190.171.142.18 - - [13/May/2019:10:19:29 -0300] "GET /cormun/servlet/solicitudot?INS,0,0, HTTP/1.1" 200 15331
190.171.142.18 - - [13/May/2019:10:19:29 -0300] "GET /cormun/static/solicitudot.js?20189101114718 HTTP/1.1" 304 -
190.171.142.18 - - [13/May/2019:10:19:29 -0300] "GET /cormun/servlet/solicitudot?INS,0,0, HTTP/1.1" 200 15336
190.171.142.18 - - [13/May/2019:10:19:32 -0300] "POST /cormun/servlet/solicitudot?gx-no-cache=1557753544427 HTTP/1.1" 200 3516
190.171.142.18 - - [13/May/2019:10:19:32 -0300] "GET /cormun/static/Shared/jqueryui/images/ui-icons_82798d_256x240.png HTTP/1.1" 404 1089
190.171.142.18 - - [13/May/2019:10:19:32 -0300] "GET /cormun/static/Shared/jqueryui/images/ui-icons_ebccce_256x240.png HTTP/1.1" 404 1089
190.171.142.18 - - [13/May/2019:10:19:32 -0300] "GET /cormun/static/Shared/jqueryui/images/ui-bg_highlight-soft_100_c6c2c8_1x100.png HTTP/1.1" 404 1117
190.171.142.18 - - [13/May/2019:10:19:32 -0300] "GET /cormun/static/Shared/jqueryui/images/ui-bg_flat_55_994d53_40x100.png HTTP/1.1" 404 1097
