186.103.158.250 - - [08/May/2019:11:36:49 -0300] "GET /cormun/static/treventos.js?201610171620222 HTTP/1.1" 200 16064
186.103.158.250 - - [08/May/2019:11:36:50 -0300] "GET /cormun/servlet/treventos?2019,15534, HTTP/1.1" 200 6371
186.103.158.250 - - [08/May/2019:11:36:53 -0300] "GET /cormun/servlet/trautorizarsolicitud? HTTP/1.1" 200 7422
186.103.158.250 - - [08/May/2019:11:36:54 -0300] "GET /cormun/servlet/trautorizarsolicitud? HTTP/1.1" 200 7412
190.171.149.82 - - [08/May/2019:11:36:56 -0300] "GET /cormun/servlet/solicitudotadjuntos?911dee43adba4aff2a54c979d6f0a713ce6c432a473efea7f3e2f9b0543275a3383b5dc7578fb8174ba89bcc24de8a15,gx-no-cache=1557325993269 HTTP/1.1" 200 30
186.103.158.250 - - [08/May/2019:11:36:59 -0300] "GET /cormun/servlet/trsolicitudot? HTTP/1.1" 200 8906
186.103.158.250 - - [08/May/2019:11:37:00 -0300] "GET /cormun/servlet/trsolicitudot? HTTP/1.1" 200 8905
186.103.158.250 - - [08/May/2019:11:37:07 -0300] "POST /cormun/servlet/trsolicitudot?6a510be696f890ec23127eb5aa737852,,gx-no-cache=1557325998940 HTTP/1.1" 200 4773
186.103.158.250 - - [08/May/2019:11:37:07 -0300] "GET /cormun/static/Shared/jqueryui/images/ui-bg_highlight-soft_100_c6c2c8_1x100.png HTTP/1.1" 404 1117
186.103.158.250 - - [08/May/2019:11:37:07 -0300] "GET /cormun/static/Shared/jqueryui/images/ui-icons_82798d_256x240.png HTTP/1.1" 404 1089
186.103.158.250 - - [08/May/2019:11:37:07 -0300] "GET /cormun/static/Shared/jqueryui/images/ui-bg_flat_55_fafafa_40x100.png HTTP/1.1" 404 1097
186.103.158.250 - - [08/May/2019:11:37:07 -0300] "GET /cormun/static/Shared/jqueryui/images/ui-icons_8d78a5_256x240.png HTTP/1.1" 404 1089
186.103.158.250 - - [08/May/2019:11:37:07 -0300] "POST /cormun/servlet/trsolicitudot?6a510be696f890ec23127eb5aa737852,,gx-no-cache=1557325999545 HTTP/1.1" 200 4533
190.171.149.82 - - [08/May/2019:11:37:09 -0300] "POST /cormun/servlet/solicitudotadjuntos?b3619238cf5a50cc1d4c00927b338299,INS,2019,15533,,1, HTTP/1.1" 200 6610
190.171.149.82 - - [08/May/2019:11:37:09 -0300] "GET /home/sistema/apache-tomcat-7.0.65/webapps/cormun/PrivateTempStorage/upload_00031995.pdf HTTP/1.1" 404 1135
186.103.158.250 - - [08/May/2019:11:37:13 -0300] "GET /cormun/servlet/trautorizarsolicitud? HTTP/1.1" 200 8800
186.103.158.250 - - [08/May/2019:11:37:14 -0300] "GET /cormun/servlet/trautorizarsolicitud? HTTP/1.1" 200 8802
190.171.149.82 - - [08/May/2019:11:37:16 -0300] "GET /cormun/PrivateTempStorage/upload_00031995.pdf HTTP/1.1" 200 1783618
190.171.149.82 - - [08/May/2019:11:37:22 -0300] "POST /cormun/servlet/solicitudotadjuntos?b3619238cf5a50cc1d4c00927b338299,INS,2019,15533,,1, HTTP/1.1" 200 116
190.171.149.82 - - [08/May/2019:11:37:22 -0300] "GET /cormun/servlet/hpexe_return? HTTP/1.1" 200 1022
186.103.158.250 - - [08/May/2019:11:37:23 -0300] "POST /cormun/servlet/trautorizarsolicitud?6a510be696f890ec23127eb5aa737852,,gx-no-cache=1557326014614 HTTP/1.1" 200 4703
190.171.149.82 - - [08/May/2019:11:37:23 -0300] "GET /cormun/servlet/trsolicitudadjuntos?2019,15533, HTTP/1.1" 200 9679
186.103.158.250 - - [08/May/2019:11:37:24 -0300] "POST /cormun/servlet/trautorizarsolicitud?6a510be696f890ec23127eb5aa737852,,gx-no-cache=1557326015181 HTTP/1.1" 200 4463
190.171.149.82 - - [08/May/2019:11:37:24 -0300] "GET /cormun/servlet/trsolicitudadjuntos?2019,15533, HTTP/1.1" 200 9675
190.171.149.82 - - [08/May/2019:11:37:26 -0300] "GET /cormun/servlet/solicitudotadjuntos?INS,2019,15533,,2, HTTP/1.1" 200 6326
190.171.149.82 - - [08/May/2019:11:37:27 -0300] "GET /cormun/static/about:blank HTTP/1.1" 404 1011
190.171.149.82 - - [08/May/2019:11:37:27 -0300] "GET /cormun/servlet/solicitudotadjuntos?INS,2019,15533,,2, HTTP/1.1" 200 6319
190.171.149.82 - - [08/May/2019:11:37:27 -0300] "GET /cormun/servlet/solicitudotadjuntos?911dee43adba4aff2a54c979d6f0a713270769ffad9d140d0e23a72349b2c48183a249fcdeaf303ce140e6c75ad93c77,gx-no-cache=1557326024139 HTTP/1.1" 200 30
190.171.149.82 - - [08/May/2019:11:37:27 -0300] "POST /cormun/servlet/solicitudotadjuntos?b3619238cf5a50cc1d4c00927b338299,INS,2019,15533,,2,,gx-no-cache=1557326024237 HTTP/1.1" 200 4234
190.171.149.82 - - [08/May/2019:11:37:29 -0300] "POST /cormun/servlet/solicitudotadjuntos?gx-no-cache=1557326025768 HTTP/1.1" 200 26
200.111.191.210 - - [08/May/2019:11:37:31 -0300] "GET /cormun/servlet/trlicencias? HTTP/1.1" 200 8694
200.111.191.210 - - [08/May/2019:11:37:31 -0300] "GET /cormun/servlet/hlogin HTTP/1.1" 200 1732
200.111.191.210 - - [08/May/2019:11:37:31 -0300] "GET /cormun/servlet/trlicencias? HTTP/1.1" 200 8687
190.171.149.82 - - [08/May/2019:11:37:38 -0300] "GET /cormun/servlet/solicitudotadjuntos?911dee43adba4aff2a54c979d6f0a713f01062831938e71ecf00a9ad54b8f273,gx-no-cache=1557326034715 HTTP/1.1" 200 30
190.171.149.82 - - [08/May/2019:11:37:38 -0300] "GET /cormun/servlet/solicitudotadjuntos?911dee43adba4aff2a54c979d6f0a713f01062831938e71ecf00a9ad54b8f273,gx-no-cache=1557326034818 HTTP/1.1" 200 30
190.171.149.82 - - [08/May/2019:11:37:51 -0300] "POST /cormun/servlet/solicitudotadjuntos?b3619238cf5a50cc1d4c00927b338299,INS,2019,15533,,2, HTTP/1.1" 200 6633
190.171.149.82 - - [08/May/2019:11:37:51 -0300] "GET /home/sistema/apache-tomcat-7.0.65/webapps/cormun/PrivateTempStorage/upload_00032019.pdf HTTP/1.1" 404 1135
190.171.149.82 - - [08/May/2019:11:37:58 -0300] "GET /cormun/PrivateTempStorage/upload_00032019.pdf HTTP/1.1" 200 1783618
190.171.149.82 - - [08/May/2019:11:38:12 -0300] "POST /cormun/servlet/solicitudotadjuntos?b3619238cf5a50cc1d4c00927b338299,INS,2019,15533,,2, HTTP/1.1" 200 116
190.171.149.82 - - [08/May/2019:11:38:12 -0300] "GET /cormun/servlet/hpexe_return? HTTP/1.1" 200 1022
190.171.149.82 - - [08/May/2019:11:38:13 -0300] "GET /cormun/servlet/trsolicitudadjuntos?2019,15533, HTTP/1.1" 200 9676
190.171.149.82 - - [08/May/2019:11:38:14 -0300] "GET /cormun/servlet/trsolicitudadjuntos?2019,15533, HTTP/1.1" 200 9677
200.111.191.210 - - [08/May/2019:11:38:22 -0300] "POST /cormun/servlet/hlogin?039bae32f205b1608ed031d64b8c7b3f,gx-no-cache=1557326158024 HTTP/1.1" 200 90
200.111.191.210 - - [08/May/2019:11:38:22 -0300] "GET /cormun/servlet/hpexe_link HTTP/1.1" 200 951
200.111.191.210 - - [08/May/2019:11:38:23 -0300] "GET /cormun/servlet/trlicencias HTTP/1.1" 200 15071
200.111.191.210 - - [08/May/2019:11:38:23 -0300] "GET /cormun/servlet/trlicencias HTTP/1.1" 200 15067
200.111.191.210 - - [08/May/2019:11:38:26 -0300] "GET /cormun/servlet/trlicenciaspermisosadjuntos?17137508,20190508000000,L, HTTP/1.1" 200 6382
200.111.191.210 - - [08/May/2019:11:38:26 -0300] "GET /cormun/servlet/trlicenciaspermisosadjuntos?17137508,20190508000000,L, HTTP/1.1" 200 6382
190.171.149.82 - - [08/May/2019:11:38:36 -0300] "GET /cormun/servlet/trsolicitudot? HTTP/1.1" 200 8873
190.171.149.82 - - [08/May/2019:11:38:36 -0300] "GET /cormun/servlet/trsolicitudot? HTTP/1.1" 200 8866
190.171.149.82 - - [08/May/2019:11:38:47 -0300] "GET /cormun/servlet/treventos?2019,15533, HTTP/1.1" 200 6348
190.171.149.82 - - [08/May/2019:11:38:48 -0300] "GET /cormun/static/gxcfg.js?2016101716195975 HTTP/1.1" 200 953
190.171.149.82 - - [08/May/2019:11:38:48 -0300] "GET /cormun/static/treventos.js?201610171620222 HTTP/1.1" 200 16064
190.171.149.82 - - [08/May/2019:11:38:48 -0300] "GET /cormun/servlet/treventos?2019,15533, HTTP/1.1" 200 6348
190.171.149.82 - - [08/May/2019:11:38:54 -0300] "GET /cormun/servlet/trsolicitudot? HTTP/1.1" 200 8867
190.171.149.82 - - [08/May/2019:11:38:55 -0300] "GET /cormun/servlet/trsolicitudot? HTTP/1.1" 200 8866
190.171.149.82 - - [08/May/2019:11:38:59 -0300] "POST /cormun/servlet/trsolicitudot?b3619238cf5a50cc1d4c00927b338299,,gx-no-cache=1557326115272 HTTP/1.1" 200 6111
190.171.149.82 - - [08/May/2019:11:39:00 -0300] "GET /cormun/static/Shared/jqueryui/images/ui-icons_8d78a5_256x240.png HTTP/1.1" 404 1089
190.171.149.82 - - [08/May/2019:11:39:00 -0300] "GET /cormun/static/Shared/jqueryui/images/ui-bg_flat_55_fafafa_40x100.png HTTP/1.1" 404 1097
190.171.149.82 - - [08/May/2019:11:39:12 -0300] "POST /cormun/servlet/trsolicitudot?b3619238cf5a50cc1d4c00927b338299,,gx-no-cache=1557326128438 HTTP/1.1" 200 6111
190.171.149.82 - - [08/May/2019:11:39:24 -0300] "POST /cormun/servlet/trsolicitudot?b3619238cf5a50cc1d4c00927b338299,,gx-no-cache=1557326140238 HTTP/1.1" 200 107
190.171.149.82 - - [08/May/2019:11:39:25 -0300] "GET /cormun/servlet/trsolicitudadjuntos?2019,15533, HTTP/1.1" 200 9674
190.171.149.82 - - [08/May/2019:11:39:26 -0300] "GET /cormun/servlet/trsolicitudadjuntos?2019,15533, HTTP/1.1" 200 9678
190.171.149.82 - - [08/May/2019:11:39:33 -0300] "GET /cormun/servlet/solicitudotadjuntos?DLT,2019,15533,CERTIF1,0, HTTP/1.1" 200 6332
190.171.149.82 - - [08/May/2019:11:39:34 -0300] "GET /cormun/servlet/solicitudotadjuntos?DLT,2019,15533,CERTIF1,0, HTTP/1.1" 200 6327
190.171.149.82 - - [08/May/2019:11:39:35 -0300] "GET /cormun/PublicTempStorage/certificado_titulo_mario_valladares512136.pdf HTTP/1.1" 200 1819965
190.171.149.82 - - [08/May/2019:11:39:44 -0300] "GET /cormun/servlet/trsolicitudot? HTTP/1.1" 200 8886
190.171.149.82 - - [08/May/2019:11:39:45 -0300] "GET /cormun/servlet/trsolicitudot? HTTP/1.1" 200 8866
190.171.149.82 - - [08/May/2019:11:39:47 -0300] "POST /cormun/servlet/trsolicitudot?b3619238cf5a50cc1d4c00927b338299,,gx-no-cache=1557326164086 HTTP/1.1" 200 107
190.171.149.82 - - [08/May/2019:11:39:48 -0300] "GET /cormun/servlet/trsolicitudadjuntos?2019,15533, HTTP/1.1" 200 9673
190.171.149.82 - - [08/May/2019:11:39:49 -0300] "GET /cormun/servlet/trsolicitudadjuntos?2019,15533, HTTP/1.1" 200 9678
186.67.172.234 - - [08/May/2019:11:39:49 -0300] "GET /cormun/servlet/trlicencias HTTP/1.1" 200 8678
186.67.172.234 - - [08/May/2019:11:39:50 -0300] "GET /cormun/servlet/hlogin HTTP/1.1" 200 1734
186.67.172.234 - - [08/May/2019:11:39:51 -0300] "GET /cormun/servlet/trlicencias HTTP/1.1" 200 8688
190.171.149.82 - - [08/May/2019:11:39:53 -0300] "GET /cormun/servlet/solicitudotadjuntos?INS,2019,15533,,1, HTTP/1.1" 200 6327
190.171.149.82 - - [08/May/2019:11:39:53 -0300] "GET /cormun/static/about:blank HTTP/1.1" 404 1011
190.171.149.82 - - [08/May/2019:11:39:53 -0300] "GET /cormun/servlet/solicitudotadjuntos?INS,2019,15533,,1, HTTP/1.1" 200 6320
190.171.149.82 - - [08/May/2019:11:39:53 -0300] "GET /cormun/servlet/solicitudotadjuntos?911dee43adba4aff2a54c979d6f0a713270769ffad9d140d0e23a72349b2c48183a249fcdeaf303ce140e6c75ad93c77,gx-no-cache=1557326170268 HTTP/1.1" 200 30
190.171.149.82 - - [08/May/2019:11:39:54 -0300] "POST /cormun/servlet/solicitudotadjuntos?b3619238cf5a50cc1d4c00927b338299,INS,2019,15533,,1,,gx-no-cache=1557326170399 HTTP/1.1" 200 4091
190.171.149.82 - - [08/May/2019:11:39:58 -0300] "POST /cormun/servlet/solicitudotadjuntos?gx-no-cache=1557326174065 HTTP/1.1" 200 26
186.67.172.234 - - [08/May/2019:11:39:59 -0300] "POST /cormun/servlet/hlogin?2abd6c5a33574cbbde3f9e892751e325,gx-no-cache=1557322574219 HTTP/1.1" 200 90
186.67.172.234 - - [08/May/2019:11:39:59 -0300] "GET /cormun/servlet/hpexe_link HTTP/1.1" 200 951
186.67.172.234 - - [08/May/2019:11:40:00 -0300] "GET /cormun/servlet/trlicencias HTTP/1.1" 200 13468
186.67.172.234 - - [08/May/2019:11:40:00 -0300] "GET /cormun/servlet/trlicencias HTTP/1.1" 200 13466
200.111.191.210 - - [08/May/2019:11:40:05 -0300] "GET /cormun/servlet/licenciaspermisosadjuntos?INS,17137508,L,20190508000000,, HTTP/1.1" 200 5681
190.171.149.82 - - [08/May/2019:11:40:05 -0300] "GET /cormun/servlet/solicitudotadjuntos?911dee43adba4aff2a54c979d6f0a713f01062831938e71ecf00a9ad54b8f273,gx-no-cache=1557326181888 HTTP/1.1" 200 30
200.111.191.210 - - [08/May/2019:11:40:05 -0300] "GET /cormun/static/about:blank HTTP/1.1" 404 1011
190.171.149.82 - - [08/May/2019:11:40:05 -0300] "GET /cormun/servlet/solicitudotadjuntos?911dee43adba4aff2a54c979d6f0a713f01062831938e71ecf00a9ad54b8f273,gx-no-cache=1557326182002 HTTP/1.1" 200 30
200.111.191.210 - - [08/May/2019:11:40:05 -0300] "GET /cormun/servlet/licenciaspermisosadjuntos?INS,17137508,L,20190508000000,, HTTP/1.1" 200 5671
190.171.149.82 - - [08/May/2019:11:40:23 -0300] "POST /cormun/servlet/solicitudotadjuntos?b3619238cf5a50cc1d4c00927b338299,INS,2019,15533,,1, HTTP/1.1" 200 116
190.171.149.82 - - [08/May/2019:11:40:23 -0300] "GET /cormun/servlet/hpexe_return? HTTP/1.1" 200 1022
200.111.191.210 - - [08/May/2019:11:40:24 -0300] "POST /cormun/servlet/licenciaspermisosadjuntos?039bae32f205b1608ed031d64b8c7b3f,INS,17137508,L,20190508000000,, HTTP/1.1" 200 116
200.111.191.210 - - [08/May/2019:11:40:24 -0300] "GET /cormun/servlet/hpexe_return? HTTP/1.1" 200 1038
190.171.149.82 - - [08/May/2019:11:40:24 -0300] "GET /cormun/servlet/trsolicitudadjuntos?2019,15533, HTTP/1.1" 200 9912
200.111.191.210 - - [08/May/2019:11:40:24 -0300] "GET /cormun/servlet/trlicenciaspermisosadjuntos?17137508,20190508000000,L, HTTP/1.1" 200 6842
200.111.191.210 - - [08/May/2019:11:40:25 -0300] "GET /cormun/servlet/trlicenciaspermisosadjuntos?17137508,20190508000000,L, HTTP/1.1" 200 6840
190.171.149.82 - - [08/May/2019:11:40:25 -0300] "GET /cormun/servlet/trsolicitudadjuntos?2019,15533, HTTP/1.1" 200 9913
190.171.149.82 - - [08/May/2019:11:40:31 -0300] "GET /cormun/servlet/trsolicitudot? HTTP/1.1" 200 8873
190.171.149.82 - - [08/May/2019:11:40:31 -0300] "GET /cormun/servlet/trsolicitudot? HTTP/1.1" 200 8866
190.171.149.82 - - [08/May/2019:11:40:36 -0300] "POST /cormun/servlet/trsolicitudot?b3619238cf5a50cc1d4c00927b338299,,gx-no-cache=1557326211450 HTTP/1.1" 200 6048
186.67.172.234 - - [08/May/2019:11:46:03 -0300] "GET /cormun/servlet/hlogin HTTP/1.1" 200 1734
190.171.141.106 - - [08/May/2019:11:47:20 -0300] "GET /cormun/servlet/hlogin HTTP/1.1" 200 1718
190.171.141.106 - - [08/May/2019:11:47:20 -0300] "GET /cormun/servlet/hlogin HTTP/1.1" 200 1726
190.171.141.106 - - [08/May/2019:11:47:22 -0300] "GET /cormun/servlet/hlogin HTTP/1.1" 200 1729
190.171.141.106 - - [08/May/2019:11:47:23 -0300] "POST /cormun/servlet/hlogin?52dcb08272eddf801094187784ebe480,gx-no-cache=1557323014137 HTTP/1.1" 200 90
190.171.141.106 - - [08/May/2019:11:47:23 -0300] "GET /cormun/servlet/hpexe_link HTTP/1.1" 200 949
190.171.141.106 - - [08/May/2019:11:47:24 -0300] "GET /cormun/servlet/hhome HTTP/1.1" 200 3998
190.171.141.106 - - [08/May/2019:11:47:26 -0300] "GET /cormun/servlet/hhome HTTP/1.1" 200 3995
190.171.141.106 - - [08/May/2019:11:47:31 -0300] "GET /cormun/servlet/trlicencias? HTTP/1.1" 200 8345
190.171.141.106 - - [08/May/2019:11:47:33 -0300] "GET /cormun/servlet/trlicencias? HTTP/1.1" 200 8342
190.171.149.74 - - [08/May/2019:11:49:06 -0300] "GET /cormun/servlet/trsolicitudot? HTTP/1.1" 200 6415
190.171.149.74 - - [08/May/2019:11:49:09 -0300] "GET /cormun/servlet/trsolicitudot? HTTP/1.1" 200 6412
190.171.149.74 - - [08/May/2019:11:49:10 -0300] "GET /cormun/servlet/hlogin HTTP/1.1" 200 1736
190.171.149.74 - - [08/May/2019:11:49:17 -0300] "POST /cormun/servlet/hlogin?a75847d05463b3d891e6ac2e8ac45da1,gx-no-cache=1557323128953 HTTP/1.1" 200 90
190.171.149.74 - - [08/May/2019:11:49:17 -0300] "GET /cormun/servlet/hpexe_link HTTP/1.1" 200 954
190.171.149.74 - - [08/May/2019:11:49:18 -0300] "GET /cormun/servlet/trsolicitudot HTTP/1.1" 200 7102
190.171.149.74 - - [08/May/2019:11:49:20 -0300] "GET /cormun/servlet/trsolicitudot HTTP/1.1" 200 7098
186.103.159.188 - - [08/May/2019:11:49:25 -0300] "GET /cormun/servlet/trpermisosgoce? HTTP/1.1" 200 10178
186.103.159.188 - - [08/May/2019:11:49:25 -0300] "GET /cormun/static/gxui/gxui-all.css?110300 HTTP/1.1" 200 2179
186.103.159.188 - - [08/May/2019:11:49:25 -0300] "GET /cormun/static/calendar-system.css?75620 HTTP/1.1" 200 5572
186.103.159.188 - - [08/May/2019:11:49:25 -0300] "GET /cormun/static/gxcfg.js?20177612163875 HTTP/1.1" 200 953
186.103.159.188 - - [08/May/2019:11:49:25 -0300] "GET /cormun/static/calendar-setup.js?85251 HTTP/1.1" 200 2588
186.103.159.188 - - [08/May/2019:11:49:26 -0300] "GET /cormun/static/calendar.js?85251 HTTP/1.1" 200 26246
186.103.159.188 - - [08/May/2019:11:49:26 -0300] "GET /cormun/static/Resources/PXTools/calendar.png HTTP/1.1" 200 1306
186.103.159.188 - - [08/May/2019:11:49:26 -0300] "GET /cormun/static/Shared/ext/resources/css/ext-all.css?205870 HTTP/1.1" 200 416045
186.103.159.188 - - [08/May/2019:11:49:26 -0300] "GET /cormun/static/calendar-es.js?85251 HTTP/1.1" 200 1901
186.103.159.188 - - [08/May/2019:11:49:26 -0300] "GET /cormun/static/Resources/PXToolsDataSearch.png HTTP/1.1" 200 419
190.171.149.74 - - [08/May/2019:11:49:26 -0300] "GET /cormun/servlet/solicitudot?INS,0,0, HTTP/1.1" 200 15050
186.103.159.188 - - [08/May/2019:11:49:26 -0300] "GET /cormun/static/trpermisosgoce.js?20177612164335 HTTP/1.1" 200 35904
186.103.159.188 - - [08/May/2019:11:49:27 -0300] "GET /cormun/static/Resources/PXToolsGridPreviousDisabled.gif HTTP/1.1" 200 90
186.103.159.188 - - [08/May/2019:11:49:27 -0300] "GET /cormun/static/Resources/PXToolsGridNextDisabled.gif HTTP/1.1" 200 90
186.103.159.188 - - [08/May/2019:11:49:27 -0300] "GET /cormun/static/Resources/PXToolsGridFirstDisabled.gif HTTP/1.1" 200 100
186.103.159.188 - - [08/May/2019:11:49:27 -0300] "GET /cormun/static/Resources/PXToolsGridLastDisabled.gif HTTP/1.1" 200 98
186.103.159.188 - - [08/May/2019:11:49:27 -0300] "GET /cormun/static/Resources/PXToolsActionExcel.png HTTP/1.1" 200 3187
186.103.159.188 - - [08/May/2019:11:49:27 -0300] "GET /cormun/static/Resources/PXToolsGridNew.png HTTP/1.1" 200 2949
186.103.159.188 - - [08/May/2019:11:49:27 -0300] "GET /cormun/static/Resources/PXToolsGridPage.gif HTTP/1.1" 200 725
190.171.149.74 - - [08/May/2019:11:49:27 -0300] "GET /cormun/static/gxcfg.js?20189101114418 HTTP/1.1" 200 953
186.103.159.188 - - [08/May/2019:11:49:27 -0300] "GET /cormun/static/gxdec.js?85251 HTTP/1.1" 200 19579
190.171.149.74 - - [08/May/2019:11:49:27 -0300] "GET /cormun/static/Resources/prompt.gif HTTP/1.1" 200 902
190.171.149.74 - - [08/May/2019:11:49:27 -0300] "GET /cormun/static/solicitudot.js?20189101114718 HTTP/1.1" 200 71883
186.103.159.188 - - [08/May/2019:11:49:27 -0300] "GET /cormun/static/Resources/desc.gif HTTP/1.1" 200 65
186.103.159.188 - - [08/May/2019:11:49:27 -0300] "GET /cormun//static/Resources/PXToolsGridUpdate.png HTTP/1.1" 200 2984
186.103.159.188 - - [08/May/2019:11:49:27 -0300] "GET /cormun//static/Resources/PXToolsGridDisplay.png HTTP/1.1" 200 362
186.103.159.188 - - [08/May/2019:11:49:27 -0300] "GET /cormun/static/Resources/asc.gif HTTP/1.1" 200 67
186.103.159.188 - - [08/May/2019:11:49:27 -0300] "GET /cormun/servlet/trpermisosgoce? HTTP/1.1" 200 10176
186.103.159.188 - - [08/May/2019:11:49:27 -0300] "GET /cormun//static/Resources/PXToolsGridDelete.png HTTP/1.1" 200 357
186.103.159.188 - - [08/May/2019:11:49:27 -0300] "GET /cormun//static/Resources/PXToolsActionPrint.png HTTP/1.1" 200 3317
186.103.159.188 - - [08/May/2019:11:49:27 -0300] "GET /cormun//static/Resources/PXToolsHeaderHelp.png HTTP/1.1" 200 4055
186.103.159.188 - - [08/May/2019:11:49:27 -0300] "GET /cormun//static/Resources/PXToolsHeaderFavorites.png HTTP/1.1" 200 2744
186.103.159.188 - - [08/May/2019:11:49:27 -0300] "GET /cormun/static/Shared/ext/resources/themes/images/default/tools/tool-sprites.gif HTTP/1.1" 200 5434
186.103.159.188 - - [08/May/2019:11:49:27 -0300] "GET /cormun//static/Resources/PXTools/ActionInsert.png HTTP/1.1" 200 1482
186.103.159.188 - - [08/May/2019:11:49:28 -0300] "GET /cormun/static/Shared/ext/resources/themes/images/default/panel/bg-headersPanel.png HTTP/1.1" 200 255
190.171.149.74 - - [08/May/2019:11:49:29 -0300] "GET /cormun/servlet/solicitudot?INS,0,0, HTTP/1.1" 200 15054
186.103.159.188 - - [08/May/2019:11:49:31 -0300] "GET /cormun/servlet/permisogoce?INS,0,,, HTTP/1.1" 200 6886
186.103.159.188 - - [08/May/2019:11:49:31 -0300] "GET /cormun/static/gxcfg.js?201776126440 HTTP/1.1" 200 953
186.103.159.188 - - [08/May/2019:11:49:31 -0300] "GET /cormun/static/Resources/prompt.gif HTTP/1.1" 200 902
186.103.159.188 - - [08/May/2019:11:49:31 -0300] "GET /cormun/static/permisogoce.js?2017761264459 HTTP/1.1" 200 27897
186.103.159.188 - - [08/May/2019:11:49:32 -0300] "GET /cormun/servlet/permisogoce?INS,0,,, HTTP/1.1" 200 6885
186.103.159.188 - - [08/May/2019:11:49:37 -0300] "GET /cormun/servlet/permisogoce?ffc99fbb02faa83efb4420d19a519f1b5cf690711cf069df5856765fa0e011e99a591dc2c34315f940868ce0ecd01397,gx-no-cache=1557326750546 HTTP/1.1" 200 78
186.103.159.188 - - [08/May/2019:11:49:41 -0300] "GET /cormun/static/menuarrow.gif HTTP/1.1" 404 1015
190.171.149.74 - - [08/May/2019:11:49:43 -0300] "POST /cormun/servlet/solicitudot?gx-no-cache=1557323154262 HTTP/1.1" 200 3579
190.171.149.74 - - [08/May/2019:11:49:44 -0300] "POST /cormun/servlet/solicitudot?a75847d05463b3d891e6ac2e8ac45da1,INS,0,0,,gx-no-cache=1557323155896 HTTP/1.1" 200 11832
186.103.159.188 - - [08/May/2019:11:49:47 -0300] "GET /cormun/servlet/permisogoce?ffc99fbb02faa83efb4420d19a519f1b3903254459638b32839004320cf57fc4480c74abca64f8572e6d6f871541b3421e359216f759bc3b1d364f99cb3789b9,gx-no-cache=1557326759981 HTTP/1.1" 200 47
186.103.159.188 - - [08/May/2019:11:49:51 -0300] "POST /cormun/servlet/permisogoce?3b6e98a114ef61bea6eb61e4588d1193,INS,0,,,,gx-no-cache=1557326762671 HTTP/1.1" 200 93
186.103.159.188 - - [08/May/2019:11:49:51 -0300] "GET /cormun/servlet/hpexe_return? HTTP/1.1" 200 1014
186.103.159.188 - - [08/May/2019:11:49:51 -0300] "GET /cormun/static/gxcfg.js?2016101716175148 HTTP/1.1" 200 953
186.103.159.188 - - [08/May/2019:11:49:51 -0300] "GET /cormun/static/hpexe_return.js?2016101716175153 HTTP/1.1" 200 1633
186.103.159.188 - - [08/May/2019:11:49:51 -0300] "GET /cormun/static/Resources/Spanish/PXTools.css?167811 HTTP/1.1" 200 89042
186.103.159.188 - - [08/May/2019:11:49:52 -0300] "GET /cormun/servlet/trpermisosgoce HTTP/1.1" 200 10447
186.103.159.188 - - [08/May/2019:11:49:52 -0300] "GET /cormun/servlet/trpermisosgoce HTTP/1.1" 200 10443
186.103.159.188 - - [08/May/2019:11:49:55 -0300] "GET /cormun/servlet/apermisogoceprn?6754365,P,20190508124241,PU HTTP/1.1" 200 1651
190.171.149.74 - - [08/May/2019:11:49:57 -0300] "GET /cormun/servlet/solicitudot?c71b0239bd119fbb1e0311781d81d140cf568a4d5da096f923106de2fb41b216f727128c6b16fad3a44e6cbffe27a99a,gx-no-cache=1557323169455 HTTP/1.1" 200 30
190.171.149.74 - - [08/May/2019:11:51:21 -0300] "GET /cormun/servlet/solicitudot?c71b0239bd119fbb1e0311781d81d14014db9a2f7b1ab0284beef8fc407a1515f2b6d506736466ffb0279bd4417874605e29f3fdfbda7a138831f8a7dc85e466,gx-no-cache=1557323252887 HTTP/1.1" 200 30
190.171.149.74 - - [08/May/2019:11:51:21 -0300] "GET /cormun/servlet/solicitudot?c71b0239bd119fbb1e0311781d81d1406069327ddc2d9d5cdd45ae0188f4e607,gx-no-cache=1557323253142 HTTP/1.1" 200 53
190.171.149.74 - - [08/May/2019:11:51:21 -0300] "POST /cormun/servlet/solicitudot?gx-no-cache=1557323253318 HTTP/1.1" 200 297
190.171.149.74 - - [08/May/2019:11:51:21 -0300] "GET /cormun/servlet/solicitudot?c71b0239bd119fbb1e0311781d81d1407d64eb76f1f90f02bb0f535e8aaf4f471311f1bc2f006148b73a7033d677e0c57615d50a5dcefd5019cd736ca0f5af84f4f73ed46347655da06520d5344c05c0d4173d970c75bf4e66c1409fa21822884f973ab2da76493dea5f431faa8b187d3a140e588c7429ee8d2e83cd3709ef7b5177de1da80ca31b49d0ca29cf4c3488353601a9f9980bd4d04f695b99c75b30f14b650bd417b7a828315f221370f4a34acda55f192efb1bb5c18acd878e8f5a9171a36683c83a6cfe8062a0e8f3e5054b33c3c62e5f97567ea3508f23e14c8870cfb50ef9ab729b3d85afe52148f5e9f3d705586e8ee85de96286259ab8e3549e27ffb6a8314a607ccf8ce8b2b68ae72f46bd46af24ed6bb76db1d07055c45b545e332b1b1e38bfba71a85fa26a1566e3d35f2e655f45c2ad039e7ba00c1eaee666978fbf012c20df4c0abd9bd67ba0e7cd7fa3c025e4638b12129aaa7a5b93b3f41c69155f5e5758817688ad7fed6a8605b1e158ca44d370ad6fd226eb01026ce53e159d9b7da6113df98afa98354f,gx-no-cache=1557323253499 HTTP/1.1" 200 30
186.67.164.138 - - [08/May/2019:11:51:59 -0300] "GET /cormun/servlet/trpermisosgoce? HTTP/1.1" 200 6116
186.67.164.138 - - [08/May/2019:11:52:01 -0300] "GET /cormun/servlet/hlogin HTTP/1.1" 200 1737
186.67.164.138 - - [08/May/2019:11:52:01 -0300] "GET /cormun/servlet/trpermisosgoce? HTTP/1.1" 200 6112
186.67.164.138 - - [08/May/2019:11:52:08 -0300] "POST /cormun/servlet/hlogin?c1964fc83cc03b40e78c13ca0fda0e44,gx-no-cache=1557326900560 HTTP/1.1" 200 90
186.67.164.138 - - [08/May/2019:11:52:08 -0300] "GET /cormun/servlet/hpexe_link HTTP/1.1" 200 954
186.67.164.138 - - [08/May/2019:11:52:09 -0300] "GET /cormun/servlet/trpermisosgoce HTTP/1.1" 200 12800
186.67.164.138 - - [08/May/2019:11:52:10 -0300] "GET /cormun/servlet/trpermisosgoce HTTP/1.1" 200 12799
186.67.164.138 - - [08/May/2019:11:52:19 -0300] "POST /cormun/servlet/trpermisosgoce?c1964fc83cc03b40e78c13ca0fda0e44,gx-no-cache=1557326911089 HTTP/1.1" 200 9687
186.67.164.138 - - [08/May/2019:11:52:20 -0300] "GET /cormun/static/Shared/jqueryui/images/ui-bg_highlight-soft_100_c6c2c8_1x100.png HTTP/1.1" 404 1117
186.67.164.138 - - [08/May/2019:11:52:20 -0300] "GET /cormun/static/Shared/jqueryui/images/ui-icons_82798d_256x240.png HTTP/1.1" 404 1089
186.67.164.138 - - [08/May/2019:11:52:20 -0300] "GET /cormun/static/Shared/jqueryui/images/ui-bg_flat_55_fafafa_40x100.png HTTP/1.1" 404 1097
186.67.164.138 - - [08/May/2019:11:52:20 -0300] "GET /cormun/static/Shared/jqueryui/images/ui-icons_8d78a5_256x240.png HTTP/1.1" 404 1089
186.67.164.138 - - [08/May/2019:11:52:23 -0300] "GET /cormun/servlet/trpermisosadjuntos?7701196,20190507185830,P, HTTP/1.1" 200 6369
186.67.164.138 - - [08/May/2019:11:52:24 -0300] "GET /cormun/servlet/trpermisosadjuntos?7701196,20190507185830,P, HTTP/1.1" 200 6369
186.67.164.138 - - [08/May/2019:11:52:25 -0300] "GET /cormun/servlet/permisosadjuntos?INS,7701196,P,20190507185830,, HTTP/1.1" 200 5700
186.67.164.138 - - [08/May/2019:11:52:26 -0300] "GET /cormun/static/about:blank HTTP/1.1" 404 1011
186.67.164.138 - - [08/May/2019:11:52:26 -0300] "GET /cormun/servlet/permisosadjuntos?INS,7701196,P,20190507185830,, HTTP/1.1" 200 5690
186.67.164.138 - - [08/May/2019:11:52:52 -0300] "POST /cormun/servlet/permisosadjuntos?c1964fc83cc03b40e78c13ca0fda0e44,INS,7701196,P,20190507185830,, HTTP/1.1" 200 116
186.67.164.138 - - [08/May/2019:11:52:52 -0300] "GET /cormun/servlet/hpexe_return? HTTP/1.1" 200 1036
186.67.164.138 - - [08/May/2019:11:52:52 -0300] "GET /cormun/servlet/trpermisosadjuntos?7701196,20190507185830,P, HTTP/1.1" 200 6853
186.67.164.138 - - [08/May/2019:11:52:53 -0300] "GET /cormun/servlet/trpermisosadjuntos?7701196,20190507185830,P, HTTP/1.1" 200 6849
186.67.164.138 - - [08/May/2019:11:52:59 -0300] "POST /cormun/servlet/trpermisosadjuntos?c1964fc83cc03b40e78c13ca0fda0e44,7701196,20190507185830,P,,gx-no-cache=1557326950831 HTTP/1.1" 200 90
186.67.164.138 - - [08/May/2019:11:53:00 -0300] "GET /cormun/servlet/hpexe_link HTTP/1.1" 200 1002
186.67.164.138 - - [08/May/2019:11:53:00 -0300] "GET /cormun/servlet/trpermisosgoce?gx-no-cache=1557326911089 HTTP/1.1" 200 12800
186.67.164.138 - - [08/May/2019:11:53:01 -0300] "GET /cormun/servlet/trpermisosgoce?gx-no-cache=1557326911089 HTTP/1.1" 200 12820
186.67.164.138 - - [08/May/2019:11:53:06 -0300] "POST /cormun/servlet/trpermisosgoce?c1964fc83cc03b40e78c13ca0fda0e44,gx-no-cache=1557326911089,gx-no-cache=1557326957763 HTTP/1.1" 200 9642
186.67.164.138 - - [08/May/2019:11:53:07 -0300] "GET /cormun/static/Shared/jqueryui/images/ui-bg_highlight-soft_100_c6c2c8_1x100.png HTTP/1.1" 404 1117
186.67.164.138 - - [08/May/2019:11:53:07 -0300] "GET /cormun/static/Shared/jqueryui/images/ui-icons_82798d_256x240.png HTTP/1.1" 404 1089
186.67.164.138 - - [08/May/2019:11:53:07 -0300] "GET /cormun/static/Shared/jqueryui/images/ui-bg_flat_55_fafafa_40x100.png HTTP/1.1" 404 1097
186.67.164.138 - - [08/May/2019:11:53:07 -0300] "GET /cormun/static/Shared/jqueryui/images/ui-icons_8d78a5_256x240.png HTTP/1.1" 404 1089
186.67.164.138 - - [08/May/2019:11:53:11 -0300] "GET /cormun/servlet/permisogoce?INS,0,,, HTTP/1.1" 200 6907
186.67.164.138 - - [08/May/2019:11:53:12 -0300] "GET /cormun/servlet/permisogoce?INS,0,,, HTTP/1.1" 200 6887
186.67.164.138 - - [08/May/2019:11:53:18 -0300] "GET /cormun/servlet/permisogoce?bcc6424738193066d29f970374e321653c39d27065110802979cf8ad45e500be90a94f9eaf9324ca7d09041f5bddf1c1d2251f0033d76d2c7b94017562d4269a,gx-no-cache=1557326970364 HTTP/1.1" 200 82
190.171.149.74 - - [08/May/2019:11:53:20 -0300] "POST /cormun/servlet/solicitudot?gx-no-cache=1557323371773 HTTP/1.1" 200 30
186.67.164.138 - - [08/May/2019:11:53:21 -0300] "GET /cormun/static/menuarrow.gif HTTP/1.1" 404 1015
186.67.164.138 - - [08/May/2019:11:53:27 -0300] "GET /cormun/servlet/permisogoce?bcc6424738193066d29f970374e321659f4047f46df52b5effb379beb12ca7e9b5f4ad237cbacde0ed938a3129c6762071b23155c58a68a4818ae10d260e63d3,gx-no-cache=1557326979143 HTTP/1.1" 200 46
190.171.149.74 - - [08/May/2019:11:53:34 -0300] "GET /cormun/static/Resources/resize.gif HTTP/1.1" 200 77
186.67.164.138 - - [08/May/2019:11:53:34 -0300] "POST /cormun/servlet/permisogoce?c1964fc83cc03b40e78c13ca0fda0e44,INS,0,,,,gx-no-cache=1557326985739 HTTP/1.1" 200 93
186.67.164.138 - - [08/May/2019:11:53:34 -0300] "GET /cormun/servlet/hpexe_return? HTTP/1.1" 200 1031
190.171.149.74 - - [08/May/2019:11:53:34 -0300] "GET /cormun/servlet/prfichaempleado?,MD,,gxPopupLevel%3D0%3B HTTP/1.1" 200 9365
186.67.164.138 - - [08/May/2019:11:53:35 -0300] "GET /cormun/servlet/trpermisosgoce?gx-no-cache=1557326911089 HTTP/1.1" 200 13019
190.171.149.74 - - [08/May/2019:11:53:35 -0300] "GET /cormun/static/gxcfg.js?20177612134814 HTTP/1.1" 200 953
190.171.149.74 - - [08/May/2019:11:53:35 -0300] "GET /cormun/static/Resources/PXToolsMenuSearch.png HTTP/1.1" 200 2914
190.171.149.74 - - [08/May/2019:11:53:35 -0300] "GET /cormun/static/Resources/PXToolsMenuSearchCancel.png HTTP/1.1" 200 2972
186.67.164.138 - - [08/May/2019:11:53:36 -0300] "GET /cormun/servlet/trpermisosgoce?gx-no-cache=1557326911089 HTTP/1.1" 200 13035
190.171.149.74 - - [08/May/2019:11:53:36 -0300] "GET /cormun/static/prfichaempleado.js?20177612134999 HTTP/1.1" 200 16006
190.171.149.74 - - [08/May/2019:11:53:36 -0300] "GET /cormun/static/hmpwkw011.js?20177612121862 HTTP/1.1" 200 1968
190.171.149.74 - - [08/May/2019:11:53:36 -0300] "GET /cormun/static/menusearch.js?201610171694467 HTTP/1.1" 200 1424
186.67.164.138 - - [08/May/2019:11:53:38 -0300] "GET /cormun/servlet/trpermisosadjuntos?15804580,20190508124622,P, HTTP/1.1" 200 6389
186.67.164.138 - - [08/May/2019:11:53:39 -0300] "GET /cormun/servlet/trpermisosadjuntos?15804580,20190508124622,P, HTTP/1.1" 200 6367
186.67.164.138 - - [08/May/2019:11:53:40 -0300] "GET /cormun/servlet/permisosadjuntos?INS,15804580,P,20190508124622,, HTTP/1.1" 200 5692
186.67.164.138 - - [08/May/2019:11:53:40 -0300] "GET /cormun/static/about:blank HTTP/1.1" 404 1011
186.67.164.138 - - [08/May/2019:11:53:41 -0300] "GET /cormun/servlet/permisosadjuntos?INS,15804580,P,20190508124622,, HTTP/1.1" 200 5682
186.67.164.138 - - [08/May/2019:11:53:55 -0300] "POST /cormun/servlet/permisosadjuntos?c1964fc83cc03b40e78c13ca0fda0e44,INS,15804580,P,20190508124622,, HTTP/1.1" 200 116
186.67.164.138 - - [08/May/2019:11:53:55 -0300] "GET /cormun/servlet/hpexe_return? HTTP/1.1" 200 1035
186.67.164.138 - - [08/May/2019:11:53:56 -0300] "GET /cormun/servlet/trpermisosadjuntos?15804580,20190508124622,P, HTTP/1.1" 200 6847
190.171.149.74 - - [08/May/2019:11:53:56 -0300] "POST /cormun/servlet/prfichaempleado?a75847d05463b3d891e6ac2e8ac45da1,,MD,,gxPopupLevel%3D0%3B,gx-no-cache=1557323406755 HTTP/1.1" 200 6366
186.67.164.138 - - [08/May/2019:11:53:56 -0300] "GET /cormun/servlet/trpermisosadjuntos?15804580,20190508124622,P, HTTP/1.1" 200 6844
186.67.164.138 - - [08/May/2019:11:53:59 -0300] "POST /cormun/servlet/trpermisosadjuntos?c1964fc83cc03b40e78c13ca0fda0e44,15804580,20190508124622,P,,gx-no-cache=1557327011158 HTTP/1.1" 200 90
186.67.164.138 - - [08/May/2019:11:53:59 -0300] "GET /cormun/servlet/hpexe_link HTTP/1.1" 200 1001
186.67.164.138 - - [08/May/2019:11:53:59 -0300] "GET /cormun/servlet/trpermisosgoce?gx-no-cache=1557326911089 HTTP/1.1" 200 13015
186.67.164.138 - - [08/May/2019:11:54:00 -0300] "GET /cormun/servlet/trpermisosgoce?gx-no-cache=1557326911089 HTTP/1.1" 200 13035
186.67.164.138 - - [08/May/2019:11:54:05 -0300] "GET /cormun/servlet/apermisogoceprn?15804580,P,20190508124622,PU HTTP/1.1" 200 1656
190.171.149.74 - - [08/May/2019:11:54:20 -0300] "POST /cormun/servlet/prfichaempleado?a75847d05463b3d891e6ac2e8ac45da1,,MD,,gxPopupLevel%3D0%3B,gx-no-cache=1557323431346 HTTP/1.1" 200 3413
190.171.149.74 - - [08/May/2019:11:55:12 -0300] "POST /cormun/servlet/solicitudot?gx-no-cache=1557323484279 HTTP/1.1" 200 1344
190.171.149.74 - - [08/May/2019:11:55:17 -0300] "GET /cormun/servlet/prlicenciaspermisos?15126301,L,,MD,,gxPopupLevel%3D0%3B HTTP/1.1" 200 5596
190.171.149.74 - - [08/May/2019:11:55:17 -0300] "GET /cormun/static/gxcfg.js?20176272053834 HTTP/1.1" 200 953
190.171.149.74 - - [08/May/2019:11:55:17 -0300] "GET /cormun/static/prlicenciaspermisos.js?20176272054050 HTTP/1.1" 200 13379
200.54.246.54 - - [08/May/2019:11:55:22 -0300] "GET /cormun/servlet/trlicencias HTTP/1.1" 200 8678
200.54.246.54 - - [08/May/2019:11:55:24 -0300] "GET /cormun/servlet/trlicencias HTTP/1.1" 200 8688
200.54.246.54 - - [08/May/2019:11:55:25 -0300] "GET /cormun/servlet/hlogin HTTP/1.1" 200 1734
190.171.149.74 - - [08/May/2019:11:55:30 -0300] "POST /cormun/servlet/solicitudot?gx-no-cache=1557323502673 HTTP/1.1" 200 41
186.67.164.138 - - [08/May/2019:11:55:46 -0300] "POST /cormun/servlet/trpermisosgoce?c1964fc83cc03b40e78c13ca0fda0e44,gx-no-cache=1557326911089,gx-no-cache=1557327118142 HTTP/1.1" 200 9865
186.67.164.138 - - [08/May/2019:11:55:47 -0300] "GET /cormun/static/Shared/jqueryui/images/ui-bg_highlight-soft_100_c6c2c8_1x100.png HTTP/1.1" 404 1117
186.67.164.138 - - [08/May/2019:11:55:47 -0300] "GET /cormun/static/Shared/jqueryui/images/ui-bg_flat_55_fafafa_40x100.png HTTP/1.1" 404 1097
186.67.164.138 - - [08/May/2019:11:55:47 -0300] "GET /cormun/static/Shared/jqueryui/images/ui-icons_8d78a5_256x240.png HTTP/1.1" 404 1089
186.67.164.138 - - [08/May/2019:11:55:47 -0300] "GET /cormun/static/Shared/jqueryui/images/ui-icons_82798d_256x240.png HTTP/1.1" 404 1089
190.171.149.74 - - [08/May/2019:11:55:48 -0300] "GET /cormun/servlet/solicitudot?c71b0239bd119fbb1e0311781d81d140c4d85d3af989b7216757f04afdfa43d389babb25054591a3f0929c390d59394d6a63091e9b9078e4ec987334cafd97730d28af031b7d1e7449d793ea1ee95785fb037d8ab6253b92e9f37e53a525f4bc5cb750ffce1befacc7db16d8a0d689d4,gx-no-cache=1557323520655 HTTP/1.1" 200 110
190.171.149.74 - - [08/May/2019:11:55:49 -0300] "POST /cormun/servlet/solicitudot?gx-no-cache=1557323520914 HTTP/1.1" 200 110
186.67.164.138 - - [08/May/2019:11:55:49 -0300] "GET /cormun/servlet/permisogoce?INS,0,,, HTTP/1.1" 200 6907
186.67.164.138 - - [08/May/2019:11:55:50 -0300] "GET /cormun/servlet/permisogoce?INS,0,,, HTTP/1.1" 200 6885
186.67.164.138 - - [08/May/2019:11:55:56 -0300] "GET /cormun/servlet/permisogoce?bcc6424738193066d29f970374e3216597bd0930686c3f978ed2983e725d2e2d90a94f9eaf9324ca7d09041f5bddf1c1d2251f0033d76d2c7b94017562d4269a,gx-no-cache=1557327128429 HTTP/1.1" 200 83
190.171.149.74 - - [08/May/2019:11:55:56 -0300] "GET /cormun/servlet/solicitudot?c71b0239bd119fbb1e0311781d81d1405bc192b85dc2b761efff8564b0a51f9266f76a2a6c6f95c8bde1467af121b8af2e3436b7bbc0a5b5c96c983b89c339a49619d891b23ad2e603314a3c429cf4cfb0a7687b880551c05e33615b71c99b3ac9b256715c62b3583a08a516b94ee030,gx-no-cache=1557323528788 HTTP/1.1" 200 29
190.171.149.74 - - [08/May/2019:11:55:57 -0300] "GET /cormun/static/menuarrow.gif HTTP/1.1" 404 1015
186.67.164.138 - - [08/May/2019:11:56:01 -0300] "GET /cormun/static/menuarrow.gif HTTP/1.1" 404 1015
190.171.149.74 - - [08/May/2019:11:56:02 -0300] "GET /cormun/servlet/solicitudot?c71b0239bd119fbb1e0311781d81d14029d2486535be84c293ae6cb0f7af7233c0117478fa828912730852874087ffe2,gx-no-cache=1557323534654 HTTP/1.1" 200 30
186.67.164.138 - - [08/May/2019:11:56:07 -0300] "GET /cormun/servlet/permisogoce?bcc6424738193066d29f970374e3216592c1a35ab52a07eac66eaefc34d8bd9633edd99d701aa1b480f33ba16dcc684e41a3070107423326918b386af130da4b,gx-no-cache=1557327139890 HTTP/1.1" 200 46
186.67.164.138 - - [08/May/2019:11:56:13 -0300] "POST /cormun/servlet/permisogoce?c1964fc83cc03b40e78c13ca0fda0e44,INS,0,,,,gx-no-cache=1557327144490 HTTP/1.1" 200 93
186.67.164.138 - - [08/May/2019:11:56:13 -0300] "GET /cormun/servlet/hpexe_return? HTTP/1.1" 200 1031
186.67.164.138 - - [08/May/2019:11:56:14 -0300] "GET /cormun/servlet/trpermisosgoce?gx-no-cache=1557326911089 HTTP/1.1" 200 13256
190.171.149.74 - - [08/May/2019:11:56:14 -0300] "POST /cormun/servlet/solicitudot?gx-no-cache=1557323546420 HTTP/1.1" 200 34
186.67.164.138 - - [08/May/2019:11:56:15 -0300] "GET /cormun/servlet/trpermisosgoce?gx-no-cache=1557326911089 HTTP/1.1" 200 13272
186.67.164.138 - - [08/May/2019:11:56:19 -0300] "GET /cormun/servlet/apermisogoceprn?12571209,P,20190508124900,PU HTTP/1.1" 200 1655
190.171.149.74 - - [08/May/2019:11:56:22 -0300] "POST /cormun/servlet/solicitudot?a75847d05463b3d891e6ac2e8ac45da1,INS,0,0,,gx-no-cache=1557323553574 HTTP/1.1" 200 93
190.171.149.74 - - [08/May/2019:11:56:22 -0300] "GET /cormun/servlet/hpexe_return? HTTP/1.1" 200 1004
190.171.149.74 - - [08/May/2019:11:56:22 -0300] "GET /cormun/static/gxcfg.js?2016101716175148 HTTP/1.1" 200 953
190.171.149.74 - - [08/May/2019:11:56:23 -0300] "GET /cormun/static/hpexe_return.js?2016101716175153 HTTP/1.1" 200 1633
190.171.149.74 - - [08/May/2019:11:56:23 -0300] "GET /cormun/static/Resources/Spanish/PXTools.css?167811 HTTP/1.1" 200 89042
190.171.149.74 - - [08/May/2019:11:56:24 -0300] "GET /cormun/servlet/trsolicitudot HTTP/1.1" 200 8567
190.171.149.74 - - [08/May/2019:11:56:26 -0300] "GET /cormun/servlet/trsolicitudot HTTP/1.1" 200 8563
186.67.164.138 - - [08/May/2019:11:56:27 -0300] "GET /cormun/servlet/trpermisosadjuntos?12571209,20190508124900,P, HTTP/1.1" 200 6389
186.67.164.138 - - [08/May/2019:11:56:28 -0300] "GET /cormun/servlet/trpermisosadjuntos?12571209,20190508124900,P, HTTP/1.1" 200 6367
186.67.164.138 - - [08/May/2019:11:56:29 -0300] "GET /cormun/servlet/permisosadjuntos?INS,12571209,P,20190508124900,, HTTP/1.1" 200 5692
186.67.164.138 - - [08/May/2019:11:56:30 -0300] "GET /cormun/static/about:blank HTTP/1.1" 404 1011
186.67.164.138 - - [08/May/2019:11:56:30 -0300] "GET /cormun/servlet/permisosadjuntos?INS,12571209,P,20190508124900,, HTTP/1.1" 200 5683
190.171.149.74 - - [08/May/2019:11:56:39 -0300] "GET /cormun/servlet/trsolicitudot? HTTP/1.1" 200 8563
190.171.149.74 - - [08/May/2019:11:56:41 -0300] "GET /cormun/servlet/trsolicitudot? HTTP/1.1" 200 8563
186.67.164.138 - - [08/May/2019:11:56:50 -0300] "POST /cormun/servlet/permisosadjuntos?c1964fc83cc03b40e78c13ca0fda0e44,INS,12571209,P,20190508124900,, HTTP/1.1" 200 116
186.67.164.138 - - [08/May/2019:11:56:50 -0300] "GET /cormun/servlet/hpexe_return? HTTP/1.1" 200 1034
186.67.164.138 - - [08/May/2019:11:56:51 -0300] "GET /cormun/servlet/trpermisosadjuntos?12571209,20190508124900,P, HTTP/1.1" 200 6845
186.67.164.138 - - [08/May/2019:11:56:52 -0300] "GET /cormun/servlet/trpermisosadjuntos?12571209,20190508124900,P, HTTP/1.1" 200 6843
186.67.164.138 - - [08/May/2019:11:56:55 -0300] "POST /cormun/servlet/trpermisosadjuntos?c1964fc83cc03b40e78c13ca0fda0e44,12571209,20190508124900,P,,gx-no-cache=1557327187651 HTTP/1.1" 200 90
186.67.164.138 - - [08/May/2019:11:56:55 -0300] "GET /cormun/servlet/hpexe_link HTTP/1.1" 200 1002
186.67.164.138 - - [08/May/2019:11:56:56 -0300] "GET /cormun/servlet/trpermisosgoce?gx-no-cache=1557326911089 HTTP/1.1" 200 13252
186.67.164.138 - - [08/May/2019:11:56:57 -0300] "GET /cormun/servlet/trpermisosgoce?gx-no-cache=1557326911089 HTTP/1.1" 200 13272
190.171.149.74 - - [08/May/2019:11:56:58 -0300] "POST /cormun/servlet/trsolicitudot?a75847d05463b3d891e6ac2e8ac45da1,,gx-no-cache=1557323590188 HTTP/1.1" 200 106
190.171.149.74 - - [08/May/2019:11:56:58 -0300] "GET /cormun/servlet/solicitudot?UPD,2019,15535, HTTP/1.1" 200 15619
190.171.149.74 - - [08/May/2019:11:57:01 -0300] "GET /cormun/servlet/solicitudot?UPD,2019,15535, HTTP/1.1" 200 15628
190.171.149.74 - - [08/May/2019:11:57:02 -0300] "POST /cormun/servlet/solicitudot?gx-no-cache=1557323594058 HTTP/1.1" 200 3591
190.171.149.74 - - [08/May/2019:11:57:02 -0300] "POST /cormun/servlet/solicitudot?a75847d05463b3d891e6ac2e8ac45da1,UPD,2019,15535,,gx-no-cache=1557323594559 HTTP/1.1" 200 11928
186.67.164.138 - - [08/May/2019:11:57:03 -0300] "POST /cormun/servlet/trpermisosgoce?c1964fc83cc03b40e78c13ca0fda0e44,gx-no-cache=1557326911089,gx-no-cache=1557327194135 HTTP/1.1" 200 10165
190.171.149.74 - - [08/May/2019:11:57:03 -0300] "GET /cormun/servlet/solicitudot?c71b0239bd119fbb1e0311781d81d140cf568a4d5da096f923106de2fb41b216a08153a89dc2d866b26aff60ae8b844d,gx-no-cache=1557323595189 HTTP/1.1" 200 30
190.171.149.74 - - [08/May/2019:11:57:03 -0300] "GET /cormun/servlet/solicitudot?c71b0239bd119fbb1e0311781d81d14079cd60ad6ce25fb03ecd0ea3e3fc771f029caaa4b5803e54444d4f08a5e0f18c,gx-no-cache=1557323595397 HTTP/1.1" 200 30
190.171.149.74 - - [08/May/2019:11:57:03 -0300] "GET /cormun/servlet/solicitudot?c71b0239bd119fbb1e0311781d81d14095c1d7bf2cc91f9f386f7f790d8407d5c0dd83e430f30423791d037d10fb7a4434824d46a40143820df6fd0b74d40a58,gx-no-cache=1557323595566 HTTP/1.1" 200 53
190.171.149.74 - - [08/May/2019:11:57:04 -0300] "POST /cormun/servlet/solicitudot?gx-no-cache=1557323595740 HTTP/1.1" 200 295
190.171.149.74 - - [08/May/2019:11:57:04 -0300] "GET /cormun/servlet/solicitudot?c71b0239bd119fbb1e0311781d81d1407d64eb76f1f90f02bb0f535e8aaf4f471311f1bc2f006148b73a7033d677e0c57615d50a5dcefd5019cd736ca0f5af84f4f73ed46347655da06520d5344c05c0d4173d970c75bf4e66c1409fa21822884f973ab2da76493dea5f431faa8b187d3a140e588c7429ee8d2e83cd3709ef7b5177de1da80ca31b49d0ca29cf4c3488353601a9f9980bd4d04f695b99c75b30f14b650bd417b7a828315f221370f4a34acda55f192efb1bb5c18acd878e8f5a9171a36683c83a6cfe8062a0e8f3e5054b33c3c62e5f97567ea3508f23e14c8870cfb50ef9ab729b3d85afe52148f5e9f3d705586e8ee85de96286259ab8e3549e27ffb6a8314a607ccf8ce8b2b68ae72f46bd46af24ed6bb76db1d07055c45b545e332b1b1e38bfba71a85fa26a1566e3d35f2e655f45c2ad039e7ba00c1eaee666978fbf012c20df4c0abd9bd67ba0e7cd7fa3c025e4638b12129aaa7a5b93b3f41c69155f5e5758817688ad7fed6a70b68bd279d2e1d9b95ea511b640d9f46ce53e159d9b7da6113df98afa98354f,gx-no-cache=1557323596639 HTTP/1.1" 200 30
190.171.149.74 - - [08/May/2019:11:57:04 -0300] "POST /cormun/servlet/solicitudot?gx-no-cache=1557323596810 HTTP/1.1" 200 30
190.171.149.74 - - [08/May/2019:11:57:05 -0300] "POST /cormun/servlet/solicitudot?gx-no-cache=1557323597049 HTTP/1.1" 200 1343
190.171.149.74 - - [08/May/2019:11:57:05 -0300] "POST /cormun/servlet/solicitudot?gx-no-cache=1557323597448 HTTP/1.1" 200 41
186.67.172.234 - - [08/May/2019:11:59:25 -0300] "POST /cormun/servlet/hlogin?2abd6c5a33574cbbde3f9e892751e325,gx-no-cache=1557323739804 HTTP/1.1" 200 90
186.67.172.234 - - [08/May/2019:11:59:25 -0300] "GET /cormun/servlet/hpexe_link HTTP/1.1" 200 951
186.67.172.234 - - [08/May/2019:11:59:25 -0300] "GET /cormun/servlet/trlicencias HTTP/1.1" 200 13468
186.67.172.234 - - [08/May/2019:11:59:26 -0300] "GET /cormun/servlet/trlicencias HTTP/1.1" 200 13446
186.67.172.234 - - [08/May/2019:11:59:48 -0300] "GET /cormun/servlet/hlogin HTTP/1.1" 200 1734
186.67.164.138 - - [08/May/2019:12:01:22 -0300] "GET /cormun/servlet/permisogoce?INS,0,,, HTTP/1.1" 200 6907
186.67.164.138 - - [08/May/2019:12:01:24 -0300] "GET /cormun/servlet/permisogoce?INS,0,,, HTTP/1.1" 200 6885
186.67.164.138 - - [08/May/2019:12:01:52 -0300] "GET /cormun/servlet/permisogoce?bcc6424738193066d29f970374e32165fa59a578efa88471f27c63409a20dbf890a94f9eaf9324ca7d09041f5bddf1c1d2251f0033d76d2c7b94017562d4269a,gx-no-cache=1557327484156 HTTP/1.1" 200 80
186.67.164.138 - - [08/May/2019:12:01:55 -0300] "GET /cormun/static/menuarrow.gif HTTP/1.1" 404 1015
186.67.164.138 - - [08/May/2019:12:01:59 -0300] "GET /cormun/servlet/permisogoce?bcc6424738193066d29f970374e3216579a8e53779730f1b8c336ea8aedb388422dca937e45fddc8645d077e3493095b71b23155c58a68a4818ae10d260e63d3,gx-no-cache=1557327491087 HTTP/1.1" 200 46
186.67.164.138 - - [08/May/2019:12:02:42 -0300] "POST /cormun/servlet/permisogoce?c1964fc83cc03b40e78c13ca0fda0e44,INS,0,,,,gx-no-cache=1557327534389 HTTP/1.1" 200 93
186.67.164.138 - - [08/May/2019:12:02:43 -0300] "GET /cormun/servlet/hpexe_return? HTTP/1.1" 200 1031
186.67.164.138 - - [08/May/2019:12:02:43 -0300] "GET /cormun/servlet/trpermisosgoce?gx-no-cache=1557326911089 HTTP/1.1" 200 13477
186.67.164.138 - - [08/May/2019:12:02:45 -0300] "GET /cormun/servlet/trpermisosgoce?gx-no-cache=1557326911089 HTTP/1.1" 200 13493
186.67.164.138 - - [08/May/2019:12:02:49 -0300] "GET /cormun/servlet/apermisogoceprn?17107771,P,20190508125432,PU HTTP/1.1" 200 1651
190.171.149.74 - - [08/May/2019:12:02:50 -0300] "POST /cormun/servlet/solicitudot?a75847d05463b3d891e6ac2e8ac45da1,UPD,2019,15535,,gx-no-cache=1557323941589 HTTP/1.1" 200 93
190.171.149.74 - - [08/May/2019:12:02:50 -0300] "GET /cormun/servlet/hpexe_return? HTTP/1.1" 200 1011
190.171.149.74 - - [08/May/2019:12:02:51 -0300] "GET /cormun/servlet/trsolicitudot HTTP/1.1" 200 8567
190.171.149.74 - - [08/May/2019:12:02:54 -0300] "GET /cormun/servlet/trsolicitudot HTTP/1.1" 200 8563
186.67.164.138 - - [08/May/2019:12:02:57 -0300] "GET /cormun/servlet/trpermisosadjuntos?17107771,20190508125432,P, HTTP/1.1" 200 6388
186.67.164.138 - - [08/May/2019:12:02:59 -0300] "GET /cormun/servlet/trpermisosadjuntos?17107771,20190508125432,P, HTTP/1.1" 200 6366
186.67.164.138 - - [08/May/2019:12:03:00 -0300] "GET /cormun/servlet/permisosadjuntos?INS,17107771,P,20190508125432,, HTTP/1.1" 200 5694
186.67.164.138 - - [08/May/2019:12:03:00 -0300] "GET /cormun/static/about:blank HTTP/1.1" 404 1011
186.67.164.138 - - [08/May/2019:12:03:00 -0300] "GET /cormun/servlet/permisosadjuntos?INS,17107771,P,20190508125432,, HTTP/1.1" 200 5685
186.67.164.138 - - [08/May/2019:12:03:09 -0300] "POST /cormun/servlet/permisosadjuntos?c1964fc83cc03b40e78c13ca0fda0e44,INS,17107771,P,20190508125432,, HTTP/1.1" 200 116
186.67.164.138 - - [08/May/2019:12:03:09 -0300] "GET /cormun/servlet/hpexe_return? HTTP/1.1" 200 1035
186.67.164.138 - - [08/May/2019:12:03:09 -0300] "GET /cormun/servlet/trpermisosadjuntos?17107771,20190508125432,P, HTTP/1.1" 200 6846
186.67.164.138 - - [08/May/2019:12:03:10 -0300] "GET /cormun/servlet/trpermisosadjuntos?17107771,20190508125432,P, HTTP/1.1" 200 6843
186.67.164.138 - - [08/May/2019:12:03:14 -0300] "POST /cormun/servlet/trpermisosadjuntos?c1964fc83cc03b40e78c13ca0fda0e44,17107771,20190508125432,P,,gx-no-cache=1557327565976 HTTP/1.1" 200 90
186.67.164.138 - - [08/May/2019:12:03:14 -0300] "GET /cormun/servlet/hpexe_link HTTP/1.1" 200 1001
186.67.164.138 - - [08/May/2019:12:03:15 -0300] "GET /cormun/servlet/trpermisosgoce?gx-no-cache=1557326911089 HTTP/1.1" 200 13474
186.67.164.138 - - [08/May/2019:12:03:16 -0300] "GET /cormun/servlet/trpermisosgoce?gx-no-cache=1557326911089 HTTP/1.1" 200 13493
186.67.164.138 - - [08/May/2019:12:03:32 -0300] "POST /cormun/servlet/trpermisosgoce?c1964fc83cc03b40e78c13ca0fda0e44,gx-no-cache=1557326911089,gx-no-cache=1557327582862 HTTP/1.1" 200 10432
186.67.164.138 - - [08/May/2019:12:03:33 -0300] "GET /cormun/static/Shared/jqueryui/images/ui-bg_highlight-soft_100_c6c2c8_1x100.png HTTP/1.1" 404 1117
186.67.164.138 - - [08/May/2019:12:03:33 -0300] "GET /cormun/static/Shared/jqueryui/images/ui-icons_82798d_256x240.png HTTP/1.1" 404 1089
186.67.164.138 - - [08/May/2019:12:03:33 -0300] "GET /cormun/static/Shared/jqueryui/images/ui-icons_8d78a5_256x240.png HTTP/1.1" 404 1089
186.67.164.138 - - [08/May/2019:12:03:33 -0300] "GET /cormun/static/Shared/jqueryui/images/ui-bg_flat_55_fafafa_40x100.png HTTP/1.1" 404 1097
186.67.164.138 - - [08/May/2019:12:03:38 -0300] "GET /cormun/servlet/permisogoce?INS,0,,, HTTP/1.1" 200 6907
186.67.164.138 - - [08/May/2019:12:03:39 -0300] "GET /cormun/servlet/permisogoce?INS,0,,, HTTP/1.1" 200 6885
46.174.191.32 - - [08/May/2019:12:03:52 -0300] "GET / HTTP/1.0" 200 11197
190.171.142.50 - - [08/May/2019:12:04:36 -0300] "GET /cormun/servlet/hlogin HTTP/1.1" 200 1718
190.171.142.50 - - [08/May/2019:12:04:47 -0300] "POST /cormun/servlet/hlogin?3119e42a8bc50c5cd25bff17e8dabb02,gx-no-cache=1557327659683 HTTP/1.1" 200 90
190.171.142.50 - - [08/May/2019:12:04:47 -0300] "GET /cormun/servlet/hpexe_link HTTP/1.1" 200 949
190.171.142.50 - - [08/May/2019:12:04:48 -0300] "GET /cormun/servlet/hhome HTTP/1.1" 200 4026
190.171.142.50 - - [08/May/2019:12:04:50 -0300] "GET /cormun/servlet/hhome HTTP/1.1" 200 4023
190.171.142.50 - - [08/May/2019:12:04:58 -0300] "GET /cormun/servlet/trlicencias? HTTP/1.1" 200 9025
190.171.142.50 - - [08/May/2019:12:04:59 -0300] "GET /cormun/static/trlicencias.js?20176272054837 HTTP/1.1" 200 41883
190.171.142.50 - - [08/May/2019:12:05:00 -0300] "GET /cormun/static/gxcfg.js?20176272054169 HTTP/1.1" 200 953
190.171.142.50 - - [08/May/2019:12:05:01 -0300] "GET /cormun/servlet/trlicencias? HTTP/1.1" 200 9022
190.171.142.50 - - [08/May/2019:12:05:08 -0300] "POST /cormun/servlet/trlicencias?3119e42a8bc50c5cd25bff17e8dabb02,,gx-no-cache=1557327677511 HTTP/1.1" 200 6380
190.171.142.50 - - [08/May/2019:12:05:14 -0300] "GET /cormun/servlet/licenciaspermisos?INS,0,,, HTTP/1.1" 200 7561
190.171.142.50 - - [08/May/2019:12:05:14 -0300] "GET /cormun/static/licenciaspermisos.js?201762917281260 HTTP/1.1" 200 37491
190.171.142.50 - - [08/May/2019:12:05:15 -0300] "GET /cormun/static/gxcfg.js?201762917281167 HTTP/1.1" 200 953
190.171.142.50 - - [08/May/2019:12:05:16 -0300] "GET /cormun/servlet/licenciaspermisos?INS,0,,, HTTP/1.1" 200 7569
190.171.142.50 - - [08/May/2019:12:05:28 -0300] "GET /cormun/servlet/licenciaspermisos?4f5ebb1afc19de7fe78ee6b1290be94afd1e66e5d9aa55835990a5adeb517a97c29ecfb416bd0bd6158e7f65503250a7,gx-no-cache=1557327700283 HTTP/1.1" 200 81
190.171.142.50 - - [08/May/2019:12:05:29 -0300] "POST /cormun/servlet/licenciaspermisos?3119e42a8bc50c5cd25bff17e8dabb02,INS,0,,,,gx-no-cache=1557327700420 HTTP/1.1" 200 4746
190.171.142.50 - - [08/May/2019:12:05:49 -0300] "GET /cormun/static/menuarrow.gif HTTP/1.1" 404 1015
