190.171.149.74 - - [02/May/2019:15:26:03 -0300] "GET /cormun/static/hpexe_messagepopupcomponent.js?20161017169425 HTTP/1.1" 200 605
190.171.149.74 - - [02/May/2019:15:26:03 -0300] "GET /cormun/static/hpexe_messagegenexuscomponent.js?201752511465344 HTTP/1.1" 200 587
190.171.149.74 - - [02/May/2019:15:26:04 -0300] "GET /cormun/static/cmcontrolpreferences.js?201752511465670 HTTP/1.1" 200 1375
190.171.149.74 - - [02/May/2019:15:26:04 -0300] "GET /cormun/static/Shared/jquery/jquery-1.4.2.min.js HTTP/1.1" 200 72174
190.171.149.74 - - [02/May/2019:15:26:04 -0300] "GET /cormun/static/Shared/jqueryui/jquery-ui.min.js HTTP/1.1" 200 240427
190.171.149.74 - - [02/May/2019:15:26:04 -0300] "GET /cormun/static/Shared/jquery/jquery-1.10.2.min.js HTTP/1.1" 200 273199
190.171.149.74 - - [02/May/2019:15:26:04 -0300] "GET /cormun/static/SmoothNavMenu/resources/SmoothNavMenuRender.js HTTP/1.1" 200 5951
190.171.149.74 - - [02/May/2019:15:26:04 -0300] "GET /cormun/static/SmoothNavMenu/resources/ddsmoothmenu.js HTTP/1.1" 200 12712
190.171.149.74 - - [02/May/2019:15:26:04 -0300] "GET /cormun/static/scaMessage/js/jquery.pnotify.min.js HTTP/1.1" 200 13038
190.171.149.74 - - [02/May/2019:15:26:04 -0300] "GET /cormun/static/scaMessage/scaMessageRender.js HTTP/1.1" 200 11977
190.171.149.74 - - [02/May/2019:15:26:04 -0300] "GET /cormun/static/hmpwkw03.js?20189613443875 HTTP/1.1" 200 3965
190.171.149.74 - - [02/May/2019:15:26:04 -0300] "GET /cormun/static/Resources/logo4.png HTTP/1.1" 200 6582
190.171.149.74 - - [02/May/2019:15:26:04 -0300] "GET /cormun/static/Resources/PXToolsHeaderActionsLeft.png HTTP/1.1" 200 1118
190.171.149.74 - - [02/May/2019:15:26:04 -0300] "GET /cormun/static/Resources/PXToolsHeaderHome.png HTTP/1.1" 200 4147
190.171.149.74 - - [02/May/2019:15:26:04 -0300] "GET /cormun/static/Resources/PXToolsHeaderLogin.png HTTP/1.1" 200 4279
190.171.149.74 - - [02/May/2019:15:26:04 -0300] "GET /cormun/static/Resources/PXToolsHeaderPreferences.png HTTP/1.1" 200 4189
190.171.149.74 - - [02/May/2019:15:26:05 -0300] "GET /cormun/static/Resources/PXToolsHeaderSecurity.png HTTP/1.1" 200 4166
190.171.149.74 - - [02/May/2019:15:26:05 -0300] "GET /cormun/static/Resources/PXToolsHeaderActionsRight.png HTTP/1.1" 200 1201
190.171.149.74 - - [02/May/2019:15:26:05 -0300] "GET /cormun/static/Resources/PXTools/calendar.png HTTP/1.1" 200 1306
190.171.149.74 - - [02/May/2019:15:26:05 -0300] "GET /cormun/static/Resources/PXToolsDataSearch.png HTTP/1.1" 200 419
190.171.149.74 - - [02/May/2019:15:26:05 -0300] "GET /cormun/static/Resources/PXToolsGridFirstDisabled.gif HTTP/1.1" 200 100
190.171.149.74 - - [02/May/2019:15:26:05 -0300] "GET /cormun/static/Resources/PXToolsGridPreviousDisabled.gif HTTP/1.1" 200 90
190.171.149.74 - - [02/May/2019:15:26:05 -0300] "GET /cormun/static/Resources/PXToolsGridNextDisabled.gif HTTP/1.1" 200 90
190.171.149.74 - - [02/May/2019:15:26:05 -0300] "GET /cormun/static/Resources/PXToolsGridLastDisabled.gif HTTP/1.1" 200 98
190.171.149.74 - - [02/May/2019:15:26:05 -0300] "GET /cormun/static/Resources/PXToolsGridPage.gif HTTP/1.1" 200 725
190.171.149.74 - - [02/May/2019:15:26:05 -0300] "GET /cormun/static/Resources/PXToolsActionExcel.png HTTP/1.1" 200 3187
190.171.149.74 - - [02/May/2019:15:26:05 -0300] "GET /cormun/static/Resources/PXToolsGridNew.png HTTP/1.1" 200 2949
190.171.149.74 - - [02/May/2019:15:26:05 -0300] "GET /cormun/static/Resources/PXToolsFooterBackground2.png HTTP/1.1" 200 1172
190.171.149.74 - - [02/May/2019:15:26:05 -0300] "GET /cormun/static/Resources/PXToolsHeaderBackground2.png HTTP/1.1" 200 1174
190.171.149.74 - - [02/May/2019:15:26:05 -0300] "GET /cormun/static/Resources/PXToolsHeaderActionsBackground.png HTTP/1.1" 200 484
190.171.149.74 - - [02/May/2019:15:26:06 -0300] "GET /cormun/static/Resources/PXToolsDataTitle.png HTTP/1.1" 200 1173
190.171.149.74 - - [02/May/2019:15:26:07 -0300] "GET /cormun/servlet/trlicencias? HTTP/1.1" 200 8422
190.171.149.74 - - [02/May/2019:15:26:07 -0300] "GET /cormun/static/Resources/indicator.gif HTTP/1.1" 200 1553
190.171.149.74 - - [02/May/2019:15:26:07 -0300] "GET /cormun/static/Resources/asc.gif HTTP/1.1" 200 67
190.171.149.74 - - [02/May/2019:15:26:07 -0300] "GET /cormun/static/Resources/desc.gif HTTP/1.1" 200 65
190.171.149.74 - - [02/May/2019:15:26:07 -0300] "GET /cormun//static/Resources/PXToolsActionDisabled.gif HTTP/1.1" 200 53
190.171.149.74 - - [02/May/2019:15:26:07 -0300] "GET /cormun//static/Resources/PXToolsGridDisplay.png HTTP/1.1" 200 362
190.171.149.74 - - [02/May/2019:15:26:07 -0300] "GET /cormun//static/Resources/PXTools/ActionInsert.png HTTP/1.1" 200 1482
190.171.149.74 - - [02/May/2019:15:26:07 -0300] "GET /cormun//static/Resources/PXToolsActionPrint.png HTTP/1.1" 200 3317
190.171.149.74 - - [02/May/2019:15:26:07 -0300] "GET /cormun//static/Resources/PXToolsHeaderHelp.png HTTP/1.1" 200 4055
190.171.149.74 - - [02/May/2019:15:26:07 -0300] "GET /cormun//static/Resources/PXToolsHeaderFavorites.png HTTP/1.1" 200 2744
190.171.149.74 - - [02/May/2019:15:26:08 -0300] "GET /cormun/servlet/hlogin HTTP/1.1" 200 1739
190.171.149.74 - - [02/May/2019:15:26:08 -0300] "GET /cormun/static/Shared/ext/resources/themes/images/default/panel/bg-headersPanel.png HTTP/1.1" 200 255
190.171.149.74 - - [02/May/2019:15:26:08 -0300] "GET /cormun/static/Shared/ext/resources/themes/images/default/tools/tool-sprites.gif HTTP/1.1" 200 5434
190.171.149.74 - - [02/May/2019:15:26:09 -0300] "GET /cormun/static/Resources/Spanish/PXTools.css?1155365 HTTP/1.1" 200 89042
190.171.149.74 - - [02/May/2019:15:26:09 -0300] "GET /cormun/static/gxcfg.js?20177612122725 HTTP/1.1" 200 953
190.171.149.74 - - [02/May/2019:15:26:09 -0300] "GET /cormun/static/Resources/ComunLogin.png HTTP/1.1" 200 17326
190.171.149.74 - - [02/May/2019:15:26:09 -0300] "GET /cormun/static/hlogin.js?20177612122738 HTTP/1.1" 200 2136
190.171.149.74 - - [02/May/2019:15:26:11 -0300] "GET /cormun/static/Resources/PXToolsLoginTop.png HTTP/1.1" 200 1337
190.171.149.74 - - [02/May/2019:15:26:11 -0300] "GET /cormun/static/Resources/PXToolsLoginBackground.png HTTP/1.1" 200 1164
190.171.149.74 - - [02/May/2019:15:26:11 -0300] "GET /cormun/static/Resources/PXToolsButtonLeft21.png HTTP/1.1" 200 1287
190.171.149.74 - - [02/May/2019:15:26:11 -0300] "GET /cormun/static/Resources/PXToolsButtonRight21.png HTTP/1.1" 200 1283
190.171.149.74 - - [02/May/2019:15:26:11 -0300] "GET /cormun/static/Resources/PXToolsButtonBackground2.png HTTP/1.1" 200 1181
190.171.149.74 - - [02/May/2019:15:26:11 -0300] "GET /cormun/static/Resources/PXToolsLoginBottom.png HTTP/1.1" 200 1389
190.171.141.138 - - [02/May/2019:15:26:31 -0300] "GET /cormun/servlet/hlogin HTTP/1.1" 200 1721
190.171.141.138 - - [02/May/2019:15:26:31 -0300] "GET /cormun/servlet/hlogin HTTP/1.1" 200 1721
190.171.141.138 - - [02/May/2019:15:26:33 -0300] "POST /cormun/servlet/hlogin?82d02b4f632483c6e4f5eb1196ab10b8,gx-no-cache=1556821368394 HTTP/1.1" 200 90
190.171.141.138 - - [02/May/2019:15:26:33 -0300] "GET /cormun/servlet/hpexe_link HTTP/1.1" 200 949
190.171.141.138 - - [02/May/2019:15:26:33 -0300] "GET /cormun/servlet/hhome HTTP/1.1" 200 4468
190.171.141.138 - - [02/May/2019:15:26:34 -0300] "GET /cormun/servlet/hhome HTTP/1.1" 200 4464
190.171.141.138 - - [02/May/2019:15:26:40 -0300] "GET /cormun/servlet/trpermisosgoce? HTTP/1.1" 200 11935
190.171.141.138 - - [02/May/2019:15:26:40 -0300] "GET /cormun/servlet/trpermisosgoce? HTTP/1.1" 200 11933
190.171.141.114 - - [02/May/2019:15:26:51 -0300] "GET /cormun/servlet/trpermisosgoce? HTTP/1.1" 200 11808
190.171.141.138 - - [02/May/2019:15:26:52 -0300] "GET /cormun/servlet/permisogoce?INS,0,,, HTTP/1.1" 200 7342
190.171.141.114 - - [02/May/2019:15:26:52 -0300] "GET /cormun/servlet/trpermisosgoce? HTTP/1.1" 200 11808
190.171.141.138 - - [02/May/2019:15:26:53 -0300] "GET /cormun/servlet/permisogoce?INS,0,,, HTTP/1.1" 200 7343
190.171.141.114 - - [02/May/2019:15:26:56 -0300] "GET /cormun/servlet/trpermisosgoce? HTTP/1.1" 200 11808
190.171.141.138 - - [02/May/2019:15:26:57 -0300] "GET /cormun/servlet/prfichaempleado?,MD,,gxPopupLevel%3D0%3B HTTP/1.1" 200 9575
190.171.141.114 - - [02/May/2019:15:26:57 -0300] "GET /cormun/servlet/trpermisosgoce? HTTP/1.1" 200 11808
190.171.149.82 - - [02/May/2019:15:27:00 -0300] "GET /cormun/servlet/trpermisosadjuntos?10337394,20190502161020,P, HTTP/1.1" 200 6595
190.171.149.82 - - [02/May/2019:15:27:00 -0300] "GET /cormun/static/gxcfg.js?201762817193957 HTTP/1.1" 200 953
190.171.149.82 - - [02/May/2019:15:27:00 -0300] "GET /cormun/static/trpermisosadjuntos.js?201762817194366 HTTP/1.1" 200 20158
190.171.149.82 - - [02/May/2019:15:27:00 -0300] "GET /cormun/static/Resources/Spanish/PXTools.css?17315867 HTTP/1.1" 200 89042
190.171.141.114 - - [02/May/2019:15:27:01 -0300] "GET /cormun/servlet/permisogoce?INS,0,,, HTTP/1.1" 200 6917
190.171.149.82 - - [02/May/2019:15:27:01 -0300] "GET /cormun/servlet/trpermisosadjuntos?10337394,20190502161020,P, HTTP/1.1" 200 6593
190.171.141.114 - - [02/May/2019:15:27:02 -0300] "GET /cormun/servlet/permisogoce?INS,0,,, HTTP/1.1" 200 6917
190.171.149.82 - - [02/May/2019:15:27:07 -0300] "GET /cormun/servlet/permisosadjuntos?INS,10337394,P,20190502161020,, HTTP/1.1" 200 5929
190.171.149.82 - - [02/May/2019:15:27:07 -0300] "GET /cormun/static/gxcfg.js?201762717441171 HTTP/1.1" 200 953
190.171.149.82 - - [02/May/2019:15:27:08 -0300] "GET /cormun/static/permisosadjuntos.js?201762717441184 HTTP/1.1" 200 8724
190.171.149.82 - - [02/May/2019:15:27:08 -0300] "GET /cormun/static/about:blank HTTP/1.1" 404 1011
190.171.141.138 - - [02/May/2019:15:27:08 -0300] "POST /cormun/servlet/prfichaempleado?82d02b4f632483c6e4f5eb1196ab10b8,,MD,,gxPopupLevel%3D0%3B,gx-no-cache=1556821403316 HTTP/1.1" 200 4969
190.171.149.82 - - [02/May/2019:15:27:08 -0300] "GET /cormun/servlet/permisosadjuntos?INS,10337394,P,20190502161020,, HTTP/1.1" 200 5918
190.171.141.114 - - [02/May/2019:15:27:15 -0300] "GET /cormun/servlet/permisogoce?a5d5e3cca61a47653b27273cf102b8706c4235f76974185e3e4ac6ff9080f07914c4c74ecf58067f41c669838f6f4409,gx-no-cache=1556821410933 HTTP/1.1" 200 74
190.171.141.114 - - [02/May/2019:15:27:16 -0300] "GET /cormun/static/menuarrow.gif HTTP/1.1" 404 1015
190.171.141.138 - - [02/May/2019:15:27:18 -0300] "GET /cormun/servlet/permisogoce?9dba8b7795a9199de7c13a3f907e45b7ad418a5278fab63548334fc5c3f3fa930917990f3785d7e5639dc04e62122718f8885ae7ae509f43180f99eab1ae66ce,gx-no-cache=1556821413109 HTTP/1.1" 200 82
190.171.141.138 - - [02/May/2019:15:27:18 -0300] "GET /cormun/static/menuarrow.gif HTTP/1.1" 404 1015
190.171.149.82 - - [02/May/2019:15:27:20 -0300] "POST /cormun/servlet/permisosadjuntos?33f10ebd6bda149e3ee2efe9329f1fde,INS,10337394,P,20190502161020,, HTTP/1.1" 200 6520
190.171.149.82 - - [02/May/2019:15:27:20 -0300] "GET /cormun/static/Shared/jqueryui/images/ui-icons_82798d_256x240.png HTTP/1.1" 404 1089
190.171.149.82 - - [02/May/2019:15:27:20 -0300] "GET /cormun/static/Shared/jqueryui/images/ui-bg_highlight-soft_100_c6c2c8_1x100.png HTTP/1.1" 404 1117
190.171.149.82 - - [02/May/2019:15:27:20 -0300] "GET /cormun/static/Shared/jqueryui/images/ui-icons_ebccce_256x240.png HTTP/1.1" 404 1089
190.171.149.82 - - [02/May/2019:15:27:20 -0300] "GET /cormun/static/Shared/jqueryui/images/ui-bg_flat_55_994d53_40x100.png HTTP/1.1" 404 1097
190.171.149.82 - - [02/May/2019:15:27:20 -0300] "GET /cormun/PrivateTempStorage/upload_00030564.jpg HTTP/1.1" 200 153924
190.171.141.138 - - [02/May/2019:15:27:20 -0300] "GET /cormun/servlet/permisogoce?9dba8b7795a9199de7c13a3f907e45b77a78f7aa012a8547dd759fae1eb8143c54f1c2912acadf0a76886d4a317fab67b390242a3f3e70cbd8a91bae988e6fd5,gx-no-cache=1556821415854 HTTP/1.1" 200 46
190.171.149.82 - - [02/May/2019:15:27:29 -0300] "POST /cormun/servlet/permisosadjuntos?33f10ebd6bda149e3ee2efe9329f1fde,INS,10337394,P,20190502161020,, HTTP/1.1" 200 6520
190.171.149.82 - - [02/May/2019:15:27:29 -0300] "GET /cormun/PrivateTempStorage/upload_00030569.jpg HTTP/1.1" 200 153924
190.171.141.114 - - [02/May/2019:15:27:30 -0300] "GET /cormun/servlet/permisogoce?a5d5e3cca61a47653b27273cf102b8705962bb4662a5f3757b07cf34258e6e16608f8abcba86f3ab869c671cc6e0f34b80c4844e6acb1a22c8f79daae5481df5,gx-no-cache=1556821426207 HTTP/1.1" 200 47
190.171.149.82 - - [02/May/2019:15:27:33 -0300] "POST /cormun/servlet/permisosadjuntos?33f10ebd6bda149e3ee2efe9329f1fde,INS,10337394,P,20190502161020,, HTTP/1.1" 200 116
190.171.149.82 - - [02/May/2019:15:27:33 -0300] "GET /cormun/servlet/hpexe_return? HTTP/1.1" 200 1036
190.171.149.82 - - [02/May/2019:15:27:33 -0300] "GET /cormun/servlet/trpermisosadjuntos?10337394,20190502161020,P, HTTP/1.1" 200 6598
190.171.149.82 - - [02/May/2019:15:27:34 -0300] "GET /cormun/servlet/trpermisosadjuntos?10337394,20190502161020,P, HTTP/1.1" 200 6593
190.171.141.114 - - [02/May/2019:15:28:49 -0300] "POST /cormun/servlet/permisogoce?ff1c524a594734b51d1e55040047c548,INS,0,,,,gx-no-cache=1556821504634 HTTP/1.1" 200 93
190.171.141.114 - - [02/May/2019:15:28:49 -0300] "GET /cormun/servlet/hpexe_return? HTTP/1.1" 200 1008
190.171.141.114 - - [02/May/2019:15:28:50 -0300] "GET /cormun/servlet/trpermisosgoce HTTP/1.1" 200 12120
190.171.141.114 - - [02/May/2019:15:28:51 -0300] "GET /cormun/servlet/trpermisosgoce HTTP/1.1" 200 12115
190.171.141.114 - - [02/May/2019:15:28:58 -0300] "GET /cormun/servlet/permisogoce?UPD,6885419,P,20190502162013, HTTP/1.1" 200 6998
190.171.141.114 - - [02/May/2019:15:28:59 -0300] "GET /cormun/servlet/permisogoce?UPD,6885419,P,20190502162013, HTTP/1.1" 200 6998
190.171.141.114 - - [02/May/2019:15:29:00 -0300] "GET /cormun/servlet/permisogoce?a5d5e3cca61a47653b27273cf102b8706c4235f76974185e3e4ac6ff9080f07933e32f223ff04f1879984182de925811eca7b0174c576d70166887199d347920,gx-no-cache=1556821515356 HTTP/1.1" 200 77
190.171.141.114 - - [02/May/2019:15:29:04 -0300] "GET /cormun/servlet/permisogoce?a5d5e3cca61a47653b27273cf102b8705962bb4662a5f3757b07cf34258e6e161701d575a94702ba09ffaf16c00a8fa48f1e4184e8bdca41b1fd0f41f6bc9047,gx-no-cache=1556821519770 HTTP/1.1" 200 123
190.171.141.114 - - [02/May/2019:15:29:04 -0300] "GET /cormun/static/Shared/jqueryui/images/ui-bg_highlight-soft_100_c6c2c8_1x100.png HTTP/1.1" 404 1117
190.171.141.114 - - [02/May/2019:15:29:04 -0300] "GET /cormun/static/Shared/jqueryui/images/ui-icons_82798d_256x240.png HTTP/1.1" 404 1089
190.171.141.114 - - [02/May/2019:15:29:04 -0300] "GET /cormun/static/Shared/jqueryui/images/ui-bg_flat_55_994d53_40x100.png HTTP/1.1" 404 1097
190.171.141.114 - - [02/May/2019:15:29:04 -0300] "GET /cormun/static/Shared/jqueryui/images/ui-icons_ebccce_256x240.png HTTP/1.1" 404 1089
190.171.141.138 - - [02/May/2019:15:29:26 -0300] "POST /cormun/servlet/permisogoce?82d02b4f632483c6e4f5eb1196ab10b8,INS,0,,,,gx-no-cache=1556821541063 HTTP/1.1" 200 93
190.171.141.138 - - [02/May/2019:15:29:26 -0300] "GET /cormun/servlet/hpexe_return? HTTP/1.1" 200 1008
190.171.141.138 - - [02/May/2019:15:29:26 -0300] "GET /cormun/servlet/trpermisosgoce HTTP/1.1" 200 12171
190.171.141.138 - - [02/May/2019:15:29:27 -0300] "GET /cormun/servlet/trpermisosgoce HTTP/1.1" 200 12167
190.171.141.138 - - [02/May/2019:15:29:31 -0300] "GET /cormun/servlet/permisogoce?UPD,13945989,P,20190502162004, HTTP/1.1" 200 7438
190.171.141.138 - - [02/May/2019:15:29:31 -0300] "GET /cormun/servlet/permisogoce?UPD,13945989,P,20190502162004, HTTP/1.1" 200 7438
190.171.141.138 - - [02/May/2019:15:29:32 -0300] "GET /cormun/servlet/permisogoce?9dba8b7795a9199de7c13a3f907e45b7ad418a5278fab63548334fc5c3f3fa9372d1b2cfbae5fb266a0131e383309f61d6556fa60c9538ac81cd7d568595598cfbef6fd6bbfca9ef39ba65252f59be0b,gx-no-cache=1556821547103 HTTP/1.1" 200 84
190.171.141.138 - - [02/May/2019:15:29:33 -0300] "GET /cormun/servlet/permisogoce?9dba8b7795a9199de7c13a3f907e45b77a78f7aa012a8547dd759fae1eb8143ca9f23c3c9dd19ed02d33266759fdde56c87b6d9969e7e67ad82f329e2383e8f4,gx-no-cache=1556821548460 HTTP/1.1" 200 47
190.171.149.82 - - [02/May/2019:15:29:33 -0300] "GET /cormun/servlet/permisosadjuntos?INS,10337394,P,20190502161020,, HTTP/1.1" 200 5930
190.171.149.82 - - [02/May/2019:15:29:33 -0300] "GET /cormun/static/about:blank HTTP/1.1" 404 1011
190.171.141.138 - - [02/May/2019:15:29:33 -0300] "POST /cormun/servlet/permisogoce?82d02b4f632483c6e4f5eb1196ab10b8,UPD,13945989,P,20190502162004,,gx-no-cache=1556821548528 HTTP/1.1" 200 93
190.171.149.82 - - [02/May/2019:15:29:33 -0300] "GET /cormun/servlet/permisosadjuntos?INS,10337394,P,20190502161020,, HTTP/1.1" 200 5920
190.171.141.138 - - [02/May/2019:15:29:33 -0300] "GET /cormun/servlet/hpexe_return? HTTP/1.1" 200 1027
190.171.141.138 - - [02/May/2019:15:29:33 -0300] "GET /cormun/servlet/trpermisosgoce HTTP/1.1" 200 12171
190.171.141.138 - - [02/May/2019:15:29:34 -0300] "GET /cormun/servlet/trpermisosgoce HTTP/1.1" 200 12167
190.171.141.138 - - [02/May/2019:15:29:37 -0300] "GET /cormun/servlet/apermisogoceprn?13945989,P,20190502162004,PU HTTP/1.1" 200 1685
190.171.149.82 - - [02/May/2019:15:30:42 -0300] "POST /cormun/servlet/permisosadjuntos?33f10ebd6bda149e3ee2efe9329f1fde,INS,10337394,P,20190502161020,, HTTP/1.1" 200 116
190.171.149.82 - - [02/May/2019:15:30:42 -0300] "GET /cormun/servlet/hpexe_return? HTTP/1.1" 200 1036
190.171.149.82 - - [02/May/2019:15:30:42 -0300] "GET /cormun/servlet/trpermisosadjuntos?10337394,20190502161020,P, HTTP/1.1" 200 7086
190.171.149.82 - - [02/May/2019:15:30:43 -0300] "GET /cormun/servlet/trpermisosadjuntos?10337394,20190502161020,P, HTTP/1.1" 200 7083
190.171.149.82 - - [02/May/2019:15:30:51 -0300] "GET /cormun/servlet/trautorizarpermisogoce? HTTP/1.1" 200 7139
190.171.149.82 - - [02/May/2019:15:30:51 -0300] "GET /cormun/static/gxcfg.js?20177612165975 HTTP/1.1" 200 953
190.171.149.82 - - [02/May/2019:15:30:51 -0300] "GET /cormun/static/trautorizarpermisogoce.js?2017761217384 HTTP/1.1" 200 34948
190.171.149.82 - - [02/May/2019:15:30:52 -0300] "GET /cormun/servlet/trautorizarpermisogoce? HTTP/1.1" 200 7113
190.171.149.82 - - [02/May/2019:15:30:59 -0300] "GET /cormun/servlet/trpermisosgoce? HTTP/1.1" 200 8392
190.171.149.82 - - [02/May/2019:15:30:59 -0300] "GET /cormun/servlet/trpermisosgoce? HTTP/1.1" 200 8391
190.171.149.82 - - [02/May/2019:15:31:09 -0300] "POST /cormun/servlet/trpermisosgoce?33f10ebd6bda149e3ee2efe9329f1fde,,gx-no-cache=1556821644017 HTTP/1.1" 200 5570
190.171.149.82 - - [02/May/2019:15:31:09 -0300] "GET /cormun/static/Shared/jqueryui/images/ui-bg_highlight-soft_100_c6c2c8_1x100.png HTTP/1.1" 404 1117
190.171.149.82 - - [02/May/2019:15:31:09 -0300] "GET /cormun/static/Shared/jqueryui/images/ui-bg_flat_55_fafafa_40x100.png HTTP/1.1" 404 1097
190.171.149.82 - - [02/May/2019:15:31:09 -0300] "GET /cormun/static/Shared/jqueryui/images/ui-icons_8d78a5_256x240.png HTTP/1.1" 404 1089
190.171.149.82 - - [02/May/2019:15:31:09 -0300] "GET /cormun/static/Shared/jqueryui/images/ui-icons_82798d_256x240.png HTTP/1.1" 404 1089
190.171.149.82 - - [02/May/2019:15:31:09 -0300] "GET /cormun//static/Resources/PXToolsActionDisabled.gif HTTP/1.1" 200 53
190.171.149.82 - - [02/May/2019:15:31:30 -0300] "GET /cormun/servlet/trautorizarpermisogoce? HTTP/1.1" 200 7948
190.171.149.82 - - [02/May/2019:15:31:30 -0300] "GET /cormun/servlet/trautorizarpermisogoce? HTTP/1.1" 200 7948
190.171.149.82 - - [02/May/2019:15:31:41 -0300] "POST /cormun/servlet/trautorizarpermisogoce?33f10ebd6bda149e3ee2efe9329f1fde,,gx-no-cache=1556821676065 HTTP/1.1" 200 4424
190.171.149.82 - - [02/May/2019:15:31:41 -0300] "GET /cormun/static/Shared/jqueryui/images/ui-bg_highlight-soft_100_c6c2c8_1x100.png HTTP/1.1" 404 1117
190.171.149.82 - - [02/May/2019:15:31:41 -0300] "GET /cormun/static/Shared/jqueryui/images/ui-bg_flat_55_fafafa_40x100.png HTTP/1.1" 404 1097
190.171.149.82 - - [02/May/2019:15:31:41 -0300] "GET /cormun/static/Shared/jqueryui/images/ui-icons_8d78a5_256x240.png HTTP/1.1" 404 1089
190.171.149.82 - - [02/May/2019:15:31:41 -0300] "GET /cormun/static/Shared/jqueryui/images/ui-icons_82798d_256x240.png HTTP/1.1" 404 1089
190.171.152.114 - - [02/May/2019:15:36:47 -0300] "GET /cormun/servlet/trsolicitudot? HTTP/1.1" 200 6414
190.171.152.114 - - [02/May/2019:15:36:48 -0300] "GET /cormun/servlet/hlogin HTTP/1.1" 200 1737
190.171.152.114 - - [02/May/2019:15:39:11 -0300] "POST /cormun/servlet/hlogin?d11e4559c1dfd5a6d4e0f6cf0108cbc8,gx-no-cache=1556822125104 HTTP/1.1" 200 447
190.171.152.114 - - [02/May/2019:15:41:03 -0300] "POST /cormun/servlet/hlogin?d11e4559c1dfd5a6d4e0f6cf0108cbc8,gx-no-cache=1556822236496 HTTP/1.1" 200 90
190.171.152.114 - - [02/May/2019:15:41:03 -0300] "GET /cormun/servlet/hpexe_link HTTP/1.1" 200 955
190.171.152.114 - - [02/May/2019:15:41:03 -0300] "GET /cormun/servlet/trsolicitudot HTTP/1.1" 200 7307
190.171.152.114 - - [02/May/2019:15:41:09 -0300] "GET /cormun/servlet/solicitudot?INS,0,0, HTTP/1.1" 200 15256
190.171.152.114 - - [02/May/2019:15:41:24 -0300] "POST /cormun/servlet/solicitudot?gx-no-cache=1556822257519 HTTP/1.1" 200 3574
190.171.152.114 - - [02/May/2019:15:41:24 -0300] "POST /cormun/servlet/solicitudot?d11e4559c1dfd5a6d4e0f6cf0108cbc8,INS,0,0,,gx-no-cache=1556822257916 HTTP/1.1" 200 12020
190.171.152.114 - - [02/May/2019:15:41:51 -0300] "GET /cormun/servlet/solicitudot?355344715356798cf50d2814ceb9d8e9e811843dd5325f8e8a81eb2fb70dcab2b04d5e10a7e2d331ea96ee8031ba27da,gx-no-cache=1556822285221 HTTP/1.1" 200 30
190.171.152.114 - - [02/May/2019:15:41:51 -0300] "GET /cormun/servlet/solicitudot?355344715356798cf50d2814ceb9d8e9c39ba0d22ca7b932f920515f2764bc0bf7cf3c38a4cff013f9199f8050bfc637251c2d5e22cfe29ab6d1d8636b576902,gx-no-cache=1556822285285 HTTP/1.1" 200 30
190.171.152.114 - - [02/May/2019:15:41:51 -0300] "GET /cormun/servlet/solicitudot?355344715356798cf50d2814ceb9d8e90f17828040a3d099b78d0449e6fb1321,gx-no-cache=1556822285311 HTTP/1.1" 200 53
190.171.152.114 - - [02/May/2019:15:41:51 -0300] "POST /cormun/servlet/solicitudot?gx-no-cache=1556822285362 HTTP/1.1" 200 256
190.171.152.114 - - [02/May/2019:15:41:51 -0300] "GET /cormun/servlet/solicitudot?355344715356798cf50d2814ceb9d8e9136089977b0f8316836c8d55fdad6d64dc336878b792e089d6a5ccde1d42e9d79928fb863508d83084ba8a60e916bb15eee38f4abe31297d724b6a5a9f0639bc254f09a803626631d9e658053760a20c7439cfe49ea30b2fffcbdccb75814ed176f6f1e61ba9e5a73b431e1bfb9e5fbcb67c31acdd90f4534d9077b1a095521383ed4674862fbc4f3ec6ec649cda10c25b3e40ae7155ae054762bbb4a589a0fffefa7b471fb99d618e0acf95e4c5e3e6dc32707d7c54e5474568d719892da4c9f0288179794f2a736a5308abed86e5c3ebfa990fad2da8d3ec57aa34279ce309771f9b70bf9a7d3f4f6592da5ca0dd666b23d28ab639ef87c302dc9affa7a748746397074a26996b25eb171661ce778977cdd51a309026fc589b5f5ba8f9222da20d68fda8cc51207f5eceb885c5a95b78ccb3cfe3663fee35657712768dc588a79c9b8259018cc6eaaff5603c47ac352271bff2f6ab3a9ab775a9c62bdf663d718efd9f3d54e0a0ff91c98927779d7d,gx-no-cache=1556822285409 HTTP/1.1" 200 30
190.171.152.114 - - [02/May/2019:15:41:52 -0300] "POST /cormun/servlet/solicitudot?gx-no-cache=1556822285444 HTTP/1.1" 200 30
190.171.152.114 - - [02/May/2019:15:41:52 -0300] "POST /cormun/servlet/solicitudot?gx-no-cache=1556822285534 HTTP/1.1" 200 1344
190.171.152.114 - - [02/May/2019:15:41:52 -0300] "POST /cormun/servlet/solicitudot?gx-no-cache=1556822285615 HTTP/1.1" 200 38
190.171.152.114 - - [02/May/2019:15:41:52 -0300] "GET /cormun/servlet/solicitudot?355344715356798cf50d2814ceb9d8e9a8434beaa3f5b6889f9d5d3cf8756c96a3917430c2cac471826341003a4502170892e341c57e3e44f7226b610c9859eea7f300a0f6486b99d1540ee7f285cd33c37ffa6e5d67c99fb24779584902298847ecf0a8c18cec3494422ec99e7a3b87,gx-no-cache=1556822285682 HTTP/1.1" 200 110
190.171.152.114 - - [02/May/2019:15:41:52 -0300] "POST /cormun/servlet/solicitudot?gx-no-cache=1556822285721 HTTP/1.1" 200 83
190.171.143.82 - - [02/May/2019:16:00:26 -0300] "GET /cormun/servlet/hhome HTTP/1.1" 200 3417
190.171.143.82 - - [02/May/2019:16:00:27 -0300] "GET /cormun/servlet/hhome HTTP/1.1" 200 3427
190.171.143.82 - - [02/May/2019:16:00:27 -0300] "GET /cormun/servlet/hlogin HTTP/1.1" 200 1734
190.171.143.82 - - [02/May/2019:16:00:40 -0300] "POST /cormun/servlet/hlogin?2110ac1bf2560427b2e4c1326ac0b0b8,gx-no-cache=1556827638972 HTTP/1.1" 200 90
190.171.143.82 - - [02/May/2019:16:00:40 -0300] "GET /cormun/servlet/hpexe_link HTTP/1.1" 200 950
190.171.143.82 - - [02/May/2019:16:00:40 -0300] "GET /cormun/servlet/hhome HTTP/1.1" 200 4060
190.171.143.82 - - [02/May/2019:16:00:41 -0300] "GET /cormun/servlet/hhome HTTP/1.1" 200 4057
190.171.143.82 - - [02/May/2019:16:00:44 -0300] "GET /cormun/servlet/trlicencias? HTTP/1.1" 200 10935
190.171.143.82 - - [02/May/2019:16:00:45 -0300] "GET /cormun/servlet/trlicencias? HTTP/1.1" 200 10932
190.171.143.82 - - [02/May/2019:16:04:37 -0300] "GET /cormun/servlet/trpermisosgoce? HTTP/1.1" 200 13501
190.171.143.82 - - [02/May/2019:16:04:38 -0300] "GET /cormun/servlet/trpermisosgoce? HTTP/1.1" 200 13501
200.83.224.138 - - [02/May/2019:16:06:24 -0300] "GET /cormun/servlet/hlogin HTTP/1.1" 200 1718
200.83.224.138 - - [02/May/2019:16:06:41 -0300] "POST /cormun/servlet/hlogin?6f2cf42f2064ce163eb18dc00541778f,gx-no-cache=1556823779353 HTTP/1.1" 200 427
200.83.224.138 - - [02/May/2019:16:07:07 -0300] "POST /cormun/servlet/hlogin?6f2cf42f2064ce163eb18dc00541778f,gx-no-cache=1556823805400 HTTP/1.1" 200 90
200.83.224.138 - - [02/May/2019:16:07:07 -0300] "GET /cormun/servlet/hpexe_link HTTP/1.1" 200 950
200.83.224.138 - - [02/May/2019:16:07:07 -0300] "GET /cormun/servlet/hhome HTTP/1.1" 200 4321
200.83.224.138 - - [02/May/2019:16:07:09 -0300] "GET /cormun/servlet/hhome HTTP/1.1" 200 4316
200.83.224.138 - - [02/May/2019:16:07:16 -0300] "GET /cormun/servlet/trpermisosgoce? HTTP/1.1" 200 10278
200.83.224.138 - - [02/May/2019:16:07:17 -0300] "GET /cormun/static/gxcfg.js?20177612163875 HTTP/1.1" 200 953
200.83.224.138 - - [02/May/2019:16:07:17 -0300] "GET /cormun/static/trpermisosgoce.js?20177612164335 HTTP/1.1" 200 35904
200.83.224.138 - - [02/May/2019:16:07:18 -0300] "GET /cormun/servlet/trpermisosgoce? HTTP/1.1" 200 10280
200.83.224.138 - - [02/May/2019:16:07:28 -0300] "GET /cormun/servlet/permisogoce?INS,0,,, HTTP/1.1" 200 7190
200.83.224.138 - - [02/May/2019:16:07:28 -0300] "GET /cormun/static/gxcfg.js?201776126440 HTTP/1.1" 200 953
200.83.224.138 - - [02/May/2019:16:07:29 -0300] "GET /cormun/static/permisogoce.js?2017761264459 HTTP/1.1" 200 27897
200.83.224.138 - - [02/May/2019:16:07:30 -0300] "GET /cormun/servlet/permisogoce?INS,0,,, HTTP/1.1" 200 7190
200.83.224.138 - - [02/May/2019:16:07:32 -0300] "GET /cormun/static/Resources/resize.gif HTTP/1.1" 200 77
200.83.224.138 - - [02/May/2019:16:07:33 -0300] "GET /cormun/servlet/prfichaempleado?,MD,,gxPopupLevel%3D0%3B HTTP/1.1" 200 9423
200.83.224.138 - - [02/May/2019:16:07:33 -0300] "GET /cormun/static/prfichaempleado.js?20177612134999 HTTP/1.1" 200 16006
200.83.224.138 - - [02/May/2019:16:07:33 -0300] "GET /cormun/static/gxcfg.js?20177612134814 HTTP/1.1" 200 953
200.83.224.138 - - [02/May/2019:16:07:47 -0300] "POST /cormun/servlet/prfichaempleado?6f2cf42f2064ce163eb18dc00541778f,,MD,,gxPopupLevel%3D0%3B,gx-no-cache=1556823845705 HTTP/1.1" 200 3426
200.83.224.138 - - [02/May/2019:16:07:53 -0300] "GET /cormun/servlet/permisogoce?1b2f36b871de74b28456c555160f8667fa7c2e9f8971b480479b315261c4e65b7f9e4265dcaa734cc8b664989ee740fb,gx-no-cache=1556823851585 HTTP/1.1" 200 81
200.83.224.138 - - [02/May/2019:16:07:53 -0300] "GET /cormun/static/menuarrow.gif HTTP/1.1" 404 1015
200.83.224.138 - - [02/May/2019:16:08:01 -0300] "GET /cormun/servlet/permisogoce?1b2f36b871de74b28456c555160f866771119ce0e0357df262e6dc32ae182d9171cf94cbdd9ffab87891454276525b2a1901ba50330058a112cabda848316417,gx-no-cache=1556823859869 HTTP/1.1" 200 46
200.83.224.138 - - [02/May/2019:16:08:08 -0300] "POST /cormun/servlet/permisogoce?6f2cf42f2064ce163eb18dc00541778f,INS,0,,,,gx-no-cache=1556823866397 HTTP/1.1" 200 93
200.83.224.138 - - [02/May/2019:16:08:08 -0300] "GET /cormun/servlet/hpexe_return? HTTP/1.1" 200 1009
200.83.224.138 - - [02/May/2019:16:08:08 -0300] "GET /cormun/static/gxcfg.js?2016101716175148 HTTP/1.1" 200 953
200.83.224.138 - - [02/May/2019:16:08:08 -0300] "GET /cormun/static/hpexe_return.js?2016101716175153 HTTP/1.1" 200 1633
200.83.224.138 - - [02/May/2019:16:08:09 -0300] "GET /cormun/static/Resources/Spanish/PXTools.css?167811 HTTP/1.1" 200 89042
200.83.224.138 - - [02/May/2019:16:08:09 -0300] "GET /cormun/servlet/trpermisosgoce HTTP/1.1" 200 10551
200.83.224.138 - - [02/May/2019:16:08:10 -0300] "GET /cormun/servlet/trpermisosgoce HTTP/1.1" 200 10547
200.83.224.138 - - [02/May/2019:16:08:22 -0300] "POST /cormun/servlet/trpermisosgoce?6f2cf42f2064ce163eb18dc00541778f,gx-no-cache=1556823880882 HTTP/1.1" 200 7703
192.168.10.89 - - [02/May/2019:16:13:40 -0300] "GET /cormun/servlet/hlogin HTTP/1.1" 200 1742
190.171.141.138 - - [02/May/2019:16:14:18 -0300] "GET /cormun/servlet/trpermisosadjuntos?10992669,20190502114250,P, HTTP/1.1" 200 5548
190.171.141.138 - - [02/May/2019:16:14:19 -0300] "GET /cormun/servlet/hlogin HTTP/1.1" 200 1766
190.171.141.138 - - [02/May/2019:16:14:19 -0300] "GET /cormun/servlet/trpermisosadjuntos?10992669,20190502114250,P, HTTP/1.1" 200 5544
176.192.125.224 - - [02/May/2019:16:15:07 -0300] "GET / HTTP/1.1" 200 11217
192.168.10.89 - - [02/May/2019:16:16:04 -0300] "GET /cormun/servlet/hlogin HTTP/1.1" 200 1720
192.168.10.89 - - [02/May/2019:16:16:15 -0300] "POST /cormun/servlet/hlogin?6b2939710849c42ea92ea0f620b795ac,gx-no-cache=1556831367884 HTTP/1.1" 200 90
192.168.10.89 - - [02/May/2019:16:16:15 -0300] "GET /cormun/servlet/hpexe_link HTTP/1.1" 200 948
192.168.10.89 - - [02/May/2019:16:16:16 -0300] "GET /cormun/servlet/hhome HTTP/1.1" 200 3876
192.168.10.89 - - [02/May/2019:16:16:19 -0300] "GET /cormun/servlet/trsolicitudgral? HTTP/1.1" 200 22699
190.171.152.114 - - [02/May/2019:16:16:29 -0300] "GET /cormun/servlet/trsolicitudot? HTTP/1.1" 200 6411
190.171.152.114 - - [02/May/2019:16:16:30 -0300] "GET /cormun/servlet/hlogin HTTP/1.1" 200 1735
190.171.152.114 - - [02/May/2019:16:17:32 -0300] "POST /cormun/servlet/hlogin?c883a3438cc6a0b64c92562b5e40d910,gx-no-cache=1556824426127 HTTP/1.1" 200 90
190.171.152.114 - - [02/May/2019:16:17:32 -0300] "GET /cormun/servlet/hpexe_link HTTP/1.1" 200 951
190.171.152.114 - - [02/May/2019:16:17:33 -0300] "GET /cormun/servlet/trsolicitudot HTTP/1.1" 200 7303
190.171.152.114 - - [02/May/2019:16:17:39 -0300] "GET /cormun/servlet/trsolicitudot? HTTP/1.1" 200 7302
190.171.152.114 - - [02/May/2019:16:17:42 -0300] "GET /cormun/servlet/solicitudot?INS,0,0, HTTP/1.1" 200 15251
192.168.10.89 - - [02/May/2019:16:17:56 -0300] "POST /cormun/servlet/trsolicitudgral?6b2939710849c42ea92ea0f620b795ac,,gx-no-cache=1556831467941 HTTP/1.1" 200 7222
190.171.141.114 - - [02/May/2019:16:17:57 -0300] "GET /cormun/servlet/permisogoce?UPD,6885419,P,20190502162013, HTTP/1.1" 200 6206
190.171.141.114 - - [02/May/2019:16:17:59 -0300] "GET /cormun/servlet/hlogin HTTP/1.1" 200 1768
190.171.141.114 - - [02/May/2019:16:17:59 -0300] "GET /cormun/servlet/permisogoce?UPD,6885419,P,20190502162013, HTTP/1.1" 200 6201
192.168.10.89 - - [02/May/2019:16:18:01 -0300] "POST /cormun/servlet/trsolicitudgral?6b2939710849c42ea92ea0f620b795ac,,gx-no-cache=1556831473019 HTTP/1.1" 200 5475
192.168.10.89 - - [02/May/2019:16:18:01 -0300] "GET /cormun/static/Shared/jqueryui/images/ui-icons_82798d_256x240.png HTTP/1.1" 404 1089
192.168.10.89 - - [02/May/2019:16:18:01 -0300] "GET /cormun/static/Shared/jqueryui/images/ui-bg_flat_55_fafafa_40x100.png HTTP/1.1" 404 1097
192.168.10.89 - - [02/May/2019:16:18:01 -0300] "GET /cormun/static/Shared/jqueryui/images/ui-bg_highlight-soft_100_c6c2c8_1x100.png HTTP/1.1" 404 1117
192.168.10.89 - - [02/May/2019:16:18:01 -0300] "GET /cormun/static/Shared/jqueryui/images/ui-icons_8d78a5_256x240.png HTTP/1.1" 404 1089
190.171.152.114 - - [02/May/2019:16:18:05 -0300] "POST /cormun/servlet/solicitudot?gx-no-cache=1556824458671 HTTP/1.1" 200 3578
190.171.152.114 - - [02/May/2019:16:18:05 -0300] "POST /cormun/servlet/solicitudot?c883a3438cc6a0b64c92562b5e40d910,INS,0,0,,gx-no-cache=1556824459141 HTTP/1.1" 200 12052
190.171.141.114 - - [02/May/2019:16:18:07 -0300] "POST /cormun/servlet/hlogin?7329d82569ee5ddbe8fe1e610f578741,gx-no-cache=1556824463331 HTTP/1.1" 200 90
190.171.141.114 - - [02/May/2019:16:18:08 -0300] "GET /cormun/servlet/hpexe_link HTTP/1.1" 200 985
190.171.141.114 - - [02/May/2019:16:18:08 -0300] "GET /cormun/servlet/permisogoce?UPD,6885419,P,20190502162013, HTTP/1.1" 200 6836
190.171.141.114 - - [02/May/2019:16:18:10 -0300] "GET /cormun/servlet/permisogoce?UPD,6885419,P,20190502162013, HTTP/1.1" 200 6835
190.171.141.114 - - [02/May/2019:16:18:10 -0300] "GET /cormun/servlet/permisogoce?1b543a4404f5a64731a925de143152b4041ec50f08054a13303806491001d1cd1181a5a5f29d035fe83d19b51a209c6b37d55f4aeb1a6d9a8a8c97ca132713e8,gx-no-cache=1556824466231 HTTP/1.1" 200 77
190.171.152.114 - - [02/May/2019:16:18:18 -0300] "GET /cormun/servlet/solicitudot?13dd0199d0cf33160aebe301dd7308a536c428de539099cd5060776aab7b98901b6c914a23f967145b3de5293aaf47a4,gx-no-cache=1556824471885 HTTP/1.1" 200 30
190.171.152.114 - - [02/May/2019:16:18:18 -0300] "GET /cormun/servlet/solicitudot?13dd0199d0cf33160aebe301dd7308a5abbca7d1383c9a3ce949eaaa8576e6c6db9689d1bbe6f6ac52702d33e2bdf36325521bfdd49667ec3a41d2ec46b69055,gx-no-cache=1556824472019 HTTP/1.1" 200 30
190.171.152.114 - - [02/May/2019:16:18:18 -0300] "GET /cormun/servlet/solicitudot?13dd0199d0cf33160aebe301dd7308a528755f718abf2d8d92b0df792f4d9728,gx-no-cache=1556824472161 HTTP/1.1" 200 53
190.171.152.114 - - [02/May/2019:16:18:18 -0300] "POST /cormun/servlet/solicitudot?gx-no-cache=1556824472229 HTTP/1.1" 200 297
190.171.152.114 - - [02/May/2019:16:18:18 -0300] "GET /cormun/servlet/solicitudot?13dd0199d0cf33160aebe301dd7308a56498d37a29bd9ab41a6400d7b2e1e1d663be4405652705a3b8fa4466b28a6208cf98d7e8b31ce6a2c54146dfee64355e8bfadfffd37d3df65b58c5cabcfb062b53e818bddfb1c17adde84bafc770bd6a6713407ac1da2a117ba0ce7b462d168b082b594894c2c0d9463ed14aa8fbd2774910f161185b61b2b71cf2692fe4d17f4312be74daeeeb0b9f7f243cd853a9e35d5a74ff7611256d9f97737ac2dd09d9cc83443c7be206ae61b41977cc96496798308ce14ba8ccd3874460294d1c72fc90674d0d7a733fe007513e83d4d1dd2861a81b0fbefb706a0a3085b2f0573977d517527879e0c9d6c91b88c8dff093b69ee4291bf8c6dbc5bfeeeff917f46c307d4b10e7660820819c62769f9a38a8233729e87eb1c16ed2635ea12754f1fe41eebb46d766f9ea915ef088029cdc7b1b52ca92ea58793d45cfae3f3f5722d385c5521ec7fb791305a6cda9f6dab1fdafaccb27dd7dbac42751d6cc06a7fa2bd745b64f6a65d6478bc1d2e67769c3c0a3908b1119ba2717fd6f405c50b1bbe8d7,gx-no-cache=1556824472301 HTTP/1.1" 200 30
190.171.152.114 - - [02/May/2019:16:18:20 -0300] "POST /cormun/servlet/solicitudot?gx-no-cache=1556824473587 HTTP/1.1" 200 30
190.171.152.114 - - [02/May/2019:16:18:24 -0300] "POST /cormun/servlet/solicitudot?gx-no-cache=1556824477990 HTTP/1.1" 200 1344
190.171.152.114 - - [02/May/2019:16:18:24 -0300] "POST /cormun/servlet/solicitudot?gx-no-cache=1556824478177 HTTP/1.1" 200 38
190.171.152.114 - - [02/May/2019:16:18:24 -0300] "GET /cormun/servlet/solicitudot?13dd0199d0cf33160aebe301dd7308a52f79c1521df2ed7c4aab0ffb6f894eceb966b9dcae5bd5b20925bd4b35be8f48d2fcb44a94fabbda4257a8a784f29be387e6d1ddc9c11e41f97860d21b69cd9c988f962397575d8c246b46329d11d09ec3926a1750606f303487ce306557c3c1,gx-no-cache=1556824478302 HTTP/1.1" 200 110
190.171.152.114 - - [02/May/2019:16:18:41 -0300] "POST /cormun/servlet/solicitudot?gx-no-cache=1556824495238 HTTP/1.1" 200 83
190.171.141.106 - - [02/May/2019:16:19:01 -0300] "GET /cormun/servlet/hlogin HTTP/1.1" 200 1728
190.171.141.106 - - [02/May/2019:16:19:01 -0300] "GET /cormun/static/gxtimezone.js?85251 HTTP/1.1" 200 5781
190.171.141.106 - - [02/May/2019:16:19:01 -0300] "GET /cormun/static/gxcfg.js?20177612122725 HTTP/1.1" 200 953
190.171.141.106 - - [02/May/2019:16:19:01 -0300] "GET /cormun/static/Resources/Spanish/PXTools.css?1155365 HTTP/1.1" 200 89042
190.171.141.106 - - [02/May/2019:16:19:01 -0300] "GET /cormun/static/Resources/ComunLogin.png HTTP/1.1" 200 17326
190.171.141.106 - - [02/May/2019:16:19:01 -0300] "GET /cormun/static/messages.spa.js?85251 HTTP/1.1" 200 30736
190.171.141.106 - - [02/May/2019:16:19:01 -0300] "GET /cormun/static/hlogin.js?20177612122738 HTTP/1.1" 200 2136
190.171.141.106 - - [02/May/2019:16:19:01 -0300] "GET /cormun/static/gxgral.js?85251 HTTP/1.1" 200 384558
190.171.141.106 - - [02/May/2019:16:19:02 -0300] "GET /cormun/static/Resources/PXToolsLoginBackground.png HTTP/1.1" 200 1164
190.171.141.106 - - [02/May/2019:16:19:02 -0300] "GET /cormun/static/Resources/PXToolsButtonLeft21.png HTTP/1.1" 200 1287
190.171.141.106 - - [02/May/2019:16:19:02 -0300] "GET /cormun/static/Resources/PXToolsButtonRight21.png HTTP/1.1" 200 1283
190.171.141.106 - - [02/May/2019:16:19:02 -0300] "GET /cormun/static/Resources/PXToolsButtonBackground2.png HTTP/1.1" 200 1181
190.171.141.106 - - [02/May/2019:16:19:02 -0300] "GET /cormun/static/Resources/PXToolsLoginTop.png HTTP/1.1" 200 1337
190.171.141.106 - - [02/May/2019:16:19:02 -0300] "GET /cormun/static/Resources/PXToolsLoginBottom.png HTTP/1.1" 200 1389
190.171.141.106 - - [02/May/2019:16:19:02 -0300] "GET /cormun/servlet/hlogin HTTP/1.1" 200 1736
190.171.141.106 - - [02/May/2019:16:19:02 -0300] "GET /cormun/static/Resources/indicator.gif HTTP/1.1" 200 1553
190.171.141.106 - - [02/May/2019:16:19:02 -0300] "GET /favicon.ico HTTP/1.1" 200 21630
190.171.152.114 - - [02/May/2019:16:19:07 -0300] "GET /cormun/servlet/solicitudot?13dd0199d0cf33160aebe301dd7308a5a178e96cda9d2c4affc3875e3dfa1ac387004f96297aa24de4a5256bef6c85db0b7770f61902a6239eb7744e0a252243c325b589679702667e5a63b19036f0050230ac48186d0ffc0b1d23cd38e564e569bb23bdc6336b3982ba7482d8b31317,gx-no-cache=1556824520621 HTTP/1.1" 200 29
190.171.152.114 - - [02/May/2019:16:19:07 -0300] "GET /cormun/static/menuarrow.gif HTTP/1.1" 404 1015
190.171.152.114 - - [02/May/2019:16:19:10 -0300] "GET /cormun/servlet/solicitudot?13dd0199d0cf33160aebe301dd7308a57ba52f93e5598c70d95e57b513a8be7149c7a17fe0085d07bd2d3a88d5d4395e,gx-no-cache=1556824523520 HTTP/1.1" 200 30
190.171.141.106 - - [02/May/2019:16:19:17 -0300] "POST /cormun/servlet/hlogin?bbf2ea1db701650939b905d233fd8ac0,gx-no-cache=1556828387671 HTTP/1.1" 200 449
190.171.152.114 - - [02/May/2019:16:19:18 -0300] "POST /cormun/servlet/solicitudot?gx-no-cache=1556824531662 HTTP/1.1" 200 30
190.171.141.106 - - [02/May/2019:16:19:25 -0300] "POST /cormun/servlet/hlogin?bbf2ea1db701650939b905d233fd8ac0,gx-no-cache=1556828394569 HTTP/1.1" 200 448
190.171.141.106 - - [02/May/2019:16:19:33 -0300] "POST /cormun/servlet/hlogin?bbf2ea1db701650939b905d233fd8ac0,gx-no-cache=1556828402852 HTTP/1.1" 200 449
190.171.141.138 - - [02/May/2019:16:19:35 -0300] "GET /cormun/servlet/hlogin HTTP/1.1" 200 1720
190.171.141.138 - - [02/May/2019:16:19:37 -0300] "POST /cormun/servlet/hlogin?013bfb460ad2d119e5d18fca35cc6975,gx-no-cache=1556824552586 HTTP/1.1" 200 90
190.171.141.138 - - [02/May/2019:16:19:37 -0300] "GET /cormun/servlet/hpexe_link HTTP/1.1" 200 983
190.171.141.138 - - [02/May/2019:16:19:37 -0300] "GET /cormun/servlet/trpermisosadjuntos?10992669,20190502114250,P, HTTP/1.1" 200 6603
190.171.141.106 - - [02/May/2019:16:19:38 -0300] "GET /cormun/servlet/hlogin HTTP/1.1" 200 1728
190.171.141.138 - - [02/May/2019:16:19:38 -0300] "GET /cormun/servlet/trpermisosadjuntos?10992669,20190502114250,P, HTTP/1.1" 200 6608
190.171.141.138 - - [02/May/2019:16:19:41 -0300] "GET /cormun/servlet/permisosadjuntos?INS,10992669,P,20190502114250,, HTTP/1.1" 200 6113
190.171.141.138 - - [02/May/2019:16:19:41 -0300] "GET /cormun/static/about:blank HTTP/1.1" 404 1011
190.171.141.138 - - [02/May/2019:16:19:42 -0300] "GET /cormun/servlet/permisosadjuntos?INS,10992669,P,20190502114250,, HTTP/1.1" 200 6103
190.171.141.106 - - [02/May/2019:16:19:42 -0300] "GET /cormun/servlet/hlogin HTTP/1.1" 200 1728
190.171.152.114 - - [02/May/2019:16:19:42 -0300] "POST /cormun/servlet/solicitudot?c883a3438cc6a0b64c92562b5e40d910,INS,0,0,,gx-no-cache=1556824555624 HTTP/1.1" 200 93
190.171.152.114 - - [02/May/2019:16:19:42 -0300] "GET /cormun/servlet/hpexe_return? HTTP/1.1" 200 1000
190.171.152.114 - - [02/May/2019:16:19:42 -0300] "GET /cormun/servlet/trsolicitudot HTTP/1.1" 200 8706
190.171.152.114 - - [02/May/2019:16:19:50 -0300] "POST /cormun/servlet/trsolicitudot?c883a3438cc6a0b64c92562b5e40d910,gx-no-cache=1556824563804 HTTP/1.1" 200 107
190.171.152.114 - - [02/May/2019:16:19:50 -0300] "GET /cormun/servlet/trsolicitudadjuntos?2019,15495, HTTP/1.1" 200 6367
190.171.152.114 - - [02/May/2019:16:19:53 -0300] "GET /cormun/servlet/solicitudotadjuntos?INS,2019,15495,,1, HTTP/1.1" 200 6312
190.171.152.114 - - [02/May/2019:16:19:53 -0300] "HEAD /cormun/static/about:blank HTTP/1.1" 404 -
190.171.152.114 - - [02/May/2019:16:19:54 -0300] "GET /cormun/servlet/solicitudotadjuntos?13dd0199d0cf33160aebe301dd7308a51abf1ecddb4d87e2875e39f5969c7833e5525c5be3d88046010c35e840fa50d9,gx-no-cache=1556824568353 HTTP/1.1" 200 30
190.171.152.114 - - [02/May/2019:16:19:54 -0300] "POST /cormun/servlet/solicitudotadjuntos?c883a3438cc6a0b64c92562b5e40d910,INS,2019,15495,,1,,gx-no-cache=1556824568396 HTTP/1.1" 200 4060
190.171.152.114 - - [02/May/2019:16:19:58 -0300] "POST /cormun/servlet/solicitudotadjuntos?gx-no-cache=1556824571606 HTTP/1.1" 200 26
190.171.141.114 - - [02/May/2019:16:19:59 -0300] "GET /cormun/servlet/trlicencias? HTTP/1.1" 200 9493
190.171.141.114 - - [02/May/2019:16:20:00 -0300] "GET /cormun/servlet/trlicencias? HTTP/1.1" 200 9469
190.171.141.114 - - [02/May/2019:16:20:07 -0300] "GET /cormun/servlet/licenciaspermisos?INS,0,,, HTTP/1.1" 200 7615
190.171.141.114 - - [02/May/2019:16:20:08 -0300] "GET /cormun/static/gxcfg.js?201762917281167 HTTP/1.1" 200 953
190.171.141.114 - - [02/May/2019:16:20:08 -0300] "GET /cormun/static/licenciaspermisos.js?201762917281260 HTTP/1.1" 200 37491
190.171.141.114 - - [02/May/2019:16:20:09 -0300] "GET /cormun/servlet/licenciaspermisos?INS,0,,, HTTP/1.1" 200 7623
190.171.152.114 - - [02/May/2019:16:20:09 -0300] "GET /cormun/servlet/solicitudotadjuntos?13dd0199d0cf33160aebe301dd7308a5605af62af56b8716213019ec19a00475,gx-no-cache=1556824583133 HTTP/1.1" 200 30
190.171.152.114 - - [02/May/2019:16:20:09 -0300] "GET /cormun/servlet/solicitudotadjuntos?13dd0199d0cf33160aebe301dd7308a5605af62af56b8716213019ec19a00475,gx-no-cache=1556824583182 HTTP/1.1" 200 30
190.171.141.138 - - [02/May/2019:16:20:09 -0300] "POST /cormun/servlet/permisosadjuntos?013bfb460ad2d119e5d18fca35cc6975,INS,10992669,P,20190502114250,, HTTP/1.1" 200 116
190.171.141.138 - - [02/May/2019:16:20:09 -0300] "GET /cormun/servlet/hpexe_return? HTTP/1.1" 200 1038
190.171.141.138 - - [02/May/2019:16:20:10 -0300] "GET /cormun/servlet/trpermisosadjuntos?10992669,20190502114250,P, HTTP/1.1" 200 7196
190.171.152.114 - - [02/May/2019:16:20:10 -0300] "POST /cormun/servlet/solicitudotadjuntos?c883a3438cc6a0b64c92562b5e40d910,INS,2019,15495,,1, HTTP/1.1" 200 116
190.171.152.114 - - [02/May/2019:16:20:10 -0300] "GET /cormun/servlet/hpexe_return? HTTP/1.1" 200 1020
190.171.141.138 - - [02/May/2019:16:20:10 -0300] "GET /cormun/servlet/trpermisosadjuntos?10992669,20190502114250,P, HTTP/1.1" 200 7194
190.171.152.114 - - [02/May/2019:16:20:10 -0300] "GET /cormun/servlet/trsolicitudadjuntos?2019,15495, HTTP/1.1" 200 9003
190.171.152.114 - - [02/May/2019:16:20:14 -0300] "GET /cormun/servlet/solicitudotadjuntos?INS,2019,15495,,1, HTTP/1.1" 200 6312
190.171.152.114 - - [02/May/2019:16:20:14 -0300] "HEAD /cormun/static/about:blank HTTP/1.1" 404 -
190.171.141.138 - - [02/May/2019:16:20:15 -0300] "GET /cormun/servlet/trpermisosgoce? HTTP/1.1" 200 12166
190.171.141.138 - - [02/May/2019:16:20:15 -0300] "GET /cormun/servlet/trpermisosgoce? HTTP/1.1" 200 12165
190.171.152.114 - - [02/May/2019:16:20:15 -0300] "GET /cormun/servlet/solicitudotadjuntos?13dd0199d0cf33160aebe301dd7308a51abf1ecddb4d87e2875e39f5969c7833e5525c5be3d88046010c35e840fa50d9,gx-no-cache=1556824589395 HTTP/1.1" 200 30
190.171.152.114 - - [02/May/2019:16:20:16 -0300] "POST /cormun/servlet/solicitudotadjuntos?c883a3438cc6a0b64c92562b5e40d910,INS,2019,15495,,1,,gx-no-cache=1556824589473 HTTP/1.1" 200 4060
190.171.141.138 - - [02/May/2019:16:20:19 -0300] "POST /cormun/servlet/trpermisosgoce?013bfb460ad2d119e5d18fca35cc6975,,gx-no-cache=1556824593873 HTTP/1.1" 200 9148
190.171.152.114 - - [02/May/2019:16:20:19 -0300] "POST /cormun/servlet/solicitudotadjuntos?gx-no-cache=1556824592505 HTTP/1.1" 200 26
190.171.141.138 - - [02/May/2019:16:20:19 -0300] "GET /cormun/static/Shared/jqueryui/images/ui-icons_82798d_256x240.png HTTP/1.1" 404 1089
190.171.141.138 - - [02/May/2019:16:20:19 -0300] "GET /cormun/static/Shared/jqueryui/images/ui-bg_highlight-soft_100_c6c2c8_1x100.png HTTP/1.1" 404 1117
190.171.141.138 - - [02/May/2019:16:20:19 -0300] "GET /cormun/static/Shared/jqueryui/images/ui-icons_8d78a5_256x240.png HTTP/1.1" 404 1089
190.171.141.138 - - [02/May/2019:16:20:19 -0300] "GET /cormun/static/Shared/jqueryui/images/ui-bg_flat_55_fafafa_40x100.png HTTP/1.1" 404 1097
190.171.141.138 - - [02/May/2019:16:20:21 -0300] "GET /cormun/servlet/trpermisosadjuntos?12693082,20190429132710,P, HTTP/1.1" 200 6599
190.171.141.138 - - [02/May/2019:16:20:22 -0300] "GET /cormun/servlet/trpermisosadjuntos?12693082,20190429132710,P, HTTP/1.1" 200 6601
190.171.141.138 - - [02/May/2019:16:20:23 -0300] "GET /cormun/servlet/permisosadjuntos?INS,12693082,P,20190429132710,, HTTP/1.1" 200 6115
190.171.152.114 - - [02/May/2019:16:20:24 -0300] "GET /cormun/servlet/solicitudotadjuntos?13dd0199d0cf33160aebe301dd7308a5605af62af56b8716213019ec19a00475,gx-no-cache=1556824597476 HTTP/1.1" 200 30
190.171.141.138 - - [02/May/2019:16:20:24 -0300] "GET /cormun/static/about:blank HTTP/1.1" 404 1011
190.171.152.114 - - [02/May/2019:16:20:24 -0300] "GET /cormun/servlet/solicitudotadjuntos?13dd0199d0cf33160aebe301dd7308a5605af62af56b8716213019ec19a00475,gx-no-cache=1556824597585 HTTP/1.1" 200 30
190.171.141.138 - - [02/May/2019:16:20:24 -0300] "GET /cormun/servlet/permisosadjuntos?INS,12693082,P,20190429132710,, HTTP/1.1" 200 6104
190.171.141.138 - - [02/May/2019:16:20:30 -0300] "POST /cormun/servlet/permisosadjuntos?013bfb460ad2d119e5d18fca35cc6975,INS,12693082,P,20190429132710,, HTTP/1.1" 200 116
190.171.152.114 - - [02/May/2019:16:20:30 -0300] "POST /cormun/servlet/solicitudotadjuntos?c883a3438cc6a0b64c92562b5e40d910,INS,2019,15495,,1, HTTP/1.1" 200 116
190.171.141.138 - - [02/May/2019:16:20:30 -0300] "GET /cormun/servlet/hpexe_return? HTTP/1.1" 200 1038
190.171.152.114 - - [02/May/2019:16:20:30 -0300] "GET /cormun/servlet/hpexe_return? HTTP/1.1" 200 1020
190.171.141.138 - - [02/May/2019:16:20:30 -0300] "GET /cormun/servlet/trpermisosadjuntos?12693082,20190429132710,P, HTTP/1.1" 200 7213
190.171.152.114 - - [02/May/2019:16:20:30 -0300] "GET /cormun/servlet/trsolicitudadjuntos?2019,15495, HTTP/1.1" 200 9224
190.171.141.138 - - [02/May/2019:16:20:31 -0300] "GET /cormun/servlet/trpermisosadjuntos?12693082,20190429132710,P, HTTP/1.1" 200 7209
190.171.152.114 - - [02/May/2019:16:20:35 -0300] "GET /cormun/servlet/solicitudotadjuntos?INS,2019,15495,,1, HTTP/1.1" 200 6312
190.171.152.114 - - [02/May/2019:16:20:36 -0300] "HEAD /cormun/static/about:blank HTTP/1.1" 404 -
190.171.152.114 - - [02/May/2019:16:20:36 -0300] "GET /cormun/servlet/solicitudotadjuntos?13dd0199d0cf33160aebe301dd7308a51abf1ecddb4d87e2875e39f5969c7833e5525c5be3d88046010c35e840fa50d9,gx-no-cache=1556824610211 HTTP/1.1" 200 30
190.171.152.114 - - [02/May/2019:16:20:36 -0300] "POST /cormun/servlet/solicitudotadjuntos?c883a3438cc6a0b64c92562b5e40d910,INS,2019,15495,,1,,gx-no-cache=1556824610295 HTTP/1.1" 200 4060
190.171.141.138 - - [02/May/2019:16:20:37 -0300] "GET /cormun/servlet/trpermisosgoce? HTTP/1.1" 200 12159
190.171.141.138 - - [02/May/2019:16:20:38 -0300] "GET /cormun/servlet/trpermisosgoce? HTTP/1.1" 200 12158
190.171.152.114 - - [02/May/2019:16:20:39 -0300] "POST /cormun/servlet/solicitudotadjuntos?gx-no-cache=1556824612953 HTTP/1.1" 200 26
190.171.152.114 - - [02/May/2019:16:20:44 -0300] "GET /cormun/servlet/solicitudotadjuntos?13dd0199d0cf33160aebe301dd7308a5605af62af56b8716213019ec19a00475,gx-no-cache=1556824617460 HTTP/1.1" 200 30
190.171.152.114 - - [02/May/2019:16:20:44 -0300] "GET /cormun/servlet/solicitudotadjuntos?13dd0199d0cf33160aebe301dd7308a5605af62af56b8716213019ec19a00475,gx-no-cache=1556824617516 HTTP/1.1" 200 30
190.171.152.114 - - [02/May/2019:16:20:44 -0300] "POST /cormun/servlet/solicitudotadjuntos?c883a3438cc6a0b64c92562b5e40d910,INS,2019,15495,,1, HTTP/1.1" 200 116
190.171.152.114 - - [02/May/2019:16:20:44 -0300] "GET /cormun/servlet/hpexe_return? HTTP/1.1" 200 1020
190.171.152.114 - - [02/May/2019:16:20:45 -0300] "GET /cormun/servlet/trsolicitudadjuntos?2019,15495, HTTP/1.1" 200 9393
190.171.141.138 - - [02/May/2019:16:20:45 -0300] "POST /cormun/servlet/trpermisosgoce?013bfb460ad2d119e5d18fca35cc6975,,gx-no-cache=1556824620135 HTTP/1.1" 200 9146
190.171.141.138 - - [02/May/2019:16:20:45 -0300] "GET /cormun/static/Shared/jqueryui/images/ui-bg_highlight-soft_100_c6c2c8_1x100.png HTTP/1.1" 404 1117
190.171.141.138 - - [02/May/2019:16:20:45 -0300] "GET /cormun/static/Shared/jqueryui/images/ui-bg_flat_55_fafafa_40x100.png HTTP/1.1" 404 1097
190.171.141.138 - - [02/May/2019:16:20:45 -0300] "GET /cormun/static/Shared/jqueryui/images/ui-icons_8d78a5_256x240.png HTTP/1.1" 404 1089
190.171.141.138 - - [02/May/2019:16:20:45 -0300] "GET /cormun/static/Shared/jqueryui/images/ui-icons_82798d_256x240.png HTTP/1.1" 404 1089
190.171.152.114 - - [02/May/2019:16:20:51 -0300] "GET /cormun/servlet/solicitudotadjuntos?INS,2019,15495,,1, HTTP/1.1" 200 6313
190.171.152.114 - - [02/May/2019:16:20:51 -0300] "HEAD /cormun/static/about:blank HTTP/1.1" 404 -
190.171.152.114 - - [02/May/2019:16:20:52 -0300] "GET /cormun/servlet/solicitudotadjuntos?13dd0199d0cf33160aebe301dd7308a51abf1ecddb4d87e2875e39f5969c7833e5525c5be3d88046010c35e840fa50d9,gx-no-cache=1556824625824 HTTP/1.1" 200 30
190.171.152.114 - - [02/May/2019:16:20:52 -0300] "POST /cormun/servlet/solicitudotadjuntos?c883a3438cc6a0b64c92562b5e40d910,INS,2019,15495,,1,,gx-no-cache=1556824625950 HTTP/1.1" 200 4060
