190.171.141.90 - - [30/Apr/2019:17:17:23 -0300] "GET /cormun/servlet/trpermisosgoce HTTP/1.1" 200 17315
190.171.141.90 - - [30/Apr/2019:17:17:23 -0300] "GET /cormun/servlet/trpermisosgoce HTTP/1.1" 200 17310
200.54.246.54 - - [30/Apr/2019:17:17:31 -0300] "GET /cormun/servlet/permisogoce?062d5f1b9f6bdf2dc45ccf2ff07c1015627228b6fd974bc4fc18f745b86a9c3e103c9f122dc0af74b82ab9031f0e89c7b2d6d601ac4619285fc4431e82725303,gx-no-cache=1556651601008 HTTP/1.1" 200 46
190.171.141.90 - - [30/Apr/2019:17:17:33 -0300] "POST /cormun/servlet/trpermisosgoce?45879afc05e350204ac36026381f49f5,gx-no-cache=1556651628823 HTTP/1.1" 200 5498
200.54.246.54 - - [30/Apr/2019:17:17:35 -0300] "POST /cormun/servlet/permisogoce?fca34003f3c482f152855124cefcbade,INS,0,,,,gx-no-cache=1556651604658 HTTP/1.1" 200 93
200.54.246.54 - - [30/Apr/2019:17:17:35 -0300] "GET /cormun/servlet/hpexe_return? HTTP/1.1" 200 1006
200.54.246.54 - - [30/Apr/2019:17:17:35 -0300] "GET /cormun/servlet/trpermisosgoce HTTP/1.1" 200 14280
200.54.246.54 - - [30/Apr/2019:17:17:36 -0300] "GET /cormun/servlet/trpermisosgoce HTTP/1.1" 200 14276
200.54.246.54 - - [30/Apr/2019:17:17:42 -0300] "GET /cormun/servlet/permisogoce?INS,0,,, HTTP/1.1" 200 7210
200.54.246.54 - - [30/Apr/2019:17:17:42 -0300] "GET /cormun/servlet/permisogoce?INS,0,,, HTTP/1.1" 200 7210
190.171.141.90 - - [30/Apr/2019:17:17:43 -0300] "POST /cormun/servlet/trpermisosgoce?45879afc05e350204ac36026381f49f5,gx-no-cache=1556651639531 HTTP/1.1" 200 14462
186.67.172.234 - - [30/Apr/2019:17:17:50 -0300] "GET /cormun/servlet/permisogoce?062d5f1b9f6bdf2dc45ccf2ff07c1015eea9e30bd78df3355f130672ee41352dda8788408f3a4d83322ea810e7a237985d894a6be77fb7c69e24664172d3a447,gx-no-cache=1556651619826 HTTP/1.1" 200 81
186.67.172.234 - - [30/Apr/2019:17:17:50 -0300] "GET /cormun/static/menuarrow.gif HTTP/1.1" 404 1015
186.67.172.234 - - [30/Apr/2019:17:17:58 -0300] "GET /cormun/servlet/permisogoce?062d5f1b9f6bdf2dc45ccf2ff07c10158afcb7050973e0614e026fcd719ca7071708f3adcff6e0d10f7169f2a0001b1eb2e7c5c8f33f8fc6c3cfcd63eb891e68,gx-no-cache=1556651628120 HTTP/1.1" 200 46
186.67.172.234 - - [30/Apr/2019:17:18:01 -0300] "POST /cormun/servlet/permisogoce?fca34003f3c482f152855124cefcbade,INS,0,,,,gx-no-cache=1556651631186 HTTP/1.1" 200 93
186.67.172.234 - - [30/Apr/2019:17:18:01 -0300] "GET /cormun/servlet/hpexe_return? HTTP/1.1" 200 1006
186.67.172.234 - - [30/Apr/2019:17:18:02 -0300] "GET /cormun/servlet/trpermisosgoce HTTP/1.1" 200 14478
186.67.172.234 - - [30/Apr/2019:17:18:02 -0300] "GET /cormun/servlet/trpermisosgoce HTTP/1.1" 200 14474
186.67.172.234 - - [30/Apr/2019:17:18:06 -0300] "GET /cormun/servlet/trpermisosadjuntos?17477633,20190430180956,P, HTTP/1.1" 200 6657
186.67.172.234 - - [30/Apr/2019:17:18:06 -0300] "GET /cormun/static/gxcfg.js?201762817193957 HTTP/1.1" 200 953
186.67.172.234 - - [30/Apr/2019:17:18:06 -0300] "GET /cormun/static/trpermisosadjuntos.js?201762817194366 HTTP/1.1" 200 20158
186.67.172.234 - - [30/Apr/2019:17:18:06 -0300] "GET /cormun/static/Resources/Spanish/PXTools.css?17315867 HTTP/1.1" 200 89042
186.67.172.234 - - [30/Apr/2019:17:18:07 -0300] "GET /cormun/servlet/trpermisosadjuntos?17477633,20190430180956,P, HTTP/1.1" 200 6657
186.67.172.234 - - [30/Apr/2019:17:18:08 -0300] "GET /cormun/servlet/permisosadjuntos?INS,17477633,P,20190430180956,, HTTP/1.1" 200 5985
186.67.172.234 - - [30/Apr/2019:17:18:08 -0300] "GET /cormun/static/gxcfg.js?201762717441171 HTTP/1.1" 200 953
186.67.172.234 - - [30/Apr/2019:17:18:08 -0300] "GET /cormun/static/permisosadjuntos.js?201762717441184 HTTP/1.1" 200 8724
186.67.172.234 - - [30/Apr/2019:17:18:08 -0300] "GET /cormun/static/about:blank HTTP/1.1" 404 1011
186.67.172.234 - - [30/Apr/2019:17:18:08 -0300] "GET /cormun/servlet/permisosadjuntos?INS,17477633,P,20190430180956,, HTTP/1.1" 200 5974
186.67.172.234 - - [30/Apr/2019:17:18:14 -0300] "POST /cormun/servlet/permisosadjuntos?fca34003f3c482f152855124cefcbade,INS,17477633,P,20190430180956,, HTTP/1.1" 200 116
186.67.172.234 - - [30/Apr/2019:17:18:14 -0300] "GET /cormun/servlet/hpexe_return? HTTP/1.1" 200 1034
186.67.172.234 - - [30/Apr/2019:17:18:14 -0300] "GET /cormun/servlet/trpermisosadjuntos?17477633,20190430180956,P, HTTP/1.1" 200 7179
186.67.172.234 - - [30/Apr/2019:17:18:14 -0300] "GET /cormun/servlet/trpermisosadjuntos?17477633,20190430180956,P, HTTP/1.1" 200 7175
186.67.172.234 - - [30/Apr/2019:17:18:16 -0300] "POST /cormun/servlet/trpermisosadjuntos?fca34003f3c482f152855124cefcbade,17477633,20190430180956,P,,gx-no-cache=1556651646642 HTTP/1.1" 200 90
186.67.172.234 - - [30/Apr/2019:17:18:16 -0300] "GET /cormun/servlet/hpexe_link HTTP/1.1" 200 979
186.67.172.234 - - [30/Apr/2019:17:18:17 -0300] "GET /cormun/servlet/trpermisosgoce HTTP/1.1" 200 14475
186.67.172.234 - - [30/Apr/2019:17:18:17 -0300] "GET /cormun/servlet/trpermisosgoce HTTP/1.1" 200 14474
190.171.141.90 - - [30/Apr/2019:17:18:21 -0300] "GET /cormun/servlet/trpermisosadjuntos?15430732,20190430181010,P, HTTP/1.1" 200 6545
186.67.172.234 - - [30/Apr/2019:17:18:22 -0300] "GET /cormun/servlet/trpermisosadjuntos?8204761,20190430181025,P, HTTP/1.1" 200 6654
186.67.172.234 - - [30/Apr/2019:17:18:22 -0300] "GET /cormun/servlet/trpermisosadjuntos?8204761,20190430181025,P, HTTP/1.1" 200 6654
190.171.141.90 - - [30/Apr/2019:17:18:22 -0300] "GET /cormun/servlet/trpermisosadjuntos?15430732,20190430181010,P, HTTP/1.1" 200 6544
186.67.172.234 - - [30/Apr/2019:17:18:23 -0300] "GET /cormun/servlet/permisosadjuntos?INS,8204761,P,20190430181025,, HTTP/1.1" 200 5980
186.67.172.234 - - [30/Apr/2019:17:18:23 -0300] "GET /cormun/static/about:blank HTTP/1.1" 404 1011
186.67.172.234 - - [30/Apr/2019:17:18:24 -0300] "GET /cormun/servlet/permisosadjuntos?INS,8204761,P,20190430181025,, HTTP/1.1" 200 5970
190.171.141.90 - - [30/Apr/2019:17:18:24 -0300] "GET /cormun/servlet/permisosadjuntos?INS,15430732,P,20190430181010,, HTTP/1.1" 200 5876
190.171.141.90 - - [30/Apr/2019:17:18:24 -0300] "GET /cormun/static/about:blank HTTP/1.1" 404 1011
190.171.141.90 - - [30/Apr/2019:17:18:24 -0300] "GET /cormun/servlet/permisosadjuntos?INS,15430732,P,20190430181010,, HTTP/1.1" 200 5866
186.67.172.234 - - [30/Apr/2019:17:18:28 -0300] "POST /cormun/servlet/permisosadjuntos?fca34003f3c482f152855124cefcbade,INS,8204761,P,20190430181025,, HTTP/1.1" 200 116
186.67.172.234 - - [30/Apr/2019:17:18:28 -0300] "GET /cormun/servlet/hpexe_return? HTTP/1.1" 200 1033
186.67.172.234 - - [30/Apr/2019:17:18:29 -0300] "GET /cormun/servlet/trpermisosadjuntos?8204761,20190430181025,P, HTTP/1.1" 200 7172
186.67.172.234 - - [30/Apr/2019:17:18:29 -0300] "GET /cormun/servlet/trpermisosadjuntos?8204761,20190430181025,P, HTTP/1.1" 200 7168
186.67.172.234 - - [30/Apr/2019:17:18:30 -0300] "POST /cormun/servlet/trpermisosadjuntos?fca34003f3c482f152855124cefcbade,8204761,20190430181025,P,,gx-no-cache=1556651660695 HTTP/1.1" 200 90
186.67.172.234 - - [30/Apr/2019:17:18:31 -0300] "GET /cormun/servlet/hpexe_link HTTP/1.1" 200 978
186.67.172.234 - - [30/Apr/2019:17:18:31 -0300] "GET /cormun/servlet/trpermisosgoce HTTP/1.1" 200 14475
186.67.172.234 - - [30/Apr/2019:17:18:31 -0300] "GET /cormun/servlet/trpermisosgoce HTTP/1.1" 200 14474
190.171.153.50 - - [30/Apr/2019:17:18:32 -0300] "POST /cormun/servlet/solicitudot?gx-no-cache=1556655284835 HTTP/1.1" 200 3556
190.171.153.50 - - [30/Apr/2019:17:18:32 -0300] "POST /cormun/servlet/solicitudot?f5862217e8dc554ecefd5f6f0862bee2,INS,0,0,,gx-no-cache=1556655285150 HTTP/1.1" 200 12037
186.67.172.234 - - [30/Apr/2019:17:18:34 -0300] "GET /cormun/servlet/trpermisosadjuntos?10452710,20190430181055,P, HTTP/1.1" 200 6654
186.67.172.234 - - [30/Apr/2019:17:18:35 -0300] "GET /cormun/servlet/trpermisosadjuntos?10452710,20190430181055,P, HTTP/1.1" 200 6655
190.171.141.90 - - [30/Apr/2019:17:18:35 -0300] "POST /cormun/servlet/permisosadjuntos?45879afc05e350204ac36026381f49f5,INS,15430732,P,20190430181010,, HTTP/1.1" 200 116
190.171.141.90 - - [30/Apr/2019:17:18:35 -0300] "GET /cormun/servlet/hpexe_return? HTTP/1.1" 200 1039
190.171.153.50 - - [30/Apr/2019:17:18:35 -0300] "GET /cormun/servlet/solicitudot?c86123a86e5fa18c7a2d62368e88b72153d7450594e8d67a0967100642170296a19cba87428f92ae63c5b262bfe1e590,gx-no-cache=1556655288347 HTTP/1.1" 200 30
190.171.153.50 - - [30/Apr/2019:17:18:35 -0300] "GET /cormun/servlet/solicitudot?c86123a86e5fa18c7a2d62368e88b7213c85a36474a28c116185b8c4aeebdf1187c1e23d45e1f1b1698589f9aa0617b9,gx-no-cache=1556655288393 HTTP/1.1" 200 30
190.171.153.50 - - [30/Apr/2019:17:18:35 -0300] "GET /cormun/servlet/solicitudot?c86123a86e5fa18c7a2d62368e88b72131a115f90ea89870be235d4005cc47d5,gx-no-cache=1556655288453 HTTP/1.1" 200 51
190.171.153.50 - - [30/Apr/2019:17:18:35 -0300] "POST /cormun/servlet/solicitudot?gx-no-cache=1556655288496 HTTP/1.1" 200 255
190.171.141.90 - - [30/Apr/2019:17:18:35 -0300] "GET /cormun/servlet/trpermisosadjuntos?15430732,20190430181010,P, HTTP/1.1" 200 7038
190.171.153.50 - - [30/Apr/2019:17:18:35 -0300] "GET /cormun/servlet/solicitudot?c86123a86e5fa18c7a2d62368e88b721bb9ba4d1f96272a2c2ac4b9631e6b1fc39a0124ae900ad10e217843e3046d94808a30cd0bb4448fa96e500cdd4972d609905c9d15bc3a4544079ae1b19059c4fbbe2d37d671385f4b0a6562c0f9ca393a74f1c4a87e085d1247b102bb89b8f703deb72e133bae7e7237e0b7871ac467d6f1a46ec6cbededd62f9f222ede9c6bfe366dbf95500c16e1a48e4c4cce59ab5f3985f19e0c86ca30c746766c9784f082dc06e34baf758393326398270a16add93d69eeacd69c2c6bacfee8a0678ddcb591a04932ab35702ab99dfa52d394d032977270a9536b102e207b3a28e464c31d27f2a906ebca6ed8b00b3e1133becbffa30680e3d5317f6a2385696212cf895473853d2836256e71376ec49569489130662a8af5cef6817a8c43ab6a99e7e190759017b745e2b9e3efa7d570f2818cb06297caf31de0be9a29ea926e86b619ed710d9560f9bfd89af5c286d67d17dfdf9798530c932207c676d49ae4e9104240aa726389ca7364ba4eedd6f53b0d968,gx-no-cache=1556655288563 HTTP/1.1" 200 30
190.171.141.90 - - [30/Apr/2019:17:18:36 -0300] "GET /cormun/servlet/trpermisosadjuntos?15430732,20190430181010,P, HTTP/1.1" 200 7035
186.67.172.234 - - [30/Apr/2019:17:18:36 -0300] "GET /cormun/servlet/permisosadjuntos?INS,10452710,P,20190430181055,, HTTP/1.1" 200 5982
186.67.172.234 - - [30/Apr/2019:17:18:36 -0300] "GET /cormun/static/about:blank HTTP/1.1" 404 1011
186.67.172.234 - - [30/Apr/2019:17:18:36 -0300] "GET /cormun/servlet/permisosadjuntos?INS,10452710,P,20190430181055,, HTTP/1.1" 200 5971
190.171.141.90 - - [30/Apr/2019:17:18:37 -0300] "POST /cormun/servlet/trpermisosadjuntos?45879afc05e350204ac36026381f49f5,15430732,20190430181010,P,,gx-no-cache=1556651693486 HTTP/1.1" 200 90
190.171.141.90 - - [30/Apr/2019:17:18:37 -0300] "GET /cormun/servlet/hpexe_link HTTP/1.1" 200 1007
190.171.141.90 - - [30/Apr/2019:17:18:37 -0300] "GET /cormun/servlet/trpermisosgoce?gx-no-cache=1556651639531 HTTP/1.1" 200 17335
190.171.141.90 - - [30/Apr/2019:17:18:38 -0300] "GET /cormun/servlet/trpermisosgoce?gx-no-cache=1556651639531 HTTP/1.1" 200 17355
190.171.141.90 - - [30/Apr/2019:17:18:40 -0300] "POST /cormun/servlet/trpermisosgoce?45879afc05e350204ac36026381f49f5,gx-no-cache=1556651639531,gx-no-cache=1556651696408 HTTP/1.1" 200 14496
190.171.141.90 - - [30/Apr/2019:17:18:41 -0300] "GET /cormun/static/Shared/jqueryui/images/ui-bg_highlight-soft_100_c6c2c8_1x100.png HTTP/1.1" 404 1117
190.171.141.90 - - [30/Apr/2019:17:18:41 -0300] "GET /cormun/static/Shared/jqueryui/images/ui-icons_82798d_256x240.png HTTP/1.1" 404 1089
190.171.141.90 - - [30/Apr/2019:17:18:41 -0300] "GET /cormun/static/Shared/jqueryui/images/ui-bg_flat_55_fafafa_40x100.png HTTP/1.1" 404 1097
190.171.141.90 - - [30/Apr/2019:17:18:41 -0300] "GET /cormun/static/Shared/jqueryui/images/ui-icons_8d78a5_256x240.png HTTP/1.1" 404 1089
186.67.172.234 - - [30/Apr/2019:17:18:41 -0300] "POST /cormun/servlet/permisosadjuntos?fca34003f3c482f152855124cefcbade,INS,10452710,P,20190430181055,, HTTP/1.1" 200 116
186.67.172.234 - - [30/Apr/2019:17:18:41 -0300] "GET /cormun/servlet/hpexe_return? HTTP/1.1" 200 1034
186.67.172.234 - - [30/Apr/2019:17:18:42 -0300] "GET /cormun/servlet/trpermisosadjuntos?10452710,20190430181055,P, HTTP/1.1" 200 7170
186.67.172.234 - - [30/Apr/2019:17:18:42 -0300] "GET /cormun/servlet/trpermisosadjuntos?10452710,20190430181055,P, HTTP/1.1" 200 7166
186.67.172.234 - - [30/Apr/2019:17:18:44 -0300] "POST /cormun/servlet/trpermisosadjuntos?fca34003f3c482f152855124cefcbade,10452710,20190430181055,P,,gx-no-cache=1556651674319 HTTP/1.1" 200 90
186.67.172.234 - - [30/Apr/2019:17:18:44 -0300] "GET /cormun/servlet/hpexe_link HTTP/1.1" 200 980
186.67.172.234 - - [30/Apr/2019:17:18:44 -0300] "GET /cormun/servlet/trpermisosgoce HTTP/1.1" 200 14475
186.67.172.234 - - [30/Apr/2019:17:18:45 -0300] "GET /cormun/servlet/trpermisosgoce HTTP/1.1" 200 14474
190.171.153.50 - - [30/Apr/2019:17:18:46 -0300] "POST /cormun/servlet/solicitudot?gx-no-cache=1556655299142 HTTP/1.1" 200 30
186.67.172.234 - - [30/Apr/2019:17:18:47 -0300] "POST /cormun/servlet/trpermisosgoce?fca34003f3c482f152855124cefcbade,gx-no-cache=1556651676994 HTTP/1.1" 200 11604
186.67.172.234 - - [30/Apr/2019:17:18:47 -0300] "GET /cormun/static/Shared/jqueryui/images/ui-bg_highlight-soft_100_c6c2c8_1x100.png HTTP/1.1" 404 1117
186.67.172.234 - - [30/Apr/2019:17:18:47 -0300] "GET /cormun/static/Shared/jqueryui/images/ui-icons_82798d_256x240.png HTTP/1.1" 404 1089
186.67.172.234 - - [30/Apr/2019:17:18:47 -0300] "GET /cormun/static/Shared/jqueryui/images/ui-bg_flat_55_fafafa_40x100.png HTTP/1.1" 404 1097
186.67.172.234 - - [30/Apr/2019:17:18:47 -0300] "GET /cormun/static/Shared/jqueryui/images/ui-icons_8d78a5_256x240.png HTTP/1.1" 404 1089
186.67.172.234 - - [30/Apr/2019:17:18:49 -0300] "POST /cormun/servlet/trpermisosgoce?fca34003f3c482f152855124cefcbade,gx-no-cache=1556651678744 HTTP/1.1" 200 11595
186.67.172.234 - - [30/Apr/2019:17:18:50 -0300] "POST /cormun/servlet/trpermisosgoce?fca34003f3c482f152855124cefcbade,gx-no-cache=1556651680209 HTTP/1.1" 200 11556
190.171.153.50 - - [30/Apr/2019:17:18:52 -0300] "GET /cormun/servlet/prpersonalsolicitud?13301802,,,,,MD,,gxPopupLevel%3D0%3B HTTP/1.1" 200 5793
190.171.153.50 - - [30/Apr/2019:17:18:52 -0300] "GET /cormun/static/gxcfg.js?20175251253686 HTTP/1.1" 200 953
190.171.153.50 - - [30/Apr/2019:17:18:52 -0300] "GET /cormun/static/prpersonalsolicitud.js?20175251253921 HTTP/1.1" 200 13873
190.171.141.90 - - [30/Apr/2019:17:18:53 -0300] "GET /cormun/servlet/trpermisosgoce? HTTP/1.1" 200 17322
186.67.172.234 - - [30/Apr/2019:17:18:53 -0300] "GET /cormun/servlet/trautorizarpermisogoce? HTTP/1.1" 200 8515
186.67.172.234 - - [30/Apr/2019:17:18:53 -0300] "GET /cormun/static/gxcfg.js?20177612165975 HTTP/1.1" 200 953
186.67.172.234 - - [30/Apr/2019:17:18:53 -0300] "GET /cormun/static/trautorizarpermisogoce.js?2017761217384 HTTP/1.1" 200 34948
190.171.141.90 - - [30/Apr/2019:17:18:53 -0300] "GET /cormun/servlet/trpermisosgoce? HTTP/1.1" 200 17300
186.67.172.234 - - [30/Apr/2019:17:18:54 -0300] "GET /cormun/servlet/trautorizarpermisogoce? HTTP/1.1" 200 8515
190.171.141.90 - - [30/Apr/2019:17:18:55 -0300] "GET /cormun/servlet/permisogoce?INS,0,,, HTTP/1.1" 200 7095
190.171.141.90 - - [30/Apr/2019:17:18:55 -0300] "GET /cormun/servlet/permisogoce?INS,0,,, HTTP/1.1" 200 7095
186.67.172.234 - - [30/Apr/2019:17:18:56 -0300] "POST /cormun/servlet/trautorizarpermisogoce?fca34003f3c482f152855124cefcbade,,gx-no-cache=1556651685648 HTTP/1.1" 200 5464
186.67.172.234 - - [30/Apr/2019:17:18:56 -0300] "POST /cormun/servlet/trautorizarpermisogoce?fca34003f3c482f152855124cefcbade,,gx-no-cache=1556651686581 HTTP/1.1" 200 5208
186.67.172.234 - - [30/Apr/2019:17:18:57 -0300] "POST /cormun/servlet/trautorizarpermisogoce?fca34003f3c482f152855124cefcbade,,gx-no-cache=1556651687389 HTTP/1.1" 200 4450
190.171.141.90 - - [30/Apr/2019:17:18:57 -0300] "GET /cormun/servlet/prfichaempleado?,MD,,gxPopupLevel%3D0%3B HTTP/1.1" 200 9316
190.171.153.50 - - [30/Apr/2019:17:19:01 -0300] "POST /cormun/servlet/solicitudot?gx-no-cache=1556655314262 HTTP/1.1" 200 1345
190.171.153.50 - - [30/Apr/2019:17:19:01 -0300] "POST /cormun/servlet/solicitudot?gx-no-cache=1556655314303 HTTP/1.1" 200 38
190.171.153.50 - - [30/Apr/2019:17:19:01 -0300] "GET /cormun/servlet/solicitudot?c86123a86e5fa18c7a2d62368e88b72190423465e1511a790887dafad82bc7c4c136c7578e3d362f31dc1b2023589e0eb75a9230e7a574d0247b66ca4d4c233062897c66f599f81cc7f91f5f50947e9c28cf2075c1da043c8b3ad069d53982febd1ae5b443b53d2d79c7d005dc56f09d,gx-no-cache=1556655314328 HTTP/1.1" 200 110
190.171.153.50 - - [30/Apr/2019:17:19:01 -0300] "POST /cormun/servlet/solicitudot?gx-no-cache=1556655314390 HTTP/1.1" 200 97
190.171.153.50 - - [30/Apr/2019:17:19:01 -0300] "GET /cormun/servlet/solicitudot?c86123a86e5fa18c7a2d62368e88b721d5ec3f53391c9fbeb200e6972908611d66c1fd1bdb6a75e5f7f4c0a6ab080c8005c0c4bc709879016580a5145b2383426cf1141578b11126df541df60105f7fff528ce204e4f92349fe5f210ec7d046f22225271cbb0b26109f19a157860246871a58841158ab3aa4345ecf71316dc188ee4f62b714d8f21f16c38bfadcb9f87810e4f7d7dc9399b75c5468f666c98d3,gx-no-cache=1556655314441 HTTP/1.1" 200 29
190.171.153.50 - - [30/Apr/2019:17:19:01 -0300] "GET /cormun/servlet/solicitudot?c86123a86e5fa18c7a2d62368e88b72174fe5f11a83b9d29b1dc8caad8d8c075,gx-no-cache=1556655314472 HTTP/1.1" 200 30
190.171.153.50 - - [30/Apr/2019:17:19:06 -0300] "GET /cormun/servlet/prsolicitudot?13301802,,,,,MD,,gxPopupLevel%3D0%3B HTTP/1.1" 200 6228
190.171.153.50 - - [30/Apr/2019:17:19:06 -0300] "GET /cormun/static/gxcfg.js?2017111422591492 HTTP/1.1" 304 -
190.171.141.90 - - [30/Apr/2019:17:19:07 -0300] "POST /cormun/servlet/prfichaempleado?45879afc05e350204ac36026381f49f5,,MD,,gxPopupLevel%3D0%3B,gx-no-cache=1556651722876 HTTP/1.1" 200 5529
190.171.153.50 - - [30/Apr/2019:17:19:15 -0300] "POST /cormun/servlet/solicitudot?gx-no-cache=1556655328416 HTTP/1.1" 200 1345
190.171.153.50 - - [30/Apr/2019:17:19:15 -0300] "POST /cormun/servlet/solicitudot?gx-no-cache=1556655328454 HTTP/1.1" 200 38
190.171.153.50 - - [30/Apr/2019:17:19:15 -0300] "GET /cormun/servlet/solicitudot?c86123a86e5fa18c7a2d62368e88b72190423465e1511a790887dafad82bc7c4c136c7578e3d362f31dc1b2023589e0eb75a9230e7a574d0247b66ca4d4c233062897c66f599f81cc7f91f5f50947e9c28cf2075c1da043c8b3ad069d53982febd1ae5b443b53d2d79c7d005dc56f09d,gx-no-cache=1556655328476 HTTP/1.1" 200 110
190.171.153.50 - - [30/Apr/2019:17:19:15 -0300] "POST /cormun/servlet/solicitudot?gx-no-cache=1556655328511 HTTP/1.1" 200 97
190.171.153.50 - - [30/Apr/2019:17:19:15 -0300] "GET /cormun/servlet/solicitudot?c86123a86e5fa18c7a2d62368e88b7211bb195e7ccf60bd95eb03692ecc758d7cbdad6bda3b65c7a655814c2b2fa181e,gx-no-cache=1556655328551 HTTP/1.1" 200 134
190.171.153.50 - - [30/Apr/2019:17:19:15 -0300] "GET /cormun/static/Shared/jqueryui/images/ui-bg_highlight-soft_100_c6c2c8_1x100.png HTTP/1.1" 404 1117
190.171.153.50 - - [30/Apr/2019:17:19:15 -0300] "GET /cormun/static/Shared/jqueryui/images/ui-icons_82798d_256x240.png HTTP/1.1" 404 1089
190.171.153.50 - - [30/Apr/2019:17:19:15 -0300] "GET /cormun/static/Shared/jqueryui/images/ui-bg_flat_55_994d53_40x100.png HTTP/1.1" 404 1097
190.171.153.50 - - [30/Apr/2019:17:19:15 -0300] "GET /cormun/static/Shared/jqueryui/images/ui-icons_ebccce_256x240.png HTTP/1.1" 404 1089
190.171.141.90 - - [30/Apr/2019:17:19:16 -0300] "GET /cormun/servlet/permisogoce?748ee2f2e8459e50961d9d88a30819b4d0b9f8275278257c2323094c110e538f5bba0d12e6f734f22c41049aeb30db5515e47094ab0939c254d3d6774147ee67,gx-no-cache=1556651732411 HTTP/1.1" 200 83
190.171.141.90 - - [30/Apr/2019:17:19:16 -0300] "GET /cormun/static/menuarrow.gif HTTP/1.1" 404 1015
190.171.141.90 - - [30/Apr/2019:17:19:22 -0300] "GET /cormun/servlet/permisogoce?748ee2f2e8459e50961d9d88a30819b4e9cb1d0aec9a0abcc4a14546c7446fd272ad3faf690aec1c5d8ed60e2940b6ef5d8dc9ed9324db1a5e31ca9340e0f592,gx-no-cache=1556651738498 HTTP/1.1" 200 47
190.171.141.90 - - [30/Apr/2019:17:19:23 -0300] "POST /cormun/servlet/permisogoce?45879afc05e350204ac36026381f49f5,INS,0,,,,gx-no-cache=1556651739420 HTTP/1.1" 200 93
190.171.141.90 - - [30/Apr/2019:17:19:23 -0300] "GET /cormun/servlet/hpexe_return? HTTP/1.1" 200 1014
190.171.141.90 - - [30/Apr/2019:17:19:24 -0300] "GET /cormun/servlet/trpermisosgoce HTTP/1.1" 200 17487
190.171.141.90 - - [30/Apr/2019:17:19:24 -0300] "GET /cormun/servlet/trpermisosgoce HTTP/1.1" 200 17483
190.171.153.50 - - [30/Apr/2019:17:19:35 -0300] "GET /cormun/static/menuarrow.gif HTTP/1.1" 404 1015
190.171.153.50 - - [30/Apr/2019:17:19:48 -0300] "GET /cormun/servlet/solicitudot?c86123a86e5fa18c7a2d62368e88b721d5ed44881c6e81c0625d583568de44c8cbdad6bda3b65c7a655814c2b2fa181e,gx-no-cache=1556655361207 HTTP/1.1" 200 30
190.171.153.50 - - [30/Apr/2019:17:19:48 -0300] "POST /cormun/servlet/solicitudot?gx-no-cache=1556655361246 HTTP/1.1" 200 33
190.171.141.90 - - [30/Apr/2019:17:20:06 -0300] "POST /cormun/servlet/trpermisosgoce?45879afc05e350204ac36026381f49f5,gx-no-cache=1556651781716 HTTP/1.1" 200 14643
190.171.141.90 - - [30/Apr/2019:17:20:06 -0300] "GET /cormun/static/Shared/jqueryui/images/ui-bg_highlight-soft_100_c6c2c8_1x100.png HTTP/1.1" 404 1117
190.171.141.90 - - [30/Apr/2019:17:20:06 -0300] "GET /cormun/static/Shared/jqueryui/images/ui-icons_82798d_256x240.png HTTP/1.1" 404 1089
190.171.141.90 - - [30/Apr/2019:17:20:06 -0300] "GET /cormun/static/Shared/jqueryui/images/ui-bg_flat_55_fafafa_40x100.png HTTP/1.1" 404 1097
190.171.141.90 - - [30/Apr/2019:17:20:06 -0300] "GET /cormun/static/Shared/jqueryui/images/ui-icons_8d78a5_256x240.png HTTP/1.1" 404 1089
190.171.141.90 - - [30/Apr/2019:17:20:23 -0300] "GET /cormun/servlet/permisogoce?INS,0,,, HTTP/1.1" 200 7095
190.171.141.90 - - [30/Apr/2019:17:20:23 -0300] "GET /cormun/servlet/permisogoce?INS,0,,, HTTP/1.1" 200 7095
190.171.141.90 - - [30/Apr/2019:17:20:27 -0300] "GET /cormun/servlet/prfichaempleado?,MD,,gxPopupLevel%3D0%3B HTTP/1.1" 200 9316
190.171.153.50 - - [30/Apr/2019:17:20:32 -0300] "POST /cormun/servlet/solicitudot?f5862217e8dc554ecefd5f6f0862bee2,INS,0,0,,gx-no-cache=1556655405141 HTTP/1.1" 200 93
190.171.153.50 - - [30/Apr/2019:17:20:32 -0300] "GET /cormun/servlet/hpexe_return? HTTP/1.1" 200 1009
190.171.153.50 - - [30/Apr/2019:17:20:33 -0300] "GET /cormun/servlet/trsolicitudot HTTP/1.1" 200 8961
190.171.153.50 - - [30/Apr/2019:17:20:33 -0300] "GET /cormun/servlet/trsolicitudot HTTP/1.1" 200 8956
190.171.153.50 - - [30/Apr/2019:17:20:37 -0300] "POST /cormun/servlet/trsolicitudot?f5862217e8dc554ecefd5f6f0862bee2,gx-no-cache=1556655410109 HTTP/1.1" 200 4760
190.171.153.50 - - [30/Apr/2019:17:20:37 -0300] "GET /cormun/static/Shared/jqueryui/images/ui-icons_82798d_256x240.png HTTP/1.1" 404 1089
190.171.153.50 - - [30/Apr/2019:17:20:37 -0300] "GET /cormun/static/Shared/jqueryui/images/ui-bg_highlight-soft_100_c6c2c8_1x100.png HTTP/1.1" 404 1117
190.171.153.50 - - [30/Apr/2019:17:20:37 -0300] "GET /cormun/static/Shared/jqueryui/images/ui-bg_flat_55_fafafa_40x100.png HTTP/1.1" 404 1097
190.171.153.50 - - [30/Apr/2019:17:20:37 -0300] "GET /cormun/static/Shared/jqueryui/images/ui-icons_8d78a5_256x240.png HTTP/1.1" 404 1089
190.171.153.50 - - [30/Apr/2019:17:20:37 -0300] "POST /cormun/servlet/trsolicitudot?f5862217e8dc554ecefd5f6f0862bee2,gx-no-cache=1556655410354 HTTP/1.1" 200 4538
190.171.141.90 - - [30/Apr/2019:17:20:38 -0300] "POST /cormun/servlet/prfichaempleado?45879afc05e350204ac36026381f49f5,,MD,,gxPopupLevel%3D0%3B,gx-no-cache=1556651813802 HTTP/1.1" 200 3464
200.111.191.210 - - [30/Apr/2019:17:20:40 -0300] "GET /cormun/servlet/licenciaspermisos?INS,0,,, HTTP/1.1" 200 7558
200.111.191.210 - - [30/Apr/2019:17:20:40 -0300] "GET /cormun/servlet/licenciaspermisos?INS,0,,, HTTP/1.1" 200 7565
190.171.141.90 - - [30/Apr/2019:17:20:41 -0300] "GET /cormun/servlet/permisogoce?748ee2f2e8459e50961d9d88a30819b4012d55bec0b4a180d4b5cea6f2063a9e5bba0d12e6f734f22c41049aeb30db5515e47094ab0939c254d3d6774147ee67,gx-no-cache=1556651817386 HTTP/1.1" 200 70
190.171.141.90 - - [30/Apr/2019:17:20:41 -0300] "GET /cormun/static/menuarrow.gif HTTP/1.1" 404 1015
190.171.153.50 - - [30/Apr/2019:17:20:41 -0300] "GET /cormun/servlet/solicitudot?INS,0,0, HTTP/1.1" 200 15349
190.171.153.50 - - [30/Apr/2019:17:20:42 -0300] "GET /cormun/servlet/solicitudot?INS,0,0, HTTP/1.1" 200 15354
190.171.141.90 - - [30/Apr/2019:17:20:45 -0300] "GET /cormun/servlet/permisogoce?748ee2f2e8459e50961d9d88a30819b4cfc60679218abd180b6a4ae9bf98d23591ef819b7bda1ba8ebf54c20a444da1f5d8dc9ed9324db1a5e31ca9340e0f592,gx-no-cache=1556651821752 HTTP/1.1" 200 48
190.171.141.90 - - [30/Apr/2019:17:20:47 -0300] "POST /cormun/servlet/permisogoce?45879afc05e350204ac36026381f49f5,INS,0,,,,gx-no-cache=1556651822674 HTTP/1.1" 200 93
190.171.141.90 - - [30/Apr/2019:17:20:47 -0300] "GET /cormun/servlet/hpexe_return? HTTP/1.1" 200 1035
200.111.191.210 - - [30/Apr/2019:17:20:47 -0300] "GET /cormun/servlet/licenciaspermisos?7bc0081bbf4dc6e6345d4b85f84e379db213721de5785fba1452e5299c48cf2178d46e5516fe3a65a19da2aaaf9ff3cf,gx-no-cache=1556655491685 HTTP/1.1" 200 99
200.111.191.210 - - [30/Apr/2019:17:20:47 -0300] "POST /cormun/servlet/licenciaspermisos?c9d29bd39393db1cdc633147ca7a5ef0,INS,0,,,,gx-no-cache=1556655491712 HTTP/1.1" 200 4741
190.171.141.90 - - [30/Apr/2019:17:20:47 -0300] "GET /cormun/servlet/trpermisosgoce?gx-no-cache=1556651781716 HTTP/1.1" 200 17632
190.171.141.90 - - [30/Apr/2019:17:20:48 -0300] "GET /cormun/servlet/trpermisosgoce?gx-no-cache=1556651781716 HTTP/1.1" 200 17648
200.111.191.210 - - [30/Apr/2019:17:20:50 -0300] "GET /cormun/servlet/trpermisosgoce? HTTP/1.1" 200 17210
200.111.191.210 - - [30/Apr/2019:17:20:50 -0300] "GET /cormun/servlet/trpermisosgoce? HTTP/1.1" 200 17201
200.111.191.210 - - [30/Apr/2019:17:20:52 -0300] "GET /cormun/servlet/permisogoce?INS,0,,, HTTP/1.1" 200 6864
200.111.191.210 - - [30/Apr/2019:17:20:52 -0300] "GET /cormun/servlet/permisogoce?INS,0,,, HTTP/1.1" 200 6864
200.111.191.210 - - [30/Apr/2019:17:20:58 -0300] "GET /cormun/servlet/permisogoce?7bc0081bbf4dc6e6345d4b85f84e379db213721de5785fba1452e5299c48cf21cfe3e959bbe1ac87e44fa75576221c152f28c77b216347cf5071fe53553cd30e,gx-no-cache=1556655502731 HTTP/1.1" 200 85
200.111.191.210 - - [30/Apr/2019:17:21:02 -0300] "GET /cormun/servlet/permisogoce?7bc0081bbf4dc6e6345d4b85f84e379d78548373ed0a0980eba5db6f213696462ca81d1927d6fb2b475e44c668ed460edeee071a690a9ff9e5abad08bf713903,gx-no-cache=1556655507015 HTTP/1.1" 200 46
190.171.141.90 - - [30/Apr/2019:17:21:15 -0300] "GET /cormun/servlet/trpermisosadjuntos?12939937,20190430181336,P, HTTP/1.1" 200 6561
190.171.141.90 - - [30/Apr/2019:17:21:15 -0300] "GET /cormun/servlet/trpermisosadjuntos?12939937,20190430181336,P, HTTP/1.1" 200 6542
190.171.141.90 - - [30/Apr/2019:17:21:17 -0300] "GET /cormun/servlet/permisosadjuntos?INS,12939937,P,20190430181336,, HTTP/1.1" 200 5870
190.171.141.90 - - [30/Apr/2019:17:21:17 -0300] "GET /cormun/static/about:blank HTTP/1.1" 404 1011
190.171.141.90 - - [30/Apr/2019:17:21:17 -0300] "GET /cormun/servlet/permisosadjuntos?INS,12939937,P,20190430181336,, HTTP/1.1" 200 5860
190.171.141.90 - - [30/Apr/2019:17:21:22 -0300] "POST /cormun/servlet/permisosadjuntos?45879afc05e350204ac36026381f49f5,INS,12939937,P,20190430181336,, HTTP/1.1" 200 116
190.171.141.90 - - [30/Apr/2019:17:21:22 -0300] "GET /cormun/servlet/hpexe_return? HTTP/1.1" 200 1041
190.171.141.90 - - [30/Apr/2019:17:21:22 -0300] "GET /cormun/servlet/trpermisosadjuntos?12939937,20190430181336,P, HTTP/1.1" 200 7034
190.171.141.90 - - [30/Apr/2019:17:21:22 -0300] "GET /cormun/servlet/trpermisosadjuntos?12939937,20190430181336,P, HTTP/1.1" 200 7031
200.111.191.210 - - [30/Apr/2019:17:21:24 -0300] "POST /cormun/servlet/permisogoce?c9d29bd39393db1cdc633147ca7a5ef0,INS,0,,,,gx-no-cache=1556655528580 HTTP/1.1" 200 93
200.111.191.210 - - [30/Apr/2019:17:21:24 -0300] "GET /cormun/servlet/hpexe_return? HTTP/1.1" 200 1006
200.111.191.210 - - [30/Apr/2019:17:21:24 -0300] "GET /cormun/servlet/trpermisosgoce HTTP/1.1" 200 17514
190.171.141.90 - - [30/Apr/2019:17:21:24 -0300] "POST /cormun/servlet/trpermisosadjuntos?45879afc05e350204ac36026381f49f5,12939937,20190430181336,P,,gx-no-cache=1556651860546 HTTP/1.1" 200 90
190.171.141.90 - - [30/Apr/2019:17:21:24 -0300] "GET /cormun/servlet/hpexe_link HTTP/1.1" 200 1007
190.171.141.90 - - [30/Apr/2019:17:21:25 -0300] "GET /cormun/servlet/trpermisosgoce?gx-no-cache=1556651781716 HTTP/1.1" 200 17620
200.111.191.210 - - [30/Apr/2019:17:21:25 -0300] "GET /cormun/servlet/trpermisosgoce HTTP/1.1" 200 17509
190.171.141.90 - - [30/Apr/2019:17:21:25 -0300] "GET /cormun/servlet/trpermisosgoce?gx-no-cache=1556651781716 HTTP/1.1" 200 17640
200.111.191.210 - - [30/Apr/2019:17:21:27 -0300] "GET /cormun/servlet/apermisogoceprn?11757339,P,20190430181405,PU HTTP/1.1" 200 1682
190.171.141.90 - - [30/Apr/2019:17:21:29 -0300] "POST /cormun/servlet/trpermisosgoce?45879afc05e350204ac36026381f49f5,gx-no-cache=1556651781716,gx-no-cache=1556651864797 HTTP/1.1" 200 14808
190.171.141.90 - - [30/Apr/2019:17:21:29 -0300] "GET /cormun/static/Shared/jqueryui/images/ui-bg_highlight-soft_100_c6c2c8_1x100.png HTTP/1.1" 404 1117
190.171.141.90 - - [30/Apr/2019:17:21:29 -0300] "GET /cormun/static/Shared/jqueryui/images/ui-icons_82798d_256x240.png HTTP/1.1" 404 1089
190.171.141.90 - - [30/Apr/2019:17:21:29 -0300] "GET /cormun/static/Shared/jqueryui/images/ui-bg_flat_55_fafafa_40x100.png HTTP/1.1" 404 1097
190.171.141.90 - - [30/Apr/2019:17:21:29 -0300] "GET /cormun/static/Shared/jqueryui/images/ui-icons_8d78a5_256x240.png HTTP/1.1" 404 1089
190.171.153.50 - - [30/Apr/2019:17:21:35 -0300] "POST /cormun/servlet/solicitudot?gx-no-cache=1556655467789 HTTP/1.1" 200 3466
190.171.153.50 - - [30/Apr/2019:17:21:35 -0300] "POST /cormun/servlet/solicitudot?f5862217e8dc554ecefd5f6f0862bee2,INS,0,0,,gx-no-cache=1556655468046 HTTP/1.1" 200 11927
190.171.141.90 - - [30/Apr/2019:17:21:35 -0300] "GET /cormun/servlet/permisogoce?INS,0,,, HTTP/1.1" 200 7115
190.171.141.90 - - [30/Apr/2019:17:21:35 -0300] "GET /cormun/servlet/permisogoce?INS,0,,, HTTP/1.1" 200 7095
190.171.153.50 - - [30/Apr/2019:17:21:37 -0300] "GET /cormun/servlet/solicitudot?c86123a86e5fa18c7a2d62368e88b721da9433d873e5d2bbd6f3f91078e72092a19cba87428f92ae63c5b262bfe1e590,gx-no-cache=1556655470132 HTTP/1.1" 200 30
190.171.141.90 - - [30/Apr/2019:17:21:39 -0300] "GET /cormun/servlet/prfichaempleado?,MD,,gxPopupLevel%3D0%3B HTTP/1.1" 200 9316
190.171.141.90 - - [30/Apr/2019:17:21:47 -0300] "POST /cormun/servlet/prfichaempleado?45879afc05e350204ac36026381f49f5,,MD,,gxPopupLevel%3D0%3B,gx-no-cache=1556651883760 HTTP/1.1" 200 4176
190.171.141.90 - - [30/Apr/2019:17:21:53 -0300] "GET /cormun/servlet/permisogoce?748ee2f2e8459e50961d9d88a30819b4cb1112efc153f6239eb0bf8618e8ae275bba0d12e6f734f22c41049aeb30db5515e47094ab0939c254d3d6774147ee67,gx-no-cache=1556651889288 HTTP/1.1" 200 83
190.171.141.90 - - [30/Apr/2019:17:21:53 -0300] "GET /cormun/static/menuarrow.gif HTTP/1.1" 404 1015
190.171.141.90 - - [30/Apr/2019:17:21:57 -0300] "GET /cormun/servlet/permisogoce?748ee2f2e8459e50961d9d88a30819b4b18511d10ed4ed2fbd3d2437005109ebbcd12d261ca8c000f5772be728e9ba2b5d8dc9ed9324db1a5e31ca9340e0f592,gx-no-cache=1556651893442 HTTP/1.1" 200 46
190.171.141.90 - - [30/Apr/2019:17:21:59 -0300] "POST /cormun/servlet/permisogoce?45879afc05e350204ac36026381f49f5,INS,0,,,,gx-no-cache=1556651894730 HTTP/1.1" 200 93
190.171.141.90 - - [30/Apr/2019:17:21:59 -0300] "GET /cormun/servlet/hpexe_return? HTTP/1.1" 200 1035
190.171.141.90 - - [30/Apr/2019:17:21:59 -0300] "GET /cormun/servlet/trpermisosgoce?gx-no-cache=1556651781716 HTTP/1.1" 200 17831
190.171.141.90 - - [30/Apr/2019:17:22:00 -0300] "GET /cormun/servlet/trpermisosgoce?gx-no-cache=1556651781716 HTTP/1.1" 200 17848
190.171.141.90 - - [30/Apr/2019:17:22:24 -0300] "GET /cormun/servlet/trpermisosadjuntos?16101080,20190430181448,P, HTTP/1.1" 200 6567
190.171.141.90 - - [30/Apr/2019:17:22:24 -0300] "GET /cormun/servlet/trpermisosadjuntos?16101080,20190430181448,P, HTTP/1.1" 200 6546
190.171.153.50 - - [30/Apr/2019:17:22:28 -0300] "POST /cormun/servlet/solicitudot?f5862217e8dc554ecefd5f6f0862bee2,INS,0,0,,gx-no-cache=1556655521210 HTTP/1.1" 200 90
190.171.153.50 - - [30/Apr/2019:17:22:28 -0300] "GET /cormun/servlet/hpexe_link HTTP/1.1" 200 984
190.171.153.50 - - [30/Apr/2019:17:22:28 -0300] "GET /cormun/servlet/trsolicitudot?gx-no-cache=1556655410354 HTTP/1.1" 200 7574
190.171.153.50 - - [30/Apr/2019:17:22:29 -0300] "GET /cormun/servlet/trsolicitudot?gx-no-cache=1556655410354 HTTP/1.1" 200 7594
190.171.141.90 - - [30/Apr/2019:17:22:32 -0300] "GET /cormun/servlet/permisosadjuntos?INS,16101080,P,20190430181448,, HTTP/1.1" 200 5878
190.171.141.90 - - [30/Apr/2019:17:22:32 -0300] "GET /cormun/static/about:blank HTTP/1.1" 404 1011
190.171.141.90 - - [30/Apr/2019:17:22:33 -0300] "GET /cormun/servlet/permisosadjuntos?INS,16101080,P,20190430181448,, HTTP/1.1" 200 5867
190.171.153.50 - - [30/Apr/2019:17:22:36 -0300] "GET /cormun/servlet/trvisualizadoreventos? HTTP/1.1" 200 7158
190.171.153.50 - - [30/Apr/2019:17:22:36 -0300] "GET /cormun/servlet/trvisualizadoreventos? HTTP/1.1" 200 7136
190.171.141.90 - - [30/Apr/2019:17:22:37 -0300] "POST /cormun/servlet/permisosadjuntos?45879afc05e350204ac36026381f49f5,INS,16101080,P,20190430181448,, HTTP/1.1" 200 116
190.171.141.90 - - [30/Apr/2019:17:22:37 -0300] "GET /cormun/servlet/hpexe_return? HTTP/1.1" 200 1039
190.171.141.90 - - [30/Apr/2019:17:22:37 -0300] "GET /cormun/servlet/trpermisosadjuntos?16101080,20190430181448,P, HTTP/1.1" 200 7043
190.171.141.90 - - [30/Apr/2019:17:22:37 -0300] "GET /cormun/servlet/trpermisosadjuntos?16101080,20190430181448,P, HTTP/1.1" 200 7040
190.171.141.90 - - [30/Apr/2019:17:22:39 -0300] "POST /cormun/servlet/trpermisosadjuntos?45879afc05e350204ac36026381f49f5,16101080,20190430181448,P,,gx-no-cache=1556651935435 HTTP/1.1" 200 90
190.171.141.90 - - [30/Apr/2019:17:22:39 -0300] "GET /cormun/servlet/hpexe_link HTTP/1.1" 200 1007
190.171.141.90 - - [30/Apr/2019:17:22:40 -0300] "GET /cormun/servlet/trpermisosgoce?gx-no-cache=1556651781716 HTTP/1.1" 200 17828
190.171.141.90 - - [30/Apr/2019:17:22:40 -0300] "GET /cormun/servlet/trpermisosgoce?gx-no-cache=1556651781716 HTTP/1.1" 200 17848
190.171.141.90 - - [30/Apr/2019:17:22:43 -0300] "POST /cormun/servlet/trpermisosgoce?45879afc05e350204ac36026381f49f5,gx-no-cache=1556651781716,gx-no-cache=1556651939006 HTTP/1.1" 200 15028
190.171.141.90 - - [30/Apr/2019:17:22:43 -0300] "GET /cormun/static/Shared/jqueryui/images/ui-bg_highlight-soft_100_c6c2c8_1x100.png HTTP/1.1" 404 1117
190.171.141.90 - - [30/Apr/2019:17:22:43 -0300] "GET /cormun/static/Shared/jqueryui/images/ui-icons_82798d_256x240.png HTTP/1.1" 404 1089
190.171.141.90 - - [30/Apr/2019:17:22:43 -0300] "GET /cormun/static/Shared/jqueryui/images/ui-icons_8d78a5_256x240.png HTTP/1.1" 404 1089
190.171.141.90 - - [30/Apr/2019:17:22:43 -0300] "GET /cormun/static/Shared/jqueryui/images/ui-bg_flat_55_fafafa_40x100.png HTTP/1.1" 404 1097
190.171.153.50 - - [30/Apr/2019:17:22:45 -0300] "GET /cormun/servlet/trautorizarsolicitud? HTTP/1.1" 200 9314
190.171.153.50 - - [30/Apr/2019:17:22:46 -0300] "GET /cormun/servlet/trautorizarsolicitud? HTTP/1.1" 200 9313
190.171.141.90 - - [30/Apr/2019:17:22:50 -0300] "GET /cormun/servlet/permisogoce?INS,0,,, HTTP/1.1" 200 7115
190.171.141.90 - - [30/Apr/2019:17:22:51 -0300] "GET /cormun/servlet/permisogoce?INS,0,,, HTTP/1.1" 200 7096
190.171.153.50 - - [30/Apr/2019:17:22:52 -0300] "POST /cormun/servlet/trautorizarsolicitud?f5862217e8dc554ecefd5f6f0862bee2,,gx-no-cache=1556655545179 HTTP/1.1" 200 5874
190.171.153.50 - - [30/Apr/2019:17:22:52 -0300] "GET /cormun/static/Shared/jqueryui/images/ui-bg_highlight-soft_100_c6c2c8_1x100.png HTTP/1.1" 404 1117
190.171.153.50 - - [30/Apr/2019:17:22:52 -0300] "GET /cormun/static/Shared/jqueryui/images/ui-icons_8d78a5_256x240.png HTTP/1.1" 404 1089
190.171.153.50 - - [30/Apr/2019:17:22:52 -0300] "GET /cormun/static/Shared/jqueryui/images/ui-icons_82798d_256x240.png HTTP/1.1" 404 1089
190.171.153.50 - - [30/Apr/2019:17:22:52 -0300] "GET /cormun/static/Shared/jqueryui/images/ui-bg_flat_55_fafafa_40x100.png HTTP/1.1" 404 1097
190.171.153.50 - - [30/Apr/2019:17:22:52 -0300] "POST /cormun/servlet/trautorizarsolicitud?f5862217e8dc554ecefd5f6f0862bee2,,gx-no-cache=1556655545396 HTTP/1.1" 200 5819
190.171.141.90 - - [30/Apr/2019:17:22:53 -0300] "GET /cormun/servlet/prfichaempleado?,MD,,gxPopupLevel%3D0%3B HTTP/1.1" 200 9316
190.171.153.50 - - [30/Apr/2019:17:23:04 -0300] "POST /cormun/servlet/trautorizarsolicitud?f5862217e8dc554ecefd5f6f0862bee2,,gx-no-cache=1556655557865 HTTP/1.1" 200 116
190.171.153.50 - - [30/Apr/2019:17:23:05 -0300] "GET /cormun/servlet/solicitudotlog?INS,2019,15243,0,ANU, HTTP/1.1" 200 6163
190.171.153.50 - - [30/Apr/2019:17:23:05 -0300] "GET /cormun/servlet/solicitudotlog?INS,2019,15243,0,ANU, HTTP/1.1" 200 6164
190.171.153.50 - - [30/Apr/2019:17:23:06 -0300] "GET /cormun/servlet/solicitudotlog?c86123a86e5fa18c7a2d62368e88b72158bb7c33a88c98df358f0db40ca042ff46ed50015a1ebfe61334e365825217af66fdd2e4a0186b1a8baf45b238b9a35a011d8401dd0f00e0bcdea1d90cfb0ad296d76829787ef7735d9df2639797214ca723014d4eca891c82633a31eda1f408ac214c8065292c33dbaa643691d910d0f2025a1a1f5694ddf0a169d276560821b6d316a767fd82cecdda6fa66a3fffac,gx-no-cache=1556655558938 HTTP/1.1" 200 94
190.171.141.90 - - [30/Apr/2019:17:23:07 -0300] "POST /cormun/servlet/prfichaempleado?45879afc05e350204ac36026381f49f5,,MD,,gxPopupLevel%3D0%3B,gx-no-cache=1556651962791 HTTP/1.1" 200 3428
190.171.141.90 - - [30/Apr/2019:17:23:09 -0300] "GET /cormun/servlet/permisogoce?748ee2f2e8459e50961d9d88a30819b462794470532a6411bd0fcce90201fc705bba0d12e6f734f22c41049aeb30db5515e47094ab0939c254d3d6774147ee67,gx-no-cache=1556651965666 HTTP/1.1" 200 87
190.171.141.90 - - [30/Apr/2019:17:23:09 -0300] "GET /cormun/static/menuarrow.gif HTTP/1.1" 404 1015
190.171.141.90 - - [30/Apr/2019:17:23:14 -0300] "GET /cormun/servlet/permisogoce?748ee2f2e8459e50961d9d88a30819b461985f207dccfa58b48b0169a9db788af34a815cd226a6ba8851c9a7594866505d8dc9ed9324db1a5e31ca9340e0f592,gx-no-cache=1556651970716 HTTP/1.1" 200 47
190.171.141.90 - - [30/Apr/2019:17:23:16 -0300] "POST /cormun/servlet/permisogoce?45879afc05e350204ac36026381f49f5,INS,0,,,,gx-no-cache=1556651971575 HTTP/1.1" 200 93
190.171.141.90 - - [30/Apr/2019:17:23:16 -0300] "GET /cormun/servlet/hpexe_return? HTTP/1.1" 200 1035
190.171.141.90 - - [30/Apr/2019:17:23:16 -0300] "GET /cormun/servlet/trpermisosgoce?gx-no-cache=1556651781716 HTTP/1.1" 200 18003
190.171.141.90 - - [30/Apr/2019:17:23:17 -0300] "GET /cormun/servlet/trpermisosgoce?gx-no-cache=1556651781716 HTTP/1.1" 200 18020
190.171.153.50 - - [30/Apr/2019:17:23:21 -0300] "POST /cormun/servlet/solicitudotlog?f5862217e8dc554ecefd5f6f0862bee2,INS,2019,15243,0,ANU,,gx-no-cache=1556655574018 HTTP/1.1" 200 93
190.171.153.50 - - [30/Apr/2019:17:23:21 -0300] "GET /cormun/servlet/hpexe_return? HTTP/1.1" 200 1032
190.171.153.50 - - [30/Apr/2019:17:23:21 -0300] "GET /cormun/servlet/trautorizarsolicitud? HTTP/1.1" 200 7471
190.171.153.50 - - [30/Apr/2019:17:23:21 -0300] "GET /cormun/servlet/trautorizarsolicitud? HTTP/1.1" 200 7467
190.171.153.50 - - [30/Apr/2019:17:23:25 -0300] "GET /cormun/servlet/trsolicitudot? HTTP/1.1" 200 7573
190.171.153.50 - - [30/Apr/2019:17:23:25 -0300] "GET /cormun/servlet/trsolicitudot? HTTP/1.1" 200 7573
190.171.153.50 - - [30/Apr/2019:17:23:28 -0300] "GET /cormun/servlet/solicitudot?INS,0,0, HTTP/1.1" 200 15349
190.171.153.50 - - [30/Apr/2019:17:23:29 -0300] "GET /cormun/servlet/solicitudot?INS,0,0, HTTP/1.1" 200 15354
190.171.153.50 - - [30/Apr/2019:17:23:41 -0300] "POST /cormun/servlet/solicitudot?gx-no-cache=1556655593913 HTTP/1.1" 200 3466
190.171.153.50 - - [30/Apr/2019:17:23:41 -0300] "POST /cormun/servlet/solicitudot?f5862217e8dc554ecefd5f6f0862bee2,INS,0,0,,gx-no-cache=1556655594110 HTTP/1.1" 200 11929
190.171.141.90 - - [30/Apr/2019:17:23:46 -0300] "GET /cormun/servlet/trpermisosadjuntos?15122344,20190430181603,P, HTTP/1.1" 200 6573
190.171.141.90 - - [30/Apr/2019:17:23:46 -0300] "GET /cormun/servlet/trpermisosadjuntos?15122344,20190430181603,P, HTTP/1.1" 200 6553
190.171.141.90 - - [30/Apr/2019:17:23:48 -0300] "GET /cormun/servlet/permisosadjuntos?INS,15122344,P,20190430181603,, HTTP/1.1" 200 5883
190.171.141.90 - - [30/Apr/2019:17:23:48 -0300] "GET /cormun/static/about:blank HTTP/1.1" 404 1011
190.171.153.50 - - [30/Apr/2019:17:23:48 -0300] "GET /cormun/servlet/solicitudot?c86123a86e5fa18c7a2d62368e88b721da9433d873e5d2bbd6f3f91078e72092a19cba87428f92ae63c5b262bfe1e590,gx-no-cache=1556655601513 HTTP/1.1" 200 30
190.171.141.90 - - [30/Apr/2019:17:23:48 -0300] "GET /cormun/servlet/permisosadjuntos?INS,15122344,P,20190430181603,, HTTP/1.1" 200 5873
190.171.141.90 - - [30/Apr/2019:17:23:53 -0300] "POST /cormun/servlet/permisosadjuntos?45879afc05e350204ac36026381f49f5,INS,15122344,P,20190430181603,, HTTP/1.1" 200 116
190.171.141.90 - - [30/Apr/2019:17:23:53 -0300] "GET /cormun/servlet/hpexe_return? HTTP/1.1" 200 1042
190.171.141.90 - - [30/Apr/2019:17:23:53 -0300] "GET /cormun/servlet/trpermisosadjuntos?15122344,20190430181603,P, HTTP/1.1" 200 7049
190.171.141.90 - - [30/Apr/2019:17:23:54 -0300] "GET /cormun/servlet/trpermisosadjuntos?15122344,20190430181603,P, HTTP/1.1" 200 7045
190.171.141.90 - - [30/Apr/2019:17:23:56 -0300] "POST /cormun/servlet/trpermisosadjuntos?45879afc05e350204ac36026381f49f5,15122344,20190430181603,P,,gx-no-cache=1556652011850 HTTP/1.1" 200 90
190.171.141.90 - - [30/Apr/2019:17:23:56 -0300] "GET /cormun/servlet/hpexe_link HTTP/1.1" 200 1007
190.171.141.90 - - [30/Apr/2019:17:23:56 -0300] "GET /cormun/servlet/trpermisosgoce?gx-no-cache=1556651781716 HTTP/1.1" 200 18000
190.171.141.90 - - [30/Apr/2019:17:23:57 -0300] "GET /cormun/servlet/trpermisosgoce?gx-no-cache=1556651781716 HTTP/1.1" 200 18020
190.171.141.90 - - [30/Apr/2019:17:23:59 -0300] "POST /cormun/servlet/trpermisosgoce?45879afc05e350204ac36026381f49f5,gx-no-cache=1556651781716,gx-no-cache=1556652015180 HTTP/1.1" 200 15193
190.171.141.90 - - [30/Apr/2019:17:23:59 -0300] "GET /cormun/static/Shared/jqueryui/images/ui-bg_highlight-soft_100_c6c2c8_1x100.png HTTP/1.1" 404 1117
190.171.141.90 - - [30/Apr/2019:17:23:59 -0300] "GET /cormun/static/Shared/jqueryui/images/ui-icons_82798d_256x240.png HTTP/1.1" 404 1089
190.171.141.90 - - [30/Apr/2019:17:24:00 -0300] "GET /cormun/static/Shared/jqueryui/images/ui-icons_8d78a5_256x240.png HTTP/1.1" 404 1089
190.171.141.90 - - [30/Apr/2019:17:24:00 -0300] "GET /cormun/static/Shared/jqueryui/images/ui-bg_flat_55_fafafa_40x100.png HTTP/1.1" 404 1097
190.171.141.90 - - [30/Apr/2019:17:24:03 -0300] "GET /cormun/servlet/permisogoce?INS,0,,, HTTP/1.1" 200 7115
190.171.141.90 - - [30/Apr/2019:17:24:03 -0300] "GET /cormun/servlet/permisogoce?INS,0,,, HTTP/1.1" 200 7095
190.171.141.90 - - [30/Apr/2019:17:24:06 -0300] "GET /cormun/servlet/prfichaempleado?,MD,,gxPopupLevel%3D0%3B HTTP/1.1" 200 9316
190.171.141.90 - - [30/Apr/2019:17:24:13 -0300] "POST /cormun/servlet/prfichaempleado?45879afc05e350204ac36026381f49f5,,MD,,gxPopupLevel%3D0%3B,gx-no-cache=1556652028861 HTTP/1.1" 200 3909
190.171.153.50 - - [30/Apr/2019:17:24:14 -0300] "GET /cormun/servlet/solicitudot?c86123a86e5fa18c7a2d62368e88b7216306d17a37a7b2488437b9fa718628e9,gx-no-cache=1556655627431 HTTP/1.1" 200 94
190.171.153.50 - - [30/Apr/2019:17:24:14 -0300] "GET /cormun/static/Shared/jqueryui/images/ui-bg_highlight-soft_100_c6c2c8_1x100.png HTTP/1.1" 404 1117
190.171.153.50 - - [30/Apr/2019:17:24:14 -0300] "GET /cormun/static/Shared/jqueryui/images/ui-icons_82798d_256x240.png HTTP/1.1" 404 1089
190.171.153.50 - - [30/Apr/2019:17:24:14 -0300] "GET /cormun/static/Shared/jqueryui/images/ui-icons_ebccce_256x240.png HTTP/1.1" 404 1089
190.171.153.50 - - [30/Apr/2019:17:24:14 -0300] "GET /cormun/static/Shared/jqueryui/images/ui-bg_flat_55_994d53_40x100.png HTTP/1.1" 404 1097
190.171.153.50 - - [30/Apr/2019:17:24:14 -0300] "GET /cormun/servlet/solicitudot?c86123a86e5fa18c7a2d62368e88b7217a09d086c6111abc045a428be9e1a2cd,gx-no-cache=1556655627560 HTTP/1.1" 200 29
190.171.153.50 - - [30/Apr/2019:17:24:14 -0300] "POST /cormun/servlet/solicitudot?gx-no-cache=1556655627586 HTTP/1.1" 200 297
190.171.153.50 - - [30/Apr/2019:17:24:14 -0300] "GET /cormun/servlet/solicitudot?c86123a86e5fa18c7a2d62368e88b721bb9ba4d1f96272a2c2ac4b9631e6b1fce061e2adacfd43ff5aa2107c1d0c6a0608a30cd0bb4448fa96e500cdd4972d609905c9d15bc3a4544079ae1b19059c4fbbe2d37d671385f4b0a6562c0f9ca393a74f1c4a87e085d1247b102bb89b8f703deb72e133bae7e7237e0b7871ac467d6f1a46ec6cbededd62f9f222ede9c6bfe366dbf95500c16e1a48e4c4cce59ab5f3985f19e0c86ca30c746766c9784f082dc06e34baf758393326398270a16add93d69eeacd69c2c6bacfee8a0678ddcb591a04932ab35702ab99dfa52d394d032977270a9536b102e207b3a28e464c314b1f3970246bdd23d51d25b52329e3c5fa30680e3d5317f6a2385696212cf8952ff1ce21243e36696cb0ca16ce6d2a6439811c531dbb5132ba70ebe7e8e35d5cc847b9d6615fd07707980179bda8b4ddc4b0adbc7e6c82ee386b633db7aa684caac10abf3e2239630c7383d7ad588b6bc00c9a78f02efe491c1491281a4cb1d57400ddadedbdaf1f97371558f933bfb704d9767e9e06b404500606fc60d73811,gx-no-cache=1556655627620 HTTP/1.1" 200 30
190.171.141.90 - - [30/Apr/2019:17:24:21 -0300] "GET /cormun/servlet/permisogoce?748ee2f2e8459e50961d9d88a30819b47c6b87c91dcaaf0d9918f1f07f260ea87253e70ecfa4397a48b42cf3f7a9a456,gx-no-cache=1556652037695 HTTP/1.1" 200 77
190.171.141.90 - - [30/Apr/2019:17:24:21 -0300] "GET /cormun/static/menuarrow.gif HTTP/1.1" 404 1015
190.171.141.90 - - [30/Apr/2019:17:24:27 -0300] "GET /cormun/servlet/permisogoce?748ee2f2e8459e50961d9d88a30819b4f53d64c7589ae0f7e11dea387cbdd4d87dfeaefd022ee388b155739dde07e7f85941f7284e7cf232d0eb2f064fbeae94,gx-no-cache=1556652043296 HTTP/1.1" 200 47
190.171.141.90 - - [30/Apr/2019:17:24:28 -0300] "POST /cormun/servlet/permisogoce?45879afc05e350204ac36026381f49f5,INS,0,,,,gx-no-cache=1556652044136 HTTP/1.1" 200 93
190.171.141.90 - - [30/Apr/2019:17:24:28 -0300] "GET /cormun/servlet/hpexe_return? HTTP/1.1" 200 1035
190.171.141.90 - - [30/Apr/2019:17:24:28 -0300] "GET /cormun/servlet/trpermisosgoce?gx-no-cache=1556651781716 HTTP/1.1" 200 18215
190.171.141.90 - - [30/Apr/2019:17:24:29 -0300] "GET /cormun/servlet/trpermisosgoce?gx-no-cache=1556651781716 HTTP/1.1" 200 18231
190.171.153.50 - - [30/Apr/2019:17:24:42 -0300] "POST /cormun/servlet/solicitudot?gx-no-cache=1556655655621 HTTP/1.1" 200 30
190.171.153.50 - - [30/Apr/2019:17:24:47 -0300] "GET /cormun/servlet/prcontratosol?15153078,,,,,MD,,gxPopupLevel%3D0%3B HTTP/1.1" 200 7711
190.171.153.50 - - [30/Apr/2019:17:24:47 -0300] "GET /cormun/static/gxcfg.js?201761413223964 HTTP/1.1" 200 953
190.171.153.50 - - [30/Apr/2019:17:24:47 -0300] "GET /cormun/static/prcontratosol.js?201761413224174 HTTP/1.1" 200 15806
190.171.153.50 - - [30/Apr/2019:17:24:52 -0300] "POST /cormun/servlet/solicitudot?gx-no-cache=1556655665713 HTTP/1.1" 200 1343
190.171.153.50 - - [30/Apr/2019:17:24:52 -0300] "POST /cormun/servlet/solicitudot?gx-no-cache=1556655665754 HTTP/1.1" 200 38
190.171.153.50 - - [30/Apr/2019:17:24:52 -0300] "GET /cormun/servlet/solicitudot?c86123a86e5fa18c7a2d62368e88b72190423465e1511a790887dafad82bc7c4c136c7578e3d362f31dc1b2023589e0eb75a9230e7a574d0247b66ca4d4c233062897c66f599f81cc7f91f5f50947e9c28cf2075c1da043c8b3ad069d53982febd1ae5b443b53d2d79c7d005dc56f09d,gx-no-cache=1556655665778 HTTP/1.1" 200 110
190.171.153.50 - - [30/Apr/2019:17:24:52 -0300] "POST /cormun/servlet/solicitudot?gx-no-cache=1556655665872 HTTP/1.1" 200 64
190.171.153.50 - - [30/Apr/2019:17:24:52 -0300] "GET /cormun/servlet/solicitudot?c86123a86e5fa18c7a2d62368e88b721d5ec3f53391c9fbeb200e6972908611d66c1fd1bdb6a75e5f7f4c0a6ab080c808f603a6c62b07a4ea443b73acaae60dbdeddb3fcb401ca27bb8eaa9ef64862a58c92f108340a5e945d6550ce2018f63747843d095f4d53843fca56a13df15509,gx-no-cache=1556655665923 HTTP/1.1" 200 29
190.171.153.50 - - [30/Apr/2019:17:24:53 -0300] "GET /cormun/servlet/solicitudot?c86123a86e5fa18c7a2d62368e88b7214ca87ed127f77c9a859cd81cccf09beec5634907e2f4b1c868f2411c7577eb94,gx-no-cache=1556655665963 HTTP/1.1" 200 134
190.171.141.90 - - [30/Apr/2019:17:24:57 -0300] "GET /cormun/servlet/trpermisosadjuntos?6994760,20190430181716,P, HTTP/1.1" 200 6558
190.171.141.90 - - [30/Apr/2019:17:24:58 -0300] "GET /cormun/servlet/trpermisosadjuntos?6994760,20190430181716,P, HTTP/1.1" 200 6538
190.171.141.90 - - [30/Apr/2019:17:24:59 -0300] "GET /cormun/servlet/permisosadjuntos?INS,6994760,P,20190430181716,, HTTP/1.1" 200 5867
190.171.141.90 - - [30/Apr/2019:17:24:59 -0300] "GET /cormun/static/about:blank HTTP/1.1" 404 1011
190.171.141.90 - - [30/Apr/2019:17:25:00 -0300] "GET /cormun/servlet/permisosadjuntos?INS,6994760,P,20190430181716,, HTTP/1.1" 200 5857
190.171.153.50 - - [30/Apr/2019:17:25:04 -0300] "GET /cormun/static/menuarrow.gif HTTP/1.1" 404 1015
190.171.141.90 - - [30/Apr/2019:17:25:07 -0300] "POST /cormun/servlet/permisosadjuntos?45879afc05e350204ac36026381f49f5,INS,6994760,P,20190430181716,, HTTP/1.1" 200 116
190.171.141.90 - - [30/Apr/2019:17:25:07 -0300] "GET /cormun/servlet/hpexe_return? HTTP/1.1" 200 1040
190.171.141.90 - - [30/Apr/2019:17:25:08 -0300] "GET /cormun/servlet/trpermisosadjuntos?6994760,20190430181716,P, HTTP/1.1" 200 7034
190.171.141.90 - - [30/Apr/2019:17:25:08 -0300] "GET /cormun/servlet/trpermisosadjuntos?6994760,20190430181716,P, HTTP/1.1" 200 7029
190.171.141.90 - - [30/Apr/2019:17:25:12 -0300] "POST /cormun/servlet/trpermisosadjuntos?45879afc05e350204ac36026381f49f5,6994760,20190430181716,P,,gx-no-cache=1556652088463 HTTP/1.1" 200 90
190.171.141.90 - - [30/Apr/2019:17:25:12 -0300] "GET /cormun/servlet/hpexe_link HTTP/1.1" 200 1005
190.171.141.90 - - [30/Apr/2019:17:25:12 -0300] "GET /cormun/servlet/trpermisosgoce?gx-no-cache=1556651781716 HTTP/1.1" 200 18212
190.171.153.50 - - [30/Apr/2019:17:25:13 -0300] "GET /cormun/servlet/solicitudot?c86123a86e5fa18c7a2d62368e88b721d5ed44881c6e81c0625d583568de44c8cbdad6bda3b65c7a655814c2b2fa181e,gx-no-cache=1556655686076 HTTP/1.1" 200 30
190.171.141.90 - - [30/Apr/2019:17:25:13 -0300] "GET /cormun/servlet/trpermisosgoce?gx-no-cache=1556651781716 HTTP/1.1" 200 18231
190.171.141.90 - - [30/Apr/2019:17:25:16 -0300] "GET /cormun/servlet/trlicencias? HTTP/1.1" 200 13408
190.171.141.90 - - [30/Apr/2019:17:25:16 -0300] "GET /cormun/servlet/trlicencias? HTTP/1.1" 200 13374
