192.168.10.96 - - [26/Apr/2019:10:54:31 -0300] "POST /cormun/servlet/hlogin?d97d86d00cbb56e9582462806dd316f8,gx-no-cache=1556293665346 HTTP/1.1" 200 90
192.168.10.96 - - [26/Apr/2019:10:54:31 -0300] "GET /cormun/servlet/hpexe_link HTTP/1.1" 200 955
192.168.10.96 - - [26/Apr/2019:10:54:31 -0300] "GET /cormun/servlet/hpexe_link HTTP/1.1" 200 953
192.168.10.96 - - [26/Apr/2019:10:54:32 -0300] "GET /cormun/servlet/hhome HTTP/1.1" 200 4778
192.168.10.96 - - [26/Apr/2019:10:54:32 -0300] "GET /cormun/servlet/hhome HTTP/1.1" 200 4774
192.168.10.96 - - [26/Apr/2019:10:54:38 -0300] "GET /cormun/servlet/trsolicitudgral? HTTP/1.1" 200 15999
192.168.10.96 - - [26/Apr/2019:10:54:39 -0300] "GET /cormun/servlet/trsolicitudgral? HTTP/1.1" 200 15997
192.168.10.96 - - [26/Apr/2019:10:54:44 -0300] "POST /cormun/servlet/trsolicitudgral?d97d86d00cbb56e9582462806dd316f8,,gx-no-cache=1556293677622 HTTP/1.1" 200 7378
192.168.10.96 - - [26/Apr/2019:10:54:48 -0300] "POST /cormun/servlet/trsolicitudgral?d97d86d00cbb56e9582462806dd316f8,,gx-no-cache=1556293681331 HTTP/1.1" 200 10747
190.171.143.82 - - [26/Apr/2019:10:58:43 -0300] "GET /cormun/servlet/alicenciaprn?16368341,L,20190424000000,PU HTTP/1.1" 200 1537
190.171.143.82 - - [26/Apr/2019:10:58:53 -0300] "GET /cormun/servlet/alicenciaprn?17520834,L,20190424000000,PU HTTP/1.1" 200 1557
192.168.10.56 - - [26/Apr/2019:10:59:21 -0300] "GET /cormun/servlet/trfichaempleado? HTTP/1.1" 200 10118
192.168.10.56 - - [26/Apr/2019:10:59:55 -0300] "GET /cormun/servlet/trfichaempleado? HTTP/1.1" 200 9539
192.168.10.56 - - [26/Apr/2019:11:00:16 -0300] "GET /cormun/servlet/trfichaempleado? HTTP/1.1" 200 8884
192.168.10.56 - - [26/Apr/2019:11:00:21 -0300] "GET /cormun/servlet/trfichaempleado? HTTP/1.1" 200 9081
192.168.10.56 - - [26/Apr/2019:11:00:25 -0300] "GET /cormun/servlet/trfichaempleado? HTTP/1.1" 200 8727
192.168.10.56 - - [26/Apr/2019:11:00:25 -0300] "GET /cormun/servlet/trfichaempleado? HTTP/1.1" 200 8726
192.168.10.56 - - [26/Apr/2019:11:00:33 -0300] "GET /cormun/servlet/trfichaempleado? HTTP/1.1" 200 8727
192.168.10.56 - - [26/Apr/2019:11:00:38 -0300] "GET /cormun/servlet/trfichaempleado? HTTP/1.1" 200 8727
192.168.10.56 - - [26/Apr/2019:11:00:38 -0300] "GET /cormun/servlet/trfichaempleado? HTTP/1.1" 200 8727
192.168.10.56 - - [26/Apr/2019:11:00:39 -0300] "GET /cormun/servlet/trfichaempleado? HTTP/1.1" 200 8727
192.168.10.56 - - [26/Apr/2019:11:00:39 -0300] "GET /cormun/servlet/trfichaempleado? HTTP/1.1" 200 8727
192.168.10.56 - - [26/Apr/2019:11:00:40 -0300] "GET /cormun/servlet/trfichaempleado? HTTP/1.1" 200 8727
190.171.143.82 - - [26/Apr/2019:11:00:40 -0300] "GET /cormun/servlet/trpermisosgoce? HTTP/1.1" 200 12713
192.168.10.56 - - [26/Apr/2019:11:00:41 -0300] "GET /cormun/servlet/trfichaempleado? HTTP/1.1" 200 8727
192.168.10.56 - - [26/Apr/2019:11:00:41 -0300] "GET /cormun/servlet/trfichaempleado? HTTP/1.1" 200 8727
192.168.10.56 - - [26/Apr/2019:11:00:41 -0300] "GET /cormun/servlet/trfichaempleado? HTTP/1.1" 200 8727
190.171.143.82 - - [26/Apr/2019:11:00:41 -0300] "GET /cormun/servlet/trpermisosgoce? HTTP/1.1" 200 12706
192.168.10.56 - - [26/Apr/2019:11:00:42 -0300] "GET /cormun/servlet/trfichaempleado? HTTP/1.1" 200 8727
192.168.10.56 - - [26/Apr/2019:11:00:42 -0300] "GET /cormun/servlet/trfichaempleado? HTTP/1.1" 200 8727
192.168.10.56 - - [26/Apr/2019:11:00:44 -0300] "GET /cormun/servlet/trfichaempleado? HTTP/1.1" 200 8727
190.171.143.82 - - [26/Apr/2019:11:00:48 -0300] "GET /cormun/servlet/trpermisosadjuntos?16528642,20190422145043,P, HTTP/1.1" 200 6371
190.171.143.82 - - [26/Apr/2019:11:00:48 -0300] "GET /cormun/static/gxcfg.js?201762817193957 HTTP/1.1" 200 953
190.171.143.82 - - [26/Apr/2019:11:00:48 -0300] "GET /cormun/static/trpermisosadjuntos.js?201762817194366 HTTP/1.1" 200 20158
190.171.143.82 - - [26/Apr/2019:11:00:48 -0300] "GET /cormun/servlet/trpermisosadjuntos?16528642,20190422145043,P, HTTP/1.1" 200 6371
190.171.143.82 - - [26/Apr/2019:11:00:50 -0300] "GET /cormun/servlet/permisosadjuntos?INS,16528642,P,20190422145043,, HTTP/1.1" 200 5697
190.171.143.82 - - [26/Apr/2019:11:00:50 -0300] "GET /cormun/static/gxcfg.js?201762717441171 HTTP/1.1" 200 953
190.171.143.82 - - [26/Apr/2019:11:00:50 -0300] "GET /cormun/static/permisosadjuntos.js?201762717441184 HTTP/1.1" 200 8724
190.171.143.82 - - [26/Apr/2019:11:00:50 -0300] "GET /cormun/static/about:blank HTTP/1.1" 404 1011
190.171.143.82 - - [26/Apr/2019:11:00:51 -0300] "GET /cormun/servlet/permisosadjuntos?INS,16528642,P,20190422145043,, HTTP/1.1" 200 5687
190.171.143.82 - - [26/Apr/2019:11:01:08 -0300] "POST /cormun/servlet/permisosadjuntos?2ae9670bea1e1e3429aeff5c04163fbc,INS,16528642,P,20190422145043,, HTTP/1.1" 200 116
190.171.143.82 - - [26/Apr/2019:11:01:08 -0300] "GET /cormun/servlet/hpexe_return? HTTP/1.1" 200 1032
190.171.143.82 - - [26/Apr/2019:11:01:09 -0300] "GET /cormun/servlet/trpermisosadjuntos?16528642,20190422145043,P, HTTP/1.1" 200 6867
190.171.143.82 - - [26/Apr/2019:11:01:10 -0300] "GET /cormun/servlet/trpermisosadjuntos?16528642,20190422145043,P, HTTP/1.1" 200 6865
190.171.143.82 - - [26/Apr/2019:11:01:13 -0300] "GET /cormun/servlet/trpermisosgoce? HTTP/1.1" 200 12716
190.171.143.82 - - [26/Apr/2019:11:01:13 -0300] "GET /cormun/servlet/trpermisosgoce? HTTP/1.1" 200 12728
190.171.143.82 - - [26/Apr/2019:11:01:14 -0300] "GET /cormun/servlet/trpermisosgoce? HTTP/1.1" 200 12711
190.171.143.82 - - [26/Apr/2019:11:01:22 -0300] "GET /cormun/servlet/trpermisosadjuntos?17522932,20190423154523,P, HTTP/1.1" 200 6369
190.171.143.82 - - [26/Apr/2019:11:01:23 -0300] "GET /cormun/servlet/trpermisosadjuntos?17522932,20190423154523,P, HTTP/1.1" 200 6368
190.171.143.82 - - [26/Apr/2019:11:01:25 -0300] "GET /cormun/servlet/permisosadjuntos?INS,17522932,P,20190423154523,, HTTP/1.1" 200 5700
190.171.143.82 - - [26/Apr/2019:11:01:25 -0300] "GET /cormun/static/about:blank HTTP/1.1" 404 1011
190.171.143.82 - - [26/Apr/2019:11:01:26 -0300] "GET /cormun/servlet/permisosadjuntos?INS,17522932,P,20190423154523,, HTTP/1.1" 200 5689
190.171.143.82 - - [26/Apr/2019:11:01:40 -0300] "POST /cormun/servlet/permisosadjuntos?2ae9670bea1e1e3429aeff5c04163fbc,INS,17522932,P,20190423154523,, HTTP/1.1" 200 116
190.171.143.82 - - [26/Apr/2019:11:01:40 -0300] "GET /cormun/servlet/hpexe_return? HTTP/1.1" 200 1034
190.171.143.82 - - [26/Apr/2019:11:01:40 -0300] "GET /cormun/servlet/trpermisosadjuntos?17522932,20190423154523,P, HTTP/1.1" 200 6864
190.171.143.82 - - [26/Apr/2019:11:01:41 -0300] "GET /cormun/servlet/trpermisosadjuntos?17522932,20190423154523,P, HTTP/1.1" 200 6858
200.111.191.210 - - [26/Apr/2019:11:03:02 -0300] "GET /cormun/servlet/hlogin HTTP/1.1" 200 1722
200.111.191.210 - - [26/Apr/2019:11:03:02 -0300] "GET /cormun/servlet/hlogin HTTP/1.1" 200 1733
200.111.191.210 - - [26/Apr/2019:11:03:06 -0300] "POST /cormun/servlet/hlogin?4dfd2576ef77b1b232d007dc2678b04f,gx-no-cache=1556287226462 HTTP/1.1" 200 90
200.111.191.210 - - [26/Apr/2019:11:03:06 -0300] "GET /cormun/servlet/hpexe_link HTTP/1.1" 200 950
200.111.191.210 - - [26/Apr/2019:11:03:06 -0300] "GET /cormun/servlet/hhome HTTP/1.1" 200 4029
200.111.191.210 - - [26/Apr/2019:11:03:07 -0300] "GET /cormun/servlet/hhome HTTP/1.1" 200 4025
200.111.191.210 - - [26/Apr/2019:11:03:10 -0300] "GET /cormun/servlet/trpermisosgoce? HTTP/1.1" 200 17895
200.111.191.210 - - [26/Apr/2019:11:03:11 -0300] "GET /cormun/servlet/trpermisosgoce? HTTP/1.1" 200 17936
200.111.191.210 - - [26/Apr/2019:11:03:13 -0300] "GET /cormun/servlet/permisogoce?INS,0,,, HTTP/1.1" 200 6866
200.111.191.210 - - [26/Apr/2019:11:03:13 -0300] "GET /cormun/servlet/permisogoce?INS,0,,, HTTP/1.1" 200 6866
200.111.191.210 - - [26/Apr/2019:11:03:22 -0300] "GET /cormun/servlet/permisogoce?180d4887b5a5ee370045c94afd55cdb823ecff981d2a6ac09ddaf567c5242fb7e4eb0189a496456758254602ab933eff,gx-no-cache=1556287242815 HTTP/1.1" 200 86
200.111.191.210 - - [26/Apr/2019:11:03:29 -0300] "GET /cormun/servlet/permisogoce?180d4887b5a5ee370045c94afd55cdb84e613b93b53d97f9dc2d2c256f5e83e617a9de21f8aef2a44968a54334a38d780f32a5d1155ee42f96587897af6bea31,gx-no-cache=1556287249410 HTTP/1.1" 200 47
200.111.191.210 - - [26/Apr/2019:11:03:34 -0300] "POST /cormun/servlet/permisogoce?4dfd2576ef77b1b232d007dc2678b04f,INS,0,,,,gx-no-cache=1556287254386 HTTP/1.1" 200 93
200.111.191.210 - - [26/Apr/2019:11:03:34 -0300] "GET /cormun/servlet/hpexe_return? HTTP/1.1" 200 1010
200.111.191.210 - - [26/Apr/2019:11:03:35 -0300] "GET /cormun/servlet/trpermisosgoce HTTP/1.1" 200 18132
200.111.191.210 - - [26/Apr/2019:11:03:36 -0300] "GET /cormun/servlet/trpermisosgoce HTTP/1.1" 200 18135
200.111.191.210 - - [26/Apr/2019:11:03:37 -0300] "GET /cormun/servlet/apermisogoceprn?7907301,P,20190426115627,PU HTTP/1.1" 200 1659
200.111.191.210 - - [26/Apr/2019:11:03:47 -0300] "GET /cormun/static/menuarrow.gif HTTP/1.1" 404 1015
200.111.191.210 - - [26/Apr/2019:11:03:55 -0300] "POST /cormun/servlet/trpermisosgoce?4dfd2576ef77b1b232d007dc2678b04f,gx-no-cache=1556287275445 HTTP/1.1" 200 5522
200.111.191.210 - - [26/Apr/2019:11:07:32 -0300] "GET /cormun/servlet/trlicencias? HTTP/1.1" 200 15489
200.111.191.210 - - [26/Apr/2019:11:07:33 -0300] "GET /cormun/servlet/trlicencias? HTTP/1.1" 200 15488
190.171.143.82 - - [26/Apr/2019:11:10:39 -0300] "GET /cormun/servlet/trpermisosgoce? HTTP/1.1" 200 12716
190.171.143.82 - - [26/Apr/2019:11:10:40 -0300] "GET /cormun/servlet/trpermisosgoce? HTTP/1.1" 200 12702
190.171.143.82 - - [26/Apr/2019:11:10:44 -0300] "GET /cormun/servlet/trpermisosadjuntos?18995017,20190425113347,P, HTTP/1.1" 200 6369
190.171.143.82 - - [26/Apr/2019:11:10:45 -0300] "GET /cormun/servlet/trpermisosadjuntos?18995017,20190425113347,P, HTTP/1.1" 200 6369
190.171.143.82 - - [26/Apr/2019:11:10:46 -0300] "GET /cormun/servlet/permisosadjuntos?INS,18995017,P,20190425113347,, HTTP/1.1" 200 5698
190.171.143.82 - - [26/Apr/2019:11:10:47 -0300] "GET /cormun/static/about:blank HTTP/1.1" 404 1011
190.171.143.82 - - [26/Apr/2019:11:10:47 -0300] "GET /cormun/servlet/permisosadjuntos?INS,18995017,P,20190425113347,, HTTP/1.1" 200 5691
190.171.141.82 - - [26/Apr/2019:11:11:49 -0300] "GET /cormun/servlet/trlicencias? HTTP/1.1" 200 8436
190.171.141.82 - - [26/Apr/2019:11:11:51 -0300] "GET /cormun/static/calendar-system.css?75620 HTTP/1.1" 200 5572
190.171.141.82 - - [26/Apr/2019:11:11:51 -0300] "GET /cormun/static/gxcfg.js?20176272054169 HTTP/1.1" 200 953
190.171.141.82 - - [26/Apr/2019:11:11:51 -0300] "GET /cormun/static/gxui/gxui-all.css?110300 HTTP/1.1" 200 2179
190.171.141.82 - - [26/Apr/2019:11:11:51 -0300] "GET /cormun/static/calendar.js?85251 HTTP/1.1" 200 26246
190.171.141.82 - - [26/Apr/2019:11:11:51 -0300] "GET /cormun/static/Resources/Spanish/PXTools.css?17315867 HTTP/1.1" 200 89042
190.171.141.82 - - [26/Apr/2019:11:11:51 -0300] "GET /cormun/static/Shared/ext/resources/css/ext-all.css?205870 HTTP/1.1" 200 416045
190.171.141.82 - - [26/Apr/2019:11:11:51 -0300] "GET /cormun/static/calendar-setup.js?85251 HTTP/1.1" 200 2588
190.171.141.82 - - [26/Apr/2019:11:11:51 -0300] "GET /cormun/static/calendar-es.js?85251 HTTP/1.1" 200 1901
190.171.141.82 - - [26/Apr/2019:11:11:51 -0300] "GET /cormun/static/Resources/PXTools/calendar.png HTTP/1.1" 200 1306
190.171.141.82 - - [26/Apr/2019:11:11:51 -0300] "GET /cormun/static/Resources/PXToolsDataSearch.png HTTP/1.1" 200 419
190.171.141.82 - - [26/Apr/2019:11:11:52 -0300] "GET /cormun/static/gxdec.js?85251 HTTP/1.1" 200 19579
190.171.141.82 - - [26/Apr/2019:11:11:52 -0300] "GET /cormun/static/trlicencias.js?20176272054837 HTTP/1.1" 200 41883
190.171.141.82 - - [26/Apr/2019:11:11:52 -0300] "GET /cormun/static/Resources/PXToolsGridFirstDisabled.gif HTTP/1.1" 200 100
190.171.141.82 - - [26/Apr/2019:11:11:53 -0300] "GET /cormun/static/Resources/PXToolsGridNextDisabled.gif HTTP/1.1" 200 90
190.171.141.82 - - [26/Apr/2019:11:11:53 -0300] "GET /cormun/static/Resources/PXToolsGridPreviousDisabled.gif HTTP/1.1" 200 90
190.171.141.82 - - [26/Apr/2019:11:11:53 -0300] "GET /cormun/static/Resources/PXToolsGridLastDisabled.gif HTTP/1.1" 200 98
190.171.141.82 - - [26/Apr/2019:11:11:53 -0300] "GET /cormun/static/Resources/PXToolsGridPage.gif HTTP/1.1" 200 725
190.171.141.82 - - [26/Apr/2019:11:11:53 -0300] "GET /cormun/static/Resources/PXToolsGridNew.png HTTP/1.1" 200 2949
190.171.141.82 - - [26/Apr/2019:11:11:53 -0300] "GET /cormun/static/Resources/PXToolsActionExcel.png HTTP/1.1" 200 3187
190.171.141.82 - - [26/Apr/2019:11:11:54 -0300] "GET /cormun//static/Resources/PXToolsActionDisabled.gif HTTP/1.1" 200 53
190.171.141.82 - - [26/Apr/2019:11:11:54 -0300] "GET /cormun//static/Resources/PXToolsGridDisplay.png HTTP/1.1" 200 362
190.171.141.82 - - [26/Apr/2019:11:11:54 -0300] "GET /cormun/static/Resources/asc.gif HTTP/1.1" 200 67
190.171.141.82 - - [26/Apr/2019:11:11:54 -0300] "GET /cormun/static/Resources/desc.gif HTTP/1.1" 200 65
190.171.141.82 - - [26/Apr/2019:11:11:54 -0300] "GET /cormun//static/Resources/PXTools/ActionInsert.png HTTP/1.1" 200 1482
190.171.141.82 - - [26/Apr/2019:11:11:54 -0300] "GET /cormun/servlet/trlicencias? HTTP/1.1" 200 8434
190.171.141.82 - - [26/Apr/2019:11:11:54 -0300] "GET /cormun//static/Resources/PXToolsHeaderFavorites.png HTTP/1.1" 200 2744
190.171.141.82 - - [26/Apr/2019:11:11:54 -0300] "GET /cormun//static/Resources/PXToolsActionPrint.png HTTP/1.1" 200 3317
190.171.141.82 - - [26/Apr/2019:11:11:54 -0300] "GET /cormun//static/Resources/PXToolsHeaderHelp.png HTTP/1.1" 200 4055
190.171.141.82 - - [26/Apr/2019:11:11:54 -0300] "GET /cormun/servlet/hlogin HTTP/1.1" 200 1741
190.171.141.82 - - [26/Apr/2019:11:11:55 -0300] "GET /cormun/static/Shared/ext/resources/themes/images/default/panel/bg-headersPanel.png HTTP/1.1" 200 255
190.171.141.82 - - [26/Apr/2019:11:11:55 -0300] "GET /cormun/static/Shared/ext/resources/themes/images/default/tools/tool-sprites.gif HTTP/1.1" 200 5434
190.171.141.82 - - [26/Apr/2019:11:11:57 -0300] "POST /cormun/servlet/hlogin?dbd2575f1a907101cec8fd9ea5d205e7,gx-no-cache=1556284339597 HTTP/1.1" 200 90
190.171.141.82 - - [26/Apr/2019:11:11:58 -0300] "GET /cormun/servlet/hpexe_link HTTP/1.1" 200 959
190.171.141.82 - - [26/Apr/2019:11:11:58 -0300] "GET /cormun/servlet/trlicencias HTTP/1.1" 200 11728
190.171.141.82 - - [26/Apr/2019:11:12:02 -0300] "GET /cormun/servlet/trlicencias HTTP/1.1" 200 11726
190.171.141.82 - - [26/Apr/2019:11:12:26 -0300] "GET /cormun/servlet/alicenciaprn?18377764,L,20190425000000,PU HTTP/1.1" 200 1567
207.46.13.208 - - [26/Apr/2019:11:12:46 -0300] "GET /cormun/servlet/vesolicitudot?2017,6363,_escaped_fragment_%3D,SolicitudOTAdjuntos HTTP/1.1" 200 6165
207.46.13.6 - - [26/Apr/2019:11:13:34 -0300] "GET /cormun/static/PXToolsJavascripts/pexe_link.js HTTP/1.1" 200 5671
207.46.13.6 - - [26/Apr/2019:11:13:34 -0300] "GET /cormun/static/PXToolsJavascripts/pexe_tabdivfix.js HTTP/1.1" 200 876
207.46.13.6 - - [26/Apr/2019:11:13:34 -0300] "GET /cormun/static/Resources/PXToolsGridLastDisabled.gif HTTP/1.1" 200 98
207.46.13.6 - - [26/Apr/2019:11:13:35 -0300] "GET /cormun/static/Resources/PXToolsGridPage.gif HTTP/1.1" 200 725
207.46.13.6 - - [26/Apr/2019:11:13:36 -0300] "GET /cormun/static/hpexe_messagegenexuscomponent.js?201752511465344 HTTP/1.1" 200 587
207.46.13.203 - - [26/Apr/2019:11:13:39 -0300] "GET /cormun/servlet/hlogin HTTP/1.1" 200 1708
207.46.13.203 - - [26/Apr/2019:11:13:39 -0300] "GET /cormun/static/PXToolsJavascripts/pexe_cookies.js HTTP/1.1" 200 792
207.46.13.203 - - [26/Apr/2019:11:13:39 -0300] "GET /cormun/static/PXToolsJavascripts/pexe_scrolldiv.js HTTP/1.1" 200 4138
207.46.13.203 - - [26/Apr/2019:11:13:39 -0300] "GET /cormun/static/Resources/PXToolsGridFirstDisabled.gif HTTP/1.1" 200 100
207.46.13.203 - - [26/Apr/2019:11:13:40 -0300] "GET /cormun/static/Resources/indicator.gif HTTP/1.1" 200 1553
207.46.13.203 - - [26/Apr/2019:11:13:45 -0300] "GET /cormun/static/Shared/ext/resources/css/ext-all.css HTTP/1.1" 200 416045
207.46.13.203 - - [26/Apr/2019:11:13:45 -0300] "GET /cormun/static/SmoothNavMenu/resources/ddsmoothmenu-v.css?1012540 HTTP/1.1" 200 1188
207.46.13.203 - - [26/Apr/2019:11:13:46 -0300] "GET /cormun/static/scaMessage/css/jquery.pnotify.default.css?1716380 HTTP/1.1" 200 1707
207.46.13.208 - - [26/Apr/2019:11:13:48 -0300] "GET /cormun/servlet/vesolicitudot?2017,6363,_escaped_fragment_%3D,SolicitudOTAdjuntos HTTP/1.1" 200 6168
207.46.13.208 - - [26/Apr/2019:11:13:49 -0300] "GET /cormun/static/PXToolsJavascripts/pexe_oavdivfix.js HTTP/1.1" 200 639
207.46.13.208 - - [26/Apr/2019:11:13:49 -0300] "GET /cormun/static/Resources/PXToolsGridNew.png HTTP/1.1" 200 2949
207.46.13.208 - - [26/Apr/2019:11:13:49 -0300] "GET /cormun/static/Resources/PXToolsGridPreviousDisabled.gif HTTP/1.1" 200 90
207.46.13.208 - - [26/Apr/2019:11:13:49 -0300] "GET /cormun/static/Resources/PXToolsTabUnselectedSelected.png HTTP/1.1" 200 1444
207.46.13.208 - - [26/Apr/2019:11:13:50 -0300] "GET /cormun/static/gxui/gxui-all.css HTTP/1.1" 200 2179
157.55.39.95 - - [26/Apr/2019:11:13:54 -0300] "GET /cormun/static/PXToolsJavascripts/pexe_tabs.js HTTP/1.1" 200 3748
157.55.39.95 - - [26/Apr/2019:11:13:54 -0300] "GET /cormun/static/Resources/PXToolsGridNextDisabled.gif HTTP/1.1" 200 90
157.55.39.95 - - [26/Apr/2019:11:13:55 -0300] "GET /cormun/static/Resources/PXToolsTabFirstUnselected.png HTTP/1.1" 200 1264
157.55.39.95 - - [26/Apr/2019:11:13:55 -0300] "GET /cormun/static/tbsolicitudot02.js?201711142258496 HTTP/1.1" 200 15626
190.171.154.42 - - [26/Apr/2019:11:14:37 -0300] "GET /cormun/servlet/hlogin HTTP/1.1" 200 1722
190.171.154.42 - - [26/Apr/2019:11:14:49 -0300] "POST /cormun/servlet/hlogin?c2d4e1a7ca841ff4a49972df1358eb6e,gx-no-cache=1556287861272 HTTP/1.1" 200 90
190.171.154.42 - - [26/Apr/2019:11:14:49 -0300] "GET /cormun/servlet/hpexe_link HTTP/1.1" 200 952
190.171.154.42 - - [26/Apr/2019:11:14:50 -0300] "GET /cormun/servlet/hhome HTTP/1.1" 200 4320
190.171.154.42 - - [26/Apr/2019:11:14:52 -0300] "GET /cormun/servlet/hhome HTTP/1.1" 200 4316
190.171.154.42 - - [26/Apr/2019:11:14:57 -0300] "GET /cormun/servlet/trsolicitudot? HTTP/1.1" 200 7539
190.171.154.42 - - [26/Apr/2019:11:14:59 -0300] "GET /cormun/servlet/trsolicitudot? HTTP/1.1" 200 7536
190.171.154.42 - - [26/Apr/2019:11:15:06 -0300] "GET /cormun/servlet/solicitudot?INS,0,0, HTTP/1.1" 200 15316
190.171.154.42 - - [26/Apr/2019:11:15:08 -0300] "GET /cormun/servlet/solicitudot?INS,0,0, HTTP/1.1" 200 15321
190.171.154.42 - - [26/Apr/2019:11:16:06 -0300] "GET /cormun/servlet/hlogin HTTP/1.1" 200 1742
190.171.153.50 - - [26/Apr/2019:11:20:18 -0300] "GET /cormun/servlet/hlogin HTTP/1.1" 200 1719
190.171.153.50 - - [26/Apr/2019:11:20:27 -0300] "POST /cormun/servlet/hlogin?73e9f27d2970eb520d8d5666b41dfea6,gx-no-cache=1556288202024 HTTP/1.1" 200 90
190.171.153.50 - - [26/Apr/2019:11:20:27 -0300] "GET /cormun/servlet/hpexe_link HTTP/1.1" 200 943
190.171.153.50 - - [26/Apr/2019:11:20:27 -0300] "GET /cormun/servlet/hhome HTTP/1.1" 200 4348
190.171.153.50 - - [26/Apr/2019:11:20:28 -0300] "GET /cormun/servlet/hhome HTTP/1.1" 200 4343
192.168.10.96 - - [26/Apr/2019:11:22:08 -0300] "GET /cormun/servlet/trsolicitudgral? HTTP/1.1" 200 14015
192.168.10.96 - - [26/Apr/2019:11:22:09 -0300] "GET /cormun/servlet/trsolicitudgral? HTTP/1.1" 200 14015
192.168.10.96 - - [26/Apr/2019:11:22:17 -0300] "POST /cormun/servlet/trsolicitudgral?d97d86d00cbb56e9582462806dd316f8,,gx-no-cache=1556295331353 HTTP/1.1" 200 8137
192.168.10.96 - - [26/Apr/2019:11:22:24 -0300] "POST /cormun/servlet/trsolicitudgral?d97d86d00cbb56e9582462806dd316f8,,gx-no-cache=1556295338399 HTTP/1.1" 200 5965
192.168.10.96 - - [26/Apr/2019:11:22:29 -0300] "POST /cormun/servlet/trsolicitudgral?d97d86d00cbb56e9582462806dd316f8,,gx-no-cache=1556295343527 HTTP/1.1" 200 8137
192.168.10.96 - - [26/Apr/2019:11:22:33 -0300] "POST /cormun/servlet/trsolicitudgral?d97d86d00cbb56e9582462806dd316f8,,gx-no-cache=1556295347415 HTTP/1.1" 200 7731
190.171.153.50 - - [26/Apr/2019:11:23:55 -0300] "GET /cormun/servlet/trsolicitudot? HTTP/1.1" 200 8923
190.171.153.50 - - [26/Apr/2019:11:23:56 -0300] "GET /cormun/servlet/trsolicitudot? HTTP/1.1" 200 8921
190.171.144.234 - - [26/Apr/2019:11:24:19 -0300] "GET /cormun/servlet/hlogin HTTP/1.1" 200 1719
190.171.144.234 - - [26/Apr/2019:11:24:32 -0300] "POST /cormun/servlet/hlogin?6a10fbb92b6beaf2ada1e05949cb86c6,gx-no-cache=1556288449303 HTTP/1.1" 200 90
190.171.144.234 - - [26/Apr/2019:11:24:32 -0300] "GET /cormun/servlet/hpexe_link HTTP/1.1" 200 950
190.171.144.234 - - [26/Apr/2019:11:24:32 -0300] "GET /cormun/servlet/hhome HTTP/1.1" 200 4165
190.171.144.234 - - [26/Apr/2019:11:24:33 -0300] "GET /cormun/servlet/hhome HTTP/1.1" 200 4161
190.171.144.234 - - [26/Apr/2019:11:24:56 -0300] "GET /cormun/servlet/trautorizarsolicitud? HTTP/1.1" 200 7277
190.171.144.234 - - [26/Apr/2019:11:24:56 -0300] "GET /cormun/servlet/trautorizarsolicitud? HTTP/1.1" 200 7276
190.171.144.234 - - [26/Apr/2019:11:25:04 -0300] "GET /cormun/servlet/trautorizarsolicitud? HTTP/1.1" 200 7276
190.171.144.234 - - [26/Apr/2019:11:25:04 -0300] "GET /cormun/servlet/trautorizarsolicitud? HTTP/1.1" 200 7276
192.168.10.96 - - [26/Apr/2019:11:25:04 -0300] "POST /cormun/servlet/trsolicitudgral?d97d86d00cbb56e9582462806dd316f8,,gx-no-cache=1556295498402 HTTP/1.1" 200 116
192.168.10.96 - - [26/Apr/2019:11:25:04 -0300] "GET /cormun/servlet/solicitudotlog?INS,2019,15379,0,REC, HTTP/1.1" 200 6580
192.168.10.96 - - [26/Apr/2019:11:25:05 -0300] "GET /cormun/servlet/solicitudotlog?INS,2019,15379,0,REC, HTTP/1.1" 200 6580
192.168.10.96 - - [26/Apr/2019:11:25:06 -0300] "GET /cormun/servlet/solicitudotlog?b08e33bfb76ae292cc3941f29e77dc8bd628177cea254ecbfe6b2ac7fa81aabc32c578b5a0efe86d50c554f50575c8eaa3abb835dc1f892eb9a1e9f8ff543b9807eb70ed1d46a806b71ef875926497ae0730769f20d42ed85ddb11469ddbedf8bf8c4cd595fd11f3775da72c91effdb38fcc842551beef38b1ace028686b79e665e1edb27ee2848da5cbe0e7badb99c339ae8f5bd087ce0964cde4a6bdfd73f2,gx-no-cache=1556295499826 HTTP/1.1" 200 94
190.171.144.234 - - [26/Apr/2019:11:25:11 -0300] "GET /cormun/servlet/trvisualizadoreventos? HTTP/1.1" 200 6915
190.171.144.234 - - [26/Apr/2019:11:25:11 -0300] "GET /cormun/servlet/trvisualizadoreventos? HTTP/1.1" 200 6915
190.171.154.42 - - [26/Apr/2019:11:25:13 -0300] "POST /cormun/servlet/hlogin?c2d4e1a7ca841ff4a49972df1358eb6e,gx-no-cache=1556288484718 HTTP/1.1" 200 90
190.171.154.42 - - [26/Apr/2019:11:25:13 -0300] "GET /cormun/servlet/hpexe_link HTTP/1.1" 200 963
190.171.154.42 - - [26/Apr/2019:11:25:13 -0300] "GET /cormun/servlet/solicitudot?INS,0,0, HTTP/1.1" 200 15318
190.171.154.42 - - [26/Apr/2019:11:25:16 -0300] "GET /cormun/servlet/solicitudot?INS,0,0, HTTP/1.1" 200 15321
192.168.10.96 - - [26/Apr/2019:11:25:20 -0300] "POST /cormun/servlet/solicitudotlog?d97d86d00cbb56e9582462806dd316f8,INS,2019,15379,0,REC,,gx-no-cache=1556295513751 HTTP/1.1" 200 93
192.168.10.96 - - [26/Apr/2019:11:25:20 -0300] "GET /cormun/servlet/hpexe_return? HTTP/1.1" 200 1029
192.168.10.96 - - [26/Apr/2019:11:25:20 -0300] "GET /cormun/servlet/trsolicitudgral? HTTP/1.1" 200 10609
192.168.10.96 - - [26/Apr/2019:11:25:20 -0300] "GET /cormun/servlet/trsolicitudgral? HTTP/1.1" 200 10605
190.171.154.42 - - [26/Apr/2019:11:25:33 -0300] "POST /cormun/servlet/solicitudot?gx-no-cache=1556288504692 HTTP/1.1" 200 3638
190.171.154.42 - - [26/Apr/2019:11:25:33 -0300] "GET /cormun/static/Shared/jqueryui/images/ui-icons_82798d_256x240.png HTTP/1.1" 404 1089
190.171.154.42 - - [26/Apr/2019:11:25:33 -0300] "GET /cormun/static/Shared/jqueryui/images/ui-bg_highlight-soft_100_c6c2c8_1x100.png HTTP/1.1" 404 1117
190.171.154.42 - - [26/Apr/2019:11:25:33 -0300] "GET /cormun/static/Shared/jqueryui/images/ui-bg_flat_55_994d53_40x100.png HTTP/1.1" 404 1097
190.171.154.42 - - [26/Apr/2019:11:25:33 -0300] "GET /cormun/static/Shared/jqueryui/images/ui-icons_ebccce_256x240.png HTTP/1.1" 404 1089
190.171.154.42 - - [26/Apr/2019:11:25:38 -0300] "GET /cormun/servlet/solicitudot?96b69be71de22602cc296e183f052f066166b40a9f6afcccde181fa792c49e77c9c82fe76b1135af50f75a6c79943931,gx-no-cache=1556288510682 HTTP/1.1" 200 30
192.168.10.96 - - [26/Apr/2019:11:26:02 -0300] "POST /cormun/servlet/trsolicitudgral?d97d86d00cbb56e9582462806dd316f8,,gx-no-cache=1556295556022 HTTP/1.1" 200 7311
192.168.10.96 - - [26/Apr/2019:11:26:05 -0300] "POST /cormun/servlet/trsolicitudgral?d97d86d00cbb56e9582462806dd316f8,,gx-no-cache=1556295559421 HTTP/1.1" 200 7335
190.171.153.50 - - [26/Apr/2019:11:26:13 -0300] "POST /cormun/servlet/trsolicitudot?73e9f27d2970eb520d8d5666b41dfea6,,gx-no-cache=1556288548094 HTTP/1.1" 200 4760
190.171.153.50 - - [26/Apr/2019:11:26:13 -0300] "GET /cormun/static/Shared/jqueryui/images/ui-bg_highlight-soft_100_c6c2c8_1x100.png HTTP/1.1" 404 1117
190.171.153.50 - - [26/Apr/2019:11:26:13 -0300] "GET /cormun/static/Shared/jqueryui/images/ui-bg_flat_55_fafafa_40x100.png HTTP/1.1" 404 1097
190.171.153.50 - - [26/Apr/2019:11:26:13 -0300] "GET /cormun/static/Shared/jqueryui/images/ui-icons_82798d_256x240.png HTTP/1.1" 404 1089
190.171.153.50 - - [26/Apr/2019:11:26:13 -0300] "GET /cormun/static/Shared/jqueryui/images/ui-icons_8d78a5_256x240.png HTTP/1.1" 404 1089
190.171.153.50 - - [26/Apr/2019:11:26:13 -0300] "POST /cormun/servlet/trsolicitudot?73e9f27d2970eb520d8d5666b41dfea6,,gx-no-cache=1556288548334 HTTP/1.1" 200 4528
192.168.10.96 - - [26/Apr/2019:11:26:21 -0300] "POST /cormun/servlet/trsolicitudgral?d97d86d00cbb56e9582462806dd316f8,,gx-no-cache=1556295575302 HTTP/1.1" 200 7779
192.168.10.96 - - [26/Apr/2019:11:26:22 -0300] "POST /cormun/servlet/trsolicitudgral?d97d86d00cbb56e9582462806dd316f8,,gx-no-cache=1556295576124 HTTP/1.1" 200 7780
192.168.10.96 - - [26/Apr/2019:11:26:26 -0300] "POST /cormun/servlet/trsolicitudgral?d97d86d00cbb56e9582462806dd316f8,,gx-no-cache=1556295580118 HTTP/1.1" 200 7813
192.168.10.96 - - [26/Apr/2019:11:26:26 -0300] "POST /cormun/servlet/trsolicitudgral?d97d86d00cbb56e9582462806dd316f8,,gx-no-cache=1556295580490 HTTP/1.1" 200 7814
192.168.10.96 - - [26/Apr/2019:11:26:27 -0300] "POST /cormun/servlet/trsolicitudgral?d97d86d00cbb56e9582462806dd316f8,,gx-no-cache=1556295581515 HTTP/1.1" 200 7815
190.171.153.50 - - [26/Apr/2019:11:26:28 -0300] "GET /cormun/servlet/trsolicitudot? HTTP/1.1" 200 7562
190.171.153.50 - - [26/Apr/2019:11:26:28 -0300] "GET /cormun/servlet/trsolicitudot? HTTP/1.1" 200 7562
190.171.153.50 - - [26/Apr/2019:11:26:31 -0300] "GET /cormun/servlet/trautorizarsolicitud? HTTP/1.1" 200 9326
190.171.153.50 - - [26/Apr/2019:11:26:32 -0300] "GET /cormun/servlet/trautorizarsolicitud? HTTP/1.1" 200 9326
192.168.10.96 - - [26/Apr/2019:11:26:38 -0300] "POST /cormun/servlet/trsolicitudgral?d97d86d00cbb56e9582462806dd316f8,,gx-no-cache=1556295591781 HTTP/1.1" 200 7814
192.168.10.96 - - [26/Apr/2019:11:26:38 -0300] "POST /cormun/servlet/trsolicitudgral?d97d86d00cbb56e9582462806dd316f8,,gx-no-cache=1556295592474 HTTP/1.1" 200 7814
192.168.10.96 - - [26/Apr/2019:11:26:39 -0300] "POST /cormun/servlet/trsolicitudgral?d97d86d00cbb56e9582462806dd316f8,,gx-no-cache=1556295592756 HTTP/1.1" 200 7814
192.168.10.96 - - [26/Apr/2019:11:26:39 -0300] "POST /cormun/servlet/trsolicitudgral?d97d86d00cbb56e9582462806dd316f8,,gx-no-cache=1556295593163 HTTP/1.1" 200 7814
192.168.10.96 - - [26/Apr/2019:11:26:39 -0300] "POST /cormun/servlet/trsolicitudgral?d97d86d00cbb56e9582462806dd316f8,,gx-no-cache=1556295593403 HTTP/1.1" 200 7814
192.168.10.96 - - [26/Apr/2019:11:26:39 -0300] "POST /cormun/servlet/trsolicitudgral?d97d86d00cbb56e9582462806dd316f8,,gx-no-cache=1556295593634 HTTP/1.1" 200 7814
192.168.10.96 - - [26/Apr/2019:11:26:40 -0300] "POST /cormun/servlet/trsolicitudgral?d97d86d00cbb56e9582462806dd316f8,,gx-no-cache=1556295593839 HTTP/1.1" 200 7813
190.171.153.50 - - [26/Apr/2019:11:26:40 -0300] "POST /cormun/servlet/trautorizarsolicitud?73e9f27d2970eb520d8d5666b41dfea6,,gx-no-cache=1556288574468 HTTP/1.1" 200 5875
192.168.10.96 - - [26/Apr/2019:11:26:40 -0300] "POST /cormun/servlet/trsolicitudgral?d97d86d00cbb56e9582462806dd316f8,,gx-no-cache=1556295594107 HTTP/1.1" 200 7311
190.171.153.50 - - [26/Apr/2019:11:26:40 -0300] "GET /cormun/static/Shared/jqueryui/images/ui-bg_highlight-soft_100_c6c2c8_1x100.png HTTP/1.1" 404 1117
192.168.10.96 - - [26/Apr/2019:11:26:40 -0300] "POST /cormun/servlet/trsolicitudgral?d97d86d00cbb56e9582462806dd316f8,,gx-no-cache=1556295594334 HTTP/1.1" 200 7312
192.168.10.96 - - [26/Apr/2019:11:26:40 -0300] "POST /cormun/servlet/trsolicitudgral?d97d86d00cbb56e9582462806dd316f8,,gx-no-cache=1556295594535 HTTP/1.1" 200 7312
190.171.153.50 - - [26/Apr/2019:11:26:41 -0300] "GET /cormun/static/Shared/jqueryui/images/ui-icons_8d78a5_256x240.png HTTP/1.1" 404 1089
190.171.153.50 - - [26/Apr/2019:11:26:41 -0300] "GET /cormun/static/Shared/jqueryui/images/ui-icons_82798d_256x240.png HTTP/1.1" 404 1089
190.171.153.50 - - [26/Apr/2019:11:26:41 -0300] "GET /cormun/static/Shared/jqueryui/images/ui-bg_flat_55_fafafa_40x100.png HTTP/1.1" 404 1097
190.171.153.50 - - [26/Apr/2019:11:26:42 -0300] "POST /cormun/servlet/trautorizarsolicitud?73e9f27d2970eb520d8d5666b41dfea6,,gx-no-cache=1556288575334 HTTP/1.1" 200 5820
192.168.10.96 - - [26/Apr/2019:11:26:44 -0300] "POST /cormun/servlet/trsolicitudgral?d97d86d00cbb56e9582462806dd316f8,,gx-no-cache=1556295597660 HTTP/1.1" 200 8228
78.108.177.52 - - [26/Apr/2019:11:28:08 -0300] "GET / HTTP/1.0" 200 11197
190.171.154.42 - - [26/Apr/2019:11:29:43 -0300] "GET /cormun/servlet/prbanco?,MD,,gxPopupLevel%3D0%3B HTTP/1.1" 200 6689
190.171.144.234 - - [26/Apr/2019:11:29:43 -0300] "GET /cormun/servlet/trcontratoobservaciondir? HTTP/1.1" 200 6367
190.171.144.234 - - [26/Apr/2019:11:29:43 -0300] "GET /cormun/static/gxcfg.js?20175251262281 HTTP/1.1" 200 953
190.171.144.234 - - [26/Apr/2019:11:29:44 -0300] "GET /cormun/static/trcontratoobservaciondir.js?20175251262715 HTTP/1.1" 200 27185
190.171.144.234 - - [26/Apr/2019:11:29:44 -0300] "GET /cormun/servlet/trcontratoobservaciondir? HTTP/1.1" 200 6367
190.171.144.234 - - [26/Apr/2019:11:29:45 -0300] "POST /cormun/servlet/acontrolpreferencessavestate?None,ICESPEDES,true HTTP/1.1" 200 35
190.171.154.42 - - [26/Apr/2019:11:29:49 -0300] "GET /cormun/servlet/solicitudot?96b69be71de22602cc296e183f052f060f0616f34fc48d89f84eeb543c8fcee041ad0f6a13bf53911aafa5418d5c040f,gx-no-cache=1556288760975 HTTP/1.1" 200 30
190.171.154.42 - - [26/Apr/2019:11:29:50 -0300] "GET /cormun/servlet/solicitudot?96b69be71de22602cc296e183f052f06629116213601cb87d0289cb4e08c0ecc,gx-no-cache=1556288762754 HTTP/1.1" 200 51
190.171.154.42 - - [26/Apr/2019:11:29:55 -0300] "POST /cormun/servlet/solicitudot?c2d4e1a7ca841ff4a49972df1358eb6e,INS,0,0,,gx-no-cache=1556288766918 HTTP/1.1" 200 12079
190.171.154.42 - - [26/Apr/2019:11:29:55 -0300] "GET /cormun/static/Shared/jqueryui/images/ui-bg_flat_55_fafafa_40x100.png HTTP/1.1" 404 1097
190.171.154.42 - - [26/Apr/2019:11:29:55 -0300] "GET /cormun/static/Shared/jqueryui/images/ui-icons_8d78a5_256x240.png HTTP/1.1" 404 1089
190.171.154.42 - - [26/Apr/2019:11:29:57 -0300] "POST /cormun/servlet/solicitudot?gx-no-cache=1556288769491 HTTP/1.1" 200 3644
190.171.154.42 - - [26/Apr/2019:11:29:57 -0300] "GET /cormun/servlet/solicitudot?96b69be71de22602cc296e183f052f060f0616f34fc48d89f84eeb543c8fcee081d0e096d3f9cd4296ebe2dc2318ce2e,gx-no-cache=1556288769693 HTTP/1.1" 200 30
190.171.154.42 - - [26/Apr/2019:11:29:57 -0300] "GET /cormun/servlet/solicitudot?96b69be71de22602cc296e183f052f06bfabd43c0fe95a7c478f2e87289d1a7b2d00dd6df3c025dd83f0f41408b77dd70327c1be84a576c4951aab04299cf19e,gx-no-cache=1556288769747 HTTP/1.1" 200 51
190.171.144.234 - - [26/Apr/2019:11:30:00 -0300] "GET /cormun/servlet/hlogin HTTP/1.1" 200 1719
190.171.154.42 - - [26/Apr/2019:11:30:04 -0300] "POST /cormun/servlet/solicitudot?gx-no-cache=1556288776557 HTTP/1.1" 200 297
190.171.154.42 - - [26/Apr/2019:11:30:04 -0300] "GET /cormun/servlet/solicitudot?96b69be71de22602cc296e183f052f06ab653557a5b103499a1eb9132f4c821342335ff308298db7d59387800b460133c5fdd86c8b46799ca8c2dcf23c9f8e92e0b2a5210bfea1c0f4974699ec8380112b8638eb384cb44ed1d75280e12ff7f907e751945c829730f6b792890046c69798b7da126bc01e2802b528746535f6b55112f09a2401ac2ed3ca401e476c3a5cc6a0cda3d4dc5450255b394d044abdf4c6e6cdf520dc89a268c0f7d6b3ade4050ae240e49ace7348b6c81409bf0384461af86bacb3a43cb114fe4ab234e1e7937f43567823ed13c7fca77771346b674461856d03646334a5a06cfc97264506a38c945b83eaea7557c5d13c547e3a9208a84e82c2db168e3373ae18a57ec716c72d1bc11badf9b1d6caff0b0c9a67c972c20130a2136019f631c3a17aec0a26d1d9f7a7fd1a6eb77f80ce9d9a59dbb2677d0c5ac4a4216de9a23de30e2a994986da197fc7878f130002e3fb964a095a5a8bb79705c7affc5d4a40ad63af04d52b6fff97798c5efb653603d02eddd6a02f3e148ac06d10e41a55903cd39c78c21b,gx-no-cache=1556288776648 HTTP/1.1" 200 30
190.171.154.42 - - [26/Apr/2019:11:30:07 -0300] "POST /cormun/servlet/solicitudot?gx-no-cache=1556288779725 HTTP/1.1" 200 30
190.171.154.42 - - [26/Apr/2019:11:30:17 -0300] "POST /cormun/servlet/solicitudot?gx-no-cache=1556288789712 HTTP/1.1" 200 1337
190.171.154.42 - - [26/Apr/2019:11:30:17 -0300] "POST /cormun/servlet/solicitudot?gx-no-cache=1556288789872 HTTP/1.1" 200 38
190.171.153.50 - - [26/Apr/2019:11:30:37 -0300] "GET /cormun/servlet/trsolicitudot? HTTP/1.1" 200 7563
190.171.153.50 - - [26/Apr/2019:11:30:38 -0300] "GET /cormun/servlet/trsolicitudot? HTTP/1.1" 200 7562
190.171.144.234 - - [26/Apr/2019:11:30:41 -0300] "POST /cormun/servlet/hlogin?6a10fbb92b6beaf2ada1e05949cb86c6,gx-no-cache=1556288817708 HTTP/1.1" 200 90
190.171.144.234 - - [26/Apr/2019:11:30:41 -0300] "GET /cormun/servlet/hpexe_link HTTP/1.1" 200 962
190.171.144.234 - - [26/Apr/2019:11:30:41 -0300] "GET /cormun/servlet/trcontratoobservaciondir HTTP/1.1" 200 6371
190.171.153.50 - - [26/Apr/2019:11:30:41 -0300] "GET /cormun/servlet/trautorizarsolicitud? HTTP/1.1" 200 8822
190.171.153.50 - - [26/Apr/2019:11:30:42 -0300] "GET /cormun/servlet/trautorizarsolicitud? HTTP/1.1" 200 8822
190.171.144.234 - - [26/Apr/2019:11:30:42 -0300] "GET /cormun/servlet/trcontratoobservaciondir HTTP/1.1" 200 6370
190.171.154.42 - - [26/Apr/2019:11:30:56 -0300] "GET /cormun/servlet/solicitudot?96b69be71de22602cc296e183f052f06a2ff5b70f6d110dda4139b96d85f0d23b72137669e68ec46707c6b56e68cfea1dffa0da27e77f23b82229af4ab8ce12636f738607b4ff923ed6d971955eae1fd56121bbd0a8640bdd81b50ad7fae005321c12717fb88c427d1e1cdc14816c031,gx-no-cache=1556288828170 HTTP/1.1" 200 110
190.171.144.234 - - [26/Apr/2019:11:31:05 -0300] "GET /cormun/servlet/hlogin HTTP/1.1" 200 1719
190.171.154.42 - - [26/Apr/2019:11:31:12 -0300] "POST /cormun/servlet/solicitudot?gx-no-cache=1556288843854 HTTP/1.1" 200 83
190.171.144.234 - - [26/Apr/2019:11:31:15 -0300] "POST /cormun/servlet/hlogin?6a10fbb92b6beaf2ada1e05949cb86c6,gx-no-cache=1556288851869 HTTP/1.1" 200 90
190.171.144.234 - - [26/Apr/2019:11:31:15 -0300] "GET /cormun/servlet/hpexe_link HTTP/1.1" 200 950
190.171.144.234 - - [26/Apr/2019:11:31:15 -0300] "GET /cormun/servlet/hhome HTTP/1.1" 200 4018
190.171.144.234 - - [26/Apr/2019:11:31:15 -0300] "GET /cormun/servlet/hhome HTTP/1.1" 200 4015
190.171.154.42 - - [26/Apr/2019:11:31:19 -0300] "GET /cormun/servlet/solicitudot?96b69be71de22602cc296e183f052f063c81e6b4f6d9898564aceb78faf5940935863ae995a4e4acf63a9e7114b980d7acbcf488a8cd2efb5c92eab19965d7047575f19d9f9a2d5900a87951656cfb58,gx-no-cache=1556288851564 HTTP/1.1" 200 29
190.171.144.234 - - [26/Apr/2019:11:31:21 -0300] "GET /cormun/servlet/trsolicitudot? HTTP/1.1" 200 8595
190.171.144.234 - - [26/Apr/2019:11:31:21 -0300] "GET /cormun/static/gxcfg.js?2017111422585916 HTTP/1.1" 304 -
190.171.144.234 - - [26/Apr/2019:11:31:21 -0300] "GET /cormun/servlet/trsolicitudot? HTTP/1.1" 200 8593
190.171.154.42 - - [26/Apr/2019:11:31:22 -0300] "GET /cormun/static/menuarrow.gif HTTP/1.1" 404 1015
190.171.154.42 - - [26/Apr/2019:11:31:38 -0300] "GET /cormun/servlet/solicitudot?96b69be71de22602cc296e183f052f06a28e503402c2c2f9126dabd25616ee7f45ea936980d043f477272b9e68458b2c,gx-no-cache=1556288870081 HTTP/1.1" 200 30
190.171.144.234 - - [26/Apr/2019:11:31:41 -0300] "POST /cormun/servlet/trsolicitudot?6a10fbb92b6beaf2ada1e05949cb86c6,,gx-no-cache=1556288877386 HTTP/1.1" 200 4480
190.171.144.234 - - [26/Apr/2019:11:31:42 -0300] "POST /cormun/servlet/trsolicitudot?6a10fbb92b6beaf2ada1e05949cb86c6,,gx-no-cache=1556288878736 HTTP/1.1" 200 4309
190.171.144.234 - - [26/Apr/2019:11:31:48 -0300] "GET /cormun/servlet/trsolicitudot? HTTP/1.1" 200 7234
190.171.144.234 - - [26/Apr/2019:11:31:48 -0300] "GET /cormun/servlet/trsolicitudot? HTTP/1.1" 200 7234
190.171.144.234 - - [26/Apr/2019:11:32:00 -0300] "GET /cormun/servlet/hlogin HTTP/1.1" 200 1719
190.171.154.42 - - [26/Apr/2019:11:32:03 -0300] "POST /cormun/servlet/solicitudot?gx-no-cache=1556288895279 HTTP/1.1" 200 30
190.171.144.234 - - [26/Apr/2019:11:32:10 -0300] "POST /cormun/servlet/hlogin?6a10fbb92b6beaf2ada1e05949cb86c6,gx-no-cache=1556288907502 HTTP/1.1" 200 90
190.171.144.234 - - [26/Apr/2019:11:32:10 -0300] "GET /cormun/servlet/hpexe_link HTTP/1.1" 200 950
190.171.144.234 - - [26/Apr/2019:11:32:11 -0300] "GET /cormun/servlet/hhome HTTP/1.1" 200 4173
190.171.144.234 - - [26/Apr/2019:11:32:11 -0300] "GET /cormun/servlet/hhome HTTP/1.1" 200 4169
190.171.144.234 - - [26/Apr/2019:11:32:24 -0300] "GET /cormun/servlet/trautorizarsolicitud? HTTP/1.1" 200 7283
190.171.144.234 - - [26/Apr/2019:11:32:24 -0300] "GET /cormun/servlet/trautorizarsolicitud? HTTP/1.1" 200 7283
190.171.144.234 - - [26/Apr/2019:11:32:29 -0300] "GET /cormun/servlet/trvisualizadoreventos? HTTP/1.1" 200 6923
190.171.144.234 - - [26/Apr/2019:11:32:29 -0300] "GET /cormun/servlet/trvisualizadoreventos? HTTP/1.1" 200 6923
190.171.144.234 - - [26/Apr/2019:11:32:35 -0300] "GET /cormun/servlet/trautorizarsolicitud? HTTP/1.1" 200 7283
190.171.144.234 - - [26/Apr/2019:11:32:35 -0300] "GET /cormun/servlet/trautorizarsolicitud? HTTP/1.1" 200 7283
190.171.144.234 - - [26/Apr/2019:11:32:43 -0300] "GET /cormun/servlet/trcontratoobservaciondir? HTTP/1.1" 200 6370
190.171.144.234 - - [26/Apr/2019:11:32:43 -0300] "GET /cormun/servlet/trcontratoobservaciondir? HTTP/1.1" 200 6370
190.171.154.42 - - [26/Apr/2019:11:33:29 -0300] "GET /cormun/servlet/solicitudot?96b69be71de22602cc296e183f052f06a28e503402c2c2f9126dabd25616ee7f45ea936980d043f477272b9e68458b2c,gx-no-cache=1556288981006 HTTP/1.1" 200 30
190.171.154.42 - - [26/Apr/2019:11:33:29 -0300] "POST /cormun/servlet/solicitudot?gx-no-cache=1556288981088 HTTP/1.1" 200 30
190.171.154.42 - - [26/Apr/2019:11:33:29 -0300] "POST /cormun/servlet/solicitudot?c2d4e1a7ca841ff4a49972df1358eb6e,INS,0,0,,gx-no-cache=1556288981165 HTTP/1.1" 200 12389
190.171.154.42 - - [26/Apr/2019:11:33:55 -0300] "POST /cormun/servlet/solicitudot?c2d4e1a7ca841ff4a49972df1358eb6e,INS,0,0,,gx-no-cache=1556289007767 HTTP/1.1" 200 93
190.171.154.42 - - [26/Apr/2019:11:33:56 -0300] "GET /cormun/servlet/hpexe_return? HTTP/1.1" 200 1007
190.171.154.42 - - [26/Apr/2019:11:33:56 -0300] "GET /cormun/servlet/trsolicitudot HTTP/1.1" 200 7540
190.171.154.42 - - [26/Apr/2019:11:33:58 -0300] "GET /cormun/servlet/trsolicitudot HTTP/1.1" 200 7537
190.171.154.42 - - [26/Apr/2019:11:34:01 -0300] "GET /cormun/servlet/solicitudot?INS,0,0, HTTP/1.1" 200 15317
190.171.154.42 - - [26/Apr/2019:11:34:03 -0300] "GET /cormun/servlet/solicitudot?INS,0,0, HTTP/1.1" 200 15322
190.171.154.42 - - [26/Apr/2019:11:34:07 -0300] "POST /cormun/servlet/solicitudot?gx-no-cache=1556289019550 HTTP/1.1" 200 3516
190.171.154.42 - - [26/Apr/2019:11:34:07 -0300] "GET /cormun/static/Shared/jqueryui/images/ui-bg_highlight-soft_100_c6c2c8_1x100.png HTTP/1.1" 404 1117
190.171.154.42 - - [26/Apr/2019:11:34:07 -0300] "GET /cormun/static/Shared/jqueryui/images/ui-icons_82798d_256x240.png HTTP/1.1" 404 1089
190.171.154.42 - - [26/Apr/2019:11:34:07 -0300] "GET /cormun/static/Shared/jqueryui/images/ui-bg_flat_55_994d53_40x100.png HTTP/1.1" 404 1097
190.171.154.42 - - [26/Apr/2019:11:34:07 -0300] "GET /cormun/static/Shared/jqueryui/images/ui-icons_ebccce_256x240.png HTTP/1.1" 404 1089
190.171.154.42 - - [26/Apr/2019:11:34:08 -0300] "GET /cormun/servlet/solicitudot?96b69be71de22602cc296e183f052f06ab98c2ec30d6c308636a4777eb494fbc,gx-no-cache=1556289019909 HTTP/1.1" 200 111
190.171.154.42 - - [26/Apr/2019:11:34:08 -0300] "GET /cormun/servlet/solicitudot?96b69be71de22602cc296e183f052f064ce5db9e0543caf84bb117fe533d6000,gx-no-cache=1556289020156 HTTP/1.1" 200 94
190.171.154.42 - - [26/Apr/2019:11:34:08 -0300] "GET /cormun/servlet/solicitudot?96b69be71de22602cc296e183f052f06c5aa183b37b3391fa131fb2933452961,gx-no-cache=1556289020216 HTTP/1.1" 200 29
190.171.154.42 - - [26/Apr/2019:11:34:29 -0300] "POST /cormun/servlet/solicitudot?gx-no-cache=1556289041443 HTTP/1.1" 200 3638
190.171.154.42 - - [26/Apr/2019:11:34:33 -0300] "GET /cormun/servlet/solicitudot?96b69be71de22602cc296e183f052f066166b40a9f6afcccde181fa792c49e77c9c82fe76b1135af50f75a6c79943931,gx-no-cache=1556289045626 HTTP/1.1" 200 30
190.171.154.42 - - [26/Apr/2019:11:35:46 -0300] "GET /cormun/servlet/solicitudot?96b69be71de22602cc296e183f052f064ce5db9e0543caf84bb117fe533d6000,gx-no-cache=1556289118790 HTTP/1.1" 200 94
190.171.154.42 - - [26/Apr/2019:11:35:46 -0300] "GET /cormun/servlet/solicitudot?96b69be71de22602cc296e183f052f06ff917ac8af3a9fa25e52aaa927d3ba991cf6ffaf4cac04f772dd50927c0ce4a7a026b23b65ded3c34c094f126d12b4e83bcb52f29e52be914a68b771c994d0b30ccc28c89ce4b93d283518d6cacb8ab2da2158aa3cf24ca7d0c6e4855ad2eebdbd20f2c16b468309a763d70dc8226dd894a8e975aafdc0b2f1b051eddfae2d733425aba32c8f45d31ddf89045eecf064a40379949051ae6b3f9de4d95bb961c0b2a8f42db404f4f178389ade4791c30af5c31a3c8af7deb9896938ea85059ea213541269077c3a1b943b358bab6d5fb0b39b32668c07fab9706ffbbc556fd58935863ae995a4e4acf63a9e7114b980d7acbcf488a8cd2efb5c92eab19965d704aeb86905bc307912ca9b97013d7157bafb343190ca7e92babd300c29e3f05481921b6f29174a1f3ab4ece455523756b037905ca4a21eeb34bae396750e1f1c33,gx-no-cache=1556289118884 HTTP/1.1" 200 297
190.171.154.42 - - [26/Apr/2019:11:35:51 -0300] "GET /cormun/servlet/solicitudot?96b69be71de22602cc296e183f052f06ab653557a5b103499a1eb9132f4c821342335ff308298db7d59387800b460133c5fdd86c8b46799ca8c2dcf23c9f8e92e0b2a5210bfea1c0f4974699ec8380112b8638eb384cb44ed1d75280e12ff7f907e751945c829730f6b792890046c69798b7da126bc01e2802b528746535f6b55112f09a2401ac2ed3ca401e476c3a5cc6a0cda3d4dc5450255b394d044abdf4c6e6cdf520dc89a268c0f7d6b3ade4050ae240e49ace7348b6c81409bf0384461af86bacb3a43cb114fe4ab234e1e7937f43567823ed13c7fca77771346b674461856d03646334a5a06cfc97264506a38c945b83eaea7557c5d13c547e3a9208a84e82c2db168e3373ae18a57ec716c72d1bc11badf9b1d6caff0b0c9a67c972c20130a2136019f631c3a17aec0a26d1d9f7a7fd1a6eb77f80ce9d9a59dbb2677d0c5ac4a4216de9a23de30e2a994986da197fc7878f130002e3fb964a095a5a8bb79705c7affc5d4a40ad63af04d52b6fff97798c5efb653603d02eddd6a02f3e148ac06d10e41a55903cd39c78c21b,gx-no-cache=1556289122988 HTTP/1.1" 200 30
190.171.154.42 - - [26/Apr/2019:11:35:53 -0300] "POST /cormun/servlet/solicitudot?gx-no-cache=1556289125799 HTTP/1.1" 200 30
190.171.154.42 - - [26/Apr/2019:11:35:55 -0300] "POST /cormun/servlet/solicitudot?gx-no-cache=1556289127731 HTTP/1.1" 200 1337
190.171.154.42 - - [26/Apr/2019:11:35:55 -0300] "POST /cormun/servlet/solicitudot?gx-no-cache=1556289127858 HTTP/1.1" 200 38
190.171.154.42 - - [26/Apr/2019:11:36:37 -0300] "GET /cormun/servlet/solicitudot?96b69be71de22602cc296e183f052f06a2ff5b70f6d110dda4139b96d85f0d23b72137669e68ec46707c6b56e68cfea1dffa0da27e77f23b82229af4ab8ce12636f738607b4ff923ed6d971955eae1fd56121bbd0a8640bdd81b50ad7fae005321c12717fb88c427d1e1cdc14816c031,gx-no-cache=1556289169019 HTTP/1.1" 200 110
190.171.154.42 - - [26/Apr/2019:11:36:47 -0300] "POST /cormun/servlet/solicitudot?gx-no-cache=1556289178826 HTTP/1.1" 200 83
190.171.153.50 - - [26/Apr/2019:11:36:48 -0300] "GET /cormun/servlet/trvisualizadoreventos? HTTP/1.1" 200 7117
190.171.153.50 - - [26/Apr/2019:11:36:48 -0300] "GET /cormun/servlet/trvisualizadoreventos? HTTP/1.1" 200 7117
190.171.153.50 - - [26/Apr/2019:11:36:53 -0300] "GET /cormun/servlet/trsolicitudot? HTTP/1.1" 200 7563
190.171.153.50 - - [26/Apr/2019:11:36:53 -0300] "GET /cormun/servlet/trsolicitudot? HTTP/1.1" 200 7562
192.168.10.96 - - [26/Apr/2019:11:36:55 -0300] "GET /digitalizacion/servlet/hhome HTTP/1.1" 200 2606
192.168.10.96 - - [26/Apr/2019:11:36:56 -0300] "GET /digitalizacion/servlet/hlogin HTTP/1.1" 302 -
192.168.10.96 - - [26/Apr/2019:11:36:56 -0300] "GET /digitalizacion/servlet/hhome HTTP/1.1" 200 2632
192.168.10.96 - - [26/Apr/2019:11:36:56 -0300] "GET /digitalizacion/servlet/wblogin? HTTP/1.1" 200 2320
190.171.154.42 - - [26/Apr/2019:11:36:58 -0300] "GET /cormun/servlet/solicitudot?96b69be71de22602cc296e183f052f063c81e6b4f6d9898564aceb78faf5940935863ae995a4e4acf63a9e7114b980d7acbcf488a8cd2efb5c92eab19965d7047575f19d9f9a2d5900a87951656cfb58,gx-no-cache=1556289189948 HTTP/1.1" 200 29
190.171.154.42 - - [26/Apr/2019:11:36:58 -0300] "GET /cormun/static/menuarrow.gif HTTP/1.1" 404 1015
190.171.153.50 - - [26/Apr/2019:11:36:59 -0300] "GET /cormun/servlet/trautorizarsolicitud? HTTP/1.1" 200 8822
190.171.153.50 - - [26/Apr/2019:11:36:59 -0300] "GET /cormun/servlet/trautorizarsolicitud? HTTP/1.1" 200 8822
190.171.154.42 - - [26/Apr/2019:11:37:02 -0300] "GET /cormun/servlet/solicitudot?96b69be71de22602cc296e183f052f06a28e503402c2c2f9126dabd25616ee7f45ea936980d043f477272b9e68458b2c,gx-no-cache=1556289193921 HTTP/1.1" 200 30
192.168.10.96 - - [26/Apr/2019:11:37:03 -0300] "POST /digitalizacion/servlet/wblogin?2c344d7e6eea0daca56f134b13ff99e6,,gx-no-cache=1556296216701 HTTP/1.1" 200 65
192.168.10.96 - - [26/Apr/2019:11:37:03 -0300] "GET /digitalizacion/servlet/hhome HTTP/1.1" 200 2816
192.168.10.96 - - [26/Apr/2019:11:37:03 -0300] "GET /digitalizacion/servlet/hhome HTTP/1.1" 200 2815
192.168.10.96 - - [26/Apr/2019:11:37:06 -0300] "GET /digitalizacion/servlet/trdocumentos? HTTP/1.1" 200 9865
192.168.10.96 - - [26/Apr/2019:11:37:07 -0300] "POST /digitalizacion/servlet/trdocumentos?gx-no-cache=1556296221398 HTTP/1.1" 200 449
192.168.10.96 - - [26/Apr/2019:11:37:07 -0300] "GET /digitalizacion/servlet/trdocumentos? HTTP/1.1" 200 9863
192.168.10.96 - - [26/Apr/2019:11:37:07 -0300] "POST /digitalizacion/servlet/trdocumentos?gx-no-cache=1556296221508 HTTP/1.1" 200 78
190.171.154.42 - - [26/Apr/2019:11:37:08 -0300] "POST /cormun/servlet/solicitudot?gx-no-cache=1556289200587 HTTP/1.1" 200 30
190.171.153.50 - - [26/Apr/2019:11:37:11 -0300] "POST /cormun/servlet/trautorizarsolicitud?73e9f27d2970eb520d8d5666b41dfea6,,gx-no-cache=1556289206290 HTTP/1.1" 200 4490
192.168.10.96 - - [26/Apr/2019:11:37:22 -0300] "POST /digitalizacion/servlet/trdocumentos?gx-no-cache=1556296236531 HTTP/1.1" 200 147
192.168.10.96 - - [26/Apr/2019:11:37:23 -0300] "POST /digitalizacion/servlet/trdocumentos?2c344d7e6eea0daca56f134b13ff99e6,,gx-no-cache=1556296237436 HTTP/1.1" 200 3596
192.168.10.96 - - [26/Apr/2019:11:37:28 -0300] "POST /digitalizacion/servlet/trdocumentos?gx-no-cache=1556296242545 HTTP/1.1" 200 234
192.168.10.96 - - [26/Apr/2019:11:37:30 -0300] "POST /digitalizacion/servlet/trdocumentos?2c344d7e6eea0daca56f134b13ff99e6,,gx-no-cache=1556296243275 HTTP/1.1" 200 6992
190.171.153.50 - - [26/Apr/2019:11:37:35 -0300] "POST /cormun/servlet/trautorizarsolicitud?73e9f27d2970eb520d8d5666b41dfea6,,gx-no-cache=1556289230295 HTTP/1.1" 200 4502
190.171.153.50 - - [26/Apr/2019:11:37:39 -0300] "GET /cormun/servlet/trsolicitudot? HTTP/1.1" 200 7563
190.171.153.50 - - [26/Apr/2019:11:37:39 -0300] "GET /cormun/servlet/trsolicitudot? HTTP/1.1" 200 7562
192.168.10.96 - - [26/Apr/2019:11:37:43 -0300] "GET /digitalizacion/servlet/wbadjunto?47648,PU HTTP/1.1" 302 -
192.168.10.96 - - [26/Apr/2019:11:37:43 -0300] "GET /digitalizacion/PublicTempStorage/6202597.tmp HTTP/1.1" 200 494979
190.171.154.42 - - [26/Apr/2019:11:37:51 -0300] "POST /cormun/servlet/solicitudot?c2d4e1a7ca841ff4a49972df1358eb6e,INS,0,0,,gx-no-cache=1556289243506 HTTP/1.1" 200 12295
190.171.153.50 - - [26/Apr/2019:11:37:52 -0300] "POST /cormun/servlet/trsolicitudot?73e9f27d2970eb520d8d5666b41dfea6,,gx-no-cache=1556289246788 HTTP/1.1" 200 4572
190.171.149.74 - - [26/Apr/2019:11:37:52 -0300] "GET /cormun/servlet/trpermisosgoce? HTTP/1.1" 200 6122
190.171.149.74 - - [26/Apr/2019:11:37:53 -0300] "GET /cormun/static/gxcfg.js?20177612163875 HTTP/1.1" 200 953
190.171.149.74 - - [26/Apr/2019:11:37:53 -0300] "GET /cormun/static/trpermisosgoce.js?20177612164335 HTTP/1.1" 200 35904
190.171.153.50 - - [26/Apr/2019:11:37:54 -0300] "GET /cormun/servlet/trvisualizadoreventos? HTTP/1.1" 200 7126
190.171.153.50 - - [26/Apr/2019:11:37:55 -0300] "GET /cormun/servlet/trvisualizadoreventos? HTTP/1.1" 200 7126
190.171.149.74 - - [26/Apr/2019:11:37:56 -0300] "GET /cormun/servlet/trpermisosgoce? HTTP/1.1" 200 6119
190.171.149.74 - - [26/Apr/2019:11:37:56 -0300] "GET /cormun/servlet/hlogin HTTP/1.1" 200 1743
190.171.153.50 - - [26/Apr/2019:11:38:01 -0300] "POST /cormun/servlet/trvisualizadoreventos?73e9f27d2970eb520d8d5666b41dfea6,,gx-no-cache=1556289256038 HTTP/1.1" 200 4211
190.171.153.50 - - [26/Apr/2019:11:38:02 -0300] "POST /cormun/servlet/trvisualizadoreventos?73e9f27d2970eb520d8d5666b41dfea6,,gx-no-cache=1556289257482 HTTP/1.1" 200 4211
190.171.153.50 - - [26/Apr/2019:11:38:05 -0300] "POST /cormun/servlet/trvisualizadoreventos?73e9f27d2970eb520d8d5666b41dfea6,,gx-no-cache=1556289260682 HTTP/1.1" 200 4571
190.171.153.50 - - [26/Apr/2019:11:38:13 -0300] "POST /cormun/servlet/trvisualizadoreventos?73e9f27d2970eb520d8d5666b41dfea6,,gx-no-cache=1556289267963 HTTP/1.1" 200 4213
190.171.149.74 - - [26/Apr/2019:11:38:15 -0300] "POST /cormun/servlet/hlogin?7eded0786d5fa8033295bde87ed79e46,gx-no-cache=1556285668937 HTTP/1.1" 200 90
190.171.149.74 - - [26/Apr/2019:11:38:15 -0300] "GET /cormun/servlet/hpexe_link HTTP/1.1" 200 957
190.171.149.74 - - [26/Apr/2019:11:38:16 -0300] "GET /cormun/servlet/trpermisosgoce HTTP/1.1" 200 10099
190.171.149.74 - - [26/Apr/2019:11:38:19 -0300] "GET /cormun/servlet/trpermisosgoce HTTP/1.1" 200 10098
190.171.153.50 - - [26/Apr/2019:11:38:22 -0300] "POST /cormun/servlet/trvisualizadoreventos?73e9f27d2970eb520d8d5666b41dfea6,,gx-no-cache=1556289277082 HTTP/1.1" 200 4674
190.171.153.50 - - [26/Apr/2019:11:38:28 -0300] "GET /cormun/servlet/trcontratounov2? HTTP/1.1" 200 17809
