190.171.152.114 - - [25/Apr/2019:10:25:34 -0300] "GET /cormun/servlet/solicitudot?a316865763d0aba270947c3589d0ffdcc6dd7e5bf72285b01f52eed4936cc3c61892553e48d4f94968d21a62de7488060068dec743e0c0b1a57079cc2f30d9622af2303b16b5a863bf15d61bd404c65c83071edef3b8eea57f80ef61695bb279c699e8a14c8a02094e39dbb20d37440bd83940116d3446440ee33b49bdf7882b5b1f0e273a727e4eb40664c3883b177f25881369c09ebb979fa5f5a9ae2b696cf0029cd051537b06ce98c37f11cf3eeb44efe436e38bff51e4d5c57f5f695f57ec1062c1b08d7ca600e7d3da1bc5c0d076773e9045f68e254dccc6c21f6b217a10439175ea139304c548aab61e37f800bdddd8a7820ab6f0bd045b417bb00b44a7c92b6afe979a0ce7cda4256f301135b568f1cd12c68fb49c923447d34ac96b77484b9d73667478a32e023080cfb021063f377d63c05ce8862c8d7be625dcd9c762d3b20bf1bd673205e92221e1ab268871cb485fe853ae9de9fc6a86ae615236dc5bae72a42c0a776052b3498b4e0e5c96399081e8f6d4886b51b36dfc0f54,gx-no-cache=1556198511518 HTTP/1.1" 200 30
190.171.152.114 - - [25/Apr/2019:10:25:38 -0300] "POST /cormun/servlet/solicitudot?gx-no-cache=1556198515396 HTTP/1.1" 200 30
190.171.152.114 - - [25/Apr/2019:10:25:41 -0300] "POST /cormun/servlet/solicitudot?gx-no-cache=1556198518102 HTTP/1.1" 200 1341
190.171.152.114 - - [25/Apr/2019:10:25:41 -0300] "POST /cormun/servlet/solicitudot?gx-no-cache=1556198518150 HTTP/1.1" 200 38
190.171.152.114 - - [25/Apr/2019:10:26:18 -0300] "GET /cormun/servlet/solicitudot?a316865763d0aba270947c3589d0ffdc594d18d5e1970ec62224d8eec6e5138e7ee444f5cc500bde8d32d32771903faa1ae98830bab4c06654ab8e1732837330dc79752fb15bcf71d14a215128a451acc72954ff318b52050579790902f176d626544e3d1dadccf4be82f85c824c6e53,gx-no-cache=1556198555757 HTTP/1.1" 200 110
190.171.152.114 - - [25/Apr/2019:10:26:36 -0300] "POST /cormun/servlet/solicitudot?gx-no-cache=1556198573907 HTTP/1.1" 200 97
190.171.152.114 - - [25/Apr/2019:10:26:43 -0300] "GET /cormun/servlet/solicitudot?a316865763d0aba270947c3589d0ffdc7169084d7dc8b0ec1f919bc68b1a4d29cbbdc432e7a477431db5ce268a5098140cee92106a8c5f8c811cac1e83980674a988ec4a86e3f5c6fc8d9e14395bfb930d3755cb0d8445d6237f099f3f4c024e3e4da88fc19850f9ea100b36413fc931,gx-no-cache=1556198580677 HTTP/1.1" 200 29
190.171.152.114 - - [25/Apr/2019:10:26:43 -0300] "GET /cormun/static/menuarrow.gif HTTP/1.1" 404 1015
190.171.152.114 - - [25/Apr/2019:10:26:47 -0300] "GET /cormun/servlet/solicitudot?a316865763d0aba270947c3589d0ffdc54f783cf80812341fb8fc161689316c0788f5c425f79e8149ea19eb9442d4d46,gx-no-cache=1556198584538 HTTP/1.1" 200 30
190.171.152.114 - - [25/Apr/2019:10:26:55 -0300] "POST /cormun/servlet/solicitudot?gx-no-cache=1556198592876 HTTP/1.1" 200 30
190.171.152.114 - - [25/Apr/2019:10:27:15 -0300] "POST /cormun/servlet/solicitudot?7c18babd2490630f8b8186a9d17a43b3,INS,0,0,,gx-no-cache=1556198612671 HTTP/1.1" 200 93
190.171.152.114 - - [25/Apr/2019:10:27:15 -0300] "GET /cormun/servlet/hpexe_return? HTTP/1.1" 200 1011
190.171.152.114 - - [25/Apr/2019:10:27:16 -0300] "GET /cormun/servlet/trsolicitudot HTTP/1.1" 200 8868
190.171.152.114 - - [25/Apr/2019:10:27:16 -0300] "GET /cormun//static/Resources/PXToolsRemoveAllAction.png HTTP/1.1" 200 3558
190.171.152.114 - - [25/Apr/2019:10:27:16 -0300] "GET /cormun//static/Resources/PXToolsActionView.png HTTP/1.1" 200 2995
192.168.10.89 - - [25/Apr/2019:10:27:27 -0300] "POST /cormun/servlet/trsolicitudgral?da9926623a0fcc17dc8e77513fba6300,,gx-no-cache=1556205641066 HTTP/1.1" 440 972
192.168.10.89 - - [25/Apr/2019:10:27:29 -0300] "GET /cormun/servlet/hlogin HTTP/1.1" 200 1744
192.168.10.89 - - [25/Apr/2019:10:27:36 -0300] "POST /cormun/servlet/hlogin?724f62b1d2d511e9d6a91a79746fb540,gx-no-cache=1556205650843 HTTP/1.1" 200 90
192.168.10.89 - - [25/Apr/2019:10:27:36 -0300] "GET /cormun/servlet/hpexe_link HTTP/1.1" 200 952
192.168.10.89 - - [25/Apr/2019:10:27:37 -0300] "GET /cormun/servlet/hhome HTTP/1.1" 200 3875
192.168.10.89 - - [25/Apr/2019:10:27:43 -0300] "GET /cormun/servlet/trsolicitudgral? HTTP/1.1" 200 27831
192.168.10.89 - - [25/Apr/2019:10:27:53 -0300] "POST /cormun/servlet/trsolicitudgral?724f62b1d2d511e9d6a91a79746fb540,,gx-no-cache=1556205667793 HTTP/1.1" 200 9703
190.171.141.98 - - [25/Apr/2019:10:27:58 -0300] "GET /cormun/servlet/licenciaspermisos?INS,0,,, HTTP/1.1" 200 6775
190.171.141.98 - - [25/Apr/2019:10:27:58 -0300] "GET /cormun/static/messages.spa.js?85251 HTTP/1.1" 304 -
190.171.141.98 - - [25/Apr/2019:10:27:59 -0300] "GET /cormun/static/hmpwkw03.js?20189613443875 HTTP/1.1" 304 -
190.171.141.98 - - [25/Apr/2019:10:27:59 -0300] "GET /cormun/servlet/licenciaspermisos?INS,0,,, HTTP/1.1" 200 6786
190.171.141.98 - - [25/Apr/2019:10:27:59 -0300] "GET /cormun/servlet/hlogin HTTP/1.1" 200 1743
192.168.10.89 - - [25/Apr/2019:10:28:01 -0300] "POST /cormun/servlet/trsolicitudgral?724f62b1d2d511e9d6a91a79746fb540,,gx-no-cache=1556205675583 HTTP/1.1" 200 116
192.168.10.89 - - [25/Apr/2019:10:28:01 -0300] "GET /cormun/servlet/solicitudotlog?INS,2019,15293,0,REC, HTTP/1.1" 200 5679
192.168.10.89 - - [25/Apr/2019:10:28:02 -0300] "GET /cormun/servlet/solicitudotlog?352aed39a35ea214a12b2ec7a0d4b8a70220d58997052805b767396b279492ac0fb2180bc4153daddf93d43510d190d920dd8a559cbcc95e69762b7e5ee4d90df417ab5959225a4b5beb2c02f2db9ae920fa56cf52bc1a46ceb34d1be6a5386045b640564f147b5d329daf55a48e93fb73f25965151a37ecc56d324b2ea37c9566293a383f08c4819fc470b22049c504bfc38b1f649455c30801878959bf382e,gx-no-cache=1556205676788 HTTP/1.1" 200 94
190.171.141.98 - - [25/Apr/2019:10:28:16 -0300] "POST /cormun/servlet/hlogin?c862939c44e4fa6ff7377fa7cb2281a3,gx-no-cache=1556198681283 HTTP/1.1" 200 457
192.168.10.89 - - [25/Apr/2019:10:28:24 -0300] "POST /cormun/servlet/solicitudotlog?724f62b1d2d511e9d6a91a79746fb540,INS,2019,15293,0,REC,,gx-no-cache=1556205698684 HTTP/1.1" 200 93
192.168.10.89 - - [25/Apr/2019:10:28:24 -0300] "GET /cormun/servlet/hpexe_return? HTTP/1.1" 200 1025
192.168.10.89 - - [25/Apr/2019:10:28:25 -0300] "GET /cormun/servlet/trsolicitudgral? HTTP/1.1" 200 12419
190.171.141.98 - - [25/Apr/2019:10:28:25 -0300] "POST /cormun/servlet/hlogin?c862939c44e4fa6ff7377fa7cb2281a3,gx-no-cache=1556198690652 HTTP/1.1" 200 90
190.171.141.98 - - [25/Apr/2019:10:28:25 -0300] "GET /cormun/servlet/hpexe_link HTTP/1.1" 200 963
190.171.141.98 - - [25/Apr/2019:10:28:25 -0300] "GET /cormun/servlet/licenciaspermisos?INS,0,,, HTTP/1.1" 200 7583
190.171.141.98 - - [25/Apr/2019:10:28:26 -0300] "GET /cormun/servlet/licenciaspermisos?INS,0,,, HTTP/1.1" 200 7589
190.171.141.98 - - [25/Apr/2019:10:28:29 -0300] "GET /cormun/servlet/trlicencias? HTTP/1.1" 200 9800
190.171.141.98 - - [25/Apr/2019:10:28:30 -0300] "GET /cormun/servlet/trlicencias? HTTP/1.1" 200 9792
192.168.10.89 - - [25/Apr/2019:10:28:33 -0300] "POST /cormun/servlet/trsolicitudgral?724f62b1d2d511e9d6a91a79746fb540,,gx-no-cache=1556205707182 HTTP/1.1" 200 116
192.168.10.89 - - [25/Apr/2019:10:28:33 -0300] "GET /cormun/servlet/solicitudotlog?INS,2019,15287,0,REC, HTTP/1.1" 200 5679
192.168.10.89 - - [25/Apr/2019:10:28:34 -0300] "GET /cormun/servlet/solicitudotlog?352aed39a35ea214a12b2ec7a0d4b8a7096ad3bd1d6bfff9b0d175477bc57e520fb2180bc4153daddf93d43510d190d920dd8a559cbcc95e69762b7e5ee4d90df417ab5959225a4b5beb2c02f2db9ae920fa56cf52bc1a46ceb34d1be6a5386045b640564f147b5d329daf55a48e93fb73f25965151a37ecc56d324b2ea37c9566293a383f08c4819fc470b22049c504bfc38b1f649455c30801878959bf382e,gx-no-cache=1556205708211 HTTP/1.1" 200 94
192.168.10.89 - - [25/Apr/2019:10:28:36 -0300] "POST /cormun/servlet/solicitudotlog?724f62b1d2d511e9d6a91a79746fb540,INS,2019,15287,0,REC,,gx-no-cache=1556205710765 HTTP/1.1" 200 93
192.168.10.89 - - [25/Apr/2019:10:28:36 -0300] "GET /cormun/servlet/hpexe_return? HTTP/1.1" 200 1024
192.168.10.89 - - [25/Apr/2019:10:28:37 -0300] "GET /cormun/servlet/trsolicitudgral HTTP/1.1" 200 12010
192.168.10.89 - - [25/Apr/2019:10:28:44 -0300] "POST /cormun/servlet/trsolicitudgral?724f62b1d2d511e9d6a91a79746fb540,gx-no-cache=1556205718090 HTTP/1.1" 200 116
192.168.10.89 - - [25/Apr/2019:10:28:44 -0300] "GET /cormun/servlet/solicitudotlog?INS,2019,15286,0,REC, HTTP/1.1" 200 5679
192.168.10.89 - - [25/Apr/2019:10:28:45 -0300] "GET /cormun/servlet/solicitudotlog?352aed39a35ea214a12b2ec7a0d4b8a75ba43b94d0bd7834b6c3a59df686d4850fb2180bc4153daddf93d43510d190d920dd8a559cbcc95e69762b7e5ee4d90df417ab5959225a4b5beb2c02f2db9ae920fa56cf52bc1a46ceb34d1be6a5386045b640564f147b5d329daf55a48e93fb73f25965151a37ecc56d324b2ea37c9566293a383f08c4819fc470b22049c504bfc38b1f649455c30801878959bf382e,gx-no-cache=1556205719091 HTTP/1.1" 200 94
192.168.10.89 - - [25/Apr/2019:10:28:47 -0300] "POST /cormun/servlet/solicitudotlog?724f62b1d2d511e9d6a91a79746fb540,INS,2019,15286,0,REC,,gx-no-cache=1556205721145 HTTP/1.1" 200 93
192.168.10.89 - - [25/Apr/2019:10:28:47 -0300] "GET /cormun/servlet/hpexe_return? HTTP/1.1" 200 1024
192.168.10.89 - - [25/Apr/2019:10:28:47 -0300] "GET /cormun/servlet/trsolicitudgral HTTP/1.1" 200 11692
192.168.10.89 - - [25/Apr/2019:10:28:56 -0300] "POST /cormun/servlet/trsolicitudgral?724f62b1d2d511e9d6a91a79746fb540,gx-no-cache=1556205730754 HTTP/1.1" 200 116
192.168.10.89 - - [25/Apr/2019:10:28:56 -0300] "GET /cormun/servlet/solicitudotlog?INS,2019,15285,0,REC, HTTP/1.1" 200 5679
192.168.10.89 - - [25/Apr/2019:10:28:57 -0300] "GET /cormun/servlet/solicitudotlog?352aed39a35ea214a12b2ec7a0d4b8a7a839e7f4bee4af9db6853c56a76a7cf00fb2180bc4153daddf93d43510d190d920dd8a559cbcc95e69762b7e5ee4d90df417ab5959225a4b5beb2c02f2db9ae920fa56cf52bc1a46ceb34d1be6a5386045b640564f147b5d329daf55a48e93fb73f25965151a37ecc56d324b2ea37c9566293a383f08c4819fc470b22049c504bfc38b1f649455c30801878959bf382e,gx-no-cache=1556205731810 HTTP/1.1" 200 94
192.168.10.89 - - [25/Apr/2019:10:29:00 -0300] "POST /cormun/servlet/solicitudotlog?724f62b1d2d511e9d6a91a79746fb540,INS,2019,15285,0,REC,,gx-no-cache=1556205733972 HTTP/1.1" 200 93
192.168.10.89 - - [25/Apr/2019:10:29:00 -0300] "GET /cormun/servlet/hpexe_return? HTTP/1.1" 200 1024
192.168.10.89 - - [25/Apr/2019:10:29:00 -0300] "GET /cormun/servlet/trsolicitudgral HTTP/1.1" 200 11356
192.168.10.89 - - [25/Apr/2019:10:29:08 -0300] "POST /cormun/servlet/trsolicitudgral?724f62b1d2d511e9d6a91a79746fb540,gx-no-cache=1556205742700 HTTP/1.1" 200 6655
192.168.10.89 - - [25/Apr/2019:10:29:10 -0300] "POST /cormun/servlet/trsolicitudgral?724f62b1d2d511e9d6a91a79746fb540,gx-no-cache=1556205744547 HTTP/1.1" 200 116
192.168.10.89 - - [25/Apr/2019:10:29:10 -0300] "GET /cormun/servlet/solicitudotlog?INS,2019,15284,0,REC, HTTP/1.1" 200 5679
192.168.10.89 - - [25/Apr/2019:10:29:11 -0300] "GET /cormun/servlet/solicitudotlog?352aed39a35ea214a12b2ec7a0d4b8a74e51fbbd8a657bcc8f1cfd62d621f5f60fb2180bc4153daddf93d43510d190d920dd8a559cbcc95e69762b7e5ee4d90df417ab5959225a4b5beb2c02f2db9ae920fa56cf52bc1a46ceb34d1be6a5386045b640564f147b5d329daf55a48e93fb73f25965151a37ecc56d324b2ea37c9566293a383f08c4819fc470b22049c504bfc38b1f649455c30801878959bf382e,gx-no-cache=1556205745538 HTTP/1.1" 200 94
192.168.10.89 - - [25/Apr/2019:10:29:13 -0300] "POST /cormun/servlet/solicitudotlog?724f62b1d2d511e9d6a91a79746fb540,INS,2019,15284,0,REC,,gx-no-cache=1556205747464 HTTP/1.1" 200 93
192.168.10.89 - - [25/Apr/2019:10:29:13 -0300] "GET /cormun/servlet/hpexe_return? HTTP/1.1" 200 1046
192.168.10.89 - - [25/Apr/2019:10:29:13 -0300] "GET /cormun/servlet/trsolicitudgral?gx-no-cache=1556205742700 HTTP/1.1" 200 8383
192.168.10.89 - - [25/Apr/2019:10:29:22 -0300] "POST /cormun/servlet/trsolicitudgral?724f62b1d2d511e9d6a91a79746fb540,gx-no-cache=1556205742700,gx-no-cache=1556205756265 HTTP/1.1" 200 6644
192.168.10.89 - - [25/Apr/2019:10:29:23 -0300] "POST /cormun/servlet/trsolicitudgral?724f62b1d2d511e9d6a91a79746fb540,gx-no-cache=1556205742700,gx-no-cache=1556205757961 HTTP/1.1" 200 116
192.168.10.89 - - [25/Apr/2019:10:29:24 -0300] "GET /cormun/servlet/solicitudotlog?INS,2019,15283,0,REC, HTTP/1.1" 200 5700
192.168.10.89 - - [25/Apr/2019:10:29:25 -0300] "GET /cormun/servlet/solicitudotlog?352aed39a35ea214a12b2ec7a0d4b8a72b445b95d21156a42fd38886f441a7d50fb2180bc4153daddf93d43510d190d920dd8a559cbcc95e69762b7e5ee4d90df417ab5959225a4b5beb2c02f2db9ae920fa56cf52bc1a46ceb34d1be6a5386045b640564f147b5d329daf55a48e93fb73f25965151a37ecc56d324b2ea37c9566293a383f08c4819fc470b22049c504bfc38b1f649455c30801878959bf382e,gx-no-cache=1556205759003 HTTP/1.1" 200 94
192.168.10.89 - - [25/Apr/2019:10:29:27 -0300] "POST /cormun/servlet/solicitudotlog?724f62b1d2d511e9d6a91a79746fb540,INS,2019,15283,0,REC,,gx-no-cache=1556205761055 HTTP/1.1" 200 93
192.168.10.89 - - [25/Apr/2019:10:29:27 -0300] "GET /cormun/servlet/hpexe_return? HTTP/1.1" 200 1046
192.168.10.89 - - [25/Apr/2019:10:29:27 -0300] "GET /cormun/servlet/trsolicitudgral?gx-no-cache=1556205742700 HTTP/1.1" 200 8380
192.168.10.89 - - [25/Apr/2019:10:29:35 -0300] "POST /cormun/servlet/trsolicitudgral?724f62b1d2d511e9d6a91a79746fb540,gx-no-cache=1556205742700,gx-no-cache=1556205769417 HTTP/1.1" 200 6659
192.168.10.89 - - [25/Apr/2019:10:29:37 -0300] "POST /cormun/servlet/trsolicitudgral?724f62b1d2d511e9d6a91a79746fb540,gx-no-cache=1556205742700,gx-no-cache=1556205771535 HTTP/1.1" 200 116
192.168.10.89 - - [25/Apr/2019:10:29:37 -0300] "GET /cormun/servlet/solicitudotlog?INS,2019,15052,0,REC, HTTP/1.1" 200 5700
192.168.10.89 - - [25/Apr/2019:10:29:38 -0300] "GET /cormun/servlet/solicitudotlog?352aed39a35ea214a12b2ec7a0d4b8a7e19333282de9bef7957e195c71e244a10fb2180bc4153daddf93d43510d190d920dd8a559cbcc95e69762b7e5ee4d90df417ab5959225a4b5beb2c02f2db9ae920fa56cf52bc1a46ceb34d1be6a5386045b640564f147b5d329daf55a48e93fb73f25965151a37ecc56d324b2ea37c9566293a383f08c4819fc470b22049c504bfc38b1f649455c30801878959bf382e,gx-no-cache=1556205772543 HTTP/1.1" 200 94
192.168.10.89 - - [25/Apr/2019:10:29:40 -0300] "POST /cormun/servlet/solicitudotlog?724f62b1d2d511e9d6a91a79746fb540,INS,2019,15052,0,REC,,gx-no-cache=1556205774537 HTTP/1.1" 200 93
192.168.10.89 - - [25/Apr/2019:10:29:40 -0300] "GET /cormun/servlet/hpexe_return? HTTP/1.1" 200 1046
192.168.10.89 - - [25/Apr/2019:10:29:40 -0300] "GET /cormun/servlet/trsolicitudgral?gx-no-cache=1556205742700 HTTP/1.1" 200 8383
192.168.10.89 - - [25/Apr/2019:10:29:48 -0300] "POST /cormun/servlet/trsolicitudgral?724f62b1d2d511e9d6a91a79746fb540,gx-no-cache=1556205742700,gx-no-cache=1556205782598 HTTP/1.1" 200 6670
192.168.10.89 - - [25/Apr/2019:10:29:50 -0300] "POST /cormun/servlet/trsolicitudgral?724f62b1d2d511e9d6a91a79746fb540,gx-no-cache=1556205742700,gx-no-cache=1556205784383 HTTP/1.1" 200 116
192.168.10.89 - - [25/Apr/2019:10:29:50 -0300] "GET /cormun/servlet/solicitudotlog?INS,2019,15035,0,REC, HTTP/1.1" 200 5700
192.168.10.89 - - [25/Apr/2019:10:29:51 -0300] "GET /cormun/servlet/solicitudotlog?352aed39a35ea214a12b2ec7a0d4b8a7fd3dba635e9522051d6ea0a0a0236c390fb2180bc4153daddf93d43510d190d920dd8a559cbcc95e69762b7e5ee4d90df417ab5959225a4b5beb2c02f2db9ae920fa56cf52bc1a46ceb34d1be6a5386045b640564f147b5d329daf55a48e93fb73f25965151a37ecc56d324b2ea37c9566293a383f08c4819fc470b22049c504bfc38b1f649455c30801878959bf382e,gx-no-cache=1556205785386 HTTP/1.1" 200 94
192.168.10.89 - - [25/Apr/2019:10:29:53 -0300] "POST /cormun/servlet/solicitudotlog?724f62b1d2d511e9d6a91a79746fb540,INS,2019,15035,0,REC,,gx-no-cache=1556205787578 HTTP/1.1" 200 93
192.168.10.89 - - [25/Apr/2019:10:29:53 -0300] "GET /cormun/servlet/hpexe_return? HTTP/1.1" 200 1046
192.168.10.89 - - [25/Apr/2019:10:29:53 -0300] "GET /cormun/servlet/trsolicitudgral?gx-no-cache=1556205742700 HTTP/1.1" 200 8382
192.168.10.89 - - [25/Apr/2019:10:30:05 -0300] "POST /cormun/servlet/trsolicitudgral?724f62b1d2d511e9d6a91a79746fb540,gx-no-cache=1556205742700,gx-no-cache=1556205799275 HTTP/1.1" 200 6651
192.168.10.89 - - [25/Apr/2019:10:30:06 -0300] "POST /cormun/servlet/trsolicitudgral?724f62b1d2d511e9d6a91a79746fb540,gx-no-cache=1556205742700,gx-no-cache=1556205800909 HTTP/1.1" 200 116
192.168.10.89 - - [25/Apr/2019:10:30:07 -0300] "GET /cormun/servlet/solicitudotlog?INS,2019,14989,0,REC, HTTP/1.1" 200 5700
192.168.10.89 - - [25/Apr/2019:10:30:07 -0300] "GET /cormun/servlet/solicitudotlog?352aed39a35ea214a12b2ec7a0d4b8a7ed1afd68e115ef66d20349d627d1f2960fb2180bc4153daddf93d43510d190d920dd8a559cbcc95e69762b7e5ee4d90df417ab5959225a4b5beb2c02f2db9ae920fa56cf52bc1a46ceb34d1be6a5386045b640564f147b5d329daf55a48e93fb73f25965151a37ecc56d324b2ea37c9566293a383f08c4819fc470b22049c504bfc38b1f649455c30801878959bf382e,gx-no-cache=1556205801990 HTTP/1.1" 200 94
192.168.10.89 - - [25/Apr/2019:10:30:10 -0300] "POST /cormun/servlet/solicitudotlog?724f62b1d2d511e9d6a91a79746fb540,INS,2019,14989,0,REC,,gx-no-cache=1556205803982 HTTP/1.1" 200 93
192.168.10.89 - - [25/Apr/2019:10:30:10 -0300] "GET /cormun/servlet/hpexe_return? HTTP/1.1" 200 1046
192.168.10.89 - - [25/Apr/2019:10:30:10 -0300] "GET /cormun/servlet/trsolicitudgral?gx-no-cache=1556205742700 HTTP/1.1" 200 8381
192.168.10.89 - - [25/Apr/2019:10:30:19 -0300] "POST /cormun/servlet/trsolicitudgral?724f62b1d2d511e9d6a91a79746fb540,gx-no-cache=1556205742700,gx-no-cache=1556205813286 HTTP/1.1" 200 5278
192.168.10.89 - - [25/Apr/2019:10:30:23 -0300] "GET /cormun/servlet/trautorizarot? HTTP/1.1" 200 8240
190.171.152.114 - - [25/Apr/2019:10:30:29 -0300] "GET /cormun/servlet/solicitudot?INS,0,0, HTTP/1.1" 200 15263
192.168.10.89 - - [25/Apr/2019:10:30:57 -0300] "GET /cormun/servlet/trsolicitudgral? HTTP/1.1" 200 8365
190.171.152.114 - - [25/Apr/2019:10:31:02 -0300] "POST /cormun/servlet/solicitudot?gx-no-cache=1556198839091 HTTP/1.1" 200 3459
190.171.152.114 - - [25/Apr/2019:10:31:02 -0300] "POST /cormun/servlet/solicitudot?7c18babd2490630f8b8186a9d17a43b3,INS,0,0,,gx-no-cache=1556198839408 HTTP/1.1" 200 11921
192.168.10.89 - - [25/Apr/2019:10:31:02 -0300] "POST /cormun/servlet/trsolicitudgral?724f62b1d2d511e9d6a91a79746fb540,,gx-no-cache=1556205856506 HTTP/1.1" 200 7129
190.171.152.114 - - [25/Apr/2019:10:31:07 -0300] "GET /cormun/servlet/solicitudot?a316865763d0aba270947c3589d0ffdcfc378bd4386ff5d019336409b6ea13d715a2f0e7a50ab1361e31dd72e3c7edcc,gx-no-cache=1556198844745 HTTP/1.1" 200 30
192.168.10.89 - - [25/Apr/2019:10:31:07 -0300] "POST /cormun/servlet/trsolicitudgral?724f62b1d2d511e9d6a91a79746fb540,,gx-no-cache=1556205861780 HTTP/1.1" 200 6671
192.168.10.89 - - [25/Apr/2019:10:31:08 -0300] "GET /cormun/static/Shared/jqueryui/images/ui-bg_flat_55_fafafa_40x100.png HTTP/1.1" 404 1097
192.168.10.89 - - [25/Apr/2019:10:31:08 -0300] "GET /cormun/static/Shared/jqueryui/images/ui-icons_8d78a5_256x240.png HTTP/1.1" 404 1089
192.168.10.89 - - [25/Apr/2019:10:31:08 -0300] "GET /cormun/static/Shared/jqueryui/images/ui-icons_82798d_256x240.png HTTP/1.1" 404 1089
192.168.10.89 - - [25/Apr/2019:10:31:08 -0300] "GET /cormun/static/Shared/jqueryui/images/ui-bg_highlight-soft_100_c6c2c8_1x100.png HTTP/1.1" 404 1117
192.168.10.89 - - [25/Apr/2019:10:31:21 -0300] "POST /cormun/servlet/trsolicitudgral?724f62b1d2d511e9d6a91a79746fb540,,gx-no-cache=1556205875546 HTTP/1.1" 200 5485
192.168.10.89 - - [25/Apr/2019:10:31:34 -0300] "POST /cormun/servlet/trsolicitudgral?724f62b1d2d511e9d6a91a79746fb540,,gx-no-cache=1556205888330 HTTP/1.1" 200 6632
192.168.10.89 - - [25/Apr/2019:10:31:48 -0300] "POST /cormun/servlet/trsolicitudgral?724f62b1d2d511e9d6a91a79746fb540,,gx-no-cache=1556205902083 HTTP/1.1" 200 5480
192.168.10.89 - - [25/Apr/2019:10:32:01 -0300] "POST /cormun/servlet/trsolicitudgral?724f62b1d2d511e9d6a91a79746fb540,,gx-no-cache=1556205915597 HTTP/1.1" 200 6986
192.168.10.89 - - [25/Apr/2019:10:32:16 -0300] "POST /cormun/servlet/trsolicitudgral?724f62b1d2d511e9d6a91a79746fb540,,gx-no-cache=1556205930174 HTTP/1.1" 200 5480
190.171.152.114 - - [25/Apr/2019:10:32:20 -0300] "GET /cormun/servlet/prbanco?,MD,,gxPopupLevel%3D0%3B HTTP/1.1" 200 6629
190.171.152.114 - - [25/Apr/2019:10:32:27 -0300] "GET /cormun/servlet/solicitudot?a316865763d0aba270947c3589d0ffdc1508d93793ff291a75155ac087a5deebafb6fdb99c143183cdc23a1623962054e387c14b2558317722e77f8ae0ea502f,gx-no-cache=1556198924593 HTTP/1.1" 200 30
190.171.152.114 - - [25/Apr/2019:10:32:29 -0300] "GET /cormun/servlet/solicitudot?a316865763d0aba270947c3589d0ffdce552d6bc8c2e9c50f520b44534cb47eb,gx-no-cache=1556198926396 HTTP/1.1" 200 53
190.171.152.114 - - [25/Apr/2019:10:32:45 -0300] "POST /cormun/servlet/solicitudot?gx-no-cache=1556198942440 HTTP/1.1" 200 255
190.171.152.114 - - [25/Apr/2019:10:32:48 -0300] "GET /cormun/servlet/solicitudot?a316865763d0aba270947c3589d0ffdcc6dd7e5bf72285b01f52eed4936cc3c61892553e48d4f94968d21a62de7488060068dec743e0c0b1a57079cc2f30d9622af2303b16b5a863bf15d61bd404c65c83071edef3b8eea57f80ef61695bb279c699e8a14c8a02094e39dbb20d37440bd83940116d3446440ee33b49bdf7882b5b1f0e273a727e4eb40664c3883b177f25881369c09ebb979fa5f5a9ae2b696cf0029cd051537b06ce98c37f11cf3eeb44efe436e38bff51e4d5c57f5f695f57ec1062c1b08d7ca600e7d3da1bc5c0d076773e9045f68e254dccc6c21f6b217a10439175ea139304c548aab61e37f800bdddd8a7820ab6f0bd045b417bb00b44a7c92b6afe979a0ce7cda4256f301135b568f1cd12c68fb49c923447d34ac96b77484b9d73667478a32e023080cfb021063f377d63c05ce8862c8d7be625dcd9c762d3b20bf1bd673205e92221e1ab268871cb485fe853ae9de9fc6a86ae615236dc5bae72a42c0a776052b3498b4e0e5c96399081e8f6d4886b51b36dfc0f54,gx-no-cache=1556198945331 HTTP/1.1" 200 30
190.171.152.114 - - [25/Apr/2019:10:32:56 -0300] "POST /cormun/servlet/solicitudot?gx-no-cache=1556198953881 HTTP/1.1" 200 30
190.171.152.114 - - [25/Apr/2019:10:33:14 -0300] "POST /cormun/servlet/solicitudot?gx-no-cache=1556198971148 HTTP/1.1" 200 1341
190.171.152.114 - - [25/Apr/2019:10:33:14 -0300] "POST /cormun/servlet/solicitudot?gx-no-cache=1556198971233 HTTP/1.1" 200 38
190.171.152.114 - - [25/Apr/2019:10:33:31 -0300] "GET /cormun/servlet/solicitudot?a316865763d0aba270947c3589d0ffdc594d18d5e1970ec62224d8eec6e5138e7ee444f5cc500bde8d32d32771903faa1ae98830bab4c06654ab8e1732837330dc79752fb15bcf71d14a215128a451acc72954ff318b52050579790902f176d626544e3d1dadccf4be82f85c824c6e53,gx-no-cache=1556198988351 HTTP/1.1" 200 110
190.171.152.114 - - [25/Apr/2019:10:33:35 -0300] "POST /cormun/servlet/solicitudot?gx-no-cache=1556198992135 HTTP/1.1" 200 97
190.171.152.114 - - [25/Apr/2019:10:33:56 -0300] "POST /cormun/servlet/solicitudot?gx-no-cache=1556199013086 HTTP/1.1" 200 72
190.171.152.114 - - [25/Apr/2019:10:34:05 -0300] "GET /cormun/servlet/solicitudot?a316865763d0aba270947c3589d0ffdc7169084d7dc8b0ec1f919bc68b1a4d29cbbdc432e7a477431db5ce268a5098140cee92106a8c5f8c811cac1e83980674a988ec4a86e3f5c6fc8d9e14395bfb930d3755cb0d8445d6237f099f3f4c024e3e4da88fc19850f9ea100b36413fc931,gx-no-cache=1556199022216 HTTP/1.1" 200 29
190.171.152.114 - - [25/Apr/2019:10:34:05 -0300] "GET /cormun/static/menuarrow.gif HTTP/1.1" 404 1015
190.171.141.122 - - [25/Apr/2019:10:35:40 -0300] "GET /cormun/servlet/trpermisosgoce? HTTP/1.1" 200 6120
190.171.141.122 - - [25/Apr/2019:10:35:41 -0300] "GET /cormun/servlet/hlogin HTTP/1.1" 200 1738
190.171.141.122 - - [25/Apr/2019:10:35:41 -0300] "GET /cormun/servlet/trpermisosgoce? HTTP/1.1" 200 6115
190.171.141.122 - - [25/Apr/2019:10:35:48 -0300] "POST /cormun/servlet/hlogin?590a9668d47b4e2877f1ff85f9050baf,gx-no-cache=1556199123405 HTTP/1.1" 200 90
190.171.141.122 - - [25/Apr/2019:10:35:48 -0300] "GET /cormun/servlet/hpexe_link HTTP/1.1" 200 953
190.171.141.122 - - [25/Apr/2019:10:35:48 -0300] "GET /cormun/servlet/trpermisosgoce HTTP/1.1" 200 10019
190.171.141.122 - - [25/Apr/2019:10:35:49 -0300] "GET /cormun/servlet/trpermisosgoce HTTP/1.1" 200 10018
192.168.10.89 - - [25/Apr/2019:10:35:50 -0300] "POST /cormun/servlet/trsolicitudgral?724f62b1d2d511e9d6a91a79746fb540,,gx-no-cache=1556206144212 HTTP/1.1" 200 9976
190.171.141.122 - - [25/Apr/2019:10:35:56 -0300] "POST /cormun/servlet/trpermisosgoce?590a9668d47b4e2877f1ff85f9050baf,gx-no-cache=1556199130649 HTTP/1.1" 200 6778
190.171.141.122 - - [25/Apr/2019:10:35:57 -0300] "POST /cormun/servlet/trpermisosgoce?590a9668d47b4e2877f1ff85f9050baf,gx-no-cache=1556199131128 HTTP/1.1" 200 6758
192.168.10.89 - - [25/Apr/2019:10:36:03 -0300] "POST /cormun/servlet/trsolicitudgral?724f62b1d2d511e9d6a91a79746fb540,,gx-no-cache=1556206157422 HTTP/1.1" 200 9641
192.168.10.89 - - [25/Apr/2019:10:36:16 -0300] "POST /cormun/servlet/trsolicitudgral?724f62b1d2d511e9d6a91a79746fb540,,gx-no-cache=1556206170200 HTTP/1.1" 200 6646
192.168.10.89 - - [25/Apr/2019:10:36:20 -0300] "POST /cormun/servlet/trsolicitudgral?724f62b1d2d511e9d6a91a79746fb540,,gx-no-cache=1556206174585 HTTP/1.1" 200 5485
192.168.10.89 - - [25/Apr/2019:10:36:29 -0300] "POST /cormun/servlet/trsolicitudgral?724f62b1d2d511e9d6a91a79746fb540,,gx-no-cache=1556206183191 HTTP/1.1" 200 9259
192.168.10.89 - - [25/Apr/2019:10:36:33 -0300] "POST /cormun/servlet/trsolicitudgral?724f62b1d2d511e9d6a91a79746fb540,,gx-no-cache=1556206187245 HTTP/1.1" 200 8950
192.168.10.89 - - [25/Apr/2019:10:36:43 -0300] "POST /cormun/servlet/trsolicitudgral?724f62b1d2d511e9d6a91a79746fb540,,gx-no-cache=1556206197478 HTTP/1.1" 200 8561
190.171.152.114 - - [25/Apr/2019:10:37:01 -0300] "GET /cormun/servlet/solicitudot?a316865763d0aba270947c3589d0ffdc54f783cf80812341fb8fc161689316c0788f5c425f79e8149ea19eb9442d4d46,gx-no-cache=1556199198612 HTTP/1.1" 200 30
190.171.152.114 - - [25/Apr/2019:10:37:06 -0300] "POST /cormun/servlet/solicitudot?gx-no-cache=1556199204064 HTTP/1.1" 200 33
190.171.141.122 - - [25/Apr/2019:10:37:07 -0300] "GET /cormun/servlet/trpermisosingoce? HTTP/1.1" 200 7258
190.171.141.122 - - [25/Apr/2019:10:37:07 -0300] "GET /cormun/static/gxcfg.js?201742714253516 HTTP/1.1" 200 953
190.171.141.122 - - [25/Apr/2019:10:37:07 -0300] "GET /cormun/static/Resources/Spanish/PXTools.css?11294912 HTTP/1.1" 200 89042
190.171.141.122 - - [25/Apr/2019:10:37:07 -0300] "GET /cormun/static/trpermisosingoce.js?201742714253970 HTTP/1.1" 200 34472
190.171.141.122 - - [25/Apr/2019:10:37:07 -0300] "GET /cormun/servlet/trpermisosingoce? HTTP/1.1" 200 7257
190.171.141.122 - - [25/Apr/2019:10:37:11 -0300] "GET /cormun/servlet/permisosingoce?INS,0, HTTP/1.1" 200 7152
190.171.141.122 - - [25/Apr/2019:10:37:11 -0300] "GET /cormun/static/gxcfg.js?201752511551633 HTTP/1.1" 200 953
190.171.141.122 - - [25/Apr/2019:10:37:11 -0300] "GET /cormun/static/permisosingoce.js?20175251155177 HTTP/1.1" 200 25800
190.171.141.122 - - [25/Apr/2019:10:37:11 -0300] "GET /cormun/servlet/permisosingoce?INS,0, HTTP/1.1" 200 7152
190.171.141.122 - - [25/Apr/2019:10:37:13 -0300] "GET /cormun/servlet/prfichaempleado?,MD,,gxPopupLevel%3D0%3B HTTP/1.1" 200 9428
190.171.152.114 - - [25/Apr/2019:10:37:22 -0300] "POST /cormun/servlet/solicitudot?7c18babd2490630f8b8186a9d17a43b3,INS,0,0,,gx-no-cache=1556199218937 HTTP/1.1" 200 93
190.171.152.114 - - [25/Apr/2019:10:37:22 -0300] "GET /cormun/servlet/hpexe_return? HTTP/1.1" 200 1011
190.171.152.114 - - [25/Apr/2019:10:37:22 -0300] "GET /cormun/servlet/trsolicitudot HTTP/1.1" 200 9211
190.171.141.122 - - [25/Apr/2019:10:37:22 -0300] "POST /cormun/servlet/prfichaempleado?590a9668d47b4e2877f1ff85f9050baf,,MD,,gxPopupLevel%3D0%3B,gx-no-cache=1556199217239 HTTP/1.1" 200 3475
190.171.141.122 - - [25/Apr/2019:10:37:29 -0300] "GET /cormun/servlet/permisosingoce?410b5e2c79f9ada949d4bf52ee8bc8e9285032da6d502ed352ac94266bdd4660491351b092a144c5c2da7b1497a5f334,gx-no-cache=1556199224051 HTTP/1.1" 200 82
190.171.141.122 - - [25/Apr/2019:10:37:35 -0300] "GET /cormun/servlet/permisosingoce?410b5e2c79f9ada949d4bf52ee8bc8e901629625425a50b337737272236f72063fba9ff7ae83c282ec60e7aee830c8a9,gx-no-cache=1556199230268 HTTP/1.1" 200 33
190.171.141.122 - - [25/Apr/2019:10:37:36 -0300] "GET /cormun/servlet/permisosingoce?410b5e2c79f9ada949d4bf52ee8bc8e924e6c09dea4ce9a8d3faf0a8bc3997ba930430a05a00aa57a40508bede9bf307151dfc010531313ba5ec0768181a97e9d07eca19b7f3bd1786634231ad137c40eaa606bccbcc5d80162bdc6f22cff120e78c418da23e88717bb463803f76bf49e6c8232afaf386b03358bac77929c461fff0b799df565a1651bc14d58c7c848b,gx-no-cache=1556199231696 HTTP/1.1" 200 41
190.171.141.122 - - [25/Apr/2019:10:37:49 -0300] "POST /cormun/servlet/permisosingoce?590a9668d47b4e2877f1ff85f9050baf,INS,0,,gx-no-cache=1556199243757 HTTP/1.1" 200 93
190.171.141.122 - - [25/Apr/2019:10:37:49 -0300] "GET /cormun/servlet/hpexe_return? HTTP/1.1" 200 1005
190.171.141.122 - - [25/Apr/2019:10:37:49 -0300] "GET /cormun/servlet/trpermisosingoce HTTP/1.1" 200 8079
190.171.141.122 - - [25/Apr/2019:10:37:49 -0300] "GET /cormun/servlet/trpermisosingoce HTTP/1.1" 200 8075
190.171.152.114 - - [25/Apr/2019:10:37:53 -0300] "GET /cormun/servlet/solicitudot?INS,0,0, HTTP/1.1" 200 15262
190.171.141.122 - - [25/Apr/2019:10:37:56 -0300] "GET /cormun/servlet/apermisosingoceprn?375,PU HTTP/1.1" 200 1641
190.171.152.114 - - [25/Apr/2019:10:38:09 -0300] "POST /cormun/servlet/solicitudot?gx-no-cache=1556199266172 HTTP/1.1" 200 3459
190.171.152.114 - - [25/Apr/2019:10:38:09 -0300] "POST /cormun/servlet/solicitudot?7c18babd2490630f8b8186a9d17a43b3,INS,0,0,,gx-no-cache=1556199266575 HTTP/1.1" 200 11923
190.171.152.114 - - [25/Apr/2019:10:38:17 -0300] "GET /cormun/servlet/solicitudot?a316865763d0aba270947c3589d0ffdcfc378bd4386ff5d019336409b6ea13d715a2f0e7a50ab1361e31dd72e3c7edcc,gx-no-cache=1556199274166 HTTP/1.1" 200 30
66.249.83.25 - - [25/Apr/2019:10:38:33 -0300] "GET /cormun/servlet/hlogin HTTP/1.1" 200 1727
66.249.83.29 - - [25/Apr/2019:10:38:34 -0300] "GET /cormun/servlet/hlogin?_escaped_fragment_= HTTP/1.1" 200 1724
66.249.83.29 - - [25/Apr/2019:10:38:34 -0300] "GET /favicon.ico HTTP/1.1" 200 21630
190.171.152.114 - - [25/Apr/2019:10:39:34 -0300] "GET /cormun/servlet/prbanco?,MD,,gxPopupLevel%3D0%3B HTTP/1.1" 200 6629
190.171.152.114 - - [25/Apr/2019:10:39:37 -0300] "GET /cormun/servlet/solicitudot?a316865763d0aba270947c3589d0ffdc1508d93793ff291a75155ac087a5deebafb6fdb99c143183cdc23a1623962054e387c14b2558317722e77f8ae0ea502f,gx-no-cache=1556199354868 HTTP/1.1" 200 30
190.171.152.114 - - [25/Apr/2019:10:39:42 -0300] "GET /cormun/servlet/solicitudot?a316865763d0aba270947c3589d0ffdce552d6bc8c2e9c50f520b44534cb47eb,gx-no-cache=1556199359210 HTTP/1.1" 200 53
190.171.152.114 - - [25/Apr/2019:10:39:58 -0300] "POST /cormun/servlet/solicitudot?gx-no-cache=1556199375917 HTTP/1.1" 200 255
190.171.143.82 - - [25/Apr/2019:10:40:00 -0300] "GET /cormun/servlet/permisogoce?INS,0,,, HTTP/1.1" 200 6099
190.171.143.82 - - [25/Apr/2019:10:40:00 -0300] "GET /cormun/servlet/permisogoce?INS,0,,, HTTP/1.1" 200 6095
190.171.143.82 - - [25/Apr/2019:10:40:01 -0300] "GET /cormun/servlet/hlogin HTTP/1.1" 200 1739
190.171.143.82 - - [25/Apr/2019:10:40:01 -0300] "GET /cormun/servlet/permisogoce?INS,0,,, HTTP/1.1" 200 6090
190.171.152.114 - - [25/Apr/2019:10:40:01 -0300] "GET /cormun/servlet/solicitudot?a316865763d0aba270947c3589d0ffdcc6dd7e5bf72285b01f52eed4936cc3c61892553e48d4f94968d21a62de7488060068dec743e0c0b1a57079cc2f30d9622af2303b16b5a863bf15d61bd404c65c83071edef3b8eea57f80ef61695bb279c699e8a14c8a02094e39dbb20d37440bd83940116d3446440ee33b49bdf7882b5b1f0e273a727e4eb40664c3883b177f25881369c09ebb979fa5f5a9ae2b696cf0029cd051537b06ce98c37f11cf3eeb44efe436e38bff51e4d5c57f5f695f57ec1062c1b08d7ca600e7d3da1bc5c0d076773e9045f68e254dccc6c21f6b217a10439175ea139304c548aab61e37f800bdddd8a7820ab6f0bd045b417bb00b44a7c92b6afe979a0ce7cda4256f301135b568f1cd12c68fb49c923447d34ac96b77484b9d73667478a32e023080cfb021063f377d63c05ce8862c8d7be625dcd9c762d3b20bf1bd673205e92221e1ab268871cb485fe853ae9de9fc6a86ae615236dc5bae72a42c0a776052b3498b4e0e5c96399081e8f6d4886b51b36dfc0f54,gx-no-cache=1556199378247 HTTP/1.1" 200 30
190.171.149.90 - - [25/Apr/2019:10:40:03 -0300] "GET /cormun/servlet/trsolicitudot? HTTP/1.1" 200 6414
190.171.149.90 - - [25/Apr/2019:10:40:03 -0300] "GET /cormun/static/RunJS/RunJS.js HTTP/1.1" 200 288
190.171.149.90 - - [25/Apr/2019:10:40:03 -0300] "GET /cormun/static/PXToolsJavascripts/pexe_cookies.js HTTP/1.1" 200 792
190.171.149.90 - - [25/Apr/2019:10:40:03 -0300] "GET /cormun/static/PXToolsJavascripts/pexe_menudivfix.js HTTP/1.1" 200 333
190.171.149.90 - - [25/Apr/2019:10:40:03 -0300] "GET /cormun/static/PXToolsJavascripts/pexe_oav.js HTTP/1.1" 200 645
190.171.149.90 - - [25/Apr/2019:10:40:03 -0300] "GET /cormun/static/SmoothNavMenu/resources/ddsmoothmenu.css?1012540 HTTP/1.1" 200 2223
190.171.149.90 - - [25/Apr/2019:10:40:03 -0300] "GET /cormun/static/SmoothNavMenu/resources/ddsmoothmenu-v.css?1012540 HTTP/1.1" 200 1188
190.171.149.90 - - [25/Apr/2019:10:40:03 -0300] "GET /cormun/static/Shared/jqueryui/jquery-ui.min.css?1245370 HTTP/1.1" 200 30288
190.171.149.90 - - [25/Apr/2019:10:40:03 -0300] "GET /cormun/static/PXToolsJavascripts/pexe_oavdivfix.js HTTP/1.1" 200 639
190.171.149.90 - - [25/Apr/2019:10:40:03 -0300] "GET /cormun/static/PXToolsJavascripts/pexe_picture.js HTTP/1.1" 200 689
190.171.149.90 - - [25/Apr/2019:10:40:03 -0300] "GET /cormun/static/calendar-system.css?85620 HTTP/1.1" 200 5572
190.171.149.90 - - [25/Apr/2019:10:40:03 -0300] "GET /cormun/static/gxcfg.js?2017111422585916 HTTP/1.1" 200 953
190.171.149.90 - - [25/Apr/2019:10:40:03 -0300] "GET /cormun/static/Resources/Spanish/PXTools.css?1255365 HTTP/1.1" 200 57344
190.171.149.90 - - [25/Apr/2019:10:40:03 -0300] "GET /cormun/static/scaMessage/css/jquery.pnotify.default.css?1716380 HTTP/1.1" 200 1707
190.171.149.90 - - [25/Apr/2019:10:40:03 -0300] "GET /cormun/static/gxui/gxui-all.css?120300 HTTP/1.1" 200 2179
190.171.149.90 - - [25/Apr/2019:10:40:03 -0300] "GET /cormun/static/PXToolsJavascripts/pexe_tabdivfix.js HTTP/1.1" 200 876
190.171.149.90 - - [25/Apr/2019:10:40:03 -0300] "GET /cormun/static/PXToolsJavascripts/PXToolsJavascriptsRender.js HTTP/1.1" 200 367
190.171.149.90 - - [25/Apr/2019:10:40:04 -0300] "GET /cormun/static/hpexe_messagegenexuscomponent.js?201752511465344 HTTP/1.1" 200 587
190.171.149.90 - - [25/Apr/2019:10:40:04 -0300] "GET /cormun/static/Resources/PXToolsGridLastDisabled.gif HTTP/1.1" 200 98
190.171.149.90 - - [25/Apr/2019:10:40:04 -0300] "GET /cormun/static/Resources/PXToolsGridNew.png HTTP/1.1" 200 2949
190.171.149.90 - - [25/Apr/2019:10:40:04 -0300] "GET /cormun/servlet/hlogin HTTP/1.1" 200 1737
190.171.149.90 - - [25/Apr/2019:10:40:04 -0300] "GET /cormun/static/Resources/asc.gif HTTP/1.1" 200 67
190.171.149.90 - - [25/Apr/2019:10:40:04 -0300] "GET /cormun/static/Resources/desc.gif HTTP/1.1" 200 65
190.171.149.90 - - [25/Apr/2019:10:40:04 -0300] "GET /cormun/static/Resources/PXToolsGridFirstDisabled.gif HTTP/1.1" 200 100
190.171.149.90 - - [25/Apr/2019:10:40:04 -0300] "GET /cormun/static/Resources/PXToolsDataSearch.png HTTP/1.1" 200 419
190.171.149.90 - - [25/Apr/2019:10:40:04 -0300] "GET /cormun/static/Resources/PXToolsActionExcel.png HTTP/1.1" 200 3187
190.171.149.90 - - [25/Apr/2019:10:40:04 -0300] "GET /cormun/static/Resources/PXToolsGridNextDisabled.gif HTTP/1.1" 200 90
190.171.149.90 - - [25/Apr/2019:10:40:04 -0300] "GET /cormun/static/Resources/PXToolsGridPage.gif HTTP/1.1" 200 725
190.171.149.90 - - [25/Apr/2019:10:40:04 -0300] "GET /cormun/static/Resources/PXToolsGridPreviousDisabled.gif HTTP/1.1" 200 90
190.171.149.90 - - [25/Apr/2019:10:40:04 -0300] "GET /cormun/servlet/trsolicitudot? HTTP/1.1" 200 6414
190.171.149.90 - - [25/Apr/2019:10:40:04 -0300] "GET /cormun/static/Shared/ext/resources/themes/images/default/panel/bg-headersPanel.png HTTP/1.1" 200 255
190.171.149.90 - - [25/Apr/2019:10:40:04 -0300] "GET /cormun/static/Shared/ext/resources/themes/images/default/tools/tool-sprites.gif HTTP/1.1" 200 5434
190.171.149.90 - - [25/Apr/2019:10:40:04 -0300] "GET /cormun/static/Resources/Spanish/PXTools.css?1155365 HTTP/1.1" 200 57344
190.171.149.90 - - [25/Apr/2019:10:40:04 -0300] "GET /cormun/static/gxcfg.js?20177612122725 HTTP/1.1" 200 953
190.171.152.114 - - [25/Apr/2019:10:40:04 -0300] "POST /cormun/servlet/solicitudot?gx-no-cache=1556199381413 HTTP/1.1" 200 30
190.171.149.90 - - [25/Apr/2019:10:40:04 -0300] "GET /cormun/static/Resources/ComunLogin.png HTTP/1.1" 200 17326
190.171.149.90 - - [25/Apr/2019:10:40:04 -0300] "GET /cormun/static/Resources/PXToolsLoginTop.png HTTP/1.1" 200 1337
190.171.149.90 - - [25/Apr/2019:10:40:04 -0300] "GET /cormun/static/Resources/PXToolsLoginBackground.png HTTP/1.1" 200 1164
190.171.152.114 - - [25/Apr/2019:10:40:19 -0300] "POST /cormun/servlet/solicitudot?gx-no-cache=1556199397070 HTTP/1.1" 200 1341
190.171.152.114 - - [25/Apr/2019:10:40:20 -0300] "POST /cormun/servlet/solicitudot?gx-no-cache=1556199397119 HTTP/1.1" 200 38
190.171.143.82 - - [25/Apr/2019:10:40:32 -0300] "POST /cormun/servlet/hlogin?6d4f7225d5da4c544a5ae5e99490b8ce,gx-no-cache=1556203621003 HTTP/1.1" 200 90
190.171.143.82 - - [25/Apr/2019:10:40:32 -0300] "GET /cormun/servlet/hpexe_link HTTP/1.1" 200 959
190.171.143.82 - - [25/Apr/2019:10:40:33 -0300] "GET /cormun/servlet/permisogoce?INS,0,,, HTTP/1.1" 200 6725
190.171.143.82 - - [25/Apr/2019:10:40:34 -0300] "GET /cormun/servlet/permisogoce?INS,0,,, HTTP/1.1" 200 6724
190.171.152.114 - - [25/Apr/2019:10:40:50 -0300] "GET /cormun/servlet/solicitudot?a316865763d0aba270947c3589d0ffdc594d18d5e1970ec62224d8eec6e5138e7ee444f5cc500bde8d32d32771903faa1ae98830bab4c06654ab8e1732837330dc79752fb15bcf71d14a215128a451acc72954ff318b52050579790902f176d626544e3d1dadccf4be82f85c824c6e53,gx-no-cache=1556199427642 HTTP/1.1" 200 110
190.171.152.114 - - [25/Apr/2019:10:40:55 -0300] "POST /cormun/servlet/solicitudot?gx-no-cache=1556199432200 HTTP/1.1" 200 97
190.171.152.114 - - [25/Apr/2019:10:41:03 -0300] "GET /cormun/servlet/solicitudot?a316865763d0aba270947c3589d0ffdc7169084d7dc8b0ec1f919bc68b1a4d29cbbdc432e7a477431db5ce268a5098140cee92106a8c5f8c811cac1e83980674a988ec4a86e3f5c6fc8d9e14395bfb930d3755cb0d8445d6237f099f3f4c024e3e4da88fc19850f9ea100b36413fc931,gx-no-cache=1556199440397 HTTP/1.1" 200 29
190.171.152.114 - - [25/Apr/2019:10:41:03 -0300] "GET /cormun/static/menuarrow.gif HTTP/1.1" 404 1015
190.171.152.114 - - [25/Apr/2019:10:41:07 -0300] "GET /cormun/servlet/solicitudot?a316865763d0aba270947c3589d0ffdc54f783cf80812341fb8fc161689316c0788f5c425f79e8149ea19eb9442d4d46,gx-no-cache=1556199444954 HTTP/1.1" 200 30
190.171.143.82 - - [25/Apr/2019:10:41:12 -0300] "GET /cormun/servlet/permisogoce?c96cd90558e0ec849a93c8aea3f18b43942d6059ec0a71ec8882450a4c7715c44f7a8599e0f06efb8cf575dd7e7eac82cb177bc22cdc1935174b6a789c3841d8,gx-no-cache=1556203660718 HTTP/1.1" 200 81
190.171.152.114 - - [25/Apr/2019:10:41:15 -0300] "POST /cormun/servlet/solicitudot?gx-no-cache=1556199452780 HTTP/1.1" 200 33
190.171.152.114 - - [25/Apr/2019:10:41:26 -0300] "POST /cormun/servlet/solicitudot?7c18babd2490630f8b8186a9d17a43b3,INS,0,0,,gx-no-cache=1556199463055 HTTP/1.1" 200 93
190.171.152.114 - - [25/Apr/2019:10:41:26 -0300] "GET /cormun/servlet/hpexe_return? HTTP/1.1" 200 1011
190.171.152.114 - - [25/Apr/2019:10:41:26 -0300] "GET /cormun/servlet/trsolicitudot HTTP/1.1" 200 9485
190.171.143.82 - - [25/Apr/2019:10:41:32 -0300] "GET /cormun/servlet/permisogoce?c96cd90558e0ec849a93c8aea3f18b43923f5adc7c77667363b3e4304c6fdf47294a841c67b85b026aee1e883af96a0d,gx-no-cache=1556203680135 HTTP/1.1" 200 129
190.171.143.82 - - [25/Apr/2019:10:41:32 -0300] "GET /cormun/static/Shared/jqueryui/images/ui-bg_highlight-soft_100_c6c2c8_1x100.png HTTP/1.1" 404 1117
190.171.143.82 - - [25/Apr/2019:10:41:32 -0300] "GET /cormun/static/Shared/jqueryui/images/ui-icons_82798d_256x240.png HTTP/1.1" 404 1089
190.171.143.82 - - [25/Apr/2019:10:41:32 -0300] "GET /cormun/static/Shared/jqueryui/images/ui-bg_flat_55_994d53_40x100.png HTTP/1.1" 404 1097
190.171.143.82 - - [25/Apr/2019:10:41:32 -0300] "GET /cormun/static/Shared/jqueryui/images/ui-icons_ebccce_256x240.png HTTP/1.1" 404 1089
190.171.143.82 - - [25/Apr/2019:10:41:36 -0300] "GET /cormun/servlet/permisogoce?c96cd90558e0ec849a93c8aea3f18b43923f5adc7c77667363b3e4304c6fdf479edd7d8e87ca438034da7ad6327db083,gx-no-cache=1556203684732 HTTP/1.1" 200 43
190.171.152.114 - - [25/Apr/2019:10:41:46 -0300] "POST /cormun/servlet/trsolicitudot?7c18babd2490630f8b8186a9d17a43b3,gx-no-cache=1556199483580 HTTP/1.1" 200 107
190.171.152.114 - - [25/Apr/2019:10:41:46 -0300] "GET /cormun/servlet/trsolicitudadjuntos?2019,15454, HTTP/1.1" 200 6374
190.171.152.114 - - [25/Apr/2019:10:41:46 -0300] "GET /cormun/static/gxcfg.js?20177612135366 HTTP/1.1" 200 953
190.171.152.114 - - [25/Apr/2019:10:41:46 -0300] "GET /cormun/static/trsolicitudadjuntos.js?20177612135632 HTTP/1.1" 200 17922
190.171.152.114 - - [25/Apr/2019:10:41:49 -0300] "GET /cormun/servlet/solicitudotadjuntos?INS,2019,15454,,1, HTTP/1.1" 200 6318
190.171.152.114 - - [25/Apr/2019:10:41:49 -0300] "GET /cormun/static/gxcfg.js?2017761244068 HTTP/1.1" 200 953
190.171.152.114 - - [25/Apr/2019:10:41:49 -0300] "GET /cormun/static/solicitudotadjuntos.js?2017761244086 HTTP/1.1" 200 11771
190.171.152.114 - - [25/Apr/2019:10:41:49 -0300] "HEAD /cormun/static/about:blank HTTP/1.1" 404 -
190.171.152.114 - - [25/Apr/2019:10:41:50 -0300] "GET /cormun/servlet/solicitudotadjuntos?a316865763d0aba270947c3589d0ffdc7d3da604a9bfcb3ea5791e977323d39613320d83d6c33fb7bcf69837ee9c0f94,gx-no-cache=1556199487735 HTTP/1.1" 200 30
190.171.152.114 - - [25/Apr/2019:10:41:50 -0300] "POST /cormun/servlet/solicitudotadjuntos?7c18babd2490630f8b8186a9d17a43b3,INS,2019,15454,,1,,gx-no-cache=1556199487782 HTTP/1.1" 200 4101
190.171.152.114 - - [25/Apr/2019:10:41:54 -0300] "POST /cormun/servlet/solicitudotadjuntos?gx-no-cache=1556199491590 HTTP/1.1" 200 26
190.171.152.114 - - [25/Apr/2019:10:42:10 -0300] "GET /cormun/servlet/solicitudotadjuntos?a316865763d0aba270947c3589d0ffdca50b4c407a345ffa8f6227b20956b206,gx-no-cache=1556199507797 HTTP/1.1" 200 30
190.171.152.114 - - [25/Apr/2019:10:42:10 -0300] "GET /cormun/servlet/solicitudotadjuntos?a316865763d0aba270947c3589d0ffdca50b4c407a345ffa8f6227b20956b206,gx-no-cache=1556199507818 HTTP/1.1" 200 30
190.171.152.114 - - [25/Apr/2019:10:42:11 -0300] "POST /cormun/servlet/solicitudotadjuntos?7c18babd2490630f8b8186a9d17a43b3,INS,2019,15454,,1, HTTP/1.1" 200 116
190.171.152.114 - - [25/Apr/2019:10:42:11 -0300] "GET /cormun/servlet/hpexe_return? HTTP/1.1" 200 1033
190.171.152.114 - - [25/Apr/2019:10:42:11 -0300] "GET /cormun/servlet/trsolicitudadjuntos?2019,15454, HTTP/1.1" 200 9009
190.171.152.114 - - [25/Apr/2019:10:42:28 -0300] "GET /cormun/servlet/solicitudotadjuntos?INS,2019,15454,,1, HTTP/1.1" 200 6318
190.171.152.114 - - [25/Apr/2019:10:42:28 -0300] "HEAD /cormun/static/about:blank HTTP/1.1" 404 -
190.171.152.114 - - [25/Apr/2019:10:42:29 -0300] "GET /cormun/servlet/solicitudotadjuntos?a316865763d0aba270947c3589d0ffdc7d3da604a9bfcb3ea5791e977323d39613320d83d6c33fb7bcf69837ee9c0f94,gx-no-cache=1556199526611 HTTP/1.1" 200 30
190.171.152.114 - - [25/Apr/2019:10:42:29 -0300] "POST /cormun/servlet/solicitudotadjuntos?7c18babd2490630f8b8186a9d17a43b3,INS,2019,15454,,1,,gx-no-cache=1556199526655 HTTP/1.1" 200 4101
190.171.152.114 - - [25/Apr/2019:10:42:32 -0300] "POST /cormun/servlet/solicitudotadjuntos?gx-no-cache=1556199529371 HTTP/1.1" 200 26
192.168.10.89 - - [25/Apr/2019:10:42:43 -0300] "POST /cormun/servlet/trsolicitudgral?724f62b1d2d511e9d6a91a79746fb540,,gx-no-cache=1556206557243 HTTP/1.1" 200 6635
190.171.152.114 - - [25/Apr/2019:10:42:47 -0300] "GET /cormun/servlet/solicitudotadjuntos?a316865763d0aba270947c3589d0ffdca50b4c407a345ffa8f6227b20956b206,gx-no-cache=1556199544941 HTTP/1.1" 200 30
190.171.152.114 - - [25/Apr/2019:10:42:47 -0300] "GET /cormun/servlet/solicitudotadjuntos?a316865763d0aba270947c3589d0ffdca50b4c407a345ffa8f6227b20956b206,gx-no-cache=1556199544961 HTTP/1.1" 200 30
190.171.152.114 - - [25/Apr/2019:10:42:48 -0300] "POST /cormun/servlet/solicitudotadjuntos?7c18babd2490630f8b8186a9d17a43b3,INS,2019,15454,,1, HTTP/1.1" 200 116
190.171.152.114 - - [25/Apr/2019:10:42:48 -0300] "GET /cormun/servlet/hpexe_return? HTTP/1.1" 200 1033
190.171.152.114 - - [25/Apr/2019:10:42:48 -0300] "GET /cormun/servlet/trsolicitudadjuntos?2019,15454, HTTP/1.1" 200 9233
192.168.10.89 - - [25/Apr/2019:10:42:49 -0300] "POST /cormun/servlet/trsolicitudgral?724f62b1d2d511e9d6a91a79746fb540,,gx-no-cache=1556206563928 HTTP/1.1" 200 116
192.168.10.89 - - [25/Apr/2019:10:42:50 -0300] "GET /cormun/servlet/solicitudotlog?INS,2019,15265,0,REC, HTTP/1.1" 200 5679
192.168.10.89 - - [25/Apr/2019:10:42:50 -0300] "GET /cormun/servlet/solicitudotlog?352aed39a35ea214a12b2ec7a0d4b8a7fa6bb1e0736f6c3cdf4dc909b159df150fb2180bc4153daddf93d43510d190d920dd8a559cbcc95e69762b7e5ee4d90df417ab5959225a4b5beb2c02f2db9ae920fa56cf52bc1a46ceb34d1be6a5386045b640564f147b5d329daf55a48e93fb73f25965151a37ecc56d324b2ea37c9566293a383f08c4819fc470b22049c504bfc38b1f649455c30801878959bf382e,gx-no-cache=1556206564980 HTTP/1.1" 200 94
190.171.152.114 - - [25/Apr/2019:10:42:54 -0300] "GET /cormun/servlet/solicitudotadjuntos?INS,2019,15454,,1, HTTP/1.1" 200 6318
190.171.152.114 - - [25/Apr/2019:10:42:55 -0300] "HEAD /cormun/static/about:blank HTTP/1.1" 404 -
190.171.152.114 - - [25/Apr/2019:10:42:56 -0300] "GET /cormun/servlet/solicitudotadjuntos?a316865763d0aba270947c3589d0ffdc7d3da604a9bfcb3ea5791e977323d39613320d83d6c33fb7bcf69837ee9c0f94,gx-no-cache=1556199553195 HTTP/1.1" 200 30
190.171.152.114 - - [25/Apr/2019:10:42:56 -0300] "POST /cormun/servlet/solicitudotadjuntos?7c18babd2490630f8b8186a9d17a43b3,INS,2019,15454,,1,,gx-no-cache=1556199553229 HTTP/1.1" 200 4101
190.171.152.114 - - [25/Apr/2019:10:42:59 -0300] "POST /cormun/servlet/solicitudotadjuntos?gx-no-cache=1556199556218 HTTP/1.1" 200 26
192.168.10.89 - - [25/Apr/2019:10:42:59 -0300] "POST /cormun/servlet/solicitudotlog?724f62b1d2d511e9d6a91a79746fb540,INS,2019,15265,0,REC,,gx-no-cache=1556206573477 HTTP/1.1" 200 93
192.168.10.89 - - [25/Apr/2019:10:42:59 -0300] "GET /cormun/servlet/hpexe_return? HTTP/1.1" 200 1025
192.168.10.89 - - [25/Apr/2019:10:42:59 -0300] "GET /cormun/servlet/trsolicitudgral? HTTP/1.1" 200 8391
190.171.149.90 - - [25/Apr/2019:10:43:03 -0300] "POST /cormun/servlet/hlogin?6072357ee45d1a4982dbaed1cc05ee8d,gx-no-cache=1556199556957 HTTP/1.1" 200 450
190.171.152.114 - - [25/Apr/2019:10:43:05 -0300] "GET /cormun/servlet/solicitudotadjuntos?a316865763d0aba270947c3589d0ffdca50b4c407a345ffa8f6227b20956b206,gx-no-cache=1556199562212 HTTP/1.1" 200 30
190.171.152.114 - - [25/Apr/2019:10:43:05 -0300] "GET /cormun/servlet/solicitudotadjuntos?a316865763d0aba270947c3589d0ffdca50b4c407a345ffa8f6227b20956b206,gx-no-cache=1556199562234 HTTP/1.1" 200 30
190.171.152.114 - - [25/Apr/2019:10:43:05 -0300] "POST /cormun/servlet/solicitudotadjuntos?7c18babd2490630f8b8186a9d17a43b3,INS,2019,15454,,1, HTTP/1.1" 200 116
190.171.152.114 - - [25/Apr/2019:10:43:05 -0300] "GET /cormun/servlet/hpexe_return? HTTP/1.1" 200 1033
190.171.152.114 - - [25/Apr/2019:10:43:05 -0300] "GET /cormun/servlet/trsolicitudadjuntos?2019,15454, HTTP/1.1" 200 9409
190.171.152.114 - - [25/Apr/2019:10:43:09 -0300] "GET /cormun/servlet/solicitudotadjuntos?INS,2019,15454,,1, HTTP/1.1" 200 6318
190.171.152.114 - - [25/Apr/2019:10:43:09 -0300] "HEAD /cormun/static/about:blank HTTP/1.1" 404 -
190.171.149.90 - - [25/Apr/2019:10:43:09 -0300] "POST /cormun/servlet/hlogin?6072357ee45d1a4982dbaed1cc05ee8d,gx-no-cache=1556199563252 HTTP/1.1" 200 90
190.171.149.90 - - [25/Apr/2019:10:43:09 -0300] "GET /cormun/servlet/hpexe_link HTTP/1.1" 200 954
190.171.149.90 - - [25/Apr/2019:10:43:09 -0300] "GET /cormun/static/gxcfg.js?20177612121792 HTTP/1.1" 200 953
190.171.149.90 - - [25/Apr/2019:10:43:09 -0300] "GET /cormun/servlet/trsolicitudot HTTP/1.1" 200 7331
190.171.149.90 - - [25/Apr/2019:10:43:10 -0300] "GET /cormun/static/Resources/PXToolsHeaderActionsRight.png HTTP/1.1" 200 1201
190.171.149.90 - - [25/Apr/2019:10:43:10 -0300] "GET /cormun/static/Resources/PXTools/calendar.png HTTP/1.1" 200 1306
190.171.149.90 - - [25/Apr/2019:10:43:10 -0300] "GET /cormun/static/Resources/PXToolsHeaderActionsBackground.png HTTP/1.1" 200 484
190.171.149.90 - - [25/Apr/2019:10:43:10 -0300] "GET /cormun/static/Resources/PXToolsHeaderBackground2.png HTTP/1.1" 200 1174
190.171.149.90 - - [25/Apr/2019:10:43:10 -0300] "GET /cormun/static/Resources/PXToolsFooterBackground2.png HTTP/1.1" 200 1172
190.171.149.90 - - [25/Apr/2019:10:43:10 -0300] "GET /cormun/static/Resources/PXToolsDataTitle.png HTTP/1.1" 200 1173
190.171.152.114 - - [25/Apr/2019:10:43:10 -0300] "GET /cormun/servlet/solicitudotadjuntos?a316865763d0aba270947c3589d0ffdc7d3da604a9bfcb3ea5791e977323d39613320d83d6c33fb7bcf69837ee9c0f94,gx-no-cache=1556199567755 HTTP/1.1" 200 30
190.171.152.114 - - [25/Apr/2019:10:43:10 -0300] "POST /cormun/servlet/solicitudotadjuntos?7c18babd2490630f8b8186a9d17a43b3,INS,2019,15454,,1,,gx-no-cache=1556199567791 HTTP/1.1" 200 4101
190.171.149.90 - - [25/Apr/2019:10:43:10 -0300] "GET /cormun/servlet/trsolicitudot HTTP/1.1" 200 7329
190.171.152.114 - - [25/Apr/2019:10:43:13 -0300] "POST /cormun/servlet/solicitudotadjuntos?gx-no-cache=1556199570618 HTTP/1.1" 200 26
190.171.152.114 - - [25/Apr/2019:10:43:19 -0300] "GET /cormun/servlet/solicitudotadjuntos?a316865763d0aba270947c3589d0ffdca50b4c407a345ffa8f6227b20956b206,gx-no-cache=1556199576814 HTTP/1.1" 200 30
190.171.152.114 - - [25/Apr/2019:10:43:19 -0300] "GET /cormun/servlet/solicitudotadjuntos?a316865763d0aba270947c3589d0ffdca50b4c407a345ffa8f6227b20956b206,gx-no-cache=1556199576835 HTTP/1.1" 200 30
190.171.152.114 - - [25/Apr/2019:10:43:20 -0300] "POST /cormun/servlet/solicitudotadjuntos?7c18babd2490630f8b8186a9d17a43b3,INS,2019,15454,,1, HTTP/1.1" 200 116
190.171.152.114 - - [25/Apr/2019:10:43:20 -0300] "GET /cormun/servlet/hpexe_return? HTTP/1.1" 200 1033
192.168.10.89 - - [25/Apr/2019:10:43:20 -0300] "POST /cormun/servlet/trsolicitudgral?724f62b1d2d511e9d6a91a79746fb540,,gx-no-cache=1556206594240 HTTP/1.1" 200 8086
190.171.143.82 - - [25/Apr/2019:10:43:20 -0300] "POST /cormun/servlet/permisogoce?6d4f7225d5da4c544a5ae5e99490b8ce,INS,0,,,,gx-no-cache=1556203787957 HTTP/1.1" 200 93
190.171.143.82 - - [25/Apr/2019:10:43:20 -0300] "GET /cormun/servlet/hpexe_return? HTTP/1.1" 200 1002
190.171.143.82 - - [25/Apr/2019:10:43:20 -0300] "GET /cormun/servlet/hhome HTTP/1.1" 200 4060
190.171.152.114 - - [25/Apr/2019:10:43:20 -0300] "GET /cormun/servlet/trsolicitudadjuntos?2019,15454, HTTP/1.1" 200 9635
190.171.143.82 - - [25/Apr/2019:10:43:21 -0300] "GET /cormun/servlet/hhome HTTP/1.1" 200 4054
190.171.152.114 - - [25/Apr/2019:10:43:29 -0300] "GET /cormun/servlet/solicitudotadjuntos?INS,2019,15454,,1, HTTP/1.1" 200 6318
190.171.152.114 - - [25/Apr/2019:10:43:30 -0300] "HEAD /cormun/static/about:blank HTTP/1.1" 404 -
