200.112.233.47 - - [25/Apr/2019:11:28:40 -0300] "GET /cormun/servlet/trsolicitudot HTTP/1.1" 200 9426
200.112.233.47 - - [25/Apr/2019:11:28:40 -0300] "GET /cormun/servlet/trsolicitudot HTTP/1.1" 200 9422
192.168.10.89 - - [25/Apr/2019:11:28:43 -0300] "POST /cormun/servlet/trsolicitudgral?724f62b1d2d511e9d6a91a79746fb540,,gx-no-cache=1556209317268 HTTP/1.1" 200 6630
200.112.233.47 - - [25/Apr/2019:11:28:44 -0300] "POST /cormun/servlet/trsolicitudot?7d70af6e85484039fd6fb4428a98afb2,gx-no-cache=1556202297679 HTTP/1.1" 200 5957
200.112.233.47 - - [25/Apr/2019:11:28:44 -0300] "GET /cormun/static/Shared/jqueryui/images/ui-bg_highlight-soft_100_c6c2c8_1x100.png HTTP/1.1" 404 1117
200.112.233.47 - - [25/Apr/2019:11:28:44 -0300] "GET /cormun/static/Shared/jqueryui/images/ui-icons_82798d_256x240.png HTTP/1.1" 404 1089
200.112.233.47 - - [25/Apr/2019:11:28:44 -0300] "GET /cormun/static/Shared/jqueryui/images/ui-icons_8d78a5_256x240.png HTTP/1.1" 404 1089
200.112.233.47 - - [25/Apr/2019:11:28:44 -0300] "GET /cormun/static/Shared/jqueryui/images/ui-bg_flat_55_fafafa_40x100.png HTTP/1.1" 404 1097
200.112.233.47 - - [25/Apr/2019:11:28:44 -0300] "POST /cormun/servlet/trsolicitudot?7d70af6e85484039fd6fb4428a98afb2,gx-no-cache=1556202297909 HTTP/1.1" 200 5899
192.168.10.89 - - [25/Apr/2019:11:28:48 -0300] "POST /cormun/servlet/trsolicitudgral?724f62b1d2d511e9d6a91a79746fb540,,gx-no-cache=1556209322159 HTTP/1.1" 200 5483
200.112.233.47 - - [25/Apr/2019:11:28:49 -0300] "GET /cormun/servlet/trautorizarsolicitud? HTTP/1.1" 200 8797
200.112.233.47 - - [25/Apr/2019:11:28:49 -0300] "GET /cormun/servlet/trautorizarsolicitud? HTTP/1.1" 200 8797
200.112.233.47 - - [25/Apr/2019:11:28:52 -0300] "POST /cormun/servlet/trautorizarsolicitud?7d70af6e85484039fd6fb4428a98afb2,,gx-no-cache=1556202305363 HTTP/1.1" 200 4684
200.112.233.47 - - [25/Apr/2019:11:28:52 -0300] "GET /cormun/static/Shared/jqueryui/images/ui-bg_highlight-soft_100_c6c2c8_1x100.png HTTP/1.1" 404 1117
200.112.233.47 - - [25/Apr/2019:11:28:52 -0300] "GET /cormun/static/Shared/jqueryui/images/ui-icons_82798d_256x240.png HTTP/1.1" 404 1089
200.112.233.47 - - [25/Apr/2019:11:28:52 -0300] "GET /cormun/static/Shared/jqueryui/images/ui-bg_flat_55_fafafa_40x100.png HTTP/1.1" 404 1097
200.112.233.47 - - [25/Apr/2019:11:28:52 -0300] "GET /cormun/static/Shared/jqueryui/images/ui-icons_8d78a5_256x240.png HTTP/1.1" 404 1089
200.112.233.47 - - [25/Apr/2019:11:28:52 -0300] "POST /cormun/servlet/trautorizarsolicitud?7d70af6e85484039fd6fb4428a98afb2,,gx-no-cache=1556202305877 HTTP/1.1" 200 4465
192.168.10.89 - - [25/Apr/2019:11:29:00 -0300] "POST /cormun/servlet/trsolicitudgral?724f62b1d2d511e9d6a91a79746fb540,,gx-no-cache=1556209334138 HTTP/1.1" 200 6617
200.112.233.47 - - [25/Apr/2019:11:29:00 -0300] "GET /cormun/servlet/trcontratosolicitud? HTTP/1.1" 200 8156
200.112.233.47 - - [25/Apr/2019:11:29:01 -0300] "GET /cormun/servlet/trcontratosolicitud? HTTP/1.1" 200 8157
192.168.10.89 - - [25/Apr/2019:11:29:10 -0300] "GET /cormun/servlet/solicitudgral?UPD,2019,15388, HTTP/1.1" 200 12586
192.168.10.89 - - [25/Apr/2019:11:29:11 -0300] "POST /cormun/servlet/solicitudgral?gx-no-cache=1556209345603 HTTP/1.1" 200 4078
192.168.10.89 - - [25/Apr/2019:11:29:11 -0300] "GET /cormun/servlet/solicitudgral?352aed39a35ea214a12b2ec7a0d4b8a72d4fdcd3980a1514ac14bbf21df96ec671f3d0c0facaa36c60828aaa8974648ecf04e98adcaf2ca62ff82121288615658992c67658b3581cddc87df9fed0cea23c47ad42dda55b54cd926ac1c11dca2999b9cfb13484e1fed78d9dfbc642c8af1c0acef16f81e02437779cfd6359692beda1499009f66453ad39b6534ae4f0445aacbb3ca6fb67595eec6ba8505ba447bd9342a4d7b3d62a0b517a67da9e490c71028a003b8a2c79b5c9363c071b0c004b8df04c7031376b3ee90e4829ecaa6ca54a09c13e6a1f7f60943057299a739c067720d73e3e229dc44b9a1e0ef62b0b1e4971e91365bc21288652169514e8a4c933c07eeda427683ae03da21e63e649c9e6f388e31f09df38ed1a95c761d3623b97fbfb78fc5ff9fd223283ef0ee72dc37d146f230be0af9a56fe439310da475d32b5ccae99c7a1813801320f807101,gx-no-cache=1556209345800 HTTP/1.1" 200 255
192.168.10.89 - - [25/Apr/2019:11:29:12 -0300] "GET /cormun/servlet/solicitudgral?352aed39a35ea214a12b2ec7a0d4b8a7b0ecd5390221b0262783739ee642fef071f3d0c0facaa36c60828aaa8974648ecf04e98adcaf2ca62ff8212128861565f69f408f1956f314780276226fa6680c0bdb6c9c0c3d1232d7bdeb1854d734c0,gx-no-cache=1556209346333 HTTP/1.1" 200 30
200.112.233.47 - - [25/Apr/2019:11:29:13 -0300] "POST /cormun/servlet/trcontratosolicitud?7d70af6e85484039fd6fb4428a98afb2,,gx-no-cache=1556202326245 HTTP/1.1" 200 5385
200.54.103.162 - - [25/Apr/2019:11:29:18 -0300] "GET /cormun/servlet/trlicencias? HTTP/1.1" 200 8426
192.168.10.89 - - [25/Apr/2019:11:29:18 -0300] "POST /cormun/servlet/solicitudgral?gx-no-cache=1556209352602 HTTP/1.1" 200 79
200.54.103.162 - - [25/Apr/2019:11:29:19 -0300] "GET /cormun/servlet/hlogin HTTP/1.1" 200 1736
200.54.103.162 - - [25/Apr/2019:11:29:19 -0300] "GET /cormun/servlet/trlicencias? HTTP/1.1" 200 8427
192.168.10.89 - - [25/Apr/2019:11:29:20 -0300] "GET /cormun/servlet/solicitudgral?352aed39a35ea214a12b2ec7a0d4b8a75593f19792ad0df35bd4965be55d22d17a0d2075ae1b5327f413c9f470bc8b96565de71a389be058203555db1cb1e227db50e8c9affe5b39b2cc32062c4658cd382539b055be8c8fbffcaece97288a6d8e1df1ababe144ab13ad1e294c1f118530753456bcb381158f331ebfb3acf93a,gx-no-cache=1556209354307 HTTP/1.1" 200 49
192.168.10.89 - - [25/Apr/2019:11:29:21 -0300] "POST /cormun/servlet/solicitudgral?724f62b1d2d511e9d6a91a79746fb540,UPD,2019,15388,,gx-no-cache=1556209355013 HTTP/1.1" 200 11488
192.168.10.89 - - [25/Apr/2019:11:29:23 -0300] "GET /cormun/servlet/solicitudgral?352aed39a35ea214a12b2ec7a0d4b8a73acbc53dc18091d97f66adc1117fffdc0fb2180bc4153daddf93d43510d190d928956e5499d84d9035c061ba5103b30090cef34d65db9af6be314a9a73b86a82eb924a118e61d6c61ce990bf9e7a69f640d03dfbe2fe01c8d04846523e8613c897c7ecf8bb7f0947278ecea0848dbb5c1397a0e3ffd082a5069f60b18fb9525f4bafb6e77d11fef209500f3bf7bc9680ebc4e49bbda7a0d5437be8a2e0af450405dfd48feb90922a120a7db3730d83f337f09ced9f62dca6880faf91e2f912d5,gx-no-cache=1556209357701 HTTP/1.1" 200 30
192.168.10.89 - - [25/Apr/2019:11:29:24 -0300] "GET /cormun/servlet/solicitudgral?352aed39a35ea214a12b2ec7a0d4b8a73acbc53dc18091d97f66adc1117fffdc0fb2180bc4153daddf93d43510d190d98226d7847ecf60faa6b46eb8ef2f370190cef34d65db9af6be314a9a73b86a82eb924a118e61d6c61ce990bf9e7a69f640d03dfbe2fe01c8d04846523e8613c897c7ecf8bb7f0947278ecea0848dbb5c1397a0e3ffd082a5069f60b18fb9525f4bafb6e77d11fef209500f3bf7bc9680ebc4e49bbda7a0d5437be8a2e0af450405dfd48feb90922a120a7db3730d83f36cb06adf9ee0dee7a3f3b121f5864eb4,gx-no-cache=1556209358843 HTTP/1.1" 200 30
192.168.10.89 - - [25/Apr/2019:11:29:30 -0300] "POST /cormun/servlet/solicitudgral?724f62b1d2d511e9d6a91a79746fb540,UPD,2019,15388,,gx-no-cache=1556209364239 HTTP/1.1" 200 93
192.168.10.89 - - [25/Apr/2019:11:29:30 -0300] "GET /cormun/servlet/hpexe_return? HTTP/1.1" 200 1015
192.168.10.89 - - [25/Apr/2019:11:29:30 -0300] "GET /cormun/servlet/trsolicitudgral? HTTP/1.1" 200 9718
192.168.10.89 - - [25/Apr/2019:11:29:33 -0300] "POST /cormun/servlet/trsolicitudgral?724f62b1d2d511e9d6a91a79746fb540,,gx-no-cache=1556209367662 HTTP/1.1" 200 5477
192.168.10.89 - - [25/Apr/2019:11:29:33 -0300] "GET /cormun/static/Shared/jqueryui/images/ui-bg_flat_55_fafafa_40x100.png HTTP/1.1" 404 1097
192.168.10.89 - - [25/Apr/2019:11:29:33 -0300] "GET /cormun/static/Shared/jqueryui/images/ui-bg_highlight-soft_100_c6c2c8_1x100.png HTTP/1.1" 404 1117
192.168.10.89 - - [25/Apr/2019:11:29:33 -0300] "GET /cormun/static/Shared/jqueryui/images/ui-icons_8d78a5_256x240.png HTTP/1.1" 404 1089
192.168.10.89 - - [25/Apr/2019:11:29:33 -0300] "GET /cormun/static/Shared/jqueryui/images/ui-icons_82798d_256x240.png HTTP/1.1" 404 1089
200.54.103.162 - - [25/Apr/2019:11:29:38 -0300] "POST /cormun/servlet/hlogin?dbdf3d9ee02a2b933c31baf7f4107500,gx-no-cache=1556202354306 HTTP/1.1" 200 90
200.54.103.162 - - [25/Apr/2019:11:29:38 -0300] "GET /cormun/servlet/hpexe_link HTTP/1.1" 200 952
200.54.103.162 - - [25/Apr/2019:11:29:38 -0300] "GET /cormun/servlet/trlicencias HTTP/1.1" 200 12950
200.54.103.162 - - [25/Apr/2019:11:29:39 -0300] "GET /cormun/servlet/trlicencias HTTP/1.1" 200 12948
192.168.10.89 - - [25/Apr/2019:11:29:45 -0300] "POST /cormun/servlet/trsolicitudgral?724f62b1d2d511e9d6a91a79746fb540,,gx-no-cache=1556209379525 HTTP/1.1" 200 6617
192.168.10.89 - - [25/Apr/2019:11:30:07 -0300] "GET /cormun/servlet/solicitudgral?UPD,2019,15387, HTTP/1.1" 200 12537
192.168.10.89 - - [25/Apr/2019:11:30:09 -0300] "POST /cormun/servlet/solicitudgral?gx-no-cache=1556209403097 HTTP/1.1" 200 4065
192.168.10.89 - - [25/Apr/2019:11:30:09 -0300] "GET /cormun/servlet/solicitudgral?352aed39a35ea214a12b2ec7a0d4b8a72d4fdcd3980a1514ac14bbf21df96ec671f3d0c0facaa36c60828aaa8974648ecf04e98adcaf2ca62ff82121288615658992c67658b3581cddc87df9fed0cea23c47ad42dda55b54cd926ac1c11dca2999b9cfb13484e1fed78d9dfbc642c8af1c0acef16f81e02437779cfd6359692beda1499009f66453ad39b6534ae4f0445aacbb3ca6fb67595eec6ba8505ba447bd9342a4d7b3d62a0b517a67da9e490c71028a003b8a2c79b5c9363c071b0c004b8df04c7031376b3ee90e4829ecaa6ca54a09c13e6a1f7f60943057299a739c067720d73e3e229dc44b9a1e0ef62b0b1e4971e91365bc21288652169514e8a4c933c07eeda427683ae03da21e63e649c9e6f388e31f09df38ed1a95c761d3623b97fbfb78fc5ff9fd223283ef0ee72dc37d146f230be0af9a56fe439310da475d32b5ccae99c7a1813801320f807101,gx-no-cache=1556209403305 HTTP/1.1" 200 255
192.168.10.89 - - [25/Apr/2019:11:30:13 -0300] "GET /cormun/servlet/solicitudgral?352aed39a35ea214a12b2ec7a0d4b8a7b0ecd5390221b0262783739ee642fef071f3d0c0facaa36c60828aaa8974648ecf04e98adcaf2ca62ff8212128861565f69f408f1956f314780276226fa6680c0bdb6c9c0c3d1232d7bdeb1854d734c0,gx-no-cache=1556209407102 HTTP/1.1" 200 30
192.168.10.89 - - [25/Apr/2019:11:30:14 -0300] "POST /cormun/servlet/solicitudgral?gx-no-cache=1556209408351 HTTP/1.1" 200 79
192.168.10.89 - - [25/Apr/2019:11:30:15 -0300] "GET /cormun/servlet/solicitudgral?352aed39a35ea214a12b2ec7a0d4b8a75593f19792ad0df35bd4965be55d22d17a0d2075ae1b5327f413c9f470bc8b96565de71a389be058203555db1cb1e227db50e8c9affe5b39b2cc32062c4658cd382539b055be8c8fbffcaece97288a6d8e1df1ababe144ab13ad1e294c1f118530753456bcb381158f331ebfb3acf93a,gx-no-cache=1556209409738 HTTP/1.1" 200 49
192.168.10.89 - - [25/Apr/2019:11:30:16 -0300] "POST /cormun/servlet/solicitudgral?724f62b1d2d511e9d6a91a79746fb540,UPD,2019,15387,,gx-no-cache=1556209410109 HTTP/1.1" 200 11476
192.168.10.89 - - [25/Apr/2019:11:30:17 -0300] "GET /cormun/servlet/solicitudgral?352aed39a35ea214a12b2ec7a0d4b8a77aaf5f4e3a61604e1b95eef24a72bfb30fb2180bc4153daddf93d43510d190d98226d7847ecf60faa6b46eb8ef2f370190cef34d65db9af6be314a9a73b86a82eb924a118e61d6c61ce990bf9e7a69f640d03dfbe2fe01c8d04846523e8613c897c7ecf8bb7f0947278ecea0848dbb5c1397a0e3ffd082a5069f60b18fb9525f4bafb6e77d11fef209500f3bf7bc9680ebc4e49bbda7a0d5437be8a2e0af450405dfd48feb90922a120a7db3730d83f337f09ced9f62dca6880faf91e2f912d5,gx-no-cache=1556209411577 HTTP/1.1" 200 29
192.168.10.89 - - [25/Apr/2019:11:30:24 -0300] "POST /cormun/servlet/solicitudgral?724f62b1d2d511e9d6a91a79746fb540,UPD,2019,15387,,gx-no-cache=1556209417831 HTTP/1.1" 200 93
192.168.10.89 - - [25/Apr/2019:11:30:24 -0300] "GET /cormun/servlet/hpexe_return? HTTP/1.1" 200 1015
192.168.10.89 - - [25/Apr/2019:11:30:24 -0300] "GET /cormun/servlet/trsolicitudgral? HTTP/1.1" 200 9704
192.168.10.89 - - [25/Apr/2019:11:30:27 -0300] "POST /cormun/servlet/trsolicitudgral?724f62b1d2d511e9d6a91a79746fb540,,gx-no-cache=1556209420923 HTTP/1.1" 200 5462
192.168.10.89 - - [25/Apr/2019:11:30:27 -0300] "GET /cormun/static/Shared/jqueryui/images/ui-bg_highlight-soft_100_c6c2c8_1x100.png HTTP/1.1" 404 1117
192.168.10.89 - - [25/Apr/2019:11:30:27 -0300] "GET /cormun/static/Shared/jqueryui/images/ui-bg_flat_55_fafafa_40x100.png HTTP/1.1" 404 1097
192.168.10.89 - - [25/Apr/2019:11:30:27 -0300] "GET /cormun/static/Shared/jqueryui/images/ui-icons_82798d_256x240.png HTTP/1.1" 404 1089
192.168.10.89 - - [25/Apr/2019:11:30:27 -0300] "GET /cormun/static/Shared/jqueryui/images/ui-icons_8d78a5_256x240.png HTTP/1.1" 404 1089
192.168.10.89 - - [25/Apr/2019:11:30:39 -0300] "POST /cormun/servlet/trsolicitudgral?724f62b1d2d511e9d6a91a79746fb540,,gx-no-cache=1556209432954 HTTP/1.1" 200 6605
192.168.10.89 - - [25/Apr/2019:11:30:44 -0300] "POST /cormun/servlet/trsolicitudgral?724f62b1d2d511e9d6a91a79746fb540,,gx-no-cache=1556209437916 HTTP/1.1" 200 5467
190.171.143.82 - - [25/Apr/2019:11:30:44 -0300] "POST /cormun/servlet/trpermisosgoce?6d4f7225d5da4c544a5ae5e99490b8ce,,gx-no-cache=1556206632093 HTTP/1.1" 200 11171
200.112.233.47 - - [25/Apr/2019:11:31:51 -0300] "GET /cormun/servlet/trvisualizadoreventos? HTTP/1.1" 200 7102
200.112.233.47 - - [25/Apr/2019:11:31:52 -0300] "GET /cormun/static/gxcfg.js?20175251251426 HTTP/1.1" 200 953
200.112.233.47 - - [25/Apr/2019:11:31:52 -0300] "GET /cormun/static/Resources/PXToolsActionPrint.png HTTP/1.1" 200 3317
200.112.233.47 - - [25/Apr/2019:11:31:52 -0300] "GET /cormun/static/trvisualizadoreventos.js?20175251251768 HTTP/1.1" 200 19318
200.112.233.47 - - [25/Apr/2019:11:31:52 -0300] "GET /cormun/servlet/trvisualizadoreventos? HTTP/1.1" 200 7101
200.112.233.47 - - [25/Apr/2019:11:32:01 -0300] "GET /cormun/servlet/trautorizarsolicitud? HTTP/1.1" 200 7453
200.112.233.47 - - [25/Apr/2019:11:32:01 -0300] "GET /cormun/servlet/trautorizarsolicitud? HTTP/1.1" 200 7453
192.168.10.89 - - [25/Apr/2019:11:32:08 -0300] "POST /cormun/servlet/trsolicitudgral?724f62b1d2d511e9d6a91a79746fb540,,gx-no-cache=1556209522498 HTTP/1.1" 200 5281
200.112.233.47 - - [25/Apr/2019:11:32:12 -0300] "GET /cormun/servlet/trautorizarsolicitud? HTTP/1.1" 200 7453
200.112.233.47 - - [25/Apr/2019:11:32:13 -0300] "GET /cormun/servlet/trautorizarsolicitud? HTTP/1.1" 200 7453
192.168.10.89 - - [25/Apr/2019:11:32:28 -0300] "POST /cormun/servlet/trsolicitudgral?724f62b1d2d511e9d6a91a79746fb540,,gx-no-cache=1556209542624 HTTP/1.1" 200 8085
192.168.10.89 - - [25/Apr/2019:11:32:47 -0300] "POST /cormun/servlet/trsolicitudgral?724f62b1d2d511e9d6a91a79746fb540,,gx-no-cache=1556209561657 HTTP/1.1" 200 5287
192.168.10.89 - - [25/Apr/2019:11:33:04 -0300] "POST /cormun/servlet/trsolicitudgral?724f62b1d2d511e9d6a91a79746fb540,,gx-no-cache=1556209578031 HTTP/1.1" 200 6634
200.112.233.47 - - [25/Apr/2019:11:33:12 -0300] "POST /cormun/servlet/trautorizarsolicitud?7d70af6e85484039fd6fb4428a98afb2,,gx-no-cache=1556202565792 HTTP/1.1" 200 4477
200.112.233.47 - - [25/Apr/2019:11:33:14 -0300] "POST /cormun/servlet/trautorizarsolicitud?7d70af6e85484039fd6fb4428a98afb2,,gx-no-cache=1556202566722 HTTP/1.1" 200 4480
192.168.10.89 - - [25/Apr/2019:11:33:15 -0300] "POST /cormun/servlet/trsolicitudgral?724f62b1d2d511e9d6a91a79746fb540,,gx-no-cache=1556209588836 HTTP/1.1" 200 6669
200.112.233.47 - - [25/Apr/2019:11:33:21 -0300] "GET /cormun/servlet/trvisualizadoreventos? HTTP/1.1" 200 7103
200.112.233.47 - - [25/Apr/2019:11:33:21 -0300] "GET /cormun/servlet/trvisualizadoreventos? HTTP/1.1" 200 7103
192.168.10.89 - - [25/Apr/2019:11:33:28 -0300] "POST /cormun/servlet/trsolicitudgral?724f62b1d2d511e9d6a91a79746fb540,,gx-no-cache=1556209602775 HTTP/1.1" 200 9911
192.168.10.89 - - [25/Apr/2019:11:33:39 -0300] "POST /cormun/servlet/trsolicitudgral?724f62b1d2d511e9d6a91a79746fb540,,gx-no-cache=1556209613497 HTTP/1.1" 200 6666
192.168.10.89 - - [25/Apr/2019:11:33:56 -0300] "POST /cormun/servlet/trsolicitudgral?724f62b1d2d511e9d6a91a79746fb540,,gx-no-cache=1556209630050 HTTP/1.1" 200 7007
192.168.10.89 - - [25/Apr/2019:11:34:33 -0300] "POST /cormun/servlet/trsolicitudgral?724f62b1d2d511e9d6a91a79746fb540,,gx-no-cache=1556209666987 HTTP/1.1" 200 7039
192.168.10.89 - - [25/Apr/2019:11:34:42 -0300] "POST /cormun/servlet/trsolicitudgral?724f62b1d2d511e9d6a91a79746fb540,,gx-no-cache=1556209676319 HTTP/1.1" 200 16341
192.168.10.89 - - [25/Apr/2019:11:34:51 -0300] "POST /cormun/servlet/trsolicitudgral?724f62b1d2d511e9d6a91a79746fb540,,gx-no-cache=1556209685600 HTTP/1.1" 200 9453
200.112.233.47 - - [25/Apr/2019:11:34:53 -0300] "GET /cormun/servlet/trcontratosolicitud? HTTP/1.1" 200 7991
200.112.233.47 - - [25/Apr/2019:11:34:54 -0300] "GET /cormun/servlet/trcontratosolicitud? HTTP/1.1" 200 7991
192.168.10.89 - - [25/Apr/2019:11:34:57 -0300] "POST /cormun/servlet/trsolicitudgral?724f62b1d2d511e9d6a91a79746fb540,,gx-no-cache=1556209691039 HTTP/1.1" 200 6634
200.112.233.47 - - [25/Apr/2019:11:35:02 -0300] "POST /cormun/servlet/trcontratosolicitud?7d70af6e85484039fd6fb4428a98afb2,,gx-no-cache=1556202675390 HTTP/1.1" 200 5032
192.168.10.89 - - [25/Apr/2019:11:35:03 -0300] "GET /cormun/servlet/solicitudgral?UPD,2019,15371, HTTP/1.1" 200 12582
192.168.10.89 - - [25/Apr/2019:11:35:04 -0300] "POST /cormun/servlet/solicitudgral?gx-no-cache=1556209698281 HTTP/1.1" 200 4069
192.168.10.89 - - [25/Apr/2019:11:35:04 -0300] "GET /cormun/servlet/solicitudgral?352aed39a35ea214a12b2ec7a0d4b8a72d4fdcd3980a1514ac14bbf21df96ec671f3d0c0facaa36c60828aaa8974648ecf04e98adcaf2ca62ff82121288615658992c67658b3581cddc87df9fed0cea23c47ad42dda55b54cd926ac1c11dca2999b9cfb13484e1fed78d9dfbc642c8af1c0acef16f81e02437779cfd6359692beda1499009f66453ad39b6534ae4f0445aacbb3ca6fb67595eec6ba8505ba447bd9342a4d7b3d62a0b517a67da9e490c71028a003b8a2c79b5c9363c071b0c004b8df04c7031376b3ee90e4829ecaa6ca54a09c13e6a1f7f60943057299a739c067720d73e3e229dc44b9a1e0ef62b0b1e4971e91365bc21288652169514e8a4c933c07eeda427683ae03da21e63e649c9e6f388e31f09df38ed1a95c761d3623b97fbfb78fc5ff9fd223283ef0ee72dc37d146f230be0af9a56fe439310da475d32b5ccae99c7a1813801320f807101,gx-no-cache=1556209698469 HTTP/1.1" 200 255
192.168.10.89 - - [25/Apr/2019:11:35:05 -0300] "POST /cormun/servlet/solicitudgral?724f62b1d2d511e9d6a91a79746fb540,UPD,2019,15371,,gx-no-cache=1556209699318 HTTP/1.1" 200 93
192.168.10.89 - - [25/Apr/2019:11:35:05 -0300] "GET /cormun/servlet/hpexe_return? HTTP/1.1" 200 1015
192.168.10.89 - - [25/Apr/2019:11:35:05 -0300] "GET /cormun/servlet/trsolicitudgral? HTTP/1.1" 200 9736
192.168.10.89 - - [25/Apr/2019:11:35:08 -0300] "POST /cormun/servlet/trsolicitudgral?724f62b1d2d511e9d6a91a79746fb540,,gx-no-cache=1556209702097 HTTP/1.1" 200 6669
192.168.10.89 - - [25/Apr/2019:11:35:08 -0300] "GET /cormun/static/Shared/jqueryui/images/ui-icons_82798d_256x240.png HTTP/1.1" 404 1089
192.168.10.89 - - [25/Apr/2019:11:35:08 -0300] "GET /cormun/static/Shared/jqueryui/images/ui-bg_highlight-soft_100_c6c2c8_1x100.png HTTP/1.1" 404 1117
192.168.10.89 - - [25/Apr/2019:11:35:08 -0300] "GET /cormun/static/Shared/jqueryui/images/ui-icons_8d78a5_256x240.png HTTP/1.1" 404 1089
192.168.10.89 - - [25/Apr/2019:11:35:08 -0300] "GET /cormun/static/Shared/jqueryui/images/ui-bg_flat_55_fafafa_40x100.png HTTP/1.1" 404 1097
192.168.10.89 - - [25/Apr/2019:11:35:18 -0300] "POST /cormun/servlet/trsolicitudgral?724f62b1d2d511e9d6a91a79746fb540,,gx-no-cache=1556209712195 HTTP/1.1" 200 6649
192.168.10.89 - - [25/Apr/2019:11:35:21 -0300] "POST /cormun/servlet/trsolicitudgral?724f62b1d2d511e9d6a91a79746fb540,,gx-no-cache=1556209715118 HTTP/1.1" 200 6685
192.168.10.89 - - [25/Apr/2019:11:35:30 -0300] "POST /cormun/servlet/trsolicitudgral?724f62b1d2d511e9d6a91a79746fb540,,gx-no-cache=1556209724803 HTTP/1.1" 200 6615
190.171.149.90 - - [25/Apr/2019:11:35:33 -0300] "POST /cormun/servlet/trsolicitudot?6072357ee45d1a4982dbaed1cc05ee8d,gx-no-cache=1556202706584 HTTP/1.1" 440 972
192.168.10.89 - - [25/Apr/2019:11:35:36 -0300] "POST /cormun/servlet/trsolicitudgral?724f62b1d2d511e9d6a91a79746fb540,,gx-no-cache=1556209730302 HTTP/1.1" 200 6647
190.171.149.90 - - [25/Apr/2019:11:35:36 -0300] "GET /cormun/servlet/trsolicitudot HTTP/1.1" 200 6413
190.171.149.90 - - [25/Apr/2019:11:35:37 -0300] "GET /cormun/servlet/hlogin HTTP/1.1" 200 1737
190.171.149.90 - - [25/Apr/2019:11:35:37 -0300] "GET /cormun/servlet/trsolicitudot HTTP/1.1" 200 6336
190.171.149.90 - - [25/Apr/2019:11:35:37 -0300] "GET /cormun/servlet/trsolicitudot HTTP/1.1" 200 6413
190.171.149.90 - - [25/Apr/2019:11:35:37 -0300] "GET /cormun/static/gxcfg.js?20177612122725 HTTP/1.1" 200 953
192.168.10.89 - - [25/Apr/2019:11:35:44 -0300] "POST /cormun/servlet/trsolicitudgral?724f62b1d2d511e9d6a91a79746fb540,,gx-no-cache=1556209738666 HTTP/1.1" 200 7035
190.171.149.90 - - [25/Apr/2019:11:35:48 -0300] "POST /cormun/servlet/hlogin?6467a4a6264cc9844b0fcac39933a84e,gx-no-cache=1556202721822 HTTP/1.1" 200 90
190.171.149.90 - - [25/Apr/2019:11:35:48 -0300] "GET /cormun/servlet/hpexe_link HTTP/1.1" 200 954
190.171.149.90 - - [25/Apr/2019:11:35:48 -0300] "GET /cormun/static/gxcfg.js?20177612121792 HTTP/1.1" 200 953
190.171.149.90 - - [25/Apr/2019:11:35:48 -0300] "GET /cormun/servlet/trsolicitudot HTTP/1.1" 200 8768
190.171.149.90 - - [25/Apr/2019:11:35:49 -0300] "GET /cormun/servlet/trsolicitudot HTTP/1.1" 200 8767
192.168.10.89 - - [25/Apr/2019:11:35:53 -0300] "POST /cormun/servlet/trsolicitudgral?724f62b1d2d511e9d6a91a79746fb540,,gx-no-cache=1556209747455 HTTP/1.1" 200 7037
190.171.149.90 - - [25/Apr/2019:11:36:03 -0300] "POST /cormun/servlet/trsolicitudot?6467a4a6264cc9844b0fcac39933a84e,gx-no-cache=1556202736434 HTTP/1.1" 200 5737
190.171.149.90 - - [25/Apr/2019:11:36:06 -0300] "POST /cormun/servlet/trsolicitudot?6467a4a6264cc9844b0fcac39933a84e,gx-no-cache=1556202738958 HTTP/1.1" 200 5736
190.171.149.90 - - [25/Apr/2019:11:36:10 -0300] "POST /cormun/servlet/trsolicitudot?6467a4a6264cc9844b0fcac39933a84e,gx-no-cache=1556202743478 HTTP/1.1" 200 4282
190.171.149.90 - - [25/Apr/2019:11:36:11 -0300] "POST /cormun/servlet/trsolicitudot?6467a4a6264cc9844b0fcac39933a84e,gx-no-cache=1556202744550 HTTP/1.1" 200 4281
190.171.149.90 - - [25/Apr/2019:11:36:16 -0300] "POST /cormun/servlet/trsolicitudot?6467a4a6264cc9844b0fcac39933a84e,gx-no-cache=1556202749194 HTTP/1.1" 200 4282
200.54.246.54 - - [25/Apr/2019:11:36:17 -0300] "GET /cormun/servlet/trlicencias HTTP/1.1" 200 8419
200.54.246.54 - - [25/Apr/2019:11:36:18 -0300] "GET /cormun/servlet/hlogin HTTP/1.1" 200 1739
200.54.246.54 - - [25/Apr/2019:11:36:18 -0300] "GET /cormun/servlet/trlicencias HTTP/1.1" 200 8429
190.171.149.90 - - [25/Apr/2019:11:36:21 -0300] "POST /cormun/servlet/trsolicitudot?6467a4a6264cc9844b0fcac39933a84e,gx-no-cache=1556202754834 HTTP/1.1" 200 4283
190.171.149.90 - - [25/Apr/2019:11:36:22 -0300] "POST /cormun/servlet/trsolicitudot?6467a4a6264cc9844b0fcac39933a84e,gx-no-cache=1556202755606 HTTP/1.1" 200 4282
192.168.10.89 - - [25/Apr/2019:11:36:26 -0300] "GET /cormun/servlet/trautorizarot? HTTP/1.1" 200 20439
190.171.149.90 - - [25/Apr/2019:11:36:29 -0300] "POST /cormun/servlet/trsolicitudot?6467a4a6264cc9844b0fcac39933a84e,gx-no-cache=1556202762249 HTTP/1.1" 200 11579
200.54.246.54 - - [25/Apr/2019:11:36:33 -0300] "POST /cormun/servlet/hlogin?faf6fc12d2d628a1859bcd74122be1f0,gx-no-cache=1556199166304 HTTP/1.1" 200 90
200.54.246.54 - - [25/Apr/2019:11:36:33 -0300] "GET /cormun/servlet/hpexe_link HTTP/1.1" 200 956
200.54.246.54 - - [25/Apr/2019:11:36:33 -0300] "GET /cormun/servlet/trlicencias HTTP/1.1" 200 14325
200.54.246.54 - - [25/Apr/2019:11:36:33 -0300] "GET /cormun/servlet/trlicencias HTTP/1.1" 200 14323
192.168.10.89 - - [25/Apr/2019:11:36:34 -0300] "POST /cormun/servlet/trautorizarot?724f62b1d2d511e9d6a91a79746fb540,,gx-no-cache=1556209788305 HTTP/1.1" 200 5331
192.168.10.89 - - [25/Apr/2019:11:36:41 -0300] "POST /cormun/servlet/trautorizarot?724f62b1d2d511e9d6a91a79746fb540,,gx-no-cache=1556209795555 HTTP/1.1" 200 6518
192.168.10.89 - - [25/Apr/2019:11:36:48 -0300] "POST /cormun/servlet/trautorizarot?724f62b1d2d511e9d6a91a79746fb540,,gx-no-cache=1556209802217 HTTP/1.1" 200 5334
192.168.10.89 - - [25/Apr/2019:11:36:52 -0300] "POST /cormun/servlet/trautorizarot?724f62b1d2d511e9d6a91a79746fb540,,gx-no-cache=1556209806643 HTTP/1.1" 200 6526
192.168.10.89 - - [25/Apr/2019:11:36:56 -0300] "POST /cormun/servlet/trautorizarot?724f62b1d2d511e9d6a91a79746fb540,,gx-no-cache=1556209810774 HTTP/1.1" 200 5345
192.168.10.89 - - [25/Apr/2019:11:37:19 -0300] "GET /cormun/servlet/trsolicitudgral? HTTP/1.1" 200 10124
192.168.10.89 - - [25/Apr/2019:11:37:30 -0300] "POST /cormun/servlet/trsolicitudgral?724f62b1d2d511e9d6a91a79746fb540,,gx-no-cache=1556209844287 HTTP/1.1" 200 6663
186.67.172.234 - - [25/Apr/2019:11:37:51 -0300] "GET /cormun/servlet/hlogin HTTP/1.1" 200 1739
192.168.10.89 - - [25/Apr/2019:11:38:30 -0300] "POST /cormun/servlet/trsolicitudgral?724f62b1d2d511e9d6a91a79746fb540,,gx-no-cache=1556209904661 HTTP/1.1" 200 7226
190.171.141.122 - - [25/Apr/2019:11:38:31 -0300] "GET /cormun/servlet/trsolicitudot? HTTP/1.1" 200 6419
190.171.141.122 - - [25/Apr/2019:11:38:32 -0300] "GET /cormun/servlet/hlogin HTTP/1.1" 200 1735
190.171.141.122 - - [25/Apr/2019:11:38:32 -0300] "GET /cormun/servlet/trsolicitudot? HTTP/1.1" 200 6413
192.168.10.89 - - [25/Apr/2019:11:38:33 -0300] "GET /cormun/servlet/trautorizarot? HTTP/1.1" 200 8219
192.168.10.89 - - [25/Apr/2019:11:38:37 -0300] "POST /cormun/servlet/trautorizarot?724f62b1d2d511e9d6a91a79746fb540,,gx-no-cache=1556209910944 HTTP/1.1" 200 5180
192.168.10.89 - - [25/Apr/2019:11:38:38 -0300] "POST /cormun/servlet/trautorizarot?724f62b1d2d511e9d6a91a79746fb540,,gx-no-cache=1556209912052 HTTP/1.1" 200 5180
192.168.10.89 - - [25/Apr/2019:11:38:39 -0300] "POST /cormun/servlet/trautorizarot?724f62b1d2d511e9d6a91a79746fb540,,gx-no-cache=1556209913028 HTTP/1.1" 200 5180
192.168.10.89 - - [25/Apr/2019:11:38:41 -0300] "GET /cormun/servlet/trsolicitudgral? HTTP/1.1" 200 10311
190.171.141.122 - - [25/Apr/2019:11:38:43 -0300] "POST /cormun/servlet/hlogin?92fe04ce4620f389e3277270887981c8,gx-no-cache=1556202898670 HTTP/1.1" 200 90
190.171.141.122 - - [25/Apr/2019:11:38:44 -0300] "GET /cormun/servlet/hpexe_link HTTP/1.1" 200 954
190.171.141.122 - - [25/Apr/2019:11:38:44 -0300] "GET /cormun/servlet/trsolicitudot HTTP/1.1" 200 7367
190.171.141.122 - - [25/Apr/2019:11:38:44 -0300] "GET /cormun/servlet/trsolicitudot HTTP/1.1" 200 7366
190.171.141.122 - - [25/Apr/2019:11:38:48 -0300] "GET /cormun/static/menuarrow.gif HTTP/1.1" 404 1015
190.171.141.122 - - [25/Apr/2019:11:38:51 -0300] "POST /cormun/servlet/trsolicitudot?92fe04ce4620f389e3277270887981c8,gx-no-cache=1556202906625 HTTP/1.1" 200 6027
192.168.10.89 - - [25/Apr/2019:11:38:52 -0300] "POST /cormun/servlet/trsolicitudgral?724f62b1d2d511e9d6a91a79746fb540,,gx-no-cache=1556209920688 HTTP/1.1" 200 25372
192.168.10.89 - - [25/Apr/2019:11:38:58 -0300] "POST /cormun/servlet/trsolicitudgral?724f62b1d2d511e9d6a91a79746fb540,,gx-no-cache=1556209932212 HTTP/1.1" 200 14918
190.171.141.122 - - [25/Apr/2019:11:39:02 -0300] "POST /cormun/servlet/trsolicitudot?92fe04ce4620f389e3277270887981c8,gx-no-cache=1556202916056 HTTP/1.1" 200 16884
192.168.10.89 - - [25/Apr/2019:11:39:05 -0300] "POST /cormun/servlet/trsolicitudgral?724f62b1d2d511e9d6a91a79746fb540,,gx-no-cache=1556209939492 HTTP/1.1" 200 105
192.168.10.89 - - [25/Apr/2019:11:39:05 -0300] "GET /cormun/SolicitudGral-2787.xls HTTP/1.1" 200 15360
192.168.10.89 - - [25/Apr/2019:11:39:11 -0300] "OPTIONS /cormun/ HTTP/1.1" 200 -
192.168.10.89 - - [25/Apr/2019:11:39:11 -0300] "OPTIONS /cormun/ HTTP/1.1" 200 -
192.168.10.89 - - [25/Apr/2019:11:39:15 -0300] "HEAD /cormun/SolicitudGral-2787.xls HTTP/1.1" 200 -
192.168.10.89 - - [25/Apr/2019:11:39:15 -0300] "HEAD /cormun/SolicitudGral-2787.xls HTTP/1.1" 200 -
192.168.10.89 - - [25/Apr/2019:11:39:31 -0300] "GET /cormun/SolicitudGral-2787.xls HTTP/1.1" 200 15360
192.168.10.89 - - [25/Apr/2019:11:39:31 -0300] "HEAD /cormun/SolicitudGral-2787.xls HTTP/1.1" 200 -
190.171.141.138 - - [25/Apr/2019:11:40:23 -0300] "GET /cormun/servlet/hlogin HTTP/1.1" 200 1725
190.171.141.138 - - [25/Apr/2019:11:40:25 -0300] "POST /cormun/servlet/hlogin?66e5eca26309cf50878291c34d010cb5,gx-no-cache=1556203003170 HTTP/1.1" 200 90
190.171.141.138 - - [25/Apr/2019:11:40:25 -0300] "GET /cormun/servlet/hpexe_link HTTP/1.1" 200 956
190.171.141.138 - - [25/Apr/2019:11:40:26 -0300] "GET /cormun/servlet/hhome HTTP/1.1" 200 4472
190.171.141.138 - - [25/Apr/2019:11:40:27 -0300] "GET /cormun/servlet/hhome HTTP/1.1" 200 4468
190.171.141.138 - - [25/Apr/2019:11:40:30 -0300] "GET /cormun/servlet/trlicencias? HTTP/1.1" 200 12234
190.171.141.138 - - [25/Apr/2019:11:40:31 -0300] "GET /cormun/servlet/trlicencias? HTTP/1.1" 200 12261
190.171.141.138 - - [25/Apr/2019:11:40:43 -0300] "GET /cormun/servlet/trautorizarpermisogoce? HTTP/1.1" 200 7313
190.171.141.138 - - [25/Apr/2019:11:40:44 -0300] "GET /cormun/servlet/trautorizarpermisogoce? HTTP/1.1" 200 7313
190.171.141.138 - - [25/Apr/2019:11:40:49 -0300] "GET /cormun/servlet/trpermisosgoce? HTTP/1.1" 200 11914
190.171.141.138 - - [25/Apr/2019:11:40:49 -0300] "GET /cormun/servlet/trpermisosgoce? HTTP/1.1" 200 11913
190.171.141.138 - - [25/Apr/2019:11:40:54 -0300] "GET /cormun/servlet/trpermisosadjuntos?16318761,20190425114958,P, HTTP/1.1" 200 6808
190.171.141.138 - - [25/Apr/2019:11:40:54 -0300] "GET /cormun/servlet/trpermisosadjuntos?16318761,20190425114958,P, HTTP/1.1" 200 6806
190.171.141.138 - - [25/Apr/2019:11:40:56 -0300] "GET /cormun/servlet/permisosadjuntos?INS,16318761,P,20190425114958,, HTTP/1.1" 200 6113
190.171.141.138 - - [25/Apr/2019:11:40:56 -0300] "GET /cormun/static/about:blank HTTP/1.1" 404 1011
190.171.141.138 - - [25/Apr/2019:11:40:56 -0300] "GET /cormun/servlet/permisosadjuntos?INS,16318761,P,20190425114958,, HTTP/1.1" 200 6102
186.67.172.234 - - [25/Apr/2019:11:41:06 -0300] "GET /cormun/servlet/trlicencias HTTP/1.1" 200 8419
192.168.10.96 - - [25/Apr/2019:11:41:07 -0300] "POST /cormun/servlet/trsolicitudgral?39b39e107174893e149db7624f5e6e2e,gx-no-cache=1556210061754 HTTP/1.1" 440 972
186.67.172.234 - - [25/Apr/2019:11:41:08 -0300] "GET /cormun/servlet/hlogin HTTP/1.1" 200 1739
186.67.172.234 - - [25/Apr/2019:11:41:08 -0300] "GET /cormun/servlet/trlicencias HTTP/1.1" 200 8429
192.168.10.96 - - [25/Apr/2019:11:41:09 -0300] "GET /cormun/servlet/trsolicitudgral HTTP/1.1" 500 10
190.171.141.138 - - [25/Apr/2019:11:41:09 -0300] "POST /cormun/servlet/permisosadjuntos?66e5eca26309cf50878291c34d010cb5,INS,16318761,P,20190425114958,, HTTP/1.1" 200 116
190.171.141.138 - - [25/Apr/2019:11:41:09 -0300] "GET /cormun/servlet/hpexe_return? HTTP/1.1" 200 1043
190.171.141.138 - - [25/Apr/2019:11:41:09 -0300] "GET /cormun/servlet/trpermisosadjuntos?16318761,20190425114958,P, HTTP/1.1" 200 7329
190.171.141.138 - - [25/Apr/2019:11:41:10 -0300] "GET /cormun/servlet/trpermisosadjuntos?16318761,20190425114958,P, HTTP/1.1" 200 7325
190.171.141.138 - - [25/Apr/2019:11:41:12 -0300] "POST /cormun/servlet/trpermisosadjuntos?66e5eca26309cf50878291c34d010cb5,16318761,20190425114958,P,,gx-no-cache=1556203049527 HTTP/1.1" 200 90
190.171.141.138 - - [25/Apr/2019:11:41:12 -0300] "GET /cormun/servlet/hpexe_link HTTP/1.1" 200 987
192.168.10.96 - - [25/Apr/2019:11:41:12 -0300] "GET /cormun/servlet/hlogin HTTP/1.1" 200 1715
190.171.141.138 - - [25/Apr/2019:11:41:12 -0300] "GET /cormun/servlet/trpermisosgoce HTTP/1.1" 200 11914
190.171.141.138 - - [25/Apr/2019:11:41:13 -0300] "GET /cormun/servlet/trpermisosgoce HTTP/1.1" 200 11913
190.171.141.138 - - [25/Apr/2019:11:41:16 -0300] "POST /cormun/servlet/trpermisosgoce?66e5eca26309cf50878291c34d010cb5,gx-no-cache=1556203053555 HTTP/1.1" 200 8903
190.171.141.138 - - [25/Apr/2019:11:41:16 -0300] "GET /cormun/static/Shared/jqueryui/images/ui-bg_highlight-soft_100_c6c2c8_1x100.png HTTP/1.1" 404 1117
190.171.141.138 - - [25/Apr/2019:11:41:16 -0300] "GET /cormun/static/Shared/jqueryui/images/ui-icons_82798d_256x240.png HTTP/1.1" 404 1089
190.171.141.138 - - [25/Apr/2019:11:41:16 -0300] "GET /cormun/static/Shared/jqueryui/images/ui-icons_8d78a5_256x240.png HTTP/1.1" 404 1089
190.171.141.138 - - [25/Apr/2019:11:41:16 -0300] "GET /cormun/static/Shared/jqueryui/images/ui-bg_flat_55_fafafa_40x100.png HTTP/1.1" 404 1097
192.168.10.96 - - [25/Apr/2019:11:41:18 -0300] "POST /cormun/servlet/hlogin?eed0a8fe48b4ae201aa089e872fe4df8,gx-no-cache=1556210072024 HTTP/1.1" 200 90
192.168.10.96 - - [25/Apr/2019:11:41:18 -0300] "GET /cormun/servlet/hpexe_link HTTP/1.1" 200 945
192.168.10.96 - - [25/Apr/2019:11:41:18 -0300] "GET /cormun/servlet/hhome HTTP/1.1" 200 4768
192.168.10.96 - - [25/Apr/2019:11:41:18 -0300] "GET /cormun/servlet/hhome HTTP/1.1" 200 4765
186.67.172.234 - - [25/Apr/2019:11:41:21 -0300] "POST /cormun/servlet/hlogin?faf6fc12d2d628a1859bcd74122be1f0,gx-no-cache=1556199454215 HTTP/1.1" 200 90
186.67.172.234 - - [25/Apr/2019:11:41:21 -0300] "GET /cormun/servlet/hpexe_link HTTP/1.1" 200 956
186.67.172.234 - - [25/Apr/2019:11:41:21 -0300] "GET /cormun/servlet/trlicencias HTTP/1.1" 200 14333
192.168.10.96 - - [25/Apr/2019:11:41:21 -0300] "GET /cormun/servlet/trsolicitudgral? HTTP/1.1" 200 18465
186.67.172.234 - - [25/Apr/2019:11:41:21 -0300] "GET /cormun/servlet/trlicencias HTTP/1.1" 200 14323
200.112.233.47 - - [25/Apr/2019:11:41:22 -0300] "POST /cormun/servlet/trcontratosolicitud?7d70af6e85484039fd6fb4428a98afb2,,gx-no-cache=1556203055212 HTTP/1.1" 200 5031
192.168.10.96 - - [25/Apr/2019:11:41:22 -0300] "GET /cormun/servlet/trsolicitudgral? HTTP/1.1" 200 18463
186.67.172.234 - - [25/Apr/2019:11:41:25 -0300] "POST /cormun/servlet/trlicencias?faf6fc12d2d628a1859bcd74122be1f0,gx-no-cache=1556199458947 HTTP/1.1" 200 11829
192.168.10.96 - - [25/Apr/2019:11:41:32 -0300] "POST /cormun/servlet/trsolicitudgral?eed0a8fe48b4ae201aa089e872fe4df8,,gx-no-cache=1556210086851 HTTP/1.1" 200 7737
192.168.10.96 - - [25/Apr/2019:11:41:44 -0300] "GET /cormun/servlet/solicitudgral2?UPD,2019,14980, HTTP/1.1" 200 13500
192.168.10.96 - - [25/Apr/2019:11:41:45 -0300] "GET /cormun/servlet/solicitudgral2?UPD,2019,14980, HTTP/1.1" 200 13511
192.168.10.96 - - [25/Apr/2019:11:41:45 -0300] "POST /cormun/servlet/solicitudgral2?gx-no-cache=1556210099471 HTTP/1.1" 200 4084
192.168.10.96 - - [25/Apr/2019:11:41:45 -0300] "GET /cormun/servlet/solicitudgral2?d858ef32fc5d22c3617d09a202e96d36de5dbef6e14595ca7c51a8b2068ec73bf9825f59fbe08b7d9c9c9f13c3120fdb8bc16138201323b7881407955daab32fd30f2d6d450313bcc746363061ff17f3f65fb2e81c06cab1d1dae25c00bb31c86676c9a42dfb6b4e5bbda46cb6dd0caa538fb40e1ba16a8279b82db880b2286c612dd70b9b0708371eabb8f2d51f1e3b9dacc83c81e7f5af71cf915afd520cc712f56017dc203f73a33bc753936ef4120d44880bf3bcac97fa503d64fb6e01add21f19487c45191f9542243a0037cdffae832293ad6ef4852afbb0a72b7b71c799c7f6db17cdbe2a816d45a891db916416bce0bb7a891f49cb0575ab64ff05c46187ad3754aad443502eb1b5d06e21e4f90ffcbaf6e72a0c7c338cf975fda17a8a977e062ca81291453f7dc4cfceb7c0e7e3e3f2c124fb9ce147af449a871aa093352862e56eaef40ae054bed203fcca,gx-no-cache=1556210099622 HTTP/1.1" 200 297
192.168.10.96 - - [25/Apr/2019:11:41:45 -0300] "GET /cormun/servlet/solicitudgral2?d858ef32fc5d22c3617d09a202e96d367acd25d9023d5e5a161274f6178eb14558bd6f07ce425f7595a767c16f85ed625964a7b99b0a931884b12a075cf4f1451e07d7ba30bac089611aac7a0c08ba833d171d16c0cf3af6e2e556fec768538a,gx-no-cache=1556210099642 HTTP/1.1" 200 33
192.168.10.96 - - [25/Apr/2019:11:41:45 -0300] "GET /cormun/servlet/solicitudgral2?d858ef32fc5d22c3617d09a202e96d363c5a602468d35796dc2d16f51965590e2d4da80cafb53e9da2fcb60dd6e03e1df64cf87398244ded9159c83310a0139c65e5e521abe3d3e21ecf01a2dde6c317c63cd30fbcfc4159eefff087c7b21f12c10492f139a60e21e9939928a2a96015,gx-no-cache=1556210099663 HTTP/1.1" 200 40
192.168.10.96 - - [25/Apr/2019:11:41:52 -0300] "GET /cormun/servlet/solicitudgral2?d858ef32fc5d22c3617d09a202e96d36d40780f38e57c486b0528e734476ad082ecce093a56bebe6b982533c97379f438bc16138201323b7881407955daab32f2b8b9e47df04e946ee9abeb87f61ec760a04d7e5d8b3b0915c0a3ea4f7e9e8a0,gx-no-cache=1556210106004 HTTP/1.1" 200 30
192.168.10.96 - - [25/Apr/2019:11:41:52 -0300] "POST /cormun/servlet/solicitudgral2?gx-no-cache=1556210106029 HTTP/1.1" 200 96
192.168.10.96 - - [25/Apr/2019:11:41:54 -0300] "POST /cormun/servlet/solicitudgral2?eed0a8fe48b4ae201aa089e872fe4df8,UPD,2019,14980,,gx-no-cache=1556210108210 HTTP/1.1" 200 12224
192.168.10.96 - - [25/Apr/2019:11:41:54 -0300] "GET /cormun/servlet/solicitudgral2?d858ef32fc5d22c3617d09a202e96d365c59398034ccf8f4dfdae1938f1f13c8f6a0d212f4a68b6000361b4661be6938524ca003c69ff9567c84dd0f0e6cb64312ee97eee6e728bac9cb36a952d10dd2e5f3c6df3e1d0521cef6acebeae8e51115c242ce98644f431c49338dea83cd16,gx-no-cache=1556210108434 HTTP/1.1" 200 29
192.168.10.96 - - [25/Apr/2019:11:41:54 -0300] "GET /cormun/servlet/solicitudgral2?d858ef32fc5d22c3617d09a202e96d361b28e0f3bd26daf0c670046e3c156addf64d2b7f210fbb7003ae207106f4981e20e217ed128b776cd63ddab2f9debff1b95e037dcab2e8a50b78b545df7b8b22b01b5d9474e7364ddd7384a8ecdd400bf99371a8df8cee297b9f5c06873533473739e421d4b262a10c3118ab02dc5d48,gx-no-cache=1556210108451 HTTP/1.1" 200 30
192.168.10.96 - - [25/Apr/2019:11:41:54 -0300] "POST /cormun/servlet/solicitudgral2?eed0a8fe48b4ae201aa089e872fe4df8,UPD,2019,14980,,gx-no-cache=1556210108467 HTTP/1.1" 200 93
192.168.10.96 - - [25/Apr/2019:11:41:54 -0300] "GET /cormun/servlet/hpexe_return? HTTP/1.1" 200 1011
192.168.10.96 - - [25/Apr/2019:11:41:54 -0300] "GET /cormun/servlet/trsolicitudgral? HTTP/1.1" 200 11040
192.168.10.96 - - [25/Apr/2019:11:41:55 -0300] "GET /cormun/servlet/trsolicitudgral? HTTP/1.1" 200 11036
190.171.141.122 - - [25/Apr/2019:11:42:05 -0300] "POST /cormun/servlet/trsolicitudot?92fe04ce4620f389e3277270887981c8,gx-no-cache=1556203099845 HTTP/1.1" 200 16887
190.171.141.138 - - [25/Apr/2019:11:42:14 -0300] "GET /cormun/servlet/trpermisosadjuntos?18931728,20190422145741,P, HTTP/1.1" 200 6803
190.171.141.138 - - [25/Apr/2019:11:42:14 -0300] "GET /cormun/servlet/trpermisosadjuntos?18931728,20190422145741,P, HTTP/1.1" 200 6803
190.171.141.138 - - [25/Apr/2019:11:42:16 -0300] "GET /cormun/servlet/permisosadjuntos?INS,18931728,P,20190422145741,, HTTP/1.1" 200 6109
190.171.141.138 - - [25/Apr/2019:11:42:16 -0300] "GET /cormun/static/about:blank HTTP/1.1" 404 1011
190.171.141.138 - - [25/Apr/2019:11:42:16 -0300] "GET /cormun/servlet/permisosadjuntos?INS,18931728,P,20190422145741,, HTTP/1.1" 200 6099
190.171.141.138 - - [25/Apr/2019:11:42:21 -0300] "POST /cormun/servlet/permisosadjuntos?66e5eca26309cf50878291c34d010cb5,INS,18931728,P,20190422145741,, HTTP/1.1" 200 116
190.171.141.138 - - [25/Apr/2019:11:42:21 -0300] "GET /cormun/servlet/hpexe_return? HTTP/1.1" 200 1043
190.171.141.138 - - [25/Apr/2019:11:42:21 -0300] "GET /cormun/servlet/trpermisosadjuntos?18931728,20190422145741,P, HTTP/1.1" 200 7320
190.171.141.138 - - [25/Apr/2019:11:42:22 -0300] "GET /cormun/servlet/trpermisosadjuntos?18931728,20190422145741,P, HTTP/1.1" 200 7316
190.171.141.138 - - [25/Apr/2019:11:42:25 -0300] "POST /cormun/servlet/trpermisosadjuntos?66e5eca26309cf50878291c34d010cb5,18931728,20190422145741,P,,gx-no-cache=1556203122227 HTTP/1.1" 200 90
190.171.141.138 - - [25/Apr/2019:11:42:25 -0300] "GET /cormun/servlet/hpexe_link HTTP/1.1" 200 1009
190.171.141.138 - - [25/Apr/2019:11:42:25 -0300] "GET /cormun/servlet/trpermisosgoce?gx-no-cache=1556203053555 HTTP/1.1" 200 11905
190.171.141.138 - - [25/Apr/2019:11:42:25 -0300] "GET /cormun/servlet/trpermisosgoce?gx-no-cache=1556203053555 HTTP/1.1" 200 11924
190.171.141.138 - - [25/Apr/2019:11:42:32 -0300] "GET /cormun/servlet/trpermisosadjuntos?12693082,20190417102255,P, HTTP/1.1" 200 6829
190.171.141.138 - - [25/Apr/2019:11:42:32 -0300] "GET /cormun/servlet/trpermisosadjuntos?12693082,20190417102255,P, HTTP/1.1" 200 6807
190.171.141.138 - - [25/Apr/2019:11:42:33 -0300] "GET /cormun/servlet/permisosadjuntos?INS,12693082,P,20190417102255,, HTTP/1.1" 200 6114
190.171.141.138 - - [25/Apr/2019:11:42:34 -0300] "GET /cormun/static/about:blank HTTP/1.1" 404 1011
190.171.141.138 - - [25/Apr/2019:11:42:34 -0300] "GET /cormun/servlet/permisosadjuntos?INS,12693082,P,20190417102255,, HTTP/1.1" 200 6103
190.171.141.138 - - [25/Apr/2019:11:42:40 -0300] "POST /cormun/servlet/permisosadjuntos?66e5eca26309cf50878291c34d010cb5,INS,12693082,P,20190417102255,, HTTP/1.1" 200 116
190.171.141.138 - - [25/Apr/2019:11:42:40 -0300] "GET /cormun/servlet/hpexe_return? HTTP/1.1" 200 1042
190.171.141.138 - - [25/Apr/2019:11:42:40 -0300] "GET /cormun/servlet/trpermisosadjuntos?12693082,20190417102255,P, HTTP/1.1" 200 7339
190.171.141.138 - - [25/Apr/2019:11:42:41 -0300] "GET /cormun/servlet/trpermisosadjuntos?12693082,20190417102255,P, HTTP/1.1" 200 7336
190.171.141.138 - - [25/Apr/2019:11:42:43 -0300] "GET /cormun/servlet/trautorizarpermisogoce? HTTP/1.1" 200 8211
190.171.141.138 - - [25/Apr/2019:11:42:44 -0300] "GET /cormun/servlet/trautorizarpermisogoce? HTTP/1.1" 200 8174
190.171.141.138 - - [25/Apr/2019:11:42:48 -0300] "GET /cormun/servlet/trpermisosgoce? HTTP/1.1" 200 11905
190.171.141.138 - - [25/Apr/2019:11:42:49 -0300] "GET /cormun/servlet/trpermisosgoce? HTTP/1.1" 200 11904
190.171.141.138 - - [25/Apr/2019:11:42:54 -0300] "POST /cormun/servlet/trpermisosgoce?66e5eca26309cf50878291c34d010cb5,,gx-no-cache=1556203151516 HTTP/1.1" 200 8898
190.171.141.138 - - [25/Apr/2019:11:42:55 -0300] "POST /cormun/servlet/trpermisosgoce?66e5eca26309cf50878291c34d010cb5,,gx-no-cache=1556203152988 HTTP/1.1" 200 8882
186.67.172.234 - - [25/Apr/2019:11:43:02 -0300] "GET /cormun/servlet/hlogin HTTP/1.1" 200 1722
186.67.172.234 - - [25/Apr/2019:11:43:05 -0300] "GET /cormun/servlet/hlogin HTTP/1.1" 200 1739
186.67.172.234 - - [25/Apr/2019:11:43:15 -0300] "POST /cormun/servlet/hlogin?c646fda52ec392977bca77bf7fb43161,gx-no-cache=1556199549767 HTTP/1.1" 200 90
186.67.172.234 - - [25/Apr/2019:11:43:15 -0300] "GET /cormun/servlet/hpexe_link HTTP/1.1" 200 952
186.67.172.234 - - [25/Apr/2019:11:43:16 -0300] "GET /cormun/servlet/hhome HTTP/1.1" 200 4345
186.67.172.234 - - [25/Apr/2019:11:43:16 -0300] "GET /cormun/servlet/hhome HTTP/1.1" 200 4341
186.67.172.234 - - [25/Apr/2019:11:43:23 -0300] "GET /cormun/servlet/trsolicitudot? HTTP/1.1" 200 7562
186.67.172.234 - - [25/Apr/2019:11:43:23 -0300] "GET /cormun/static/gxcfg.js?2017111422585916 HTTP/1.1" 200 953
186.67.172.234 - - [25/Apr/2019:11:43:23 -0300] "GET /cormun/static/trsolicitudot.js?201711142259839 HTTP/1.1" 200 54041
186.67.172.234 - - [25/Apr/2019:11:43:23 -0300] "GET /cormun/servlet/trsolicitudot? HTTP/1.1" 200 7560
186.67.172.234 - - [25/Apr/2019:11:43:26 -0300] "GET /cormun/servlet/solicitudot?INS,0,0, HTTP/1.1" 200 15326
186.67.172.234 - - [25/Apr/2019:11:43:26 -0300] "GET /cormun/static/gxcfg.js?20189101114418 HTTP/1.1" 200 953
186.67.172.234 - - [25/Apr/2019:11:43:26 -0300] "GET /cormun/static/solicitudot.js?20189101114718 HTTP/1.1" 200 71883
186.67.172.234 - - [25/Apr/2019:11:43:26 -0300] "GET /cormun/servlet/solicitudot?INS,0,0, HTTP/1.1" 200 15331
186.67.172.234 - - [25/Apr/2019:11:43:38 -0300] "POST /cormun/servlet/solicitudot?gx-no-cache=1556199572603 HTTP/1.1" 200 3459
186.67.172.234 - - [25/Apr/2019:11:43:39 -0300] "POST /cormun/servlet/solicitudot?c646fda52ec392977bca77bf7fb43161,INS,0,0,,gx-no-cache=1556199572749 HTTP/1.1" 200 11919
186.67.172.234 - - [25/Apr/2019:11:43:48 -0300] "POST /cormun/servlet/solicitudot?c646fda52ec392977bca77bf7fb43161,INS,0,0,,gx-no-cache=1556199582238 HTTP/1.1" 200 93
186.67.172.234 - - [25/Apr/2019:11:43:48 -0300] "GET /cormun/servlet/hpexe_return? HTTP/1.1" 200 1009
186.67.172.234 - - [25/Apr/2019:11:43:48 -0300] "GET /cormun/servlet/trsolicitudot HTTP/1.1" 200 7564
186.67.172.234 - - [25/Apr/2019:11:43:48 -0300] "GET /cormun/servlet/trsolicitudot HTTP/1.1" 200 7560
190.171.141.138 - - [25/Apr/2019:11:44:35 -0300] "GET /cormun/servlet/trautorizarpermisogoce? HTTP/1.1" 200 8706
190.171.141.138 - - [25/Apr/2019:11:44:35 -0300] "GET /cormun/servlet/trautorizarpermisogoce? HTTP/1.1" 200 8706
192.168.10.89 - - [25/Apr/2019:11:44:42 -0300] "POST /cormun/servlet/trsolicitudgral?724f62b1d2d511e9d6a91a79746fb540,,gx-no-cache=1556210276402 HTTP/1.1" 200 6631
190.171.141.138 - - [25/Apr/2019:11:44:43 -0300] "POST /cormun/servlet/trautorizarpermisogoce?66e5eca26309cf50878291c34d010cb5,,gx-no-cache=1556203260772 HTTP/1.1" 200 5503
190.171.141.138 - - [25/Apr/2019:11:44:44 -0300] "POST /cormun/servlet/trautorizarpermisogoce?66e5eca26309cf50878291c34d010cb5,,gx-no-cache=1556203261552 HTTP/1.1" 200 5220
190.171.141.138 - - [25/Apr/2019:11:44:45 -0300] "POST /cormun/servlet/trautorizarpermisogoce?66e5eca26309cf50878291c34d010cb5,,gx-no-cache=1556203262281 HTTP/1.1" 200 4460
192.168.10.89 - - [25/Apr/2019:11:44:51 -0300] "POST /cormun/servlet/trsolicitudgral?724f62b1d2d511e9d6a91a79746fb540,,gx-no-cache=1556210284958 HTTP/1.1" 200 5481
192.168.10.89 - - [25/Apr/2019:11:44:51 -0300] "GET /cormun/static/Shared/jqueryui/images/ui-icons_82798d_256x240.png HTTP/1.1" 404 1089
192.168.10.89 - - [25/Apr/2019:11:44:51 -0300] "GET /cormun/static/Shared/jqueryui/images/ui-bg_flat_55_fafafa_40x100.png HTTP/1.1" 404 1097
192.168.10.89 - - [25/Apr/2019:11:44:51 -0300] "GET /cormun/static/Shared/jqueryui/images/ui-bg_highlight-soft_100_c6c2c8_1x100.png HTTP/1.1" 404 1117
192.168.10.89 - - [25/Apr/2019:11:44:51 -0300] "GET /cormun/static/Shared/jqueryui/images/ui-icons_8d78a5_256x240.png HTTP/1.1" 404 1089
192.168.10.89 - - [25/Apr/2019:11:44:52 -0300] "GET /cormun/servlet/trautorizarot? HTTP/1.1" 200 9575
192.168.10.89 - - [25/Apr/2019:11:44:55 -0300] "POST /cormun/servlet/trautorizarot?724f62b1d2d511e9d6a91a79746fb540,,gx-no-cache=1556210289073 HTTP/1.1" 200 5351
190.171.141.138 - - [25/Apr/2019:11:44:57 -0300] "GET /cormun/servlet/trlicencias? HTTP/1.1" 200 12262
190.171.141.138 - - [25/Apr/2019:11:44:58 -0300] "GET /cormun/servlet/trlicencias? HTTP/1.1" 200 12238
200.111.191.210 - - [25/Apr/2019:11:45:24 -0300] "GET /cormun/servlet/trlicencias? HTTP/1.1" 200 8428
200.111.191.210 - - [25/Apr/2019:11:45:24 -0300] "GET /cormun/servlet/hlogin HTTP/1.1" 200 1740
200.111.191.210 - - [25/Apr/2019:11:45:25 -0300] "GET /cormun/servlet/trlicencias? HTTP/1.1" 200 8431
200.111.191.210 - - [25/Apr/2019:11:45:30 -0300] "POST /cormun/servlet/hlogin?0eddaa9596555bdd30538b5e93a6201e,gx-no-cache=1556203385916 HTTP/1.1" 200 90
200.111.191.210 - - [25/Apr/2019:11:45:30 -0300] "GET /cormun/servlet/hpexe_link HTTP/1.1" 200 957
200.111.191.210 - - [25/Apr/2019:11:45:30 -0300] "GET /cormun/servlet/trlicencias HTTP/1.1" 200 15777
200.111.191.210 - - [25/Apr/2019:11:45:31 -0300] "GET /cormun/servlet/trlicencias HTTP/1.1" 200 15767
192.168.10.89 - - [25/Apr/2019:11:46:16 -0300] "GET /cormun/servlet/trsolicitudgral? HTTP/1.1" 200 8366
192.168.10.89 - - [25/Apr/2019:11:46:20 -0300] "POST /cormun/servlet/trsolicitudgral?724f62b1d2d511e9d6a91a79746fb540,,gx-no-cache=1556210374800 HTTP/1.1" 200 5286
192.168.10.89 - - [25/Apr/2019:11:46:40 -0300] "POST /cormun/servlet/trsolicitudgral?724f62b1d2d511e9d6a91a79746fb540,,gx-no-cache=1556210394047 HTTP/1.1" 200 5279
192.168.10.89 - - [25/Apr/2019:11:46:53 -0300] "POST /cormun/servlet/trsolicitudgral?724f62b1d2d511e9d6a91a79746fb540,,gx-no-cache=1556210407592 HTTP/1.1" 200 5281
192.168.10.89 - - [25/Apr/2019:11:47:10 -0300] "POST /cormun/servlet/trsolicitudgral?724f62b1d2d511e9d6a91a79746fb540,,gx-no-cache=1556210424191 HTTP/1.1" 200 5281
192.168.10.89 - - [25/Apr/2019:11:48:53 -0300] "POST /cormun/servlet/trsolicitudgral?724f62b1d2d511e9d6a91a79746fb540,,gx-no-cache=1556210526733 HTTP/1.1" 200 23745
192.168.10.89 - - [25/Apr/2019:11:48:59 -0300] "POST /cormun/servlet/trsolicitudgral?724f62b1d2d511e9d6a91a79746fb540,,gx-no-cache=1556210533687 HTTP/1.1" 200 16068
186.103.156.24 - - [25/Apr/2019:11:50:22 -0300] "GET /cormun/servlet/hlogin HTTP/1.1" 200 1720
186.103.156.24 - - [25/Apr/2019:11:50:30 -0300] "POST /cormun/servlet/hlogin?75577304e91124db10b2a524a84640fd,gx-no-cache=1556203606341 HTTP/1.1" 200 90
186.103.156.24 - - [25/Apr/2019:11:50:30 -0300] "GET /cormun/servlet/hpexe_link HTTP/1.1" 200 949
186.103.156.24 - - [25/Apr/2019:11:50:31 -0300] "GET /cormun/servlet/hhome HTTP/1.1" 200 4333
186.103.156.24 - - [25/Apr/2019:11:50:31 -0300] "GET /cormun/servlet/hhome HTTP/1.1" 200 4328
186.103.156.24 - - [25/Apr/2019:11:50:34 -0300] "GET /cormun/servlet/trlicencias? HTTP/1.1" 200 13008
186.103.156.24 - - [25/Apr/2019:11:50:35 -0300] "GET /cormun/servlet/trlicencias? HTTP/1.1" 200 13010
186.67.172.234 - - [25/Apr/2019:11:52:44 -0300] "GET /cormun/servlet/hlogin HTTP/1.1" 200 1724
186.67.172.234 - - [25/Apr/2019:11:52:53 -0300] "POST /cormun/servlet/hlogin?db6eee005ae042b4e1b92ad1964c8109,gx-no-cache=1556200127318 HTTP/1.1" 200 90
186.67.172.234 - - [25/Apr/2019:11:52:53 -0300] "GET /cormun/servlet/hpexe_link HTTP/1.1" 200 951
186.67.172.234 - - [25/Apr/2019:11:52:53 -0300] "GET /cormun/servlet/hhome HTTP/1.1" 200 4343
186.67.172.234 - - [25/Apr/2019:11:52:54 -0300] "GET /cormun/servlet/hhome HTTP/1.1" 200 4339
186.67.172.234 - - [25/Apr/2019:11:52:58 -0300] "GET /cormun/servlet/trsolicitudot? HTTP/1.1" 200 7562
186.67.172.234 - - [25/Apr/2019:11:52:58 -0300] "GET /cormun/servlet/trsolicitudot? HTTP/1.1" 200 7560
186.67.172.234 - - [25/Apr/2019:11:53:01 -0300] "GET /cormun/servlet/solicitudot?INS,0,0, HTTP/1.1" 200 15327
186.67.172.234 - - [25/Apr/2019:11:53:02 -0300] "GET /cormun/servlet/solicitudot?INS,0,0, HTTP/1.1" 200 15332
186.67.172.234 - - [25/Apr/2019:11:53:14 -0300] "POST /cormun/servlet/solicitudot?gx-no-cache=1556200148257 HTTP/1.1" 200 3459
186.67.172.234 - - [25/Apr/2019:11:53:14 -0300] "POST /cormun/servlet/solicitudot?db6eee005ae042b4e1b92ad1964c8109,INS,0,0,,gx-no-cache=1556200148387 HTTP/1.1" 200 11920
186.67.172.234 - - [25/Apr/2019:11:53:17 -0300] "GET /cormun/servlet/solicitudot?386d94e6ecd54f7a955f6767de50bd28167f30c0cbbd4bc38fa6b6715385a8c682872ee5431cc7e4a654907ce356fa2a,gx-no-cache=1556200151708 HTTP/1.1" 200 30
186.67.172.234 - - [25/Apr/2019:11:54:39 -0300] "GET /cormun/servlet/trlicencias HTTP/1.1" 200 8419
186.67.172.234 - - [25/Apr/2019:11:54:40 -0300] "GET /cormun/servlet/hlogin HTTP/1.1" 200 1739
186.67.172.234 - - [25/Apr/2019:11:54:40 -0300] "GET /cormun/servlet/trlicencias HTTP/1.1" 200 8429
186.67.172.234 - - [25/Apr/2019:11:54:47 -0300] "POST /cormun/servlet/hlogin?faf6fc12d2d628a1859bcd74122be1f0,gx-no-cache=1556200260630 HTTP/1.1" 200 90
186.67.172.234 - - [25/Apr/2019:11:54:47 -0300] "GET /cormun/servlet/hpexe_link HTTP/1.1" 200 956
186.67.172.234 - - [25/Apr/2019:11:54:47 -0300] "GET /cormun/servlet/trlicencias HTTP/1.1" 200 14333
186.67.172.234 - - [25/Apr/2019:11:54:48 -0300] "GET /cormun/servlet/trlicencias HTTP/1.1" 200 14323
