190.171.152.114 - - [25/Apr/2019:10:43:31 -0300] "GET /cormun/servlet/solicitudotadjuntos?a316865763d0aba270947c3589d0ffdc7d3da604a9bfcb3ea5791e977323d39613320d83d6c33fb7bcf69837ee9c0f94,gx-no-cache=1556199588269 HTTP/1.1" 200 30
190.171.152.114 - - [25/Apr/2019:10:43:31 -0300] "POST /cormun/servlet/solicitudotadjuntos?7c18babd2490630f8b8186a9d17a43b3,INS,2019,15454,,1,,gx-no-cache=1556199588310 HTTP/1.1" 200 4101
190.171.143.82 - - [25/Apr/2019:10:43:31 -0300] "GET /cormun/servlet/trpermisosgoce? HTTP/1.1" 200 12960
190.171.143.82 - - [25/Apr/2019:10:43:32 -0300] "GET /cormun/servlet/trpermisosgoce? HTTP/1.1" 200 12958
190.171.152.114 - - [25/Apr/2019:10:43:34 -0300] "POST /cormun/servlet/solicitudotadjuntos?gx-no-cache=1556199591331 HTTP/1.1" 200 26
190.171.143.82 - - [25/Apr/2019:10:43:39 -0300] "GET /cormun/servlet/apermisogoceprn?18995017,P,20190425113347,PU HTTP/1.1" 200 1668
190.171.152.114 - - [25/Apr/2019:10:43:40 -0300] "GET /cormun/servlet/solicitudotadjuntos?a316865763d0aba270947c3589d0ffdca50b4c407a345ffa8f6227b20956b206,gx-no-cache=1556199597421 HTTP/1.1" 200 30
190.171.152.114 - - [25/Apr/2019:10:43:40 -0300] "GET /cormun/servlet/solicitudotadjuntos?a316865763d0aba270947c3589d0ffdca50b4c407a345ffa8f6227b20956b206,gx-no-cache=1556199597441 HTTP/1.1" 200 30
190.171.152.114 - - [25/Apr/2019:10:43:41 -0300] "POST /cormun/servlet/solicitudotadjuntos?7c18babd2490630f8b8186a9d17a43b3,INS,2019,15454,,1, HTTP/1.1" 200 116
190.171.152.114 - - [25/Apr/2019:10:43:41 -0300] "GET /cormun/servlet/hpexe_return? HTTP/1.1" 200 1033
190.171.152.114 - - [25/Apr/2019:10:43:41 -0300] "GET /cormun/servlet/trsolicitudadjuntos?2019,15454, HTTP/1.1" 200 9868
192.168.10.89 - - [25/Apr/2019:10:43:43 -0300] "POST /cormun/servlet/trsolicitudgral?724f62b1d2d511e9d6a91a79746fb540,,gx-no-cache=1556206617601 HTTP/1.1" 200 7712
192.168.10.89 - - [25/Apr/2019:10:43:44 -0300] "GET /cormun/static/Shared/jqueryui/images/ui-bg_highlight-soft_100_c6c2c8_1x100.png HTTP/1.1" 404 1117
192.168.10.89 - - [25/Apr/2019:10:43:44 -0300] "GET /cormun/static/Shared/jqueryui/images/ui-bg_flat_55_fafafa_40x100.png HTTP/1.1" 404 1097
192.168.10.89 - - [25/Apr/2019:10:43:44 -0300] "GET /cormun/static/Shared/jqueryui/images/ui-icons_82798d_256x240.png HTTP/1.1" 404 1089
192.168.10.89 - - [25/Apr/2019:10:43:44 -0300] "GET /cormun/static/Shared/jqueryui/images/ui-icons_8d78a5_256x240.png HTTP/1.1" 404 1089
190.171.152.114 - - [25/Apr/2019:10:43:45 -0300] "GET /cormun/servlet/solicitudotadjuntos?INS,2019,15454,,1, HTTP/1.1" 200 6318
190.171.152.114 - - [25/Apr/2019:10:43:46 -0300] "HEAD /cormun/static/about:blank HTTP/1.1" 404 -
190.171.152.114 - - [25/Apr/2019:10:43:47 -0300] "GET /cormun/servlet/solicitudotadjuntos?a316865763d0aba270947c3589d0ffdc7d3da604a9bfcb3ea5791e977323d39613320d83d6c33fb7bcf69837ee9c0f94,gx-no-cache=1556199604109 HTTP/1.1" 200 30
190.171.152.114 - - [25/Apr/2019:10:43:47 -0300] "POST /cormun/servlet/solicitudotadjuntos?7c18babd2490630f8b8186a9d17a43b3,INS,2019,15454,,1,,gx-no-cache=1556199604169 HTTP/1.1" 200 4101
190.171.152.114 - - [25/Apr/2019:10:43:50 -0300] "POST /cormun/servlet/solicitudotadjuntos?gx-no-cache=1556199607674 HTTP/1.1" 200 26
190.171.152.114 - - [25/Apr/2019:10:43:55 -0300] "GET /cormun/servlet/solicitudotadjuntos?a316865763d0aba270947c3589d0ffdca50b4c407a345ffa8f6227b20956b206,gx-no-cache=1556199612916 HTTP/1.1" 200 30
190.171.152.114 - - [25/Apr/2019:10:43:55 -0300] "GET /cormun/servlet/solicitudotadjuntos?a316865763d0aba270947c3589d0ffdca50b4c407a345ffa8f6227b20956b206,gx-no-cache=1556199612937 HTTP/1.1" 200 30
190.171.152.114 - - [25/Apr/2019:10:43:56 -0300] "POST /cormun/servlet/solicitudotadjuntos?7c18babd2490630f8b8186a9d17a43b3,INS,2019,15454,,1, HTTP/1.1" 200 116
190.171.152.114 - - [25/Apr/2019:10:43:56 -0300] "GET /cormun/servlet/hpexe_return? HTTP/1.1" 200 1033
190.171.152.114 - - [25/Apr/2019:10:43:57 -0300] "GET /cormun/servlet/trsolicitudadjuntos?2019,15454, HTTP/1.1" 200 10107
190.171.152.114 - - [25/Apr/2019:10:44:05 -0300] "GET /cormun/servlet/solicitudotadjuntos?INS,2019,15454,,2, HTTP/1.1" 200 6316
190.171.152.114 - - [25/Apr/2019:10:44:05 -0300] "HEAD /cormun/static/about:blank HTTP/1.1" 404 -
190.171.152.114 - - [25/Apr/2019:10:44:06 -0300] "GET /cormun/servlet/solicitudotadjuntos?a316865763d0aba270947c3589d0ffdc7d3da604a9bfcb3ea5791e977323d39613320d83d6c33fb7bcf69837ee9c0f94,gx-no-cache=1556199623785 HTTP/1.1" 200 30
190.171.152.114 - - [25/Apr/2019:10:44:06 -0300] "POST /cormun/servlet/solicitudotadjuntos?7c18babd2490630f8b8186a9d17a43b3,INS,2019,15454,,2,,gx-no-cache=1556199623825 HTTP/1.1" 200 4241
190.171.149.90 - - [25/Apr/2019:10:44:08 -0300] "POST /cormun/servlet/trsolicitudot?6072357ee45d1a4982dbaed1cc05ee8d,gx-no-cache=1556199621507 HTTP/1.1" 200 11580
190.171.152.114 - - [25/Apr/2019:10:44:09 -0300] "POST /cormun/servlet/solicitudotadjuntos?gx-no-cache=1556199626442 HTTP/1.1" 200 26
190.171.152.114 - - [25/Apr/2019:10:44:15 -0300] "GET /cormun/servlet/solicitudotadjuntos?a316865763d0aba270947c3589d0ffdca50b4c407a345ffa8f6227b20956b206,gx-no-cache=1556199632269 HTTP/1.1" 200 30
190.171.152.114 - - [25/Apr/2019:10:44:15 -0300] "GET /cormun/servlet/solicitudotadjuntos?a316865763d0aba270947c3589d0ffdca50b4c407a345ffa8f6227b20956b206,gx-no-cache=1556199632290 HTTP/1.1" 200 30
190.171.152.114 - - [25/Apr/2019:10:44:15 -0300] "POST /cormun/servlet/solicitudotadjuntos?7c18babd2490630f8b8186a9d17a43b3,INS,2019,15454,,2, HTTP/1.1" 200 116
190.171.152.114 - - [25/Apr/2019:10:44:15 -0300] "GET /cormun/servlet/hpexe_return? HTTP/1.1" 200 1033
190.171.152.114 - - [25/Apr/2019:10:44:16 -0300] "GET /cormun/servlet/trsolicitudadjuntos?2019,15454, HTTP/1.1" 200 10234
190.171.152.114 - - [25/Apr/2019:10:44:24 -0300] "GET /cormun/servlet/trsolicitudot? HTTP/1.1" 200 9487
190.171.152.114 - - [25/Apr/2019:10:44:29 -0300] "POST /cormun/servlet/trsolicitudot?7c18babd2490630f8b8186a9d17a43b3,,gx-no-cache=1556199646254 HTTP/1.1" 200 6329
190.171.152.114 - - [25/Apr/2019:10:44:29 -0300] "POST /cormun/servlet/trsolicitudot?7c18babd2490630f8b8186a9d17a43b3,,gx-no-cache=1556199646657 HTTP/1.1" 200 6271
190.171.152.114 - - [25/Apr/2019:10:44:29 -0300] "GET /cormun/static/Shared/jqueryui/images/ui-icons_8d78a5_256x240.png HTTP/1.1" 404 1089
190.171.152.114 - - [25/Apr/2019:10:44:29 -0300] "GET /cormun/static/Shared/jqueryui/images/ui-bg_flat_55_fafafa_40x100.png HTTP/1.1" 404 1097
190.171.152.114 - - [25/Apr/2019:10:44:29 -0300] "GET /cormun/static/Shared/jqueryui/images/ui-bg_highlight-soft_100_c6c2c8_1x100.png HTTP/1.1" 404 1117
190.171.152.114 - - [25/Apr/2019:10:44:29 -0300] "GET /cormun/static/Shared/jqueryui/images/ui-icons_82798d_256x240.png HTTP/1.1" 404 1089
190.171.152.114 - - [25/Apr/2019:10:44:30 -0300] "POST /cormun/servlet/trsolicitudot?7c18babd2490630f8b8186a9d17a43b3,,gx-no-cache=1556199647750 HTTP/1.1" 200 5976
190.171.152.114 - - [25/Apr/2019:10:44:31 -0300] "POST /cormun/servlet/trsolicitudot?7c18babd2490630f8b8186a9d17a43b3,,gx-no-cache=1556199648165 HTTP/1.1" 200 5920
190.171.152.114 - - [25/Apr/2019:10:44:32 -0300] "POST /cormun/servlet/trsolicitudot?7c18babd2490630f8b8186a9d17a43b3,,gx-no-cache=1556199649991 HTTP/1.1" 200 4775
190.171.152.114 - - [25/Apr/2019:10:44:33 -0300] "POST /cormun/servlet/trsolicitudot?7c18babd2490630f8b8186a9d17a43b3,,gx-no-cache=1556199650441 HTTP/1.1" 200 4550
190.171.152.114 - - [25/Apr/2019:10:44:36 -0300] "GET /cormun/servlet/trautorizarsolicitud? HTTP/1.1" 200 9375
190.171.152.114 - - [25/Apr/2019:10:44:36 -0300] "GET /cormun/static/gxcfg.js?2017111423403364 HTTP/1.1" 200 953
190.171.152.114 - - [25/Apr/2019:10:44:36 -0300] "GET /cormun/static/trautorizarsolicitud.js?201711142340425 HTTP/1.1" 200 53910
190.171.152.114 - - [25/Apr/2019:10:44:47 -0300] "POST /cormun/servlet/trautorizarsolicitud?7c18babd2490630f8b8186a9d17a43b3,,gx-no-cache=1556199664451 HTTP/1.1" 200 6242
190.171.152.114 - - [25/Apr/2019:10:44:47 -0300] "POST /cormun/servlet/trautorizarsolicitud?7c18babd2490630f8b8186a9d17a43b3,,gx-no-cache=1556199664857 HTTP/1.1" 200 6186
190.171.152.114 - - [25/Apr/2019:10:44:48 -0300] "GET /cormun/static/Shared/jqueryui/images/ui-bg_highlight-soft_100_c6c2c8_1x100.png HTTP/1.1" 404 1117
190.171.152.114 - - [25/Apr/2019:10:44:48 -0300] "GET /cormun/static/Shared/jqueryui/images/ui-icons_8d78a5_256x240.png HTTP/1.1" 404 1089
190.171.152.114 - - [25/Apr/2019:10:44:48 -0300] "GET /cormun/static/Shared/jqueryui/images/ui-icons_82798d_256x240.png HTTP/1.1" 404 1089
190.171.152.114 - - [25/Apr/2019:10:44:48 -0300] "GET /cormun/static/Shared/jqueryui/images/ui-bg_flat_55_fafafa_40x100.png HTTP/1.1" 404 1097
190.171.152.114 - - [25/Apr/2019:10:44:48 -0300] "POST /cormun/servlet/trautorizarsolicitud?7c18babd2490630f8b8186a9d17a43b3,,gx-no-cache=1556199665975 HTTP/1.1" 200 5892
190.171.152.114 - - [25/Apr/2019:10:44:49 -0300] "POST /cormun/servlet/trautorizarsolicitud?7c18babd2490630f8b8186a9d17a43b3,,gx-no-cache=1556199666412 HTTP/1.1" 200 5835
190.171.152.114 - - [25/Apr/2019:10:44:50 -0300] "POST /cormun/servlet/trautorizarsolicitud?7c18babd2490630f8b8186a9d17a43b3,,gx-no-cache=1556199667487 HTTP/1.1" 200 4694
190.171.152.114 - - [25/Apr/2019:10:44:50 -0300] "POST /cormun/servlet/trautorizarsolicitud?7c18babd2490630f8b8186a9d17a43b3,,gx-no-cache=1556199667926 HTTP/1.1" 200 4469
192.168.10.89 - - [25/Apr/2019:10:45:48 -0300] "POST /cormun/servlet/trsolicitudgral?724f62b1d2d511e9d6a91a79746fb540,,gx-no-cache=1556206741904 HTTP/1.1" 200 6650
192.168.10.89 - - [25/Apr/2019:10:45:53 -0300] "POST /cormun/servlet/trsolicitudgral?724f62b1d2d511e9d6a91a79746fb540,,gx-no-cache=1556206747125 HTTP/1.1" 200 5481
192.168.10.89 - - [25/Apr/2019:10:46:30 -0300] "POST /cormun/servlet/trsolicitudgral?724f62b1d2d511e9d6a91a79746fb540,,gx-no-cache=1556206784766 HTTP/1.1" 200 7353
192.168.10.89 - - [25/Apr/2019:10:47:20 -0300] "POST /cormun/servlet/trsolicitudgral?724f62b1d2d511e9d6a91a79746fb540,,gx-no-cache=1556206834827 HTTP/1.1" 200 6665
192.168.10.89 - - [25/Apr/2019:10:48:27 -0300] "POST /cormun/servlet/trsolicitudgral?724f62b1d2d511e9d6a91a79746fb540,,gx-no-cache=1556206901037 HTTP/1.1" 200 5277
192.168.10.89 - - [25/Apr/2019:10:48:41 -0300] "POST /cormun/servlet/trsolicitudgral?724f62b1d2d511e9d6a91a79746fb540,,gx-no-cache=1556206915669 HTTP/1.1" 200 5291
192.168.10.89 - - [25/Apr/2019:10:48:51 -0300] "POST /cormun/servlet/trsolicitudgral?724f62b1d2d511e9d6a91a79746fb540,,gx-no-cache=1556206925902 HTTP/1.1" 200 5294
192.168.10.89 - - [25/Apr/2019:10:48:57 -0300] "POST /cormun/servlet/trsolicitudgral?724f62b1d2d511e9d6a91a79746fb540,,gx-no-cache=1556206931453 HTTP/1.1" 200 7002
192.168.10.89 - - [25/Apr/2019:10:49:22 -0300] "GET /cormun/servlet/vesolicitudgral?2019,12621,, HTTP/1.1" 200 8482
192.168.10.89 - - [25/Apr/2019:10:49:22 -0300] "GET /cormun/pexe_scrolldiv.js HTTP/1.1" 404 1009
192.168.10.89 - - [25/Apr/2019:10:49:24 -0300] "GET /cormun/servlet/vesolicitudgral?2019,12621,,SolicitudOTLog HTTP/1.1" 200 8981
192.168.10.89 - - [25/Apr/2019:10:49:24 -0300] "GET /cormun/pexe_scrolldiv.js HTTP/1.1" 404 1009
192.168.10.89 - - [25/Apr/2019:10:49:26 -0300] "POST /cormun/servlet/acontrolpreferencessavestate?None,RRHH+CATALINA,true HTTP/1.1" 200 35
192.168.10.89 - - [25/Apr/2019:10:49:37 -0300] "POST /cormun/servlet/vesolicitudgral?724f62b1d2d511e9d6a91a79746fb540,2019,12621,,SolicitudOTLog,gx-no-cache=1556206971743 HTTP/1.1" 200 90
192.168.10.89 - - [25/Apr/2019:10:49:37 -0300] "GET /cormun/servlet/hpexe_link HTTP/1.1" 200 975
192.168.10.89 - - [25/Apr/2019:10:49:38 -0300] "GET /cormun/servlet/trsolicitudgral? HTTP/1.1" 200 10096
192.168.10.89 - - [25/Apr/2019:10:49:43 -0300] "POST /cormun/servlet/trsolicitudgral?724f62b1d2d511e9d6a91a79746fb540,,gx-no-cache=1556206977818 HTTP/1.1" 200 6962
192.168.10.89 - - [25/Apr/2019:10:50:30 -0300] "POST /cormun/servlet/trsolicitudgral?724f62b1d2d511e9d6a91a79746fb540,,gx-no-cache=1556207024269 HTTP/1.1" 200 6990
192.168.10.89 - - [25/Apr/2019:10:51:12 -0300] "GET /cormun/servlet/hlogin HTTP/1.1" 200 1744
192.168.10.89 - - [25/Apr/2019:10:51:55 -0300] "POST /cormun/servlet/hlogin?724f62b1d2d511e9d6a91a79746fb540,gx-no-cache=1556207109808 HTTP/1.1" 200 90
192.168.10.89 - - [25/Apr/2019:10:51:55 -0300] "GET /cormun/servlet/hpexe_link HTTP/1.1" 200 960
192.168.10.89 - - [25/Apr/2019:10:51:56 -0300] "GET /cormun/servlet/trsolicitudgral? HTTP/1.1" 200 10094
192.168.10.89 - - [25/Apr/2019:10:52:02 -0300] "POST /cormun/servlet/trsolicitudgral?724f62b1d2d511e9d6a91a79746fb540,,gx-no-cache=1556207115985 HTTP/1.1" 200 6660
192.168.10.89 - - [25/Apr/2019:10:52:10 -0300] "GET /cormun/servlet/hlogin HTTP/1.1" 200 1744
192.168.10.89 - - [25/Apr/2019:10:52:42 -0300] "POST /cormun/servlet/hlogin?724f62b1d2d511e9d6a91a79746fb540,gx-no-cache=1556207156861 HTTP/1.1" 200 453
192.168.10.89 - - [25/Apr/2019:10:52:47 -0300] "POST /cormun/servlet/hlogin?724f62b1d2d511e9d6a91a79746fb540,gx-no-cache=1556207161482 HTTP/1.1" 200 90
192.168.10.89 - - [25/Apr/2019:10:52:47 -0300] "GET /cormun/servlet/hpexe_link HTTP/1.1" 200 952
192.168.10.89 - - [25/Apr/2019:10:52:47 -0300] "GET /cormun/servlet/hhome HTTP/1.1" 200 4240
192.168.10.89 - - [25/Apr/2019:10:52:53 -0300] "GET /cormun/servlet/trsolicitudot? HTTP/1.1" 200 7456
192.168.10.89 - - [25/Apr/2019:10:52:53 -0300] "GET /cormun/static/gxcfg.js?2017111422585916 HTTP/1.1" 200 953
192.168.10.89 - - [25/Apr/2019:10:52:53 -0300] "GET /cormun/static/trsolicitudot.js?201711142259839 HTTP/1.1" 200 54041
192.168.10.89 - - [25/Apr/2019:10:52:55 -0300] "GET /cormun/servlet/trautorizarsolicitud? HTTP/1.1" 200 7358
192.168.10.89 - - [25/Apr/2019:10:53:02 -0300] "POST /cormun/servlet/trautorizarsolicitud?724f62b1d2d511e9d6a91a79746fb540,,gx-no-cache=1556207176577 HTTP/1.1" 200 4484
192.168.10.89 - - [25/Apr/2019:10:53:37 -0300] "POST /cormun/servlet/trautorizarsolicitud?724f62b1d2d511e9d6a91a79746fb540,,gx-no-cache=1556207210964 HTTP/1.1" 200 6312
192.168.10.89 - - [25/Apr/2019:10:53:50 -0300] "POST /cormun/servlet/trautorizarsolicitud?724f62b1d2d511e9d6a91a79746fb540,,gx-no-cache=1556207224472 HTTP/1.1" 200 5909
192.168.10.89 - - [25/Apr/2019:10:53:50 -0300] "POST /cormun/servlet/trautorizarsolicitud?724f62b1d2d511e9d6a91a79746fb540,,gx-no-cache=1556207224836 HTTP/1.1" 200 5854
192.168.10.89 - - [25/Apr/2019:10:53:51 -0300] "GET /cormun/static/Shared/jqueryui/images/ui-bg_highlight-soft_100_c6c2c8_1x100.png HTTP/1.1" 404 1117
192.168.10.89 - - [25/Apr/2019:10:53:51 -0300] "GET /cormun/static/Shared/jqueryui/images/ui-bg_flat_55_fafafa_40x100.png HTTP/1.1" 404 1097
192.168.10.89 - - [25/Apr/2019:10:53:51 -0300] "GET /cormun/static/Shared/jqueryui/images/ui-icons_8d78a5_256x240.png HTTP/1.1" 404 1089
192.168.10.89 - - [25/Apr/2019:10:53:51 -0300] "GET /cormun/static/Shared/jqueryui/images/ui-icons_82798d_256x240.png HTTP/1.1" 404 1089
192.168.10.96 - - [25/Apr/2019:10:54:16 -0300] "GET /cormun/servlet/trsolicitudgral? HTTP/1.1" 500 10
192.168.10.96 - - [25/Apr/2019:10:54:22 -0300] "GET /cormun/servlet/trsolicitudgral?H HTTP/1.1" 500 10
192.168.10.96 - - [25/Apr/2019:10:54:31 -0300] "GET /cormun/servlet/hlogin HTTP/1.1" 200 1720
192.168.10.96 - - [25/Apr/2019:10:54:31 -0300] "GET /cormun/servlet/hlogin HTTP/1.1" 200 1731
192.168.10.89 - - [25/Apr/2019:10:54:33 -0300] "GET /cormun/servlet/trsolicitudot? HTTP/1.1" 200 7457
192.168.10.89 - - [25/Apr/2019:10:54:36 -0300] "GET /cormun/servlet/solicitudot?INS,0,0, HTTP/1.1" 200 15231
192.168.10.89 - - [25/Apr/2019:10:54:36 -0300] "GET /cormun/static/gxcfg.js?20189101114418 HTTP/1.1" 200 953
192.168.10.89 - - [25/Apr/2019:10:54:36 -0300] "GET /cormun/static/solicitudot.js?20189101114718 HTTP/1.1" 200 71883
192.168.10.96 - - [25/Apr/2019:10:54:38 -0300] "POST /cormun/servlet/hlogin?39b39e107174893e149db7624f5e6e2e,gx-no-cache=1556207272773 HTTP/1.1" 200 90
192.168.10.96 - - [25/Apr/2019:10:54:38 -0300] "GET /cormun/servlet/hpexe_link HTTP/1.1" 200 952
192.168.10.96 - - [25/Apr/2019:10:54:38 -0300] "GET /cormun/servlet/hhome HTTP/1.1" 200 4772
192.168.10.96 - - [25/Apr/2019:10:54:39 -0300] "GET /cormun/servlet/hhome HTTP/1.1" 200 4769
192.168.10.96 - - [25/Apr/2019:10:54:41 -0300] "GET /cormun/servlet/trsolicitudgral? HTTP/1.1" 200 23116
192.168.10.96 - - [25/Apr/2019:10:54:42 -0300] "GET /cormun/servlet/trsolicitudgral? HTTP/1.1" 200 23115
192.168.10.89 - - [25/Apr/2019:10:54:49 -0300] "POST /cormun/servlet/solicitudot?gx-no-cache=1556207283327 HTTP/1.1" 200 3575
192.168.10.89 - - [25/Apr/2019:10:54:49 -0300] "POST /cormun/servlet/solicitudot?724f62b1d2d511e9d6a91a79746fb540,INS,0,0,,gx-no-cache=1556207283585 HTTP/1.1" 200 12042
192.168.10.89 - - [25/Apr/2019:10:54:51 -0300] "GET /cormun/servlet/solicitudot?352aed39a35ea214a12b2ec7a0d4b8a7929f268f7d08ecb6aa166835e46474a0eb7e5c0b25c725e647453daad6080ed0,gx-no-cache=1556207285067 HTTP/1.1" 200 30
192.168.10.89 - - [25/Apr/2019:10:54:51 -0300] "GET /cormun/servlet/solicitudot?352aed39a35ea214a12b2ec7a0d4b8a7c510705ae5e70e1922bde4de5f8086895afafa63047828b2e0207b773e4b4930a4d52c4cd24e81e3d5496ebc415b352f,gx-no-cache=1556207285092 HTTP/1.1" 200 30
192.168.10.89 - - [25/Apr/2019:10:54:51 -0300] "GET /cormun/servlet/solicitudot?352aed39a35ea214a12b2ec7a0d4b8a7e989539600c3ff074ff77f62c1481fe5,gx-no-cache=1556207285107 HTTP/1.1" 200 53
192.168.10.89 - - [25/Apr/2019:10:54:51 -0300] "POST /cormun/servlet/solicitudot?gx-no-cache=1556207285128 HTTP/1.1" 200 255
192.168.10.89 - - [25/Apr/2019:10:54:51 -0300] "GET /cormun/servlet/solicitudot?352aed39a35ea214a12b2ec7a0d4b8a72497d124341e5db34b8ab2604a79d72395cd4b0dbfcb94b78a9f2bb6068f0b0545c35dd0153ea6c1cc49ff465f13112acfa933d9bdb312c846b0fb13ea3867b9e0055ab902d662a2a062b4bb3dad86137f54602b2e4868a56725451d752982e7c029c630df52d45e65eaeadbd518ff2189bfcdb86b9e6a36e233a20dcca99a7d5d08b4841962d6196ad5f0586a8bdb393a75a5b5a6d8476c51cd5ec5802276f9f0fd4aae14f9782f0077c0b0373dbbeb76c99f905a3f5169f57e15dda2efc48037f89dc277f9a854735f081871ca141903625d2fc6a06279fd7c3595ef40d64e3897c26425d26347ca7c168b7f55cbfc0830be365eb2321c9309ac7c3764ad5651c9695d565d40898b7f8aafff481896d18e3305f35a29fc44120a0be6eb8344ee65870ddd980fdf3363bdc3be27ce0adf37ed23bea727002b94c7c1b2d3cb967f47aa3b66dc68e328f92177e948d64291a0afea0926a7bf5c82d447adb01512e24d1178f302cb3d1c25f1be1135619d,gx-no-cache=1556207285149 HTTP/1.1" 200 30
192.168.10.89 - - [25/Apr/2019:10:54:52 -0300] "POST /cormun/servlet/solicitudot?gx-no-cache=1556207286561 HTTP/1.1" 200 30
192.168.10.89 - - [25/Apr/2019:10:54:53 -0300] "GET /cormun/static/Resources/resize.gif HTTP/1.1" 200 77
192.168.10.89 - - [25/Apr/2019:10:54:54 -0300] "GET /cormun/servlet/prcontratosol?11672460,,,,,MD,,gxPopupLevel%3D0%3B HTTP/1.1" 200 9610
192.168.10.89 - - [25/Apr/2019:10:54:54 -0300] "GET /cormun/static/gxcfg.js?201761413223964 HTTP/1.1" 200 953
192.168.10.89 - - [25/Apr/2019:10:54:54 -0300] "GET /cormun/static/Resources/PXToolsMenuSearch.png HTTP/1.1" 200 2914
192.168.10.89 - - [25/Apr/2019:10:54:54 -0300] "GET /cormun/static/Resources/PXToolsMenuSearchCancel.png HTTP/1.1" 200 2972
192.168.10.89 - - [25/Apr/2019:10:54:54 -0300] "GET /cormun/static/menusearch.js?201610171694467 HTTP/1.1" 200 1424
192.168.10.89 - - [25/Apr/2019:10:54:54 -0300] "GET /cormun/static/hmpwkw011.js?20177612121862 HTTP/1.1" 200 1968
192.168.10.89 - - [25/Apr/2019:10:54:54 -0300] "GET /cormun/static/prcontratosol.js?201761413224174 HTTP/1.1" 200 15806
192.168.10.89 - - [25/Apr/2019:10:54:59 -0300] "POST /cormun/servlet/solicitudot?gx-no-cache=1556207293161 HTTP/1.1" 200 1343
192.168.10.89 - - [25/Apr/2019:10:54:59 -0300] "POST /cormun/servlet/solicitudot?gx-no-cache=1556207293188 HTTP/1.1" 200 38
192.168.10.89 - - [25/Apr/2019:10:54:59 -0300] "GET /cormun/servlet/solicitudot?352aed39a35ea214a12b2ec7a0d4b8a73a30f0ec033fb6b5975c65910f5a169bc86833e1691b7db6855bd80d6470501af073623aa0a179b0911424f150eca7ced6b8f5726403067f97f9e7e2f4b0a51cee8f33a730d49be53667f33bc2651531d727768f83103339adea1fed064758ac,gx-no-cache=1556207293203 HTTP/1.1" 200 110
192.168.10.89 - - [25/Apr/2019:10:54:59 -0300] "POST /cormun/servlet/solicitudot?gx-no-cache=1556207293220 HTTP/1.1" 200 69
192.168.10.89 - - [25/Apr/2019:10:54:59 -0300] "GET /cormun/servlet/solicitudot?352aed39a35ea214a12b2ec7a0d4b8a7c651f685136089eb47524a62881ff0ab1e4971e91365bc21288652169514e8a4921078a8c85dd382078006ef4af2e1f38ebd1c92355eb4e4272f2f916f9c0d9af35796ad540913516d8c4e7ee56a8136049b80e12c1831b9d1a3f8f77b6d3b93ebc4e49bbda7a0d5437be8a2e0af450405dfd48feb90922a120a7db3730d83f337f09ced9f62dca6880faf91e2f912d5,gx-no-cache=1556207293241 HTTP/1.1" 200 29
192.168.10.89 - - [25/Apr/2019:10:54:59 -0300] "GET /cormun/servlet/solicitudot?352aed39a35ea214a12b2ec7a0d4b8a72d20d880ebe8cb8a125728008c498222e152dee077e1f3aa197b87e539132f6c,gx-no-cache=1556207293261 HTTP/1.1" 200 134
192.168.10.89 - - [25/Apr/2019:10:54:59 -0300] "GET /cormun/static/Shared/jqueryui/images/ui-bg_highlight-soft_100_c6c2c8_1x100.png HTTP/1.1" 404 1117
192.168.10.89 - - [25/Apr/2019:10:54:59 -0300] "GET /cormun/static/Shared/jqueryui/images/ui-bg_flat_55_994d53_40x100.png HTTP/1.1" 404 1097
192.168.10.89 - - [25/Apr/2019:10:54:59 -0300] "GET /cormun/static/Shared/jqueryui/images/ui-icons_ebccce_256x240.png HTTP/1.1" 404 1089
192.168.10.89 - - [25/Apr/2019:10:54:59 -0300] "GET /cormun/static/Shared/jqueryui/images/ui-icons_82798d_256x240.png HTTP/1.1" 404 1089
192.168.10.96 - - [25/Apr/2019:10:55:00 -0300] "POST /cormun/servlet/trsolicitudgral?39b39e107174893e149db7624f5e6e2e,,gx-no-cache=1556207294084 HTTP/1.1" 200 7340
192.168.10.96 - - [25/Apr/2019:10:55:16 -0300] "POST /cormun/servlet/trsolicitudgral?39b39e107174893e149db7624f5e6e2e,,gx-no-cache=1556207310686 HTTP/1.1" 200 7936
192.168.10.89 - - [25/Apr/2019:10:55:21 -0300] "POST /cormun/servlet/solicitudot?gx-no-cache=1556207315955 HTTP/1.1" 200 102
192.168.10.89 - - [25/Apr/2019:10:55:26 -0300] "GET /cormun/servlet/solicitudot?352aed39a35ea214a12b2ec7a0d4b8a7c651f685136089eb47524a62881ff0ab1e4971e91365bc21288652169514e8a4921078a8c85dd382078006ef4af2e1f38ebd1c92355eb4e4272f2f916f9c0d9af35796ad540913516d8c4e7ee56a8136049b80e12c1831b9d1a3f8f77b6d3b93ebc4e49bbda7a0d5437be8a2e0af450405dfd48feb90922a120a7db3730d83f337f09ced9f62dca6880faf91e2f912d5,gx-no-cache=1556207320046 HTTP/1.1" 200 29
192.168.10.89 - - [25/Apr/2019:10:55:28 -0300] "GET /cormun/servlet/solicitudot?352aed39a35ea214a12b2ec7a0d4b8a72d20d880ebe8cb8a125728008c498222e152dee077e1f3aa197b87e539132f6c,gx-no-cache=1556207322707 HTTP/1.1" 200 134
66.249.64.91 - - [25/Apr/2019:10:55:29 -0300] "GET /robots.txt HTTP/1.1" 404 981
66.249.64.91 - - [25/Apr/2019:10:55:29 -0300] "GET /cormun/servlet/hlogin HTTP/1.1" 200 1712
66.249.64.89 - - [25/Apr/2019:10:55:30 -0300] "GET /cormun/servlet/hlogin?_escaped_fragment_= HTTP/1.1" 200 1723
192.168.10.89 - - [25/Apr/2019:10:55:41 -0300] "GET /cormun/servlet/solicitudot?352aed39a35ea214a12b2ec7a0d4b8a7cd861e0a2bb39bed6233b57725402545e152dee077e1f3aa197b87e539132f6c,gx-no-cache=1556207335002 HTTP/1.1" 200 134
192.168.10.89 - - [25/Apr/2019:10:55:45 -0300] "GET /cormun/servlet/solicitudot?352aed39a35ea214a12b2ec7a0d4b8a7777f2cb97043418f02914d4394b112a4e152dee077e1f3aa197b87e539132f6c,gx-no-cache=1556207339708 HTTP/1.1" 200 30
192.168.10.96 - - [25/Apr/2019:10:55:45 -0300] "POST /cormun/servlet/trsolicitudgral?39b39e107174893e149db7624f5e6e2e,,gx-no-cache=1556207339887 HTTP/1.1" 200 7640
192.168.10.89 - - [25/Apr/2019:10:55:46 -0300] "POST /cormun/servlet/solicitudot?gx-no-cache=1556207340485 HTTP/1.1" 200 33
192.168.10.96 - - [25/Apr/2019:10:55:55 -0300] "POST /cormun/servlet/trsolicitudgral?39b39e107174893e149db7624f5e6e2e,,gx-no-cache=1556207349164 HTTP/1.1" 200 7923
192.168.10.89 - - [25/Apr/2019:10:56:11 -0300] "POST /cormun/servlet/solicitudot?724f62b1d2d511e9d6a91a79746fb540,INS,0,0,,gx-no-cache=1556207365581 HTTP/1.1" 200 93
192.168.10.89 - - [25/Apr/2019:10:56:11 -0300] "GET /cormun/servlet/hpexe_return? HTTP/1.1" 200 1007
192.168.10.89 - - [25/Apr/2019:10:56:12 -0300] "GET /cormun/servlet/trsolicitudot HTTP/1.1" 200 8839
192.168.10.89 - - [25/Apr/2019:10:56:18 -0300] "GET /cormun/servlet/solicitudot?INS,0,0, HTTP/1.1" 200 15229
190.171.141.138 - - [25/Apr/2019:10:56:19 -0300] "GET /cormun/servlet/hlogin HTTP/1.1" 200 1715
190.171.141.138 - - [25/Apr/2019:10:56:21 -0300] "POST /cormun/servlet/hlogin?bf9782cbd8467d551b7dae5dcfb74767,gx-no-cache=1556200358575 HTTP/1.1" 200 90
190.171.141.138 - - [25/Apr/2019:10:56:21 -0300] "GET /cormun/servlet/hpexe_link HTTP/1.1" 200 946
190.171.141.114 - - [25/Apr/2019:10:56:21 -0300] "GET /cormun/servlet/trpermisosgoce? HTTP/1.1" 200 6125
190.171.141.138 - - [25/Apr/2019:10:56:21 -0300] "GET /cormun/servlet/hhome HTTP/1.1" 200 4463
190.171.141.114 - - [25/Apr/2019:10:56:23 -0300] "GET /cormun/servlet/trpermisosgoce? HTTP/1.1" 200 6121
190.171.141.114 - - [25/Apr/2019:10:56:23 -0300] "GET /cormun/servlet/hlogin HTTP/1.1" 200 1744
190.171.141.138 - - [25/Apr/2019:10:56:23 -0300] "GET /cormun/servlet/hhome HTTP/1.1" 200 4459
190.171.141.138 - - [25/Apr/2019:10:56:28 -0300] "GET /cormun/servlet/trpermisosgoce? HTTP/1.1" 200 11572
190.171.141.138 - - [25/Apr/2019:10:56:29 -0300] "GET /cormun/servlet/trpermisosgoce? HTTP/1.1" 200 11570
192.168.10.89 - - [25/Apr/2019:10:56:30 -0300] "POST /cormun/servlet/solicitudot?gx-no-cache=1556207384571 HTTP/1.1" 200 3466
192.168.10.89 - - [25/Apr/2019:10:56:30 -0300] "POST /cormun/servlet/solicitudot?724f62b1d2d511e9d6a91a79746fb540,INS,0,0,,gx-no-cache=1556207384800 HTTP/1.1" 200 11923
192.168.10.89 - - [25/Apr/2019:10:56:32 -0300] "GET /cormun/servlet/solicitudot?352aed39a35ea214a12b2ec7a0d4b8a782c9f5e272256b1c2bfa9389ba552fbe1ecbf21e4da7084172797147e28cac07,gx-no-cache=1556207386041 HTTP/1.1" 200 111
192.168.10.89 - - [25/Apr/2019:10:56:32 -0300] "GET /cormun/servlet/solicitudot?352aed39a35ea214a12b2ec7a0d4b8a749325ef26de18d09e7de3ee3095f4f36,gx-no-cache=1556207386094 HTTP/1.1" 200 94
192.168.10.89 - - [25/Apr/2019:10:56:32 -0300] "GET /cormun/servlet/solicitudot?352aed39a35ea214a12b2ec7a0d4b8a7a20b0cbae641d2bc613da84f17fbacac,gx-no-cache=1556207386128 HTTP/1.1" 200 29
192.168.10.89 - - [25/Apr/2019:10:56:32 -0300] "POST /cormun/servlet/solicitudot?gx-no-cache=1556207386148 HTTP/1.1" 200 297
192.168.10.89 - - [25/Apr/2019:10:56:32 -0300] "GET /cormun/servlet/solicitudot?352aed39a35ea214a12b2ec7a0d4b8a72497d124341e5db34b8ab2604a79d72326c432d8859ce3d67868f4137e22dc1f45c35dd0153ea6c1cc49ff465f13112acfa933d9bdb312c846b0fb13ea3867b9e0055ab902d662a2a062b4bb3dad86137f54602b2e4868a56725451d752982e7c029c630df52d45e65eaeadbd518ff2189bfcdb86b9e6a36e233a20dcca99a7d5d08b4841962d6196ad5f0586a8bdb393a75a5b5a6d8476c51cd5ec5802276f9f0fd4aae14f9782f0077c0b0373dbbeb76c99f905a3f5169f57e15dda2efc48037f89dc277f9a854735f081871ca141903625d2fc6a06279fd7c3595ef40d64e74f2510975ac58ba37132aaeeb2121e60830be365eb2321c9309ac7c3764ad56d3bc29e3d008cfd681a60aa9c0cf5a9c524112197bbb2755cbcfa39bf7c720f1b73d115e167ad475a4b8c5e136a4af93dfbc4f7af2c748fddf4aa224a155ffe936c44e768d3d9b8a691daf78e93c9ae3d8ab5501878c2c11abff93fd30083a75a4ffed73974318658e49808d02d57690089e57daf9b0e17456577e5316fdd454,gx-no-cache=1556207386167 HTTP/1.1" 200 30
192.168.10.89 - - [25/Apr/2019:10:56:32 -0300] "GET /cormun/static/Shared/jqueryui/images/ui-icons_82798d_256x240.png HTTP/1.1" 404 1089
192.168.10.89 - - [25/Apr/2019:10:56:32 -0300] "GET /cormun/static/Shared/jqueryui/images/ui-bg_flat_55_994d53_40x100.png HTTP/1.1" 404 1097
192.168.10.89 - - [25/Apr/2019:10:56:32 -0300] "GET /cormun/static/Shared/jqueryui/images/ui-icons_ebccce_256x240.png HTTP/1.1" 404 1089
192.168.10.89 - - [25/Apr/2019:10:56:32 -0300] "GET /cormun/static/Shared/jqueryui/images/ui-bg_highlight-soft_100_c6c2c8_1x100.png HTTP/1.1" 404 1117
190.171.144.234 - - [25/Apr/2019:10:56:37 -0300] "GET /cormun/servlet/hlogin HTTP/1.1" 200 1721
192.168.10.89 - - [25/Apr/2019:10:56:40 -0300] "GET /cormun/servlet/solicitudot?352aed39a35ea214a12b2ec7a0d4b8a7f17a3e9599d85dc6cd540f88e3718b86eb7e5c0b25c725e647453daad6080ed0,gx-no-cache=1556207394275 HTTP/1.1" 200 30
200.54.103.162 - - [25/Apr/2019:10:56:43 -0300] "POST /cormun/servlet/trlicencias?f24bad978d2052df7a27748035498db4,,gx-no-cache=1556200378902 HTTP/1.1" 440 972
190.171.141.138 - - [25/Apr/2019:10:56:44 -0300] "GET /cormun/servlet/permisogoce?INS,0,,, HTTP/1.1" 200 7336
190.171.141.138 - - [25/Apr/2019:10:56:45 -0300] "GET /cormun/servlet/permisogoce?INS,0,,, HTTP/1.1" 200 7338
200.54.103.162 - - [25/Apr/2019:10:56:45 -0300] "GET /cormun/servlet/trlicencias? HTTP/1.1" 200 8425
200.54.103.162 - - [25/Apr/2019:10:56:47 -0300] "GET /cormun/servlet/hlogin HTTP/1.1" 200 1736
200.54.103.162 - - [25/Apr/2019:10:56:47 -0300] "GET /cormun/servlet/trlicencias? HTTP/1.1" 200 8425
190.171.144.234 - - [25/Apr/2019:10:56:48 -0300] "POST /cormun/servlet/hlogin?45b02dd564fd89d870b93e007be386b6,gx-no-cache=1556200383623 HTTP/1.1" 200 90
190.171.144.234 - - [25/Apr/2019:10:56:48 -0300] "GET /cormun/servlet/hpexe_link HTTP/1.1" 200 951
190.171.144.234 - - [25/Apr/2019:10:56:48 -0300] "GET /cormun/servlet/hhome HTTP/1.1" 200 4018
190.171.144.234 - - [25/Apr/2019:10:56:49 -0300] "GET /cormun/servlet/hhome HTTP/1.1" 200 4014
190.171.141.138 - - [25/Apr/2019:10:56:49 -0300] "GET /cormun/servlet/permisogoce?54a8fa55815b51fba5a674042f0d9a6a563a1a6827a632e015529548f91800731fe7e8b47177ff2ade420b5f58ddc949f5170bcad610e2a44719644a2089be69,gx-no-cache=1556200386317 HTTP/1.1" 200 82
190.171.141.138 - - [25/Apr/2019:10:56:50 -0300] "GET /cormun/static/menuarrow.gif HTTP/1.1" 404 1015
190.171.141.138 - - [25/Apr/2019:10:56:55 -0300] "GET /cormun/servlet/permisogoce?54a8fa55815b51fba5a674042f0d9a6aa2eeb936e5cabaebf147d2baf785bae14b7e01e11beaa61b36e5d6235a55a22337de72a4f8facd3c7108274595dbb38d,gx-no-cache=1556200392597 HTTP/1.1" 200 47
190.171.144.234 - - [25/Apr/2019:10:56:56 -0300] "GET /cormun/servlet/trsolicitudot? HTTP/1.1" 200 7235
190.171.144.234 - - [25/Apr/2019:10:56:57 -0300] "GET /cormun/servlet/trsolicitudot? HTTP/1.1" 200 7234
190.171.141.138 - - [25/Apr/2019:10:56:59 -0300] "POST /cormun/servlet/permisogoce?bf9782cbd8467d551b7dae5dcfb74767,INS,0,,,,gx-no-cache=1556200396375 HTTP/1.1" 200 93
190.171.141.138 - - [25/Apr/2019:10:56:59 -0300] "GET /cormun/servlet/hpexe_return? HTTP/1.1" 200 1004
190.171.141.138 - - [25/Apr/2019:10:57:00 -0300] "GET /cormun/servlet/trpermisosgoce HTTP/1.1" 200 11863
200.54.103.162 - - [25/Apr/2019:10:57:00 -0300] "POST /cormun/servlet/hlogin?844f69e097f3eed7a8566343529f4bc5,gx-no-cache=1556200396680 HTTP/1.1" 200 90
200.54.103.162 - - [25/Apr/2019:10:57:01 -0300] "GET /cormun/servlet/hpexe_link HTTP/1.1" 200 952
190.171.141.138 - - [25/Apr/2019:10:57:01 -0300] "GET /cormun/servlet/trpermisosgoce HTTP/1.1" 200 11858
200.54.103.162 - - [25/Apr/2019:10:57:01 -0300] "GET /cormun/servlet/trlicencias HTTP/1.1" 200 12946
200.54.103.162 - - [25/Apr/2019:10:57:01 -0300] "GET /cormun/servlet/trlicencias HTTP/1.1" 200 12944
190.171.141.138 - - [25/Apr/2019:10:57:03 -0300] "GET /cormun/servlet/apermisogoceprn?16318761,P,20190425114958,PU HTTP/1.1" 200 1667
190.171.144.234 - - [25/Apr/2019:10:57:08 -0300] "GET /cormun/servlet/hlogin HTTP/1.1" 200 1721
190.171.144.234 - - [25/Apr/2019:10:57:17 -0300] "POST /cormun/servlet/hlogin?45b02dd564fd89d870b93e007be386b6,gx-no-cache=1556200412693 HTTP/1.1" 200 428
190.171.144.234 - - [25/Apr/2019:10:57:27 -0300] "POST /cormun/servlet/hlogin?45b02dd564fd89d870b93e007be386b6,gx-no-cache=1556200422733 HTTP/1.1" 200 90
190.171.144.234 - - [25/Apr/2019:10:57:27 -0300] "GET /cormun/servlet/hpexe_link HTTP/1.1" 200 951
190.171.144.234 - - [25/Apr/2019:10:57:27 -0300] "GET /cormun/servlet/hhome HTTP/1.1" 200 4158
190.171.144.234 - - [25/Apr/2019:10:57:27 -0300] "GET /cormun/servlet/hhome HTTP/1.1" 200 4154
190.171.144.234 - - [25/Apr/2019:10:57:31 -0300] "GET /cormun/servlet/trautorizarsolicitud? HTTP/1.1" 200 7269
190.171.144.234 - - [25/Apr/2019:10:57:31 -0300] "GET /cormun/servlet/trautorizarsolicitud? HTTP/1.1" 200 7268
190.171.144.234 - - [25/Apr/2019:10:57:35 -0300] "GET /cormun/servlet/trvisualizadoreventos? HTTP/1.1" 200 6908
190.171.144.234 - - [25/Apr/2019:10:57:35 -0300] "GET /cormun/servlet/trvisualizadoreventos? HTTP/1.1" 200 6907
192.168.10.89 - - [25/Apr/2019:10:57:39 -0300] "GET /cormun/servlet/solicitudot?352aed39a35ea214a12b2ec7a0d4b8a7cdc73a5dbb2c24dd36ea53e73cdaf8790db7aea65f5ce248c28f963b222cd687a4d52c4cd24e81e3d5496ebc415b352f,gx-no-cache=1556207453729 HTTP/1.1" 200 30
190.171.144.234 - - [25/Apr/2019:10:57:41 -0300] "GET /cormun/servlet/trsolicitudot? HTTP/1.1" 200 7370
190.171.144.234 - - [25/Apr/2019:10:57:41 -0300] "GET /cormun/servlet/trsolicitudot? HTTP/1.1" 200 7369
192.168.10.89 - - [25/Apr/2019:10:57:43 -0300] "GET /cormun/servlet/solicitudot?352aed39a35ea214a12b2ec7a0d4b8a7e989539600c3ff074ff77f62c1481fe5,gx-no-cache=1556207457559 HTTP/1.1" 200 53
192.168.10.89 - - [25/Apr/2019:10:57:49 -0300] "POST /cormun/servlet/solicitudot?gx-no-cache=1556207463912 HTTP/1.1" 200 255
192.168.10.89 - - [25/Apr/2019:10:57:51 -0300] "GET /cormun/servlet/solicitudot?352aed39a35ea214a12b2ec7a0d4b8a72497d124341e5db34b8ab2604a79d72395cd4b0dbfcb94b78a9f2bb6068f0b0545c35dd0153ea6c1cc49ff465f13112acfa933d9bdb312c846b0fb13ea3867b9e0055ab902d662a2a062b4bb3dad86137f54602b2e4868a56725451d752982e7c029c630df52d45e65eaeadbd518ff2189bfcdb86b9e6a36e233a20dcca99a7d5d08b4841962d6196ad5f0586a8bdb393a75a5b5a6d8476c51cd5ec5802276f9f0fd4aae14f9782f0077c0b0373dbbeb76c99f905a3f5169f57e15dda2efc48037f89dc277f9a854735f081871ca141903625d2fc6a06279fd7c3595ef40d64e3897c26425d26347ca7c168b7f55cbfc0830be365eb2321c9309ac7c3764ad5651c9695d565d40898b7f8aafff481896d18e3305f35a29fc44120a0be6eb8344ee65870ddd980fdf3363bdc3be27ce0adf37ed23bea727002b94c7c1b2d3cb967f47aa3b66dc68e328f92177e948d64291a0afea0926a7bf5c82d447adb01512fcadcd618641da9944878c53fdbea817,gx-no-cache=1556207465382 HTTP/1.1" 200 30
192.168.10.89 - - [25/Apr/2019:10:57:53 -0300] "POST /cormun/servlet/solicitudot?gx-no-cache=1556207467211 HTTP/1.1" 200 30
192.168.10.89 - - [25/Apr/2019:10:57:54 -0300] "GET /cormun/servlet/prcontratosol?16856630,,,,,MD,,gxPopupLevel%3D0%3B HTTP/1.1" 200 7577
192.168.10.89 - - [25/Apr/2019:10:57:58 -0300] "POST /cormun/servlet/solicitudot?gx-no-cache=1556207472331 HTTP/1.1" 200 1344
192.168.10.89 - - [25/Apr/2019:10:57:58 -0300] "POST /cormun/servlet/solicitudot?gx-no-cache=1556207472363 HTTP/1.1" 200 38
192.168.10.89 - - [25/Apr/2019:10:57:58 -0300] "GET /cormun/servlet/solicitudot?352aed39a35ea214a12b2ec7a0d4b8a73a30f0ec033fb6b5975c65910f5a169bc86833e1691b7db6855bd80d6470501af073623aa0a179b0911424f150eca7ced6b8f5726403067f97f9e7e2f4b0a51cee8f33a730d49be53667f33bc2651531d727768f83103339adea1fed064758ac,gx-no-cache=1556207472400 HTTP/1.1" 200 110
192.168.10.89 - - [25/Apr/2019:10:57:58 -0300] "POST /cormun/servlet/solicitudot?gx-no-cache=1556207472419 HTTP/1.1" 200 110
192.168.10.89 - - [25/Apr/2019:10:57:58 -0300] "GET /cormun/servlet/solicitudot?352aed39a35ea214a12b2ec7a0d4b8a7c651f685136089eb47524a62881ff0ab1e4971e91365bc21288652169514e8a41fb0c4cd7ecaeac4f89fcb205deb448fb2b2a04b4d522531702b87e2f0467ff4c308bbd056e8cab8befd5a43ca0dea1ff94373f0a7b1a2f7cee7828eedf10f09,gx-no-cache=1556207472442 HTTP/1.1" 200 29
192.168.10.89 - - [25/Apr/2019:10:57:58 -0300] "GET /cormun/servlet/solicitudot?352aed39a35ea214a12b2ec7a0d4b8a7ba9a9973417c7346c1e14372092541b1,gx-no-cache=1556207472454 HTTP/1.1" 200 30
190.171.144.234 - - [25/Apr/2019:10:57:59 -0300] "GET /cormun/servlet/trautorizarhe? HTTP/1.1" 200 7330
190.171.144.234 - - [25/Apr/2019:10:57:59 -0300] "GET /cormun/static/gxcfg.js?201710510524558 HTTP/1.1" 200 953
190.171.144.234 - - [25/Apr/2019:10:57:59 -0300] "GET /cormun/static/Resources/PXToolsAddAllStandardAction.png HTTP/1.1" 200 628
190.171.144.234 - - [25/Apr/2019:10:57:59 -0300] "GET /cormun/static/Resources/PXToolsRemoveAllStandardAction.png HTTP/1.1" 200 495
190.171.144.234 - - [25/Apr/2019:10:57:59 -0300] "GET /cormun/static/trautorizarhe.js?201710510525039 HTTP/1.1" 200 32881
190.171.144.234 - - [25/Apr/2019:10:58:00 -0300] "GET /cormun/servlet/trautorizarhe? HTTP/1.1" 200 7330
192.168.10.89 - - [25/Apr/2019:10:58:00 -0300] "POST /cormun/servlet/solicitudot?gx-no-cache=1556207474722 HTTP/1.1" 200 30
190.171.144.234 - - [25/Apr/2019:10:58:01 -0300] "POST /cormun/servlet/acontrolpreferencessavestate?None,ICESPEDES,true HTTP/1.1" 200 35
192.168.10.89 - - [25/Apr/2019:10:58:02 -0300] "GET /cormun/servlet/prcontratosol?16856630,,,,,MD,,gxPopupLevel%3D0%3B HTTP/1.1" 200 7577
192.168.10.89 - - [25/Apr/2019:10:58:04 -0300] "POST /cormun/servlet/solicitudot?gx-no-cache=1556207478235 HTTP/1.1" 200 1424
192.168.10.89 - - [25/Apr/2019:10:58:04 -0300] "POST /cormun/servlet/solicitudot?gx-no-cache=1556207478297 HTTP/1.1" 200 117
192.168.10.89 - - [25/Apr/2019:10:58:04 -0300] "GET /cormun/servlet/solicitudot?352aed39a35ea214a12b2ec7a0d4b8a73a30f0ec033fb6b5975c65910f5a169bc86833e1691b7db6855bd80d6470501af073623aa0a179b0911424f150eca7ced6b8f5726403067f97f9e7e2f4b0a51cee8f33a730d49be53667f33bc2651531d727768f83103339adea1fed064758ac,gx-no-cache=1556207478322 HTTP/1.1" 200 110
192.168.10.89 - - [25/Apr/2019:10:58:04 -0300] "GET /cormun/servlet/solicitudot?352aed39a35ea214a12b2ec7a0d4b8a7f3dd45e6723aa458d03f9dc3ba7228a7e152dee077e1f3aa197b87e539132f6c,gx-no-cache=1556207478343 HTTP/1.1" 200 134
190.171.144.234 - - [25/Apr/2019:10:58:13 -0300] "GET /cormun/servlet/wbreportehe? HTTP/1.1" 200 5698
190.171.144.234 - - [25/Apr/2019:10:58:13 -0300] "GET /cormun/servlet/wbreportehe? HTTP/1.1" 200 5698
190.171.144.234 - - [25/Apr/2019:10:58:13 -0300] "GET /cormun/static/gxcfg.js?20171121418344 HTTP/1.1" 200 953
190.171.144.234 - - [25/Apr/2019:10:58:13 -0300] "GET /cormun/static/wbreportehe.js?201711214183468 HTTP/1.1" 200 5876
190.171.144.234 - - [25/Apr/2019:10:58:14 -0300] "GET /cormun/servlet/wbreportehe? HTTP/1.1" 200 5698
192.168.10.89 - - [25/Apr/2019:10:58:24 -0300] "POST /cormun/servlet/solicitudot?gx-no-cache=1556207498466 HTTP/1.1" 200 1344
192.168.10.89 - - [25/Apr/2019:10:58:26 -0300] "GET /cormun/servlet/prlicenciaspermisos?6829535,L,,MD,,gxPopupLevel%3D0%3B HTTP/1.1" 200 7464
192.168.10.89 - - [25/Apr/2019:10:58:26 -0300] "GET /cormun/static/gxcfg.js?20176272053834 HTTP/1.1" 200 953
192.168.10.89 - - [25/Apr/2019:10:58:26 -0300] "GET /cormun/static/Resources/Spanish/PXTools.css?17315867 HTTP/1.1" 200 89042
192.168.10.89 - - [25/Apr/2019:10:58:26 -0300] "GET /cormun/static/prlicenciaspermisos.js?20176272054050 HTTP/1.1" 200 13379
190.171.144.234 - - [25/Apr/2019:10:58:30 -0300] "GET /cormun/servlet/trsolicitudot? HTTP/1.1" 200 7373
190.171.144.234 - - [25/Apr/2019:10:58:31 -0300] "GET /cormun/servlet/trsolicitudot? HTTP/1.1" 200 7373
190.171.144.234 - - [25/Apr/2019:10:58:37 -0300] "GET /cormun/servlet/trpermisosgoce? HTTP/1.1" 200 9585
190.171.144.234 - - [25/Apr/2019:10:58:38 -0300] "GET /cormun/servlet/trpermisosgoce? HTTP/1.1" 200 9585
190.171.144.234 - - [25/Apr/2019:10:58:38 -0300] "POST /cormun/servlet/acontrolpreferencessavestate?None,ICESPEDES,true HTTP/1.1" 200 35
192.168.10.89 - - [25/Apr/2019:10:59:22 -0300] "POST /cormun/servlet/solicitudot?gx-no-cache=1556207555996 HTTP/1.1" 200 41
192.168.10.89 - - [25/Apr/2019:10:59:32 -0300] "GET /cormun/servlet/solicitudot?352aed39a35ea214a12b2ec7a0d4b8a73a30f0ec033fb6b5975c65910f5a169bc86833e1691b7db6855bd80d6470501af073623aa0a179b0911424f150eca7ced6b8f5726403067f97f9e7e2f4b0a51cee8f33a730d49be53667f33bc2651531d727768f83103339adea1fed064758ac,gx-no-cache=1556207566498 HTTP/1.1" 200 110
192.168.10.89 - - [25/Apr/2019:10:59:33 -0300] "POST /cormun/servlet/solicitudot?gx-no-cache=1556207567848 HTTP/1.1" 200 110
192.168.10.89 - - [25/Apr/2019:10:59:42 -0300] "GET /cormun/servlet/solicitudot?352aed39a35ea214a12b2ec7a0d4b8a7c651f685136089eb47524a62881ff0ab1e4971e91365bc21288652169514e8a41fb0c4cd7ecaeac4f89fcb205deb448fb2b2a04b4d522531702b87e2f0467ff4c308bbd056e8cab8befd5a43ca0dea1ff94373f0a7b1a2f7cee7828eedf10f09,gx-no-cache=1556207576925 HTTP/1.1" 200 29
192.168.10.89 - - [25/Apr/2019:10:59:46 -0300] "GET /cormun/servlet/solicitudot?352aed39a35ea214a12b2ec7a0d4b8a7777f2cb97043418f02914d4394b112a44253cf0cb78097f301a8a8f98bb153d9,gx-no-cache=1556207580005 HTTP/1.1" 200 30
192.168.10.96 - - [25/Apr/2019:10:59:50 -0300] "POST /cormun/servlet/trsolicitudgral?39b39e107174893e149db7624f5e6e2e,,gx-no-cache=1556207583631 HTTP/1.1" 200 24017
192.168.10.96 - - [25/Apr/2019:10:59:53 -0300] "POST /cormun/servlet/trsolicitudgral?39b39e107174893e149db7624f5e6e2e,,gx-no-cache=1556207587651 HTTP/1.1" 200 8571
192.168.10.89 - - [25/Apr/2019:10:59:54 -0300] "POST /cormun/servlet/solicitudot?gx-no-cache=1556207588108 HTTP/1.1" 200 122
192.168.10.89 - - [25/Apr/2019:10:59:58 -0300] "GET /cormun/servlet/prlicenciaspermisos?6829535,L,,MD,,gxPopupLevel%3D0%3B HTTP/1.1" 200 7464
192.168.10.89 - - [25/Apr/2019:11:00:04 -0300] "POST /cormun/servlet/solicitudot?gx-no-cache=1556207598372 HTTP/1.1" 200 41
192.168.10.89 - - [25/Apr/2019:11:00:04 -0300] "GET /cormun/servlet/solicitudot?352aed39a35ea214a12b2ec7a0d4b8a73a30f0ec033fb6b5975c65910f5a169bc86833e1691b7db6855bd80d6470501af073623aa0a179b0911424f150eca7ced6b8f5726403067f97f9e7e2f4b0a51cee8f33a730d49be53667f33bc2651531d727768f83103339adea1fed064758ac,gx-no-cache=1556207598392 HTTP/1.1" 200 110
192.168.10.89 - - [25/Apr/2019:11:00:05 -0300] "POST /cormun/servlet/solicitudot?gx-no-cache=1556207599830 HTTP/1.1" 200 109
192.168.10.89 - - [25/Apr/2019:11:00:07 -0300] "GET /cormun/servlet/solicitudot?352aed39a35ea214a12b2ec7a0d4b8a7c651f685136089eb47524a62881ff0ab1e4971e91365bc21288652169514e8a41fb0c4cd7ecaeac4f89fcb205deb448fb2b2a04b4d522531702b87e2f0467ff4c308bbd056e8cab8befd5a43ca0dea1ff94373f0a7b1a2f7cee7828eedf10f09,gx-no-cache=1556207601436 HTTP/1.1" 200 29
192.168.10.89 - - [25/Apr/2019:11:00:07 -0300] "GET /cormun/servlet/solicitudot?352aed39a35ea214a12b2ec7a0d4b8a7777f2cb97043418f02914d4394b112a4e152dee077e1f3aa197b87e539132f6c,gx-no-cache=1556207601849 HTTP/1.1" 200 30
192.168.10.89 - - [25/Apr/2019:11:00:08 -0300] "POST /cormun/servlet/solicitudot?gx-no-cache=1556207602213 HTTP/1.1" 200 32
192.168.10.96 - - [25/Apr/2019:11:00:17 -0300] "POST /cormun/servlet/trsolicitudgral?39b39e107174893e149db7624f5e6e2e,,gx-no-cache=1556207611511 HTTP/1.1" 200 7699
192.168.10.89 - - [25/Apr/2019:11:00:19 -0300] "POST /cormun/servlet/solicitudot?724f62b1d2d511e9d6a91a79746fb540,INS,0,0,,gx-no-cache=1556207612815 HTTP/1.1" 200 93
192.168.10.89 - - [25/Apr/2019:11:00:19 -0300] "GET /cormun/servlet/hpexe_return? HTTP/1.1" 200 1007
192.168.10.89 - - [25/Apr/2019:11:00:19 -0300] "GET /cormun/servlet/trsolicitudot HTTP/1.1" 200 9401
192.168.10.96 - - [25/Apr/2019:11:00:44 -0300] "POST /cormun/servlet/trsolicitudgral?39b39e107174893e149db7624f5e6e2e,,gx-no-cache=1556207637935 HTTP/1.1" 200 7692
192.168.10.96 - - [25/Apr/2019:11:00:56 -0300] "POST /cormun/servlet/trsolicitudgral?39b39e107174893e149db7624f5e6e2e,,gx-no-cache=1556207650207 HTTP/1.1" 200 7322
192.168.10.89 - - [25/Apr/2019:11:01:01 -0300] "GET /cormun/servlet/solicitudot?INS,0,0, HTTP/1.1" 200 15230
192.168.10.96 - - [25/Apr/2019:11:01:02 -0300] "POST /cormun/servlet/trsolicitudgral?39b39e107174893e149db7624f5e6e2e,,gx-no-cache=1556207656487 HTTP/1.1" 200 7341
192.168.10.96 - - [25/Apr/2019:11:01:03 -0300] "POST /cormun/servlet/trsolicitudgral?39b39e107174893e149db7624f5e6e2e,,gx-no-cache=1556207657174 HTTP/1.1" 200 7339
192.168.10.89 - - [25/Apr/2019:11:01:08 -0300] "POST /cormun/servlet/solicitudot?gx-no-cache=1556207662042 HTTP/1.1" 200 3595
192.168.10.89 - - [25/Apr/2019:11:01:08 -0300] "POST /cormun/servlet/solicitudot?724f62b1d2d511e9d6a91a79746fb540,INS,0,0,,gx-no-cache=1556207662302 HTTP/1.1" 200 12077
192.168.10.89 - - [25/Apr/2019:11:01:36 -0300] "GET /cormun/servlet/solicitudot?352aed39a35ea214a12b2ec7a0d4b8a7cd479a73fceeaed9da8c8c194d767eaaeb7e5c0b25c725e647453daad6080ed0,gx-no-cache=1556207690919 HTTP/1.1" 200 30
192.168.10.89 - - [25/Apr/2019:11:01:40 -0300] "GET /cormun/servlet/solicitudot?352aed39a35ea214a12b2ec7a0d4b8a7a2fbff6d99ebe41c21979e01b90a318c8cd0ec411ba0efa05d4af8a756d84340fce25fbe1c2b1b72ba4e85ddeb57a54d,gx-no-cache=1556207694364 HTTP/1.1" 200 30
192.168.10.89 - - [25/Apr/2019:11:01:40 -0300] "GET /cormun/servlet/solicitudot?352aed39a35ea214a12b2ec7a0d4b8a7e989539600c3ff074ff77f62c1481fe5,gx-no-cache=1556207694381 HTTP/1.1" 200 53
192.168.10.89 - - [25/Apr/2019:11:01:40 -0300] "POST /cormun/servlet/solicitudot?gx-no-cache=1556207694411 HTTP/1.1" 200 297
192.168.10.89 - - [25/Apr/2019:11:01:40 -0300] "GET /cormun/servlet/solicitudot?352aed39a35ea214a12b2ec7a0d4b8a72497d124341e5db34b8ab2604a79d72326c432d8859ce3d67868f4137e22dc1f45c35dd0153ea6c1cc49ff465f13112acfa933d9bdb312c846b0fb13ea3867b9e0055ab902d662a2a062b4bb3dad86137f54602b2e4868a56725451d752982e7c029c630df52d45e65eaeadbd518ff2189bfcdb86b9e6a36e233a20dcca99a7d5d08b4841962d6196ad5f0586a8bdb393a75a5b5a6d8476c51cd5ec5802276f9f0fd4aae14f9782f0077c0b0373dbbeb76c99f905a3f5169f57e15dda2efc48037f89dc277f9a854735f081871ca141903625d2fc6a06279fd7c3595ef40d64e74f2510975ac58ba37132aaeeb2121e60830be365eb2321c9309ac7c3764ad56d3bc29e3d008cfd681a60aa9c0cf5a9c524112197bbb2755cbcfa39bf7c720f1b73d115e167ad475a4b8c5e136a4af93dfbc4f7af2c748fddf4aa224a155ffe936c44e768d3d9b8a691daf78e93c9ae3d8ab5501878c2c11abff93fd30083a75a4ffed73974318658e49808d02d57690089e57daf9b0e17456577e5316fdd454,gx-no-cache=1556207694468 HTTP/1.1" 200 30
192.168.10.89 - - [25/Apr/2019:11:01:44 -0300] "POST /cormun/servlet/solicitudot?gx-no-cache=1556207698561 HTTP/1.1" 200 30
192.168.10.89 - - [25/Apr/2019:11:01:47 -0300] "GET /cormun/servlet/prcontratosol?17955578,,,,,MD,,gxPopupLevel%3D0%3B HTTP/1.1" 200 7787
192.168.10.89 - - [25/Apr/2019:11:01:50 -0300] "POST /cormun/servlet/solicitudot?gx-no-cache=1556207704879 HTTP/1.1" 200 1344
192.168.10.89 - - [25/Apr/2019:11:01:50 -0300] "POST /cormun/servlet/solicitudot?gx-no-cache=1556207704912 HTTP/1.1" 200 38
192.168.10.89 - - [25/Apr/2019:11:01:50 -0300] "GET /cormun/servlet/solicitudot?352aed39a35ea214a12b2ec7a0d4b8a73a30f0ec033fb6b5975c65910f5a169bc86833e1691b7db6855bd80d6470501af073623aa0a179b0911424f150eca7ced6b8f5726403067f97f9e7e2f4b0a51cee8f33a730d49be53667f33bc2651531d727768f83103339adea1fed064758ac,gx-no-cache=1556207704929 HTTP/1.1" 200 110
192.168.10.89 - - [25/Apr/2019:11:01:50 -0300] "POST /cormun/servlet/solicitudot?gx-no-cache=1556207704961 HTTP/1.1" 200 97
192.168.10.89 - - [25/Apr/2019:11:01:50 -0300] "GET /cormun/servlet/solicitudot?352aed39a35ea214a12b2ec7a0d4b8a7c651f685136089eb47524a62881ff0ab1e4971e91365bc21288652169514e8a41fb0c4cd7ecaeac4f89fcb205deb448fb2b2a04b4d522531702b87e2f0467ff4c308bbd056e8cab8befd5a43ca0dea1ff94373f0a7b1a2f7cee7828eedf10f09,gx-no-cache=1556207704985 HTTP/1.1" 200 29
192.168.10.89 - - [25/Apr/2019:11:01:51 -0300] "GET /cormun/servlet/solicitudot?352aed39a35ea214a12b2ec7a0d4b8a72d20d880ebe8cb8a125728008c498222e152dee077e1f3aa197b87e539132f6c,gx-no-cache=1556207705000 HTTP/1.1" 200 134
192.168.10.89 - - [25/Apr/2019:11:01:51 -0300] "GET /cormun/static/Shared/jqueryui/images/ui-icons_82798d_256x240.png HTTP/1.1" 404 1089
192.168.10.89 - - [25/Apr/2019:11:01:51 -0300] "GET /cormun/static/Shared/jqueryui/images/ui-bg_highlight-soft_100_c6c2c8_1x100.png HTTP/1.1" 404 1117
192.168.10.89 - - [25/Apr/2019:11:01:51 -0300] "GET /cormun/static/Shared/jqueryui/images/ui-icons_ebccce_256x240.png HTTP/1.1" 404 1089
192.168.10.89 - - [25/Apr/2019:11:01:51 -0300] "GET /cormun/static/Shared/jqueryui/images/ui-bg_flat_55_994d53_40x100.png HTTP/1.1" 404 1097
192.168.10.89 - - [25/Apr/2019:11:02:12 -0300] "GET /cormun/servlet/solicitudot?352aed39a35ea214a12b2ec7a0d4b8a7c651f685136089eb47524a62881ff0ab1e4971e91365bc21288652169514e8a41fb0c4cd7ecaeac4f89fcb205deb448fb2b2a04b4d522531702b87e2f0467ff4c308bbd056e8cab8befd5a43ca0dea1ff94373f0a7b1a2f7cee7828eedf10f09,gx-no-cache=1556207726642 HTTP/1.1" 200 29
192.168.10.89 - - [25/Apr/2019:11:02:16 -0300] "GET /cormun/servlet/solicitudot?352aed39a35ea214a12b2ec7a0d4b8a7777f2cb97043418f02914d4394b112a4da23b064599d36d858c0d629724bca77,gx-no-cache=1556207730282 HTTP/1.1" 200 30
192.168.10.89 - - [25/Apr/2019:11:02:17 -0300] "POST /cormun/servlet/solicitudot?gx-no-cache=1556207731563 HTTP/1.1" 200 33
192.168.10.89 - - [25/Apr/2019:11:02:21 -0300] "POST /cormun/servlet/solicitudot?724f62b1d2d511e9d6a91a79746fb540,INS,0,0,,gx-no-cache=1556207735304 HTTP/1.1" 200 93
192.168.10.89 - - [25/Apr/2019:11:02:21 -0300] "GET /cormun/servlet/hpexe_return? HTTP/1.1" 200 1007
192.168.10.89 - - [25/Apr/2019:11:02:21 -0300] "GET /cormun/servlet/trsolicitudot HTTP/1.1" 200 9793
192.168.10.89 - - [25/Apr/2019:11:02:25 -0300] "POST /cormun/servlet/trsolicitudot?724f62b1d2d511e9d6a91a79746fb540,gx-no-cache=1556207738949 HTTP/1.1" 200 6520
192.168.10.89 - - [25/Apr/2019:11:02:25 -0300] "POST /cormun/servlet/trsolicitudot?724f62b1d2d511e9d6a91a79746fb540,gx-no-cache=1556207739291 HTTP/1.1" 200 6463
192.168.10.89 - - [25/Apr/2019:11:02:25 -0300] "GET /cormun/static/Shared/jqueryui/images/ui-bg_highlight-soft_100_c6c2c8_1x100.png HTTP/1.1" 404 1117
192.168.10.89 - - [25/Apr/2019:11:02:25 -0300] "GET /cormun/static/Shared/jqueryui/images/ui-bg_flat_55_fafafa_40x100.png HTTP/1.1" 404 1097
192.168.10.89 - - [25/Apr/2019:11:02:25 -0300] "GET /cormun/static/Shared/jqueryui/images/ui-icons_82798d_256x240.png HTTP/1.1" 404 1089
192.168.10.89 - - [25/Apr/2019:11:02:25 -0300] "GET /cormun/static/Shared/jqueryui/images/ui-icons_8d78a5_256x240.png HTTP/1.1" 404 1089
192.168.10.89 - - [25/Apr/2019:11:02:26 -0300] "POST /cormun/servlet/trsolicitudot?724f62b1d2d511e9d6a91a79746fb540,gx-no-cache=1556207740108 HTTP/1.1" 200 5972
192.168.10.89 - - [25/Apr/2019:11:02:26 -0300] "POST /cormun/servlet/trsolicitudot?724f62b1d2d511e9d6a91a79746fb540,gx-no-cache=1556207740572 HTTP/1.1" 200 5916
192.168.10.89 - - [25/Apr/2019:11:02:27 -0300] "POST /cormun/servlet/trsolicitudot?724f62b1d2d511e9d6a91a79746fb540,gx-no-cache=1556207741509 HTTP/1.1" 200 4758
192.168.10.89 - - [25/Apr/2019:11:02:27 -0300] "POST /cormun/servlet/trsolicitudot?724f62b1d2d511e9d6a91a79746fb540,gx-no-cache=1556207741874 HTTP/1.1" 200 4533
