200.111.191.210 - - [24/Apr/2019:12:01:27 -0300] "GET /cormun/servlet/solicitudot?5d06c3aa30443db7a3cea6ce568b750374c94d342a168844f6d3f90cdf2e0fe46db588c73b8a6a965f68d4f5a4a7963d,gx-no-cache=1556117941081 HTTP/1.1" 200 30
200.111.191.210 - - [24/Apr/2019:12:01:28 -0300] "POST /cormun/servlet/solicitudot?gx-no-cache=1556117942318 HTTP/1.1" 200 33
200.111.191.210 - - [24/Apr/2019:12:01:48 -0300] "POST /cormun/servlet/solicitudot?ccd61e2125fa4de5f4cb9f08fe934b86,INS,0,0,,gx-no-cache=1556117962305 HTTP/1.1" 200 93
200.111.191.210 - - [24/Apr/2019:12:01:48 -0300] "GET /cormun/servlet/hpexe_return? HTTP/1.1" 200 1010
200.111.191.210 - - [24/Apr/2019:12:01:49 -0300] "GET /cormun/servlet/trsolicitudot HTTP/1.1" 200 8532
200.111.191.210 - - [24/Apr/2019:12:01:49 -0300] "GET /cormun/servlet/trsolicitudot HTTP/1.1" 200 8528
190.171.149.90 - - [24/Apr/2019:12:01:51 -0300] "GET /cormun/servlet/trlicencias? HTTP/1.1" 200 10039
190.171.149.90 - - [24/Apr/2019:12:01:51 -0300] "GET /cormun/static/gxcfg.js?20176272054169 HTTP/1.1" 200 953
190.171.149.90 - - [24/Apr/2019:12:01:52 -0300] "GET /cormun//static/Resources/PXToolsGridDisplay.png HTTP/1.1" 200 362
190.171.149.90 - - [24/Apr/2019:12:01:52 -0300] "GET /cormun//static/Resources/PXToolsActionDisabled.gif HTTP/1.1" 200 53
190.171.149.90 - - [24/Apr/2019:12:01:52 -0300] "GET /cormun//static/Resources/PXToolsHeaderFavorites.png HTTP/1.1" 200 2744
190.171.149.90 - - [24/Apr/2019:12:01:52 -0300] "GET /cormun//static/Resources/PXToolsActionPrint.png HTTP/1.1" 200 3317
190.171.149.90 - - [24/Apr/2019:12:01:52 -0300] "GET /cormun/servlet/trlicencias? HTTP/1.1" 200 10033
190.171.149.90 - - [24/Apr/2019:12:01:52 -0300] "GET /cormun/static/Shared/ext/resources/themes/images/default/panel/bg-headersPanel.png HTTP/1.1" 200 255
200.111.191.210 - - [24/Apr/2019:12:01:56 -0300] "POST /cormun/servlet/trsolicitudot?ccd61e2125fa4de5f4cb9f08fe934b86,gx-no-cache=1556117969639 HTTP/1.1" 200 24156
200.111.191.210 - - [24/Apr/2019:12:02:02 -0300] "GET /cormun/servlet/vesolicitudot?2019,15445,, HTTP/1.1" 200 8463
200.111.191.210 - - [24/Apr/2019:12:02:02 -0300] "GET /cormun/pexe_scrolldiv.js HTTP/1.1" 404 1009
200.111.191.210 - - [24/Apr/2019:12:02:02 -0300] "GET /cormun/servlet/vesolicitudot?2019,15445,, HTTP/1.1" 200 8463
190.171.141.122 - - [24/Apr/2019:12:02:06 -0300] "GET /cormun/servlet/hlogin HTTP/1.1" 200 1727
200.111.191.210 - - [24/Apr/2019:12:02:23 -0300] "POST /cormun/servlet/vesolicitudot?ccd61e2125fa4de5f4cb9f08fe934b86,2019,15445,,,gx-no-cache=1556117996979 HTTP/1.1" 200 93
200.111.191.210 - - [24/Apr/2019:12:02:23 -0300] "GET /cormun/servlet/hpexe_return? HTTP/1.1" 200 1036
200.111.191.210 - - [24/Apr/2019:12:02:24 -0300] "GET /cormun/servlet/trsolicitudot?gx-no-cache=1556117969639 HTTP/1.1" 200 27049
200.111.191.210 - - [24/Apr/2019:12:02:25 -0300] "GET /cormun/servlet/trsolicitudot?gx-no-cache=1556117969639 HTTP/1.1" 200 27067
200.111.191.210 - - [24/Apr/2019:12:02:30 -0300] "POST /cormun/servlet/trsolicitudot?ccd61e2125fa4de5f4cb9f08fe934b86,gx-no-cache=1556117969639,gx-no-cache=1556118001688 HTTP/1.1" 200 24196
200.111.191.210 - - [24/Apr/2019:12:02:31 -0300] "GET /cormun/static/Shared/jqueryui/images/ui-bg_highlight-soft_100_c6c2c8_1x100.png HTTP/1.1" 404 1117
200.111.191.210 - - [24/Apr/2019:12:02:31 -0300] "GET /cormun/static/Shared/jqueryui/images/ui-icons_82798d_256x240.png HTTP/1.1" 404 1089
200.111.191.210 - - [24/Apr/2019:12:02:31 -0300] "GET /cormun/static/Shared/jqueryui/images/ui-bg_flat_55_fafafa_40x100.png HTTP/1.1" 404 1097
200.111.191.210 - - [24/Apr/2019:12:02:31 -0300] "GET /cormun/static/Shared/jqueryui/images/ui-icons_8d78a5_256x240.png HTTP/1.1" 404 1089
200.111.191.210 - - [24/Apr/2019:12:02:32 -0300] "POST /cormun/servlet/trsolicitudot?ccd61e2125fa4de5f4cb9f08fe934b86,gx-no-cache=1556117969639,gx-no-cache=1556118005374 HTTP/1.1" 200 24135
200.111.191.210 - - [24/Apr/2019:12:03:08 -0300] "GET /cormun/servlet/solicitudot?INS,0,0, HTTP/1.1" 200 14967
200.111.191.210 - - [24/Apr/2019:12:03:09 -0300] "GET /cormun/servlet/solicitudot?INS,0,0, HTTP/1.1" 200 14950
200.111.191.210 - - [24/Apr/2019:12:03:17 -0300] "POST /cormun/servlet/solicitudot?gx-no-cache=1556118051622 HTTP/1.1" 200 3590
200.111.191.210 - - [24/Apr/2019:12:03:17 -0300] "POST /cormun/servlet/solicitudot?ccd61e2125fa4de5f4cb9f08fe934b86,INS,0,0,,gx-no-cache=1556118051754 HTTP/1.1" 200 11883
200.111.191.210 - - [24/Apr/2019:12:03:19 -0300] "GET /cormun/servlet/solicitudot?5d06c3aa30443db7a3cea6ce568b7503055c38a10f1a2164bd0943e6f9cf43745b162e1d89ae77bc77cd62f9b6e2e7bd,gx-no-cache=1556118054042 HTTP/1.1" 200 30
200.111.191.210 - - [24/Apr/2019:12:03:19 -0300] "GET /cormun/servlet/solicitudot?5d06c3aa30443db7a3cea6ce568b7503b0ee1a7a3737daceab9d6e54b0f0ffa4b7b24b3a0055e050c3e68f90f6eed030920039cd720760286908e865d29fcf3f,gx-no-cache=1556118054063 HTTP/1.1" 200 30
200.111.191.210 - - [24/Apr/2019:12:03:19 -0300] "GET /cormun/servlet/solicitudot?5d06c3aa30443db7a3cea6ce568b7503cb33c3e1b738a39a812ff62d42990edf,gx-no-cache=1556118054078 HTTP/1.1" 200 61
200.111.191.210 - - [24/Apr/2019:12:03:19 -0300] "POST /cormun/servlet/solicitudot?gx-no-cache=1556118054095 HTTP/1.1" 200 297
200.111.191.210 - - [24/Apr/2019:12:03:20 -0300] "GET /cormun/servlet/solicitudot?5d06c3aa30443db7a3cea6ce568b750336a3546a4167827ce0b373b0280be7adceed2dc9a962fe9983632023778690588ea0aa1ff4a6b41efae0cc94d0b81aa826fe882e442fac6e4686a18d7cf8a9ad2b6a677415733554de96a076c660bea3f0a954e11ef27a057c6e65f2754a8ddb85a04023cb3f5cb13dbcbd2101083428af27a831979a640ed162c3c61b200d9b43c04f0a6b60db5a4da831392ab41bb6466424e2982510a491efe9362f6e2f13b949c3b953984d258bf9bf47148c384af440a59b592398ba1f421d33a325a71ba83db1b09b0787312893418047497dc6bd7e0e996468d85a764fb41a49ebacb5381126f609b0be0436da75894f799dcafcdc4b6f8d0e0db94dad36e9cc7c86822e273c807bc6a9fef71e0334f4ea43af5260ecb99f15f770746c8f8da7343f65684b052d777701e8ddbe122a751d7eef07446f414889b15254dc5c9588f0f2b1ec9088b542994b8d4fee84f8c7e0cf2c2c096e36d0f891d68ee622d47c87d996e2ddfc0b6940edcbdea5f0c9ac405fd14e2c7c5b793912824c1b620accc55bce,gx-no-cache=1556118054117 HTTP/1.1" 200 30
200.111.191.210 - - [24/Apr/2019:12:03:21 -0300] "POST /cormun/servlet/solicitudot?gx-no-cache=1556118055507 HTTP/1.1" 200 30
200.111.191.210 - - [24/Apr/2019:12:03:24 -0300] "POST /cormun/servlet/solicitudot?gx-no-cache=1556118058848 HTTP/1.1" 200 30
200.111.191.210 - - [24/Apr/2019:12:03:26 -0300] "GET /cormun/servlet/prcontratosol?17235254,,,,,MD,,gxPopupLevel%3D0%3B HTTP/1.1" 200 8311
200.111.191.210 - - [24/Apr/2019:12:03:28 -0300] "POST /cormun/servlet/solicitudot?gx-no-cache=1556118062376 HTTP/1.1" 200 1344
200.111.191.210 - - [24/Apr/2019:12:03:28 -0300] "POST /cormun/servlet/solicitudot?gx-no-cache=1556118062403 HTTP/1.1" 200 38
200.111.191.210 - - [24/Apr/2019:12:03:28 -0300] "GET /cormun/servlet/solicitudot?5d06c3aa30443db7a3cea6ce568b750368ed468d52282e22f08ac440e03dcb968800a186141f0cc59fcca7cda939660a091a39978de51a4c583ff9848cf4068091541d872e27bf530b387cb64ec50147545162563f90bc8f036366d219de7c7f8602a90daefbf8dcbf720adcb12c3350,gx-no-cache=1556118062419 HTTP/1.1" 200 110
200.111.191.210 - - [24/Apr/2019:12:03:28 -0300] "POST /cormun/servlet/solicitudot?gx-no-cache=1556118062436 HTTP/1.1" 200 97
200.111.191.210 - - [24/Apr/2019:12:03:28 -0300] "GET /cormun/servlet/solicitudot?5d06c3aa30443db7a3cea6ce568b75033e5a12496411303a945b3707cb8f9fb0ea03be9343e0110c57eb20b9598fcb224198d208f715421b48ffb4e047ebea1efd54ac745a9d0fa019599b5d5e96f0faaf4b0ab991b473edcf9b49062b6696286265e57b2d927fa04e2a48e1141c23c1,gx-no-cache=1556118062456 HTTP/1.1" 200 29
200.111.191.210 - - [24/Apr/2019:12:03:28 -0300] "GET /cormun/servlet/solicitudot?5d06c3aa30443db7a3cea6ce568b7503aa281d3190c3d284fbcbbe9eb82818c4b0fc3c83e3dfaafd1a68ee72c2184f4c,gx-no-cache=1556118062471 HTTP/1.1" 200 134
200.111.191.210 - - [24/Apr/2019:12:03:28 -0300] "GET /cormun/static/Shared/jqueryui/images/ui-bg_highlight-soft_100_c6c2c8_1x100.png HTTP/1.1" 404 1117
200.111.191.210 - - [24/Apr/2019:12:03:28 -0300] "GET /cormun/static/Shared/jqueryui/images/ui-icons_82798d_256x240.png HTTP/1.1" 404 1089
200.111.191.210 - - [24/Apr/2019:12:03:28 -0300] "GET /cormun/static/Shared/jqueryui/images/ui-icons_ebccce_256x240.png HTTP/1.1" 404 1089
200.111.191.210 - - [24/Apr/2019:12:03:28 -0300] "GET /cormun/static/Shared/jqueryui/images/ui-bg_flat_55_994d53_40x100.png HTTP/1.1" 404 1097
190.171.141.122 - - [24/Apr/2019:12:03:36 -0300] "POST /cormun/servlet/hlogin?e2cd9f919b65f178e93bf71bb1552f09,gx-no-cache=1556117990565 HTTP/1.1" 200 90
190.171.141.122 - - [24/Apr/2019:12:03:36 -0300] "GET /cormun/servlet/hpexe_link HTTP/1.1" 200 959
190.171.141.122 - - [24/Apr/2019:12:03:36 -0300] "GET /cormun/servlet/trsolicitudot? HTTP/1.1" 200 11699
190.171.141.122 - - [24/Apr/2019:12:03:36 -0300] "GET /cormun/servlet/trsolicitudot? HTTP/1.1" 200 11698
190.171.149.90 - - [24/Apr/2019:12:03:52 -0300] "GET /cormun/servlet/trsolicitudot? HTTP/1.1" 200 7350
190.171.149.90 - - [24/Apr/2019:12:03:52 -0300] "GET /cormun/servlet/trsolicitudot? HTTP/1.1" 200 7350
190.171.149.90 - - [24/Apr/2019:12:03:56 -0300] "GET /cormun/servlet/solicitudot?INS,0,0, HTTP/1.1" 200 15273
190.171.149.90 - - [24/Apr/2019:12:03:56 -0300] "GET /cormun/static/Resources/prompt.gif HTTP/1.1" 200 902
190.171.149.90 - - [24/Apr/2019:12:03:57 -0300] "GET /cormun/servlet/solicitudot?INS,0,0, HTTP/1.1" 200 15279
200.111.191.210 - - [24/Apr/2019:12:04:01 -0300] "GET /cormun/servlet/solicitudot?5d06c3aa30443db7a3cea6ce568b750374c94d342a168844f6d3f90cdf2e0fe46db588c73b8a6a965f68d4f5a4a7963d,gx-no-cache=1556118095614 HTTP/1.1" 200 30
200.111.191.210 - - [24/Apr/2019:12:04:01 -0300] "POST /cormun/servlet/solicitudot?gx-no-cache=1556118095642 HTTP/1.1" 200 33
190.171.149.90 - - [24/Apr/2019:12:04:31 -0300] "GET /cormun/servlet/prfichaempleado?,MD,,gxPopupLevel%3D0%3B HTTP/1.1" 200 9389
190.171.141.122 - - [24/Apr/2019:12:04:36 -0300] "GET /cormun/servlet/trcontratounov2? HTTP/1.1" 200 17452
190.171.141.122 - - [24/Apr/2019:12:04:36 -0300] "GET /cormun/static/gxcfg.js?201752512124396 HTTP/1.1" 200 953
190.171.141.122 - - [24/Apr/2019:12:04:36 -0300] "GET /cormun/static/Resources/PXToolsAddSelectedAction.png HTTP/1.1" 200 3660
190.171.141.122 - - [24/Apr/2019:12:04:36 -0300] "GET /cormun/static/trcontratounov2.js?201752512125146 HTTP/1.1" 200 38486
190.171.141.122 - - [24/Apr/2019:12:04:36 -0300] "GET /cormun/servlet/trcontratounov2? HTTP/1.1" 200 17460
190.171.149.90 - - [24/Apr/2019:12:04:40 -0300] "POST /cormun/servlet/prfichaempleado?ed9a6ac4371130108da7941b5d3f5c8d,,MD,,gxPopupLevel%3D0%3B,gx-no-cache=1556118054257 HTTP/1.1" 200 5277
200.111.191.210 - - [24/Apr/2019:12:04:41 -0300] "POST /cormun/servlet/solicitudot?ccd61e2125fa4de5f4cb9f08fe934b86,INS,0,0,,gx-no-cache=1556118135786 HTTP/1.1" 200 93
200.111.191.210 - - [24/Apr/2019:12:04:41 -0300] "GET /cormun/servlet/hpexe_return? HTTP/1.1" 200 1031
200.111.191.210 - - [24/Apr/2019:12:04:42 -0300] "GET /cormun/servlet/trsolicitudot?gx-no-cache=1556117969639 HTTP/1.1" 200 26950
200.111.191.210 - - [24/Apr/2019:12:04:44 -0300] "GET /cormun/servlet/trsolicitudot?gx-no-cache=1556117969639 HTTP/1.1" 200 26969
200.111.191.210 - - [24/Apr/2019:12:04:47 -0300] "POST /cormun/servlet/trsolicitudot?ccd61e2125fa4de5f4cb9f08fe934b86,gx-no-cache=1556117969639,gx-no-cache=1556118140649 HTTP/1.1" 200 24177
190.171.149.90 - - [24/Apr/2019:12:04:47 -0300] "POST /cormun/servlet/solicitudot?gx-no-cache=1556118060993 HTTP/1.1" 200 3582
190.171.149.90 - - [24/Apr/2019:12:04:47 -0300] "POST /cormun/servlet/solicitudot?ed9a6ac4371130108da7941b5d3f5c8d,INS,0,0,,gx-no-cache=1556118061214 HTTP/1.1" 200 12056
200.111.191.210 - - [24/Apr/2019:12:04:47 -0300] "GET /cormun/static/Shared/jqueryui/images/ui-bg_highlight-soft_100_c6c2c8_1x100.png HTTP/1.1" 404 1117
200.111.191.210 - - [24/Apr/2019:12:04:47 -0300] "GET /cormun/static/Shared/jqueryui/images/ui-icons_82798d_256x240.png HTTP/1.1" 404 1089
200.111.191.210 - - [24/Apr/2019:12:04:47 -0300] "GET /cormun/static/Shared/jqueryui/images/ui-icons_8d78a5_256x240.png HTTP/1.1" 404 1089
200.111.191.210 - - [24/Apr/2019:12:04:47 -0300] "GET /cormun/static/Shared/jqueryui/images/ui-bg_flat_55_fafafa_40x100.png HTTP/1.1" 404 1097
190.171.149.90 - - [24/Apr/2019:12:04:47 -0300] "GET /cormun/servlet/solicitudot?337f3bac9644355f033d89bdd6e0f40f3551e4687a9218768c1e16fa74b81645295fcb8c64bc003f3acadb8326cc0be1,gx-no-cache=1556118061431 HTTP/1.1" 200 30
200.111.191.210 - - [24/Apr/2019:12:04:48 -0300] "POST /cormun/servlet/trsolicitudot?ccd61e2125fa4de5f4cb9f08fe934b86,gx-no-cache=1556117969639,gx-no-cache=1556118142122 HTTP/1.1" 200 24115
200.111.191.210 - - [24/Apr/2019:12:04:59 -0300] "GET /cormun/servlet/solicitudot?INS,0,0, HTTP/1.1" 200 14967
200.111.191.210 - - [24/Apr/2019:12:05:00 -0300] "GET /cormun/servlet/solicitudot?INS,0,0, HTTP/1.1" 200 14950
200.111.191.210 - - [24/Apr/2019:12:05:02 -0300] "GET /cormun/servlet/prfichaempleado?,MD,,gxPopupLevel%3D0%3B HTTP/1.1" 200 9328
190.171.149.90 - - [24/Apr/2019:12:05:02 -0300] "GET /cormun/servlet/solicitudot?337f3bac9644355f033d89bdd6e0f40fe56de5f34f95f25b0a290794b5df6ab68e5ebb3eda357ad4816fe59dc52e45791926c8983cc31e3e4eba519cc04154f1,gx-no-cache=1556118076150 HTTP/1.1" 200 30
190.171.149.90 - - [24/Apr/2019:12:05:02 -0300] "GET /cormun/servlet/solicitudot?337f3bac9644355f033d89bdd6e0f40fcae97f652b104a73509f9875fa615bdc,gx-no-cache=1556118076183 HTTP/1.1" 200 53
190.171.149.90 - - [24/Apr/2019:12:05:02 -0300] "POST /cormun/servlet/solicitudot?gx-no-cache=1556118076256 HTTP/1.1" 200 255
190.171.149.90 - - [24/Apr/2019:12:05:02 -0300] "GET /cormun/servlet/solicitudot?337f3bac9644355f033d89bdd6e0f40f2e0d290d2909a878d691f6157a8c8f7ae2706aa506b8fe1a8404b83fa15e38cef611de30d659d991bebaa92253d4007267d8d4d668d7ab2f2c2182500be0e5076ca74e0f97dc1269ea7d6ccb2f49682745a0a3eb3d593ba4f93a6b95681003b0c4f324f806b2a14eeb4bfc04189478ae2895d55913a101606a23f0e3295448a75f441a73b65be08c7501a32eb30a4c694d662ab7c3fc39eb72cb9fbe06ec905b0ea81fd4e921a2b301eacbc827a846f1a4b2ea7c9d3d9accf5ece95929658427b748cb4e4abc9b280e074aea9542fb9b92eb721ac15a0e629759e3a6640d5aec7894e4e2cbdf24d6f6b466f159407c9c2c6d15dba48a50d8486b37a06150622abc8a3f143bf814d374c4c6abde8d404e84416005b5d2cc9a1815c3b88908dfd20bcbf8e1cf270c46897a967b15776066c4b677b3bf6e11cda962ac2d16297a5ddca5308f7f7861c2e51414181531a6bea276e67799b0268a863c92c848dfc7527c144c48288add77ead1fd6aa4225cce,gx-no-cache=1556118076299 HTTP/1.1" 200 30
190.171.149.90 - - [24/Apr/2019:12:05:02 -0300] "POST /cormun/servlet/solicitudot?gx-no-cache=1556118076331 HTTP/1.1" 200 30
190.171.149.90 - - [24/Apr/2019:12:05:02 -0300] "POST /cormun/servlet/solicitudot?gx-no-cache=1556118076378 HTTP/1.1" 200 1343
190.171.149.90 - - [24/Apr/2019:12:05:03 -0300] "POST /cormun/servlet/solicitudot?gx-no-cache=1556118076489 HTTP/1.1" 200 38
190.171.149.90 - - [24/Apr/2019:12:05:03 -0300] "GET /cormun/servlet/solicitudot?337f3bac9644355f033d89bdd6e0f40f6ac54525052446e3273fc26ba879466eaf2913a5772d9d51a9e97c670823d506505fe335eaccfd50ff26fd03b4898aabe1618938e7c4a5a11b83ffa3a10ee5a28313b60e02d545e0e209d2836b462cc8637351511fb2c8214b07c77614ce7cf5,gx-no-cache=1556118076552 HTTP/1.1" 200 110
190.171.149.90 - - [24/Apr/2019:12:05:03 -0300] "POST /cormun/servlet/solicitudot?gx-no-cache=1556118076592 HTTP/1.1" 200 69
200.111.191.210 - - [24/Apr/2019:12:05:09 -0300] "POST /cormun/servlet/prfichaempleado?ccd61e2125fa4de5f4cb9f08fe934b86,,MD,,gxPopupLevel%3D0%3B,gx-no-cache=1556118163287 HTTP/1.1" 200 3677
200.111.191.210 - - [24/Apr/2019:12:05:14 -0300] "POST /cormun/servlet/solicitudot?gx-no-cache=1556118168447 HTTP/1.1" 200 3585
200.111.191.210 - - [24/Apr/2019:12:05:14 -0300] "POST /cormun/servlet/solicitudot?ccd61e2125fa4de5f4cb9f08fe934b86,INS,0,0,,gx-no-cache=1556118168574 HTTP/1.1" 200 11861
200.111.191.210 - - [24/Apr/2019:12:05:15 -0300] "GET /cormun/servlet/solicitudot?5d06c3aa30443db7a3cea6ce568b75031addb9665d8ad4c585204ef8a84bc9c15b162e1d89ae77bc77cd62f9b6e2e7bd,gx-no-cache=1556118170032 HTTP/1.1" 200 30
200.111.191.210 - - [24/Apr/2019:12:05:15 -0300] "GET /cormun/servlet/solicitudot?5d06c3aa30443db7a3cea6ce568b7503d523cb0cbad37d0f56b94edcbda476083c7c9de5053ff4aaf12801fd8c4738215b162e1d89ae77bc77cd62f9b6e2e7bd,gx-no-cache=1556118170051 HTTP/1.1" 200 30
200.111.191.210 - - [24/Apr/2019:12:05:15 -0300] "GET /cormun/servlet/solicitudot?5d06c3aa30443db7a3cea6ce568b7503b6ce4e63a010b0728ec67c5384b1a485,gx-no-cache=1556118170066 HTTP/1.1" 200 53
200.111.191.210 - - [24/Apr/2019:12:05:15 -0300] "POST /cormun/servlet/solicitudot?gx-no-cache=1556118170083 HTTP/1.1" 200 297
200.111.191.210 - - [24/Apr/2019:12:05:15 -0300] "GET /cormun/servlet/solicitudot?5d06c3aa30443db7a3cea6ce568b750336a3546a4167827ce0b373b0280be7adceed2dc9a962fe9983632023778690588ea0aa1ff4a6b41efae0cc94d0b81aa826fe882e442fac6e4686a18d7cf8a9ad2b6a677415733554de96a076c660bea3f0a954e11ef27a057c6e65f2754a8ddb85a04023cb3f5cb13dbcbd2101083428af27a831979a640ed162c3c61b200d9b43c04f0a6b60db5a4da831392ab41bb6466424e2982510a491efe9362f6e2f13b949c3b953984d258bf9bf47148c384af440a59b592398ba1f421d33a325a71ba83db1b09b0787312893418047497dc6bd7e0e996468d85a764fb41a49ebacb5381126f609b0be0436da75894f799dcafcdc4b6f8d0e0db94dad36e9cc7c86822e273c807bc6a9fef71e0334f4ea43af5260ecb99f15f770746c8f8da7343f65684b052d777701e8ddbe122a751d7eef07446f414889b15254dc5c9588f0f2b1ec9088b542994b8d4fee84f8c7e0cf2c2c096e36d0f891d68ee622d47c87d996e2ddfc0b6940edcbdea5f0c9ac405fd14e2c7c5b793912824c1b620accc55bce,gx-no-cache=1556118170105 HTTP/1.1" 200 30
200.111.191.210 - - [24/Apr/2019:12:05:18 -0300] "POST /cormun/servlet/solicitudot?gx-no-cache=1556118172527 HTTP/1.1" 200 30
190.171.141.122 - - [24/Apr/2019:12:05:18 -0300] "GET /cormun/servlet/trcontratounov2? HTTP/1.1" 200 17476
190.171.141.122 - - [24/Apr/2019:12:05:19 -0300] "GET /cormun/servlet/trcontratounov2? HTTP/1.1" 200 17529
200.111.191.210 - - [24/Apr/2019:12:05:20 -0300] "GET /cormun/servlet/prcontratosol?17235429,,,,,MD,,gxPopupLevel%3D0%3B HTTP/1.1" 200 8103
200.111.191.210 - - [24/Apr/2019:12:05:23 -0300] "POST /cormun/servlet/solicitudot?gx-no-cache=1556118177869 HTTP/1.1" 200 1343
200.111.191.210 - - [24/Apr/2019:12:05:23 -0300] "POST /cormun/servlet/solicitudot?gx-no-cache=1556118177896 HTTP/1.1" 200 38
200.111.191.210 - - [24/Apr/2019:12:05:23 -0300] "GET /cormun/servlet/solicitudot?5d06c3aa30443db7a3cea6ce568b750368ed468d52282e22f08ac440e03dcb968800a186141f0cc59fcca7cda939660a091a39978de51a4c583ff9848cf4068091541d872e27bf530b387cb64ec50147545162563f90bc8f036366d219de7c7f8602a90daefbf8dcbf720adcb12c3350,gx-no-cache=1556118177912 HTTP/1.1" 200 110
200.111.191.210 - - [24/Apr/2019:12:05:23 -0300] "POST /cormun/servlet/solicitudot?gx-no-cache=1556118177928 HTTP/1.1" 200 97
200.111.191.210 - - [24/Apr/2019:12:05:23 -0300] "GET /cormun/servlet/solicitudot?5d06c3aa30443db7a3cea6ce568b75033e5a12496411303a945b3707cb8f9fb0ea03be9343e0110c57eb20b9598fcb224198d208f715421b48ffb4e047ebea1efd54ac745a9d0fa019599b5d5e96f0faaf4b0ab991b473edcf9b49062b6696286265e57b2d927fa04e2a48e1141c23c1,gx-no-cache=1556118177949 HTTP/1.1" 200 29
200.111.191.210 - - [24/Apr/2019:12:05:23 -0300] "GET /cormun/servlet/solicitudot?5d06c3aa30443db7a3cea6ce568b7503aa281d3190c3d284fbcbbe9eb82818c4b0fc3c83e3dfaafd1a68ee72c2184f4c,gx-no-cache=1556118177963 HTTP/1.1" 200 134
200.111.191.210 - - [24/Apr/2019:12:05:23 -0300] "GET /cormun/static/Shared/jqueryui/images/ui-bg_highlight-soft_100_c6c2c8_1x100.png HTTP/1.1" 404 1117
200.111.191.210 - - [24/Apr/2019:12:05:23 -0300] "GET /cormun/static/Shared/jqueryui/images/ui-icons_82798d_256x240.png HTTP/1.1" 404 1089
200.111.191.210 - - [24/Apr/2019:12:05:23 -0300] "GET /cormun/static/Shared/jqueryui/images/ui-icons_ebccce_256x240.png HTTP/1.1" 404 1089
200.111.191.210 - - [24/Apr/2019:12:05:23 -0300] "GET /cormun/static/Shared/jqueryui/images/ui-bg_flat_55_994d53_40x100.png HTTP/1.1" 404 1097
190.171.141.122 - - [24/Apr/2019:12:05:30 -0300] "GET /cormun/servlet/trsolicitudot? HTTP/1.1" 200 11699
190.171.141.122 - - [24/Apr/2019:12:05:31 -0300] "GET /cormun/servlet/trsolicitudot? HTTP/1.1" 200 11698
200.111.191.210 - - [24/Apr/2019:12:05:32 -0300] "GET /cormun/static/menuarrow.gif HTTP/1.1" 404 1015
200.111.191.210 - - [24/Apr/2019:12:05:38 -0300] "GET /cormun/servlet/solicitudot?5d06c3aa30443db7a3cea6ce568b750374c94d342a168844f6d3f90cdf2e0fe46db588c73b8a6a965f68d4f5a4a7963d,gx-no-cache=1556118192895 HTTP/1.1" 200 30
200.111.191.210 - - [24/Apr/2019:12:05:38 -0300] "POST /cormun/servlet/solicitudot?gx-no-cache=1556118192962 HTTP/1.1" 200 33
190.171.149.90 - - [24/Apr/2019:12:05:40 -0300] "POST /cormun/servlet/solicitudot?gx-no-cache=1556118114079 HTTP/1.1" 200 30
192.168.10.96 - - [24/Apr/2019:12:05:51 -0300] "GET /cormun/servlet/trsolicitudgral? HTTP/1.1" 200 11637
192.168.10.96 - - [24/Apr/2019:12:05:52 -0300] "GET /cormun/servlet/trsolicitudgral? HTTP/1.1" 200 11627
200.111.191.210 - - [24/Apr/2019:12:05:52 -0300] "POST /cormun/servlet/solicitudot?ccd61e2125fa4de5f4cb9f08fe934b86,INS,0,0,,gx-no-cache=1556118206793 HTTP/1.1" 200 93
200.111.191.210 - - [24/Apr/2019:12:05:52 -0300] "GET /cormun/servlet/hpexe_return? HTTP/1.1" 200 1031
200.111.191.210 - - [24/Apr/2019:12:05:53 -0300] "GET /cormun/servlet/trsolicitudot?gx-no-cache=1556117969639 HTTP/1.1" 200 26884
192.168.10.89 - - [24/Apr/2019:12:05:54 -0300] "GET /cormun/servlet/hlogin HTTP/1.1" 200 1742
200.111.191.210 - - [24/Apr/2019:12:05:55 -0300] "GET /cormun/servlet/trsolicitudot?gx-no-cache=1556117969639 HTTP/1.1" 200 26903
200.111.191.210 - - [24/Apr/2019:12:05:58 -0300] "POST /cormun/servlet/trsolicitudot?ccd61e2125fa4de5f4cb9f08fe934b86,gx-no-cache=1556117969639,gx-no-cache=1556118211537 HTTP/1.1" 200 24078
200.111.191.210 - - [24/Apr/2019:12:05:58 -0300] "GET /cormun/static/Shared/jqueryui/images/ui-bg_highlight-soft_100_c6c2c8_1x100.png HTTP/1.1" 404 1117
200.111.191.210 - - [24/Apr/2019:12:05:58 -0300] "GET /cormun/static/Shared/jqueryui/images/ui-icons_82798d_256x240.png HTTP/1.1" 404 1089
200.111.191.210 - - [24/Apr/2019:12:05:58 -0300] "GET /cormun/static/Shared/jqueryui/images/ui-icons_8d78a5_256x240.png HTTP/1.1" 404 1089
200.111.191.210 - - [24/Apr/2019:12:05:58 -0300] "GET /cormun/static/Shared/jqueryui/images/ui-bg_flat_55_fafafa_40x100.png HTTP/1.1" 404 1097
200.111.191.210 - - [24/Apr/2019:12:05:59 -0300] "POST /cormun/servlet/trsolicitudot?ccd61e2125fa4de5f4cb9f08fe934b86,gx-no-cache=1556117969639,gx-no-cache=1556118212890 HTTP/1.1" 200 24016
192.168.10.89 - - [24/Apr/2019:12:06:02 -0300] "POST /cormun/servlet/hlogin?b20ca5ae6ae199fa242a7d25a9ed8f15,gx-no-cache=1556125156256 HTTP/1.1" 200 90
192.168.10.89 - - [24/Apr/2019:12:06:02 -0300] "GET /cormun/servlet/hpexe_link HTTP/1.1" 200 953
192.168.10.89 - - [24/Apr/2019:12:06:02 -0300] "GET /cormun/servlet/hhome HTTP/1.1" 200 3877
192.168.10.96 - - [24/Apr/2019:12:06:02 -0300] "POST /cormun/servlet/trsolicitudgral?9d1cd27807eeb1e0219c1e521ba2be7f,,gx-no-cache=1556125157100 HTTP/1.1" 200 5983
192.168.10.89 - - [24/Apr/2019:12:06:04 -0300] "GET /cormun/servlet/trsolicitudgral? HTTP/1.1" 200 27901
190.171.149.90 - - [24/Apr/2019:12:06:06 -0300] "POST /cormun/servlet/solicitudot?gx-no-cache=1556118139080 HTTP/1.1" 200 1343
190.171.149.90 - - [24/Apr/2019:12:06:06 -0300] "POST /cormun/servlet/solicitudot?gx-no-cache=1556118139877 HTTP/1.1" 200 38
192.168.10.96 - - [24/Apr/2019:12:06:06 -0300] "POST /cormun/servlet/trsolicitudgral?9d1cd27807eeb1e0219c1e521ba2be7f,,gx-no-cache=1556125160635 HTTP/1.1" 200 7786
190.171.149.90 - - [24/Apr/2019:12:06:06 -0300] "GET /cormun/servlet/solicitudot?337f3bac9644355f033d89bdd6e0f40f6ac54525052446e3273fc26ba879466eaf2913a5772d9d51a9e97c670823d506505fe335eaccfd50ff26fd03b4898aabe1618938e7c4a5a11b83ffa3a10ee5a28313b60e02d545e0e209d2836b462cc8637351511fb2c8214b07c77614ce7cf5,gx-no-cache=1556118139930 HTTP/1.1" 200 110
190.171.149.90 - - [24/Apr/2019:12:06:06 -0300] "POST /cormun/servlet/solicitudot?gx-no-cache=1556118139971 HTTP/1.1" 200 64
200.111.191.210 - - [24/Apr/2019:12:06:08 -0300] "GET /cormun/servlet/trlicencias? HTTP/1.1" 200 16182
200.111.191.210 - - [24/Apr/2019:12:06:09 -0300] "GET /cormun/servlet/trlicencias? HTTP/1.1" 200 16157
200.111.191.210 - - [24/Apr/2019:12:06:09 -0300] "GET /cormun/servlet/hlogin HTTP/1.1" 200 1740
200.111.191.210 - - [24/Apr/2019:12:06:16 -0300] "POST /cormun/servlet/hlogin?ccd61e2125fa4de5f4cb9f08fe934b86,gx-no-cache=1556118230675 HTTP/1.1" 200 90
200.111.191.210 - - [24/Apr/2019:12:06:16 -0300] "GET /cormun/servlet/hpexe_link HTTP/1.1" 200 954
200.111.191.210 - - [24/Apr/2019:12:06:16 -0300] "GET /cormun/servlet/hhome HTTP/1.1" 200 4325
200.111.191.210 - - [24/Apr/2019:12:06:16 -0300] "GET /cormun/servlet/hhome HTTP/1.1" 200 4321
190.171.149.90 - - [24/Apr/2019:12:06:17 -0300] "GET /cormun/servlet/solicitudot?337f3bac9644355f033d89bdd6e0f40f0b5e543f000de46c8f6f5d5f66abebe01c2e50711dad6d6d341995e4672f2adae48412286fa8b49face4c0c932b904695fc8c5f99ac37d5ff434f1d8141ad4badcf3bbba7de6c082424d8a1067df1e53fc9d958aff4e113dad066c53065e33a825bb7ddbd7405e1e1e9e29347e819ece71061f0ac7d9d01950259e872ba164873e34194268566d8e68016708d5e9b873,gx-no-cache=1556118151101 HTTP/1.1" 200 29
190.171.149.90 - - [24/Apr/2019:12:06:17 -0300] "GET /cormun/static/menuarrow.gif HTTP/1.1" 404 1015
200.111.191.210 - - [24/Apr/2019:12:06:18 -0300] "GET /cormun/servlet/trautorizarsolicitud? HTTP/1.1" 200 9566
200.111.191.210 - - [24/Apr/2019:12:06:19 -0300] "GET /cormun/servlet/trautorizarsolicitud? HTTP/1.1" 200 9565
190.171.149.90 - - [24/Apr/2019:12:06:32 -0300] "POST /cormun/servlet/solicitudot?gx-no-cache=1556118165583 HTTP/1.1" 200 30
190.171.149.90 - - [24/Apr/2019:12:06:58 -0300] "GET /cormun/servlet/prfichaempleado?,MD,,gxPopupLevel%3D0%3B HTTP/1.1" 200 9389
190.171.149.90 - - [24/Apr/2019:12:07:11 -0300] "POST /cormun/servlet/prfichaempleado?ed9a6ac4371130108da7941b5d3f5c8d,,MD,,gxPopupLevel%3D0%3B,gx-no-cache=1556118204407 HTTP/1.1" 200 4746
190.171.149.90 - - [24/Apr/2019:12:07:16 -0300] "POST /cormun/servlet/solicitudot?gx-no-cache=1556118210130 HTTP/1.1" 200 1344
190.171.141.122 - - [24/Apr/2019:12:07:27 -0300] "POST /cormun/servlet/trsolicitudot?e2cd9f919b65f178e93bf71bb1552f09,,gx-no-cache=1556118221363 HTTP/1.1" 200 4556
190.171.149.90 - - [24/Apr/2019:12:07:29 -0300] "GET /cormun/servlet/prlicenciaspermisos?7123732,L,,MD,,gxPopupLevel%3D0%3B HTTP/1.1" 200 6287
190.171.149.90 - - [24/Apr/2019:12:07:29 -0300] "GET /cormun/static/gxcfg.js?20176272053834 HTTP/1.1" 200 953
190.171.149.90 - - [24/Apr/2019:12:07:29 -0300] "GET /cormun/static/prlicenciaspermisos.js?20176272054050 HTTP/1.1" 304 -
192.168.10.96 - - [24/Apr/2019:12:07:30 -0300] "POST /cormun/servlet/trsolicitudgral?9d1cd27807eeb1e0219c1e521ba2be7f,,gx-no-cache=1556125244633 HTTP/1.1" 200 7375
192.168.10.96 - - [24/Apr/2019:12:07:30 -0300] "GET /cormun/static/Shared/jqueryui/images/ui-bg_highlight-soft_100_c6c2c8_1x100.png HTTP/1.1" 404 1117
192.168.10.96 - - [24/Apr/2019:12:07:30 -0300] "GET /cormun/static/Shared/jqueryui/images/ui-icons_82798d_256x240.png HTTP/1.1" 404 1089
192.168.10.96 - - [24/Apr/2019:12:07:30 -0300] "GET /cormun/static/Shared/jqueryui/images/ui-bg_flat_55_fafafa_40x100.png HTTP/1.1" 404 1097
192.168.10.96 - - [24/Apr/2019:12:07:30 -0300] "GET /cormun/static/Shared/jqueryui/images/ui-icons_8d78a5_256x240.png HTTP/1.1" 404 1089
190.171.141.122 - - [24/Apr/2019:12:07:42 -0300] "POST /cormun/servlet/trsolicitudot?e2cd9f919b65f178e93bf71bb1552f09,,gx-no-cache=1556118237086 HTTP/1.1" 200 4575
190.171.141.122 - - [24/Apr/2019:12:07:47 -0300] "POST /cormun/servlet/trsolicitudot?e2cd9f919b65f178e93bf71bb1552f09,,gx-no-cache=1556118241349 HTTP/1.1" 200 4575
190.171.141.122 - - [24/Apr/2019:12:08:00 -0300] "GET /cormun/servlet/hlogin HTTP/1.1" 200 1727
190.171.149.90 - - [24/Apr/2019:12:08:16 -0300] "GET /cormun/servlet/prlicenciaspermisos?7123732,L,,MD,,gxPopupLevel%3D0%3B HTTP/1.1" 200 6287
190.171.149.90 - - [24/Apr/2019:12:08:16 -0300] "GET /cormun/static/gxcfg.js?20176272053834 HTTP/1.1" 304 -
190.171.141.122 - - [24/Apr/2019:12:08:27 -0300] "POST /cormun/servlet/hlogin?e2cd9f919b65f178e93bf71bb1552f09,gx-no-cache=1556118281526 HTTP/1.1" 200 90
190.171.141.122 - - [24/Apr/2019:12:08:27 -0300] "GET /cormun/servlet/hpexe_link HTTP/1.1" 200 959
190.171.141.122 - - [24/Apr/2019:12:08:27 -0300] "GET /cormun/servlet/trsolicitudot? HTTP/1.1" 200 7588
190.171.141.122 - - [24/Apr/2019:12:08:27 -0300] "GET /cormun/servlet/trsolicitudot? HTTP/1.1" 200 7587
190.171.149.90 - - [24/Apr/2019:12:08:45 -0300] "POST /cormun/servlet/solicitudot?gx-no-cache=1556118299302 HTTP/1.1" 200 41
190.171.149.90 - - [24/Apr/2019:12:08:45 -0300] "GET /cormun/servlet/solicitudot?337f3bac9644355f033d89bdd6e0f40f6ac54525052446e3273fc26ba879466eaf2913a5772d9d51a9e97c670823d506505fe335eaccfd50ff26fd03b4898aabe1618938e7c4a5a11b83ffa3a10ee5a28313b60e02d545e0e209d2836b462cc8637351511fb2c8214b07c77614ce7cf5,gx-no-cache=1556118299381 HTTP/1.1" 200 110
190.171.149.90 - - [24/Apr/2019:12:08:45 -0300] "POST /cormun/servlet/solicitudot?gx-no-cache=1556118299422 HTTP/1.1" 200 69
190.171.149.90 - - [24/Apr/2019:12:08:51 -0300] "GET /cormun/servlet/solicitudot?337f3bac9644355f033d89bdd6e0f40f6ac54525052446e3273fc26ba879466eaf2913a5772d9d51a9e97c670823d506505fe335eaccfd50ff26fd03b4898aabe1618938e7c4a5a11b83ffa3a10ee5a28313b60e02d545e0e209d2836b462cc8637351511fb2c8214b07c77614ce7cf5,gx-no-cache=1556118305086 HTTP/1.1" 200 110
190.171.149.90 - - [24/Apr/2019:12:08:55 -0300] "GET /cormun/servlet/solicitudot?337f3bac9644355f033d89bdd6e0f40f13264c0ff4a379913e678572a4926180fa65abf24ee2a869eaf2639d72b7177e,gx-no-cache=1556118309419 HTTP/1.1" 200 30
190.171.149.90 - - [24/Apr/2019:12:08:56 -0300] "POST /cormun/servlet/solicitudot?gx-no-cache=1556118309492 HTTP/1.1" 200 135
190.171.149.90 - - [24/Apr/2019:12:08:56 -0300] "GET /cormun/static/Shared/jqueryui/images/ui-icons_ebccce_256x240.png HTTP/1.1" 404 1089
190.171.149.90 - - [24/Apr/2019:12:08:56 -0300] "GET /cormun/static/Shared/jqueryui/images/ui-bg_flat_55_994d53_40x100.png HTTP/1.1" 404 1097
190.171.149.90 - - [24/Apr/2019:12:08:56 -0300] "GET /cormun/static/Shared/jqueryui/images/ui-bg_highlight-soft_100_c6c2c8_1x100.png HTTP/1.1" 404 1117
190.171.149.90 - - [24/Apr/2019:12:08:56 -0300] "GET /cormun/static/Shared/jqueryui/images/ui-icons_82798d_256x240.png HTTP/1.1" 404 1089
200.111.191.210 - - [24/Apr/2019:12:09:35 -0300] "POST /cormun/servlet/trautorizarsolicitud?ccd61e2125fa4de5f4cb9f08fe934b86,,gx-no-cache=1556118428999 HTTP/1.1" 200 6288
200.111.191.210 - - [24/Apr/2019:12:09:35 -0300] "GET /cormun/static/Shared/jqueryui/images/ui-bg_highlight-soft_100_c6c2c8_1x100.png HTTP/1.1" 404 1117
200.111.191.210 - - [24/Apr/2019:12:09:35 -0300] "GET /cormun/static/Shared/jqueryui/images/ui-bg_flat_55_fafafa_40x100.png HTTP/1.1" 404 1097
200.111.191.210 - - [24/Apr/2019:12:09:35 -0300] "GET /cormun/static/Shared/jqueryui/images/ui-icons_82798d_256x240.png HTTP/1.1" 404 1089
200.111.191.210 - - [24/Apr/2019:12:09:35 -0300] "GET /cormun/static/Shared/jqueryui/images/ui-icons_8d78a5_256x240.png HTTP/1.1" 404 1089
200.111.191.210 - - [24/Apr/2019:12:09:35 -0300] "POST /cormun/servlet/trautorizarsolicitud?ccd61e2125fa4de5f4cb9f08fe934b86,,gx-no-cache=1556118429223 HTTP/1.1" 200 6231
200.111.191.210 - - [24/Apr/2019:12:09:36 -0300] "POST /cormun/servlet/trautorizarsolicitud?ccd61e2125fa4de5f4cb9f08fe934b86,,gx-no-cache=1556118430304 HTTP/1.1" 200 5856
200.111.191.210 - - [24/Apr/2019:12:09:36 -0300] "POST /cormun/servlet/trautorizarsolicitud?ccd61e2125fa4de5f4cb9f08fe934b86,,gx-no-cache=1556118430457 HTTP/1.1" 200 5802
200.111.191.210 - - [24/Apr/2019:12:09:37 -0300] "POST /cormun/servlet/trautorizarsolicitud?ccd61e2125fa4de5f4cb9f08fe934b86,,gx-no-cache=1556118431152 HTTP/1.1" 200 4687
200.111.191.210 - - [24/Apr/2019:12:09:37 -0300] "POST /cormun/servlet/trautorizarsolicitud?ccd61e2125fa4de5f4cb9f08fe934b86,,gx-no-cache=1556118431438 HTTP/1.1" 200 4453
190.171.141.122 - - [24/Apr/2019:12:10:05 -0300] "GET /cormun/servlet/trfichaempleado? HTTP/1.1" 200 10927
200.111.191.210 - - [24/Apr/2019:12:10:35 -0300] "GET /cormun/servlet/trsolicitudot? HTTP/1.1" 200 27329
200.111.191.210 - - [24/Apr/2019:12:10:37 -0300] "GET /cormun/servlet/trsolicitudot? HTTP/1.1" 200 27328
200.111.191.210 - - [24/Apr/2019:12:10:38 -0300] "GET /cormun/servlet/solicitudot?INS,0,0, HTTP/1.1" 200 15229
200.111.191.210 - - [24/Apr/2019:12:10:38 -0300] "GET /cormun/servlet/solicitudot?INS,0,0, HTTP/1.1" 200 15234
192.168.10.96 - - [24/Apr/2019:12:10:44 -0300] "GET /cormun/servlet/trsolicitudgral? HTTP/1.1" 200 10636
192.168.10.96 - - [24/Apr/2019:12:10:45 -0300] "GET /cormun/servlet/trsolicitudgral? HTTP/1.1" 200 10636
200.111.191.210 - - [24/Apr/2019:12:10:46 -0300] "POST /cormun/servlet/solicitudot?gx-no-cache=1556118500904 HTTP/1.1" 200 3601
200.111.191.210 - - [24/Apr/2019:12:10:47 -0300] "POST /cormun/servlet/solicitudot?ccd61e2125fa4de5f4cb9f08fe934b86,INS,0,0,,gx-no-cache=1556118501036 HTTP/1.1" 200 12056
200.111.191.210 - - [24/Apr/2019:12:10:49 -0300] "GET /cormun/servlet/solicitudot?5d06c3aa30443db7a3cea6ce568b7503711a590c166eeff08aac6c102f91215e5b162e1d89ae77bc77cd62f9b6e2e7bd,gx-no-cache=1556118503425 HTTP/1.1" 200 30
200.111.191.210 - - [24/Apr/2019:12:10:49 -0300] "GET /cormun/servlet/solicitudot?5d06c3aa30443db7a3cea6ce568b750384fb62f7703b4203dae110656a3dfc97ca3ce65987a74ed0e0ad6411fc484cd5920039cd720760286908e865d29fcf3f,gx-no-cache=1556118503445 HTTP/1.1" 200 30
200.111.191.210 - - [24/Apr/2019:12:10:49 -0300] "GET /cormun/servlet/solicitudot?5d06c3aa30443db7a3cea6ce568b7503b6ce4e63a010b0728ec67c5384b1a485,gx-no-cache=1556118503464 HTTP/1.1" 200 53
200.111.191.210 - - [24/Apr/2019:12:10:49 -0300] "POST /cormun/servlet/solicitudot?gx-no-cache=1556118503481 HTTP/1.1" 200 256
200.111.191.210 - - [24/Apr/2019:12:10:49 -0300] "GET /cormun/servlet/solicitudot?5d06c3aa30443db7a3cea6ce568b750336a3546a4167827ce0b373b0280be7adfc1aa77026f5b6bd1cb177dc872e8c708ea0aa1ff4a6b41efae0cc94d0b81aa826fe882e442fac6e4686a18d7cf8a9ad2b6a677415733554de96a076c660bea3f0a954e11ef27a057c6e65f2754a8ddb85a04023cb3f5cb13dbcbd2101083428af27a831979a640ed162c3c61b200d9b43c04f0a6b60db5a4da831392ab41bb6466424e2982510a491efe9362f6e2f13b949c3b953984d258bf9bf47148c384af440a59b592398ba1f421d33a325a71ba83db1b09b0787312893418047497dc6bd7e0e996468d85a764fb41a49ebacb5381126f609b0be0436da75894f799dcafcdc4b6f8d0e0db94dad36e9cc7c86822e273c807bc6a9fef71e0334f4ea43af5260ecb99f15f770746c8f8da7343f65684b052d777701e8ddbe122a751d7eef46dc5d7e467583225db8f92cad12ae440a4520dabc99098281f8a604d2477c8c755b867b7132a1930297b4c9441e2d0118291d0d0945a6c2aa5d07d824f72287,gx-no-cache=1556118503509 HTTP/1.1" 200 30
200.111.191.210 - - [24/Apr/2019:12:10:50 -0300] "POST /cormun/servlet/solicitudot?gx-no-cache=1556118504991 HTTP/1.1" 200 30
192.168.10.96 - - [24/Apr/2019:12:10:52 -0300] "POST /cormun/servlet/trsolicitudgral?9d1cd27807eeb1e0219c1e521ba2be7f,,gx-no-cache=1556125446087 HTTP/1.1" 200 11577
200.111.191.210 - - [24/Apr/2019:12:10:52 -0300] "GET /cormun/servlet/prcontratosol?17522124,,,,,MD,,gxPopupLevel%3D0%3B HTTP/1.1" 200 8633
200.111.191.210 - - [24/Apr/2019:12:10:54 -0300] "POST /cormun/servlet/solicitudot?gx-no-cache=1556118509085 HTTP/1.1" 200 1343
200.111.191.210 - - [24/Apr/2019:12:10:54 -0300] "POST /cormun/servlet/solicitudot?gx-no-cache=1556118509112 HTTP/1.1" 200 38
200.111.191.210 - - [24/Apr/2019:12:10:55 -0300] "GET /cormun/servlet/solicitudot?5d06c3aa30443db7a3cea6ce568b750368ed468d52282e22f08ac440e03dcb968800a186141f0cc59fcca7cda939660a091a39978de51a4c583ff9848cf4068091541d872e27bf530b387cb64ec50147545162563f90bc8f036366d219de7c7f8602a90daefbf8dcbf720adcb12c3350,gx-no-cache=1556118509128 HTTP/1.1" 200 110
200.111.191.210 - - [24/Apr/2019:12:10:55 -0300] "POST /cormun/servlet/solicitudot?gx-no-cache=1556118509156 HTTP/1.1" 200 110
200.111.191.210 - - [24/Apr/2019:12:10:55 -0300] "GET /cormun/servlet/solicitudot?5d06c3aa30443db7a3cea6ce568b75033e5a12496411303a945b3707cb8f9fb0ea03be9343e0110c57eb20b9598fcb224198d208f715421b48ffb4e047ebea1efd54ac745a9d0fa019599b5d5e96f0faaf4b0ab991b473edcf9b49062b6696286265e57b2d927fa04e2a48e1141c23c1,gx-no-cache=1556118509181 HTTP/1.1" 200 29
200.111.191.210 - - [24/Apr/2019:12:10:55 -0300] "GET /cormun/servlet/solicitudot?5d06c3aa30443db7a3cea6ce568b7503aa281d3190c3d284fbcbbe9eb82818c4b0fc3c83e3dfaafd1a68ee72c2184f4c,gx-no-cache=1556118509195 HTTP/1.1" 200 134
200.111.191.210 - - [24/Apr/2019:12:10:55 -0300] "GET /cormun/static/Shared/jqueryui/images/ui-icons_ebccce_256x240.png HTTP/1.1" 404 1089
200.111.191.210 - - [24/Apr/2019:12:10:55 -0300] "GET /cormun/static/Shared/jqueryui/images/ui-bg_flat_55_994d53_40x100.png HTTP/1.1" 404 1097
192.168.10.96 - - [24/Apr/2019:12:10:55 -0300] "GET /cormun/servlet/vesolicitudgral?2019,15132,, HTTP/1.1" 200 9365
192.168.10.96 - - [24/Apr/2019:12:10:55 -0300] "GET /cormun/pexe_scrolldiv.js HTTP/1.1" 404 1009
192.168.10.96 - - [24/Apr/2019:12:10:55 -0300] "GET /cormun/pexe_scrolldiv.js HTTP/1.1" 404 1009
192.168.10.96 - - [24/Apr/2019:12:10:55 -0300] "GET /cormun/servlet/vesolicitudgral?2019,15132,, HTTP/1.1" 200 9364
192.168.10.96 - - [24/Apr/2019:12:11:00 -0300] "GET /cormun/servlet/vesolicitudgral?2019,15132,,SolicitudOTAdjuntos HTTP/1.1" 200 11611
192.168.10.96 - - [24/Apr/2019:12:11:00 -0300] "GET /cormun/pexe_scrolldiv.js HTTP/1.1" 404 1009
192.168.10.96 - - [24/Apr/2019:12:11:00 -0300] "GET /cormun/pexe_scrolldiv.js HTTP/1.1" 404 1009
192.168.10.96 - - [24/Apr/2019:12:11:01 -0300] "POST /cormun/servlet/acontrolpreferencessavestate?None,DZAMUDIO,true HTTP/1.1" 200 35
192.168.10.96 - - [24/Apr/2019:12:11:01 -0300] "GET /cormun/servlet/vesolicitudgral?2019,15132,,SolicitudOTAdjuntos HTTP/1.1" 200 11613
190.171.141.122 - - [24/Apr/2019:12:11:14 -0300] "GET /cormun/servlet/hlogin HTTP/1.1" 200 1739
192.168.10.96 - - [24/Apr/2019:12:11:15 -0300] "GET /cormun/PublicTempStorage/leslie_labrin_mu%F1oz_c._identidad9927459.pdf HTTP/1.1" 200 494856
192.168.10.96 - - [24/Apr/2019:12:11:24 -0300] "GET /cormun/PublicTempStorage/leslie_labrin_mu%F1oz_titulo3467019.pdf HTTP/1.1" 200 2941088
190.171.141.122 - - [24/Apr/2019:12:11:30 -0300] "POST /cormun/servlet/hlogin?e2cd9f919b65f178e93bf71bb1552f09,gx-no-cache=1556118465053 HTTP/1.1" 200 90
190.171.141.122 - - [24/Apr/2019:12:11:30 -0300] "GET /cormun/servlet/hpexe_link HTTP/1.1" 200 960
190.171.149.90 - - [24/Apr/2019:12:11:33 -0300] "GET /cormun/servlet/solicitudot?337f3bac9644355f033d89bdd6e0f40f6ac54525052446e3273fc26ba879466eaf2913a5772d9d51a9e97c670823d506505fe335eaccfd50ff26fd03b4898aabe1618938e7c4a5a11b83ffa3a10ee5a28313b60e02d545e0e209d2836b462cc8637351511fb2c8214b07c77614ce7cf5,gx-no-cache=1556118467042 HTTP/1.1" 200 110
190.171.149.90 - - [24/Apr/2019:12:11:33 -0300] "POST /cormun/servlet/solicitudot?gx-no-cache=1556118467095 HTTP/1.1" 200 135
192.168.10.96 - - [24/Apr/2019:12:11:39 -0300] "GET /cormun/PublicTempStorage/leslie_labrin_mu%F1oz_afp7034456.pdf HTTP/1.1" 200 429496
192.168.10.96 - - [24/Apr/2019:12:11:51 -0300] "GET /cormun/PublicTempStorage/leslie_labrin_mu%F1oz_fonasa5675039.pdf HTTP/1.1" 200 1016595
200.111.191.210 - - [24/Apr/2019:12:12:06 -0300] "GET /cormun/servlet/solicitudot?5d06c3aa30443db7a3cea6ce568b7503f0efe121a99dcffcd9e021d11a88d7f8b0fc3c83e3dfaafd1a68ee72c2184f4c,gx-no-cache=1556118580648 HTTP/1.1" 200 30
200.111.191.210 - - [24/Apr/2019:12:12:07 -0300] "POST /cormun/servlet/solicitudot?gx-no-cache=1556118581206 HTTP/1.1" 200 33
192.168.10.96 - - [24/Apr/2019:12:12:27 -0300] "GET /cormun/PublicTempStorage/leslie_labrin_mu%F1oz_c._antecedentes9766852.pdf HTTP/1.1" 200 653460
190.171.149.90 - - [24/Apr/2019:12:12:34 -0300] "POST /cormun/servlet/solicitudot?gx-no-cache=1556118528258 HTTP/1.1" 200 30
192.168.10.96 - - [24/Apr/2019:12:12:42 -0300] "GET /cormun/PublicTempStorage/leslie_labrin_mu%F1oz_c.v.173041.pdf HTTP/1.1" 200 2314022
190.171.141.122 - - [24/Apr/2019:12:12:50 -0300] "POST /cormun/servlet/trsolicitudot?e2cd9f919b65f178e93bf71bb1552f09,,gx-no-cache=1556118544983 HTTP/1.1" 200 8737
190.171.141.122 - - [24/Apr/2019:12:13:07 -0300] "POST /cormun/servlet/trsolicitudot?e2cd9f919b65f178e93bf71bb1552f09,,gx-no-cache=1556118561411 HTTP/1.1" 200 8736
200.111.191.210 - - [24/Apr/2019:12:13:08 -0300] "POST /cormun/servlet/solicitudot?ccd61e2125fa4de5f4cb9f08fe934b86,INS,0,0,,gx-no-cache=1556118641850 HTTP/1.1" 200 93
200.111.191.210 - - [24/Apr/2019:12:13:08 -0300] "GET /cormun/servlet/hpexe_return? HTTP/1.1" 200 1010
200.111.191.210 - - [24/Apr/2019:12:13:09 -0300] "GET /cormun/servlet/trsolicitudot HTTP/1.1" 200 27330
200.111.191.210 - - [24/Apr/2019:12:13:10 -0300] "GET /cormun/servlet/trsolicitudot HTTP/1.1" 200 27325
200.111.191.210 - - [24/Apr/2019:12:13:13 -0300] "POST /cormun/servlet/trsolicitudot?ccd61e2125fa4de5f4cb9f08fe934b86,gx-no-cache=1556118646880 HTTP/1.1" 200 24520
200.111.191.210 - - [24/Apr/2019:12:13:14 -0300] "GET /cormun/static/Shared/jqueryui/images/ui-bg_highlight-soft_100_c6c2c8_1x100.png HTTP/1.1" 404 1117
200.111.191.210 - - [24/Apr/2019:12:13:14 -0300] "GET /cormun/static/Shared/jqueryui/images/ui-icons_82798d_256x240.png HTTP/1.1" 404 1089
200.111.191.210 - - [24/Apr/2019:12:13:14 -0300] "GET /cormun/static/Shared/jqueryui/images/ui-bg_flat_55_fafafa_40x100.png HTTP/1.1" 404 1097
200.111.191.210 - - [24/Apr/2019:12:13:14 -0300] "GET /cormun/static/Shared/jqueryui/images/ui-icons_8d78a5_256x240.png HTTP/1.1" 404 1089
200.111.191.210 - - [24/Apr/2019:12:13:15 -0300] "POST /cormun/servlet/trsolicitudot?ccd61e2125fa4de5f4cb9f08fe934b86,gx-no-cache=1556118648545 HTTP/1.1" 200 24459
200.111.191.210 - - [24/Apr/2019:12:13:21 -0300] "GET /cormun/servlet/trlicencias? HTTP/1.1" 200 16453
200.111.191.210 - - [24/Apr/2019:12:13:22 -0300] "GET /cormun/servlet/trlicencias? HTTP/1.1" 200 16452
200.111.191.210 - - [24/Apr/2019:12:13:22 -0300] "GET /cormun/servlet/hlogin HTTP/1.1" 200 1740
207.46.13.38 - - [24/Apr/2019:12:13:25 -0300] "GET /cormun/servlet/trcontratoobservacion?_escaped_fragment_= HTTP/1.1" 200 5376
190.171.149.90 - - [24/Apr/2019:12:13:33 -0300] "POST /cormun/servlet/solicitudot?gx-no-cache=1556118587010 HTTP/1.1" 200 1344
190.171.149.90 - - [24/Apr/2019:12:13:33 -0300] "POST /cormun/servlet/solicitudot?gx-no-cache=1556118587133 HTTP/1.1" 200 41
190.171.149.90 - - [24/Apr/2019:12:13:33 -0300] "GET /cormun/servlet/solicitudot?337f3bac9644355f033d89bdd6e0f40f6ac54525052446e3273fc26ba879466eaf2913a5772d9d51a9e97c670823d506505fe335eaccfd50ff26fd03b4898aabe1618938e7c4a5a11b83ffa3a10ee5a28313b60e02d545e0e209d2836b462cc8637351511fb2c8214b07c77614ce7cf5,gx-no-cache=1556118587198 HTTP/1.1" 200 110
190.171.149.90 - - [24/Apr/2019:12:13:33 -0300] "POST /cormun/servlet/solicitudot?gx-no-cache=1556118587226 HTTP/1.1" 200 64
190.171.149.90 - - [24/Apr/2019:12:13:33 -0300] "POST /cormun/servlet/solicitudot?gx-no-cache=1556118587275 HTTP/1.1" 200 30
200.111.191.210 - - [24/Apr/2019:12:13:33 -0300] "POST /cormun/servlet/hlogin?ccd61e2125fa4de5f4cb9f08fe934b86,gx-no-cache=1556118667992 HTTP/1.1" 200 90
200.111.191.210 - - [24/Apr/2019:12:13:33 -0300] "GET /cormun/servlet/hpexe_link HTTP/1.1" 200 959
200.111.191.210 - - [24/Apr/2019:12:13:34 -0300] "GET /cormun/servlet/trlicencias HTTP/1.1" 200 16453
200.111.191.210 - - [24/Apr/2019:12:13:34 -0300] "GET /cormun/servlet/trlicencias HTTP/1.1" 200 16459
200.111.191.210 - - [24/Apr/2019:12:13:41 -0300] "GET /cormun/servlet/trautorizarsolicitud? HTTP/1.1" 200 8804
200.111.191.210 - - [24/Apr/2019:12:13:42 -0300] "GET /cormun/servlet/trautorizarsolicitud? HTTP/1.1" 200 8804
200.111.191.210 - - [24/Apr/2019:12:13:45 -0300] "POST /cormun/servlet/trautorizarsolicitud?ccd61e2125fa4de5f4cb9f08fe934b86,,gx-no-cache=1556118679198 HTTP/1.1" 200 4698
200.111.191.210 - - [24/Apr/2019:12:13:45 -0300] "GET /cormun/static/Shared/jqueryui/images/ui-bg_highlight-soft_100_c6c2c8_1x100.png HTTP/1.1" 404 1117
200.111.191.210 - - [24/Apr/2019:12:13:45 -0300] "GET /cormun/static/Shared/jqueryui/images/ui-icons_82798d_256x240.png HTTP/1.1" 404 1089
200.111.191.210 - - [24/Apr/2019:12:13:45 -0300] "GET /cormun/static/Shared/jqueryui/images/ui-bg_flat_55_fafafa_40x100.png HTTP/1.1" 404 1097
200.111.191.210 - - [24/Apr/2019:12:13:45 -0300] "GET /cormun/static/Shared/jqueryui/images/ui-icons_8d78a5_256x240.png HTTP/1.1" 404 1089
200.111.191.210 - - [24/Apr/2019:12:13:45 -0300] "POST /cormun/servlet/trautorizarsolicitud?ccd61e2125fa4de5f4cb9f08fe934b86,,gx-no-cache=1556118679641 HTTP/1.1" 200 4459
200.111.191.210 - - [24/Apr/2019:12:13:51 -0300] "GET /cormun/servlet/trsolicitudot? HTTP/1.1" 200 27321
200.111.191.210 - - [24/Apr/2019:12:13:53 -0300] "GET /cormun/servlet/trsolicitudot? HTTP/1.1" 200 27320
200.111.191.210 - - [24/Apr/2019:12:13:59 -0300] "GET /cormun/servlet/vesolicitudot?2019,15448,, HTTP/1.1" 200 8781
200.111.191.210 - - [24/Apr/2019:12:14:00 -0300] "GET /cormun/pexe_scrolldiv.js HTTP/1.1" 404 1009
200.111.191.210 - - [24/Apr/2019:12:14:00 -0300] "GET /cormun/servlet/vesolicitudot?2019,15448,, HTTP/1.1" 200 8781
200.111.191.210 - - [24/Apr/2019:12:14:03 -0300] "POST /cormun/servlet/vesolicitudot?ccd61e2125fa4de5f4cb9f08fe934b86,2019,15448,,,gx-no-cache=1556118697795 HTTP/1.1" 200 93
200.111.191.210 - - [24/Apr/2019:12:14:03 -0300] "GET /cormun/servlet/hpexe_return? HTTP/1.1" 200 1014
200.111.191.210 - - [24/Apr/2019:12:14:04 -0300] "GET /cormun/servlet/trsolicitudot HTTP/1.1" 200 27324
200.111.191.210 - - [24/Apr/2019:12:14:06 -0300] "GET /cormun/servlet/trsolicitudot HTTP/1.1" 200 27320
207.46.13.38 - - [24/Apr/2019:12:14:08 -0300] "GET /cormun/servlet/trcontratoobservacion?_escaped_fragment_= HTTP/1.1" 200 5378
207.46.13.38 - - [24/Apr/2019:12:14:09 -0300] "GET /cormun/static/trcontratoobservacion.js?20175251261223 HTTP/1.1" 200 25148
190.171.141.122 - - [24/Apr/2019:12:14:30 -0300] "GET /cormun/servlet/trfichaempleado? HTTP/1.1" 200 11559
190.171.149.90 - - [24/Apr/2019:12:14:41 -0300] "POST /cormun/servlet/trcontratounov2?7cd60085c88aea9e3c1ceebe60372267,,gx-no-cache=1556118658422 HTTP/1.1" 200 5614
200.111.191.210 - - [24/Apr/2019:12:15:32 -0300] "GET /cormun/servlet/hlogin HTTP/1.1" 200 1740
190.171.141.122 - - [24/Apr/2019:12:15:52 -0300] "GET /cormun/servlet/trfichaempleado HTTP/1.1" 200 11882
192.168.10.89 - - [24/Apr/2019:12:16:30 -0300] "GET /cormun/servlet/hlogin HTTP/1.1" 200 1744
190.171.149.90 - - [24/Apr/2019:12:17:20 -0300] "POST /cormun/servlet/solicitudot?gx-no-cache=1556118813580 HTTP/1.1" 200 30
190.171.149.90 - - [24/Apr/2019:12:17:20 -0300] "POST /cormun/servlet/solicitudot?gx-no-cache=1556118813732 HTTP/1.1" 200 1344
190.171.149.90 - - [24/Apr/2019:12:17:20 -0300] "POST /cormun/servlet/solicitudot?gx-no-cache=1556118813843 HTTP/1.1" 200 41
190.171.149.90 - - [24/Apr/2019:12:17:20 -0300] "GET /cormun/servlet/solicitudot?337f3bac9644355f033d89bdd6e0f40f6ac54525052446e3273fc26ba879466eaf2913a5772d9d51a9e97c670823d506505fe335eaccfd50ff26fd03b4898aabe1618938e7c4a5a11b83ffa3a10ee5a28313b60e02d545e0e209d2836b462cc8637351511fb2c8214b07c77614ce7cf5,gx-no-cache=1556118813902 HTTP/1.1" 200 110
190.171.149.90 - - [24/Apr/2019:12:17:20 -0300] "POST /cormun/servlet/solicitudot?gx-no-cache=1556118813930 HTTP/1.1" 200 64
190.171.149.90 - - [24/Apr/2019:12:17:20 -0300] "GET /cormun/servlet/solicitudot?337f3bac9644355f033d89bdd6e0f40f13264c0ff4a379913e678572a4926180fa65abf24ee2a869eaf2639d72b7177e,gx-no-cache=1556118813968 HTTP/1.1" 200 30
190.171.149.90 - - [24/Apr/2019:12:17:20 -0300] "POST /cormun/servlet/solicitudot?gx-no-cache=1556118813995 HTTP/1.1" 200 30
190.171.149.90 - - [24/Apr/2019:12:17:50 -0300] "POST /cormun/servlet/solicitudot?ed9a6ac4371130108da7941b5d3f5c8d,INS,0,0,,gx-no-cache=1556118843713 HTTP/1.1" 200 93
190.171.149.90 - - [24/Apr/2019:12:17:50 -0300] "GET /cormun/servlet/hpexe_return? HTTP/1.1" 200 1012
190.171.149.90 - - [24/Apr/2019:12:17:50 -0300] "GET /cormun/static/gxcfg.js?2016101716175148 HTTP/1.1" 200 953
190.171.149.90 - - [24/Apr/2019:12:17:50 -0300] "GET /cormun/static/hpexe_return.js?2016101716175153 HTTP/1.1" 304 -
190.171.149.90 - - [24/Apr/2019:12:17:50 -0300] "GET /cormun/static/Resources/Spanish/PXTools.css?167811 HTTP/1.1" 200 89042
190.171.149.90 - - [24/Apr/2019:12:17:51 -0300] "GET /cormun/servlet/trsolicitudot HTTP/1.1" 200 7354
190.171.149.90 - - [24/Apr/2019:12:17:51 -0300] "GET /cormun/servlet/trsolicitudot HTTP/1.1" 200 7350
190.171.149.90 - - [24/Apr/2019:12:17:57 -0300] "GET /cormun/servlet/trcontratounov2? HTTP/1.1" 200 8527
190.171.149.90 - - [24/Apr/2019:12:17:58 -0300] "GET /cormun/servlet/trcontratounov2? HTTP/1.1" 200 8526
190.171.149.90 - - [24/Apr/2019:12:18:06 -0300] "GET /cormun/servlet/trautorizarsolicitud? HTTP/1.1" 200 8788
190.171.149.90 - - [24/Apr/2019:12:18:07 -0300] "GET /cormun/static/gxcfg.js?2017111423403364 HTTP/1.1" 200 953
190.171.149.90 - - [24/Apr/2019:12:18:07 -0300] "GET /cormun/static/trautorizarsolicitud.js?201711142340425 HTTP/1.1" 304 -
190.171.149.90 - - [24/Apr/2019:12:18:07 -0300] "GET /cormun//static/Resources/PXToolsRemoveAllAction.png HTTP/1.1" 200 3558
190.171.149.90 - - [24/Apr/2019:12:18:07 -0300] "GET /cormun/servlet/trautorizarsolicitud? HTTP/1.1" 200 8787
190.171.149.90 - - [24/Apr/2019:12:18:22 -0300] "POST /cormun/servlet/trautorizarsolicitud?ed9a6ac4371130108da7941b5d3f5c8d,,gx-no-cache=1556118875705 HTTP/1.1" 200 11769
192.168.10.89 - - [24/Apr/2019:12:18:34 -0300] "GET /cormun/servlet/hlogin HTTP/1.1" 200 1719
190.171.149.90 - - [24/Apr/2019:12:18:36 -0300] "POST /cormun/servlet/trautorizarsolicitud?ed9a6ac4371130108da7941b5d3f5c8d,,gx-no-cache=1556118890307 HTTP/1.1" 200 5862
190.171.149.90 - - [24/Apr/2019:12:18:40 -0300] "POST /cormun/servlet/trautorizarsolicitud?ed9a6ac4371130108da7941b5d3f5c8d,,gx-no-cache=1556118893535 HTTP/1.1" 200 5863
190.171.149.90 - - [24/Apr/2019:12:18:40 -0300] "POST /cormun/servlet/trautorizarsolicitud?ed9a6ac4371130108da7941b5d3f5c8d,,gx-no-cache=1556118894268 HTTP/1.1" 200 5863
190.171.149.90 - - [24/Apr/2019:12:18:46 -0300] "POST /cormun/servlet/trautorizarsolicitud?ed9a6ac4371130108da7941b5d3f5c8d,,gx-no-cache=1556118899507 HTTP/1.1" 200 5904
