200.54.246.54 - - [24/Apr/2019:09:43:51 -0300] "GET /cormun/servlet/hpexe_link HTTP/1.1" 200 959
200.54.246.54 - - [24/Apr/2019:09:43:51 -0300] "GET /cormun/servlet/trlicencias HTTP/1.1" 200 13774
200.54.246.54 - - [24/Apr/2019:09:43:51 -0300] "GET /cormun/servlet/trlicencias HTTP/1.1" 200 13769
200.54.246.54 - - [24/Apr/2019:09:43:57 -0300] "GET /cormun/servlet/licenciaspermisos?INS,0,,, HTTP/1.1" 200 7882
200.54.246.54 - - [24/Apr/2019:09:43:57 -0300] "GET /cormun/static/gxcfg.js?201762917281167 HTTP/1.1" 200 953
200.54.246.54 - - [24/Apr/2019:09:43:57 -0300] "GET /cormun/static/Resources/prompt.gif HTTP/1.1" 200 902
200.54.246.54 - - [24/Apr/2019:09:43:57 -0300] "GET /cormun/static/licenciaspermisos.js?201762917281260 HTTP/1.1" 200 37491
200.54.246.54 - - [24/Apr/2019:09:43:57 -0300] "GET /cormun/servlet/licenciaspermisos?INS,0,,, HTTP/1.1" 200 7890
200.54.246.54 - - [24/Apr/2019:09:44:10 -0300] "GET /cormun/servlet/licenciaspermisos?714db8c08dddc0398f6fcfb4b28f6bc78bae93c2265cb2cf892447e363058ad6af4e98d48d4e89b276416beee21110a9,gx-no-cache=1556106023938 HTTP/1.1" 200 109
200.54.246.54 - - [24/Apr/2019:09:44:10 -0300] "POST /cormun/servlet/licenciaspermisos?ad20e763cd6beceae6ac27b3472e8574,INS,0,,,,gx-no-cache=1556106023988 HTTP/1.1" 200 4967
200.54.246.54 - - [24/Apr/2019:09:45:03 -0300] "GET /cormun/static/menuarrow.gif HTTP/1.1" 404 1015
207.46.13.38 - - [24/Apr/2019:09:45:18 -0300] "GET /cormun/servlet/trlicenciaspermisosadjuntos?16726221,20190128000000,L,_escaped_fragment_%3D&_escaped_fragment_= HTTP/1.1" 200 5435
200.54.246.54 - - [24/Apr/2019:09:47:15 -0300] "GET /cormun/servlet/licenciaspermisos?714db8c08dddc0398f6fcfb4b28f6bc72910db2cecdde80b37ff0549f03c0341384032735a0b8bad186b7eaead24e22be73a928fbae0ade08e3c5b0b1303c4cbb18e090455513c45c677038f0ed147713fa4b34b4db9868d3c5bd4aeab248a0344e65ae50574871fa3db1f4593449a1fc51dc2a492a7507cf58b0fdbcf68d25d8a4f8e97ca03d9cf8388f328b919b51c8a5f358d603d4dc7150aeab6976e20eb019a0db9f168fb5eb4394ca0bfcc2ae4,gx-no-cache=1556106208894 HTTP/1.1" 200 30
200.54.246.54 - - [24/Apr/2019:09:47:15 -0300] "GET /cormun/servlet/licenciaspermisos?714db8c08dddc0398f6fcfb4b28f6bc7adf9508eeece4372e06b6dbe32cea038898360c4642654282e6ca5ae9a131a6af587258de61acb0810ca86c84dd6c705326b1b52c117a7cc7a1602111f0fb4def216f1bb64adf5ac99483768263d317393425084416138ea4485fe05904e03f716b10b5379b680b3ab28b1d7f7f8436b05255aa33eb2d326598ca681f7917b90ee35ea9d76a4cb976d7d7079f5ea640f10a9f1903dd17875bd2f869080a25779,gx-no-cache=1556106208927 HTTP/1.1" 200 29
200.54.246.54 - - [24/Apr/2019:09:47:16 -0300] "POST /cormun/servlet/licenciaspermisos?ad20e763cd6beceae6ac27b3472e8574,INS,0,,,,gx-no-cache=1556106208951 HTTP/1.1" 200 93
200.54.246.54 - - [24/Apr/2019:09:47:16 -0300] "GET /cormun/servlet/hpexe_return? HTTP/1.1" 200 1017
200.54.246.54 - - [24/Apr/2019:09:47:16 -0300] "GET /cormun/static/gxcfg.js?2016101716175148 HTTP/1.1" 200 953
200.54.246.54 - - [24/Apr/2019:09:47:16 -0300] "GET /cormun/static/Resources/Spanish/PXTools.css?167811 HTTP/1.1" 200 89042
200.54.246.54 - - [24/Apr/2019:09:47:16 -0300] "GET /cormun/static/hpexe_return.js?2016101716175153 HTTP/1.1" 200 1633
200.54.246.54 - - [24/Apr/2019:09:47:17 -0300] "GET /cormun/servlet/trlicencias HTTP/1.1" 200 14383
200.54.246.54 - - [24/Apr/2019:09:47:17 -0300] "GET /cormun/servlet/trlicencias HTTP/1.1" 200 14378
200.54.246.54 - - [24/Apr/2019:09:47:21 -0300] "GET /cormun/servlet/alicenciaprn?17309299,L,20190424000000,PU HTTP/1.1" 200 1548
200.54.103.162 - - [24/Apr/2019:09:47:22 -0300] "POST /cormun/servlet/hlogin?fa68b791d188d898f324723874e9522e,gx-no-cache=1556109818385 HTTP/1.1" 200 429
200.54.103.162 - - [24/Apr/2019:09:47:29 -0300] "POST /cormun/servlet/hlogin?fa68b791d188d898f324723874e9522e,gx-no-cache=1556109824687 HTTP/1.1" 200 90
200.54.103.162 - - [24/Apr/2019:09:47:29 -0300] "GET /cormun/servlet/hpexe_link HTTP/1.1" 200 950
200.54.103.162 - - [24/Apr/2019:09:47:29 -0300] "GET /cormun/servlet/hhome HTTP/1.1" 200 4337
200.54.103.162 - - [24/Apr/2019:09:47:31 -0300] "GET /cormun/servlet/hhome HTTP/1.1" 200 4333
186.67.172.234 - - [24/Apr/2019:09:47:42 -0300] "GET /cormun/servlet/trlicenciaspermisosadjuntos?17309299,20190424000000,L, HTTP/1.1" 200 6697
186.67.172.234 - - [24/Apr/2019:09:47:42 -0300] "GET /cormun/static/gxcfg.js?20177612163414 HTTP/1.1" 200 953
186.67.172.234 - - [24/Apr/2019:09:47:42 -0300] "GET /cormun/static/trlicenciaspermisosadjuntos.js?20177612163719 HTTP/1.1" 200 21036
186.67.172.234 - - [24/Apr/2019:09:47:43 -0300] "GET /cormun/servlet/trlicenciaspermisosadjuntos?17309299,20190424000000,L, HTTP/1.1" 200 6698
186.67.172.234 - - [24/Apr/2019:09:47:44 -0300] "GET /cormun/servlet/licenciaspermisosadjuntos?INS,17309299,L,20190424000000,, HTTP/1.1" 200 5995
186.67.172.234 - - [24/Apr/2019:09:47:44 -0300] "GET /cormun/static/gxcfg.js?2017761263592 HTTP/1.1" 200 953
186.67.172.234 - - [24/Apr/2019:09:47:44 -0300] "GET /cormun/static/licenciaspermisosadjuntos.js?201776126362 HTTP/1.1" 200 8760
186.67.172.234 - - [24/Apr/2019:09:47:44 -0300] "GET /cormun/static/about:blank HTTP/1.1" 404 1011
186.67.172.234 - - [24/Apr/2019:09:47:44 -0300] "GET /cormun/servlet/licenciaspermisosadjuntos?INS,17309299,L,20190424000000,, HTTP/1.1" 200 5984
200.54.103.162 - - [24/Apr/2019:09:47:46 -0300] "GET /cormun/servlet/trrenuncias? HTTP/1.1" 200 7224
200.54.103.162 - - [24/Apr/2019:09:47:46 -0300] "GET /cormun/static/gxcfg.js?20175251282642 HTTP/1.1" 200 953
200.54.103.162 - - [24/Apr/2019:09:47:47 -0300] "GET /cormun/static/trrenuncias.js?20175251283179 HTTP/1.1" 200 31174
200.54.103.162 - - [24/Apr/2019:09:47:48 -0300] "GET /cormun/servlet/trrenuncias? HTTP/1.1" 200 7223
200.54.103.162 - - [24/Apr/2019:09:47:51 -0300] "GET /cormun/servlet/renuncias?INS,0, HTTP/1.1" 200 6472
200.54.103.162 - - [24/Apr/2019:09:47:51 -0300] "GET /cormun/static/Resources/Spanish/PXTools.css?11294912 HTTP/1.1" 200 89042
200.54.103.162 - - [24/Apr/2019:09:47:51 -0300] "GET /cormun/static/gxcfg.js?2017426922787 HTTP/1.1" 200 953
200.54.103.162 - - [24/Apr/2019:09:47:51 -0300] "GET /cormun/static/renuncias.js?201742692287 HTTP/1.1" 200 14762
200.54.103.162 - - [24/Apr/2019:09:47:53 -0300] "GET /cormun/servlet/renuncias?INS,0, HTTP/1.1" 200 6472
200.54.246.54 - - [24/Apr/2019:09:48:00 -0300] "POST /cormun/servlet/licenciaspermisosadjuntos?ad20e763cd6beceae6ac27b3472e8574,INS,17309299,L,20190424000000,, HTTP/1.1" 200 116
200.54.246.54 - - [24/Apr/2019:09:48:00 -0300] "GET /cormun/servlet/hpexe_return? HTTP/1.1" 200 1048
200.54.246.54 - - [24/Apr/2019:09:48:00 -0300] "GET /cormun/servlet/trlicenciaspermisosadjuntos?17309299,20190424000000,L, HTTP/1.1" 200 7214
200.54.246.54 - - [24/Apr/2019:09:48:00 -0300] "GET /cormun/servlet/trlicenciaspermisosadjuntos?17309299,20190424000000,L, HTTP/1.1" 200 7210
200.54.246.54 - - [24/Apr/2019:09:48:04 -0300] "POST /cormun/servlet/trlicenciaspermisosadjuntos?ad20e763cd6beceae6ac27b3472e8574,17309299,20190424000000,L,,gx-no-cache=1556106257605 HTTP/1.1" 200 90
200.54.246.54 - - [24/Apr/2019:09:48:04 -0300] "GET /cormun/servlet/hpexe_link HTTP/1.1" 200 989
200.54.246.54 - - [24/Apr/2019:09:48:04 -0300] "GET /cormun/servlet/trlicencias HTTP/1.1" 200 14364
200.54.246.54 - - [24/Apr/2019:09:48:05 -0300] "GET /cormun/servlet/trlicencias HTTP/1.1" 200 14370
192.168.10.60 - - [24/Apr/2019:09:48:07 -0300] "GET /cormun/servlet/hlogin HTTP/1.1" 200 1725
192.168.10.60 - - [24/Apr/2019:09:48:07 -0300] "GET /cormun/static/gxtimezone.js?85251 HTTP/1.1" 200 5781
192.168.10.60 - - [24/Apr/2019:09:48:07 -0300] "GET /cormun/static/gxcfg.js?20177612122725 HTTP/1.1" 200 953
192.168.10.60 - - [24/Apr/2019:09:48:07 -0300] "GET /cormun/static/Resources/ComunLogin.png HTTP/1.1" 200 17326
192.168.10.60 - - [24/Apr/2019:09:48:07 -0300] "GET /cormun/static/messages.spa.js?85251 HTTP/1.1" 200 30736
192.168.10.60 - - [24/Apr/2019:09:48:07 -0300] "GET /cormun/static/gxgral.js?85251 HTTP/1.1" 200 384558
192.168.10.60 - - [24/Apr/2019:09:48:07 -0300] "GET /cormun/static/Resources/PXToolsButtonRight21.png HTTP/1.1" 200 1283
192.168.10.60 - - [24/Apr/2019:09:48:07 -0300] "GET /cormun/static/Resources/PXToolsButtonLeft21.png HTTP/1.1" 200 1287
192.168.10.60 - - [24/Apr/2019:09:48:07 -0300] "GET /cormun/static/Resources/PXToolsLoginTop.png HTTP/1.1" 200 1337
192.168.10.60 - - [24/Apr/2019:09:48:07 -0300] "GET /cormun/static/hlogin.js?20177612122738 HTTP/1.1" 200 2136
192.168.10.60 - - [24/Apr/2019:09:48:07 -0300] "GET /cormun/static/Resources/PXToolsLoginBackground.png HTTP/1.1" 200 1164
192.168.10.60 - - [24/Apr/2019:09:48:07 -0300] "GET /cormun/static/Resources/PXToolsLoginBottom.png HTTP/1.1" 200 1389
192.168.10.60 - - [24/Apr/2019:09:48:07 -0300] "GET /cormun/static/Resources/PXToolsButtonBackground2.png HTTP/1.1" 200 1181
192.168.10.60 - - [24/Apr/2019:09:48:07 -0300] "GET /cormun/static/Resources/indicator.gif HTTP/1.1" 200 1553
192.168.10.60 - - [24/Apr/2019:09:48:07 -0300] "GET /cormun/servlet/hlogin HTTP/1.1" 200 1729
200.54.246.54 - - [24/Apr/2019:09:48:08 -0300] "GET /cormun/servlet/alicenciaprn?17309299,L,20190424000000,PU HTTP/1.1" 200 1549
192.168.10.60 - - [24/Apr/2019:09:48:15 -0300] "POST /cormun/servlet/hlogin?5ebb3154eba249d7795a0bf5350d3c3d,gx-no-cache=1556116889565 HTTP/1.1" 200 90
192.168.10.60 - - [24/Apr/2019:09:48:15 -0300] "GET /cormun/servlet/hpexe_link HTTP/1.1" 200 949
192.168.10.60 - - [24/Apr/2019:09:48:15 -0300] "GET /cormun/static/gxcfg.js?20177612121792 HTTP/1.1" 200 953
192.168.10.60 - - [24/Apr/2019:09:48:15 -0300] "GET /cormun/static/hpexe_link.js?20177612121795 HTTP/1.1" 200 625
192.168.10.60 - - [24/Apr/2019:09:48:15 -0300] "GET /cormun/servlet/hhome HTTP/1.1" 200 3832
192.168.10.60 - - [24/Apr/2019:09:48:15 -0300] "GET /cormun/static/Resources/Spanish/PXTools.css?11423723 HTTP/1.1" 200 89042
192.168.10.60 - - [24/Apr/2019:09:48:15 -0300] "GET /cormun/static/PXToolsJavascripts/pexe_autoreload.js HTTP/1.1" 200 1762
192.168.10.60 - - [24/Apr/2019:09:48:15 -0300] "GET /cormun/static/PXToolsJavascripts/pexe_cookies.js HTTP/1.1" 200 792
192.168.10.60 - - [24/Apr/2019:09:48:15 -0300] "GET /cormun/static/gxcfg.js?20175251212442 HTTP/1.1" 200 953
192.168.10.60 - - [24/Apr/2019:09:48:15 -0300] "GET /cormun/static/PXToolsJavascripts/pexe_windows.js HTTP/1.1" 200 15207
192.168.10.60 - - [24/Apr/2019:09:48:15 -0300] "GET /cormun/static/PXToolsJavascripts/pexe_griddivfix.js HTTP/1.1" 200 6644
192.168.10.60 - - [24/Apr/2019:09:48:15 -0300] "GET /cormun/static/PXToolsJavascripts/pexe_grid.js HTTP/1.1" 200 7559
192.168.10.60 - - [24/Apr/2019:09:48:15 -0300] "GET /cormun/static/PXToolsJavascripts/pexe_menus.js HTTP/1.1" 200 1286
192.168.10.60 - - [24/Apr/2019:09:48:15 -0300] "GET /cormun/static/PXToolsJavascripts/pexe_link.js HTTP/1.1" 200 5671
192.168.10.60 - - [24/Apr/2019:09:48:15 -0300] "GET /cormun/static/PXToolsJavascripts/pexe_layers.js HTTP/1.1" 200 4114
192.168.10.60 - - [24/Apr/2019:09:48:15 -0300] "GET /cormun/static/PXToolsJavascripts/pexe_menudivfix.js HTTP/1.1" 200 333
192.168.10.60 - - [24/Apr/2019:09:48:15 -0300] "GET /cormun/static/PXToolsJavascripts/pexe_oav.js HTTP/1.1" 200 645
192.168.10.60 - - [24/Apr/2019:09:48:15 -0300] "GET /cormun/static/PXToolsJavascripts/pexe_oavdivfix.js HTTP/1.1" 200 639
192.168.10.60 - - [24/Apr/2019:09:48:15 -0300] "GET /cormun/static/PXToolsJavascripts/pexe_tabdivfix.js HTTP/1.1" 200 876
192.168.10.60 - - [24/Apr/2019:09:48:15 -0300] "GET /cormun/static/PXToolsJavascripts/pexe_scrolldiv.js HTTP/1.1" 200 4138
192.168.10.60 - - [24/Apr/2019:09:48:15 -0300] "GET /cormun/static/PXToolsJavascripts/pexe_picture.js HTTP/1.1" 200 689
192.168.10.60 - - [24/Apr/2019:09:48:15 -0300] "GET /cormun/static/PXToolsJavascripts/pexe_tabs.js HTTP/1.1" 200 3748
192.168.10.60 - - [24/Apr/2019:09:48:15 -0300] "GET /cormun/static/PXToolsJavascripts/pexe_upload.js HTTP/1.1" 200 1423
192.168.10.60 - - [24/Apr/2019:09:48:15 -0300] "GET /cormun/static/PXToolsJavascripts/PXToolsJavascriptsRender.js HTTP/1.1" 200 367
192.168.10.60 - - [24/Apr/2019:09:48:15 -0300] "GET /cormun/static/Resources/logo4.png HTTP/1.1" 200 6582
192.168.10.60 - - [24/Apr/2019:09:48:15 -0300] "GET /cormun/static/PXToolsJavascripts/pexe_popup.js HTTP/1.1" 200 13458
192.168.10.60 - - [24/Apr/2019:09:48:15 -0300] "GET /cormun/static/Resources/PXToolsHeaderActionsLeft.png HTTP/1.1" 200 1118
192.168.10.60 - - [24/Apr/2019:09:48:15 -0300] "GET /cormun/static/RunJS/RunJS.js HTTP/1.1" 200 288
192.168.10.60 - - [24/Apr/2019:09:48:15 -0300] "GET /cormun/static/gxui/gxui-all.js HTTP/1.1" 200 107772
192.168.10.60 - - [24/Apr/2019:09:48:15 -0300] "GET /cormun/static/hwchdr01.js?201752511465785 HTTP/1.1" 200 1183
192.168.10.60 - - [24/Apr/2019:09:48:15 -0300] "GET /cormun/static/hpexe_recentlink.js?20177611595044 HTTP/1.1" 200 2144
192.168.10.60 - - [24/Apr/2019:09:48:15 -0300] "GET /cormun/static/hpexe_scripts.js?201752511465715 HTTP/1.1" 200 1544
192.168.10.60 - - [24/Apr/2019:09:48:15 -0300] "GET /cormun/static/Shared/ext/locale/ext-lang-en.js HTTP/1.1" 200 10940
192.168.10.60 - - [24/Apr/2019:09:48:15 -0300] "GET /cormun/static/hhome.js?20175251212450 HTTP/1.1" 200 777
192.168.10.60 - - [24/Apr/2019:09:48:15 -0300] "GET /cormun/static/Resources/PXToolsHeaderHome.png HTTP/1.1" 200 4147
192.168.10.60 - - [24/Apr/2019:09:48:16 -0300] "GET /cormun/static/Resources/PXToolsFooterBackground2.png HTTP/1.1" 200 1172
192.168.10.60 - - [24/Apr/2019:09:48:16 -0300] "GET /cormun/static/Resources/PXToolsHeaderBackground2.png HTTP/1.1" 200 1174
192.168.10.60 - - [24/Apr/2019:09:48:16 -0300] "GET /cormun/static/Resources/PXToolsHeaderLogin.png HTTP/1.1" 200 4279
192.168.10.60 - - [24/Apr/2019:09:48:16 -0300] "GET /cormun/static/hpexe_messagecontroller.js?20177611595012 HTTP/1.1" 200 870
192.168.10.60 - - [24/Apr/2019:09:48:16 -0300] "GET /cormun/static/Resources/PXToolsDataTitle.png HTTP/1.1" 200 1173
192.168.10.60 - - [24/Apr/2019:09:48:16 -0300] "GET /cormun/static/Resources/PXToolsHeaderPreferences.png HTTP/1.1" 200 4189
192.168.10.60 - - [24/Apr/2019:09:48:16 -0300] "GET /cormun/static/Resources/PXToolsHeaderActionsBackground.png HTTP/1.1" 200 484
192.168.10.60 - - [24/Apr/2019:09:48:16 -0300] "GET /cormun/static/Resources/PXToolsHeaderSecurity.png HTTP/1.1" 200 4166
192.168.10.60 - - [24/Apr/2019:09:48:16 -0300] "GET /cormun/static/Resources/PXToolsHeaderActionsRight.png HTTP/1.1" 200 1201
192.168.10.60 - - [24/Apr/2019:09:48:16 -0300] "GET /cormun/static/hpexe_messagepopupcomponent.js?20161017169425 HTTP/1.1" 200 605
192.168.10.60 - - [24/Apr/2019:09:48:16 -0300] "GET /cormun/static/hpexe_messagegenexuscomponent.js?201752511465344 HTTP/1.1" 200 587
192.168.10.60 - - [24/Apr/2019:09:48:16 -0300] "GET /cormun/static/Shared/ext/ext-all.js HTTP/1.1" 200 1289687
192.168.10.60 - - [24/Apr/2019:09:48:16 -0300] "GET /cormun/static/cmcontrolpreferences.js?201752511465670 HTTP/1.1" 200 1375
192.168.10.60 - - [24/Apr/2019:09:48:16 -0300] "GET /cormun/static/SmoothNavMenu/resources/ddsmoothmenu.js HTTP/1.1" 200 12712
192.168.10.60 - - [24/Apr/2019:09:48:16 -0300] "GET /cormun/static/SmoothNavMenu/resources/SmoothNavMenuRender.js HTTP/1.1" 200 5951
192.168.10.60 - - [24/Apr/2019:09:48:16 -0300] "GET /cormun/static/Shared/jquery/jquery-1.4.2.min.js HTTP/1.1" 200 72174
192.168.10.60 - - [24/Apr/2019:09:48:16 -0300] "GET /cormun/static/scaMessage/js/jquery.pnotify.min.js HTTP/1.1" 200 13038
192.168.10.60 - - [24/Apr/2019:09:48:16 -0300] "GET /cormun/static/scaMessage/scaMessageRender.js HTTP/1.1" 200 11977
192.168.10.60 - - [24/Apr/2019:09:48:16 -0300] "GET /cormun/static/Shared/jqueryui/jquery-ui.min.js HTTP/1.1" 200 240427
192.168.10.60 - - [24/Apr/2019:09:48:16 -0300] "GET /cormun/static/hmpwkw03.js?20189613443875 HTTP/1.1" 200 3965
192.168.10.60 - - [24/Apr/2019:09:48:16 -0300] "GET /cormun/static/Shared/jquery/jquery-1.10.2.min.js HTTP/1.1" 200 273199
192.168.10.60 - - [24/Apr/2019:09:48:16 -0300] "GET /cormun/servlet/hhome HTTP/1.1" 200 3829
192.168.10.60 - - [24/Apr/2019:09:48:16 -0300] "GET /cormun/static/SmoothNavMenu/resources/images/down.gif HTTP/1.1" 200 854
192.168.10.60 - - [24/Apr/2019:09:48:26 -0300] "GET /cormun/servlet/trsolicitudgral? HTTP/1.1" 200 28016
192.168.10.60 - - [24/Apr/2019:09:48:27 -0300] "GET /cormun/static/calendar-setup.js?85251 HTTP/1.1" 200 2588
192.168.10.60 - - [24/Apr/2019:09:48:27 -0300] "GET /cormun/static/gxcfg.js?201813119461163 HTTP/1.1" 200 953
192.168.10.60 - - [24/Apr/2019:09:48:27 -0300] "GET /cormun/static/calendar-es.js?85251 HTTP/1.1" 200 1901
192.168.10.60 - - [24/Apr/2019:09:48:27 -0300] "GET /cormun/static/Resources/PXTools/calendar.png HTTP/1.1" 200 1306
192.168.10.60 - - [24/Apr/2019:09:48:27 -0300] "GET /cormun/static/calendar.js?85251 HTTP/1.1" 200 26246
192.168.10.60 - - [24/Apr/2019:09:48:27 -0300] "GET /cormun/static/gxdec.js?85251 HTTP/1.1" 200 19579
192.168.10.60 - - [24/Apr/2019:09:48:27 -0300] "GET /cormun/static/trsolicitudgral.js?201813119462015 HTTP/1.1" 200 55173
192.168.10.60 - - [24/Apr/2019:09:48:28 -0300] "GET /cormun/servlet/trsolicitudgral? HTTP/1.1" 200 28013
200.54.103.162 - - [24/Apr/2019:09:48:42 -0300] "GET /cormun/servlet/trcontratounov2? HTTP/1.1" 200 17854
192.168.10.60 - - [24/Apr/2019:09:48:44 -0300] "POST /cormun/servlet/trsolicitudgral?5ebb3154eba249d7795a0bf5350d3c3d,,gx-no-cache=1556116918637 HTTP/1.1" 200 25628
200.54.103.162 - - [24/Apr/2019:09:48:44 -0300] "GET /cormun/servlet/trcontratounov2? HTTP/1.1" 200 17832
192.168.10.60 - - [24/Apr/2019:09:48:47 -0300] "POST /cormun/servlet/trsolicitudgral?5ebb3154eba249d7795a0bf5350d3c3d,,gx-no-cache=1556116921362 HTTP/1.1" 200 7444
200.54.103.162 - - [24/Apr/2019:09:48:49 -0300] "POST /cormun/servlet/trcontratounov2?fa68b791d188d898f324723874e9522e,,gx-no-cache=1556109904567 HTTP/1.1" 200 17642
192.168.10.60 - - [24/Apr/2019:09:48:52 -0300] "POST /cormun/servlet/trsolicitudgral?5ebb3154eba249d7795a0bf5350d3c3d,,gx-no-cache=1556116926371 HTTP/1.1" 200 25628
200.54.103.162 - - [24/Apr/2019:09:48:58 -0300] "POST /cormun/servlet/trcontratounov2?fa68b791d188d898f324723874e9522e,,gx-no-cache=1556109913494 HTTP/1.1" 200 17715
192.168.10.50 - - [24/Apr/2019:09:48:59 -0300] "GET /cormun/servlet/hlogin HTTP/1.1" 200 1723
192.168.10.50 - - [24/Apr/2019:09:48:59 -0300] "GET /cormun/static/gxtimezone.js?85251 HTTP/1.1" 200 5781
192.168.10.50 - - [24/Apr/2019:09:48:59 -0300] "GET /cormun/static/gxcfg.js?20177612122725 HTTP/1.1" 200 953
192.168.10.50 - - [24/Apr/2019:09:48:59 -0300] "GET /cormun/static/Resources/Spanish/PXTools.css?1155365 HTTP/1.1" 200 89042
192.168.10.50 - - [24/Apr/2019:09:48:59 -0300] "GET /cormun/static/messages.spa.js?85251 HTTP/1.1" 200 30736
192.168.10.50 - - [24/Apr/2019:09:48:59 -0300] "GET /cormun/static/Resources/ComunLogin.png HTTP/1.1" 200 17326
192.168.10.50 - - [24/Apr/2019:09:48:59 -0300] "GET /cormun/static/hlogin.js?20177612122738 HTTP/1.1" 200 2136
192.168.10.50 - - [24/Apr/2019:09:48:59 -0300] "GET /cormun/static/gxgral.js?85251 HTTP/1.1" 200 384558
192.168.10.50 - - [24/Apr/2019:09:48:59 -0300] "GET /cormun/static/Resources/PXToolsLoginTop.png HTTP/1.1" 200 1337
192.168.10.50 - - [24/Apr/2019:09:48:59 -0300] "GET /cormun/static/Resources/PXToolsLoginBackground.png HTTP/1.1" 200 1164
192.168.10.50 - - [24/Apr/2019:09:48:59 -0300] "GET /cormun/static/Resources/PXToolsButtonBackground2.png HTTP/1.1" 200 1181
192.168.10.50 - - [24/Apr/2019:09:48:59 -0300] "GET /cormun/static/Resources/PXToolsLoginBottom.png HTTP/1.1" 200 1389
192.168.10.50 - - [24/Apr/2019:09:48:59 -0300] "GET /cormun/static/Resources/PXToolsButtonRight21.png HTTP/1.1" 200 1283
192.168.10.50 - - [24/Apr/2019:09:48:59 -0300] "GET /cormun/static/Resources/PXToolsButtonLeft21.png HTTP/1.1" 200 1287
192.168.10.50 - - [24/Apr/2019:09:49:00 -0300] "GET /cormun/static/Resources/indicator.gif HTTP/1.1" 200 1553
192.168.10.50 - - [24/Apr/2019:09:49:00 -0300] "GET /cormun/servlet/hlogin HTTP/1.1" 200 1726
192.168.10.50 - - [24/Apr/2019:09:49:00 -0300] "GET /favicon.ico HTTP/1.1" 200 21630
192.168.10.60 - - [24/Apr/2019:09:49:15 -0300] "GET /cormun/servlet/vesolicitudgral?2019,15344,, HTTP/1.1" 200 8396
192.168.10.60 - - [24/Apr/2019:09:49:16 -0300] "GET /cormun/static/gxcfg.js?201711151294153 HTTP/1.1" 200 953
192.168.10.60 - - [24/Apr/2019:09:49:16 -0300] "GET /cormun/pexe_scrolldiv.js HTTP/1.1" 404 1009
192.168.10.60 - - [24/Apr/2019:09:49:16 -0300] "GET /cormun/static/Resources/PXToolsTabFirstSelected.png HTTP/1.1" 200 1259
192.168.10.60 - - [24/Apr/2019:09:49:16 -0300] "GET /cormun/pexe_scrolldiv.js HTTP/1.1" 404 1009
192.168.10.60 - - [24/Apr/2019:09:49:16 -0300] "GET /cormun/static/Resources/PXToolsTabPrevious.gif HTTP/1.1" 200 172
192.168.10.60 - - [24/Apr/2019:09:49:16 -0300] "GET /cormun/static/Resources/PXToolsTabNext.gif HTTP/1.1" 200 168
192.168.10.60 - - [24/Apr/2019:09:49:16 -0300] "GET /cormun/static/hpexe_tabsview.js?201610171694228 HTTP/1.1" 200 1661
192.168.10.60 - - [24/Apr/2019:09:49:16 -0300] "GET /cormun/static/tbsolicitudgral01.js?2018371059499 HTTP/1.1" 200 31320
192.168.10.60 - - [24/Apr/2019:09:49:16 -0300] "GET /cormun/static/Resources/PXToolsTabLastUnselected.png HTTP/1.1" 200 1291
192.168.10.60 - - [24/Apr/2019:09:49:16 -0300] "GET /cormun/static/hwcviewtabs.js?20177611594913 HTTP/1.1" 200 1074
192.168.10.60 - - [24/Apr/2019:09:49:16 -0300] "GET /cormun/static/vesolicitudgral.js?201711151294244 HTTP/1.1" 200 6721
192.168.10.60 - - [24/Apr/2019:09:49:16 -0300] "GET /cormun/static/calendar-system.css HTTP/1.1" 200 5572
192.168.10.60 - - [24/Apr/2019:09:49:16 -0300] "GET /cormun/static/Resources/PXToolsTabBackSelected.png HTTP/1.1" 200 1157
192.168.10.60 - - [24/Apr/2019:09:49:16 -0300] "GET /cormun/static/Resources/PXToolsTabBackUnselected.png HTTP/1.1" 200 1175
192.168.10.60 - - [24/Apr/2019:09:49:16 -0300] "GET /cormun/static/Resources/PXToolsTabSelectedUnselected.png HTTP/1.1" 200 1428
192.168.10.60 - - [24/Apr/2019:09:49:16 -0300] "GET /cormun/static/Resources/PXToolsTabUnselectedUnselected.png HTTP/1.1" 200 1459
192.168.10.60 - - [24/Apr/2019:09:49:16 -0300] "GET /cormun/servlet/vesolicitudgral?2019,15344,, HTTP/1.1" 200 8396
200.54.103.162 - - [24/Apr/2019:09:49:20 -0300] "GET /cormun/servlet/trrenuncias? HTTP/1.1" 200 7224
200.54.103.162 - - [24/Apr/2019:09:49:22 -0300] "GET /cormun/servlet/trrenuncias? HTTP/1.1" 200 7223
200.54.103.162 - - [24/Apr/2019:09:49:24 -0300] "GET /cormun/servlet/renuncias?INS,0, HTTP/1.1" 200 6472
192.168.10.89 - - [24/Apr/2019:09:49:25 -0300] "GET /cormun/servlet/hlogin HTTP/1.1" 200 1720
200.54.103.162 - - [24/Apr/2019:09:49:25 -0300] "GET /cormun/servlet/renuncias?INS,0, HTTP/1.1" 200 6472
200.54.246.54 - - [24/Apr/2019:09:49:28 -0300] "POST /cormun/servlet/trlicencias?ad20e763cd6beceae6ac27b3472e8574,gx-no-cache=1556106340473 HTTP/1.1" 200 11691
200.54.246.54 - - [24/Apr/2019:09:49:28 -0300] "GET /cormun/static/Shared/jqueryui/images/ui-bg_highlight-soft_100_c6c2c8_1x100.png HTTP/1.1" 404 1117
200.54.246.54 - - [24/Apr/2019:09:49:28 -0300] "GET /cormun/static/Shared/jqueryui/images/ui-icons_82798d_256x240.png HTTP/1.1" 404 1089
200.54.246.54 - - [24/Apr/2019:09:49:28 -0300] "GET /cormun/static/Shared/jqueryui/images/ui-bg_flat_55_fafafa_40x100.png HTTP/1.1" 404 1097
200.54.246.54 - - [24/Apr/2019:09:49:28 -0300] "GET /cormun/static/Shared/jqueryui/images/ui-icons_8d78a5_256x240.png HTTP/1.1" 404 1089
200.54.103.162 - - [24/Apr/2019:09:49:28 -0300] "GET /cormun/servlet/renuncias?85638061fa896bd717d78c9c4af0b8675c17c8ae816aa67b30c989fa323b5ccc3596c1128778db569e0e8e688c54a388,gx-no-cache=1556109944474 HTTP/1.1" 200 33
192.168.10.50 - - [24/Apr/2019:09:49:36 -0300] "GET /cormun/servlet/hlogin HTTP/1.1" 200 1723
192.168.10.89 - - [24/Apr/2019:09:49:37 -0300] "POST /cormun/servlet/hlogin?8ded571cd825ca0f848c90589c2fc1e1,gx-no-cache=1556116972080 HTTP/1.1" 200 90
192.168.10.89 - - [24/Apr/2019:09:49:37 -0300] "GET /cormun/servlet/hpexe_link HTTP/1.1" 200 949
192.168.10.89 - - [24/Apr/2019:09:49:38 -0300] "GET /cormun/servlet/hhome HTTP/1.1" 200 3869
200.54.103.162 - - [24/Apr/2019:09:49:39 -0300] "GET /cormun/servlet/renuncias?85638061fa896bd717d78c9c4af0b867069687250f48489005c3b187303005d08e8017cec14a5dd14c964f3a10f108e0,gx-no-cache=1556109954711 HTTP/1.1" 200 72
192.168.10.89 - - [24/Apr/2019:09:49:43 -0300] "GET /cormun/servlet/trsolicitudgral? HTTP/1.1" 200 28050
200.54.103.162 - - [24/Apr/2019:09:49:45 -0300] "GET /cormun/servlet/prcontrato?16662041,,,MD,,gxPopupLevel%3D0%3B HTTP/1.1" 200 6340
200.54.103.162 - - [24/Apr/2019:09:49:45 -0300] "GET /cormun/static/gxcfg.js?20175251232326 HTTP/1.1" 200 953
200.54.103.162 - - [24/Apr/2019:09:49:45 -0300] "GET /cormun/static/prcontrato.js?20175251232552 HTTP/1.1" 200 13820
192.168.10.89 - - [24/Apr/2019:09:49:52 -0300] "POST /cormun/servlet/trsolicitudgral?8ded571cd825ca0f848c90589c2fc1e1,,gx-no-cache=1556116986310 HTTP/1.1" 200 7003
186.67.172.234 - - [24/Apr/2019:09:49:52 -0300] "GET /cormun/servlet/hlogin HTTP/1.1" 200 1740
192.168.10.89 - - [24/Apr/2019:09:49:54 -0300] "GET /cormun/servlet/solicitudgral?UPD,2019,15344, HTTP/1.1" 200 12534
192.168.10.89 - - [24/Apr/2019:09:49:55 -0300] "POST /cormun/servlet/solicitudgral?gx-no-cache=1556116989877 HTTP/1.1" 200 4061
192.168.10.89 - - [24/Apr/2019:09:49:55 -0300] "GET /cormun/servlet/solicitudgral?98411d05eaa35420600b9178e65e6eecd439abee96f13474641cdd5ceee2110cc3e0b8c3970792bca5f5daf30b895f7868da4052bc70877c763ec44303085f13f26be2183fe0fe24aae306ffd300fbce2260555eedf14980eb1bcf698aaf4c7538dcdbe4515007b2b6ab2fd9da4ddafd4cf3be5bc6046426c67014e46bcc33e08164a8f589a9e0f964144def23b0b6b787d0cdfb40da535b4eebffc087ffd6bdce44aecc32b36ab60ca17304a385c5e677f544487a374683dab503cd425eb617082003618fc9aa024734d6ce4e676f47259e3fdeb3f272df33bd917e7c5ae79b7f67c39d0dcd37034d7332d481d3edaeab2fe46829778d7c0022784439e2190e33c68ff2544aa0ce413a1346a50a63fe2df7914c68a147498b749303e33e45853da147dc73771a61724d7589f825950ab37560176d64184708f01e2625bbf4cb7ccd9262165367ffe18189750443f980,gx-no-cache=1556116990078 HTTP/1.1" 200 255
192.168.10.89 - - [24/Apr/2019:09:49:56 -0300] "GET /cormun/servlet/solicitudgral?98411d05eaa35420600b9178e65e6eecbb7fba30ea6736946cb3d509287a59f8c3e0b8c3970792bca5f5daf30b895f7868da4052bc70877c763ec44303085f130b14cc8f2030b8b31f2966656138335cf327d2f8e8dc14ba2d4287d72b6bbb68,gx-no-cache=1556116990529 HTTP/1.1" 200 30
192.168.10.89 - - [24/Apr/2019:09:49:56 -0300] "POST /cormun/servlet/solicitudgral?gx-no-cache=1556116990856 HTTP/1.1" 200 97
192.168.10.89 - - [24/Apr/2019:09:49:56 -0300] "GET /cormun/servlet/solicitudgral?98411d05eaa35420600b9178e65e6eec4e805bebcc8608f6c25ed83edb539eee90ca01c09947978b276d22e2d1abd14ebef03ac51bee92a7dd1fd4d4a4bb39a37e96d64b5f50eacf2add8fe849a98a1b4861342f2bb6c157469158442b32b98343a4acfb54b407b1ba7a1a4a3c0c237d5a88251a18771f3e73179e6b7bdad63054315ee1b7023221dda8a8d709ffa27190261a280bdfbe9955826112fe91475e3b1afef4c320a08e1ba420e92ca9eaf593f9c21d2ca9a342a2bb4066822f1c9e66a93df584f86fd3b4b3849f2e8d7d2a,gx-no-cache=1556116991215 HTTP/1.1" 200 49
192.168.10.89 - - [24/Apr/2019:09:49:57 -0300] "POST /cormun/servlet/solicitudgral?8ded571cd825ca0f848c90589c2fc1e1,UPD,2019,15344,,gx-no-cache=1556116991551 HTTP/1.1" 200 11473
192.168.10.89 - - [24/Apr/2019:09:50:00 -0300] "GET /cormun/servlet/solicitudgral?98411d05eaa35420600b9178e65e6eecf4d28f65741c2ab4dc673d73c5b0e5ade9cb363917518a29610200e42d9d5c9b8314b8c1df726cea2dcc59ac434e842b2deaeac563baaa9acf4decde6a89b42ac84652beec64d907c7251e9db9168c325a2a1ba234e109a6d599ce3e53c1be4d8ab27fa916a477fcf5581feb9f1f8b46886c18886ef97ecaaf66acdaf4d0556cd737ea6c52a232b2b63505d63a390ffa,gx-no-cache=1556116994944 HTTP/1.1" 200 30
192.168.10.50 - - [24/Apr/2019:09:50:04 -0300] "GET /cormun/servlet/hlogin HTTP/1.1" 200 1723
192.168.10.89 - - [24/Apr/2019:09:50:06 -0300] "POST /cormun/servlet/solicitudgral?8ded571cd825ca0f848c90589c2fc1e1,UPD,2019,15344,,gx-no-cache=1556117000235 HTTP/1.1" 200 93
192.168.10.89 - - [24/Apr/2019:09:50:06 -0300] "GET /cormun/servlet/hpexe_return? HTTP/1.1" 200 1011
192.168.10.89 - - [24/Apr/2019:09:50:06 -0300] "GET /cormun/servlet/trsolicitudgral? HTTP/1.1" 200 10099
192.168.10.89 - - [24/Apr/2019:09:50:11 -0300] "GET /cormun/servlet/solicitudgral?UPD,2019,15344, HTTP/1.1" 200 12543
192.168.10.89 - - [24/Apr/2019:09:50:12 -0300] "POST /cormun/servlet/solicitudgral?gx-no-cache=1556117007084 HTTP/1.1" 200 4061
192.168.10.89 - - [24/Apr/2019:09:50:13 -0300] "GET /cormun/servlet/solicitudgral?98411d05eaa35420600b9178e65e6eecd439abee96f13474641cdd5ceee2110cc3e0b8c3970792bca5f5daf30b895f7868da4052bc70877c763ec44303085f13f26be2183fe0fe24aae306ffd300fbce2260555eedf14980eb1bcf698aaf4c7538dcdbe4515007b2b6ab2fd9da4ddafd4cf3be5bc6046426c67014e46bcc33e08164a8f589a9e0f964144def23b0b6b787d0cdfb40da535b4eebffc087ffd6bdce44aecc32b36ab60ca17304a385c5e677f544487a374683dab503cd425eb617082003618fc9aa024734d6ce4e676f47259e3fdeb3f272df33bd917e7c5ae79b7f67c39d0dcd37034d7332d481d3edaeab2fe46829778d7c0022784439e2190e33c68ff2544aa0ce413a1346a50a63fe2df7914c68a147498b749303e33e45853da147dc73771a61724d7589f825950ab37560176d64184708f01e2625bbf4cb7ccd9262165367ffe18189750443f980,gx-no-cache=1556117007337 HTTP/1.1" 200 255
192.168.10.89 - - [24/Apr/2019:09:50:13 -0300] "GET /cormun/servlet/solicitudgral?98411d05eaa35420600b9178e65e6eecbb7fba30ea6736946cb3d509287a59f8c3e0b8c3970792bca5f5daf30b895f7868da4052bc70877c763ec44303085f130b14cc8f2030b8b31f2966656138335cf327d2f8e8dc14ba2d4287d72b6bbb68,gx-no-cache=1556117007364 HTTP/1.1" 200 30
192.168.10.89 - - [24/Apr/2019:09:50:15 -0300] "POST /cormun/servlet/solicitudgral?gx-no-cache=1556117009707 HTTP/1.1" 200 79
200.54.103.162 - - [24/Apr/2019:09:50:15 -0300] "POST /cormun/servlet/renuncias?fa68b791d188d898f324723874e9522e,INS,0,,gx-no-cache=1556109991263 HTTP/1.1" 200 93
200.54.103.162 - - [24/Apr/2019:09:50:15 -0300] "GET /cormun/servlet/hpexe_return? HTTP/1.1" 200 1004
192.168.10.89 - - [24/Apr/2019:09:50:16 -0300] "GET /cormun/servlet/solicitudgral?98411d05eaa35420600b9178e65e6eec4e805bebcc8608f6c25ed83edb539eee6809764ed46688755e3126002902c968fad3cd50426d264e6fceb51f5bd8c140a9b4d21271a6eb444738dd80b7f61d79fd5c87a5a71ad1aec04dfb56ddea8e2ddeb43cd26c3914d2898d043974b2e05ab83eb3b5dc7b3d43f629dba5afd9004a,gx-no-cache=1556117010557 HTTP/1.1" 200 49
200.54.103.162 - - [24/Apr/2019:09:50:16 -0300] "GET /cormun/servlet/trrenuncias HTTP/1.1" 200 7939
192.168.10.89 - - [24/Apr/2019:09:50:16 -0300] "POST /cormun/servlet/solicitudgral?8ded571cd825ca0f848c90589c2fc1e1,UPD,2019,15344,,gx-no-cache=1556117010924 HTTP/1.1" 200 11456
192.168.10.89 - - [24/Apr/2019:09:50:17 -0300] "GET /cormun/servlet/solicitudgral?98411d05eaa35420600b9178e65e6eec76fdeb80662a60c7cbca5954f8994ca0e9cb363917518a29610200e42d9d5c9b8314b8c1df726cea2dcc59ac434e842b2deaeac563baaa9acf4decde6a89b42ac84652beec64d907c7251e9db9168c325a2a1ba234e109a6d599ce3e53c1be4d8ab27fa916a477fcf5581feb9f1f8b46886c18886ef97ecaaf66acdaf4d0556cd737ea6c52a232b2b63505d63a390ffa,gx-no-cache=1556117011573 HTTP/1.1" 200 29
200.54.103.162 - - [24/Apr/2019:09:50:18 -0300] "GET /cormun/servlet/trrenuncias HTTP/1.1" 200 7935
200.54.103.162 - - [24/Apr/2019:09:50:20 -0300] "GET /cormun/servlet/trrenunciasadjuntos?221,16662041, HTTP/1.1" 200 6336
200.54.103.162 - - [24/Apr/2019:09:50:20 -0300] "GET /cormun/static/gxcfg.js?20177612185036 HTTP/1.1" 200 953
200.54.103.162 - - [24/Apr/2019:09:50:20 -0300] "GET /cormun/static/trrenunciasadjuntos.js?20177612185280 HTTP/1.1" 200 15250
192.168.10.89 - - [24/Apr/2019:09:50:21 -0300] "POST /cormun/servlet/solicitudgral?8ded571cd825ca0f848c90589c2fc1e1,UPD,2019,15344,,gx-no-cache=1556117015971 HTTP/1.1" 200 93
192.168.10.89 - - [24/Apr/2019:09:50:21 -0300] "GET /cormun/servlet/hpexe_return? HTTP/1.1" 200 1011
192.168.10.89 - - [24/Apr/2019:09:50:22 -0300] "GET /cormun/servlet/trsolicitudgral HTTP/1.1" 200 10110
200.54.103.162 - - [24/Apr/2019:09:50:22 -0300] "GET /cormun/servlet/trrenunciasadjuntos?221,16662041, HTTP/1.1" 200 6336
200.54.103.162 - - [24/Apr/2019:09:50:23 -0300] "GET /cormun/servlet/renunciasadjuntos?INS,221,, HTTP/1.1" 200 5678
200.54.103.162 - - [24/Apr/2019:09:50:23 -0300] "GET /cormun/static/gxcfg.js?2017761273622 HTTP/1.1" 200 953
200.54.103.162 - - [24/Apr/2019:09:50:23 -0300] "GET /cormun/static/renunciasadjuntos.js?2017761273629 HTTP/1.1" 200 5937
200.54.103.162 - - [24/Apr/2019:09:50:24 -0300] "GET /cormun/static/about:blank HTTP/1.1" 404 1011
200.54.103.162 - - [24/Apr/2019:09:50:25 -0300] "GET /cormun/servlet/renunciasadjuntos?INS,221,, HTTP/1.1" 200 5665
200.54.103.162 - - [24/Apr/2019:09:50:35 -0300] "POST /cormun/servlet/renunciasadjuntos?fa68b791d188d898f324723874e9522e,INS,221,, HTTP/1.1" 200 116
200.54.103.162 - - [24/Apr/2019:09:50:35 -0300] "GET /cormun/servlet/hpexe_return? HTTP/1.1" 200 1021
200.54.103.162 - - [24/Apr/2019:09:50:36 -0300] "GET /cormun/servlet/trrenunciasadjuntos?221,16662041, HTTP/1.1" 200 6749
200.54.103.162 - - [24/Apr/2019:09:50:37 -0300] "GET /cormun/servlet/trrenunciasadjuntos?221,16662041, HTTP/1.1" 200 6746
200.54.103.162 - - [24/Apr/2019:09:50:40 -0300] "POST /cormun/servlet/trrenunciasadjuntos?fa68b791d188d898f324723874e9522e,221,16662041,,gx-no-cache=1556110015979 HTTP/1.1" 200 90
200.54.103.162 - - [24/Apr/2019:09:50:40 -0300] "GET /cormun/servlet/hpexe_link HTTP/1.1" 200 969
200.54.103.162 - - [24/Apr/2019:09:50:40 -0300] "GET /cormun/servlet/trrenuncias HTTP/1.1" 200 7937
200.54.103.162 - - [24/Apr/2019:09:50:42 -0300] "GET /cormun/servlet/trrenuncias HTTP/1.1" 200 7935
200.54.103.162 - - [24/Apr/2019:09:50:55 -0300] "GET /cormun/servlet/arenunciaprn?221,PU HTTP/1.1" 200 1559
200.54.103.162 - - [24/Apr/2019:09:51:14 -0300] "GET /cormun/servlet/hlogin HTTP/1.1" 200 1735
157.55.39.34 - - [24/Apr/2019:09:51:53 -0300] "GET /robots.txt HTTP/1.1" 404 981
200.54.103.162 - - [24/Apr/2019:09:53:23 -0300] "GET /cormun/servlet/hlogin HTTP/1.1" 200 1717
200.54.103.162 - - [24/Apr/2019:09:53:25 -0300] "GET /cormun/servlet/hlogin HTTP/1.1" 200 1728
200.54.103.162 - - [24/Apr/2019:09:53:32 -0300] "POST /cormun/servlet/hlogin?9a1841f703672aa3422540ad3ba6ea01,gx-no-cache=1556110187504 HTTP/1.1" 200 90
200.54.103.162 - - [24/Apr/2019:09:53:32 -0300] "GET /cormun/servlet/hpexe_link HTTP/1.1" 200 947
200.54.103.162 - - [24/Apr/2019:09:53:32 -0300] "GET /cormun/servlet/hhome HTTP/1.1" 200 4333
200.54.103.162 - - [24/Apr/2019:09:53:33 -0300] "GET /cormun/servlet/hhome HTTP/1.1" 200 4329
200.54.103.162 - - [24/Apr/2019:09:53:43 -0300] "GET /cormun/servlet/trrenuncias? HTTP/1.1" 200 7934
200.54.103.162 - - [24/Apr/2019:09:53:43 -0300] "GET /cormun/static/gxcfg.js?20175251282642 HTTP/1.1" 200 953
200.54.103.162 - - [24/Apr/2019:09:53:43 -0300] "GET /cormun/static/trrenuncias.js?20175251283179 HTTP/1.1" 200 31174
200.54.103.162 - - [24/Apr/2019:09:53:43 -0300] "GET /cormun/servlet/trrenuncias? HTTP/1.1" 200 7932
200.54.103.162 - - [24/Apr/2019:09:53:47 -0300] "GET /cormun/servlet/arenunciaprn?221,PU HTTP/1.1" 200 1559
66.249.83.27 - - [24/Apr/2019:09:53:51 -0300] "GET /cormun/servlet/hlogin HTTP/1.1" 200 1723
66.249.83.29 - - [24/Apr/2019:09:53:51 -0300] "GET /cormun/servlet/hlogin?_escaped_fragment_= HTTP/1.1" 200 1719
66.249.83.25 - - [24/Apr/2019:09:53:53 -0300] "GET /favicon.ico HTTP/1.1" 200 21630
200.111.191.210 - - [24/Apr/2019:09:54:48 -0300] "GET /cormun/servlet/permisogoce?INS,0,,, HTTP/1.1" 200 6099
200.111.191.210 - - [24/Apr/2019:09:54:48 -0300] "GET /cormun/servlet/hlogin HTTP/1.1" 200 1746
200.111.191.210 - - [24/Apr/2019:09:54:48 -0300] "GET /cormun/servlet/permisogoce?INS,0,,, HTTP/1.1" 200 6092
200.111.191.210 - - [24/Apr/2019:09:54:55 -0300] "POST /cormun/servlet/hlogin?2ae213dfa73a42975217c6b5b916eedb,gx-no-cache=1556110349556 HTTP/1.1" 200 90
200.111.191.210 - - [24/Apr/2019:09:54:55 -0300] "GET /cormun/servlet/hpexe_link HTTP/1.1" 200 964
200.111.191.210 - - [24/Apr/2019:09:54:55 -0300] "GET /cormun/servlet/permisogoce?INS,0,,, HTTP/1.1" 200 6695
200.111.191.210 - - [24/Apr/2019:09:54:56 -0300] "GET /cormun/servlet/permisogoce?INS,0,,, HTTP/1.1" 200 6693
200.111.191.210 - - [24/Apr/2019:09:55:00 -0300] "GET /cormun/servlet/permisogoce?b5b20439d793a0c22ad39fd00058c843b4f36b78640c9c8d91a8562ba05fea5ce62058675247f53fb8a6d732da41dd5e4dbf45096d2f60bc924e199aff879487,gx-no-cache=1556110354723 HTTP/1.1" 200 79
200.111.191.210 - - [24/Apr/2019:09:55:05 -0300] "GET /cormun/servlet/permisogoce?b5b20439d793a0c22ad39fd00058c8433da93705e039b7ee42044be86dd63fb7c329c68b5b02bf464fabb4a2d3b6aac0be9f5de86f63cac8ecbfae526c8801a8,gx-no-cache=1556110359104 HTTP/1.1" 200 47
200.111.191.210 - - [24/Apr/2019:09:55:12 -0300] "POST /cormun/servlet/permisogoce?2ae213dfa73a42975217c6b5b916eedb,INS,0,,,,gx-no-cache=1556110366042 HTTP/1.1" 200 93
200.111.191.210 - - [24/Apr/2019:09:55:12 -0300] "GET /cormun/servlet/hpexe_return? HTTP/1.1" 200 1008
200.111.191.210 - - [24/Apr/2019:09:55:12 -0300] "GET /cormun/servlet/hhome HTTP/1.1" 200 4031
200.111.191.210 - - [24/Apr/2019:09:55:12 -0300] "GET /cormun/servlet/hhome HTTP/1.1" 200 4025
200.111.191.210 - - [24/Apr/2019:09:55:17 -0300] "GET /cormun/servlet/trpermisosgoce? HTTP/1.1" 200 19055
200.111.191.210 - - [24/Apr/2019:09:55:18 -0300] "GET /cormun/servlet/trpermisosgoce? HTTP/1.1" 200 19037
200.111.191.210 - - [24/Apr/2019:09:55:20 -0300] "GET /cormun/servlet/apermisogoceprn?11365335,P,20190424104810,PU HTTP/1.1" 200 1648
200.54.103.162 - - [24/Apr/2019:09:55:24 -0300] "POST /cormun/servlet/trrenuncias?9a1841f703672aa3422540ad3ba6ea01,,gx-no-cache=1556110299108 HTTP/1.1" 200 5049
200.54.103.162 - - [24/Apr/2019:09:55:24 -0300] "GET /cormun/static/Shared/jqueryui/images/ui-bg_flat_55_fafafa_40x100.png HTTP/1.1" 404 1097
200.54.103.162 - - [24/Apr/2019:09:55:24 -0300] "GET /cormun/static/Shared/jqueryui/images/ui-bg_highlight-soft_100_c6c2c8_1x100.png HTTP/1.1" 404 1117
200.54.103.162 - - [24/Apr/2019:09:55:24 -0300] "GET /cormun/static/Shared/jqueryui/images/ui-icons_8d78a5_256x240.png HTTP/1.1" 404 1089
200.54.103.162 - - [24/Apr/2019:09:55:25 -0300] "GET /cormun/static/Shared/jqueryui/images/ui-icons_82798d_256x240.png HTTP/1.1" 404 1089
200.54.103.162 - - [24/Apr/2019:09:55:43 -0300] "GET /cormun/servlet/trautorizarenuncias? HTTP/1.1" 200 7682
200.54.103.162 - - [24/Apr/2019:09:55:43 -0300] "GET /cormun/static/gxcfg.js?2017761218543 HTTP/1.1" 200 953
200.54.103.162 - - [24/Apr/2019:09:55:43 -0300] "GET /cormun/static/trautorizarenuncias.js?20177612185765 HTTP/1.1" 200 29147
200.54.103.162 - - [24/Apr/2019:09:55:43 -0300] "GET /cormun/servlet/trautorizarenuncias? HTTP/1.1" 200 7681
190.171.134.178 - - [24/Apr/2019:09:55:47 -0300] "GET /cormun/servlet/hlogin HTTP/1.1" 200 1722
200.54.103.162 - - [24/Apr/2019:09:55:47 -0300] "POST /cormun/servlet/trautorizarenuncias?9a1841f703672aa3422540ad3ba6ea01,,gx-no-cache=1556110322473 HTTP/1.1" 200 4317
200.54.103.162 - - [24/Apr/2019:09:55:47 -0300] "GET /cormun/static/Shared/jqueryui/images/ui-bg_highlight-soft_100_c6c2c8_1x100.png HTTP/1.1" 404 1117
200.54.103.162 - - [24/Apr/2019:09:55:47 -0300] "GET /cormun/static/Shared/jqueryui/images/ui-icons_82798d_256x240.png HTTP/1.1" 404 1089
200.54.103.162 - - [24/Apr/2019:09:55:47 -0300] "GET /cormun/static/Shared/jqueryui/images/ui-icons_8d78a5_256x240.png HTTP/1.1" 404 1089
200.54.103.162 - - [24/Apr/2019:09:55:47 -0300] "GET /cormun/static/Shared/jqueryui/images/ui-bg_flat_55_fafafa_40x100.png HTTP/1.1" 404 1097
190.171.134.178 - - [24/Apr/2019:09:55:48 -0300] "GET /cormun/servlet/hlogin HTTP/1.1" 200 1732
200.54.103.162 - - [24/Apr/2019:09:55:59 -0300] "GET /cormun/servlet/trlicencias? HTTP/1.1" 200 13115
190.171.134.178 - - [24/Apr/2019:09:56:00 -0300] "POST /cormun/servlet/hlogin?7bf8d9f0a6fe80dcdaea6872ea1c21ff,gx-no-cache=1556110335959 HTTP/1.1" 200 90
200.54.103.162 - - [24/Apr/2019:09:56:00 -0300] "GET /cormun/servlet/trlicencias? HTTP/1.1" 200 13113
190.171.134.178 - - [24/Apr/2019:09:56:00 -0300] "GET /cormun/servlet/hpexe_link HTTP/1.1" 200 953
190.171.134.178 - - [24/Apr/2019:09:56:00 -0300] "GET /cormun/servlet/hhome HTTP/1.1" 200 4005
190.171.134.178 - - [24/Apr/2019:09:56:02 -0300] "GET /cormun/servlet/hhome HTTP/1.1" 200 4001
190.171.134.178 - - [24/Apr/2019:09:56:05 -0300] "GET /cormun/servlet/trsolicitudot? HTTP/1.1" 200 7221
190.171.134.178 - - [24/Apr/2019:09:56:06 -0300] "GET /cormun/servlet/trsolicitudot? HTTP/1.1" 200 7220
200.54.103.162 - - [24/Apr/2019:09:56:09 -0300] "POST /cormun/servlet/trlicencias?9a1841f703672aa3422540ad3ba6ea01,,gx-no-cache=1556110344329 HTTP/1.1" 200 10603
190.171.134.178 - - [24/Apr/2019:09:56:09 -0300] "GET /cormun/servlet/solicitudot?INS,0,0, HTTP/1.1" 200 14912
190.171.134.178 - - [24/Apr/2019:09:56:11 -0300] "GET /cormun/servlet/solicitudot?INS,0,0, HTTP/1.1" 200 14917
207.46.13.169 - - [24/Apr/2019:09:56:16 -0300] "GET /cormun/static/Resources/PXToolsHeaderActionsBackground.png HTTP/1.1" 200 484
190.171.141.90 - - [24/Apr/2019:09:56:17 -0300] "GET /cormun/servlet/licenciaspermisos?d5da10b193a50536eb281b1d5bf2ba90d66267112cd315ffb4e132ffe3c7c207f32012fd902686d09b70f778be0aff60,gx-no-cache=1556110352886 HTTP/1.1" 200 98
190.171.141.90 - - [24/Apr/2019:09:56:17 -0300] "POST /cormun/servlet/licenciaspermisos?8c60c6cb14b26db91cae1f579fcad643,INS,0,,,,gx-no-cache=1556110352971 HTTP/1.1" 200 4948
186.103.158.250 - - [24/Apr/2019:09:56:43 -0300] "GET /cormun/servlet/hlogin HTTP/1.1" 200 1720
186.103.158.250 - - [24/Apr/2019:09:56:43 -0300] "GET /cormun/servlet/hlogin HTTP/1.1" 200 1731
186.103.158.250 - - [24/Apr/2019:09:56:57 -0300] "POST /cormun/servlet/hlogin?9972c1e63018b52023c5e10555b00956,gx-no-cache=1556110391875 HTTP/1.1" 200 445
190.171.141.90 - - [24/Apr/2019:09:57:01 -0300] "GET /cormun/static/menuarrow.gif HTTP/1.1" 404 1015
186.103.158.250 - - [24/Apr/2019:09:57:04 -0300] "POST /cormun/servlet/hlogin?9972c1e63018b52023c5e10555b00956,gx-no-cache=1556110398632 HTTP/1.1" 200 445
190.171.141.90 - - [24/Apr/2019:09:57:31 -0300] "GET /cormun/servlet/licenciaspermisos?d5da10b193a50536eb281b1d5bf2ba90b8e7304d7b5b17a4a8f2c1c5fd1e3db446138f83881e5a36361dce5a49d88b284d59e4d2f00f36c4b7766c5065ecebaa07ede1f8c530d391b1fbf419d0aa03f967ea51a11bbdff57f57740510be0b48cfa2e7f2ea6f5d7bd12cb36e6eed8e35d6fed0f2dce993c303f7b5e2bd61988865504d9032e1a68d63476d9aaaf496d7c481b4891f901001c4627a4451f0028e45e0fd30203faab45138c6d275b984718,gx-no-cache=1556110426319 HTTP/1.1" 200 30
190.171.141.90 - - [24/Apr/2019:09:57:31 -0300] "GET /cormun/servlet/licenciaspermisos?d5da10b193a50536eb281b1d5bf2ba90d7240103c7128e1d1212e65a00ce0d0d08027c6fbe44be474ee238a822225782d41db5cad7dbf53afa69f16af5bfd00e458ac4f845eb59f7a777fe94b77be88e8e9fa81d1030018a182f634045051a9f8f11fcc55b9a84c3248c65a9b4837638fc695301f04af9596639bfb2ac6aa5a7ca2a1e9905e5413d386ee0dbdaf77e6ad2ffd3d4f6f10b1e17ed99f4733f29c2875ba39c62e833a4a201ac439fb8d1a1,gx-no-cache=1556110426533 HTTP/1.1" 200 29
190.171.141.90 - - [24/Apr/2019:09:57:32 -0300] "POST /cormun/servlet/licenciaspermisos?8c60c6cb14b26db91cae1f579fcad643,INS,0,,,,gx-no-cache=1556110426675 HTTP/1.1" 200 93
190.171.141.90 - - [24/Apr/2019:09:57:32 -0300] "GET /cormun/servlet/hpexe_return? HTTP/1.1" 200 1014
190.171.141.90 - - [24/Apr/2019:09:57:32 -0300] "GET /cormun/static/gxcfg.js?2016101716175148 HTTP/1.1" 200 953
190.171.141.90 - - [24/Apr/2019:09:57:32 -0300] "GET /cormun/static/hpexe_return.js?2016101716175153 HTTP/1.1" 200 1633
190.171.141.90 - - [24/Apr/2019:09:57:32 -0300] "GET /cormun/static/Resources/Spanish/PXTools.css?167811 HTTP/1.1" 200 89042
190.171.141.90 - - [24/Apr/2019:09:57:32 -0300] "GET /cormun/servlet/trlicencias HTTP/1.1" 200 13311
190.171.141.90 - - [24/Apr/2019:09:57:33 -0300] "GET /cormun//static/Resources/PXToolsGridUpdate.png HTTP/1.1" 200 2984
190.171.141.90 - - [24/Apr/2019:09:57:33 -0300] "GET /cormun//static/Resources/PXToolsGridDelete.png HTTP/1.1" 200 357
190.171.141.90 - - [24/Apr/2019:09:57:33 -0300] "GET /cormun/servlet/trlicencias HTTP/1.1" 200 13290
190.171.134.178 - - [24/Apr/2019:09:57:36 -0300] "GET /cormun/servlet/prfichaempleado?,MD,,gxPopupLevel%3D0%3B HTTP/1.1" 200 9296
190.171.141.90 - - [24/Apr/2019:09:57:38 -0300] "GET /cormun/servlet/trlicenciaspermisosadjuntos?17129317,20190424000000,L, HTTP/1.1" 200 6574
190.171.141.90 - - [24/Apr/2019:09:57:38 -0300] "GET /cormun/static/gxcfg.js?20177612163414 HTTP/1.1" 200 953
190.171.141.90 - - [24/Apr/2019:09:57:38 -0300] "GET /cormun/static/trlicenciaspermisosadjuntos.js?20177612163719 HTTP/1.1" 200 21036
190.171.141.90 - - [24/Apr/2019:09:57:39 -0300] "GET /cormun/servlet/trlicenciaspermisosadjuntos?17129317,20190424000000,L, HTTP/1.1" 200 6574
190.171.141.90 - - [24/Apr/2019:09:57:40 -0300] "GET /cormun/servlet/licenciaspermisosadjuntos?INS,17129317,L,20190424000000,, HTTP/1.1" 200 5874
190.171.141.90 - - [24/Apr/2019:09:57:40 -0300] "GET /cormun/static/gxcfg.js?2017761263592 HTTP/1.1" 200 953
190.171.141.90 - - [24/Apr/2019:09:57:41 -0300] "GET /cormun/static/licenciaspermisosadjuntos.js?201776126362 HTTP/1.1" 200 8760
190.171.141.90 - - [24/Apr/2019:09:57:41 -0300] "GET /cormun/static/about:blank HTTP/1.1" 404 1011
190.171.141.90 - - [24/Apr/2019:09:57:41 -0300] "GET /cormun/servlet/licenciaspermisosadjuntos?INS,17129317,L,20190424000000,, HTTP/1.1" 200 5863
190.171.134.178 - - [24/Apr/2019:09:57:42 -0300] "POST /cormun/servlet/solicitudot?gx-no-cache=1556110437332 HTTP/1.1" 200 3450
190.171.134.178 - - [24/Apr/2019:09:57:43 -0300] "POST /cormun/servlet/solicitudot?7bf8d9f0a6fe80dcdaea6872ea1c21ff,INS,0,0,,gx-no-cache=1556110437760 HTTP/1.1" 200 11704
186.103.158.250 - - [24/Apr/2019:09:57:45 -0300] "POST /cormun/servlet/hlogin?9972c1e63018b52023c5e10555b00956,gx-no-cache=1556110439189 HTTP/1.1" 200 90
186.103.158.250 - - [24/Apr/2019:09:57:45 -0300] "GET /cormun/servlet/hpexe_link HTTP/1.1" 200 951
186.103.158.250 - - [24/Apr/2019:09:57:45 -0300] "GET /cormun/servlet/hhome HTTP/1.1" 200 4307
186.103.158.250 - - [24/Apr/2019:09:57:47 -0300] "GET /cormun/servlet/hhome HTTP/1.1" 200 4304
190.171.141.90 - - [24/Apr/2019:09:57:49 -0300] "POST /cormun/servlet/licenciaspermisosadjuntos?8c60c6cb14b26db91cae1f579fcad643,INS,17129317,L,20190424000000,, HTTP/1.1" 200 116
190.171.141.90 - - [24/Apr/2019:09:57:49 -0300] "GET /cormun/servlet/hpexe_return? HTTP/1.1" 200 1045
190.171.141.90 - - [24/Apr/2019:09:57:50 -0300] "GET /cormun/servlet/trlicenciaspermisosadjuntos?17129317,20190424000000,L, HTTP/1.1" 200 7077
190.171.141.90 - - [24/Apr/2019:09:57:50 -0300] "GET /cormun/servlet/trlicenciaspermisosadjuntos?17129317,20190424000000,L, HTTP/1.1" 200 7075
186.103.158.250 - - [24/Apr/2019:09:57:52 -0300] "GET /cormun/servlet/trsolicitudot? HTTP/1.1" 200 7526
190.171.141.90 - - [24/Apr/2019:09:57:52 -0300] "GET /cormun/PublicTempStorage/doc023047201904231700465345904.pdf HTTP/1.1" 200 130287
190.171.134.178 - - [24/Apr/2019:09:57:53 -0300] "GET /cormun/servlet/solicitudot?146ca9a6beaf87cbf3b3ea748adbec521434002c378dffd406387f269238579dcc7b2fa10f945c5778e61e23d56090f4,gx-no-cache=1556110448583 HTTP/1.1" 200 30
186.103.158.250 - - [24/Apr/2019:09:57:53 -0300] "GET /cormun/servlet/trsolicitudot? HTTP/1.1" 200 7525
190.171.141.90 - - [24/Apr/2019:09:57:56 -0300] "GET /cormun/servlet/trlicenciaspermisosadjuntos?17129317,20190424000000,L, HTTP/1.1" 200 7077
190.171.141.90 - - [24/Apr/2019:09:57:56 -0300] "GET /cormun/servlet/trlicenciaspermisosadjuntos?17129317,20190424000000,L, HTTP/1.1" 200 7075
190.171.141.90 - - [24/Apr/2019:09:57:58 -0300] "GET /cormun/servlet/licenciaspermisosadjuntos?DLT,17129317,L,20190424000000,20190424105055, HTTP/1.1" 200 5908
190.171.141.90 - - [24/Apr/2019:09:57:59 -0300] "GET /cormun/PublicTempStorage/doc023047201904231700469876314.pdf HTTP/1.1" 200 130287
186.103.158.250 - - [24/Apr/2019:09:57:59 -0300] "GET /cormun/servlet/solicitudot?INS,0,0, HTTP/1.1" 200 15278
190.171.141.90 - - [24/Apr/2019:09:57:59 -0300] "GET /cormun/static/Shared/jqueryui/images/ui-icons_82798d_256x240.png HTTP/1.1" 404 1089
190.171.141.90 - - [24/Apr/2019:09:57:59 -0300] "GET /cormun/static/Shared/jqueryui/images/ui-bg_highlight-soft_100_c6c2c8_1x100.png HTTP/1.1" 404 1117
190.171.141.90 - - [24/Apr/2019:09:57:59 -0300] "GET /cormun/static/Shared/jqueryui/images/ui-icons_8d78a5_256x240.png HTTP/1.1" 404 1089
190.171.141.90 - - [24/Apr/2019:09:57:59 -0300] "GET /cormun/static/Shared/jqueryui/images/ui-bg_flat_55_fafafa_40x100.png HTTP/1.1" 404 1097
190.171.141.90 - - [24/Apr/2019:09:57:59 -0300] "GET /cormun/servlet/licenciaspermisosadjuntos?DLT,17129317,L,20190424000000,20190424105055, HTTP/1.1" 200 5897
186.103.158.250 - - [24/Apr/2019:09:58:00 -0300] "GET /cormun/servlet/solicitudot?INS,0,0, HTTP/1.1" 200 15283
190.171.141.90 - - [24/Apr/2019:09:58:02 -0300] "POST /cormun/servlet/licenciaspermisosadjuntos?8c60c6cb14b26db91cae1f579fcad643,DLT,17129317,L,20190424000000,20190424105055,,gx-no-cache=1556110457940 HTTP/1.1" 200 93
190.171.141.90 - - [24/Apr/2019:09:58:02 -0300] "GET /cormun/servlet/hpexe_return? HTTP/1.1" 200 1052
190.171.141.90 - - [24/Apr/2019:09:58:03 -0300] "GET /cormun/servlet/trlicenciaspermisosadjuntos?17129317,20190424000000,L, HTTP/1.1" 200 6579
190.171.141.90 - - [24/Apr/2019:09:58:03 -0300] "GET /cormun/servlet/trlicenciaspermisosadjuntos?17129317,20190424000000,L, HTTP/1.1" 200 6574
190.171.141.90 - - [24/Apr/2019:09:58:05 -0300] "GET /cormun/servlet/licenciaspermisosadjuntos?INS,17129317,L,20190424000000,, HTTP/1.1" 200 5875
190.171.141.90 - - [24/Apr/2019:09:58:05 -0300] "GET /cormun/static/about:blank HTTP/1.1" 404 1011
190.171.141.90 - - [24/Apr/2019:09:58:05 -0300] "GET /cormun/servlet/licenciaspermisosadjuntos?INS,17129317,L,20190424000000,, HTTP/1.1" 200 5863
190.171.141.90 - - [24/Apr/2019:09:58:10 -0300] "POST /cormun/servlet/licenciaspermisosadjuntos?8c60c6cb14b26db91cae1f579fcad643,INS,17129317,L,20190424000000,, HTTP/1.1" 200 116
190.171.141.90 - - [24/Apr/2019:09:58:11 -0300] "GET /cormun/servlet/hpexe_return? HTTP/1.1" 200 1045
190.171.141.90 - - [24/Apr/2019:09:58:11 -0300] "GET /cormun/servlet/trlicenciaspermisosadjuntos?17129317,20190424000000,L, HTTP/1.1" 200 7076
190.171.141.90 - - [24/Apr/2019:09:58:11 -0300] "GET /cormun/servlet/trlicenciaspermisosadjuntos?17129317,20190424000000,L, HTTP/1.1" 200 7074
