190.171.141.82 - - [24/Apr/2019:13:58:55 -0300] "GET /cormun/static/PXToolsJavascripts/pexe_tabdivfix.js HTTP/1.1" 304 -
190.171.141.82 - - [24/Apr/2019:13:58:55 -0300] "GET /cormun/static/Resources/logo4.png HTTP/1.1" 304 -
190.171.141.82 - - [24/Apr/2019:13:58:55 -0300] "GET /cormun/static/Resources/PXToolsHeaderActionsLeft.png HTTP/1.1" 304 -
190.171.141.82 - - [24/Apr/2019:13:58:55 -0300] "GET /cormun/static/gxui/gxui-all.js HTTP/1.1" 304 -
190.171.141.82 - - [24/Apr/2019:13:58:56 -0300] "GET /cormun/static/Resources/PXToolsDataTitle.png HTTP/1.1" 304 -
190.171.141.82 - - [24/Apr/2019:13:58:56 -0300] "GET /cormun/static/Resources/PXToolsHeaderBackground2.png HTTP/1.1" 304 -
190.171.141.82 - - [24/Apr/2019:13:58:56 -0300] "GET /cormun/static/Resources/PXToolsFooterBackground2.png HTTP/1.1" 304 -
190.171.141.82 - - [24/Apr/2019:13:58:56 -0300] "GET /cormun/static/hhome.js?20175251212450 HTTP/1.1" 304 -
190.171.141.82 - - [24/Apr/2019:13:58:56 -0300] "GET /cormun/static/Resources/PXToolsHeaderActionsRight.png HTTP/1.1" 304 -
190.171.141.82 - - [24/Apr/2019:13:58:56 -0300] "GET /cormun/static/Resources/PXToolsHeaderActionsBackground.png HTTP/1.1" 304 -
190.171.141.82 - - [24/Apr/2019:13:58:56 -0300] "GET /cormun/static/Resources/PXToolsHeaderHome.png HTTP/1.1" 304 -
190.171.141.82 - - [24/Apr/2019:13:58:56 -0300] "GET /cormun/static/Resources/PXToolsHeaderPreferences.png HTTP/1.1" 304 -
190.171.141.82 - - [24/Apr/2019:13:58:56 -0300] "GET /cormun/static/Resources/PXToolsHeaderLogin.png HTTP/1.1" 304 -
190.171.141.82 - - [24/Apr/2019:13:58:56 -0300] "GET /cormun/static/Resources/PXToolsHeaderSecurity.png HTTP/1.1" 304 -
190.171.141.82 - - [24/Apr/2019:13:58:56 -0300] "GET /cormun/static/hwchdr01.js?201752511465785 HTTP/1.1" 304 -
190.171.141.82 - - [24/Apr/2019:13:58:56 -0300] "GET /cormun/static/hpexe_recentlink.js?20177611595044 HTTP/1.1" 304 -
190.171.141.82 - - [24/Apr/2019:13:58:56 -0300] "GET /cormun/static/hpexe_messagegenexuscomponent.js?201752511465344 HTTP/1.1" 304 -
190.171.141.82 - - [24/Apr/2019:13:58:56 -0300] "GET /cormun/static/hpexe_scripts.js?201752511465715 HTTP/1.1" 304 -
190.171.141.82 - - [24/Apr/2019:13:58:56 -0300] "GET /cormun/static/hpexe_messagepopupcomponent.js?20161017169425 HTTP/1.1" 304 -
190.171.141.82 - - [24/Apr/2019:13:58:56 -0300] "GET /cormun/static/hpexe_messagecontroller.js?20177611595012 HTTP/1.1" 304 -
190.171.141.82 - - [24/Apr/2019:13:58:56 -0300] "GET /cormun/static/cmcontrolpreferences.js?201752511465670 HTTP/1.1" 304 -
190.171.141.82 - - [24/Apr/2019:13:58:56 -0300] "GET /cormun/static/Shared/jquery/jquery-1.4.2.min.js HTTP/1.1" 304 -
190.171.141.82 - - [24/Apr/2019:13:58:57 -0300] "GET /cormun/static/SmoothNavMenu/resources/ddsmoothmenu.js HTTP/1.1" 304 -
190.171.141.82 - - [24/Apr/2019:13:58:57 -0300] "GET /cormun/static/Shared/jquery/jquery-1.10.2.min.js HTTP/1.1" 304 -
190.171.141.82 - - [24/Apr/2019:13:58:57 -0300] "GET /cormun/static/SmoothNavMenu/resources/SmoothNavMenuRender.js HTTP/1.1" 304 -
190.171.141.82 - - [24/Apr/2019:13:58:57 -0300] "GET /cormun/static/Shared/jqueryui/jquery-ui.min.js HTTP/1.1" 304 -
190.171.141.82 - - [24/Apr/2019:13:58:57 -0300] "GET /cormun/static/scaMessage/scaMessageRender.js HTTP/1.1" 304 -
190.171.141.82 - - [24/Apr/2019:13:58:57 -0300] "GET /cormun/static/hmpwkw03.js?20189613443875 HTTP/1.1" 304 -
190.171.141.82 - - [24/Apr/2019:13:58:58 -0300] "GET /cormun/servlet/hhome HTTP/1.1" 200 4339
190.171.141.82 - - [24/Apr/2019:13:59:04 -0300] "GET /cormun/servlet/trlicencias? HTTP/1.1" 200 12649
190.171.141.82 - - [24/Apr/2019:13:59:05 -0300] "GET /cormun/static/gxui/gxui-all.css?110300 HTTP/1.1" 304 -
190.171.141.82 - - [24/Apr/2019:13:59:05 -0300] "GET /cormun/static/calendar-es.js?85251 HTTP/1.1" 304 -
190.171.141.82 - - [24/Apr/2019:13:59:05 -0300] "GET /cormun/static/Resources/Spanish/PXTools.css?17315867 HTTP/1.1" 304 -
190.171.141.82 - - [24/Apr/2019:13:59:05 -0300] "GET /cormun/static/calendar-system.css?75620 HTTP/1.1" 304 -
190.171.141.82 - - [24/Apr/2019:13:59:05 -0300] "GET /cormun/static/gxcfg.js?20176272054169 HTTP/1.1" 200 953
190.171.141.90 - - [24/Apr/2019:13:59:05 -0300] "GET /cormun/servlet/permisogoce?INS,0,,, HTTP/1.1" 200 7109
190.171.141.82 - - [24/Apr/2019:13:59:05 -0300] "GET /cormun/static/Shared/ext/resources/css/ext-all.css?205870 HTTP/1.1" 304 -
190.171.141.82 - - [24/Apr/2019:13:59:05 -0300] "GET /cormun/static/calendar.js?85251 HTTP/1.1" 304 -
190.171.141.82 - - [24/Apr/2019:13:59:05 -0300] "GET /cormun/static/Resources/PXTools/calendar.png HTTP/1.1" 304 -
190.171.141.82 - - [24/Apr/2019:13:59:05 -0300] "GET /cormun/static/calendar-setup.js?85251 HTTP/1.1" 304 -
190.171.141.82 - - [24/Apr/2019:13:59:05 -0300] "GET /cormun/static/Resources/PXToolsDataSearch.png HTTP/1.1" 304 -
190.171.141.82 - - [24/Apr/2019:13:59:05 -0300] "GET /cormun/static/gxdec.js?85251 HTTP/1.1" 304 -
190.171.141.82 - - [24/Apr/2019:13:59:06 -0300] "GET /cormun/static/trlicencias.js?20176272054837 HTTP/1.1" 304 -
190.171.141.90 - - [24/Apr/2019:13:59:06 -0300] "GET /cormun/servlet/permisogoce?INS,0,,, HTTP/1.1" 200 7087
190.171.141.82 - - [24/Apr/2019:13:59:06 -0300] "GET /cormun/static/Resources/PXToolsGridFirstDisabled.gif HTTP/1.1" 304 -
190.171.141.82 - - [24/Apr/2019:13:59:06 -0300] "GET /cormun/static/Resources/PXToolsGridPreviousDisabled.gif HTTP/1.1" 304 -
190.171.141.82 - - [24/Apr/2019:13:59:06 -0300] "GET /cormun/static/Resources/PXToolsGridNew.png HTTP/1.1" 304 -
190.171.141.82 - - [24/Apr/2019:13:59:07 -0300] "GET /cormun/static/Resources/PXToolsGridLastDisabled.gif HTTP/1.1" 304 -
190.171.141.82 - - [24/Apr/2019:13:59:07 -0300] "GET /cormun/static/Resources/PXToolsGridNextDisabled.gif HTTP/1.1" 304 -
190.171.141.82 - - [24/Apr/2019:13:59:07 -0300] "GET /cormun/static/Resources/PXToolsGridPage.gif HTTP/1.1" 304 -
190.171.141.82 - - [24/Apr/2019:13:59:07 -0300] "GET /cormun/static/Resources/PXToolsActionExcel.png HTTP/1.1" 304 -
190.171.141.82 - - [24/Apr/2019:13:59:07 -0300] "GET /cormun/static/Resources/desc.gif HTTP/1.1" 304 -
190.171.141.82 - - [24/Apr/2019:13:59:07 -0300] "GET /cormun/static/Resources/asc.gif HTTP/1.1" 304 -
190.171.141.82 - - [24/Apr/2019:13:59:07 -0300] "GET /cormun//static/Resources/PXTools/ActionInsert.png HTTP/1.1" 304 -
190.171.141.82 - - [24/Apr/2019:13:59:07 -0300] "GET /cormun//static/Resources/PXToolsGridDisplay.png HTTP/1.1" 304 -
190.171.141.82 - - [24/Apr/2019:13:59:07 -0300] "GET /cormun//static/Resources/PXToolsActionDisabled.gif HTTP/1.1" 304 -
190.171.141.82 - - [24/Apr/2019:13:59:07 -0300] "GET /cormun/servlet/trlicencias? HTTP/1.1" 200 12646
190.171.141.82 - - [24/Apr/2019:13:59:07 -0300] "GET /cormun//static/Resources/PXToolsHeaderFavorites.png HTTP/1.1" 304 -
190.171.141.82 - - [24/Apr/2019:13:59:07 -0300] "GET /cormun//static/Resources/PXToolsActionPrint.png HTTP/1.1" 304 -
190.171.141.82 - - [24/Apr/2019:13:59:07 -0300] "GET /cormun//static/Resources/PXToolsHeaderHelp.png HTTP/1.1" 304 -
190.171.141.82 - - [24/Apr/2019:13:59:08 -0300] "GET /cormun/static/Shared/ext/resources/themes/images/default/tools/tool-sprites.gif HTTP/1.1" 304 -
190.171.141.82 - - [24/Apr/2019:13:59:08 -0300] "GET /cormun/static/Shared/ext/resources/themes/images/default/panel/bg-headersPanel.png HTTP/1.1" 304 -
190.171.141.90 - - [24/Apr/2019:13:59:08 -0300] "GET /cormun/servlet/prfichaempleado?,MD,,gxPopupLevel%3D0%3B HTTP/1.1" 200 9307
190.171.141.90 - - [24/Apr/2019:13:59:17 -0300] "POST /cormun/servlet/prfichaempleado?b9601a34fd62bd141e4634a85f5f8183,,MD,,gxPopupLevel%3D0%3B,gx-no-cache=1556124931584 HTTP/1.1" 200 3420
190.171.141.90 - - [24/Apr/2019:13:59:19 -0300] "GET /cormun/servlet/permisogoce?635ca483a6c4524f3c3eff2f2b7f93e6ef28819aef1d4bb2c6dcfdfc7f2fa9df8ea82ad8d38486907b069a2fe9b6af837b291956f7787ad157acc7bbf626b9eb,gx-no-cache=1556124933888 HTTP/1.1" 200 85
190.171.141.90 - - [24/Apr/2019:13:59:25 -0300] "GET /cormun/servlet/permisogoce?635ca483a6c4524f3c3eff2f2b7f93e6b1c0cb211d720667311199a94a1858751f97fd93d0a598418dfeb108e6473a7565eae476fed67a3c71e864f5dd1b9cd9,gx-no-cache=1556124939882 HTTP/1.1" 200 47
192.168.10.96 - - [24/Apr/2019:13:59:37 -0300] "GET /cormun/PublicTempStorage/jeslen_possamai_paez_fonasa7669546.pdf HTTP/1.1" 200 505236
190.171.141.90 - - [24/Apr/2019:13:59:46 -0300] "POST /cormun/servlet/permisogoce?b9601a34fd62bd141e4634a85f5f8183,INS,0,,,,gx-no-cache=1556124960712 HTTP/1.1" 200 93
190.171.141.90 - - [24/Apr/2019:13:59:46 -0300] "GET /cormun/servlet/hpexe_return? HTTP/1.1" 200 1028
190.171.141.90 - - [24/Apr/2019:13:59:47 -0300] "GET /cormun/servlet/trpermisosgoce?gx-no-cache=1556122315491 HTTP/1.1" 200 15972
190.171.141.90 - - [24/Apr/2019:13:59:47 -0300] "GET /cormun/servlet/trpermisosgoce?gx-no-cache=1556122315491 HTTP/1.1" 200 15981
192.168.10.96 - - [24/Apr/2019:13:59:49 -0300] "GET /cormun/PublicTempStorage/jeslen_possamai_paez_c._antecedentes3995080.pdf HTTP/1.1" 200 766815
190.171.141.90 - - [24/Apr/2019:13:59:51 -0300] "GET /cormun/servlet/trpermisosadjuntos?15122344,20190424145220,P, HTTP/1.1" 200 6564
190.171.141.90 - - [24/Apr/2019:13:59:51 -0300] "GET /cormun/servlet/trpermisosadjuntos?15122344,20190424145220,P, HTTP/1.1" 200 6544
190.171.141.90 - - [24/Apr/2019:13:59:53 -0300] "GET /cormun/servlet/permisosadjuntos?INS,15122344,P,20190424145220,, HTTP/1.1" 200 5877
190.171.141.90 - - [24/Apr/2019:13:59:53 -0300] "GET /cormun/static/about:blank HTTP/1.1" 404 1011
190.171.141.90 - - [24/Apr/2019:13:59:53 -0300] "GET /cormun/servlet/permisosadjuntos?INS,15122344,P,20190424145220,, HTTP/1.1" 200 5867
190.171.141.90 - - [24/Apr/2019:13:59:58 -0300] "POST /cormun/servlet/permisosadjuntos?b9601a34fd62bd141e4634a85f5f8183,INS,15122344,P,20190424145220,, HTTP/1.1" 200 116
190.171.141.90 - - [24/Apr/2019:13:59:58 -0300] "GET /cormun/servlet/hpexe_return? HTTP/1.1" 200 1034
190.171.141.90 - - [24/Apr/2019:13:59:58 -0300] "GET /cormun/servlet/trpermisosadjuntos?15122344,20190424145220,P, HTTP/1.1" 200 7040
190.171.141.90 - - [24/Apr/2019:13:59:59 -0300] "GET /cormun/servlet/trpermisosadjuntos?15122344,20190424145220,P, HTTP/1.1" 200 7036
190.171.141.90 - - [24/Apr/2019:14:00:00 -0300] "POST /cormun/servlet/trpermisosadjuntos?b9601a34fd62bd141e4634a85f5f8183,15122344,20190424145220,P,,gx-no-cache=1556124975139 HTTP/1.1" 200 90
190.171.141.90 - - [24/Apr/2019:14:00:00 -0300] "GET /cormun/servlet/hpexe_link HTTP/1.1" 200 999
190.171.141.90 - - [24/Apr/2019:14:00:00 -0300] "GET /cormun/servlet/trpermisosgoce?gx-no-cache=1556122315491 HTTP/1.1" 200 16002
190.171.141.90 - - [24/Apr/2019:14:00:01 -0300] "GET /cormun/servlet/trpermisosgoce?gx-no-cache=1556122315491 HTTP/1.1" 200 16017
190.171.141.90 - - [24/Apr/2019:14:00:03 -0300] "POST /cormun/servlet/trpermisosgoce?b9601a34fd62bd141e4634a85f5f8183,gx-no-cache=1556122315491,gx-no-cache=1556124978035 HTTP/1.1" 200 13016
190.171.141.90 - - [24/Apr/2019:14:00:03 -0300] "GET /cormun/static/Shared/jqueryui/images/ui-bg_highlight-soft_100_c6c2c8_1x100.png HTTP/1.1" 404 1117
190.171.141.90 - - [24/Apr/2019:14:00:03 -0300] "GET /cormun/static/Shared/jqueryui/images/ui-icons_82798d_256x240.png HTTP/1.1" 404 1089
190.171.141.90 - - [24/Apr/2019:14:00:03 -0300] "GET /cormun/static/Shared/jqueryui/images/ui-bg_flat_55_fafafa_40x100.png HTTP/1.1" 404 1097
190.171.141.90 - - [24/Apr/2019:14:00:03 -0300] "GET /cormun/static/Shared/jqueryui/images/ui-icons_8d78a5_256x240.png HTTP/1.1" 404 1089
192.168.10.96 - - [24/Apr/2019:14:00:03 -0300] "GET /cormun/PublicTempStorage/jeslen_possamai_paez_c._v6732966.pdf HTTP/1.1" 200 1485903
190.171.141.90 - - [24/Apr/2019:14:00:06 -0300] "POST /cormun/servlet/trpermisosgoce?b9601a34fd62bd141e4634a85f5f8183,gx-no-cache=1556122315491,gx-no-cache=1556124980751 HTTP/1.1" 200 13011
190.171.141.90 - - [24/Apr/2019:14:00:21 -0300] "GET /cormun/servlet/permisogoce?INS,0,,, HTTP/1.1" 200 7109
190.171.141.90 - - [24/Apr/2019:14:00:21 -0300] "GET /cormun/servlet/permisogoce?INS,0,,, HTTP/1.1" 200 7088
192.168.10.96 - - [24/Apr/2019:14:00:24 -0300] "GET /cormun/PublicTempStorage/jeslen_possamai_paez_c._v6732966.pdf HTTP/1.1" 304 -
190.171.141.90 - - [24/Apr/2019:14:00:56 -0300] "GET /cormun/servlet/permisogoce?635ca483a6c4524f3c3eff2f2b7f93e6d0e262b5b6bf78f8c8aff1c27d988d378ea82ad8d38486907b069a2fe9b6af837b291956f7787ad157acc7bbf626b9eb,gx-no-cache=1556125030815 HTTP/1.1" 200 84
190.171.141.90 - - [24/Apr/2019:14:01:03 -0300] "GET /cormun/servlet/permisogoce?635ca483a6c4524f3c3eff2f2b7f93e6aecb3e5ddbf474483294b7d8083e8fe325eb8f74cede71b6d596c2f5aa9c1bf21cd76bedee208937e350b2f638618104,gx-no-cache=1556125037869 HTTP/1.1" 200 47
190.171.141.90 - - [24/Apr/2019:14:01:28 -0300] "POST /cormun/servlet/permisogoce?b9601a34fd62bd141e4634a85f5f8183,INS,0,,,,gx-no-cache=1556125062255 HTTP/1.1" 200 93
190.171.141.90 - - [24/Apr/2019:14:01:28 -0300] "GET /cormun/servlet/hpexe_return? HTTP/1.1" 200 1028
190.171.141.90 - - [24/Apr/2019:14:01:28 -0300] "GET /cormun/servlet/trpermisosgoce?gx-no-cache=1556122315491 HTTP/1.1" 200 16187
190.171.141.90 - - [24/Apr/2019:14:01:29 -0300] "GET /cormun/servlet/trpermisosgoce?gx-no-cache=1556122315491 HTTP/1.1" 200 16204
190.171.141.90 - - [24/Apr/2019:14:01:36 -0300] "GET /cormun/servlet/trpermisosadjuntos?17502670,20190424145335,P, HTTP/1.1" 200 6560
190.171.141.90 - - [24/Apr/2019:14:01:37 -0300] "GET /cormun/servlet/trpermisosadjuntos?17502670,20190424145335,P, HTTP/1.1" 200 6540
190.171.141.90 - - [24/Apr/2019:14:01:38 -0300] "GET /cormun/servlet/permisosadjuntos?INS,17502670,P,20190424145335,, HTTP/1.1" 200 5872
190.171.141.90 - - [24/Apr/2019:14:01:38 -0300] "GET /cormun/static/about:blank HTTP/1.1" 404 1011
190.171.141.90 - - [24/Apr/2019:14:01:39 -0300] "GET /cormun/servlet/permisosadjuntos?INS,17502670,P,20190424145335,, HTTP/1.1" 200 5861
190.171.141.90 - - [24/Apr/2019:14:01:43 -0300] "POST /cormun/servlet/permisosadjuntos?b9601a34fd62bd141e4634a85f5f8183,INS,17502670,P,20190424145335,, HTTP/1.1" 200 116
190.171.141.90 - - [24/Apr/2019:14:01:43 -0300] "GET /cormun/servlet/hpexe_return? HTTP/1.1" 200 1035
190.171.141.90 - - [24/Apr/2019:14:01:44 -0300] "GET /cormun/servlet/trpermisosadjuntos?17502670,20190424145335,P, HTTP/1.1" 200 7035
190.171.141.90 - - [24/Apr/2019:14:01:44 -0300] "GET /cormun/servlet/trpermisosadjuntos?17502670,20190424145335,P, HTTP/1.1" 200 7032
190.171.141.90 - - [24/Apr/2019:14:01:46 -0300] "POST /cormun/servlet/trpermisosadjuntos?b9601a34fd62bd141e4634a85f5f8183,17502670,20190424145335,P,,gx-no-cache=1556125081231 HTTP/1.1" 200 90
190.171.141.90 - - [24/Apr/2019:14:01:46 -0300] "GET /cormun/servlet/hpexe_link HTTP/1.1" 200 1000
190.171.141.90 - - [24/Apr/2019:14:01:47 -0300] "GET /cormun/servlet/trpermisosgoce?gx-no-cache=1556122315491 HTTP/1.1" 200 16172
190.171.141.90 - - [24/Apr/2019:14:01:47 -0300] "GET /cormun/servlet/trpermisosgoce?gx-no-cache=1556122315491 HTTP/1.1" 200 16170
190.171.141.90 - - [24/Apr/2019:14:01:53 -0300] "POST /cormun/servlet/trpermisosgoce?b9601a34fd62bd141e4634a85f5f8183,gx-no-cache=1556122315491,gx-no-cache=1556125087793 HTTP/1.1" 200 13218
190.171.141.90 - - [24/Apr/2019:14:01:53 -0300] "GET /cormun/static/Shared/jqueryui/images/ui-bg_highlight-soft_100_c6c2c8_1x100.png HTTP/1.1" 404 1117
190.171.141.90 - - [24/Apr/2019:14:01:53 -0300] "GET /cormun/static/Shared/jqueryui/images/ui-icons_82798d_256x240.png HTTP/1.1" 404 1089
190.171.141.90 - - [24/Apr/2019:14:01:53 -0300] "GET /cormun/static/Shared/jqueryui/images/ui-icons_8d78a5_256x240.png HTTP/1.1" 404 1089
190.171.141.90 - - [24/Apr/2019:14:01:53 -0300] "GET /cormun/static/Shared/jqueryui/images/ui-bg_flat_55_fafafa_40x100.png HTTP/1.1" 404 1097
190.171.141.122 - - [24/Apr/2019:14:04:45 -0300] "GET /cormun/static/menuarrow.gif HTTP/1.1" 404 1015
190.171.141.122 - - [24/Apr/2019:14:04:49 -0300] "POST /cormun/servlet/trsolicitudot?e2cd9f919b65f178e93bf71bb1552f09,,gx-no-cache=1556125264008 HTTP/1.1" 440 972
190.171.141.122 - - [24/Apr/2019:14:04:50 -0300] "GET /cormun/servlet/trsolicitudot? HTTP/1.1" 200 6417
190.171.141.122 - - [24/Apr/2019:14:04:51 -0300] "GET /cormun/servlet/hlogin HTTP/1.1" 200 1739
190.171.141.122 - - [24/Apr/2019:14:04:51 -0300] "GET /cormun/servlet/trsolicitudot? HTTP/1.1" 200 6417
190.171.141.122 - - [24/Apr/2019:14:05:14 -0300] "POST /cormun/servlet/hlogin?1fbda0c2288e28592299531ef3b2861a,gx-no-cache=1556125289254 HTTP/1.1" 200 90
190.171.141.122 - - [24/Apr/2019:14:05:14 -0300] "GET /cormun/servlet/hpexe_link HTTP/1.1" 200 956
190.171.141.122 - - [24/Apr/2019:14:05:15 -0300] "GET /cormun/servlet/trsolicitudot HTTP/1.1" 200 7372
190.171.141.122 - - [24/Apr/2019:14:05:15 -0300] "GET /cormun/servlet/trsolicitudot HTTP/1.1" 200 7371
190.171.141.122 - - [24/Apr/2019:14:05:20 -0300] "GET /cormun/static/menuarrow.gif HTTP/1.1" 404 1015
190.171.141.122 - - [24/Apr/2019:14:05:26 -0300] "POST /cormun/servlet/trsolicitudot?1fbda0c2288e28592299531ef3b2861a,gx-no-cache=1556125300912 HTTP/1.1" 200 16884
190.171.141.122 - - [24/Apr/2019:14:06:08 -0300] "POST /cormun/servlet/trsolicitudot?1fbda0c2288e28592299531ef3b2861a,gx-no-cache=1556125342063 HTTP/1.1" 200 16884
192.168.10.89 - - [24/Apr/2019:14:11:35 -0300] "POST /cormun/servlet/vesolicitudgral?e5479463776b55944db888b1daa4ebb1,2019,15171,,,gx-no-cache=1556132689368 HTTP/1.1" 440 972
192.168.10.89 - - [24/Apr/2019:14:11:37 -0300] "GET /cormun/servlet/hlogin HTTP/1.1" 200 1752
186.103.156.24 - - [24/Apr/2019:14:15:21 -0300] "GET /cormun/servlet/hlogin HTTP/1.1" 200 1722
186.103.156.24 - - [24/Apr/2019:14:15:35 -0300] "POST /cormun/servlet/hlogin?c8f2adc4c5d30ad02b32c3233017dee5,gx-no-cache=1556125910317 HTTP/1.1" 200 90
186.103.156.24 - - [24/Apr/2019:14:15:35 -0300] "GET /cormun/servlet/hpexe_link HTTP/1.1" 200 949
186.103.156.24 - - [24/Apr/2019:14:15:35 -0300] "GET /cormun/servlet/hhome HTTP/1.1" 200 4333
186.103.156.24 - - [24/Apr/2019:14:15:36 -0300] "GET /cormun/servlet/hhome HTTP/1.1" 200 4330
186.103.156.24 - - [24/Apr/2019:14:15:40 -0300] "GET /cormun/servlet/trcontratounov2? HTTP/1.1" 200 17629
186.103.156.24 - - [24/Apr/2019:14:15:41 -0300] "GET /cormun/servlet/trcontratounov2? HTTP/1.1" 200 17631
190.171.149.90 - - [24/Apr/2019:14:18:28 -0300] "GET /cormun/servlet/trsolicitudot? HTTP/1.1" 200 6420
190.171.149.90 - - [24/Apr/2019:14:18:28 -0300] "GET /cormun/static/RunJS/RunJS.js HTTP/1.1" 200 288
190.171.149.90 - - [24/Apr/2019:14:18:28 -0300] "GET /cormun/static/PXToolsJavascripts/pexe_cookies.js HTTP/1.1" 200 792
190.171.149.90 - - [24/Apr/2019:14:18:29 -0300] "GET /cormun/servlet/hlogin HTTP/1.1" 200 1737
190.171.149.90 - - [24/Apr/2019:14:18:29 -0300] "GET /cormun/servlet/trsolicitudot? HTTP/1.1" 200 6414
190.171.149.90 - - [24/Apr/2019:14:18:29 -0300] "GET /cormun/static/gxcfg.js?20177612122725 HTTP/1.1" 200 953
190.171.149.90 - - [24/Apr/2019:14:18:29 -0300] "GET /cormun/static/Resources/PXToolsButtonRight21.png HTTP/1.1" 200 1283
190.171.149.90 - - [24/Apr/2019:14:18:29 -0300] "GET /cormun/static/Resources/ComunLogin.png HTTP/1.1" 200 17326
190.171.149.90 - - [24/Apr/2019:14:18:29 -0300] "GET /cormun/static/Resources/PXToolsButtonLeft21.png HTTP/1.1" 200 1287
190.171.149.90 - - [24/Apr/2019:14:18:29 -0300] "GET /cormun/static/Resources/PXToolsLoginBackground.png HTTP/1.1" 200 1164
190.171.149.90 - - [24/Apr/2019:14:18:29 -0300] "GET /cormun/static/Resources/PXToolsButtonBackground2.png HTTP/1.1" 200 1181
190.171.149.90 - - [24/Apr/2019:14:18:29 -0300] "GET /cormun/static/Resources/PXToolsLoginTop.png HTTP/1.1" 200 1337
190.171.149.90 - - [24/Apr/2019:14:18:30 -0300] "GET /cormun/static/Resources/PXToolsLoginBottom.png HTTP/1.1" 200 1389
190.171.149.90 - - [24/Apr/2019:14:18:40 -0300] "POST /cormun/servlet/hlogin?1eae0b1b954a49b93410cb0a9f2c7ac1,gx-no-cache=1556126093621 HTTP/1.1" 200 90
190.171.149.90 - - [24/Apr/2019:14:18:40 -0300] "GET /cormun/servlet/hpexe_link HTTP/1.1" 200 954
190.171.149.90 - - [24/Apr/2019:14:18:40 -0300] "GET /cormun/static/gxcfg.js?20177612121792 HTTP/1.1" 200 953
190.171.149.90 - - [24/Apr/2019:14:18:40 -0300] "GET /cormun/static/hpexe_link.js?20177612121795 HTTP/1.1" 200 625
190.171.149.90 - - [24/Apr/2019:14:18:40 -0300] "GET /cormun/servlet/trsolicitudot HTTP/1.1" 200 7332
190.171.149.90 - - [24/Apr/2019:14:18:41 -0300] "GET /cormun/static/SmoothNavMenu/resources/images/down.gif HTTP/1.1" 200 854
190.171.149.90 - - [24/Apr/2019:14:18:41 -0300] "GET /cormun/servlet/trsolicitudot HTTP/1.1" 200 7331
190.171.149.90 - - [24/Apr/2019:14:18:54 -0300] "GET /cormun/servlet/solicitudot?INS,0,0, HTTP/1.1" 200 15266
190.171.149.90 - - [24/Apr/2019:14:18:54 -0300] "GET /cormun/static/gxcfg.js?20189101114418 HTTP/1.1" 200 953
190.171.149.90 - - [24/Apr/2019:14:18:54 -0300] "GET /cormun/static/Resources/prompt.gif HTTP/1.1" 200 902
190.171.149.90 - - [24/Apr/2019:14:18:55 -0300] "GET /cormun/servlet/solicitudot?INS,0,0, HTTP/1.1" 200 15272
190.171.149.90 - - [24/Apr/2019:14:19:13 -0300] "GET /cormun/servlet/prfichaempleado?,MD,,gxPopupLevel%3D0%3B HTTP/1.1" 200 9381
190.171.149.90 - - [24/Apr/2019:14:19:13 -0300] "GET /cormun/static/gxcfg.js?20177612134814 HTTP/1.1" 200 953
190.171.149.90 - - [24/Apr/2019:14:19:19 -0300] "POST /cormun/servlet/prfichaempleado?1eae0b1b954a49b93410cb0a9f2c7ac1,,MD,,gxPopupLevel%3D0%3B,gx-no-cache=1556126133137 HTTP/1.1" 200 6257
190.171.149.90 - - [24/Apr/2019:14:19:22 -0300] "POST /cormun/servlet/prfichaempleado?1eae0b1b954a49b93410cb0a9f2c7ac1,,MD,,gxPopupLevel%3D0%3B,gx-no-cache=1556126135479 HTTP/1.1" 200 6257
192.168.10.96 - - [24/Apr/2019:14:19:28 -0300] "GET /cormun/PublicTempStorage/jeslen_possamai_paez_titulo1470645.pdf HTTP/1.1" 200 1845701
190.171.141.90 - - [24/Apr/2019:14:19:28 -0300] "GET /cormun/servlet/trlicencias? HTTP/1.1" 200 13157
190.171.141.90 - - [24/Apr/2019:14:19:29 -0300] "GET /cormun/servlet/trlicencias? HTTP/1.1" 200 13137
190.171.149.90 - - [24/Apr/2019:14:20:38 -0300] "GET /cormun/servlet/prfichaempleado?,MD,,gxPopupLevel%3D0%3B HTTP/1.1" 200 9381
190.171.149.90 - - [24/Apr/2019:14:20:38 -0300] "GET /cormun/static/Resources/PXToolsGridLastDisabled.gif HTTP/1.1" 200 98
190.171.149.90 - - [24/Apr/2019:14:20:38 -0300] "GET /cormun/static/Resources/PXToolsGridNextDisabled.gif HTTP/1.1" 200 90
157.55.39.191 - - [24/Apr/2019:14:20:54 -0300] "GET /cormun/servlet/trlicenciaspermisoslog?17651907,L,20190114000000,_escaped_fragment_%3D&_escaped_fragment_= HTTP/1.1" 200 5348
190.171.149.90 - - [24/Apr/2019:14:22:44 -0300] "POST /cormun/servlet/prfichaempleado?1eae0b1b954a49b93410cb0a9f2c7ac1,,MD,,gxPopupLevel%3D0%3B,gx-no-cache=1556126337713 HTTP/1.1" 200 6257
190.171.149.90 - - [24/Apr/2019:14:23:08 -0300] "POST /cormun/servlet/solicitudot?gx-no-cache=1556126361319 HTTP/1.1" 200 3569
190.171.149.90 - - [24/Apr/2019:14:23:08 -0300] "POST /cormun/servlet/solicitudot?1eae0b1b954a49b93410cb0a9f2c7ac1,INS,0,0,,gx-no-cache=1556126361612 HTTP/1.1" 200 12041
190.171.149.90 - - [24/Apr/2019:14:23:08 -0300] "GET /cormun/servlet/solicitudot?123068843be348cb7fa6b958624b8e262f1231d265fd170f7a1bc49ce30266405ed65dd021ea4579eeda0dfc3e91d08a,gx-no-cache=1556126361911 HTTP/1.1" 200 30
190.171.149.90 - - [24/Apr/2019:14:23:14 -0300] "GET /cormun/servlet/solicitudot?123068843be348cb7fa6b958624b8e26d1562a552bf9e79e202cc08867833e049dda6270f83022e0d05b5c75b2534d6035ea20eddc5f22a3c163408554a47a1b,gx-no-cache=1556126367859 HTTP/1.1" 200 30
190.171.149.90 - - [24/Apr/2019:14:23:14 -0300] "GET /cormun/servlet/solicitudot?123068843be348cb7fa6b958624b8e261572be02fae9c27f66d18ab92347f966,gx-no-cache=1556126367926 HTTP/1.1" 200 51
190.171.149.90 - - [24/Apr/2019:14:23:14 -0300] "POST /cormun/servlet/solicitudot?gx-no-cache=1556126368019 HTTP/1.1" 200 255
190.171.149.90 - - [24/Apr/2019:14:23:14 -0300] "GET /cormun/servlet/solicitudot?123068843be348cb7fa6b958624b8e26fafab114295698aafc0041bef03f2a62e0da7bd6c54347f3a22f09226d39f13827c619940db81c50b631d05a1d8f0370d1a81a908eaa133ab4038c6d905c64ea599ac0cbcc3ef909a67d24ea3d3cd1309db25a678f522e153e3d02a26dc8ac27a6b607eaa18b667621c61d01e358d7d455f7c36a09abda5993b85f45b30c3a85a440ba0348724b9e91317ae6c5d35d169e782071d40c2708a0ce1e509484a7c96a920890bd57911985bde767ccb859c0e6936e80efb99e2ada6ff898393684a1163d8e703b39fc7195f6d754c27534dad78b75174486e9d074fdf2b6e67e87cd63d43dc858dba21c6867612b88e464098b00aad80859e8cb8d7d409597db158099c57e52d72e01f26e8e258ef344aa72d65d833c8f61a6856ccf1a366719570fce451c3a84c06258a7fa9c90880beab756505e7e9959969415bef809298d3f6eecdb315e22b58b37ca5d728cb5119cafb35cfda29608ce5244056bd089658dd0655511cdd38c17bead6b7cfcc985bd1e,gx-no-cache=1556126368064 HTTP/1.1" 200 30
190.171.149.90 - - [24/Apr/2019:14:23:27 -0300] "POST /cormun/servlet/solicitudot?gx-no-cache=1556126381323 HTTP/1.1" 200 30
190.171.149.90 - - [24/Apr/2019:14:23:28 -0300] "POST /cormun/servlet/solicitudot?gx-no-cache=1556126381406 HTTP/1.1" 200 1345
190.171.149.90 - - [24/Apr/2019:14:23:28 -0300] "POST /cormun/servlet/solicitudot?gx-no-cache=1556126381582 HTTP/1.1" 200 38
190.171.149.90 - - [24/Apr/2019:14:23:28 -0300] "GET /cormun/servlet/solicitudot?123068843be348cb7fa6b958624b8e26d5b26d522e0d25c70f705e141bd5ae1b6e6605fbc1472de33646be32c62dca947596ac4a225de7bb7a9421937408196c2e5dbd80c674bb2bcdfe2f1b7b34933e20707ebe7612daa8bfb6916e7a0f9d98a194bf25254da30522d7c81dc3c4cd73,gx-no-cache=1556126381769 HTTP/1.1" 200 110
190.171.149.90 - - [24/Apr/2019:14:23:28 -0300] "POST /cormun/servlet/solicitudot?gx-no-cache=1556126381879 HTTP/1.1" 200 97
190.171.149.90 - - [24/Apr/2019:14:23:49 -0300] "POST /cormun/servlet/solicitudot?gx-no-cache=1556126402492 HTTP/1.1" 200 30
190.171.149.90 - - [24/Apr/2019:14:23:49 -0300] "POST /cormun/servlet/solicitudot?gx-no-cache=1556126402719 HTTP/1.1" 200 1345
190.171.149.90 - - [24/Apr/2019:14:23:49 -0300] "POST /cormun/servlet/solicitudot?gx-no-cache=1556126402788 HTTP/1.1" 200 38
190.171.149.90 - - [24/Apr/2019:14:25:01 -0300] "POST /cormun/servlet/solicitudot?gx-no-cache=1556126474819 HTTP/1.1" 200 30
200.54.103.162 - - [24/Apr/2019:14:25:50 -0300] "POST /cormun/servlet/trlicencias?7a1c6e7d4229414e0b5320ea0a344416,,gx-no-cache=1556126524891 HTTP/1.1" 440 972
200.54.103.162 - - [24/Apr/2019:14:25:51 -0300] "GET /cormun/servlet/trlicencias? HTTP/1.1" 200 8431
200.54.103.162 - - [24/Apr/2019:14:25:53 -0300] "GET /cormun/servlet/trlicencias? HTTP/1.1" 200 8431
200.54.103.162 - - [24/Apr/2019:14:25:54 -0300] "GET /cormun/servlet/hlogin HTTP/1.1" 200 1736
190.171.149.90 - - [24/Apr/2019:14:25:58 -0300] "POST /cormun/servlet/solicitudot?gx-no-cache=1556126531699 HTTP/1.1" 200 1345
190.171.149.90 - - [24/Apr/2019:14:25:58 -0300] "POST /cormun/servlet/solicitudot?gx-no-cache=1556126531981 HTTP/1.1" 200 38
190.171.149.90 - - [24/Apr/2019:14:25:58 -0300] "GET /cormun/servlet/solicitudot?123068843be348cb7fa6b958624b8e26d5b26d522e0d25c70f705e141bd5ae1b6e6605fbc1472de33646be32c62dca947596ac4a225de7bb7a9421937408196c2e5dbd80c674bb2bcdfe2f1b7b34933e20707ebe7612daa8bfb6916e7a0f9d98a194bf25254da30522d7c81dc3c4cd73,gx-no-cache=1556126532097 HTTP/1.1" 200 110
190.171.149.90 - - [24/Apr/2019:14:25:58 -0300] "POST /cormun/servlet/solicitudot?gx-no-cache=1556126532179 HTTP/1.1" 200 97
200.54.103.162 - - [24/Apr/2019:14:26:05 -0300] "POST /cormun/servlet/hlogin?d09668c14d66b3ea235e8204fd005900,gx-no-cache=1556126540553 HTTP/1.1" 200 90
200.54.103.162 - - [24/Apr/2019:14:26:05 -0300] "GET /cormun/servlet/hpexe_link HTTP/1.1" 200 954
200.54.103.162 - - [24/Apr/2019:14:26:06 -0300] "GET /cormun/servlet/trlicencias HTTP/1.1" 200 12984
200.54.103.162 - - [24/Apr/2019:14:26:06 -0300] "GET /cormun/servlet/trlicencias HTTP/1.1" 200 12981
190.171.149.90 - - [24/Apr/2019:14:26:20 -0300] "GET /cormun/servlet/solicitudot?123068843be348cb7fa6b958624b8e26d5b26d522e0d25c70f705e141bd5ae1b6e6605fbc1472de33646be32c62dca947596ac4a225de7bb7a9421937408196c2e5dbd80c674bb2bcdfe2f1b7b34933e20707ebe7612daa8bfb6916e7a0f9d98a194bf25254da30522d7c81dc3c4cd73,gx-no-cache=1556126553954 HTTP/1.1" 200 110
190.171.149.90 - - [24/Apr/2019:14:26:20 -0300] "GET /cormun/servlet/solicitudot?123068843be348cb7fa6b958624b8e2664591fd589f384c03b32f4f5b15fe54f2c5ab498526ec43b458c22273108d66a679431720da0272d113a161ee45357a5cd3af18871e4cf15db4579d912dcb48556ac606ea049f2b1bd88bf8db463159a8b4fc3924a23455035ee424b14484dc326b71b613c5af28a802930a2b46c9494c7129cf653a33ab57bd875762b8b887e82f8a6534625ddef96ad7a157911aefa,gx-no-cache=1556126554033 HTTP/1.1" 200 29
190.171.149.90 - - [24/Apr/2019:14:26:20 -0300] "GET /cormun/servlet/solicitudot?123068843be348cb7fa6b958624b8e264d788c14a3fd2f792e9bece0519eb808,gx-no-cache=1556126554083 HTTP/1.1" 200 30
190.171.149.90 - - [24/Apr/2019:14:26:20 -0300] "POST /cormun/servlet/solicitudot?gx-no-cache=1556126554122 HTTP/1.1" 200 105
190.171.149.90 - - [24/Apr/2019:14:26:20 -0300] "GET /cormun/static/Shared/jqueryui/images/ui-bg_highlight-soft_100_c6c2c8_1x100.png HTTP/1.1" 404 1117
190.171.149.90 - - [24/Apr/2019:14:26:20 -0300] "GET /cormun/static/Shared/jqueryui/images/ui-bg_flat_55_994d53_40x100.png HTTP/1.1" 404 1097
190.171.149.90 - - [24/Apr/2019:14:26:20 -0300] "GET /cormun/static/Shared/jqueryui/images/ui-icons_ebccce_256x240.png HTTP/1.1" 404 1089
190.171.149.90 - - [24/Apr/2019:14:26:20 -0300] "GET /cormun/static/Shared/jqueryui/images/ui-icons_82798d_256x240.png HTTP/1.1" 404 1089
190.171.149.90 - - [24/Apr/2019:14:27:03 -0300] "GET /cormun/static/menuarrow.gif HTTP/1.1" 404 1015
190.171.149.90 - - [24/Apr/2019:14:27:07 -0300] "GET /cormun/servlet/solicitudot?123068843be348cb7fa6b958624b8e26c01a42dc334bf3b75caca8c64887367f7144497196c94e0f9de3dd2195034772,gx-no-cache=1556126601330 HTTP/1.1" 200 30
190.171.149.90 - - [24/Apr/2019:14:27:57 -0300] "POST /cormun/servlet/solicitudot?gx-no-cache=1556126651014 HTTP/1.1" 200 30
190.171.149.90 - - [24/Apr/2019:14:27:57 -0300] "POST /cormun/servlet/solicitudot?1eae0b1b954a49b93410cb0a9f2c7ac1,INS,0,0,,gx-no-cache=1556126651161 HTTP/1.1" 200 12388
190.171.149.90 - - [24/Apr/2019:14:28:21 -0300] "GET /cormun/servlet/trcontratounov2? HTTP/1.1" 200 17747
190.171.149.90 - - [24/Apr/2019:14:28:21 -0300] "GET /cormun/static/gxcfg.js?201752512124396 HTTP/1.1" 200 953
190.171.149.90 - - [24/Apr/2019:14:28:21 -0300] "GET /cormun/static/Resources/PXToolsDataSearch.png HTTP/1.1" 200 419
190.171.149.90 - - [24/Apr/2019:14:28:22 -0300] "GET /cormun/servlet/trcontratounov2? HTTP/1.1" 200 17751
190.171.149.90 - - [24/Apr/2019:14:28:32 -0300] "POST /cormun/servlet/trcontratounov2?1eae0b1b954a49b93410cb0a9f2c7ac1,,gx-no-cache=1556126685361 HTTP/1.1" 200 7871
190.171.149.90 - - [24/Apr/2019:14:29:53 -0300] "POST /cormun/servlet/trcontratounov2?1eae0b1b954a49b93410cb0a9f2c7ac1,,gx-no-cache=1556126766584 HTTP/1.1" 200 6087
190.171.149.90 - - [24/Apr/2019:14:30:40 -0300] "POST /cormun/servlet/trcontratounov2?1eae0b1b954a49b93410cb0a9f2c7ac1,,gx-no-cache=1556126813394 HTTP/1.1" 200 6086
190.171.149.90 - - [24/Apr/2019:14:31:33 -0300] "POST /cormun/servlet/trcontratounov2?1eae0b1b954a49b93410cb0a9f2c7ac1,,gx-no-cache=1556126866351 HTTP/1.1" 200 4554
190.171.149.90 - - [24/Apr/2019:14:31:34 -0300] "POST /cormun/servlet/trcontratounov2?1eae0b1b954a49b93410cb0a9f2c7ac1,,gx-no-cache=1556126867596 HTTP/1.1" 200 4297
190.171.149.90 - - [24/Apr/2019:14:31:34 -0300] "POST /cormun/servlet/trcontratounov2?1eae0b1b954a49b93410cb0a9f2c7ac1,,gx-no-cache=1556126868218 HTTP/1.1" 200 4297
190.171.149.90 - - [24/Apr/2019:14:31:35 -0300] "POST /cormun/servlet/trcontratounov2?1eae0b1b954a49b93410cb0a9f2c7ac1,,gx-no-cache=1556126868467 HTTP/1.1" 200 4297
190.171.149.90 - - [24/Apr/2019:14:31:37 -0300] "GET /cormun/servlet/trcontratounov2? HTTP/1.1" 200 7129
190.171.149.90 - - [24/Apr/2019:14:31:38 -0300] "GET /cormun/servlet/trcontratounov2? HTTP/1.1" 200 7129
190.171.149.90 - - [24/Apr/2019:14:31:45 -0300] "POST /cormun/servlet/trcontratounov2?1eae0b1b954a49b93410cb0a9f2c7ac1,,gx-no-cache=1556126878981 HTTP/1.1" 200 4293
190.171.149.90 - - [24/Apr/2019:14:31:46 -0300] "POST /cormun/servlet/trcontratounov2?1eae0b1b954a49b93410cb0a9f2c7ac1,,gx-no-cache=1556126879598 HTTP/1.1" 200 4293
190.171.149.90 - - [24/Apr/2019:14:31:46 -0300] "POST /cormun/servlet/trcontratounov2?1eae0b1b954a49b93410cb0a9f2c7ac1,,gx-no-cache=1556126879900 HTTP/1.1" 200 4293
190.171.149.90 - - [24/Apr/2019:14:31:46 -0300] "POST /cormun/servlet/trcontratounov2?1eae0b1b954a49b93410cb0a9f2c7ac1,,gx-no-cache=1556126880307 HTTP/1.1" 200 4293
190.171.149.90 - - [24/Apr/2019:14:31:47 -0300] "POST /cormun/servlet/trcontratounov2?1eae0b1b954a49b93410cb0a9f2c7ac1,,gx-no-cache=1556126880603 HTTP/1.1" 200 4293
190.171.149.90 - - [24/Apr/2019:14:31:47 -0300] "POST /cormun/servlet/trcontratounov2?1eae0b1b954a49b93410cb0a9f2c7ac1,,gx-no-cache=1556126880876 HTTP/1.1" 200 4293
190.171.149.90 - - [24/Apr/2019:14:31:47 -0300] "POST /cormun/servlet/trcontratounov2?1eae0b1b954a49b93410cb0a9f2c7ac1,,gx-no-cache=1556126881088 HTTP/1.1" 200 4293
190.171.149.90 - - [24/Apr/2019:14:31:47 -0300] "POST /cormun/servlet/trcontratounov2?1eae0b1b954a49b93410cb0a9f2c7ac1,,gx-no-cache=1556126881311 HTTP/1.1" 200 4293
200.54.103.162 - - [24/Apr/2019:14:31:51 -0300] "GET /cormun/servlet/hlogin HTTP/1.1" 200 1718
200.54.103.162 - - [24/Apr/2019:14:31:51 -0300] "GET /cormun/servlet/hlogin HTTP/1.1" 200 1729
190.171.149.90 - - [24/Apr/2019:14:31:58 -0300] "POST /cormun/servlet/trcontratounov2?1eae0b1b954a49b93410cb0a9f2c7ac1,,gx-no-cache=1556126891596 HTTP/1.1" 200 4293
200.54.103.162 - - [24/Apr/2019:14:31:58 -0300] "POST /cormun/servlet/hlogin?dd7dc837e341b2f78554100b515dbe0b,gx-no-cache=1556126894332 HTTP/1.1" 200 90
200.54.103.162 - - [24/Apr/2019:14:31:58 -0300] "GET /cormun/servlet/hpexe_link HTTP/1.1" 200 949
200.54.103.162 - - [24/Apr/2019:14:31:59 -0300] "GET /cormun/servlet/hhome HTTP/1.1" 200 4336
190.171.149.90 - - [24/Apr/2019:14:31:59 -0300] "POST /cormun/servlet/trcontratounov2?1eae0b1b954a49b93410cb0a9f2c7ac1,,gx-no-cache=1556126893014 HTTP/1.1" 200 4293
200.54.103.162 - - [24/Apr/2019:14:32:00 -0300] "GET /cormun/servlet/hhome HTTP/1.1" 200 4332
190.171.149.90 - - [24/Apr/2019:14:32:01 -0300] "POST /cormun/servlet/trcontratounov2?1eae0b1b954a49b93410cb0a9f2c7ac1,,gx-no-cache=1556126894494 HTTP/1.1" 200 4293
200.54.103.162 - - [24/Apr/2019:14:32:03 -0300] "GET /cormun/servlet/trsolicitudot? HTTP/1.1" 200 7551
190.171.149.90 - - [24/Apr/2019:14:32:05 -0300] "GET /cormun/servlet/trcontratounov2? HTTP/1.1" 200 7129
200.54.103.162 - - [24/Apr/2019:14:32:05 -0300] "GET /cormun/servlet/trsolicitudot? HTTP/1.1" 200 7549
190.171.149.90 - - [24/Apr/2019:14:32:06 -0300] "GET /cormun/servlet/trcontratounov2? HTTP/1.1" 200 7129
190.171.154.42 - - [24/Apr/2019:14:32:06 -0300] "GET /cormun/servlet/hlogin HTTP/1.1" 200 1724
190.171.154.42 - - [24/Apr/2019:14:32:07 -0300] "GET /cormun/servlet/hlogin HTTP/1.1" 200 1734
190.171.149.90 - - [24/Apr/2019:14:32:10 -0300] "POST /cormun/servlet/trcontratounov2?1eae0b1b954a49b93410cb0a9f2c7ac1,,gx-no-cache=1556126902729 HTTP/1.1" 200 4293
190.171.149.90 - - [24/Apr/2019:14:32:11 -0300] "POST /cormun/servlet/trcontratounov2?1eae0b1b954a49b93410cb0a9f2c7ac1,,gx-no-cache=1556126904220 HTTP/1.1" 200 4293
200.54.103.162 - - [24/Apr/2019:14:32:14 -0300] "GET /cormun/static/menuarrow.gif HTTP/1.1" 404 1015
200.54.103.162 - - [24/Apr/2019:14:32:18 -0300] "GET /cormun/servlet/solicitudot?INS,0,0, HTTP/1.1" 200 15241
190.171.154.42 - - [24/Apr/2019:14:32:18 -0300] "POST /cormun/servlet/hlogin?5c312e0bfe184f9a9a0220698e56191a,gx-no-cache=1556126909515 HTTP/1.1" 200 446
200.54.103.162 - - [24/Apr/2019:14:32:20 -0300] "GET /cormun/servlet/solicitudot?INS,0,0, HTTP/1.1" 200 15246
200.54.103.162 - - [24/Apr/2019:14:32:23 -0300] "POST /cormun/servlet/solicitudot?dd7dc837e341b2f78554100b515dbe0b,INS,0,0,,gx-no-cache=1556126918963 HTTP/1.1" 200 90
200.54.103.162 - - [24/Apr/2019:14:32:23 -0300] "GET /cormun/servlet/hpexe_link HTTP/1.1" 200 960
200.54.103.162 - - [24/Apr/2019:14:32:23 -0300] "GET /cormun/servlet/trsolicitudot HTTP/1.1" 200 7551
190.171.149.90 - - [24/Apr/2019:14:32:23 -0300] "GET /cormun/servlet/trsolicitudot? HTTP/1.1" 200 7331
190.171.149.90 - - [24/Apr/2019:14:32:24 -0300] "GET /cormun/static/Resources/PXTools/calendar.png HTTP/1.1" 200 1306
190.171.149.90 - - [24/Apr/2019:14:32:24 -0300] "GET /cormun/servlet/trsolicitudot? HTTP/1.1" 200 7331
200.54.103.162 - - [24/Apr/2019:14:32:25 -0300] "GET /cormun/servlet/trsolicitudot HTTP/1.1" 200 7549
200.54.103.162 - - [24/Apr/2019:14:32:27 -0300] "GET /cormun/static/menuarrow.gif HTTP/1.1" 404 1015
190.171.149.90 - - [24/Apr/2019:14:32:28 -0300] "GET /cormun/servlet/solicitudot?INS,0,0, HTTP/1.1" 200 15266
190.171.149.90 - - [24/Apr/2019:14:32:29 -0300] "GET /cormun/servlet/solicitudot?INS,0,0, HTTP/1.1" 200 15272
190.171.154.42 - - [24/Apr/2019:14:32:30 -0300] "POST /cormun/servlet/hlogin?5c312e0bfe184f9a9a0220698e56191a,gx-no-cache=1556126921312 HTTP/1.1" 200 90
190.171.154.42 - - [24/Apr/2019:14:32:30 -0300] "GET /cormun/servlet/hpexe_link HTTP/1.1" 200 953
190.171.154.42 - - [24/Apr/2019:14:32:31 -0300] "GET /cormun/servlet/hhome HTTP/1.1" 200 4323
190.171.149.90 - - [24/Apr/2019:14:32:32 -0300] "POST /cormun/servlet/solicitudot?gx-no-cache=1556126925661 HTTP/1.1" 200 3508
190.171.149.90 - - [24/Apr/2019:14:32:32 -0300] "GET /cormun/static/Shared/jqueryui/images/ui-bg_highlight-soft_100_c6c2c8_1x100.png HTTP/1.1" 404 1117
190.171.149.90 - - [24/Apr/2019:14:32:32 -0300] "GET /cormun/static/Shared/jqueryui/images/ui-icons_82798d_256x240.png HTTP/1.1" 404 1089
190.171.149.90 - - [24/Apr/2019:14:32:32 -0300] "GET /cormun/static/Shared/jqueryui/images/ui-bg_flat_55_994d53_40x100.png HTTP/1.1" 404 1097
190.171.149.90 - - [24/Apr/2019:14:32:32 -0300] "GET /cormun/static/Shared/jqueryui/images/ui-icons_ebccce_256x240.png HTTP/1.1" 404 1089
190.171.149.90 - - [24/Apr/2019:14:32:32 -0300] "GET /cormun/servlet/solicitudot?123068843be348cb7fa6b958624b8e2629aa8eed60b8c38dd585f1f5b858dc84,gx-no-cache=1556126925839 HTTP/1.1" 200 111
190.171.154.42 - - [24/Apr/2019:14:32:33 -0300] "GET /cormun/servlet/hhome HTTP/1.1" 200 4319
200.54.103.162 - - [24/Apr/2019:14:32:34 -0300] "POST /cormun/servlet/trsolicitudot?dd7dc837e341b2f78554100b515dbe0b,gx-no-cache=1556126929210 HTTP/1.1" 200 23065
190.171.154.42 - - [24/Apr/2019:14:32:38 -0300] "GET /cormun/servlet/trpermisosgoce? HTTP/1.1" 200 11013
190.171.154.42 - - [24/Apr/2019:14:32:40 -0300] "GET /cormun/servlet/trpermisosgoce? HTTP/1.1" 200 11017
190.171.154.42 - - [24/Apr/2019:14:32:46 -0300] "GET /cormun/servlet/permisogoce?INS,0,,, HTTP/1.1" 200 7192
190.171.154.42 - - [24/Apr/2019:14:32:48 -0300] "GET /cormun/servlet/permisogoce?INS,0,,, HTTP/1.1" 200 7192
190.171.154.42 - - [24/Apr/2019:14:32:51 -0300] "GET /cormun/servlet/prfichaempleado?,MD,,gxPopupLevel%3D0%3B HTTP/1.1" 200 9426
190.171.154.42 - - [24/Apr/2019:14:33:03 -0300] "POST /cormun/servlet/prfichaempleado?5c312e0bfe184f9a9a0220698e56191a,,MD,,gxPopupLevel%3D0%3B,gx-no-cache=1556126953573 HTTP/1.1" 200 3427
190.171.154.42 - - [24/Apr/2019:14:33:06 -0300] "GET /cormun/servlet/permisogoce?abc3fb0251c68ad4e732123ac825fb54aa62ff566133ea008fbd4efd208f0ec4f87527f529f9740435d531ef2abc2e47,gx-no-cache=1556126956666 HTTP/1.1" 200 77
190.171.154.42 - - [24/Apr/2019:14:33:06 -0300] "GET /cormun/servlet/permisogoce?abc3fb0251c68ad4e732123ac825fb54573749e96b7e98afbb3f95e66ca53972e5b122c3efd6694c91e89312db488e79,gx-no-cache=1556126956862 HTTP/1.1" 200 129
190.171.154.42 - - [24/Apr/2019:14:33:06 -0300] "GET /cormun/static/Shared/jqueryui/images/ui-bg_highlight-soft_100_c6c2c8_1x100.png HTTP/1.1" 404 1117
190.171.154.42 - - [24/Apr/2019:14:33:06 -0300] "GET /cormun/static/Shared/jqueryui/images/ui-icons_82798d_256x240.png HTTP/1.1" 404 1089
190.171.154.42 - - [24/Apr/2019:14:33:06 -0300] "GET /cormun/static/Shared/jqueryui/images/ui-bg_flat_55_994d53_40x100.png HTTP/1.1" 404 1097
190.171.154.42 - - [24/Apr/2019:14:33:06 -0300] "GET /cormun/static/Shared/jqueryui/images/ui-icons_ebccce_256x240.png HTTP/1.1" 404 1089
190.171.154.42 - - [24/Apr/2019:14:33:09 -0300] "GET /cormun/static/menuarrow.gif HTTP/1.1" 404 1015
190.171.149.90 - - [24/Apr/2019:14:33:09 -0300] "GET /cormun/servlet/trsolicitudot? HTTP/1.1" 200 7331
190.171.149.90 - - [24/Apr/2019:14:33:10 -0300] "GET /cormun/servlet/trsolicitudot? HTTP/1.1" 200 7331
190.171.149.90 - - [24/Apr/2019:14:33:12 -0300] "GET /cormun/servlet/trcontratounov2? HTTP/1.1" 200 7129
190.171.149.90 - - [24/Apr/2019:14:33:13 -0300] "GET /cormun/servlet/trcontratounov2? HTTP/1.1" 200 7129
190.171.154.42 - - [24/Apr/2019:14:33:19 -0300] "GET /cormun/servlet/permisogoce?abc3fb0251c68ad4e732123ac825fb54573749e96b7e98afbb3f95e66ca539722b0d22c6215e36991f8f318198698591f3816d73301fbe15ddbc284443f6e12a,gx-no-cache=1556126970090 HTTP/1.1" 200 47
190.171.149.90 - - [24/Apr/2019:14:33:22 -0300] "POST /cormun/servlet/trcontratounov2?1eae0b1b954a49b93410cb0a9f2c7ac1,,gx-no-cache=1556126975708 HTTP/1.1" 200 5927
190.171.154.42 - - [24/Apr/2019:14:33:26 -0300] "POST /cormun/servlet/permisogoce?5c312e0bfe184f9a9a0220698e56191a,INS,0,,,,gx-no-cache=1556126976396 HTTP/1.1" 200 93
190.171.154.42 - - [24/Apr/2019:14:33:26 -0300] "GET /cormun/servlet/hpexe_return? HTTP/1.1" 200 1012
190.171.154.42 - - [24/Apr/2019:14:33:26 -0300] "GET /cormun/servlet/trpermisosgoce HTTP/1.1" 200 11245
190.171.154.42 - - [24/Apr/2019:14:33:28 -0300] "GET /cormun/servlet/trpermisosgoce HTTP/1.1" 200 11243
200.54.103.162 - - [24/Apr/2019:14:33:32 -0300] "POST /cormun/servlet/trsolicitudot?dd7dc837e341b2f78554100b515dbe0b,gx-no-cache=1556126988373 HTTP/1.1" 200 4552
190.171.149.90 - - [24/Apr/2019:14:33:33 -0300] "GET /cormun/servlet/trsolicitudot? HTTP/1.1" 200 7331
190.171.149.90 - - [24/Apr/2019:14:33:34 -0300] "GET /cormun/servlet/trsolicitudot? HTTP/1.1" 200 7331
190.171.154.42 - - [24/Apr/2019:14:33:37 -0300] "GET /cormun/servlet/apermisogoceprn?8467499,P,20190424152601,PU HTTP/1.1" 200 1656
200.54.103.162 - - [24/Apr/2019:14:33:43 -0300] "POST /cormun/servlet/trsolicitudot?dd7dc837e341b2f78554100b515dbe0b,gx-no-cache=1556126998598 HTTP/1.1" 200 4550
200.54.103.162 - - [24/Apr/2019:14:33:48 -0300] "POST /cormun/servlet/trsolicitudot?dd7dc837e341b2f78554100b515dbe0b,gx-no-cache=1556127004314 HTTP/1.1" 200 4549
200.54.103.162 - - [24/Apr/2019:14:33:55 -0300] "POST /cormun/servlet/trsolicitudot?dd7dc837e341b2f78554100b515dbe0b,gx-no-cache=1556127010552 HTTP/1.1" 200 4552
190.171.149.90 - - [24/Apr/2019:14:34:01 -0300] "GET /cormun/servlet/trsolicitudot? HTTP/1.1" 200 7331
190.171.149.90 - - [24/Apr/2019:14:34:01 -0300] "GET /cormun/servlet/trsolicitudot? HTTP/1.1" 200 7331
190.171.149.90 - - [24/Apr/2019:14:34:04 -0300] "GET /cormun/servlet/solicitudot?INS,0,0, HTTP/1.1" 200 15266
190.171.149.90 - - [24/Apr/2019:14:34:04 -0300] "GET /cormun/servlet/solicitudot?INS,0,0, HTTP/1.1" 200 15272
200.54.103.162 - - [24/Apr/2019:14:34:07 -0300] "POST /cormun/servlet/trsolicitudot?dd7dc837e341b2f78554100b515dbe0b,gx-no-cache=1556127022481 HTTP/1.1" 200 15776
190.171.149.90 - - [24/Apr/2019:14:34:14 -0300] "GET /cormun/servlet/prfichaempleado?,MD,,gxPopupLevel%3D0%3B HTTP/1.1" 200 9381
190.171.149.90 - - [24/Apr/2019:14:34:36 -0300] "POST /cormun/servlet/prfichaempleado?1eae0b1b954a49b93410cb0a9f2c7ac1,,MD,,gxPopupLevel%3D0%3B,gx-no-cache=1556127049628 HTTP/1.1" 200 3477
190.171.149.90 - - [24/Apr/2019:14:34:44 -0300] "POST /cormun/servlet/solicitudot?gx-no-cache=1556127057641 HTTP/1.1" 200 3569
190.171.149.90 - - [24/Apr/2019:14:34:44 -0300] "POST /cormun/servlet/solicitudot?1eae0b1b954a49b93410cb0a9f2c7ac1,INS,0,0,,gx-no-cache=1556127057816 HTTP/1.1" 200 12045
190.171.149.90 - - [24/Apr/2019:14:34:44 -0300] "GET /cormun/servlet/solicitudot?123068843be348cb7fa6b958624b8e262f1231d265fd170f7a1bc49ce30266405ed65dd021ea4579eeda0dfc3e91d08a,gx-no-cache=1556127058030 HTTP/1.1" 200 30
200.54.103.162 - - [24/Apr/2019:14:34:48 -0300] "GET /cormun/servlet/trcontratounov2? HTTP/1.1" 200 17850
190.171.149.90 - - [24/Apr/2019:14:34:48 -0300] "GET /cormun/servlet/solicitudot?123068843be348cb7fa6b958624b8e26d1562a552bf9e79e202cc08867833e049dda6270f83022e0d05b5c75b2534d6035ea20eddc5f22a3c163408554a47a1b,gx-no-cache=1556127062092 HTTP/1.1" 200 30
190.171.149.90 - - [24/Apr/2019:14:34:48 -0300] "GET /cormun/servlet/solicitudot?123068843be348cb7fa6b958624b8e261572be02fae9c27f66d18ab92347f966,gx-no-cache=1556127062145 HTTP/1.1" 200 51
190.171.149.90 - - [24/Apr/2019:14:34:48 -0300] "POST /cormun/servlet/solicitudot?gx-no-cache=1556127062189 HTTP/1.1" 200 255
190.171.149.90 - - [24/Apr/2019:14:34:48 -0300] "GET /cormun/servlet/solicitudot?123068843be348cb7fa6b958624b8e26fafab114295698aafc0041bef03f2a62e0da7bd6c54347f3a22f09226d39f13827c619940db81c50b631d05a1d8f0370d1a81a908eaa133ab4038c6d905c64ea599ac0cbcc3ef909a67d24ea3d3cd1309db25a678f522e153e3d02a26dc8ac27a6b607eaa18b667621c61d01e358d7d455f7c36a09abda5993b85f45b30c3a85a440ba0348724b9e91317ae6c5d35d169e782071d40c2708a0ce1e509484a7c96a920890bd57911985bde767ccb859c0e6936e80efb99e2ada6ff898393684a1163d8e703b39fc7195f6d754c27534dad78b75174486e9d074fdf2b6e67e87cd63d43dc858dba21c6867612b88e464098b00aad80859e8cb8d7d409597db158099c57e52d72e01f26e8e258ef344aa72d65d833c8f61a6856ccf1a366719570fce451c3a84c06258a7fa9c90880beab756505e7e9959969415bef809298d3f6eecdb315e22b58b37ca5d728cb5119cafb35cfda29608ce5244056bd089658dd0655511cdd38c17bead6b7cfcc985bd1e,gx-no-cache=1556127062228 HTTP/1.1" 200 30
200.54.103.162 - - [24/Apr/2019:14:34:50 -0300] "GET /cormun/servlet/trcontratounov2? HTTP/1.1" 200 17837
190.171.149.90 - - [24/Apr/2019:14:34:57 -0300] "POST /cormun/servlet/solicitudot?gx-no-cache=1556127070992 HTTP/1.1" 200 30
190.171.149.90 - - [24/Apr/2019:14:35:01 -0300] "POST /cormun/servlet/solicitudot?gx-no-cache=1556127074506 HTTP/1.1" 200 30
190.171.149.90 - - [24/Apr/2019:14:35:16 -0300] "POST /cormun/servlet/solicitudot?gx-no-cache=1556127090344 HTTP/1.1" 200 1345
190.171.149.90 - - [24/Apr/2019:14:35:16 -0300] "POST /cormun/servlet/solicitudot?gx-no-cache=1556127090432 HTTP/1.1" 200 38
190.171.149.90 - - [24/Apr/2019:14:35:16 -0300] "GET /cormun/servlet/solicitudot?123068843be348cb7fa6b958624b8e26d5b26d522e0d25c70f705e141bd5ae1b6e6605fbc1472de33646be32c62dca947596ac4a225de7bb7a9421937408196c2e5dbd80c674bb2bcdfe2f1b7b34933e20707ebe7612daa8bfb6916e7a0f9d98a194bf25254da30522d7c81dc3c4cd73,gx-no-cache=1556127090487 HTTP/1.1" 200 110
190.171.149.90 - - [24/Apr/2019:14:35:17 -0300] "POST /cormun/servlet/solicitudot?gx-no-cache=1556127090521 HTTP/1.1" 200 97
190.171.149.90 - - [24/Apr/2019:14:35:22 -0300] "GET /cormun/servlet/solicitudot?123068843be348cb7fa6b958624b8e2664591fd589f384c03b32f4f5b15fe54f2c5ab498526ec43b458c22273108d66a679431720da0272d113a161ee45357a5cd3af18871e4cf15db4579d912dcb48556ac606ea049f2b1bd88bf8db463159a8b4fc3924a23455035ee424b14484dc326b71b613c5af28a802930a2b46c9494c7129cf653a33ab57bd875762b8b887e82f8a6534625ddef96ad7a157911aefa,gx-no-cache=1556127095674 HTTP/1.1" 200 29
190.171.149.90 - - [24/Apr/2019:14:35:22 -0300] "GET /cormun/static/menuarrow.gif HTTP/1.1" 404 1015
190.171.149.90 - - [24/Apr/2019:14:35:26 -0300] "GET /cormun/servlet/solicitudot?123068843be348cb7fa6b958624b8e26c01a42dc334bf3b75caca8c64887367f7144497196c94e0f9de3dd2195034772,gx-no-cache=1556127099533 HTTP/1.1" 200 30
190.171.149.90 - - [24/Apr/2019:14:35:33 -0300] "POST /cormun/servlet/solicitudot?gx-no-cache=1556127107301 HTTP/1.1" 200 30
200.54.103.162 - - [24/Apr/2019:14:35:44 -0300] "POST /cormun/servlet/trcontratounov2?dd7dc837e341b2f78554100b515dbe0b,,gx-no-cache=1556127119561 HTTP/1.1" 200 17670
190.171.154.42 - - [24/Apr/2019:14:35:52 -0300] "GET /cormun/servlet/hlogin HTTP/1.1" 200 1742
200.54.103.162 - - [24/Apr/2019:14:36:01 -0300] "POST /cormun/servlet/trcontratounov2?dd7dc837e341b2f78554100b515dbe0b,,gx-no-cache=1556127136531 HTTP/1.1" 200 17684
190.171.149.90 - - [24/Apr/2019:14:36:15 -0300] "POST /cormun/servlet/solicitudot?1eae0b1b954a49b93410cb0a9f2c7ac1,INS,0,0,,gx-no-cache=1556127148572 HTTP/1.1" 200 93
190.171.149.90 - - [24/Apr/2019:14:36:15 -0300] "GET /cormun/servlet/hpexe_return? HTTP/1.1" 200 1004
190.171.149.90 - - [24/Apr/2019:14:36:15 -0300] "GET /cormun/static/gxcfg.js?2016101716175148 HTTP/1.1" 200 953
190.171.149.90 - - [24/Apr/2019:14:36:15 -0300] "GET /cormun/servlet/trsolicitudot HTTP/1.1" 200 8783
190.171.149.90 - - [24/Apr/2019:14:36:16 -0300] "GET /cormun//static/Resources/PXToolsGridUpdate.png HTTP/1.1" 200 2984
190.171.149.90 - - [24/Apr/2019:14:36:16 -0300] "GET /cormun/servlet/trsolicitudot HTTP/1.1" 200 8779
190.171.149.90 - - [24/Apr/2019:14:36:22 -0300] "POST /cormun/servlet/trsolicitudot?1eae0b1b954a49b93410cb0a9f2c7ac1,gx-no-cache=1556127156042 HTTP/1.1" 200 4498
190.171.149.90 - - [24/Apr/2019:14:36:22 -0300] "GET /cormun/static/Shared/jqueryui/images/ui-bg_highlight-soft_100_c6c2c8_1x100.png HTTP/1.1" 404 1117
190.171.149.90 - - [24/Apr/2019:14:36:22 -0300] "GET /cormun/static/Shared/jqueryui/images/ui-icons_82798d_256x240.png HTTP/1.1" 404 1089
190.171.149.90 - - [24/Apr/2019:14:36:22 -0300] "GET /cormun/static/Shared/jqueryui/images/ui-bg_flat_55_fafafa_40x100.png HTTP/1.1" 404 1097
190.171.149.90 - - [24/Apr/2019:14:36:22 -0300] "GET /cormun/static/Shared/jqueryui/images/ui-icons_8d78a5_256x240.png HTTP/1.1" 404 1089
190.171.149.90 - - [24/Apr/2019:14:36:22 -0300] "POST /cormun/servlet/trsolicitudot?1eae0b1b954a49b93410cb0a9f2c7ac1,gx-no-cache=1556127156283 HTTP/1.1" 200 4265
200.54.103.162 - - [24/Apr/2019:14:36:28 -0300] "POST /cormun/servlet/trcontratounov2?dd7dc837e341b2f78554100b515dbe0b,,gx-no-cache=1556127163938 HTTP/1.1" 200 17634
190.171.149.90 - - [24/Apr/2019:14:36:30 -0300] "GET /cormun/servlet/solicitudot?INS,0,0, HTTP/1.1" 200 15265
190.171.149.90 - - [24/Apr/2019:14:36:31 -0300] "GET /cormun/servlet/solicitudot?INS,0,0, HTTP/1.1" 200 15271
190.171.149.90 - - [24/Apr/2019:14:36:47 -0300] "GET /cormun/servlet/prfichaempleado?,MD,,gxPopupLevel%3D0%3B HTTP/1.1" 200 9381
200.54.103.162 - - [24/Apr/2019:14:36:58 -0300] "POST /cormun/servlet/trcontratounov2?dd7dc837e341b2f78554100b515dbe0b,,gx-no-cache=1556127193195 HTTP/1.1" 200 17631
