200.54.103.162 - - [23/Apr/2019:14:43:10 -0300] "GET /cormun/servlet/trsolicitudot HTTP/1.1" 200 8939
190.171.141.138 - - [23/Apr/2019:14:43:24 -0300] "POST /cormun/servlet/trcontratosolicitud?5af8d7f5a5be5d5d2f8bae63f691e8cc,,gx-no-cache=1556041178501 HTTP/1.1" 200 12133
190.171.141.138 - - [23/Apr/2019:14:43:24 -0300] "GET /cormun/static/Resources/PXToolsGridLast.gif HTTP/1.1" 200 370
190.171.141.138 - - [23/Apr/2019:14:43:24 -0300] "GET /cormun/static/Resources/PXToolsGridNext.gif HTTP/1.1" 200 369
190.171.141.138 - - [23/Apr/2019:14:43:24 -0300] "GET /cormun/static/Resources/PXToolsGridFirst.gif HTTP/1.1" 200 379
190.171.141.138 - - [23/Apr/2019:14:43:24 -0300] "GET /cormun/static/Resources/PXToolsGridPrevious.gif HTTP/1.1" 200 369
200.54.103.162 - - [23/Apr/2019:14:43:43 -0300] "GET /cormun/servlet/vesolicitudot?2019,15429,, HTTP/1.1" 200 8735
200.54.103.162 - - [23/Apr/2019:14:43:43 -0300] "GET /cormun/pexe_scrolldiv.js HTTP/1.1" 404 1009
200.54.103.162 - - [23/Apr/2019:14:43:43 -0300] "GET /cormun/pexe_scrolldiv.js HTTP/1.1" 404 1009
200.54.103.162 - - [23/Apr/2019:14:43:45 -0300] "GET /cormun/servlet/vesolicitudot?2019,15429,, HTTP/1.1" 200 8735
190.171.141.138 - - [23/Apr/2019:14:43:47 -0300] "POST /cormun/servlet/trcontratosolicitud?5af8d7f5a5be5d5d2f8bae63f691e8cc,,gx-no-cache=1556041201787 HTTP/1.1" 200 12070
200.54.103.162 - - [23/Apr/2019:14:44:40 -0300] "POST /cormun/servlet/vesolicitudot?8201a953c79cc5acb92ffe1efc2bc569,2019,15429,,,gx-no-cache=1556041255736 HTTP/1.1" 200 90
200.54.103.162 - - [23/Apr/2019:14:44:40 -0300] "GET /cormun/servlet/hpexe_link HTTP/1.1" 200 964
200.54.103.162 - - [23/Apr/2019:14:44:41 -0300] "GET /cormun/servlet/trsolicitudot HTTP/1.1" 200 8939
200.54.103.162 - - [23/Apr/2019:14:44:42 -0300] "GET /cormun/servlet/trsolicitudot HTTP/1.1" 200 8939
200.54.103.162 - - [23/Apr/2019:14:44:46 -0300] "POST /cormun/servlet/trsolicitudot?8201a953c79cc5acb92ffe1efc2bc569,gx-no-cache=1556041261434 HTTP/1.1" 200 106
200.54.103.162 - - [23/Apr/2019:14:44:46 -0300] "GET /cormun/servlet/solicitudot?UPD,2019,15429, HTTP/1.1" 200 15895
200.54.103.162 - - [23/Apr/2019:14:44:48 -0300] "GET /cormun/servlet/solicitudot?UPD,2019,15429, HTTP/1.1" 200 15904
200.54.103.162 - - [23/Apr/2019:14:44:49 -0300] "POST /cormun/servlet/solicitudot?gx-no-cache=1556041264059 HTTP/1.1" 200 3520
200.54.103.162 - - [23/Apr/2019:14:44:49 -0300] "POST /cormun/servlet/solicitudot?8201a953c79cc5acb92ffe1efc2bc569,UPD,2019,15429,,gx-no-cache=1556041264305 HTTP/1.1" 200 12095
200.54.103.162 - - [23/Apr/2019:14:44:49 -0300] "GET /cormun/servlet/solicitudot?fe353c765030f46644f24f418f3a871f6d8c7c6759dab54db5806540c0b25eef2668ffb0e5fb702b15ad905f891e26c5,gx-no-cache=1556041264714 HTTP/1.1" 200 30
200.54.103.162 - - [23/Apr/2019:14:44:49 -0300] "GET /cormun/servlet/solicitudot?fe353c765030f46644f24f418f3a871fa7e771d64640d46fcb26e1f6f21d3593ef52b6a1ed1c7181660b2c683d343d5a5853960ee4a5ce98bd0f9799439d3dc8,gx-no-cache=1556041264778 HTTP/1.1" 200 30
200.54.103.162 - - [23/Apr/2019:14:44:49 -0300] "GET /cormun/servlet/solicitudot?fe353c765030f46644f24f418f3a871fc15218f30bb2c0ed301e4b75930f588af913904d343e8a95623b299fd581212f6335265fcc39df7f64f16c76773d023d,gx-no-cache=1556041264873 HTTP/1.1" 200 53
200.54.103.162 - - [23/Apr/2019:14:44:49 -0300] "POST /cormun/servlet/solicitudot?gx-no-cache=1556041264918 HTTP/1.1" 200 256
200.54.103.162 - - [23/Apr/2019:14:44:49 -0300] "GET /cormun/servlet/solicitudot?fe353c765030f46644f24f418f3a871fc1ef9480e80279b30ab177e92143d3f3754f7b31d0646efb8fcaddfa8a7d3093a5dca274b2cf0bd988de98cc9c1a9ab4c653c035ee09813f617ecd3241f88fc79caedc76cdd73984265f7f97d813484dc790558ea91e08e1e2bf07475ebd35ee4fd424d73775036379cfd109167b92a692214de5d4ae96578fe9f89326b0d1a83a23a98b017769bfe3bfa4b343ed62ed329ba01741e08d516967d8cd75a02ffc17c2fec6e944a9a5cf295b16487ea755a68624ac707d316f77fed8af2297859b6533baaaf96bc81375f80f34f543316a56ad85f6808f9017c442736bc48ae03bb735f6eccdc583d5778dd35f788babe06d30b7a48f9ac1ee1928d29a3d0d1907743b008b2002d98b3d90325d952ace3b9e120976d9608febfa7620254b3457f2c4639d6929b1bdd6f7da18a5ccd7c548c1fc69d5e3a3c2cf9cc837020be172046c90f4835a9fe862f2534ae1fb69c90489a0560ce68fc0409c48846f92ae75df9ca61d410ce02da8bd5f6b90e136ad87,gx-no-cache=1556041264971 HTTP/1.1" 200 30
200.54.103.162 - - [23/Apr/2019:14:44:50 -0300] "POST /cormun/servlet/solicitudot?gx-no-cache=1556041265010 HTTP/1.1" 200 30
200.54.103.162 - - [23/Apr/2019:14:44:50 -0300] "POST /cormun/servlet/solicitudot?gx-no-cache=1556041265070 HTTP/1.1" 200 1344
200.54.103.162 - - [23/Apr/2019:14:44:50 -0300] "POST /cormun/servlet/solicitudot?gx-no-cache=1556041265149 HTTP/1.1" 200 41
200.54.103.162 - - [23/Apr/2019:14:44:52 -0300] "POST /cormun/servlet/solicitudot?8201a953c79cc5acb92ffe1efc2bc569,UPD,2019,15429,,gx-no-cache=1556041267506 HTTP/1.1" 200 90
200.54.103.162 - - [23/Apr/2019:14:44:52 -0300] "GET /cormun/servlet/hpexe_link HTTP/1.1" 200 967
200.54.103.162 - - [23/Apr/2019:14:44:53 -0300] "GET /cormun/servlet/trsolicitudot HTTP/1.1" 200 8939
200.54.103.162 - - [23/Apr/2019:14:44:54 -0300] "GET /cormun/servlet/trsolicitudot HTTP/1.1" 200 8939
190.171.141.138 - - [23/Apr/2019:14:45:07 -0300] "POST /cormun/servlet/trcontratosolicitud?5af8d7f5a5be5d5d2f8bae63f691e8cc,,gx-no-cache=1556041281918 HTTP/1.1" 200 6209
200.54.103.162 - - [23/Apr/2019:14:45:10 -0300] "POST /cormun/servlet/trsolicitudot?8201a953c79cc5acb92ffe1efc2bc569,gx-no-cache=1556041285719 HTTP/1.1" 200 4761
200.54.103.162 - - [23/Apr/2019:14:45:11 -0300] "GET /cormun/static/Shared/jqueryui/images/ui-bg_highlight-soft_100_c6c2c8_1x100.png HTTP/1.1" 404 1117
200.54.103.162 - - [23/Apr/2019:14:45:11 -0300] "GET /cormun/static/Shared/jqueryui/images/ui-icons_82798d_256x240.png HTTP/1.1" 404 1089
200.54.103.162 - - [23/Apr/2019:14:45:11 -0300] "GET /cormun/static/Shared/jqueryui/images/ui-bg_flat_55_fafafa_40x100.png HTTP/1.1" 404 1097
200.54.103.162 - - [23/Apr/2019:14:45:11 -0300] "GET /cormun/static/Shared/jqueryui/images/ui-icons_8d78a5_256x240.png HTTP/1.1" 404 1089
200.54.103.162 - - [23/Apr/2019:14:45:11 -0300] "POST /cormun/servlet/trsolicitudot?8201a953c79cc5acb92ffe1efc2bc569,gx-no-cache=1556041286101 HTTP/1.1" 200 4527
200.54.103.162 - - [23/Apr/2019:14:46:25 -0300] "GET /cormun/servlet/trlicencias? HTTP/1.1" 200 12744
200.54.103.162 - - [23/Apr/2019:14:46:26 -0300] "GET /cormun/servlet/trlicencias? HTTP/1.1" 200 12744
200.54.103.162 - - [23/Apr/2019:14:46:33 -0300] "GET /cormun/servlet/alicenciaprn?10135314,L,20190423000000,PU HTTP/1.1" 200 1563
190.171.152.138 - - [23/Apr/2019:14:46:33 -0300] "GET /cormun/servlet/solicitudot?INS,0,0, HTTP/1.1" 200 15199
190.171.152.138 - - [23/Apr/2019:14:46:34 -0300] "GET /cormun/servlet/solicitudot?INS,0,0, HTTP/1.1" 200 15205
190.171.152.138 - - [23/Apr/2019:14:46:52 -0300] "POST /cormun/servlet/solicitudot?gx-no-cache=1556041387091 HTTP/1.1" 200 3584
190.171.152.138 - - [23/Apr/2019:14:46:52 -0300] "POST /cormun/servlet/solicitudot?1ef9878bb2bf77cb8fbcd8f0df4d24ca,INS,0,0,,gx-no-cache=1556041387334 HTTP/1.1" 200 12055
190.171.152.138 - - [23/Apr/2019:14:47:12 -0300] "GET /cormun/servlet/solicitudot?c21232319196d9e48e59e379184c601d4d9281a5cc00672b88f197157b1dcddd92315c269c6563801655f248e55a17c0,gx-no-cache=1556041406793 HTTP/1.1" 200 30
190.171.152.138 - - [23/Apr/2019:14:47:13 -0300] "GET /cormun/servlet/solicitudot?c21232319196d9e48e59e379184c601dff282ba537abd51cfe80165521ea0c4e4e477143393226535c4982d38ddbe231ede377bc1b9874344efcc9d2200c4dfb,gx-no-cache=1556041408257 HTTP/1.1" 200 30
190.171.152.138 - - [23/Apr/2019:14:47:14 -0300] "GET /cormun/servlet/solicitudot?c21232319196d9e48e59e379184c601d186bfaf31738333d4e50625cd3546208,gx-no-cache=1556041408495 HTTP/1.1" 200 70
190.171.152.138 - - [23/Apr/2019:14:47:15 -0300] "POST /cormun/servlet/solicitudot?gx-no-cache=1556041410259 HTTP/1.1" 200 297
190.171.152.138 - - [23/Apr/2019:14:47:16 -0300] "GET /cormun/servlet/solicitudot?c21232319196d9e48e59e379184c601d928fc61841857d584a731b096a4b3169b87a70c240e81ae8fa02b9e2ba70d2cf47be4c9dbecd06a391beb983d9b0ca2a333f0b95f875d8586c108913855d6810107ec2aa0a306258908ad28bcbc87d7329737908b963ca7fa5de4302f4d18cc8fba681ece9605153d07454e66750937350dbb1a7f760fea2fca88104c56b298f72d91c1a14835218b9bc8c44ae874c64d1bdff2833f1317495765a2a239a7d6c591408523a655f15fbfb7220d3f474ad4204abbfa12babe74e16097741a9df4fb92689baca70e5c6263b401b8959f6102045656e587d1cf2113d446c2e9e26f7a61d4e78cf101947eeea3571f1b9390c6f654884827e7bab50aaf81212b9970d815a656f727a6049e61e637e7e3dd7bdb77ae637749088052162b67e68a6ef17be9da049f79901c2876d27a2c4b38abf833f097f3ba42e96593297ba2cf1868a5fafbab800209760422b4468936a493172e63ca37203e22dfc477ba88d1a722e7a40a255385d7737dabd7ab05ac5d414b3934c1c12440034600a80d56b89cd53,gx-no-cache=1556041410395 HTTP/1.1" 200 30
190.171.152.138 - - [23/Apr/2019:14:47:24 -0300] "POST /cormun/servlet/solicitudot?gx-no-cache=1556041419023 HTTP/1.1" 200 30
190.171.152.138 - - [23/Apr/2019:14:47:32 -0300] "POST /cormun/servlet/solicitudot?gx-no-cache=1556041426540 HTTP/1.1" 200 1343
190.171.152.138 - - [23/Apr/2019:14:47:32 -0300] "POST /cormun/servlet/solicitudot?gx-no-cache=1556041426608 HTTP/1.1" 200 38
190.171.152.138 - - [23/Apr/2019:14:47:37 -0300] "GET /cormun/servlet/solicitudot?c21232319196d9e48e59e379184c601d95fdf46c6e8a643c83a75822729dede85114ea7789614f1778ee356f3b03f10c5407ccaaa7120cdad4bba0fa52e3ec87961c1c72cd6e2d163788695ac6c6ec7c285308a9e3d04cbdeb06e65b2476e0491abdc55c6fa9b759fb6c0ef37ef8e657,gx-no-cache=1556041432343 HTTP/1.1" 200 110
190.171.152.138 - - [23/Apr/2019:14:47:37 -0300] "POST /cormun/servlet/solicitudot?gx-no-cache=1556041432380 HTTP/1.1" 200 97
190.171.152.138 - - [23/Apr/2019:14:47:41 -0300] "GET /cormun/servlet/solicitudot?c21232319196d9e48e59e379184c601d28313a9e565d5f562ab1b908436d3fb60a8c134edde02f234cf6e9aabbcc2907c9f7e93e7dfbcc07b682de26057f6213184b065d101b0f3220b6a573cee44f237540f3f2d0bfb118826dc2cd98e43a690e828e31636383ec5dd708c074dbfd6d,gx-no-cache=1556041435715 HTTP/1.1" 200 29
190.171.141.138 - - [23/Apr/2019:14:48:02 -0300] "POST /cormun/servlet/trcontratosolicitud?5af8d7f5a5be5d5d2f8bae63f691e8cc,,gx-no-cache=1556041456457 HTTP/1.1" 200 12101
190.171.141.138 - - [23/Apr/2019:14:48:57 -0300] "POST /cormun/servlet/trcontratosolicitud?5af8d7f5a5be5d5d2f8bae63f691e8cc,,gx-no-cache=1556041511450 HTTP/1.1" 200 12119
200.112.233.47 - - [23/Apr/2019:14:49:27 -0300] "GET /cormun/servlet/trsolicitudot? HTTP/1.1" 200 6430
200.112.233.47 - - [23/Apr/2019:14:49:28 -0300] "GET /cormun/servlet/hlogin HTTP/1.1" 200 1734
200.112.233.47 - - [23/Apr/2019:14:49:28 -0300] "GET /cormun/servlet/trsolicitudot? HTTP/1.1" 200 6411
200.112.233.47 - - [23/Apr/2019:14:49:37 -0300] "POST /cormun/servlet/hlogin?aafa831ed5967b41c5358bc488df4771,gx-no-cache=1556041550727 HTTP/1.1" 200 90
200.112.233.47 - - [23/Apr/2019:14:49:37 -0300] "GET /cormun/servlet/hpexe_link HTTP/1.1" 200 951
200.112.233.47 - - [23/Apr/2019:14:49:37 -0300] "GET /cormun/servlet/trsolicitudot HTTP/1.1" 200 8800
200.112.233.47 - - [23/Apr/2019:14:49:38 -0300] "GET /cormun/servlet/trsolicitudot HTTP/1.1" 200 8799
200.112.233.47 - - [23/Apr/2019:14:49:40 -0300] "GET /cormun/servlet/trsolicitudot? HTTP/1.1" 200 8799
200.112.233.47 - - [23/Apr/2019:14:49:40 -0300] "GET /cormun/servlet/trsolicitudot? HTTP/1.1" 200 8799
200.112.233.47 - - [23/Apr/2019:14:49:43 -0300] "GET /cormun/servlet/solicitudot?INS,0,0, HTTP/1.1" 200 15319
200.112.233.47 - - [23/Apr/2019:14:49:43 -0300] "GET /cormun/servlet/solicitudot?INS,0,0, HTTP/1.1" 200 15325
200.112.233.47 - - [23/Apr/2019:14:49:48 -0300] "GET /cormun/servlet/prfichaempleado?,MD,,gxPopupLevel%3D0%3B HTTP/1.1" 200 9443
200.112.233.47 - - [23/Apr/2019:14:49:57 -0300] "POST /cormun/servlet/prfichaempleado?aafa831ed5967b41c5358bc488df4771,,MD,,gxPopupLevel%3D0%3B,gx-no-cache=1556041570177 HTTP/1.1" 200 3569
200.112.233.47 - - [23/Apr/2019:14:50:01 -0300] "POST /cormun/servlet/solicitudot?gx-no-cache=1556041574787 HTTP/1.1" 200 3564
200.112.233.47 - - [23/Apr/2019:14:50:02 -0300] "POST /cormun/servlet/solicitudot?aafa831ed5967b41c5358bc488df4771,INS,0,0,,gx-no-cache=1556041574934 HTTP/1.1" 200 12030
200.112.233.47 - - [23/Apr/2019:14:50:05 -0300] "GET /cormun/servlet/solicitudot?6f070f26771d424f3b83fd911a65b2680895cbf1613a7a23c99ec4a01be70157ddb4575ec432156956be02bfdfa4c3de,gx-no-cache=1556041578478 HTTP/1.1" 200 30
200.112.233.47 - - [23/Apr/2019:14:50:05 -0300] "GET /cormun/servlet/solicitudot?6f070f26771d424f3b83fd911a65b26804f36678682bbb7039e0851dfdefb1922b4de45356ed47ac4c09a05825f83b6917905b5226e675e8baaf3ce1d2537b87,gx-no-cache=1556041578508 HTTP/1.1" 200 30
200.112.233.47 - - [23/Apr/2019:14:50:05 -0300] "GET /cormun/servlet/solicitudot?6f070f26771d424f3b83fd911a65b2684e5ebc4923a7c5cbbcf636babe976ccd,gx-no-cache=1556041578546 HTTP/1.1" 200 53
200.112.233.47 - - [23/Apr/2019:14:50:05 -0300] "POST /cormun/servlet/solicitudot?gx-no-cache=1556041578573 HTTP/1.1" 200 255
200.112.233.47 - - [23/Apr/2019:14:50:05 -0300] "GET /cormun/servlet/solicitudot?6f070f26771d424f3b83fd911a65b268a40d18a7360067e7f359fe3dac5f7004b482a2239cca7ce9e49902b5e58d3b65303e55478c8da240ab0fba36de4995ef049ceeade12d9ca879aa81dd63540ae1ad5af62f0137ac2069a16719085f94455a12421e4f93204e02c207d23d74204cda769f78e8ed430f012bf8e6e8bc234597574b5239a1dc2adde2e13ddb53c55fa1659ac366a2813daedea793fb81281afd5ea85723413c143a639ef75c596fb61cc68a3ede049de032a4e03c1cd9727919dc875b52450f3ac0b58b7185afcada78b64f816c455aaa91279ba218b1e54feb1bd82a4121483793776a28fedb18512fd5fb243e445f367b7a334ff8406cbc91dd9b0af83de0d9a59292f81ab0ddf70cbed03d08b7b2167257e7704e7ddd682603d5f6120343b4611754221f0f9a1ddf57fb7d7cb76de1d5c4711c40837db958564a5639eed4e136bb32fc40daa6bdb59cea9854aa112d3784dadceab7b0f14dd6b9a6f4535fcf0f45a4964913cf58a1e0edf50d65ec0cdac61b92fa6c62ae,gx-no-cache=1556041578605 HTTP/1.1" 200 30
200.112.233.47 - - [23/Apr/2019:14:50:12 -0300] "POST /cormun/servlet/solicitudot?gx-no-cache=1556041586301 HTTP/1.1" 200 30
200.112.233.47 - - [23/Apr/2019:14:50:16 -0300] "GET /cormun/servlet/prcontratosol?18042371,,,,,MD,,gxPopupLevel%3D0%3B HTTP/1.1" 200 8238
200.112.233.47 - - [23/Apr/2019:14:50:20 -0300] "POST /cormun/servlet/solicitudot?gx-no-cache=1556041594087 HTTP/1.1" 200 1345
200.112.233.47 - - [23/Apr/2019:14:50:20 -0300] "POST /cormun/servlet/solicitudot?gx-no-cache=1556041594136 HTTP/1.1" 200 38
200.112.233.47 - - [23/Apr/2019:14:50:20 -0300] "GET /cormun/servlet/solicitudot?6f070f26771d424f3b83fd911a65b2688ea89bec47478a245c618325ed605987d19ee41e6508a3f54b13c9896a0e24f8089419c8860e2a4e74649391844b7e183954dc6a4b074167b104b85ed7877d398bf92c35a27b90ed0707f2094919ee580798fa359e36a05cc35a76dc41f407fb,gx-no-cache=1556041594178 HTTP/1.1" 200 110
200.112.233.47 - - [23/Apr/2019:14:50:20 -0300] "POST /cormun/servlet/solicitudot?gx-no-cache=1556041594201 HTTP/1.1" 200 97
200.112.233.47 - - [23/Apr/2019:14:50:20 -0300] "GET /cormun/servlet/solicitudot?6f070f26771d424f3b83fd911a65b268e394af0ecf32a26a92f8d62dcf675a7515ba8c6d1924f6f23f6e862902ccfb81122ba4533d61ae5ba8d0cb521595c5ade574e19722b83c0f5045c45375a9a999fbc2f6fcaf957f8d95e5d46bb3f82d591d7b0b4564460e843e7a8ed00ca754cd12d978e3ce8436bc1b7fe6481721e82e7bb632a746ba610397ac34a4a08bdf100a50bf5c24a992e80ef2d7278247f3db,gx-no-cache=1556041594230 HTTP/1.1" 200 29
200.112.233.47 - - [23/Apr/2019:14:50:20 -0300] "GET /cormun/servlet/solicitudot?6f070f26771d424f3b83fd911a65b26824db4d7f0bfc897da96030b099e80a707523f6956faae9abe71744e3f9ac51ba,gx-no-cache=1556041594252 HTTP/1.1" 200 134
200.112.233.47 - - [23/Apr/2019:14:50:20 -0300] "GET /cormun/static/Shared/jqueryui/images/ui-bg_highlight-soft_100_c6c2c8_1x100.png HTTP/1.1" 404 1117
200.112.233.47 - - [23/Apr/2019:14:50:20 -0300] "GET /cormun/static/Shared/jqueryui/images/ui-bg_flat_55_994d53_40x100.png HTTP/1.1" 404 1097
200.112.233.47 - - [23/Apr/2019:14:50:20 -0300] "GET /cormun/static/Shared/jqueryui/images/ui-icons_ebccce_256x240.png HTTP/1.1" 404 1089
200.112.233.47 - - [23/Apr/2019:14:50:20 -0300] "GET /cormun/static/Shared/jqueryui/images/ui-icons_82798d_256x240.png HTTP/1.1" 404 1089
190.171.141.90 - - [23/Apr/2019:14:50:42 -0300] "POST /cormun/servlet/trlicencias?1c2a3c9398561d5d414fb7ff642dd763,gx-no-cache=1556041615959 HTTP/1.1" 440 972
190.171.141.90 - - [23/Apr/2019:14:50:43 -0300] "GET /cormun/servlet/trlicencias HTTP/1.1" 200 8430
190.171.141.90 - - [23/Apr/2019:14:50:44 -0300] "GET /cormun/servlet/hlogin HTTP/1.1" 200 1738
190.171.141.90 - - [23/Apr/2019:14:50:44 -0300] "GET /cormun/servlet/trlicencias HTTP/1.1" 200 8430
190.171.149.90 - - [23/Apr/2019:14:50:48 -0300] "GET /cormun/servlet/trsolicitudot? HTTP/1.1" 200 6405
190.171.149.90 - - [23/Apr/2019:14:50:48 -0300] "GET /cormun/static/PXToolsJavascripts/pexe_cookies.js HTTP/1.1" 200 792
190.171.149.90 - - [23/Apr/2019:14:50:48 -0300] "GET /cormun/static/PXToolsJavascripts/pexe_menudivfix.js HTTP/1.1" 200 333
190.171.149.90 - - [23/Apr/2019:14:50:48 -0300] "GET /cormun/static/PXToolsJavascripts/pexe_oav.js HTTP/1.1" 200 645
190.171.149.90 - - [23/Apr/2019:14:50:48 -0300] "GET /cormun/static/Resources/PXToolsDataSearch.png HTTP/1.1" 200 419
190.171.149.90 - - [23/Apr/2019:14:50:49 -0300] "GET /cormun/servlet/hlogin HTTP/1.1" 200 1736
190.171.149.90 - - [23/Apr/2019:14:50:49 -0300] "GET /cormun/servlet/trsolicitudot? HTTP/1.1" 200 6415
190.171.149.90 - - [23/Apr/2019:14:50:49 -0300] "GET /cormun/static/gxcfg.js?20177612122725 HTTP/1.1" 200 953
190.171.149.90 - - [23/Apr/2019:14:50:49 -0300] "GET /cormun/static/Resources/Spanish/PXTools.css?1155365 HTTP/1.1" 200 40960
190.171.149.90 - - [23/Apr/2019:14:50:49 -0300] "GET /cormun/static/Resources/ComunLogin.png HTTP/1.1" 200 17326
190.171.149.90 - - [23/Apr/2019:14:50:49 -0300] "GET /cormun/static/Resources/PXToolsLoginTop.png HTTP/1.1" 200 1337
190.171.149.90 - - [23/Apr/2019:14:50:49 -0300] "GET /cormun/static/Resources/PXToolsLoginBackground.png HTTP/1.1" 200 1164
190.171.141.90 - - [23/Apr/2019:14:50:51 -0300] "POST /cormun/servlet/hlogin?4f19823f0b404f7af4b7bf7c28a34aee,gx-no-cache=1556041625131 HTTP/1.1" 200 90
190.171.141.90 - - [23/Apr/2019:14:50:51 -0300] "GET /cormun/servlet/hpexe_link HTTP/1.1" 200 955
190.171.141.90 - - [23/Apr/2019:14:50:51 -0300] "GET /cormun/servlet/trlicencias HTTP/1.1" 200 12502
190.171.141.90 - - [23/Apr/2019:14:50:52 -0300] "GET /cormun/servlet/trlicencias HTTP/1.1" 200 12500
200.112.233.47 - - [23/Apr/2019:14:50:53 -0300] "POST /cormun/servlet/solicitudot?gx-no-cache=1556041627191 HTTP/1.1" 200 69
190.171.141.90 - - [23/Apr/2019:14:51:01 -0300] "POST /cormun/servlet/trlicencias?4f19823f0b404f7af4b7bf7c28a34aee,gx-no-cache=1556041635081 HTTP/1.1" 200 9921
190.171.149.90 - - [23/Apr/2019:14:51:06 -0300] "POST /cormun/servlet/hlogin?30bd79af28c5ad6d0e75676d918e44ab,gx-no-cache=1556041640331 HTTP/1.1" 200 90
190.171.149.90 - - [23/Apr/2019:14:51:06 -0300] "GET /cormun/servlet/hpexe_link HTTP/1.1" 200 954
190.171.149.90 - - [23/Apr/2019:14:51:06 -0300] "GET /cormun/static/gxcfg.js?20177612121792 HTTP/1.1" 200 953
190.171.149.90 - - [23/Apr/2019:14:51:06 -0300] "GET /cormun/servlet/trsolicitudot HTTP/1.1" 200 8770
190.171.149.90 - - [23/Apr/2019:14:51:06 -0300] "GET /cormun/static/gxui/gxui-all.css?120300 HTTP/1.1" 200 2179
190.171.149.90 - - [23/Apr/2019:14:51:07 -0300] "GET /cormun/servlet/trsolicitudot HTTP/1.1" 200 8769
190.171.149.90 - - [23/Apr/2019:14:51:20 -0300] "POST /cormun/servlet/trsolicitudot?30bd79af28c5ad6d0e75676d918e44ab,gx-no-cache=1556041653726 HTTP/1.1" 200 4283
190.171.149.90 - - [23/Apr/2019:14:51:20 -0300] "POST /cormun/servlet/trsolicitudot?30bd79af28c5ad6d0e75676d918e44ab,gx-no-cache=1556041654534 HTTP/1.1" 200 4282
190.171.149.90 - - [23/Apr/2019:14:51:21 -0300] "POST /cormun/servlet/trsolicitudot?30bd79af28c5ad6d0e75676d918e44ab,gx-no-cache=1556041654915 HTTP/1.1" 200 4284
190.171.149.90 - - [23/Apr/2019:14:51:23 -0300] "GET /cormun/servlet/trlicencias? HTTP/1.1" 200 10028
190.171.149.90 - - [23/Apr/2019:14:51:24 -0300] "GET /cormun/static/SmoothNavMenu/resources/ddsmoothmenu-v.css?1012540 HTTP/1.1" 200 1188
190.171.149.90 - - [23/Apr/2019:14:51:24 -0300] "GET /cormun/static/SmoothNavMenu/resources/ddsmoothmenu.css?1012540 HTTP/1.1" 200 2223
190.171.149.90 - - [23/Apr/2019:14:51:24 -0300] "GET /cormun/static/Resources/Spanish/PXTools.css?17315867 HTTP/1.1" 304 -
190.171.149.90 - - [23/Apr/2019:14:51:24 -0300] "GET /cormun/static/scaMessage/css/jquery.pnotify.default.css?1716380 HTTP/1.1" 200 1707
190.171.149.90 - - [23/Apr/2019:14:51:24 -0300] "GET /cormun/static/gxcfg.js?20176272054169 HTTP/1.1" 200 953
190.171.149.90 - - [23/Apr/2019:14:51:24 -0300] "GET /cormun//static/Resources/PXToolsActionDisabled.gif HTTP/1.1" 200 53
190.171.149.90 - - [23/Apr/2019:14:51:24 -0300] "GET /cormun//static/Resources/PXToolsGridDisplay.png HTTP/1.1" 200 362
190.171.149.90 - - [23/Apr/2019:14:51:24 -0300] "GET /cormun//static/Resources/PXToolsActionPrint.png HTTP/1.1" 200 3317
190.171.149.90 - - [23/Apr/2019:14:51:24 -0300] "GET /cormun//static/Resources/PXToolsHeaderFavorites.png HTTP/1.1" 200 2744
190.171.149.90 - - [23/Apr/2019:14:51:24 -0300] "GET /cormun/servlet/trlicencias? HTTP/1.1" 200 10025
190.171.149.90 - - [23/Apr/2019:14:51:24 -0300] "GET /cormun//static/Resources/PXToolsHeaderHelp.png HTTP/1.1" 200 4055
190.171.141.138 - - [23/Apr/2019:14:51:26 -0300] "POST /cormun/servlet/trcontratosolicitud?5af8d7f5a5be5d5d2f8bae63f691e8cc,,gx-no-cache=1556041660186 HTTP/1.1" 200 12453
190.171.149.90 - - [23/Apr/2019:14:51:56 -0300] "POST /cormun/servlet/trlicencias?30bd79af28c5ad6d0e75676d918e44ab,,gx-no-cache=1556041690458 HTTP/1.1" 200 7457
190.171.149.90 - - [23/Apr/2019:14:51:57 -0300] "GET /cormun/static/Shared/jqueryui/images/ui-bg_highlight-soft_100_c6c2c8_1x100.png HTTP/1.1" 404 1117
190.171.149.90 - - [23/Apr/2019:14:51:57 -0300] "GET /cormun/static/Shared/jqueryui/images/ui-icons_82798d_256x240.png HTTP/1.1" 404 1089
190.171.149.90 - - [23/Apr/2019:14:51:57 -0300] "GET /cormun/static/Shared/jqueryui/images/ui-bg_flat_55_fafafa_40x100.png HTTP/1.1" 404 1097
190.171.149.90 - - [23/Apr/2019:14:51:57 -0300] "GET /cormun/static/Shared/jqueryui/images/ui-icons_8d78a5_256x240.png HTTP/1.1" 404 1089
190.171.143.82 - - [23/Apr/2019:14:52:04 -0300] "GET /cormun/servlet/trpermisosgoce? HTTP/1.1" 200 11949
190.171.143.82 - - [23/Apr/2019:14:52:05 -0300] "GET /cormun/servlet/trpermisosgoce? HTTP/1.1" 200 11949
190.171.143.82 - - [23/Apr/2019:14:52:08 -0300] "GET /cormun/servlet/permisogoce?INS,0,,, HTTP/1.1" 200 6905
190.171.143.82 - - [23/Apr/2019:14:52:09 -0300] "GET /cormun/servlet/permisogoce?INS,0,,, HTTP/1.1" 200 6905
190.171.143.82 - - [23/Apr/2019:14:52:38 -0300] "GET /cormun/servlet/permisogoce?9dbb6172f5a91f8e86313d9749c73f2bcac2171a88c0f73f484bd5929fbc49eedd46b722f845a59ad26cee8a69ac25cc7a47763dc9e90ebd9d24706f3a57deb3,gx-no-cache=1556045944275 HTTP/1.1" 200 75
190.171.152.138 - - [23/Apr/2019:14:52:42 -0300] "GET /cormun/servlet/solicitudot?c21232319196d9e48e59e379184c601dd855bc31db8a43a1ab19817898051c564bae10e40789f37ac10ac8f6b0380189,gx-no-cache=1556041737036 HTTP/1.1" 200 30
190.171.152.138 - - [23/Apr/2019:14:52:48 -0300] "POST /cormun/servlet/solicitudot?gx-no-cache=1556041743169 HTTP/1.1" 200 30
190.171.143.82 - - [23/Apr/2019:14:52:50 -0300] "GET /cormun/servlet/permisogoce?9dbb6172f5a91f8e86313d9749c73f2b89f288cac755438f8f2cb7a8a8673f0b5b37e08d984589239c88dad1f77d8613b790db617e977654d6c6d4fbaf825f3e,gx-no-cache=1556045956582 HTTP/1.1" 200 47
200.112.233.47 - - [23/Apr/2019:14:52:54 -0300] "GET /cormun/servlet/solicitudot?6f070f26771d424f3b83fd911a65b26817deb4adce3a7e15ba9c19725591a44b7523f6956faae9abe71744e3f9ac51ba,gx-no-cache=1556041748056 HTTP/1.1" 200 30
190.171.143.82 - - [23/Apr/2019:14:53:02 -0300] "GET /cormun/servlet/permisogoce?9dbb6172f5a91f8e86313d9749c73f2b89f288cac755438f8f2cb7a8a8673f0b888aba137894f2beb1dd0a36b537089aee31f49fd7b73abb25d14d1012e41649,gx-no-cache=1556045968701 HTTP/1.1" 200 47
190.171.143.82 - - [23/Apr/2019:14:53:11 -0300] "POST /cormun/servlet/permisogoce?79cefb4b997dc27efb10ac14078a5800,INS,0,,,,gx-no-cache=1556045977117 HTTP/1.1" 200 93
190.171.143.82 - - [23/Apr/2019:14:53:11 -0300] "GET /cormun/servlet/hpexe_return? HTTP/1.1" 200 1015
190.171.143.82 - - [23/Apr/2019:14:53:12 -0300] "GET /cormun/servlet/trpermisosgoce HTTP/1.1" 200 12215
190.171.143.82 - - [23/Apr/2019:14:53:13 -0300] "GET /cormun/servlet/trpermisosgoce HTTP/1.1" 200 12215
190.171.143.82 - - [23/Apr/2019:14:53:18 -0300] "GET /cormun/servlet/apermisogoceprn?17522932,P,20190423154523,PU HTTP/1.1" 200 1662
200.112.233.47 - - [23/Apr/2019:14:53:22 -0300] "POST /cormun/servlet/solicitudot?gx-no-cache=1556041775280 HTTP/1.1" 200 33
200.112.233.47 - - [23/Apr/2019:14:53:26 -0300] "POST /cormun/servlet/solicitudot?aafa831ed5967b41c5358bc488df4771,INS,0,0,,gx-no-cache=1556041779306 HTTP/1.1" 200 93
200.112.233.47 - - [23/Apr/2019:14:53:26 -0300] "GET /cormun/servlet/hpexe_return? HTTP/1.1" 200 1000
200.112.233.47 - - [23/Apr/2019:14:53:26 -0300] "GET /cormun/servlet/trsolicitudot HTTP/1.1" 200 9251
200.112.233.47 - - [23/Apr/2019:14:53:27 -0300] "GET /cormun/servlet/trsolicitudot HTTP/1.1" 200 9247
200.112.233.47 - - [23/Apr/2019:14:53:32 -0300] "POST /cormun/servlet/trsolicitudot?aafa831ed5967b41c5358bc488df4771,gx-no-cache=1556041785021 HTTP/1.1" 200 5746
200.112.233.47 - - [23/Apr/2019:14:53:32 -0300] "GET /cormun/static/Shared/jqueryui/images/ui-bg_highlight-soft_100_c6c2c8_1x100.png HTTP/1.1" 404 1117
200.112.233.47 - - [23/Apr/2019:14:53:32 -0300] "GET /cormun/static/Shared/jqueryui/images/ui-icons_82798d_256x240.png HTTP/1.1" 404 1089
200.112.233.47 - - [23/Apr/2019:14:53:32 -0300] "GET /cormun/static/Shared/jqueryui/images/ui-icons_8d78a5_256x240.png HTTP/1.1" 404 1089
200.112.233.47 - - [23/Apr/2019:14:53:32 -0300] "GET /cormun/static/Shared/jqueryui/images/ui-bg_flat_55_fafafa_40x100.png HTTP/1.1" 404 1097
200.112.233.47 - - [23/Apr/2019:14:53:32 -0300] "POST /cormun/servlet/trsolicitudot?aafa831ed5967b41c5358bc488df4771,gx-no-cache=1556041785599 HTTP/1.1" 200 5689
200.112.233.47 - - [23/Apr/2019:14:53:39 -0300] "GET /cormun/servlet/solicitudot?INS,0,0, HTTP/1.1" 200 15319
200.112.233.47 - - [23/Apr/2019:14:53:39 -0300] "GET /cormun/servlet/solicitudot?INS,0,0, HTTP/1.1" 200 15325
200.112.233.47 - - [23/Apr/2019:14:53:42 -0300] "GET /cormun/servlet/prfichaempleado?,MD,,gxPopupLevel%3D0%3B HTTP/1.1" 200 9443
190.171.149.90 - - [23/Apr/2019:14:53:53 -0300] "GET /cormun/servlet/trsolicitudot? HTTP/1.1" 200 7331
200.112.233.47 - - [23/Apr/2019:14:53:53 -0300] "POST /cormun/servlet/prfichaempleado?aafa831ed5967b41c5358bc488df4771,,MD,,gxPopupLevel%3D0%3B,gx-no-cache=1556041806978 HTTP/1.1" 200 3484
190.171.149.90 - - [23/Apr/2019:14:53:54 -0300] "GET /favicon.ico HTTP/1.1" 200 21630
190.171.149.90 - - [23/Apr/2019:14:53:55 -0300] "GET /cormun/servlet/trsolicitudot? HTTP/1.1" 200 7331
200.112.233.47 - - [23/Apr/2019:14:54:00 -0300] "POST /cormun/servlet/solicitudot?gx-no-cache=1556041812997 HTTP/1.1" 200 3588
200.112.233.47 - - [23/Apr/2019:14:54:00 -0300] "POST /cormun/servlet/solicitudot?aafa831ed5967b41c5358bc488df4771,INS,0,0,,gx-no-cache=1556041813575 HTTP/1.1" 200 12049
200.112.233.47 - - [23/Apr/2019:14:54:00 -0300] "GET /cormun/servlet/solicitudot?6f070f26771d424f3b83fd911a65b2689dee0702ea4731453ccbdbe611d8d6ab6e41665a11228463c0192257d8bd5e92,gx-no-cache=1556041813761 HTTP/1.1" 200 30
200.112.233.47 - - [23/Apr/2019:14:54:08 -0300] "GET /cormun/servlet/solicitudot?6f070f26771d424f3b83fd911a65b268137bb9c95d8c0ee05ffb81b38480f4f3b592981c449cc405f67397d395d5d84f6d5208f5ce285856309e9f2a861b7dfa,gx-no-cache=1556041821369 HTTP/1.1" 200 30
200.112.233.47 - - [23/Apr/2019:14:54:08 -0300] "GET /cormun/servlet/solicitudot?6f070f26771d424f3b83fd911a65b2684e5ebc4923a7c5cbbcf636babe976ccd,gx-no-cache=1556041821407 HTTP/1.1" 200 53
200.112.233.47 - - [23/Apr/2019:14:54:08 -0300] "POST /cormun/servlet/solicitudot?gx-no-cache=1556041821446 HTTP/1.1" 200 255
200.112.233.47 - - [23/Apr/2019:14:54:08 -0300] "GET /cormun/servlet/solicitudot?6f070f26771d424f3b83fd911a65b268a40d18a7360067e7f359fe3dac5f7004b482a2239cca7ce9e49902b5e58d3b65303e55478c8da240ab0fba36de4995ef049ceeade12d9ca879aa81dd63540ae1ad5af62f0137ac2069a16719085f94455a12421e4f93204e02c207d23d74204cda769f78e8ed430f012bf8e6e8bc234597574b5239a1dc2adde2e13ddb53c55fa1659ac366a2813daedea793fb81281afd5ea85723413c143a639ef75c596fb61cc68a3ede049de032a4e03c1cd9727919dc875b52450f3ac0b58b7185afcada78b64f816c455aaa91279ba218b1e54feb1bd82a4121483793776a28fedb18512fd5fb243e445f367b7a334ff8406cbc91dd9b0af83de0d9a59292f81ab0ddf70cbed03d08b7b2167257e7704e7ddd682603d5f6120343b4611754221f0f9a1ddf57fb7d7cb76de1d5c4711c40837db958564a5639eed4e136bb32fc40daa6bdb59cea9854aa112d3784dadceab7b0f14dd6b9a6f4535fcf0f45a4964913cf58a1e0edf50d65ec0cdac61b92fa6c62ae,gx-no-cache=1556041821500 HTTP/1.1" 200 30
200.112.233.47 - - [23/Apr/2019:14:54:08 -0300] "POST /cormun/servlet/solicitudot?gx-no-cache=1556041821543 HTTP/1.1" 200 30
200.112.233.47 - - [23/Apr/2019:14:54:08 -0300] "POST /cormun/servlet/solicitudot?gx-no-cache=1556041821591 HTTP/1.1" 200 1345
200.112.233.47 - - [23/Apr/2019:14:54:08 -0300] "POST /cormun/servlet/solicitudot?gx-no-cache=1556041821657 HTTP/1.1" 200 38
200.112.233.47 - - [23/Apr/2019:14:54:08 -0300] "GET /cormun/servlet/solicitudot?6f070f26771d424f3b83fd911a65b2688ea89bec47478a245c618325ed605987d19ee41e6508a3f54b13c9896a0e24f8089419c8860e2a4e74649391844b7e183954dc6a4b074167b104b85ed7877d398bf92c35a27b90ed0707f2094919ee580798fa359e36a05cc35a76dc41f407fb,gx-no-cache=1556041821711 HTTP/1.1" 200 110
200.112.233.47 - - [23/Apr/2019:14:54:10 -0300] "POST /cormun/servlet/solicitudot?gx-no-cache=1556041823871 HTTP/1.1" 200 69
200.112.233.47 - - [23/Apr/2019:14:54:12 -0300] "GET /cormun/servlet/solicitudot?6f070f26771d424f3b83fd911a65b268e394af0ecf32a26a92f8d62dcf675a7515ba8c6d1924f6f23f6e862902ccfb81122ba4533d61ae5ba8d0cb521595c5ade574e19722b83c0f5045c45375a9a999fbc2f6fcaf957f8d95e5d46bb3f82d591d7b0b4564460e843e7a8ed00ca754cd12d978e3ce8436bc1b7fe6481721e82e7bb632a746ba610397ac34a4a08bdf100a50bf5c24a992e80ef2d7278247f3db,gx-no-cache=1556041825753 HTTP/1.1" 200 29
190.171.149.90 - - [23/Apr/2019:14:54:13 -0300] "POST /cormun/servlet/trsolicitudot?30bd79af28c5ad6d0e75676d918e44ab,,gx-no-cache=1556041826814 HTTP/1.1" 200 4295
190.171.149.90 - - [23/Apr/2019:14:54:15 -0300] "POST /cormun/servlet/trsolicitudot?30bd79af28c5ad6d0e75676d918e44ab,,gx-no-cache=1556041828772 HTTP/1.1" 200 4295
200.112.233.47 - - [23/Apr/2019:14:54:18 -0300] "GET /cormun/servlet/solicitudot?6f070f26771d424f3b83fd911a65b26817deb4adce3a7e15ba9c19725591a44b7523f6956faae9abe71744e3f9ac51ba,gx-no-cache=1556041831847 HTTP/1.1" 200 30
190.171.149.90 - - [23/Apr/2019:14:54:19 -0300] "POST /cormun/servlet/trsolicitudot?30bd79af28c5ad6d0e75676d918e44ab,,gx-no-cache=1556041832908 HTTP/1.1" 200 4295
190.171.149.90 - - [23/Apr/2019:14:54:20 -0300] "POST /cormun/servlet/trsolicitudot?30bd79af28c5ad6d0e75676d918e44ab,,gx-no-cache=1556041834496 HTTP/1.1" 200 4296
190.171.149.90 - - [23/Apr/2019:14:54:21 -0300] "POST /cormun/servlet/trsolicitudot?30bd79af28c5ad6d0e75676d918e44ab,,gx-no-cache=1556041835046 HTTP/1.1" 200 4296
190.171.149.90 - - [23/Apr/2019:14:54:21 -0300] "POST /cormun/servlet/trsolicitudot?30bd79af28c5ad6d0e75676d918e44ab,,gx-no-cache=1556041835326 HTTP/1.1" 200 4296
200.112.233.47 - - [23/Apr/2019:14:54:23 -0300] "POST /cormun/servlet/solicitudot?gx-no-cache=1556041836520 HTTP/1.1" 200 30
190.171.149.90 - - [23/Apr/2019:14:54:24 -0300] "GET /cormun/servlet/trcontratounov2? HTTP/1.1" 200 17894
190.171.149.90 - - [23/Apr/2019:14:54:24 -0300] "GET /cormun/static/gxcfg.js?201752512124396 HTTP/1.1" 200 953
190.171.149.90 - - [23/Apr/2019:14:54:25 -0300] "GET /cormun/servlet/trcontratounov2? HTTP/1.1" 200 17905
200.112.233.47 - - [23/Apr/2019:14:54:28 -0300] "GET /cormun/servlet/solicitudot?6f070f26771d424f3b83fd911a65b26817deb4adce3a7e15ba9c19725591a44b7523f6956faae9abe71744e3f9ac51ba,gx-no-cache=1556041841686 HTTP/1.1" 200 30
200.112.233.47 - - [23/Apr/2019:14:54:28 -0300] "POST /cormun/servlet/solicitudot?gx-no-cache=1556041841754 HTTP/1.1" 200 30
200.112.233.47 - - [23/Apr/2019:14:54:39 -0300] "POST /cormun/servlet/solicitudot?gx-no-cache=1556041852598 HTTP/1.1" 200 30
200.112.233.47 - - [23/Apr/2019:14:54:42 -0300] "GET /cormun/servlet/prcontratosol?8937194,,,,,MD,,gxPopupLevel%3D0%3B HTTP/1.1" 200 8234
200.112.233.47 - - [23/Apr/2019:14:54:46 -0300] "POST /cormun/servlet/solicitudot?gx-no-cache=1556041859514 HTTP/1.1" 200 1345
200.112.233.47 - - [23/Apr/2019:14:54:46 -0300] "POST /cormun/servlet/solicitudot?gx-no-cache=1556041859550 HTTP/1.1" 200 41
200.112.233.47 - - [23/Apr/2019:14:54:46 -0300] "GET /cormun/servlet/solicitudot?6f070f26771d424f3b83fd911a65b2688ea89bec47478a245c618325ed605987d19ee41e6508a3f54b13c9896a0e24f8089419c8860e2a4e74649391844b7e183954dc6a4b074167b104b85ed7877d398bf92c35a27b90ed0707f2094919ee580798fa359e36a05cc35a76dc41f407fb,gx-no-cache=1556041859571 HTTP/1.1" 200 110
200.112.233.47 - - [23/Apr/2019:14:54:46 -0300] "POST /cormun/servlet/solicitudot?gx-no-cache=1556041859595 HTTP/1.1" 200 102
200.112.233.47 - - [23/Apr/2019:14:54:46 -0300] "GET /cormun/servlet/solicitudot?6f070f26771d424f3b83fd911a65b2682ca6efeca880df32fbae9865628370db81bcea8bbf291af0739a13f5b9c4a775,gx-no-cache=1556041859619 HTTP/1.1" 200 134
200.112.233.47 - - [23/Apr/2019:14:54:46 -0300] "GET /cormun/static/Shared/jqueryui/images/ui-bg_highlight-soft_100_c6c2c8_1x100.png HTTP/1.1" 404 1117
200.112.233.47 - - [23/Apr/2019:14:54:46 -0300] "GET /cormun/static/Shared/jqueryui/images/ui-bg_flat_55_994d53_40x100.png HTTP/1.1" 404 1097
200.112.233.47 - - [23/Apr/2019:14:54:46 -0300] "GET /cormun/static/Shared/jqueryui/images/ui-icons_ebccce_256x240.png HTTP/1.1" 404 1089
200.112.233.47 - - [23/Apr/2019:14:54:46 -0300] "GET /cormun/static/Shared/jqueryui/images/ui-icons_82798d_256x240.png HTTP/1.1" 404 1089
200.112.233.47 - - [23/Apr/2019:14:54:56 -0300] "GET /cormun/servlet/solicitudot?6f070f26771d424f3b83fd911a65b26817deb4adce3a7e15ba9c19725591a44b7523f6956faae9abe71744e3f9ac51ba,gx-no-cache=1556041869733 HTTP/1.1" 200 30
190.171.149.90 - - [23/Apr/2019:14:55:02 -0300] "POST /cormun/servlet/trcontratounov2?30bd79af28c5ad6d0e75676d918e44ab,,gx-no-cache=1556041876001 HTTP/1.1" 200 8129
200.112.233.47 - - [23/Apr/2019:14:55:59 -0300] "POST /cormun/servlet/solicitudot?gx-no-cache=1556041932390 HTTP/1.1" 200 30
200.112.233.47 - - [23/Apr/2019:14:56:03 -0300] "POST /cormun/servlet/solicitudot?gx-no-cache=1556041936742 HTTP/1.1" 200 30
200.112.233.47 - - [23/Apr/2019:14:56:04 -0300] "GET /cormun/servlet/prcontratosol?8937194,,,,,MD,,gxPopupLevel%3D0%3B HTTP/1.1" 200 8234
200.112.233.47 - - [23/Apr/2019:14:56:07 -0300] "POST /cormun/servlet/solicitudot?gx-no-cache=1556041940418 HTTP/1.1" 200 1345
200.112.233.47 - - [23/Apr/2019:14:56:07 -0300] "POST /cormun/servlet/solicitudot?gx-no-cache=1556041940455 HTTP/1.1" 200 38
200.112.233.47 - - [23/Apr/2019:14:56:07 -0300] "GET /cormun/servlet/solicitudot?6f070f26771d424f3b83fd911a65b2688ea89bec47478a245c618325ed605987d19ee41e6508a3f54b13c9896a0e24f8089419c8860e2a4e74649391844b7e183954dc6a4b074167b104b85ed7877d398bf92c35a27b90ed0707f2094919ee580798fa359e36a05cc35a76dc41f407fb,gx-no-cache=1556041940477 HTTP/1.1" 200 110
200.112.233.47 - - [23/Apr/2019:14:56:07 -0300] "POST /cormun/servlet/solicitudot?gx-no-cache=1556041940502 HTTP/1.1" 200 97
200.112.233.47 - - [23/Apr/2019:14:56:07 -0300] "GET /cormun/servlet/solicitudot?6f070f26771d424f3b83fd911a65b2682ca6efeca880df32fbae9865628370db81bcea8bbf291af0739a13f5b9c4a775,gx-no-cache=1556041940527 HTTP/1.1" 200 134
190.171.143.82 - - [23/Apr/2019:14:56:08 -0300] "GET /cormun/servlet/permisogoce?INS,0,,, HTTP/1.1" 200 6906
190.171.143.82 - - [23/Apr/2019:14:56:09 -0300] "GET /cormun/servlet/permisogoce?INS,0,,, HTTP/1.1" 200 6905
190.171.149.90 - - [23/Apr/2019:14:56:45 -0300] "GET /cormun/servlet/trsolicitudot? HTTP/1.1" 200 7345
190.171.149.90 - - [23/Apr/2019:14:56:45 -0300] "GET /cormun/servlet/trsolicitudot? HTTP/1.1" 200 7344
190.171.149.90 - - [23/Apr/2019:14:57:08 -0300] "POST /cormun/servlet/trsolicitudot?30bd79af28c5ad6d0e75676d918e44ab,,gx-no-cache=1556042002257 HTTP/1.1" 200 4297
190.171.143.82 - - [23/Apr/2019:14:57:08 -0300] "GET /cormun/servlet/permisogoce?9dbb6172f5a91f8e86313d9749c73f2bab10d1ff50577dd5a7df7486e2b7f156dd46b722f845a59ad26cee8a69ac25cc7a47763dc9e90ebd9d24706f3a57deb3,gx-no-cache=1556046214700 HTTP/1.1" 200 80
200.112.233.47 - - [23/Apr/2019:14:57:09 -0300] "POST /cormun/servlet/solicitudot?gx-no-cache=1556042002590 HTTP/1.1" 200 30
190.171.149.90 - - [23/Apr/2019:14:57:10 -0300] "POST /cormun/servlet/trsolicitudot?30bd79af28c5ad6d0e75676d918e44ab,,gx-no-cache=1556042004673 HTTP/1.1" 200 4298
200.112.233.47 - - [23/Apr/2019:14:57:12 -0300] "POST /cormun/servlet/solicitudot?gx-no-cache=1556042005442 HTTP/1.1" 200 1345
200.112.233.47 - - [23/Apr/2019:14:57:12 -0300] "POST /cormun/servlet/solicitudot?gx-no-cache=1556042005567 HTTP/1.1" 200 41
200.112.233.47 - - [23/Apr/2019:14:57:12 -0300] "GET /cormun/servlet/solicitudot?6f070f26771d424f3b83fd911a65b2688ea89bec47478a245c618325ed605987d19ee41e6508a3f54b13c9896a0e24f8089419c8860e2a4e74649391844b7e183954dc6a4b074167b104b85ed7877d398bf92c35a27b90ed0707f2094919ee580798fa359e36a05cc35a76dc41f407fb,gx-no-cache=1556042005606 HTTP/1.1" 200 110
200.112.233.47 - - [23/Apr/2019:14:57:12 -0300] "POST /cormun/servlet/solicitudot?gx-no-cache=1556042005628 HTTP/1.1" 200 97
190.171.149.90 - - [23/Apr/2019:14:57:15 -0300] "GET /cormun/servlet/solicitudot?INS,0,0, HTTP/1.1" 200 15264
190.171.149.90 - - [23/Apr/2019:14:57:15 -0300] "GET /cormun/static/gxcfg.js?20189101114418 HTTP/1.1" 200 953
190.171.149.90 - - [23/Apr/2019:14:57:16 -0300] "GET /cormun/servlet/solicitudot?INS,0,0, HTTP/1.1" 200 15270
200.112.233.47 - - [23/Apr/2019:14:57:17 -0300] "GET /cormun/servlet/solicitudot?6f070f26771d424f3b83fd911a65b26817deb4adce3a7e15ba9c19725591a44b7523f6956faae9abe71744e3f9ac51ba,gx-no-cache=1556042010431 HTTP/1.1" 200 30
190.171.149.90 - - [23/Apr/2019:14:57:21 -0300] "GET /cormun/servlet/trcontratounov2? HTTP/1.1" 200 8703
190.171.149.90 - - [23/Apr/2019:14:57:22 -0300] "GET /cormun/servlet/trcontratounov2? HTTP/1.1" 200 8700
190.171.143.82 - - [23/Apr/2019:14:57:28 -0300] "GET /cormun/servlet/permisogoce?9dbb6172f5a91f8e86313d9749c73f2b5a5873a10bbef0d84a0447650b5e80a8ce57154c627ecd4cc68e9b776d233774b790db617e977654d6c6d4fbaf825f3e,gx-no-cache=1556046234007 HTTP/1.1" 200 48
200.112.233.47 - - [23/Apr/2019:14:57:32 -0300] "POST /cormun/servlet/solicitudot?gx-no-cache=1556042026047 HTTP/1.1" 200 30
200.112.233.47 - - [23/Apr/2019:14:57:33 -0300] "POST /cormun/servlet/solicitudot?aafa831ed5967b41c5358bc488df4771,INS,0,0,,gx-no-cache=1556042026072 HTTP/1.1" 200 93
200.112.233.47 - - [23/Apr/2019:14:57:33 -0300] "GET /cormun/servlet/hpexe_return? HTTP/1.1" 200 1022
200.112.233.47 - - [23/Apr/2019:14:57:33 -0300] "GET /cormun/servlet/trsolicitudot?gx-no-cache=1556041785599 HTTP/1.1" 200 9236
200.112.233.47 - - [23/Apr/2019:14:57:33 -0300] "GET /cormun/servlet/trsolicitudot?gx-no-cache=1556041785599 HTTP/1.1" 200 9253
190.171.143.82 - - [23/Apr/2019:14:57:38 -0300] "POST /cormun/servlet/permisogoce?79cefb4b997dc27efb10ac14078a5800,INS,0,,,,gx-no-cache=1556046243631 HTTP/1.1" 200 93
190.171.143.82 - - [23/Apr/2019:14:57:38 -0300] "GET /cormun/servlet/hpexe_return? HTTP/1.1" 200 1015
190.171.143.82 - - [23/Apr/2019:14:57:38 -0300] "GET /cormun/servlet/trpermisosgoce HTTP/1.1" 200 12411
190.171.143.82 - - [23/Apr/2019:14:57:39 -0300] "GET /cormun/servlet/trpermisosgoce HTTP/1.1" 200 12406
200.112.233.47 - - [23/Apr/2019:14:57:40 -0300] "GET /cormun/servlet/solicitudot?INS,0,0, HTTP/1.1" 200 15340
200.112.233.47 - - [23/Apr/2019:14:57:40 -0300] "GET /cormun/servlet/solicitudot?INS,0,0, HTTP/1.1" 200 15324
190.171.149.90 - - [23/Apr/2019:14:57:41 -0300] "GET /cormun/servlet/trsolicitudot? HTTP/1.1" 200 7344
190.171.149.90 - - [23/Apr/2019:14:57:42 -0300] "GET /cormun/servlet/trsolicitudot? HTTP/1.1" 200 7344
190.171.143.82 - - [23/Apr/2019:14:57:44 -0300] "GET /cormun/servlet/apermisogoceprn?16528642,P,20190423154923,PU HTTP/1.1" 200 1664
190.171.149.90 - - [23/Apr/2019:14:57:44 -0300] "GET /cormun/servlet/solicitudot?INS,0,0, HTTP/1.1" 200 15264
200.112.233.47 - - [23/Apr/2019:14:57:44 -0300] "GET /cormun/servlet/prfichaempleado?,MD,,gxPopupLevel%3D0%3B HTTP/1.1" 200 9443
190.171.149.90 - - [23/Apr/2019:14:57:45 -0300] "GET /cormun/servlet/solicitudot?INS,0,0, HTTP/1.1" 200 15270
200.112.233.47 - - [23/Apr/2019:14:57:52 -0300] "POST /cormun/servlet/prfichaempleado?aafa831ed5967b41c5358bc488df4771,,MD,,gxPopupLevel%3D0%3B,gx-no-cache=1556042046162 HTTP/1.1" 200 3550
190.171.149.90 - - [23/Apr/2019:14:57:58 -0300] "GET /cormun/servlet/prfichaempleado?,MD,,gxPopupLevel%3D0%3B HTTP/1.1" 200 9380
190.171.149.90 - - [23/Apr/2019:14:57:58 -0300] "GET /cormun/static/gxui/gxui-all.css?110300 HTTP/1.1" 200 2179
190.171.149.90 - - [23/Apr/2019:14:57:58 -0300] "GET /cormun/static/gxcfg.js?20177612134814 HTTP/1.1" 200 953
190.171.149.90 - - [23/Apr/2019:14:57:58 -0300] "GET /cormun/static/Resources/PXToolsMenuSearch.png HTTP/1.1" 200 2914
190.171.149.90 - - [23/Apr/2019:14:57:58 -0300] "GET /cormun/static/Resources/PXToolsMenuSearchCancel.png HTTP/1.1" 200 2972
190.171.149.90 - - [23/Apr/2019:14:58:10 -0300] "POST /cormun/servlet/prfichaempleado?30bd79af28c5ad6d0e75676d918e44ab,,MD,,gxPopupLevel%3D0%3B,gx-no-cache=1556042064088 HTTP/1.1" 200 3421
190.171.149.90 - - [23/Apr/2019:14:58:14 -0300] "POST /cormun/servlet/solicitudot?gx-no-cache=1556042068371 HTTP/1.1" 200 3582
190.171.149.90 - - [23/Apr/2019:14:58:14 -0300] "POST /cormun/servlet/solicitudot?30bd79af28c5ad6d0e75676d918e44ab,INS,0,0,,gx-no-cache=1556042068532 HTTP/1.1" 200 12048
190.171.149.90 - - [23/Apr/2019:14:58:14 -0300] "GET /cormun/servlet/solicitudot?0469c666ddebc7636d08d8ab05be367a038a1126c664e9fd2d4433f28624525c5ab3f23dd925415531739ebaf56787b2,gx-no-cache=1556042068775 HTTP/1.1" 200 30
190.171.149.90 - - [23/Apr/2019:14:58:19 -0300] "GET /cormun/servlet/solicitudot?0469c666ddebc7636d08d8ab05be367ac9fea80f9d788d55a191e4bbc08055ddf44d149f5c85b55db60c93d7616f2af9d0ebb14fa9a3aa5ed0f37d6859aacbe3,gx-no-cache=1556042073016 HTTP/1.1" 200 30
190.171.149.90 - - [23/Apr/2019:14:58:19 -0300] "GET /cormun/servlet/solicitudot?0469c666ddebc7636d08d8ab05be367a72e0d26247fc62665934411c7ce09852,gx-no-cache=1556042073066 HTTP/1.1" 200 53
190.171.149.90 - - [23/Apr/2019:14:58:19 -0300] "POST /cormun/servlet/solicitudot?gx-no-cache=1556042073107 HTTP/1.1" 200 255
190.171.149.90 - - [23/Apr/2019:14:58:19 -0300] "GET /cormun/servlet/solicitudot?0469c666ddebc7636d08d8ab05be367aa64ec0825b653073063a201254c1d77d772eb963b48a929d6fc2da5d19d85172858bd44e52b8e09309e731a3811c9a0f1e83e7130badd65819faa086a5c0494aab31ab18e841619ca9908d3886f4fd49960a57aa54efc3cf36170e1b0b5c359aa9c9a23aafe060a4dc2a8df6919b3bb73eee185309d80cb90300f33c9b7f314cec0bb586e61c7e1aae8fda8d9cfdac949ade74235549a19d72e9e527b81f303983d40ca91e07ee8fe18157c813811c2f143d4dc2ce8a65554aa66c5b2650b4638e09c20680267b4fdf8803b98a61f331a0d44b4286932f3870102f884b3412e3d6790063677df61415aa67e9abb02f026d863dd6acdebebad525f9047c2c2b1bd45d026124625b8d256d4f76e927432282ad168f46b13ede4faa9bd56d03e32eaf96faed65d39a4c7e3910aafbf62ca8ae49bc4539b78348aa7cd2873a691224b3ca96e8e124eac9543008638781aac0ea9d26295e6c5441afb8befbd77dd14acbb831af48c4b90ca25efaa4d4a9d94f,gx-no-cache=1556042073148 HTTP/1.1" 200 30
200.112.233.47 - - [23/Apr/2019:14:58:30 -0300] "POST /cormun/servlet/solicitudot?gx-no-cache=1556042084100 HTTP/1.1" 200 3457
200.112.233.47 - - [23/Apr/2019:14:58:31 -0300] "POST /cormun/servlet/solicitudot?aafa831ed5967b41c5358bc488df4771,INS,0,0,,gx-no-cache=1556042084263 HTTP/1.1" 200 11937
200.112.233.47 - - [23/Apr/2019:14:58:31 -0300] "GET /cormun/servlet/solicitudot?6f070f26771d424f3b83fd911a65b268bf17c7b7d395c96cd99dc6119d3f25c66e41665a11228463c0192257d8bd5e92,gx-no-cache=1556042084782 HTTP/1.1" 200 111
200.112.233.47 - - [23/Apr/2019:14:58:31 -0300] "GET /cormun/static/Shared/jqueryui/images/ui-bg_highlight-soft_100_c6c2c8_1x100.png HTTP/1.1" 404 1117
200.112.233.47 - - [23/Apr/2019:14:58:31 -0300] "GET /cormun/static/Shared/jqueryui/images/ui-icons_82798d_256x240.png HTTP/1.1" 404 1089
200.112.233.47 - - [23/Apr/2019:14:58:31 -0300] "GET /cormun/static/Shared/jqueryui/images/ui-icons_ebccce_256x240.png HTTP/1.1" 404 1089
200.112.233.47 - - [23/Apr/2019:14:58:31 -0300] "GET /cormun/static/Shared/jqueryui/images/ui-bg_flat_55_994d53_40x100.png HTTP/1.1" 404 1097
190.171.149.90 - - [23/Apr/2019:14:58:32 -0300] "POST /cormun/servlet/solicitudot?gx-no-cache=1556042086595 HTTP/1.1" 200 30
200.112.233.47 - - [23/Apr/2019:14:58:38 -0300] "GET /cormun/servlet/solicitudot?6f070f26771d424f3b83fd911a65b26863bd4967f3f568920e2a1d53e47e53a7ddb4575ec432156956be02bfdfa4c3de,gx-no-cache=1556042092198 HTTP/1.1" 200 30
190.171.149.90 - - [23/Apr/2019:14:58:59 -0300] "GET /cormun/servlet/trcontratounov2? HTTP/1.1" 200 8704
190.171.149.90 - - [23/Apr/2019:14:59:00 -0300] "GET /cormun/servlet/trcontratounov2? HTTP/1.1" 200 8698
190.171.149.90 - - [23/Apr/2019:14:59:09 -0300] "POST /cormun/servlet/trcontratounov2?30bd79af28c5ad6d0e75676d918e44ab,,gx-no-cache=1556042122894 HTTP/1.1" 200 16005
190.171.149.90 - - [23/Apr/2019:14:59:09 -0300] "GET /cormun/static/Resources/PXToolsGridNext.gif HTTP/1.1" 304 -
190.171.149.90 - - [23/Apr/2019:14:59:09 -0300] "GET /cormun/static/Resources/PXToolsGridLast.gif HTTP/1.1" 304 -
190.171.149.90 - - [23/Apr/2019:14:59:32 -0300] "GET /cormun/servlet/trcontratounov2? HTTP/1.1" 200 17888
190.171.149.90 - - [23/Apr/2019:14:59:32 -0300] "GET /cormun/static/gxui/gxui-all.css?110300 HTTP/1.1" 200 2179
190.171.149.90 - - [23/Apr/2019:14:59:33 -0300] "GET /cormun/servlet/trcontratounov2? HTTP/1.1" 200 17899
190.171.149.90 - - [23/Apr/2019:14:59:35 -0300] "GET /cormun/servlet/trsolicitudot? HTTP/1.1" 200 7344
190.171.149.90 - - [23/Apr/2019:14:59:36 -0300] "GET /cormun/servlet/trsolicitudot? HTTP/1.1" 200 7344
190.171.149.90 - - [23/Apr/2019:14:59:39 -0300] "GET /cormun/servlet/solicitudot?INS,0,0, HTTP/1.1" 200 15265
190.171.149.90 - - [23/Apr/2019:14:59:40 -0300] "GET /cormun/servlet/solicitudot?INS,0,0, HTTP/1.1" 200 15271
190.171.149.90 - - [23/Apr/2019:14:59:51 -0300] "GET /cormun/servlet/prfichaempleado?,MD,,gxPopupLevel%3D0%3B HTTP/1.1" 200 9380
200.112.233.47 - - [23/Apr/2019:14:59:52 -0300] "GET /cormun/servlet/prbanco?,MD,,gxPopupLevel%3D0%3B HTTP/1.1" 200 6724
200.112.233.47 - - [23/Apr/2019:14:59:54 -0300] "GET /cormun/servlet/solicitudot?6f070f26771d424f3b83fd911a65b268863d073e234456cdb6cf0e13a72daf4b,gx-no-cache=1556042167541 HTTP/1.1" 200 94
200.112.233.47 - - [23/Apr/2019:14:59:56 -0300] "POST /cormun/servlet/solicitudot?aafa831ed5967b41c5358bc488df4771,INS,0,0,,gx-no-cache=1556042169312 HTTP/1.1" 200 12085
200.112.233.47 - - [23/Apr/2019:14:59:56 -0300] "GET /cormun/static/Shared/jqueryui/images/ui-bg_flat_55_fafafa_40x100.png HTTP/1.1" 404 1097
200.112.233.47 - - [23/Apr/2019:14:59:56 -0300] "GET /cormun/static/Shared/jqueryui/images/ui-icons_8d78a5_256x240.png HTTP/1.1" 404 1089
186.67.164.138 - - [23/Apr/2019:15:00:03 -0300] "POST /cormun/servlet/trautorizarsolicitud?4f11f8d4f3915895a301e3313f2c9644,,gx-no-cache=1556042178235 HTTP/1.1" 440 972
200.112.233.47 - - [23/Apr/2019:15:00:07 -0300] "GET /cormun/servlet/solicitudot?6f070f26771d424f3b83fd911a65b268863d073e234456cdb6cf0e13a72daf4b,gx-no-cache=1556042180945 HTTP/1.1" 200 94
200.112.233.47 - - [23/Apr/2019:15:00:07 -0300] "GET /cormun/servlet/solicitudot?6f070f26771d424f3b83fd911a65b268a2184aeb4f24668dfa7bff99d0ff07b9,gx-no-cache=1556042180972 HTTP/1.1" 200 58
186.67.164.138 - - [23/Apr/2019:15:00:08 -0300] "GET /cormun/servlet/trautorizarsolicitud? HTTP/1.1" 200 6312
190.171.149.90 - - [23/Apr/2019:15:00:08 -0300] "POST /cormun/servlet/prfichaempleado?30bd79af28c5ad6d0e75676d918e44ab,,MD,,gxPopupLevel%3D0%3B,gx-no-cache=1556042182132 HTTP/1.1" 200 3421
186.67.164.138 - - [23/Apr/2019:15:00:08 -0300] "GET /cormun/servlet/trautorizarsolicitud? HTTP/1.1" 200 6312
186.67.164.138 - - [23/Apr/2019:15:00:08 -0300] "GET /cormun/servlet/hlogin HTTP/1.1" 200 1741
200.112.233.47 - - [23/Apr/2019:15:00:09 -0300] "POST /cormun/servlet/solicitudot?gx-no-cache=1556042182861 HTTP/1.1" 200 255
200.112.233.47 - - [23/Apr/2019:15:00:11 -0300] "GET /cormun/servlet/solicitudot?6f070f26771d424f3b83fd911a65b268a40d18a7360067e7f359fe3dac5f7004b482a2239cca7ce9e49902b5e58d3b65303e55478c8da240ab0fba36de4995ef049ceeade12d9ca879aa81dd63540ae1ad5af62f0137ac2069a16719085f94455a12421e4f93204e02c207d23d74204cda769f78e8ed430f012bf8e6e8bc234597574b5239a1dc2adde2e13ddb53c55fa1659ac366a2813daedea793fb81281afd5ea85723413c143a639ef75c596fb61cc68a3ede049de032a4e03c1cd9727919dc875b52450f3ac0b58b7185afcada78b64f816c455aaa91279ba218b1e54feb1bd82a4121483793776a28fedb18512fd5fb243e445f367b7a334ff8406cbc91dd9b0af83de0d9a59292f81ab0ddf70cbed03d08b7b2167257e7704e7ddd682603d5f6120343b4611754221f0f9a1ddf57fb7d7cb76de1d5c4711c40837db958564a5639eed4e136bb32fc40daa6bdb59cea9854aa112d3784dadceab7b0f14dd6b9a6f4535fcf0f45a4964913cf58a1e0edf50d65ec0cdac61b92fa6c62ae,gx-no-cache=1556042185024 HTTP/1.1" 200 30
190.171.149.90 - - [23/Apr/2019:15:00:12 -0300] "POST /cormun/servlet/solicitudot?gx-no-cache=1556042185950 HTTP/1.1" 200 3582
190.171.149.90 - - [23/Apr/2019:15:00:12 -0300] "POST /cormun/servlet/solicitudot?30bd79af28c5ad6d0e75676d918e44ab,INS,0,0,,gx-no-cache=1556042186145 HTTP/1.1" 200 12048
190.171.149.90 - - [23/Apr/2019:15:00:12 -0300] "GET /cormun/servlet/solicitudot?0469c666ddebc7636d08d8ab05be367a038a1126c664e9fd2d4433f28624525c5ab3f23dd925415531739ebaf56787b2,gx-no-cache=1556042186350 HTTP/1.1" 200 30
200.112.233.47 - - [23/Apr/2019:15:00:15 -0300] "POST /cormun/servlet/solicitudot?gx-no-cache=1556042188501 HTTP/1.1" 200 30
