186.103.159.46 - - [23/Apr/2019:17:22:18 -0300] "GET /cormun/servlet/solicitudot?INS,0,0, HTTP/1.1" 200 14148
186.103.159.46 - - [23/Apr/2019:17:22:22 -0300] "GET /cormun/servlet/hlogin HTTP/1.1" 200 1751
186.103.159.46 - - [23/Apr/2019:17:22:22 -0300] "GET /cormun/servlet/solicitudot?INS,0,0, HTTP/1.1" 200 14152
186.103.159.46 - - [23/Apr/2019:17:22:30 -0300] "POST /cormun/servlet/hlogin?18c7256cd06c6762ba6863cb862f916b,gx-no-cache=1556047120953 HTTP/1.1" 200 90
190.171.152.138 - - [23/Apr/2019:17:22:30 -0300] "POST /cormun/servlet/trpermisosgoce?a27d09a49ffaee34c8b5423e263bdf97,gx-no-cache=1556050722418 HTTP/1.1" 200 7630
186.103.159.46 - - [23/Apr/2019:17:22:30 -0300] "GET /cormun/servlet/hpexe_link HTTP/1.1" 200 967
190.171.152.138 - - [23/Apr/2019:17:22:31 -0300] "GET /cormun/static/Shared/jqueryui/images/ui-icons_82798d_256x240.png HTTP/1.1" 404 1089
190.171.152.138 - - [23/Apr/2019:17:22:31 -0300] "GET /cormun/static/Shared/jqueryui/images/ui-bg_flat_55_fafafa_40x100.png HTTP/1.1" 404 1097
190.171.152.138 - - [23/Apr/2019:17:22:31 -0300] "GET /cormun/static/Shared/jqueryui/images/ui-icons_8d78a5_256x240.png HTTP/1.1" 404 1089
190.171.152.138 - - [23/Apr/2019:17:22:31 -0300] "GET /cormun/static/Shared/jqueryui/images/ui-bg_highlight-soft_100_c6c2c8_1x100.png HTTP/1.1" 404 1117
186.103.159.46 - - [23/Apr/2019:17:22:31 -0300] "GET /cormun/servlet/solicitudot?INS,0,0, HTTP/1.1" 200 14815
186.103.159.46 - - [23/Apr/2019:17:22:34 -0300] "GET /cormun/servlet/solicitudot?INS,0,0, HTTP/1.1" 200 14819
190.171.153.50 - - [23/Apr/2019:17:22:36 -0300] "POST /cormun/servlet/solicitudotadjuntos?gx-no-cache=1556050732169 HTTP/1.1" 200 26
186.103.159.46 - - [23/Apr/2019:17:22:43 -0300] "POST /cormun/servlet/solicitudot?gx-no-cache=1556047134358 HTTP/1.1" 200 3560
186.103.159.46 - - [23/Apr/2019:17:22:44 -0300] "POST /cormun/servlet/solicitudot?18c7256cd06c6762ba6863cb862f916b,INS,0,0,,gx-no-cache=1556047135190 HTTP/1.1" 200 11546
190.171.152.138 - - [23/Apr/2019:17:22:48 -0300] "GET /cormun/servlet/hlogin HTTP/1.1" 200 1740
186.103.159.46 - - [23/Apr/2019:17:22:49 -0300] "GET /cormun/servlet/solicitudot?834bcd0e6bda94a3578f6b1eec4f4b70b1f44657eb6268ea9ad7d1a11425049833b4fc9fc83ee8b8e9524a7a906392c5,gx-no-cache=1556047140553 HTTP/1.1" 200 30
186.103.159.46 - - [23/Apr/2019:17:22:49 -0300] "GET /cormun/servlet/solicitudot?834bcd0e6bda94a3578f6b1eec4f4b703d7acfcd42bc561f4f61285578d6efc5e5f618feb81631634cd9606e1f257933a54d310caf8d70bb05204ceea6b2038a,gx-no-cache=1556047140765 HTTP/1.1" 200 30
186.103.159.46 - - [23/Apr/2019:17:22:49 -0300] "GET /cormun/servlet/solicitudot?834bcd0e6bda94a3578f6b1eec4f4b706a872ad0946ba1278a92221bd2e0851d,gx-no-cache=1556047140937 HTTP/1.1" 200 123
186.103.159.46 - - [23/Apr/2019:17:22:50 -0300] "GET /cormun/static/Shared/jqueryui/images/ui-bg_highlight-soft_100_c6c2c8_1x100.png HTTP/1.1" 404 1117
186.103.159.46 - - [23/Apr/2019:17:22:50 -0300] "GET /cormun/static/Shared/jqueryui/images/ui-icons_82798d_256x240.png HTTP/1.1" 404 1089
186.103.159.46 - - [23/Apr/2019:17:22:50 -0300] "GET /cormun/static/Shared/jqueryui/images/ui-bg_flat_55_994d53_40x100.png HTTP/1.1" 404 1097
186.103.159.46 - - [23/Apr/2019:17:22:50 -0300] "GET /cormun/static/Shared/jqueryui/images/ui-icons_ebccce_256x240.png HTTP/1.1" 404 1089
40.77.167.132 - - [23/Apr/2019:17:22:54 -0300] "GET /cormun/servlet/licenciaspermisos?DSP,16056746,L,20190121000000,_escaped_fragment_%3D&_escaped_fragment_= HTTP/1.1" 200 6131
190.171.153.50 - - [23/Apr/2019:17:22:55 -0300] "POST /cormun/servlet/solicitudotadjuntos?gx-no-cache=1556050750840 HTTP/1.1" 200 26
186.103.159.46 - - [23/Apr/2019:17:22:56 -0300] "GET /cormun/servlet/solicitudot?834bcd0e6bda94a3578f6b1eec4f4b7006ca8ad70b2884f99eb01e3d2737cf36,gx-no-cache=1556047147611 HTTP/1.1" 200 29
186.103.159.46 - - [23/Apr/2019:17:22:56 -0300] "POST /cormun/servlet/solicitudot?gx-no-cache=1556047147776 HTTP/1.1" 200 255
186.103.159.46 - - [23/Apr/2019:17:22:56 -0300] "GET /cormun/servlet/solicitudot?834bcd0e6bda94a3578f6b1eec4f4b70814a020a234a7140cdc097a767cae0ac5e4219820a1c1b97698e3a48c3834b46d15423349e2e4a26416292ba04426b388ccf68d36408f684e80b7a01157be993a65702f1d72b936159adab2fe7ed974448d84d88cb32b7f836ec4bc391fd103f5f4baebfe70d3b6777b294e2d91e6d47660c03c66aba75a6504704f263879d022a4c67557713866adfb0de57da7c44b8ff9be4c8edaba51019654ca7c8bc321982be247b05fa3772c87d558f2e19405740a10c9367922553867f524e22bf77e8d4852b3f51bdd52989ab403510a7170784b40e3c0b522cb48e5442a582300e009269e6a76fce33641febb163e2118e36535e4880ec0bb9e40b3db2ff0f31b2707f366e3570c09795449f81d8d9876bb2a6c90e0210b03a76246ae014af9f4994f4d8215af2da3af27f108701eec331250cad1058573240330bbc7177f9ea794446eb6dff26d7d2732e4ec9a77bd930d3e58152eab9d0f20e1b559119b33acb7beee97eb61912aa9ca860231d4657cfb8,gx-no-cache=1556047147985 HTTP/1.1" 200 30
186.103.159.46 - - [23/Apr/2019:17:23:00 -0300] "POST /cormun/servlet/solicitudot?gx-no-cache=1556047151336 HTTP/1.1" 200 30
78.108.177.50 - - [23/Apr/2019:17:23:00 -0300] "GET / HTTP/1.0" 200 11197
186.103.159.46 - - [23/Apr/2019:17:23:03 -0300] "GET /cormun/static/Resources/resize.gif HTTP/1.1" 200 77
186.103.159.46 - - [23/Apr/2019:17:23:03 -0300] "GET /cormun/servlet/prcontratosol?7836840,,,,,MD,,gxPopupLevel%3D0%3B HTTP/1.1" 200 7613
186.103.159.46 - - [23/Apr/2019:17:23:04 -0300] "GET /cormun/static/Resources/PXToolsMenuSearch.png HTTP/1.1" 200 2914
186.103.159.46 - - [23/Apr/2019:17:23:04 -0300] "GET /cormun/static/gxcfg.js?201761413223964 HTTP/1.1" 200 953
186.103.159.46 - - [23/Apr/2019:17:23:04 -0300] "GET /cormun/static/Resources/PXToolsMenuSearchCancel.png HTTP/1.1" 200 2972
186.103.159.46 - - [23/Apr/2019:17:23:04 -0300] "GET /cormun/static/prcontratosol.js?201761413224174 HTTP/1.1" 200 15806
186.103.159.46 - - [23/Apr/2019:17:23:04 -0300] "GET /cormun/static/menusearch.js?201610171694467 HTTP/1.1" 200 1424
190.171.152.138 - - [23/Apr/2019:17:23:04 -0300] "POST /cormun/servlet/hlogin?a27d09a49ffaee34c8b5423e263bdf97,gx-no-cache=1556050756803 HTTP/1.1" 200 90
190.171.152.138 - - [23/Apr/2019:17:23:04 -0300] "GET /cormun/servlet/hpexe_link HTTP/1.1" 200 951
190.171.152.138 - - [23/Apr/2019:17:23:05 -0300] "GET /cormun/servlet/hhome HTTP/1.1" 200 4299
186.103.159.46 - - [23/Apr/2019:17:23:05 -0300] "GET /cormun/static/hmpwkw011.js?20177612121862 HTTP/1.1" 200 1968
190.171.152.138 - - [23/Apr/2019:17:23:05 -0300] "GET /cormun/servlet/hhome HTTP/1.1" 200 4295
190.171.152.138 - - [23/Apr/2019:17:23:12 -0300] "GET /cormun/servlet/trautorizarpermisogoce? HTTP/1.1" 200 7982
190.171.152.138 - - [23/Apr/2019:17:23:13 -0300] "GET /cormun/servlet/trautorizarpermisogoce? HTTP/1.1" 200 7980
186.103.159.46 - - [23/Apr/2019:17:23:13 -0300] "POST /cormun/servlet/solicitudot?gx-no-cache=1556047164765 HTTP/1.1" 200 1345
186.103.159.46 - - [23/Apr/2019:17:23:14 -0300] "POST /cormun/servlet/solicitudot?gx-no-cache=1556047165104 HTTP/1.1" 200 38
186.103.159.46 - - [23/Apr/2019:17:23:14 -0300] "GET /cormun/servlet/solicitudot?834bcd0e6bda94a3578f6b1eec4f4b707affef59d0433656e4d2cef1025939565835a64d0e08b9ea55f7f1c19349caeffced9b1ac73f917f3c8bccf703a1f79c7f9b0ea73b1aee969d8a5c280d5b5e77f582b5a061a3d728dab684890517be5379a7a94f41dfbb79410cdd7005766cae,gx-no-cache=1556047165264 HTTP/1.1" 200 110
186.103.159.46 - - [23/Apr/2019:17:23:14 -0300] "POST /cormun/servlet/solicitudot?gx-no-cache=1556047165382 HTTP/1.1" 200 97
186.103.159.46 - - [23/Apr/2019:17:23:14 -0300] "GET /cormun/servlet/solicitudot?834bcd0e6bda94a3578f6b1eec4f4b70d686b5eb0c70626676a5aa032d1014ea7ffa68d7b136e937c1c59b69b852f87e385b469326a659bec5867b40eada95237153078991eb7d413745919953fce5141e3ee7ee2f71ad8930ac5f4d67e09d27b9eaf4e30df38b4150ada37bc42df38c13418e7215322612af58a788a6717eb575c69fce9a67496cfaceb81d821ac8f7ac06c5f2aa675c05280dd4655316978d,gx-no-cache=1556047165566 HTTP/1.1" 200 29
186.103.159.46 - - [23/Apr/2019:17:23:14 -0300] "GET /cormun/servlet/solicitudot?834bcd0e6bda94a3578f6b1eec4f4b70df8bb985f98db1e614be1acf2ca7af12,gx-no-cache=1556047165689 HTTP/1.1" 200 30
186.103.159.46 - - [23/Apr/2019:17:23:18 -0300] "GET /cormun/servlet/prsolicitudot?7836840,,,,,MD,,gxPopupLevel%3D0%3B HTTP/1.1" 200 6000
186.103.159.46 - - [23/Apr/2019:17:23:19 -0300] "GET /cormun/static/gxcfg.js?2017111422591492 HTTP/1.1" 200 953
186.103.159.46 - - [23/Apr/2019:17:23:19 -0300] "GET /cormun/static/prsolicitudot.js?2017111422591715 HTTP/1.1" 200 13680
186.103.159.46 - - [23/Apr/2019:17:23:28 -0300] "POST /cormun/servlet/solicitudot?gx-no-cache=1556047180057 HTTP/1.1" 200 1345
186.103.159.46 - - [23/Apr/2019:17:23:29 -0300] "POST /cormun/servlet/solicitudot?gx-no-cache=1556047180279 HTTP/1.1" 200 38
186.103.159.46 - - [23/Apr/2019:17:23:29 -0300] "GET /cormun/servlet/solicitudot?834bcd0e6bda94a3578f6b1eec4f4b707affef59d0433656e4d2cef1025939565835a64d0e08b9ea55f7f1c19349caeffced9b1ac73f917f3c8bccf703a1f79c7f9b0ea73b1aee969d8a5c280d5b5e77f582b5a061a3d728dab684890517be5379a7a94f41dfbb79410cdd7005766cae,gx-no-cache=1556047180379 HTTP/1.1" 200 110
186.103.159.46 - - [23/Apr/2019:17:23:29 -0300] "POST /cormun/servlet/solicitudot?gx-no-cache=1556047180466 HTTP/1.1" 200 97
186.103.159.46 - - [23/Apr/2019:17:23:29 -0300] "GET /cormun/servlet/solicitudot?834bcd0e6bda94a3578f6b1eec4f4b70b23665dccacc069e57ed8523b024d2151ec96db732b29015614136a3ae8cb360,gx-no-cache=1556047180571 HTTP/1.1" 200 30
190.171.152.138 - - [23/Apr/2019:17:23:36 -0300] "POST /cormun/servlet/trautorizarpermisogoce?a27d09a49ffaee34c8b5423e263bdf97,,gx-no-cache=1556050788783 HTTP/1.1" 200 4436
190.171.152.138 - - [23/Apr/2019:17:23:37 -0300] "GET /cormun/static/Shared/jqueryui/images/ui-bg_highlight-soft_100_c6c2c8_1x100.png HTTP/1.1" 404 1117
190.171.152.138 - - [23/Apr/2019:17:23:37 -0300] "GET /cormun/static/Shared/jqueryui/images/ui-icons_8d78a5_256x240.png HTTP/1.1" 404 1089
190.171.152.138 - - [23/Apr/2019:17:23:37 -0300] "GET /cormun/static/Shared/jqueryui/images/ui-bg_flat_55_fafafa_40x100.png HTTP/1.1" 404 1097
190.171.152.138 - - [23/Apr/2019:17:23:37 -0300] "GET /cormun/static/Shared/jqueryui/images/ui-icons_82798d_256x240.png HTTP/1.1" 404 1089
190.171.153.50 - - [23/Apr/2019:17:23:40 -0300] "POST /cormun/servlet/solicitudotadjuntos?gx-no-cache=1556050795872 HTTP/1.1" 200 26
186.103.159.46 - - [23/Apr/2019:17:23:42 -0300] "GET /cormun/servlet/hlogin HTTP/1.1" 200 1721
186.103.159.46 - - [23/Apr/2019:17:23:43 -0300] "GET /cormun/servlet/hlogin HTTP/1.1" 200 1724
186.103.159.46 - - [23/Apr/2019:17:23:45 -0300] "POST /cormun/servlet/hlogin?ad7da9039f5c2614d47e185067f2a7e7,gx-no-cache=1556050798614 HTTP/1.1" 200 90
186.103.159.46 - - [23/Apr/2019:17:23:45 -0300] "GET /cormun/servlet/hpexe_link HTTP/1.1" 200 945
186.103.159.46 - - [23/Apr/2019:17:23:45 -0300] "GET /cormun/servlet/hhome HTTP/1.1" 200 4232
186.103.159.46 - - [23/Apr/2019:17:23:46 -0300] "GET /cormun/servlet/hhome HTTP/1.1" 200 4228
190.171.152.138 - - [23/Apr/2019:17:23:49 -0300] "GET /cormun/servlet/hlogin HTTP/1.1" 200 1746
186.103.159.46 - - [23/Apr/2019:17:23:53 -0300] "GET /cormun/servlet/trautorizarsolicitud? HTTP/1.1" 200 8676
186.103.159.46 - - [23/Apr/2019:17:23:53 -0300] "GET /cormun/servlet/trautorizarsolicitud? HTTP/1.1" 200 8674
190.171.153.50 - - [23/Apr/2019:17:23:58 -0300] "GET /cormun/servlet/solicitudotadjuntos?4fca7d46ac66dced6e9f5c31dbec621c53657b7a887f5e612684c88784c6013d,gx-no-cache=1556050813482 HTTP/1.1" 200 30
190.171.153.50 - - [23/Apr/2019:17:23:58 -0300] "GET /cormun/servlet/solicitudotadjuntos?4fca7d46ac66dced6e9f5c31dbec621c53657b7a887f5e612684c88784c6013d,gx-no-cache=1556050813563 HTTP/1.1" 200 30
190.171.153.50 - - [23/Apr/2019:17:23:58 -0300] "POST /cormun/servlet/solicitudotadjuntos?b3c49c73af1c077053d39c6ca5876418,INS,2019,15437,,1, HTTP/1.1" 200 6577
190.171.153.50 - - [23/Apr/2019:17:23:59 -0300] "GET /cormun/static/Shared/jqueryui/images/ui-bg_highlight-soft_100_c6c2c8_1x100.png HTTP/1.1" 404 1117
190.171.153.50 - - [23/Apr/2019:17:23:59 -0300] "GET /cormun/static/Shared/jqueryui/images/ui-icons_82798d_256x240.png HTTP/1.1" 404 1089
190.171.153.50 - - [23/Apr/2019:17:23:59 -0300] "GET /cormun/static/Shared/jqueryui/images/ui-icons_ebccce_256x240.png HTTP/1.1" 404 1089
190.171.153.50 - - [23/Apr/2019:17:23:59 -0300] "GET /cormun/static/Shared/jqueryui/images/ui-bg_flat_55_994d53_40x100.png HTTP/1.1" 404 1097
190.171.153.50 - - [23/Apr/2019:17:23:59 -0300] "GET /home/sistema/apache-tomcat-7.0.65/webapps/cormun/PrivateTempStorage/upload_00027928.pdf HTTP/1.1" 404 1135
190.171.153.50 - - [23/Apr/2019:17:23:59 -0300] "GET /cormun/PrivateTempStorage/upload_00027928.pdf HTTP/1.1" 200 16384
190.171.153.50 - - [23/Apr/2019:17:23:59 -0300] "GET /cormun/PrivateTempStorage/upload_00027928.pdf HTTP/1.1" 200 227125
190.171.153.50 - - [23/Apr/2019:17:24:09 -0300] "GET /cormun/servlet/solicitudotadjuntos?4fca7d46ac66dced6e9f5c31dbec621c71d7f735075c29c14b4b60ece2c78093dd084a3223eb1f6cdc1dbdc39abf00f9,gx-no-cache=1556050825042 HTTP/1.1" 200 30
190.171.153.50 - - [23/Apr/2019:17:24:10 -0300] "POST /cormun/servlet/solicitudotadjuntos?b3c49c73af1c077053d39c6ca5876418,INS,2019,15437,,1, HTTP/1.1" 200 6576
190.171.153.50 - - [23/Apr/2019:17:24:10 -0300] "GET /home/sistema/apache-tomcat-7.0.65/webapps/cormun/PrivateTempStorage/upload_00027940.pdf HTTP/1.1" 404 1135
190.171.153.50 - - [23/Apr/2019:17:24:11 -0300] "GET /cormun/PrivateTempStorage/upload_00027940.pdf HTTP/1.1" 200 16384
190.171.153.50 - - [23/Apr/2019:17:24:11 -0300] "GET /cormun/PrivateTempStorage/upload_00027940.pdf HTTP/1.1" 200 227125
190.171.153.50 - - [23/Apr/2019:17:24:39 -0300] "POST /cormun/servlet/solicitudotadjuntos?b3c49c73af1c077053d39c6ca5876418,INS,2019,15437,,1, HTTP/1.1" 200 114
190.171.153.50 - - [23/Apr/2019:17:24:39 -0300] "GET /cormun/servlet/hpexe_link HTTP/1.1" 200 982
190.171.153.50 - - [23/Apr/2019:17:24:40 -0300] "GET /cormun/servlet/trsolicitudadjuntos?2019,15437, HTTP/1.1" 200 9523
190.171.153.50 - - [23/Apr/2019:17:24:40 -0300] "GET /cormun/servlet/trsolicitudadjuntos?2019,15437, HTTP/1.1" 200 9525
190.171.153.50 - - [23/Apr/2019:17:24:49 -0300] "GET /cormun/servlet/solicitudotadjuntos?INS,2019,15437,,1, HTTP/1.1" 200 6400
190.171.153.50 - - [23/Apr/2019:17:24:49 -0300] "GET /cormun/static/about:blank HTTP/1.1" 404 1011
190.171.153.50 - - [23/Apr/2019:17:24:49 -0300] "GET /cormun/servlet/solicitudotadjuntos?INS,2019,15437,,1, HTTP/1.1" 200 6394
190.171.153.50 - - [23/Apr/2019:17:24:49 -0300] "GET /cormun/servlet/solicitudotadjuntos?4fca7d46ac66dced6e9f5c31dbec621c20cff396b37562c6e700866e367997f3c3ff4c4736b285ae01da761f1e89bc77,gx-no-cache=1556050865263 HTTP/1.1" 200 30
190.171.153.50 - - [23/Apr/2019:17:24:50 -0300] "POST /cormun/servlet/solicitudotadjuntos?b3c49c73af1c077053d39c6ca5876418,INS,2019,15437,,1,,gx-no-cache=1556050865368 HTTP/1.1" 200 4074
190.171.153.50 - - [23/Apr/2019:17:24:52 -0300] "POST /cormun/servlet/solicitudotadjuntos?gx-no-cache=1556050868225 HTTP/1.1" 200 26
192.168.10.89 - - [23/Apr/2019:17:24:58 -0300] "GET /cormun/servlet/trsolicitudgral? HTTP/1.1" 500 10
190.171.153.50 - - [23/Apr/2019:17:25:07 -0300] "GET /cormun/servlet/solicitudotadjuntos?4fca7d46ac66dced6e9f5c31dbec621c53657b7a887f5e612684c88784c6013d,gx-no-cache=1556050882738 HTTP/1.1" 200 30
190.171.153.50 - - [23/Apr/2019:17:25:07 -0300] "GET /cormun/servlet/solicitudotadjuntos?4fca7d46ac66dced6e9f5c31dbec621c53657b7a887f5e612684c88784c6013d,gx-no-cache=1556050882855 HTTP/1.1" 200 30
190.171.153.50 - - [23/Apr/2019:17:25:08 -0300] "POST /cormun/servlet/solicitudotadjuntos?b3c49c73af1c077053d39c6ca5876418,INS,2019,15437,,1, HTTP/1.1" 200 116
190.171.153.50 - - [23/Apr/2019:17:25:08 -0300] "GET /cormun/servlet/hpexe_return? HTTP/1.1" 200 1027
190.171.153.50 - - [23/Apr/2019:17:25:08 -0300] "GET /cormun/servlet/trsolicitudadjuntos?2019,15437, HTTP/1.1" 200 9710
190.171.153.50 - - [23/Apr/2019:17:25:09 -0300] "GET /cormun/servlet/trsolicitudadjuntos?2019,15437, HTTP/1.1" 200 9709
190.171.153.50 - - [23/Apr/2019:17:25:23 -0300] "GET /cormun/servlet/solicitudotadjuntos?INS,2019,15437,,1, HTTP/1.1" 200 6400
190.171.153.50 - - [23/Apr/2019:17:25:23 -0300] "GET /cormun/static/about:blank HTTP/1.1" 404 1011
190.171.153.50 - - [23/Apr/2019:17:25:23 -0300] "GET /cormun/servlet/solicitudotadjuntos?INS,2019,15437,,1, HTTP/1.1" 200 6394
190.171.153.50 - - [23/Apr/2019:17:25:24 -0300] "GET /cormun/servlet/solicitudotadjuntos?4fca7d46ac66dced6e9f5c31dbec621c20cff396b37562c6e700866e367997f3c3ff4c4736b285ae01da761f1e89bc77,gx-no-cache=1556050899312 HTTP/1.1" 200 30
190.171.153.50 - - [23/Apr/2019:17:25:24 -0300] "POST /cormun/servlet/solicitudotadjuntos?b3c49c73af1c077053d39c6ca5876418,INS,2019,15437,,1,,gx-no-cache=1556050899538 HTTP/1.1" 200 4074
190.171.153.50 - - [23/Apr/2019:17:25:27 -0300] "POST /cormun/servlet/solicitudotadjuntos?gx-no-cache=1556050902809 HTTP/1.1" 200 26
190.171.153.50 - - [23/Apr/2019:17:25:39 -0300] "POST /cormun/servlet/solicitudotadjuntos?gx-no-cache=1556050914996 HTTP/1.1" 200 26
190.171.153.50 - - [23/Apr/2019:17:25:56 -0300] "GET /cormun/servlet/solicitudotadjuntos?4fca7d46ac66dced6e9f5c31dbec621c53657b7a887f5e612684c88784c6013d,gx-no-cache=1556050931718 HTTP/1.1" 200 30
190.171.153.50 - - [23/Apr/2019:17:25:56 -0300] "GET /cormun/servlet/solicitudotadjuntos?4fca7d46ac66dced6e9f5c31dbec621c53657b7a887f5e612684c88784c6013d,gx-no-cache=1556050931758 HTTP/1.1" 200 30
190.171.153.50 - - [23/Apr/2019:17:25:56 -0300] "POST /cormun/servlet/solicitudotadjuntos?b3c49c73af1c077053d39c6ca5876418,INS,2019,15437,,1, HTTP/1.1" 200 6572
190.171.153.50 - - [23/Apr/2019:17:25:57 -0300] "GET /home/sistema/apache-tomcat-7.0.65/webapps/cormun/PrivateTempStorage/upload_00027976.pdf HTTP/1.1" 404 1135
190.171.153.50 - - [23/Apr/2019:17:25:57 -0300] "GET /cormun/PrivateTempStorage/upload_00027976.pdf HTTP/1.1" 200 188520
190.171.153.50 - - [23/Apr/2019:17:26:00 -0300] "POST /cormun/servlet/solicitudotadjuntos?b3c49c73af1c077053d39c6ca5876418,INS,2019,15437,,1, HTTP/1.1" 200 116
190.171.153.50 - - [23/Apr/2019:17:26:00 -0300] "GET /cormun/servlet/hpexe_return? HTTP/1.1" 200 1027
190.171.153.50 - - [23/Apr/2019:17:26:01 -0300] "GET /cormun/servlet/trsolicitudadjuntos?2019,15437, HTTP/1.1" 200 9712
190.171.153.50 - - [23/Apr/2019:17:26:02 -0300] "GET /cormun/servlet/trsolicitudadjuntos?2019,15437, HTTP/1.1" 200 9708
186.103.159.46 - - [23/Apr/2019:17:26:05 -0300] "POST /cormun/servlet/solicitudot?gx-no-cache=1556047336145 HTTP/1.1" 200 33
186.103.159.46 - - [23/Apr/2019:17:26:05 -0300] "POST /cormun/servlet/solicitudot?18c7256cd06c6762ba6863cb862f916b,INS,0,0,,gx-no-cache=1556047336502 HTTP/1.1" 200 11851
190.171.153.50 - - [23/Apr/2019:17:26:06 -0300] "GET /cormun/servlet/solicitudotadjuntos?INS,2019,15437,,1, HTTP/1.1" 200 6399
190.171.153.50 - - [23/Apr/2019:17:26:06 -0300] "GET /cormun/static/about:blank HTTP/1.1" 404 1011
190.171.153.50 - - [23/Apr/2019:17:26:07 -0300] "GET /cormun/servlet/solicitudotadjuntos?INS,2019,15437,,1, HTTP/1.1" 200 6393
190.171.153.50 - - [23/Apr/2019:17:26:07 -0300] "GET /cormun/servlet/solicitudotadjuntos?4fca7d46ac66dced6e9f5c31dbec621c20cff396b37562c6e700866e367997f3c3ff4c4736b285ae01da761f1e89bc77,gx-no-cache=1556050942734 HTTP/1.1" 200 30
190.171.153.50 - - [23/Apr/2019:17:26:07 -0300] "POST /cormun/servlet/solicitudotadjuntos?b3c49c73af1c077053d39c6ca5876418,INS,2019,15437,,1,,gx-no-cache=1556050942942 HTTP/1.1" 200 4072
190.171.153.50 - - [23/Apr/2019:17:26:10 -0300] "POST /cormun/servlet/solicitudotadjuntos?gx-no-cache=1556050945420 HTTP/1.1" 200 26
190.171.153.50 - - [23/Apr/2019:17:26:17 -0300] "GET /cormun/servlet/solicitudotadjuntos?4fca7d46ac66dced6e9f5c31dbec621c53657b7a887f5e612684c88784c6013d,gx-no-cache=1556050953022 HTTP/1.1" 200 30
190.171.153.50 - - [23/Apr/2019:17:26:17 -0300] "GET /cormun/servlet/solicitudotadjuntos?4fca7d46ac66dced6e9f5c31dbec621c53657b7a887f5e612684c88784c6013d,gx-no-cache=1556050953119 HTTP/1.1" 200 30
190.171.153.50 - - [23/Apr/2019:17:26:18 -0300] "POST /cormun/servlet/solicitudotadjuntos?b3c49c73af1c077053d39c6ca5876418,INS,2019,15437,,1, HTTP/1.1" 200 6573
190.171.153.50 - - [23/Apr/2019:17:26:18 -0300] "GET /home/sistema/apache-tomcat-7.0.65/webapps/cormun/PrivateTempStorage/upload_00028000.pdf HTTP/1.1" 404 1135
190.171.153.50 - - [23/Apr/2019:17:26:19 -0300] "GET /cormun/PrivateTempStorage/upload_00028000.pdf HTTP/1.1" 200 227125
190.171.153.50 - - [23/Apr/2019:17:26:26 -0300] "POST /cormun/servlet/solicitudotadjuntos?b3c49c73af1c077053d39c6ca5876418,INS,2019,15437,,1, HTTP/1.1" 200 116
190.171.153.50 - - [23/Apr/2019:17:26:26 -0300] "GET /cormun/servlet/hpexe_return? HTTP/1.1" 200 1027
190.171.153.50 - - [23/Apr/2019:17:26:26 -0300] "GET /cormun/servlet/trsolicitudadjuntos?2019,15437, HTTP/1.1" 200 9710
190.171.153.50 - - [23/Apr/2019:17:26:27 -0300] "GET /cormun/servlet/trsolicitudadjuntos?2019,15437, HTTP/1.1" 200 9709
186.103.159.46 - - [23/Apr/2019:17:26:30 -0300] "POST /cormun/servlet/solicitudot?18c7256cd06c6762ba6863cb862f916b,INS,0,0,,gx-no-cache=1556047361424 HTTP/1.1" 200 93
186.103.159.46 - - [23/Apr/2019:17:26:31 -0300] "GET /cormun/servlet/hpexe_return? HTTP/1.1" 200 1013
186.103.159.46 - - [23/Apr/2019:17:26:32 -0300] "GET /cormun/servlet/hhome HTTP/1.1" 200 4069
186.103.159.46 - - [23/Apr/2019:17:26:34 -0300] "GET /cormun/servlet/hhome HTTP/1.1" 200 4063
190.171.153.50 - - [23/Apr/2019:17:26:34 -0300] "GET /cormun/servlet/solicitudotadjuntos?INS,2019,15437,,1, HTTP/1.1" 200 6399
190.171.153.50 - - [23/Apr/2019:17:26:34 -0300] "GET /cormun/static/about:blank HTTP/1.1" 404 1011
190.171.153.50 - - [23/Apr/2019:17:26:34 -0300] "GET /cormun/servlet/solicitudotadjuntos?INS,2019,15437,,1, HTTP/1.1" 200 6393
190.171.153.50 - - [23/Apr/2019:17:26:35 -0300] "GET /cormun/servlet/solicitudotadjuntos?4fca7d46ac66dced6e9f5c31dbec621c20cff396b37562c6e700866e367997f3c3ff4c4736b285ae01da761f1e89bc77,gx-no-cache=1556050970545 HTTP/1.1" 200 30
190.171.153.50 - - [23/Apr/2019:17:26:35 -0300] "POST /cormun/servlet/solicitudotadjuntos?b3c49c73af1c077053d39c6ca5876418,INS,2019,15437,,1,,gx-no-cache=1556050970714 HTTP/1.1" 200 4072
186.103.159.46 - - [23/Apr/2019:17:26:42 -0300] "GET /cormun/servlet/trsolicitudot? HTTP/1.1" 200 8655
186.103.159.46 - - [23/Apr/2019:17:26:44 -0300] "GET /cormun/servlet/trsolicitudot? HTTP/1.1" 200 8653
190.171.153.50 - - [23/Apr/2019:17:26:51 -0300] "POST /cormun/servlet/solicitudotadjuntos?gx-no-cache=1556050987238 HTTP/1.1" 200 26
190.171.153.50 - - [23/Apr/2019:17:26:59 -0300] "GET /cormun/servlet/solicitudotadjuntos?4fca7d46ac66dced6e9f5c31dbec621c53657b7a887f5e612684c88784c6013d,gx-no-cache=1556050994659 HTTP/1.1" 200 30
190.171.153.50 - - [23/Apr/2019:17:26:59 -0300] "GET /cormun/servlet/solicitudotadjuntos?4fca7d46ac66dced6e9f5c31dbec621c53657b7a887f5e612684c88784c6013d,gx-no-cache=1556050994763 HTTP/1.1" 200 30
190.171.153.50 - - [23/Apr/2019:17:27:01 -0300] "POST /cormun/servlet/solicitudotadjuntos?b3c49c73af1c077053d39c6ca5876418,INS,2019,15437,,1, HTTP/1.1" 200 6611
190.171.153.50 - - [23/Apr/2019:17:27:02 -0300] "GET /home/sistema/apache-tomcat-7.0.65/webapps/cormun/PrivateTempStorage/upload_00028024.pdf HTTP/1.1" 404 1135
190.171.153.50 - - [23/Apr/2019:17:27:02 -0300] "GET /cormun/PrivateTempStorage/upload_00028024.pdf HTTP/1.1" 200 110208
190.171.153.50 - - [23/Apr/2019:17:27:06 -0300] "POST /cormun/servlet/solicitudotadjuntos?b3c49c73af1c077053d39c6ca5876418,INS,2019,15437,,1, HTTP/1.1" 200 116
190.171.153.50 - - [23/Apr/2019:17:27:06 -0300] "GET /cormun/servlet/hpexe_return? HTTP/1.1" 200 1027
190.171.153.50 - - [23/Apr/2019:17:27:07 -0300] "GET /cormun/servlet/trsolicitudadjuntos?2019,15437, HTTP/1.1" 200 9711
186.103.159.46 - - [23/Apr/2019:17:27:07 -0300] "POST /cormun/servlet/trsolicitudot?18c7256cd06c6762ba6863cb862f916b,,gx-no-cache=1556047397842 HTTP/1.1" 200 4501
190.171.153.50 - - [23/Apr/2019:17:27:07 -0300] "GET /cormun/servlet/trsolicitudadjuntos?2019,15437, HTTP/1.1" 200 9707
186.103.159.46 - - [23/Apr/2019:17:27:08 -0300] "POST /cormun/servlet/trsolicitudot?18c7256cd06c6762ba6863cb862f916b,,gx-no-cache=1556047399196 HTTP/1.1" 200 4317
186.103.159.46 - - [23/Apr/2019:17:27:18 -0300] "GET /cormun/static/menuarrow.gif HTTP/1.1" 404 1015
190.171.153.50 - - [23/Apr/2019:17:27:22 -0300] "GET /cormun/servlet/solicitudotadjuntos?INS,2019,15437,,2, HTTP/1.1" 200 6400
190.171.153.50 - - [23/Apr/2019:17:27:22 -0300] "GET /cormun/static/about:blank HTTP/1.1" 404 1011
190.171.153.50 - - [23/Apr/2019:17:27:22 -0300] "GET /cormun/servlet/solicitudotadjuntos?INS,2019,15437,,2, HTTP/1.1" 200 6394
190.171.153.50 - - [23/Apr/2019:17:27:23 -0300] "GET /cormun/servlet/solicitudotadjuntos?4fca7d46ac66dced6e9f5c31dbec621c20cff396b37562c6e700866e367997f3c3ff4c4736b285ae01da761f1e89bc77,gx-no-cache=1556051018314 HTTP/1.1" 200 30
190.171.153.50 - - [23/Apr/2019:17:27:23 -0300] "POST /cormun/servlet/solicitudotadjuntos?b3c49c73af1c077053d39c6ca5876418,INS,2019,15437,,2,,gx-no-cache=1556051018395 HTTP/1.1" 200 4286
186.103.159.46 - - [23/Apr/2019:17:27:24 -0300] "POST /cormun/servlet/trsolicitudot?18c7256cd06c6762ba6863cb862f916b,,gx-no-cache=1556047415287 HTTP/1.1" 200 9904
186.103.159.46 - - [23/Apr/2019:17:27:31 -0300] "POST /cormun/servlet/trsolicitudot?18c7256cd06c6762ba6863cb862f916b,,gx-no-cache=1556047422267 HTTP/1.1" 200 9880
190.171.153.50 - - [23/Apr/2019:17:27:34 -0300] "POST /cormun/servlet/solicitudotadjuntos?b3c49c73af1c077053d39c6ca5876418,INS,2019,15437,,2,,gx-no-cache=1556051029837 HTTP/1.1" 200 90
190.171.153.50 - - [23/Apr/2019:17:27:34 -0300] "GET /cormun/servlet/hpexe_link HTTP/1.1" 200 982
190.171.153.50 - - [23/Apr/2019:17:27:35 -0300] "GET /cormun/servlet/trsolicitudadjuntos?2019,15437, HTTP/1.1" 200 9707
190.171.153.50 - - [23/Apr/2019:17:27:35 -0300] "GET /cormun/servlet/trsolicitudadjuntos?2019,15437, HTTP/1.1" 200 9710
186.103.159.46 - - [23/Apr/2019:17:27:40 -0300] "POST /cormun/servlet/trsolicitudot?18c7256cd06c6762ba6863cb862f916b,,gx-no-cache=1556047430995 HTTP/1.1" 200 9879
186.103.159.46 - - [23/Apr/2019:17:27:47 -0300] "GET /cormun/servlet/treventos?2019,15133, HTTP/1.1" 200 8640
186.103.159.46 - - [23/Apr/2019:17:27:47 -0300] "GET /cormun/static/gxcfg.js?2016101716195975 HTTP/1.1" 200 953
186.103.159.46 - - [23/Apr/2019:17:27:48 -0300] "GET /cormun/static/treventos.js?201610171620222 HTTP/1.1" 200 16064
190.171.153.50 - - [23/Apr/2019:17:27:48 -0300] "GET /cormun/servlet/solicitudotadjuntos?INS,2019,15437,,2, HTTP/1.1" 200 6399
190.171.153.50 - - [23/Apr/2019:17:27:48 -0300] "GET /cormun/static/about:blank HTTP/1.1" 404 1011
190.171.153.50 - - [23/Apr/2019:17:27:48 -0300] "GET /cormun/servlet/solicitudotadjuntos?INS,2019,15437,,2, HTTP/1.1" 200 6393
190.171.153.50 - - [23/Apr/2019:17:27:49 -0300] "GET /cormun/servlet/solicitudotadjuntos?4fca7d46ac66dced6e9f5c31dbec621c20cff396b37562c6e700866e367997f3c3ff4c4736b285ae01da761f1e89bc77,gx-no-cache=1556051044639 HTTP/1.1" 200 30
190.171.153.50 - - [23/Apr/2019:17:27:49 -0300] "POST /cormun/servlet/solicitudotadjuntos?b3c49c73af1c077053d39c6ca5876418,INS,2019,15437,,2,,gx-no-cache=1556051044711 HTTP/1.1" 200 4286
186.103.159.46 - - [23/Apr/2019:17:27:49 -0300] "GET /cormun/servlet/treventos?2019,15133, HTTP/1.1" 200 8646
190.171.153.50 - - [23/Apr/2019:17:27:52 -0300] "POST /cormun/servlet/solicitudotadjuntos?b3c49c73af1c077053d39c6ca5876418,INS,2019,15437,,2,,gx-no-cache=1556051047308 HTTP/1.1" 200 90
190.171.153.50 - - [23/Apr/2019:17:27:52 -0300] "GET /cormun/servlet/hpexe_link HTTP/1.1" 200 982
190.171.153.50 - - [23/Apr/2019:17:27:52 -0300] "GET /cormun/servlet/trsolicitudadjuntos?2019,15437, HTTP/1.1" 200 9708
190.171.153.50 - - [23/Apr/2019:17:27:53 -0300] "GET /cormun/servlet/trsolicitudadjuntos?2019,15437, HTTP/1.1" 200 9707
186.103.159.46 - - [23/Apr/2019:17:28:01 -0300] "GET /cormun/servlet/trsolicitudot? HTTP/1.1" 200 12974
186.103.159.46 - - [23/Apr/2019:17:28:04 -0300] "GET /cormun/servlet/trsolicitudot? HTTP/1.1" 200 12970
190.171.153.50 - - [23/Apr/2019:17:28:06 -0300] "GET /cormun/servlet/solicitudotadjuntos?INS,2019,15437,,1, HTTP/1.1" 200 6400
190.171.153.50 - - [23/Apr/2019:17:28:06 -0300] "GET /cormun/static/about:blank HTTP/1.1" 404 1011
190.171.153.50 - - [23/Apr/2019:17:28:06 -0300] "GET /cormun/servlet/solicitudotadjuntos?INS,2019,15437,,1, HTTP/1.1" 200 6393
190.171.153.50 - - [23/Apr/2019:17:28:07 -0300] "GET /cormun/servlet/solicitudotadjuntos?4fca7d46ac66dced6e9f5c31dbec621c20cff396b37562c6e700866e367997f3c3ff4c4736b285ae01da761f1e89bc77,gx-no-cache=1556051062421 HTTP/1.1" 200 30
190.171.153.50 - - [23/Apr/2019:17:28:07 -0300] "POST /cormun/servlet/solicitudotadjuntos?b3c49c73af1c077053d39c6ca5876418,INS,2019,15437,,1,,gx-no-cache=1556051062557 HTTP/1.1" 200 4073
190.171.153.50 - - [23/Apr/2019:17:28:12 -0300] "POST /cormun/servlet/solicitudotadjuntos?gx-no-cache=1556051067304 HTTP/1.1" 200 26
186.67.172.234 - - [23/Apr/2019:17:28:20 -0300] "GET /cormun/servlet/trlicencias HTTP/1.1" 200 8421
186.67.172.234 - - [23/Apr/2019:17:28:21 -0300] "GET /cormun/servlet/hlogin HTTP/1.1" 200 1741
186.67.172.234 - - [23/Apr/2019:17:28:21 -0300] "GET /cormun/servlet/trlicencias HTTP/1.1" 200 8431
190.171.153.50 - - [23/Apr/2019:17:28:21 -0300] "GET /cormun/servlet/solicitudotadjuntos?4fca7d46ac66dced6e9f5c31dbec621c53657b7a887f5e612684c88784c6013d,gx-no-cache=1556051076746 HTTP/1.1" 200 30
190.171.153.50 - - [23/Apr/2019:17:28:21 -0300] "GET /cormun/servlet/solicitudotadjuntos?4fca7d46ac66dced6e9f5c31dbec621c53657b7a887f5e612684c88784c6013d,gx-no-cache=1556051076839 HTTP/1.1" 200 30
190.171.153.50 - - [23/Apr/2019:17:28:22 -0300] "POST /cormun/servlet/solicitudotadjuntos?b3c49c73af1c077053d39c6ca5876418,INS,2019,15437,,1, HTTP/1.1" 200 116
190.171.153.50 - - [23/Apr/2019:17:28:22 -0300] "GET /cormun/servlet/hpexe_return? HTTP/1.1" 200 1027
190.171.153.50 - - [23/Apr/2019:17:28:23 -0300] "GET /cormun/servlet/trsolicitudadjuntos?2019,15437, HTTP/1.1" 200 9966
190.171.153.50 - - [23/Apr/2019:17:28:23 -0300] "GET /cormun/servlet/trsolicitudadjuntos?2019,15437, HTTP/1.1" 200 9964
190.171.153.50 - - [23/Apr/2019:17:28:27 -0300] "GET /cormun/servlet/solicitudotadjuntos?INS,2019,15437,,1, HTTP/1.1" 200 6400
190.171.153.50 - - [23/Apr/2019:17:28:28 -0300] "GET /cormun/static/about:blank HTTP/1.1" 404 1011
190.171.153.50 - - [23/Apr/2019:17:28:28 -0300] "GET /cormun/servlet/solicitudotadjuntos?INS,2019,15437,,1, HTTP/1.1" 200 6393
190.171.153.50 - - [23/Apr/2019:17:28:28 -0300] "GET /cormun/servlet/solicitudotadjuntos?4fca7d46ac66dced6e9f5c31dbec621c20cff396b37562c6e700866e367997f3c3ff4c4736b285ae01da761f1e89bc77,gx-no-cache=1556051083960 HTTP/1.1" 200 30
190.171.153.50 - - [23/Apr/2019:17:28:29 -0300] "POST /cormun/servlet/solicitudotadjuntos?b3c49c73af1c077053d39c6ca5876418,INS,2019,15437,,1,,gx-no-cache=1556051084093 HTTP/1.1" 200 4073
186.103.159.46 - - [23/Apr/2019:17:28:30 -0300] "GET /cormun/servlet/trsolicitudot? HTTP/1.1" 200 12970
186.67.172.234 - - [23/Apr/2019:17:28:31 -0300] "POST /cormun/servlet/hlogin?e1c753b56f9a1ceb2a0d37568bf4cbf9,gx-no-cache=1556047484285 HTTP/1.1" 200 90
186.67.172.234 - - [23/Apr/2019:17:28:31 -0300] "GET /cormun/servlet/hpexe_link HTTP/1.1" 200 959
186.67.172.234 - - [23/Apr/2019:17:28:31 -0300] "GET /cormun/servlet/trlicencias HTTP/1.1" 200 13771
186.67.172.234 - - [23/Apr/2019:17:28:32 -0300] "GET /cormun/servlet/trlicencias HTTP/1.1" 200 13767
186.103.159.46 - - [23/Apr/2019:17:28:34 -0300] "GET /cormun/servlet/trsolicitudot? HTTP/1.1" 200 12970
190.171.153.50 - - [23/Apr/2019:17:28:35 -0300] "POST /cormun/servlet/solicitudotadjuntos?gx-no-cache=1556051090968 HTTP/1.1" 200 26
186.67.172.234 - - [23/Apr/2019:17:28:37 -0300] "POST /cormun/servlet/trlicencias?e1c753b56f9a1ceb2a0d37568bf4cbf9,gx-no-cache=1556047489121 HTTP/1.1" 200 11293
186.103.159.46 - - [23/Apr/2019:17:28:41 -0300] "GET /cormun/servlet/solicitudot?INS,0,0, HTTP/1.1" 200 14984
186.103.159.46 - - [23/Apr/2019:17:28:43 -0300] "GET /cormun/servlet/solicitudot?INS,0,0, HTTP/1.1" 200 14988
190.171.153.50 - - [23/Apr/2019:17:28:44 -0300] "GET /cormun/servlet/solicitudotadjuntos?4fca7d46ac66dced6e9f5c31dbec621c53657b7a887f5e612684c88784c6013d,gx-no-cache=1556051099938 HTTP/1.1" 200 30
190.171.153.50 - - [23/Apr/2019:17:28:44 -0300] "GET /cormun/servlet/solicitudotadjuntos?4fca7d46ac66dced6e9f5c31dbec621c53657b7a887f5e612684c88784c6013d,gx-no-cache=1556051100090 HTTP/1.1" 200 30
190.171.153.50 - - [23/Apr/2019:17:28:45 -0300] "POST /cormun/servlet/solicitudotadjuntos?b3c49c73af1c077053d39c6ca5876418,INS,2019,15437,,1, HTTP/1.1" 200 116
190.171.153.50 - - [23/Apr/2019:17:28:45 -0300] "GET /cormun/servlet/hpexe_return? HTTP/1.1" 200 1027
190.171.153.50 - - [23/Apr/2019:17:28:46 -0300] "GET /cormun/servlet/trsolicitudadjuntos?2019,15437, HTTP/1.1" 200 10197
190.171.153.50 - - [23/Apr/2019:17:28:47 -0300] "GET /cormun/servlet/trsolicitudadjuntos?2019,15437, HTTP/1.1" 200 10192
186.103.159.46 - - [23/Apr/2019:17:28:52 -0300] "POST /cormun/servlet/solicitudot?gx-no-cache=1556047501346 HTTP/1.1" 200 3560
190.171.153.50 - - [23/Apr/2019:17:28:54 -0300] "POST /cormun/servlet/trsolicitudadjuntos?b3c49c73af1c077053d39c6ca5876418,2019,15437,,gx-no-cache=1556051109116 HTTP/1.1" 200 90
190.171.153.50 - - [23/Apr/2019:17:28:54 -0300] "GET /cormun/servlet/hpexe_link HTTP/1.1" 200 991
186.103.159.46 - - [23/Apr/2019:17:28:54 -0300] "POST /cormun/servlet/solicitudot?18c7256cd06c6762ba6863cb862f916b,INS,0,0,,gx-no-cache=1556047503798 HTTP/1.1" 200 11814
190.171.153.50 - - [23/Apr/2019:17:28:54 -0300] "GET /cormun/servlet/trsolicitudot?gx-no-cache=1556050532947 HTTP/1.1" 200 9873
190.171.153.50 - - [23/Apr/2019:17:28:55 -0300] "GET /cormun/servlet/trsolicitudot?gx-no-cache=1556050532947 HTTP/1.1" 200 9893
186.103.159.46 - - [23/Apr/2019:17:29:00 -0300] "GET /cormun/servlet/solicitudot?834bcd0e6bda94a3578f6b1eec4f4b70b1f44657eb6268ea9ad7d1a11425049833b4fc9fc83ee8b8e9524a7a906392c5,gx-no-cache=1556047511748 HTTP/1.1" 200 30
186.103.159.46 - - [23/Apr/2019:17:29:00 -0300] "GET /cormun/servlet/solicitudot?834bcd0e6bda94a3578f6b1eec4f4b703d7acfcd42bc561f4f61285578d6efc5e5f618feb81631634cd9606e1f257933a54d310caf8d70bb05204ceea6b2038a,gx-no-cache=1556047511945 HTTP/1.1" 200 30
186.103.159.46 - - [23/Apr/2019:17:29:01 -0300] "GET /cormun/servlet/solicitudot?834bcd0e6bda94a3578f6b1eec4f4b706a872ad0946ba1278a92221bd2e0851d,gx-no-cache=1556047512128 HTTP/1.1" 200 123
186.103.159.46 - - [23/Apr/2019:17:29:01 -0300] "GET /cormun/static/Shared/jqueryui/images/ui-bg_highlight-soft_100_c6c2c8_1x100.png HTTP/1.1" 404 1117
186.103.159.46 - - [23/Apr/2019:17:29:01 -0300] "GET /cormun/static/Shared/jqueryui/images/ui-icons_82798d_256x240.png HTTP/1.1" 404 1089
186.103.159.46 - - [23/Apr/2019:17:29:01 -0300] "GET /cormun/static/Shared/jqueryui/images/ui-icons_ebccce_256x240.png HTTP/1.1" 404 1089
186.103.159.46 - - [23/Apr/2019:17:29:01 -0300] "GET /cormun/static/Shared/jqueryui/images/ui-bg_flat_55_994d53_40x100.png HTTP/1.1" 404 1097
186.103.159.46 - - [23/Apr/2019:17:29:07 -0300] "GET /cormun/servlet/solicitudot?834bcd0e6bda94a3578f6b1eec4f4b7006ca8ad70b2884f99eb01e3d2737cf36,gx-no-cache=1556047518153 HTTP/1.1" 200 29
186.103.159.46 - - [23/Apr/2019:17:29:07 -0300] "POST /cormun/servlet/solicitudot?gx-no-cache=1556047518340 HTTP/1.1" 200 255
186.103.159.46 - - [23/Apr/2019:17:29:08 -0300] "GET /cormun/servlet/solicitudot?834bcd0e6bda94a3578f6b1eec4f4b70814a020a234a7140cdc097a767cae0ac5e4219820a1c1b97698e3a48c3834b46d15423349e2e4a26416292ba04426b388ccf68d36408f684e80b7a01157be993a65702f1d72b936159adab2fe7ed974448d84d88cb32b7f836ec4bc391fd103f5f4baebfe70d3b6777b294e2d91e6d47660c03c66aba75a6504704f263879d022a4c67557713866adfb0de57da7c44b8ff9be4c8edaba51019654ca7c8bc321982be247b05fa3772c87d558f2e19405740a10c9367922553867f524e22bf77e8d4852b3f51bdd52989ab403510a7170784b40e3c0b522cb48e5442a582300e009269e6a76fce33641febb163e2118e36535e4880ec0bb9e40b3db2ff0f31b2707f366e3570c09795449f81d8d9876bb2a6c90e0210b03a76246ae014af9f4994f4d8215af2da3af27f108701eec331250cad1058573240330bbc7177f9ea794446eb6dff26d7d2732e4ec9a77bd930d3e58152eab9d0f20e1b559119b33acb7beee97eb61912aa9ca860231d4657cfb8,gx-no-cache=1556047518581 HTTP/1.1" 200 30
186.103.159.46 - - [23/Apr/2019:17:29:10 -0300] "POST /cormun/servlet/solicitudot?gx-no-cache=1556047521721 HTTP/1.1" 200 30
186.103.159.46 - - [23/Apr/2019:17:29:14 -0300] "GET /cormun/servlet/prsolicitudot?7836840,,,,,MD,,gxPopupLevel%3D0%3B HTTP/1.1" 200 6000
186.103.159.46 - - [23/Apr/2019:17:29:18 -0300] "POST /cormun/servlet/solicitudot?gx-no-cache=1556047529767 HTTP/1.1" 200 1345
186.103.159.46 - - [23/Apr/2019:17:29:19 -0300] "POST /cormun/servlet/solicitudot?gx-no-cache=1556047530102 HTTP/1.1" 200 38
186.103.159.46 - - [23/Apr/2019:17:29:19 -0300] "GET /cormun/servlet/solicitudot?834bcd0e6bda94a3578f6b1eec4f4b707affef59d0433656e4d2cef1025939565835a64d0e08b9ea55f7f1c19349caeffced9b1ac73f917f3c8bccf703a1f79c7f9b0ea73b1aee969d8a5c280d5b5e77f582b5a061a3d728dab684890517be5379a7a94f41dfbb79410cdd7005766cae,gx-no-cache=1556047530274 HTTP/1.1" 200 110
186.103.159.46 - - [23/Apr/2019:17:29:19 -0300] "POST /cormun/servlet/solicitudot?gx-no-cache=1556047530446 HTTP/1.1" 200 97
186.103.159.46 - - [23/Apr/2019:17:29:19 -0300] "GET /cormun/servlet/solicitudot?834bcd0e6bda94a3578f6b1eec4f4b70d686b5eb0c70626676a5aa032d1014ea7ffa68d7b136e937c1c59b69b852f87e385b469326a659bec5867b40eada95237153078991eb7d413745919953fce5141e3ee7ee2f71ad8930ac5f4d67e09d27b9eaf4e30df38b4150ada37bc42df38c13418e7215322612af58a788a6717eb575c69fce9a67496cfaceb81d821ac8f7ac06c5f2aa675c05280dd4655316978d,gx-no-cache=1556047530715 HTTP/1.1" 200 29
186.103.159.46 - - [23/Apr/2019:17:29:19 -0300] "GET /cormun/servlet/solicitudot?834bcd0e6bda94a3578f6b1eec4f4b70b23665dccacc069e57ed8523b024d2151ec96db732b29015614136a3ae8cb360,gx-no-cache=1556047530841 HTTP/1.1" 200 30
186.67.172.234 - - [23/Apr/2019:17:29:25 -0300] "GET /cormun/servlet/trpermisosgoce? HTTP/1.1" 200 15254
186.67.172.234 - - [23/Apr/2019:17:29:25 -0300] "GET /cormun/static/gxcfg.js?20177612163875 HTTP/1.1" 200 953
186.67.172.234 - - [23/Apr/2019:17:29:25 -0300] "GET /cormun/static/trpermisosgoce.js?20177612164335 HTTP/1.1" 200 35904
186.67.172.234 - - [23/Apr/2019:17:29:26 -0300] "GET /cormun/servlet/trpermisosgoce? HTTP/1.1" 200 15247
186.103.159.46 - - [23/Apr/2019:17:29:28 -0300] "POST /cormun/servlet/solicitudot?gx-no-cache=1556047539865 HTTP/1.1" 200 72
190.171.153.50 - - [23/Apr/2019:17:29:35 -0300] "POST /cormun/servlet/trsolicitudot?b3c49c73af1c077053d39c6ca5876418,gx-no-cache=1556050532947,gx-no-cache=1556051150126 HTTP/1.1" 200 6455
190.171.153.50 - - [23/Apr/2019:17:29:36 -0300] "GET /cormun/static/Shared/jqueryui/images/ui-bg_flat_55_fafafa_40x100.png HTTP/1.1" 404 1097
190.171.153.50 - - [23/Apr/2019:17:29:36 -0300] "GET /cormun/static/Shared/jqueryui/images/ui-icons_8d78a5_256x240.png HTTP/1.1" 404 1089
190.171.153.50 - - [23/Apr/2019:17:29:36 -0300] "POST /cormun/servlet/trsolicitudot?b3c49c73af1c077053d39c6ca5876418,gx-no-cache=1556050532947,gx-no-cache=1556051151310 HTTP/1.1" 200 6396
186.103.159.46 - - [23/Apr/2019:17:29:38 -0300] "POST /cormun/servlet/solicitudot?gx-no-cache=1556047549003 HTTP/1.1" 200 33
186.103.159.46 - - [23/Apr/2019:17:29:42 -0300] "POST /cormun/servlet/solicitudot?18c7256cd06c6762ba6863cb862f916b,INS,0,0,,gx-no-cache=1556047553558 HTTP/1.1" 200 93
186.103.159.46 - - [23/Apr/2019:17:29:43 -0300] "GET /cormun/servlet/hpexe_return? HTTP/1.1" 200 1012
186.103.159.46 - - [23/Apr/2019:17:29:44 -0300] "GET /cormun/servlet/trsolicitudot HTTP/1.1" 200 12974
186.103.159.46 - - [23/Apr/2019:17:29:46 -0300] "GET /cormun/servlet/trsolicitudot HTTP/1.1" 200 12970
186.103.159.46 - - [23/Apr/2019:17:29:55 -0300] "POST /cormun/servlet/trsolicitudot?18c7256cd06c6762ba6863cb862f916b,gx-no-cache=1556047566534 HTTP/1.1" 200 6181
186.103.159.46 - - [23/Apr/2019:17:33:00 -0300] "GET /cormun/servlet/hlogin HTTP/1.1" 200 1734
186.67.172.234 - - [23/Apr/2019:17:33:01 -0300] "GET /cormun/servlet/hlogin HTTP/1.1" 200 1745
186.67.172.234 - - [23/Apr/2019:17:33:02 -0300] "GET /cormun/servlet/hlogin HTTP/1.1" 200 1745
186.67.172.234 - - [23/Apr/2019:17:33:03 -0300] "GET /cormun/servlet/hlogin HTTP/1.1" 200 1745
190.171.153.50 - - [23/Apr/2019:17:33:05 -0300] "GET /cormun/servlet/trautorizarsolicitud? HTTP/1.1" 200 8861
186.103.159.46 - - [23/Apr/2019:17:33:09 -0300] "POST /cormun/servlet/trsolicitudot?18c7256cd06c6762ba6863cb862f916b,gx-no-cache=1556047610240 HTTP/1.1" 200 106
186.67.172.234 - - [23/Apr/2019:17:33:12 -0300] "GET /cormun/servlet/permisogoce?DSP,13720077,P,20190423151014, HTTP/1.1" 200 6217
186.103.159.46 - - [23/Apr/2019:17:33:13 -0300] "GET /cormun/servlet/hlogin HTTP/1.1" 200 1734
190.171.153.50 - - [23/Apr/2019:17:33:13 -0300] "GET /cormun/servlet/trsolicitudot? HTTP/1.1" 200 9468
190.171.153.50 - - [23/Apr/2019:17:33:13 -0300] "GET /cormun/servlet/trautorizarsolicitud? HTTP/1.1" 200 8864
186.67.172.234 - - [23/Apr/2019:17:33:13 -0300] "GET /cormun/servlet/trlicencias? HTTP/1.1" 200 8562
186.103.159.46 - - [23/Apr/2019:17:33:13 -0300] "POST /cormun/servlet/trautorizarsolicitud?ad7da9039f5c2614d47e185067f2a7e7,,gx-no-cache=1556051324521 HTTP/1.1" 200 5804
190.171.153.50 - - [23/Apr/2019:17:33:15 -0300] "GET /cormun/servlet/trsolicitudot? HTTP/1.1" 200 9436
186.103.159.46 - - [23/Apr/2019:17:33:16 -0300] "GET /cormun/servlet/hlogin HTTP/1.1" 200 1721
186.103.159.46 - - [23/Apr/2019:17:33:17 -0300] "POST /cormun/servlet/hlogin?ad7da9039f5c2614d47e185067f2a7e7,gx-no-cache=1556051371073 HTTP/1.1" 200 90
186.103.159.46 - - [23/Apr/2019:17:33:17 -0300] "GET /cormun/servlet/hpexe_link HTTP/1.1" 200 957
186.103.159.46 - - [23/Apr/2019:17:33:17 -0300] "GET /cormun/servlet/trautorizarsolicitud? HTTP/1.1" 200 8675
186.103.159.46 - - [23/Apr/2019:17:33:18 -0300] "GET /cormun/servlet/trautorizarsolicitud? HTTP/1.1" 200 8674
186.103.159.46 - - [23/Apr/2019:17:33:19 -0300] "POST /cormun/servlet/hlogin?18c7256cd06c6762ba6863cb862f916b,gx-no-cache=1556047770262 HTTP/1.1" 200 90
186.103.159.46 - - [23/Apr/2019:17:33:19 -0300] "GET /cormun/servlet/hpexe_link HTTP/1.1" 200 982
186.103.159.46 - - [23/Apr/2019:17:33:20 -0300] "GET /cormun/servlet/trsolicitudot?gx-no-cache=1556047566534 HTTP/1.1" 200 9120
186.103.159.46 - - [23/Apr/2019:17:33:24 -0300] "GET /cormun/servlet/trsolicitudot?gx-no-cache=1556047566534 HTTP/1.1" 200 9141
186.103.159.46 - - [23/Apr/2019:17:33:25 -0300] "GET /cormun/servlet/trautorizarsolicitud? HTTP/1.1" 200 8674
186.103.159.46 - - [23/Apr/2019:17:33:25 -0300] "GET /cormun/servlet/trautorizarsolicitud? HTTP/1.1" 200 8674
186.103.159.46 - - [23/Apr/2019:17:33:37 -0300] "POST /cormun/servlet/trsolicitudot?18c7256cd06c6762ba6863cb862f916b,gx-no-cache=1556047566534,gx-no-cache=1556047787128 HTTP/1.1" 200 106
186.103.159.46 - - [23/Apr/2019:17:33:38 -0300] "GET /cormun/servlet/solicitudot?UPD,2019,15440, HTTP/1.1" 200 15594
66.249.85.61 - - [23/Apr/2019:17:33:41 -0300] "GET /cormun/servlet/hlogin HTTP/1.1" 200 1726
66.249.85.61 - - [23/Apr/2019:17:33:42 -0300] "GET /cormun/static/gxgral.js?85251 HTTP/1.1" 200 384558
66.249.85.57 - - [23/Apr/2019:17:33:42 -0300] "GET /cormun/static/gxcfg.js?20177612122725 HTTP/1.1" 200 953
66.249.85.59 - - [23/Apr/2019:17:33:42 -0300] "GET /cormun/static/gxtimezone.js?85251 HTTP/1.1" 200 5781
66.249.85.57 - - [23/Apr/2019:17:33:42 -0300] "GET /cormun/static/Resources/ComunLogin.png HTTP/1.1" 200 17326
66.249.85.59 - - [23/Apr/2019:17:33:42 -0300] "GET /cormun/static/messages.spa.js?85251 HTTP/1.1" 200 30736
66.249.85.59 - - [23/Apr/2019:17:33:42 -0300] "GET /cormun/static/Resources/Spanish/PXTools.css?1155365 HTTP/1.1" 200 89042
66.249.85.57 - - [23/Apr/2019:17:33:42 -0300] "GET /cormun/static/hlogin.js?20177612122738 HTTP/1.1" 200 2136
66.249.85.57 - - [23/Apr/2019:17:33:43 -0300] "GET /cormun/static/Resources/PXToolsLoginBottom.png HTTP/1.1" 200 1389
66.249.85.61 - - [23/Apr/2019:17:33:43 -0300] "GET /cormun/static/Resources/PXToolsLoginBackground.png HTTP/1.1" 200 1164
66.249.85.57 - - [23/Apr/2019:17:33:43 -0300] "GET /cormun/static/Resources/PXToolsButtonLeft21.png HTTP/1.1" 200 1287
66.249.85.59 - - [23/Apr/2019:17:33:43 -0300] "GET /cormun/static/Resources/PXToolsButtonRight21.png HTTP/1.1" 200 1283
66.249.85.61 - - [23/Apr/2019:17:33:43 -0300] "GET /cormun/static/Resources/PXToolsLoginTop.png HTTP/1.1" 200 1337
66.249.85.59 - - [23/Apr/2019:17:33:43 -0300] "GET /cormun/static/Resources/PXToolsButtonBackground2.png HTTP/1.1" 200 1181
66.249.85.59 - - [23/Apr/2019:17:33:43 -0300] "GET /cormun/static/Resources/indicator.gif HTTP/1.1" 200 1553
66.249.85.59 - - [23/Apr/2019:17:33:43 -0300] "GET /cormun/servlet/hlogin HTTP/1.1" 200 1729
186.103.159.46 - - [23/Apr/2019:17:33:44 -0300] "GET /cormun/servlet/solicitudot?UPD,2019,15440, HTTP/1.1" 200 15580
66.249.85.61 - - [23/Apr/2019:17:33:44 -0300] "GET /favicon.ico HTTP/1.1" 200 21630
186.103.159.46 - - [23/Apr/2019:17:33:47 -0300] "POST /cormun/servlet/solicitudot?gx-no-cache=1556047796125 HTTP/1.1" 200 3568
186.103.159.46 - - [23/Apr/2019:17:33:48 -0300] "POST /cormun/servlet/solicitudot?18c7256cd06c6762ba6863cb862f916b,UPD,2019,15440,,gx-no-cache=1556047799414 HTTP/1.1" 200 11921
186.103.159.46 - - [23/Apr/2019:17:33:51 -0300] "GET /cormun/servlet/solicitudot?834bcd0e6bda94a3578f6b1eec4f4b70b1f44657eb6268ea9ad7d1a1142504987b865f6a473c74195614e2f86af1ce00,gx-no-cache=1556047801944 HTTP/1.1" 200 30
186.103.159.46 - - [23/Apr/2019:17:33:51 -0300] "GET /cormun/servlet/solicitudot?834bcd0e6bda94a3578f6b1eec4f4b703d7acfcd42bc561f4f61285578d6efc5e5f618feb81631634cd9606e1f257933f17b9e72f1cd89f1f9d5a4983af749b8,gx-no-cache=1556047802403 HTTP/1.1" 200 30
186.103.159.46 - - [23/Apr/2019:17:33:51 -0300] "GET /cormun/servlet/solicitudot?834bcd0e6bda94a3578f6b1eec4f4b7006ca8ad70b2884f99eb01e3d2737cf36,gx-no-cache=1556047802602 HTTP/1.1" 200 29
186.103.159.46 - - [23/Apr/2019:17:33:51 -0300] "POST /cormun/servlet/solicitudot?gx-no-cache=1556047802808 HTTP/1.1" 200 256
186.103.159.46 - - [23/Apr/2019:17:33:53 -0300] "GET /cormun/servlet/solicitudot?834bcd0e6bda94a3578f6b1eec4f4b70814a020a234a7140cdc097a767cae0ac5e4219820a1c1b97698e3a48c3834b46d15423349e2e4a26416292ba04426b388ccf68d36408f684e80b7a01157be993a65702f1d72b936159adab2fe7ed974448d84d88cb32b7f836ec4bc391fd103f5f4baebfe70d3b6777b294e2d91e6d47660c03c66aba75a6504704f263879d022a4c67557713866adfb0de57da7c44b8ff9be4c8edaba51019654ca7c8bc321982be247b05fa3772c87d558f2e19405740a10c9367922553867f524e22bf77e8d4852b3f51bdd52989ab403510a7170784b40e3c0b522cb48e5442a582300e009269e6a76fce33641febb163e2118e36535e4880ec0bb9e40b3db2ff0f31b2707f366e3570c09795449f81d8d9876bb2a6c90e0210b03a76246ae014af9f4994f4d8215af2da3af27f108701eec331250cad1058573240330bbc7177f9ea794446eb6dff26d7d2732e4ec9a77bd930d3e58152eab9d0f20e1b559119b33acb7bd1d794f475902a8ba1f5d7aa5c1e7f00,gx-no-cache=1556047803267 HTTP/1.1" 200 30
186.103.159.46 - - [23/Apr/2019:17:33:54 -0300] "POST /cormun/servlet/solicitudot?gx-no-cache=1556047804360 HTTP/1.1" 200 30
186.103.159.46 - - [23/Apr/2019:17:33:54 -0300] "POST /cormun/servlet/solicitudot?gx-no-cache=1556047805606 HTTP/1.1" 200 1345
186.103.159.46 - - [23/Apr/2019:17:33:55 -0300] "POST /cormun/servlet/solicitudot?gx-no-cache=1556047806141 HTTP/1.1" 200 41
186.103.159.46 - - [23/Apr/2019:17:34:00 -0300] "GET /cormun/servlet/solicitudot?834bcd0e6bda94a3578f6b1eec4f4b707affef59d0433656e4d2cef1025939565835a64d0e08b9ea55f7f1c19349caeffced9b1ac73f917f3c8bccf703a1f79c7f9b0ea73b1aee969d8a5c280d5b5e77f582b5a061a3d728dab684890517be5379a7a94f41dfbb79410cdd7005766cae,gx-no-cache=1556047810721 HTTP/1.1" 200 110
186.103.159.46 - - [23/Apr/2019:17:34:04 -0300] "POST /cormun/servlet/solicitudot?gx-no-cache=1556047815778 HTTP/1.1" 200 79
186.103.159.46 - - [23/Apr/2019:17:34:11 -0300] "GET /cormun/servlet/solicitudot?834bcd0e6bda94a3578f6b1eec4f4b708391d6ab993acea8e4af85be9752b98e30122eafe31974c8f1eaa2e501c10aae8134994a3312333854bc2a80395e4cad039ea6990670384112049436066d529793b30cd87518981d6be5630bda26a904fd055ba805daf6dba6f07b57538892fadd562cc2d4a70211905d843b85dc85ff114c1ee93c5b96f874405b047f1e8faf59467dd4ca14931b2a16071dd2668075,gx-no-cache=1556047822070 HTTP/1.1" 200 29
186.103.159.46 - - [23/Apr/2019:17:34:11 -0300] "GET /cormun/servlet/solicitudot?834bcd0e6bda94a3578f6b1eec4f4b70b23665dccacc069e57ed8523b024d2151ec96db732b29015614136a3ae8cb360,gx-no-cache=1556047822240 HTTP/1.1" 200 30
186.103.159.46 - - [23/Apr/2019:17:34:11 -0300] "POST /cormun/servlet/solicitudot?gx-no-cache=1556047822407 HTTP/1.1" 200 33
186.103.159.46 - - [23/Apr/2019:17:34:11 -0300] "POST /cormun/servlet/solicitudot?18c7256cd06c6762ba6863cb862f916b,UPD,2019,15440,,gx-no-cache=1556047822713 HTTP/1.1" 200 93
186.103.159.46 - - [23/Apr/2019:17:34:12 -0300] "GET /cormun/servlet/hpexe_return? HTTP/1.1" 200 1039
186.103.159.46 - - [23/Apr/2019:17:34:13 -0300] "GET /cormun/servlet/trsolicitudot?gx-no-cache=1556047566534 HTTP/1.1" 200 9119
186.103.159.46 - - [23/Apr/2019:17:34:15 -0300] "GET /cormun/servlet/trsolicitudot?gx-no-cache=1556047566534 HTTP/1.1" 200 9138
186.103.159.46 - - [23/Apr/2019:17:34:47 -0300] "POST /cormun/servlet/trsolicitudot?18c7256cd06c6762ba6863cb862f916b,gx-no-cache=1556047566534,gx-no-cache=1556047857955 HTTP/1.1" 200 5779
186.103.159.46 - - [23/Apr/2019:17:34:48 -0300] "GET /cormun/static/Shared/jqueryui/images/ui-bg_highlight-soft_100_c6c2c8_1x100.png HTTP/1.1" 404 1117
186.103.159.46 - - [23/Apr/2019:17:34:48 -0300] "GET /cormun/static/Shared/jqueryui/images/ui-icons_82798d_256x240.png HTTP/1.1" 404 1089
186.103.159.46 - - [23/Apr/2019:17:34:48 -0300] "GET /cormun/static/Shared/jqueryui/images/ui-icons_8d78a5_256x240.png HTTP/1.1" 404 1089
186.103.159.46 - - [23/Apr/2019:17:34:48 -0300] "GET /cormun/static/Shared/jqueryui/images/ui-bg_flat_55_fafafa_40x100.png HTTP/1.1" 404 1097
186.103.159.46 - - [23/Apr/2019:17:34:50 -0300] "POST /cormun/servlet/trsolicitudot?18c7256cd06c6762ba6863cb862f916b,gx-no-cache=1556047566534,gx-no-cache=1556047859581 HTTP/1.1" 200 5721
186.103.159.46 - - [23/Apr/2019:17:35:04 -0300] "POST /cormun/servlet/trautorizarsolicitud?ad7da9039f5c2614d47e185067f2a7e7,,gx-no-cache=1556051477284 HTTP/1.1" 200 6171
