190.171.141.138 - - [23/Apr/2019:10:46:41 -0300] "GET /cormun/static/gxcfg.js?2017111422585916 HTTP/1.1" 304 -
190.171.141.138 - - [23/Apr/2019:10:46:41 -0300] "GET /cormun/servlet/trsolicitudot? HTTP/1.1" 200 7680
190.171.141.138 - - [23/Apr/2019:10:46:44 -0300] "GET /cormun/servlet/solicitudot?INS,0,0, HTTP/1.1" 200 15433
190.171.141.138 - - [23/Apr/2019:10:46:45 -0300] "GET /cormun/static/gxcfg.js?20189101114418 HTTP/1.1" 304 -
190.171.141.138 - - [23/Apr/2019:10:46:45 -0300] "GET /cormun/servlet/solicitudot?INS,0,0, HTTP/1.1" 200 15438
190.171.141.138 - - [23/Apr/2019:10:47:05 -0300] "POST /cormun/servlet/solicitudot?gx-no-cache=1556026999896 HTTP/1.1" 200 3538
190.171.141.138 - - [23/Apr/2019:10:47:05 -0300] "POST /cormun/servlet/solicitudot?98173f28bb9b3d821b11b14e90ace1a5,INS,0,0,,gx-no-cache=1556027000098 HTTP/1.1" 200 12013
190.171.144.234 - - [23/Apr/2019:10:47:23 -0300] "GET /cormun/servlet/solicitudot?UPD,2019,15413, HTTP/1.1" 200 14777
74.82.47.5 - - [23/Apr/2019:10:47:25 -0300] "GET / HTTP/1.1" 200 11217
190.171.144.234 - - [23/Apr/2019:10:47:26 -0300] "GET /cormun/servlet/hlogin HTTP/1.1" 200 1745
190.171.144.234 - - [23/Apr/2019:10:47:26 -0300] "GET /cormun/servlet/solicitudot?UPD,2019,15413, HTTP/1.1" 200 14786
192.168.10.96 - - [23/Apr/2019:10:49:34 -0300] "POST /cormun/servlet/vesolicitudgral?a6639d05aec6019ba44b88a62b0f6cef,2019,15124,,SolicitudOTAdjuntos,gx-no-cache=1556034169015 HTTP/1.1" 200 90
192.168.10.96 - - [23/Apr/2019:10:49:34 -0300] "GET /cormun/servlet/hpexe_link HTTP/1.1" 200 998
192.168.10.96 - - [23/Apr/2019:10:49:34 -0300] "GET /cormun/servlet/trsolicitudgral?gx-no-cache=1556031923725 HTTP/1.1" 200 13799
192.168.10.96 - - [23/Apr/2019:10:49:35 -0300] "GET /cormun/servlet/trsolicitudgral?gx-no-cache=1556031923725 HTTP/1.1" 200 13819
192.168.10.96 - - [23/Apr/2019:10:49:38 -0300] "GET /cormun/servlet/vesolicitudgral?2019,15142,, HTTP/1.1" 200 9338
192.168.10.96 - - [23/Apr/2019:10:49:38 -0300] "GET /cormun/pexe_scrolldiv.js HTTP/1.1" 404 1009
192.168.10.96 - - [23/Apr/2019:10:49:38 -0300] "GET /cormun/pexe_scrolldiv.js HTTP/1.1" 404 1009
192.168.10.96 - - [23/Apr/2019:10:49:39 -0300] "GET /cormun/servlet/vesolicitudgral?2019,15142,, HTTP/1.1" 200 9315
192.168.10.96 - - [23/Apr/2019:10:49:41 -0300] "GET /cormun/servlet/vesolicitudgral?2019,15142,,SolicitudOTAdjuntos HTTP/1.1" 200 11637
192.168.10.96 - - [23/Apr/2019:10:49:41 -0300] "GET /cormun/pexe_scrolldiv.js HTTP/1.1" 404 1009
192.168.10.96 - - [23/Apr/2019:10:49:41 -0300] "GET /cormun/pexe_scrolldiv.js HTTP/1.1" 404 1009
192.168.10.96 - - [23/Apr/2019:10:49:42 -0300] "GET /cormun/servlet/vesolicitudgral?2019,15142,,SolicitudOTAdjuntos HTTP/1.1" 200 11642
192.168.10.96 - - [23/Apr/2019:10:49:42 -0300] "POST /cormun/servlet/acontrolpreferencessavestate?None,DZAMUDIO,true HTTP/1.1" 200 35
192.168.10.96 - - [23/Apr/2019:10:49:44 -0300] "GET /cormun/PublicTempStorage/monica_valeska_pe%F1a_salgado_-_carnet5763809.pdf HTTP/1.1" 200 361845
192.168.10.96 - - [23/Apr/2019:10:49:54 -0300] "GET /cormun/PublicTempStorage/monica_valeska_pe%F1a_salgado_-_titulo9738655.pdf HTTP/1.1" 200 614157
192.168.10.96 - - [23/Apr/2019:10:50:03 -0300] "GET /cormun/PublicTempStorage/monica_valeska_pe%F1a_salgado_-_afp7654895.pdf HTTP/1.1" 200 165721
192.168.10.96 - - [23/Apr/2019:10:50:12 -0300] "GET /cormun/PublicTempStorage/monica_valeska_pe%F1a_salgado_-_fonasa637543.pdf HTTP/1.1" 200 214286
192.168.10.96 - - [23/Apr/2019:10:50:21 -0300] "GET /cormun/PublicTempStorage/monica_valeska_pe%F1a_salgado_-_antecedentes5075346.pdf HTTP/1.1" 200 301748
192.168.10.96 - - [23/Apr/2019:10:50:29 -0300] "GET /cormun/PublicTempStorage/monica_valeska_pe%F1a_salgado_-_curriculum8872323.pdf HTTP/1.1" 200 1656073
190.171.144.234 - - [23/Apr/2019:10:52:29 -0300] "POST /cormun/servlet/hlogin?b3d9daca1b0289947e3825cef9a5ca23,gx-no-cache=1556027325004 HTTP/1.1" 200 90
190.171.144.234 - - [23/Apr/2019:10:52:29 -0300] "GET /cormun/servlet/hpexe_link HTTP/1.1" 200 963
190.171.144.234 - - [23/Apr/2019:10:52:29 -0300] "GET /cormun/servlet/solicitudot?UPD,2019,15413, HTTP/1.1" 200 15369
190.171.144.234 - - [23/Apr/2019:10:52:30 -0300] "GET /cormun/servlet/solicitudot?UPD,2019,15413, HTTP/1.1" 200 15377
190.171.144.234 - - [23/Apr/2019:10:52:31 -0300] "POST /cormun/servlet/solicitudot?gx-no-cache=1556027326732 HTTP/1.1" 200 3525
190.171.144.234 - - [23/Apr/2019:10:52:31 -0300] "POST /cormun/servlet/solicitudot?b3d9daca1b0289947e3825cef9a5ca23,UPD,2019,15413,,gx-no-cache=1556027326983 HTTP/1.1" 200 11586
190.171.144.234 - - [23/Apr/2019:10:52:31 -0300] "GET /cormun/servlet/solicitudot?8731aa8ab2b576c8ad9360a83de229676c8f0c45ac20699ea59941434311aed189d3eb9373972042d455c9f64e0bf0e9,gx-no-cache=1556027327361 HTTP/1.1" 200 30
190.171.144.234 - - [23/Apr/2019:10:52:31 -0300] "GET /cormun/servlet/solicitudot?8731aa8ab2b576c8ad9360a83de229672a4a6df14c3bb02080cc12b74480a3963a1f93c12623c6e78a08d878010b31c0d3c880f45b8ed78d72ec4ff4e67afeda,gx-no-cache=1556027327515 HTTP/1.1" 200 30
190.171.144.234 - - [23/Apr/2019:10:52:31 -0300] "GET /cormun/servlet/solicitudot?8731aa8ab2b576c8ad9360a83de22967b7e83990945b08f816d6eff86464ce8b,gx-no-cache=1556027327658 HTTP/1.1" 200 29
190.171.144.234 - - [23/Apr/2019:10:52:31 -0300] "POST /cormun/servlet/solicitudot?gx-no-cache=1556027327762 HTTP/1.1" 200 254
190.171.144.234 - - [23/Apr/2019:10:52:32 -0300] "GET /cormun/servlet/solicitudot?8731aa8ab2b576c8ad9360a83de229673f24fac8f655529bac6c287216598fd825ca5dddbfe51f68fa153c6d44972cb0d83ac38f102c7dc574edabbfe861c9cd62c84c55fedfe8115fbb1ffc7758a4071e4dffe23e843557c381557b50e63a32b77cad1bc184b5723d4b343bd12ee0a452c33d07e81dd3863008286f1d1150367ddd5748af1d8f17f7c77a693cbd6e16a1ef9c632619cfd2a75bcdf8f52ce3593cb5a236919fcb358a193ca7cdafb1373de6214a90c7f5b89d1e135a3a98f25fd69ecc2a765b4d0741e8e0910aee3200293706d1d07218b15a78afa2dec010245f6aa45368acd8f704a3ff9ee3d13a04f4ab14db7565676a36a92f4cece611fb96115b73749d5f98466d34ee30a38f382bfcd76809663ad518c79c5b26e153c6a0fe9bc7556f0ff960bd286e981758cfe96469e4bfd296cc3d223ff7c2fd37fbd60c092d146ff72f47d78a4238a59ac2973d85fdd601403dac0b9efcfe43ca87a44d40b2dfb434ad8d5ecad4953e50e19cc089a40c1e9b8763736a491ce3a0fb,gx-no-cache=1556027327879 HTTP/1.1" 200 30
190.171.144.234 - - [23/Apr/2019:10:52:32 -0300] "POST /cormun/servlet/solicitudot?gx-no-cache=1556027327993 HTTP/1.1" 200 30
190.171.144.234 - - [23/Apr/2019:10:52:32 -0300] "POST /cormun/servlet/solicitudot?gx-no-cache=1556027328116 HTTP/1.1" 200 1343
190.171.144.234 - - [23/Apr/2019:10:52:32 -0300] "POST /cormun/servlet/solicitudot?gx-no-cache=1556027328247 HTTP/1.1" 200 41
190.171.144.234 - - [23/Apr/2019:10:54:14 -0300] "GET /cormun/servlet/hlogin HTTP/1.1" 200 1716
190.171.144.234 - - [23/Apr/2019:10:54:29 -0300] "POST /cormun/servlet/hlogin?b3d9daca1b0289947e3825cef9a5ca23,gx-no-cache=1556027445135 HTTP/1.1" 200 90
190.171.144.234 - - [23/Apr/2019:10:54:29 -0300] "GET /cormun/servlet/hpexe_link HTTP/1.1" 200 963
190.171.144.234 - - [23/Apr/2019:10:54:29 -0300] "GET /cormun/servlet/solicitudot?UPD,2019,15413, HTTP/1.1" 200 15369
190.171.144.234 - - [23/Apr/2019:10:54:30 -0300] "GET /cormun/servlet/solicitudot?UPD,2019,15413, HTTP/1.1" 200 15377
190.171.144.234 - - [23/Apr/2019:10:54:30 -0300] "POST /cormun/servlet/solicitudot?gx-no-cache=1556027446504 HTTP/1.1" 200 3525
190.171.144.234 - - [23/Apr/2019:10:54:30 -0300] "POST /cormun/servlet/solicitudot?b3d9daca1b0289947e3825cef9a5ca23,UPD,2019,15413,,gx-no-cache=1556027446632 HTTP/1.1" 200 11586
190.171.144.234 - - [23/Apr/2019:10:54:30 -0300] "GET /cormun/servlet/solicitudot?8731aa8ab2b576c8ad9360a83de229676c8f0c45ac20699ea59941434311aed189d3eb9373972042d455c9f64e0bf0e9,gx-no-cache=1556027446815 HTTP/1.1" 200 30
190.171.144.234 - - [23/Apr/2019:10:54:30 -0300] "GET /cormun/servlet/solicitudot?8731aa8ab2b576c8ad9360a83de229672a4a6df14c3bb02080cc12b74480a3963a1f93c12623c6e78a08d878010b31c0d3c880f45b8ed78d72ec4ff4e67afeda,gx-no-cache=1556027446863 HTTP/1.1" 200 30
190.171.144.234 - - [23/Apr/2019:10:54:31 -0300] "GET /cormun/servlet/solicitudot?8731aa8ab2b576c8ad9360a83de22967b7e83990945b08f816d6eff86464ce8b,gx-no-cache=1556027446895 HTTP/1.1" 200 29
190.171.144.234 - - [23/Apr/2019:10:54:31 -0300] "POST /cormun/servlet/solicitudot?gx-no-cache=1556027446923 HTTP/1.1" 200 254
190.171.144.234 - - [23/Apr/2019:10:54:31 -0300] "GET /cormun/servlet/solicitudot?8731aa8ab2b576c8ad9360a83de229673f24fac8f655529bac6c287216598fd825ca5dddbfe51f68fa153c6d44972cb0d83ac38f102c7dc574edabbfe861c9cd62c84c55fedfe8115fbb1ffc7758a4071e4dffe23e843557c381557b50e63a32b77cad1bc184b5723d4b343bd12ee0a452c33d07e81dd3863008286f1d1150367ddd5748af1d8f17f7c77a693cbd6e16a1ef9c632619cfd2a75bcdf8f52ce3593cb5a236919fcb358a193ca7cdafb1373de6214a90c7f5b89d1e135a3a98f25fd69ecc2a765b4d0741e8e0910aee3200293706d1d07218b15a78afa2dec010245f6aa45368acd8f704a3ff9ee3d13a04f4ab14db7565676a36a92f4cece611fb96115b73749d5f98466d34ee30a38f382bfcd76809663ad518c79c5b26e153c6a0fe9bc7556f0ff960bd286e981758cfe96469e4bfd296cc3d223ff7c2fd37fbd60c092d146ff72f47d78a4238a59ac2973d85fdd601403dac0b9efcfe43ca87a44d40b2dfb434ad8d5ecad4953e50e19cc089a40c1e9b8763736a491ce3a0fb,gx-no-cache=1556027446959 HTTP/1.1" 200 30
190.171.144.234 - - [23/Apr/2019:10:54:31 -0300] "POST /cormun/servlet/solicitudot?gx-no-cache=1556027446983 HTTP/1.1" 200 30
190.171.144.234 - - [23/Apr/2019:10:54:31 -0300] "POST /cormun/servlet/solicitudot?gx-no-cache=1556027447010 HTTP/1.1" 200 1343
190.171.144.234 - - [23/Apr/2019:10:54:31 -0300] "POST /cormun/servlet/solicitudot?gx-no-cache=1556027447062 HTTP/1.1" 200 41
190.171.144.234 - - [23/Apr/2019:10:54:40 -0300] "GET /cormun/servlet/prbanco?,MD,,gxPopupLevel%3D0%3B HTTP/1.1" 200 6599
190.171.144.234 - - [23/Apr/2019:10:54:50 -0300] "POST /cormun/servlet/prbanco?b3d9daca1b0289947e3825cef9a5ca23,,MD,,gxPopupLevel%3D0%3B,gx-no-cache=1556027466275 HTTP/1.1" 200 2551
190.171.144.234 - - [23/Apr/2019:10:55:01 -0300] "POST /cormun/servlet/prbanco?b3d9daca1b0289947e3825cef9a5ca23,,MD,,gxPopupLevel%3D0%3B,gx-no-cache=1556027477412 HTTP/1.1" 200 3863
190.171.144.234 - - [23/Apr/2019:10:55:12 -0300] "GET /cormun/servlet/solicitudot?8731aa8ab2b576c8ad9360a83de22967895effc606260036116b1acfef8301a8,gx-no-cache=1556027488415 HTTP/1.1" 200 51
190.171.144.234 - - [23/Apr/2019:10:55:42 -0300] "POST /cormun/servlet/solicitudot?gx-no-cache=1556027518085 HTTP/1.1" 200 30
190.171.144.234 - - [23/Apr/2019:10:55:42 -0300] "POST /cormun/servlet/solicitudot?gx-no-cache=1556027518136 HTTP/1.1" 200 1343
190.171.144.234 - - [23/Apr/2019:10:55:42 -0300] "POST /cormun/servlet/solicitudot?gx-no-cache=1556027518229 HTTP/1.1" 200 41
190.171.144.234 - - [23/Apr/2019:10:55:42 -0300] "GET /cormun/servlet/solicitudot?8731aa8ab2b576c8ad9360a83de2296790bee023f819d76aeee1b3bea074a20e73aee33e535e89b98c22cbd4cec56507d3cbeb7719c751a132298cc98504c6b33d25950703b9c4e2038ceaa4e6cdebd1590bf76f4d23c262bfe40e80f227f3f0f4622ec798252b403ff5d99622e90fa4,gx-no-cache=1556027518254 HTTP/1.1" 200 110
190.171.144.234 - - [23/Apr/2019:10:55:42 -0300] "POST /cormun/servlet/solicitudot?gx-no-cache=1556027518290 HTTP/1.1" 200 97
190.171.144.234 - - [23/Apr/2019:10:55:42 -0300] "GET /cormun/servlet/solicitudot?8731aa8ab2b576c8ad9360a83de22967ed6af447a315cc97143390eb41373ee3a9256b9d5d5e306455aa8255e4f2718259c8d5152ee7deb73ee31533b3847dfe31f5c663c5f2fe18184f1ae361bc52c32eb82d05481b2ba868dcd42a09930fe669907b065ef039e2fae319443f0316040b3c4f5e140cc05d0c1c96d0a64925583a7bed84dc0a8ab5c2a2ab4bff88157d9017b15e6bd44ff1b77078fab346a49438bb8fdee0295fce4f71d676f45df42cffe0b3ff20fd8488c3789e17ac588dcfb674690132f1011dfb79059bf1eec114,gx-no-cache=1556027518321 HTTP/1.1" 200 29
190.171.144.234 - - [23/Apr/2019:10:55:42 -0300] "GET /cormun/servlet/solicitudot?8731aa8ab2b576c8ad9360a83de22967f5ab04a1beb9701005ffd9e51a94e8c4648647bfae25c1606b53f23e18d1fabf,gx-no-cache=1556027518344 HTTP/1.1" 200 30
190.171.144.234 - - [23/Apr/2019:10:55:42 -0300] "POST /cormun/servlet/solicitudot?gx-no-cache=1556027518367 HTTP/1.1" 200 30
190.171.144.234 - - [23/Apr/2019:10:55:42 -0300] "POST /cormun/servlet/solicitudot?b3d9daca1b0289947e3825cef9a5ca23,UPD,2019,15413,,gx-no-cache=1556027518396 HTTP/1.1" 200 93
190.171.144.234 - - [23/Apr/2019:10:55:42 -0300] "GET /cormun/servlet/hpexe_return? HTTP/1.1" 200 1007
190.171.144.234 - - [23/Apr/2019:10:55:43 -0300] "GET /cormun/servlet/hhome HTTP/1.1" 200 4014
190.171.144.234 - - [23/Apr/2019:10:55:43 -0300] "GET /cormun/servlet/hhome HTTP/1.1" 200 4008
190.171.144.234 - - [23/Apr/2019:10:55:48 -0300] "GET /cormun/servlet/trsolicitudot? HTTP/1.1" 200 8609
190.171.144.234 - - [23/Apr/2019:10:55:48 -0300] "GET /cormun/servlet/trsolicitudot? HTTP/1.1" 200 8607
192.168.10.89 - - [23/Apr/2019:10:55:51 -0300] "POST /cormun/servlet/vesolicitudgral?581046b81185997cb1c15cecc24b272c,2019,15074,,SolicitudOTAdjuntos,gx-no-cache=1556034545675 HTTP/1.1" 200 90
192.168.10.89 - - [23/Apr/2019:10:55:51 -0300] "GET /cormun/servlet/hpexe_link HTTP/1.1" 200 977
192.168.10.89 - - [23/Apr/2019:10:55:51 -0300] "GET /cormun/servlet/trsolicitudgral? HTTP/1.1" 200 10073
190.171.144.234 - - [23/Apr/2019:10:55:57 -0300] "POST /cormun/servlet/trsolicitudot?b3d9daca1b0289947e3825cef9a5ca23,,gx-no-cache=1556027532713 HTTP/1.1" 200 106
190.171.144.234 - - [23/Apr/2019:10:55:58 -0300] "GET /cormun/servlet/solicitudot?UPD,2019,15413, HTTP/1.1" 200 15594
190.171.144.234 - - [23/Apr/2019:10:55:58 -0300] "GET /cormun/servlet/solicitudot?UPD,2019,15413, HTTP/1.1" 200 15603
190.171.144.234 - - [23/Apr/2019:10:55:59 -0300] "POST /cormun/servlet/solicitudot?gx-no-cache=1556027534771 HTTP/1.1" 200 3532
190.171.144.234 - - [23/Apr/2019:10:55:59 -0300] "POST /cormun/servlet/solicitudot?b3d9daca1b0289947e3825cef9a5ca23,UPD,2019,15413,,gx-no-cache=1556027534953 HTTP/1.1" 200 11880
190.171.144.234 - - [23/Apr/2019:10:55:59 -0300] "GET /cormun/servlet/solicitudot?8731aa8ab2b576c8ad9360a83de229676c8f0c45ac20699ea59941434311aed189d3eb9373972042d455c9f64e0bf0e9,gx-no-cache=1556027535130 HTTP/1.1" 200 30
190.171.144.234 - - [23/Apr/2019:10:55:59 -0300] "GET /cormun/servlet/solicitudot?8731aa8ab2b576c8ad9360a83de229672a4a6df14c3bb02080cc12b74480a3963a1f93c12623c6e78a08d878010b31c0d3c880f45b8ed78d72ec4ff4e67afeda,gx-no-cache=1556027535210 HTTP/1.1" 200 30
190.171.144.234 - - [23/Apr/2019:10:55:59 -0300] "GET /cormun/servlet/solicitudot?8731aa8ab2b576c8ad9360a83de229678ad2b6a5bb0ddf0002dfee4867dc103ec66edafa23fd1d07bb439c26c0a6d4cadbf6b4929850d73a50f5fc873eb9ac64,gx-no-cache=1556027535312 HTTP/1.1" 200 51
190.171.144.234 - - [23/Apr/2019:10:55:59 -0300] "POST /cormun/servlet/solicitudot?gx-no-cache=1556027535428 HTTP/1.1" 200 254
190.171.144.234 - - [23/Apr/2019:10:55:59 -0300] "GET /cormun/servlet/solicitudot?8731aa8ab2b576c8ad9360a83de229673f24fac8f655529bac6c287216598fd825ca5dddbfe51f68fa153c6d44972cb0d83ac38f102c7dc574edabbfe861c9cd62c84c55fedfe8115fbb1ffc7758a4071e4dffe23e843557c381557b50e63a32b77cad1bc184b5723d4b343bd12ee0a452c33d07e81dd3863008286f1d1150367ddd5748af1d8f17f7c77a693cbd6e16a1ef9c632619cfd2a75bcdf8f52ce3593cb5a236919fcb358a193ca7cdafb1373de6214a90c7f5b89d1e135a3a98f25fd69ecc2a765b4d0741e8e0910aee3200293706d1d07218b15a78afa2dec010245f6aa45368acd8f704a3ff9ee3d13a04f4ab14db7565676a36a92f4cece611fb96115b73749d5f98466d34ee30a38f382bfcd76809663ad518c79c5b26e153c6a0fe9bc7556f0ff960bd286e981758cfe96469e4bfd296cc3d223ff7c2fd37fbd60c092d146ff72f47d78a4238a59ac2973d85fdd601403dac0b9efcfe43ca87a44d40b2dfb434ad8d5ecad4953e50e19cc089a40c1e9b8763736a491ce3a0fb,gx-no-cache=1556027535522 HTTP/1.1" 200 30
190.171.144.234 - - [23/Apr/2019:10:55:59 -0300] "POST /cormun/servlet/solicitudot?gx-no-cache=1556027535594 HTTP/1.1" 200 30
190.171.144.234 - - [23/Apr/2019:10:55:59 -0300] "POST /cormun/servlet/solicitudot?gx-no-cache=1556027535656 HTTP/1.1" 200 1343
190.171.144.234 - - [23/Apr/2019:10:55:59 -0300] "POST /cormun/servlet/solicitudot?gx-no-cache=1556027535719 HTTP/1.1" 200 41
190.171.144.234 - - [23/Apr/2019:10:56:11 -0300] "GET /cormun/servlet/solicitudot?8731aa8ab2b576c8ad9360a83de2296790bee023f819d76aeee1b3bea074a20e73aee33e535e89b98c22cbd4cec56507d3cbeb7719c751a132298cc98504c6b33d25950703b9c4e2038ceaa4e6cdebd1590bf76f4d23c262bfe40e80f227f3f0f4622ec798252b403ff5d99622e90fa4,gx-no-cache=1556027547165 HTTP/1.1" 200 110
190.171.144.234 - - [23/Apr/2019:10:56:11 -0300] "POST /cormun/servlet/solicitudot?gx-no-cache=1556027547298 HTTP/1.1" 200 97
190.171.144.234 - - [23/Apr/2019:10:56:11 -0300] "GET /cormun/servlet/solicitudot?8731aa8ab2b576c8ad9360a83de22967ed6af447a315cc97143390eb41373ee3a9256b9d5d5e306455aa8255e4f2718259c8d5152ee7deb73ee31533b3847dfe31f5c663c5f2fe18184f1ae361bc52c32eb82d05481b2ba868dcd42a09930fe669907b065ef039e2fae319443f0316040b3c4f5e140cc05d0c1c96d0a64925583a7bed84dc0a8ab5c2a2ab4bff88157d9017b15e6bd44ff1b77078fab346a49438bb8fdee0295fce4f71d676f45df42cffe0b3ff20fd8488c3789e17ac588dcfb674690132f1011dfb79059bf1eec114,gx-no-cache=1556027547425 HTTP/1.1" 200 29
190.171.144.234 - - [23/Apr/2019:10:56:11 -0300] "GET /cormun/servlet/solicitudot?8731aa8ab2b576c8ad9360a83de22967f5ab04a1beb9701005ffd9e51a94e8c4648647bfae25c1606b53f23e18d1fabf,gx-no-cache=1556027547568 HTTP/1.1" 200 30
190.171.144.234 - - [23/Apr/2019:10:56:11 -0300] "POST /cormun/servlet/solicitudot?gx-no-cache=1556027547714 HTTP/1.1" 200 30
190.171.144.234 - - [23/Apr/2019:10:56:12 -0300] "POST /cormun/servlet/solicitudot?b3d9daca1b0289947e3825cef9a5ca23,UPD,2019,15413,,gx-no-cache=1556027547843 HTTP/1.1" 200 93
190.171.144.234 - - [23/Apr/2019:10:56:12 -0300] "GET /cormun/servlet/hpexe_return? HTTP/1.1" 200 1007
190.171.144.234 - - [23/Apr/2019:10:56:12 -0300] "GET /cormun/servlet/trsolicitudot HTTP/1.1" 200 8611
190.171.144.234 - - [23/Apr/2019:10:56:12 -0300] "GET /cormun/servlet/trsolicitudot HTTP/1.1" 200 8607
190.171.144.234 - - [23/Apr/2019:10:56:17 -0300] "POST /cormun/servlet/trsolicitudot?b3d9daca1b0289947e3825cef9a5ca23,gx-no-cache=1556027553596 HTTP/1.1" 200 107
190.171.144.234 - - [23/Apr/2019:10:56:17 -0300] "GET /cormun/servlet/trsolicitudadjuntos?2019,15413, HTTP/1.1" 200 6114
190.171.144.234 - - [23/Apr/2019:10:56:18 -0300] "GET /cormun/servlet/trsolicitudadjuntos?2019,15413, HTTP/1.1" 200 6114
190.171.144.234 - - [23/Apr/2019:10:56:22 -0300] "GET /cormun/servlet/solicitudotadjuntos?INS,2019,15413,,1, HTTP/1.1" 200 6060
190.171.144.234 - - [23/Apr/2019:10:56:23 -0300] "GET /cormun/static/about:blank HTTP/1.1" 404 1011
190.171.144.234 - - [23/Apr/2019:10:56:23 -0300] "GET /cormun/servlet/solicitudotadjuntos?INS,2019,15413,,1, HTTP/1.1" 200 6053
190.171.144.234 - - [23/Apr/2019:10:56:23 -0300] "GET /cormun/servlet/solicitudotadjuntos?8731aa8ab2b576c8ad9360a83de2296724e04d58eda1c52d1b6c817f08bbea753cac6846c065e3c5f011ccc09e8e2ed3,gx-no-cache=1556027559648 HTTP/1.1" 200 30
190.171.144.234 - - [23/Apr/2019:10:56:24 -0300] "POST /cormun/servlet/solicitudotadjuntos?b3d9daca1b0289947e3825cef9a5ca23,INS,2019,15413,,1,,gx-no-cache=1556027559771 HTTP/1.1" 200 3877
186.103.159.204 - - [23/Apr/2019:10:58:51 -0300] "GET /cormun/servlet/trsolicitudot? HTTP/1.1" 200 8635
186.103.159.204 - - [23/Apr/2019:10:58:51 -0300] "GET /cormun/servlet/trsolicitudot? HTTP/1.1" 200 8634
186.103.159.204 - - [23/Apr/2019:10:59:58 -0300] "GET /cormun/servlet/solicitudot?INS,0,0, HTTP/1.1" 200 14997
186.103.159.204 - - [23/Apr/2019:10:59:59 -0300] "GET /cormun/servlet/solicitudot?INS,0,0, HTTP/1.1" 200 15002
192.168.10.89 - - [23/Apr/2019:11:00:24 -0300] "POST /cormun/servlet/trsolicitudgral?581046b81185997cb1c15cecc24b272c,,gx-no-cache=1556034818713 HTTP/1.1" 200 7101
192.168.10.89 - - [23/Apr/2019:11:00:29 -0300] "GET /cormun/servlet/vesolicitudgral?2019,15178,, HTTP/1.1" 200 8534
192.168.10.89 - - [23/Apr/2019:11:00:29 -0300] "GET /cormun/pexe_scrolldiv.js HTTP/1.1" 404 1009
186.103.159.204 - - [23/Apr/2019:11:00:42 -0300] "POST /cormun/servlet/solicitudot?gx-no-cache=1556027815277 HTTP/1.1" 200 3458
186.103.159.204 - - [23/Apr/2019:11:00:43 -0300] "POST /cormun/servlet/solicitudot?d1449f6bc9816987b33acd4ad355238a,INS,0,0,,gx-no-cache=1556027815763 HTTP/1.1" 200 11708
186.103.159.204 - - [23/Apr/2019:11:00:47 -0300] "GET /cormun/servlet/solicitudot?2ac1af7138edd51e451433c52fef6e55f63857b46ba8388214539e04dd6f345299bc8506f36286ea9edfe3bc1374aa60,gx-no-cache=1556027820449 HTTP/1.1" 200 30
186.103.159.204 - - [23/Apr/2019:11:01:59 -0300] "GET /cormun/servlet/prbanco?,MD,,gxPopupLevel%3D0%3B HTTP/1.1" 200 6590
186.103.159.204 - - [23/Apr/2019:11:02:06 -0300] "GET /cormun/servlet/solicitudot?2ac1af7138edd51e451433c52fef6e559b11418c456b9a6bf0e128c247ec519fb3d461731ce4a2a97452147886036e8461764bbcb945149f7089179a101c859d,gx-no-cache=1556027899199 HTTP/1.1" 200 30
186.103.159.204 - - [23/Apr/2019:11:02:10 -0300] "GET /cormun/servlet/solicitudot?2ac1af7138edd51e451433c52fef6e552cc9684de14252f4108e98607cf0256f,gx-no-cache=1556027903896 HTTP/1.1" 200 53
192.168.10.89 - - [23/Apr/2019:11:02:29 -0300] "POST /cormun/servlet/vesolicitudgral?581046b81185997cb1c15cecc24b272c,2019,15178,,,gx-no-cache=1556034943991 HTTP/1.1" 200 90
192.168.10.89 - - [23/Apr/2019:11:02:29 -0300] "GET /cormun/servlet/hpexe_link HTTP/1.1" 200 966
192.168.10.89 - - [23/Apr/2019:11:02:29 -0300] "GET /cormun/servlet/trsolicitudgral? HTTP/1.1" 200 10190
192.168.10.89 - - [23/Apr/2019:11:02:34 -0300] "POST /cormun/servlet/trsolicitudgral?581046b81185997cb1c15cecc24b272c,,gx-no-cache=1556034948616 HTTP/1.1" 200 8633
192.168.10.89 - - [23/Apr/2019:11:02:38 -0300] "GET /cormun/servlet/vesolicitudgral?2019,14814,, HTTP/1.1" 200 8484
192.168.10.89 - - [23/Apr/2019:11:02:38 -0300] "GET /cormun/pexe_scrolldiv.js HTTP/1.1" 404 1009
186.103.159.204 - - [23/Apr/2019:11:02:39 -0300] "POST /cormun/servlet/solicitudot?gx-no-cache=1556027932455 HTTP/1.1" 200 255
186.103.159.204 - - [23/Apr/2019:11:02:43 -0300] "GET /cormun/servlet/solicitudot?2ac1af7138edd51e451433c52fef6e5577e955da3277d8dbac74446d1e0082f1df570d987ce8d3bef389898ba44314549987a29bbd09f3c92c4e7e8fb69bcb3013b946132c24a8c0f2a5170260befb1d3e9e11bf7cd38601aa761f7aa236f5e1909d36fc06a723edef4ae6ce7e9b8527482d318344fb96421bd8137ad828b1eb916a903b79e2aea8ff2e505af97209cf82847f80ab0d2f594698046b1deb0db1737e4ff6935dd8d239cab7a56410cff7cd3ba58e3ac9c41d63d0e0709866e79df5aa212b0154c1ff8e5506f747e30a4b31fdf961584c88801650056def986719385725af625b295414c71142427d82f06261449c02074b7ab5ed40be288dcea917a6757fc9061106fd274f6c1c8a4a7b6c0cfbf79e8139540b511eaf82f66064b1ced937b04f475948e3d6b5e7b1aa94277483eb08242e41190e789aadc524ffecd867fc95e38f22bcf484e744e980c76be405afbdbd584c39813a8b47a42f120f60b0078137bcc349d3044436a03e55a832e5d7ef1e16e5079cb4abaf8cb90f,gx-no-cache=1556027936008 HTTP/1.1" 200 30
192.168.10.89 - - [23/Apr/2019:11:02:50 -0300] "POST /cormun/servlet/vesolicitudgral?581046b81185997cb1c15cecc24b272c,2019,14814,,,gx-no-cache=1556034964940 HTTP/1.1" 200 90
192.168.10.89 - - [23/Apr/2019:11:02:50 -0300] "GET /cormun/servlet/hpexe_link HTTP/1.1" 200 967
192.168.10.89 - - [23/Apr/2019:11:02:50 -0300] "GET /cormun/servlet/trsolicitudgral? HTTP/1.1" 200 11674
192.168.10.89 - - [23/Apr/2019:11:02:59 -0300] "GET /cormun/servlet/vesolicitudgral?2019,15206,, HTTP/1.1" 200 8455
192.168.10.89 - - [23/Apr/2019:11:02:59 -0300] "GET /cormun/pexe_scrolldiv.js HTTP/1.1" 404 1009
192.168.10.96 - - [23/Apr/2019:11:03:38 -0300] "POST /cormun/servlet/vesolicitudgral?a6639d05aec6019ba44b88a62b0f6cef,2019,15142,,SolicitudOTAdjuntos,gx-no-cache=1556035013436 HTTP/1.1" 200 90
192.168.10.96 - - [23/Apr/2019:11:03:38 -0300] "GET /cormun/servlet/hpexe_link HTTP/1.1" 200 998
192.168.10.96 - - [23/Apr/2019:11:03:39 -0300] "GET /cormun/servlet/trsolicitudgral?gx-no-cache=1556031923725 HTTP/1.1" 200 13039
192.168.10.96 - - [23/Apr/2019:11:03:39 -0300] "GET /cormun/servlet/trsolicitudgral?gx-no-cache=1556031923725 HTTP/1.1" 200 13059
192.168.10.96 - - [23/Apr/2019:11:03:42 -0300] "GET /cormun/servlet/vesolicitudgral?2019,15163,, HTTP/1.1" 200 9314
192.168.10.96 - - [23/Apr/2019:11:03:42 -0300] "GET /cormun/pexe_scrolldiv.js HTTP/1.1" 404 1009
192.168.10.96 - - [23/Apr/2019:11:03:42 -0300] "GET /cormun/pexe_scrolldiv.js HTTP/1.1" 404 1009
192.168.10.96 - - [23/Apr/2019:11:03:42 -0300] "GET /cormun/servlet/vesolicitudgral?2019,15163,, HTTP/1.1" 200 9292
192.168.10.96 - - [23/Apr/2019:11:03:44 -0300] "GET /cormun/servlet/vesolicitudgral?2019,15163,,SolicitudOTAdjuntos HTTP/1.1" 200 11612
192.168.10.96 - - [23/Apr/2019:11:03:44 -0300] "GET /cormun/pexe_scrolldiv.js HTTP/1.1" 404 1009
192.168.10.96 - - [23/Apr/2019:11:03:44 -0300] "GET /cormun/pexe_scrolldiv.js HTTP/1.1" 404 1009
192.168.10.96 - - [23/Apr/2019:11:03:45 -0300] "GET /cormun/servlet/vesolicitudgral?2019,15163,,SolicitudOTAdjuntos HTTP/1.1" 200 11614
192.168.10.96 - - [23/Apr/2019:11:03:46 -0300] "POST /cormun/servlet/acontrolpreferencessavestate?None,DZAMUDIO,true HTTP/1.1" 200 35
192.168.10.96 - - [23/Apr/2019:11:03:46 -0300] "GET /cormun/PublicTempStorage/felipe_arturo_vargas_vargas_-_carnet4281450.pdf HTTP/1.1" 200 328955
192.168.10.96 - - [23/Apr/2019:11:03:54 -0300] "GET /cormun/PublicTempStorage/felipe_arturo_vargas_vargas__-_titulo1311496.pdf HTTP/1.1" 200 236007
192.168.10.96 - - [23/Apr/2019:11:04:06 -0300] "GET /cormun/PublicTempStorage/felipe_arturo_vargas_vargas_-_afp4206222.pdf HTTP/1.1" 200 596800
200.54.246.54 - - [23/Apr/2019:11:04:12 -0300] "GET /cormun/servlet/trlicencias HTTP/1.1" 200 8419
192.168.10.96 - - [23/Apr/2019:11:04:13 -0300] "GET /cormun/PublicTempStorage/felipe_arturo_vargas_vargas_-_fonasa5061324.pdf HTTP/1.1" 200 220959
200.54.246.54 - - [23/Apr/2019:11:04:13 -0300] "GET /cormun/servlet/trlicencias HTTP/1.1" 200 8429
200.54.246.54 - - [23/Apr/2019:11:04:14 -0300] "GET /cormun/servlet/hlogin HTTP/1.1" 200 1740
200.54.246.54 - - [23/Apr/2019:11:04:20 -0300] "POST /cormun/servlet/hlogin?86aeaf69f5ae8da2bdf3062b51158354,gx-no-cache=1556024433624 HTTP/1.1" 200 90
200.54.246.54 - - [23/Apr/2019:11:04:20 -0300] "GET /cormun/servlet/hpexe_link HTTP/1.1" 200 959
200.54.246.54 - - [23/Apr/2019:11:04:20 -0300] "GET /cormun/servlet/trlicencias HTTP/1.1" 200 13751
200.54.246.54 - - [23/Apr/2019:11:04:21 -0300] "GET /cormun/servlet/trlicencias HTTP/1.1" 200 13750
192.168.10.96 - - [23/Apr/2019:11:04:22 -0300] "GET /cormun/PublicTempStorage/felipe_arturo_vargas_vargas_-_antecedentes659605.pdf HTTP/1.1" 200 289997
200.54.246.54 - - [23/Apr/2019:11:04:24 -0300] "GET /cormun/servlet/trautorizarsolicitud? HTTP/1.1" 200 7450
200.54.246.54 - - [23/Apr/2019:11:04:24 -0300] "GET /cormun/servlet/trautorizarsolicitud? HTTP/1.1" 200 7450
186.103.159.204 - - [23/Apr/2019:11:04:25 -0300] "POST /cormun/servlet/solicitudot?gx-no-cache=1556028038736 HTTP/1.1" 200 30
192.168.10.96 - - [23/Apr/2019:11:04:30 -0300] "GET /cormun/PublicTempStorage/felipe_arturo_vargas_vargas_-_curriculum8294992.pdf HTTP/1.1" 200 853876
200.54.246.54 - - [23/Apr/2019:11:04:34 -0300] "GET /cormun/servlet/trlicencias? HTTP/1.1" 200 13769
200.54.246.54 - - [23/Apr/2019:11:04:34 -0300] "GET /cormun/servlet/trlicencias? HTTP/1.1" 200 13749
192.168.10.89 - - [23/Apr/2019:11:05:16 -0300] "POST /cormun/servlet/vesolicitudgral?581046b81185997cb1c15cecc24b272c,2019,15206,,,gx-no-cache=1556035111046 HTTP/1.1" 200 90
192.168.10.89 - - [23/Apr/2019:11:05:16 -0300] "GET /cormun/servlet/hpexe_link HTTP/1.1" 200 965
192.168.10.89 - - [23/Apr/2019:11:05:16 -0300] "GET /cormun/servlet/trsolicitudgral HTTP/1.1" 200 11669
192.168.10.89 - - [23/Apr/2019:11:05:21 -0300] "POST /cormun/servlet/trsolicitudgral?581046b81185997cb1c15cecc24b272c,gx-no-cache=1556035115823 HTTP/1.1" 200 6639
192.168.10.89 - - [23/Apr/2019:11:05:23 -0300] "GET /cormun/servlet/vesolicitudgral?2019,15073,, HTTP/1.1" 200 8433
192.168.10.89 - - [23/Apr/2019:11:05:23 -0300] "GET /cormun/pexe_scrolldiv.js HTTP/1.1" 404 1009
200.54.246.54 - - [23/Apr/2019:11:05:25 -0300] "POST /cormun/servlet/trlicencias?86aeaf69f5ae8da2bdf3062b51158354,,gx-no-cache=1556024497944 HTTP/1.1" 200 11320
192.168.10.89 - - [23/Apr/2019:11:05:25 -0300] "GET /cormun/servlet/vesolicitudgral?2019,15073,,SolicitudOTAdjuntos HTTP/1.1" 200 10598
192.168.10.89 - - [23/Apr/2019:11:05:25 -0300] "GET /cormun/pexe_scrolldiv.js HTTP/1.1" 404 1009
192.168.10.89 - - [23/Apr/2019:11:05:26 -0300] "POST /cormun/servlet/acontrolpreferencessavestate?None,RRHH+CATALINA,true HTTP/1.1" 200 35
192.168.10.89 - - [23/Apr/2019:11:05:30 -0300] "GET /cormun/PublicTempStorage/carnet834821.pdf HTTP/1.1" 200 100452
192.168.10.89 - - [23/Apr/2019:11:05:35 -0300] "GET /cormun/servlet/vesolicitudgral?2019,15073,,SolicitudOTAdjuntos HTTP/1.1" 200 10604
192.168.10.89 - - [23/Apr/2019:11:05:35 -0300] "GET /cormun/pexe_scrolldiv.js HTTP/1.1" 404 1009
192.168.10.89 - - [23/Apr/2019:11:05:37 -0300] "POST /cormun/servlet/acontrolpreferencessavestate?None,RRHH+CATALINA,true HTTP/1.1" 200 35
192.168.10.89 - - [23/Apr/2019:11:05:37 -0300] "GET /cormun/PublicTempStorage/titulo9953915.pdf HTTP/1.1" 200 164539
200.54.246.54 - - [23/Apr/2019:11:05:43 -0300] "GET /cormun/servlet/hlogin HTTP/1.1" 200 1741
192.168.10.89 - - [23/Apr/2019:11:05:43 -0300] "GET /cormun/servlet/vesolicitudgral?2019,15073,,SolicitudOTAdjuntos HTTP/1.1" 200 10604
192.168.10.89 - - [23/Apr/2019:11:05:44 -0300] "GET /cormun/pexe_scrolldiv.js HTTP/1.1" 404 1009
192.168.10.89 - - [23/Apr/2019:11:05:45 -0300] "POST /cormun/servlet/acontrolpreferencessavestate?None,RRHH+CATALINA,true HTTP/1.1" 200 35
192.168.10.89 - - [23/Apr/2019:11:05:46 -0300] "GET /cormun/PublicTempStorage/afp8933908.pdf HTTP/1.1" 200 416647
192.168.10.89 - - [23/Apr/2019:11:05:52 -0300] "GET /cormun/servlet/vesolicitudgral?2019,15073,,SolicitudOTAdjuntos HTTP/1.1" 200 10603
192.168.10.89 - - [23/Apr/2019:11:05:52 -0300] "GET /cormun/pexe_scrolldiv.js HTTP/1.1" 404 1009
192.168.10.89 - - [23/Apr/2019:11:05:53 -0300] "POST /cormun/servlet/acontrolpreferencessavestate?None,RRHH+CATALINA,true HTTP/1.1" 200 35
192.168.10.89 - - [23/Apr/2019:11:05:54 -0300] "GET /cormun/PublicTempStorage/isapre8334017.pdf HTTP/1.1" 200 104146
186.103.159.204 - - [23/Apr/2019:11:05:59 -0300] "POST /cormun/servlet/solicitudot?gx-no-cache=1556028132627 HTTP/1.1" 200 1345
186.103.159.204 - - [23/Apr/2019:11:05:59 -0300] "POST /cormun/servlet/solicitudot?gx-no-cache=1556028132700 HTTP/1.1" 200 38
192.168.10.89 - - [23/Apr/2019:11:06:03 -0300] "GET /cormun/servlet/vesolicitudgral?2019,15073,,SolicitudOTAdjuntos HTTP/1.1" 200 10607
192.168.10.89 - - [23/Apr/2019:11:06:04 -0300] "GET /cormun/pexe_scrolldiv.js HTTP/1.1" 404 1009
192.168.10.89 - - [23/Apr/2019:11:06:05 -0300] "POST /cormun/servlet/acontrolpreferencessavestate?None,RRHH+CATALINA,true HTTP/1.1" 200 35
192.168.10.89 - - [23/Apr/2019:11:06:06 -0300] "GET /cormun/PublicTempStorage/ant9750167.pdf HTTP/1.1" 200 156684
192.168.10.89 - - [23/Apr/2019:11:06:11 -0300] "GET /cormun/servlet/vesolicitudgral?2019,15073,,SolicitudOTAdjuntos HTTP/1.1" 200 10601
192.168.10.89 - - [23/Apr/2019:11:06:11 -0300] "GET /cormun/pexe_scrolldiv.js HTTP/1.1" 404 1009
192.168.10.89 - - [23/Apr/2019:11:06:13 -0300] "POST /cormun/servlet/acontrolpreferencessavestate?None,RRHH+CATALINA,true HTTP/1.1" 200 35
192.168.10.89 - - [23/Apr/2019:11:06:13 -0300] "GET /cormun/PublicTempStorage/curriculum2134444.pdf HTTP/1.1" 200 321691
192.168.10.89 - - [23/Apr/2019:11:06:18 -0300] "GET /cormun/servlet/vesolicitudgral?2019,15073,,SolicitudOTAdjuntos HTTP/1.1" 200 10603
192.168.10.89 - - [23/Apr/2019:11:06:18 -0300] "GET /cormun/pexe_scrolldiv.js HTTP/1.1" 404 1009
186.103.159.204 - - [23/Apr/2019:11:06:19 -0300] "GET /cormun/servlet/solicitudot?2ac1af7138edd51e451433c52fef6e55ed712fe8a37851ef7a682db1ad0832a715df65d564b9565a4b36167ff8a316db8b79c25137a2d98a172d6a8e12d6e11fe3d674100b3b1fca2f880add56ef1a7500f0745ca84a759e0809bd19219e19f153b42a998ffa202a4c9b279fa7e14ae7,gx-no-cache=1556028153265 HTTP/1.1" 200 110
186.103.159.204 - - [23/Apr/2019:11:06:19 -0300] "POST /cormun/servlet/solicitudot?gx-no-cache=1556028153298 HTTP/1.1" 200 97
192.168.10.89 - - [23/Apr/2019:11:06:20 -0300] "POST /cormun/servlet/acontrolpreferencessavestate?None,RRHH+CATALINA,true HTTP/1.1" 200 35
216.218.139.243 - - [23/Apr/2019:11:06:50 -0300] "GET /cgi-bin/authLogin.cgi HTTP/1.1" 404 1003
186.103.159.204 - - [23/Apr/2019:11:08:16 -0300] "POST /cormun/servlet/solicitudot?gx-no-cache=1556028270025 HTTP/1.1" 200 72
186.103.159.204 - - [23/Apr/2019:11:09:06 -0300] "GET /cormun/servlet/solicitudot?2ac1af7138edd51e451433c52fef6e55ccaa3982d4dcc14de89d42d688c536c4ac2bc268e0e0b385d1050e886a67632819426eba42f3a599311f03540e8d5d67fdc04b25235ea73effc4ca79f4cf3c90ac5d4032c2303fc32277eb91069a455a72f2557246c73af5722922f3f3faaf7c,gx-no-cache=1556028319775 HTTP/1.1" 200 29
186.103.159.204 - - [23/Apr/2019:11:09:06 -0300] "GET /cormun/static/menuarrow.gif HTTP/1.1" 404 1015
186.103.159.204 - - [23/Apr/2019:11:09:14 -0300] "GET /cormun/servlet/solicitudot?2ac1af7138edd51e451433c52fef6e55d7908ea4c8c7139674baf460211f45e8b301986eccc5ae57f0c59b8ad9f044fd,gx-no-cache=1556028328366 HTTP/1.1" 200 30
190.171.141.138 - - [23/Apr/2019:11:09:16 -0300] "POST /cormun/servlet/solicitudot?98173f28bb9b3d821b11b14e90ace1a5,INS,0,0,,gx-no-cache=1556028331434 HTTP/1.1" 200 12335
190.171.141.138 - - [23/Apr/2019:11:09:17 -0300] "GET /cormun/static/Shared/jqueryui/images/ui-bg_highlight-soft_100_c6c2c8_1x100.png HTTP/1.1" 404 1117
190.171.141.138 - - [23/Apr/2019:11:09:17 -0300] "GET /cormun/static/Shared/jqueryui/images/ui-icons_82798d_256x240.png HTTP/1.1" 404 1089
190.171.141.138 - - [23/Apr/2019:11:09:17 -0300] "GET /cormun/static/Shared/jqueryui/images/ui-bg_flat_55_994d53_40x100.png HTTP/1.1" 404 1097
190.171.141.138 - - [23/Apr/2019:11:09:17 -0300] "GET /cormun/static/Shared/jqueryui/images/ui-icons_ebccce_256x240.png HTTP/1.1" 404 1089
186.103.159.204 - - [23/Apr/2019:11:09:37 -0300] "POST /cormun/servlet/solicitudot?gx-no-cache=1556028350739 HTTP/1.1" 200 33
192.168.10.89 - - [23/Apr/2019:11:10:39 -0300] "POST /cormun/servlet/vesolicitudgral?581046b81185997cb1c15cecc24b272c,2019,15073,,SolicitudOTAdjuntos,gx-no-cache=1556035434173 HTTP/1.1" 200 90
192.168.10.89 - - [23/Apr/2019:11:10:39 -0300] "GET /cormun/servlet/hpexe_link HTTP/1.1" 200 996
192.168.10.89 - - [23/Apr/2019:11:10:39 -0300] "GET /cormun/servlet/trsolicitudgral?gx-no-cache=1556035115823 HTTP/1.1" 200 9735
192.168.10.89 - - [23/Apr/2019:11:10:45 -0300] "POST /cormun/servlet/trsolicitudgral?581046b81185997cb1c15cecc24b272c,gx-no-cache=1556035115823,gx-no-cache=1556035440213 HTTP/1.1" 200 6626
186.103.159.204 - - [23/Apr/2019:11:10:47 -0300] "POST /cormun/servlet/solicitudot?d1449f6bc9816987b33acd4ad355238a,INS,0,0,,gx-no-cache=1556028420633 HTTP/1.1" 200 93
186.103.159.204 - - [23/Apr/2019:11:10:47 -0300] "GET /cormun/servlet/hpexe_return? HTTP/1.1" 200 1005
186.103.159.204 - - [23/Apr/2019:11:10:47 -0300] "GET /cormun/servlet/trsolicitudot HTTP/1.1" 200 9054
186.103.159.204 - - [23/Apr/2019:11:10:48 -0300] "GET /cormun/servlet/trsolicitudot HTTP/1.1" 200 9050
190.171.144.234 - - [23/Apr/2019:11:11:16 -0300] "POST /cormun/servlet/solicitudotadjuntos?gx-no-cache=1556028452313 HTTP/1.1" 200 26
186.103.159.204 - - [23/Apr/2019:11:11:20 -0300] "GET /cormun/servlet/trlicencias? HTTP/1.1" 200 6973
186.103.159.204 - - [23/Apr/2019:11:11:21 -0300] "GET /cormun/servlet/trlicencias? HTTP/1.1" 200 6972
186.103.159.204 - - [23/Apr/2019:11:11:27 -0300] "GET /cormun/servlet/trlicencias? HTTP/1.1" 200 6972
186.103.159.204 - - [23/Apr/2019:11:11:27 -0300] "GET /cormun/servlet/trlicencias? HTTP/1.1" 200 6972
186.103.159.204 - - [23/Apr/2019:11:11:42 -0300] "GET /cormun/servlet/trsolicitudot? HTTP/1.1" 200 9050
186.103.159.204 - - [23/Apr/2019:11:11:42 -0300] "GET /cormun/servlet/trsolicitudot? HTTP/1.1" 200 9050
192.168.10.89 - - [23/Apr/2019:11:12:05 -0300] "POST /cormun/servlet/trsolicitudgral?581046b81185997cb1c15cecc24b272c,gx-no-cache=1556035115823,gx-no-cache=1556035519922 HTTP/1.1" 200 7487
192.168.10.89 - - [23/Apr/2019:11:12:25 -0300] "POST /cormun/servlet/trsolicitudgral?581046b81185997cb1c15cecc24b272c,gx-no-cache=1556035115823,gx-no-cache=1556035534928 HTTP/1.1" 200 25632
190.171.144.234 - - [23/Apr/2019:11:12:30 -0300] "GET /cormun/servlet/solicitudotadjuntos?8731aa8ab2b576c8ad9360a83de229670c6c4402c851d21cb1b6d4b8c5421d98,gx-no-cache=1556028526696 HTTP/1.1" 200 30
190.171.144.234 - - [23/Apr/2019:11:12:30 -0300] "GET /cormun/servlet/solicitudotadjuntos?8731aa8ab2b576c8ad9360a83de229670c6c4402c851d21cb1b6d4b8c5421d98,gx-no-cache=1556028526746 HTTP/1.1" 200 30
190.171.144.234 - - [23/Apr/2019:11:12:31 -0300] "POST /cormun/servlet/solicitudotadjuntos?b3d9daca1b0289947e3825cef9a5ca23,INS,2019,15413,,1, HTTP/1.1" 200 116
190.171.144.234 - - [23/Apr/2019:11:12:31 -0300] "GET /cormun/servlet/hpexe_return? HTTP/1.1" 200 1020
190.171.144.234 - - [23/Apr/2019:11:12:31 -0300] "GET /cormun/servlet/trsolicitudadjuntos?2019,15413, HTTP/1.1" 200 8702
190.171.144.234 - - [23/Apr/2019:11:12:32 -0300] "GET /cormun/servlet/trsolicitudadjuntos?2019,15413, HTTP/1.1" 200 8698
190.171.144.234 - - [23/Apr/2019:11:12:35 -0300] "GET /cormun/servlet/solicitudotadjuntos?INS,2019,15413,,1, HTTP/1.1" 200 6059
190.171.144.234 - - [23/Apr/2019:11:12:35 -0300] "GET /cormun/static/about:blank HTTP/1.1" 404 1011
190.171.144.234 - - [23/Apr/2019:11:12:35 -0300] "GET /cormun/servlet/solicitudotadjuntos?INS,2019,15413,,1, HTTP/1.1" 200 6053
190.171.144.234 - - [23/Apr/2019:11:12:36 -0300] "GET /cormun/servlet/solicitudotadjuntos?8731aa8ab2b576c8ad9360a83de2296724e04d58eda1c52d1b6c817f08bbea753cac6846c065e3c5f011ccc09e8e2ed3,gx-no-cache=1556028532154 HTTP/1.1" 200 30
190.171.144.234 - - [23/Apr/2019:11:12:36 -0300] "POST /cormun/servlet/solicitudotadjuntos?b3d9daca1b0289947e3825cef9a5ca23,INS,2019,15413,,1,,gx-no-cache=1556028532209 HTTP/1.1" 200 3877
186.103.159.204 - - [23/Apr/2019:11:12:38 -0300] "GET /cormun/servlet/solicitudot?INS,0,0, HTTP/1.1" 200 14998
186.103.159.204 - - [23/Apr/2019:11:12:39 -0300] "GET /cormun/servlet/solicitudot?INS,0,0, HTTP/1.1" 200 15002
190.171.144.234 - - [23/Apr/2019:11:12:45 -0300] "POST /cormun/servlet/solicitudotadjuntos?gx-no-cache=1556028540993 HTTP/1.1" 200 26
186.103.159.204 - - [23/Apr/2019:11:12:52 -0300] "POST /cormun/servlet/solicitudot?gx-no-cache=1556028546062 HTTP/1.1" 200 3569
186.103.159.204 - - [23/Apr/2019:11:12:52 -0300] "POST /cormun/servlet/solicitudot?d1449f6bc9816987b33acd4ad355238a,INS,0,0,,gx-no-cache=1556028546212 HTTP/1.1" 200 11833
190.171.144.234 - - [23/Apr/2019:11:13:18 -0300] "GET /cormun/servlet/solicitudotadjuntos?8731aa8ab2b576c8ad9360a83de229670c6c4402c851d21cb1b6d4b8c5421d98,gx-no-cache=1556028574333 HTTP/1.1" 200 30
190.171.144.234 - - [23/Apr/2019:11:13:18 -0300] "GET /cormun/servlet/solicitudotadjuntos?8731aa8ab2b576c8ad9360a83de229670c6c4402c851d21cb1b6d4b8c5421d98,gx-no-cache=1556028574362 HTTP/1.1" 200 30
190.171.144.234 - - [23/Apr/2019:11:13:18 -0300] "POST /cormun/servlet/solicitudotadjuntos?b3d9daca1b0289947e3825cef9a5ca23,INS,2019,15413,,1, HTTP/1.1" 200 116
190.171.144.234 - - [23/Apr/2019:11:13:18 -0300] "GET /cormun/servlet/hpexe_return? HTTP/1.1" 200 1020
190.171.144.234 - - [23/Apr/2019:11:13:18 -0300] "GET /cormun/servlet/trsolicitudadjuntos?2019,15413, HTTP/1.1" 200 8935
190.171.144.234 - - [23/Apr/2019:11:13:19 -0300] "GET /cormun/servlet/trsolicitudadjuntos?2019,15413, HTTP/1.1" 200 8933
190.171.152.114 - - [23/Apr/2019:11:13:22 -0300] "GET /cormun/servlet/licenciaspermisos?35f38098dca2df33a0b642df2a6201949e77360fb2e0885f9349dbc5a858401b07103a7b1269d680d9f8e09fdbaf030494e0d4d322f2283884462b5b838fbff1afec531f5bc98bdccf2f08e0542006766e774f982069350f7372f6c017f55e9315838e66a93de0a28a45660a7c97079b6eb4567c6c519ec138f69568fcc1453e0d0b135f9df8dc1ec03ecbaa12cec617ffeaa9fbbaac16012be226f0e860badc43c8d93343722cad9da73f653ca3ecf79a71396e8912146a36aa6ba60baf7d3a74967839886e6fbec0382cd39219a07074ffb224e933ced190248abf6c078543f83c9a5751ba5f21c19eba2d93194889,gx-no-cache=1556028577938 HTTP/1.1" 200 53
190.171.152.114 - - [23/Apr/2019:11:13:24 -0300] "POST /cormun/servlet/licenciaspermisos?d9553aa91c65a88a76bcf9ad6a86e6fc,INS,0,,,,gx-no-cache=1556028580069 HTTP/1.1" 200 93
190.171.152.114 - - [23/Apr/2019:11:13:24 -0300] "GET /cormun/servlet/hpexe_return? HTTP/1.1" 200 1011
190.171.144.234 - - [23/Apr/2019:11:13:24 -0300] "GET /cormun/servlet/solicitudotadjuntos?INS,2019,15413,,1, HTTP/1.1" 200 6060
190.171.152.114 - - [23/Apr/2019:11:13:24 -0300] "GET /cormun/static/gxcfg.js?2016101716175148 HTTP/1.1" 200 953
190.171.152.114 - - [23/Apr/2019:11:13:24 -0300] "GET /cormun/static/Resources/Spanish/PXTools.css?167811 HTTP/1.1" 200 89042
190.171.152.114 - - [23/Apr/2019:11:13:24 -0300] "GET /cormun/static/hpexe_return.js?2016101716175153 HTTP/1.1" 200 1633
190.171.144.234 - - [23/Apr/2019:11:13:24 -0300] "GET /cormun/static/about:blank HTTP/1.1" 404 1011
190.171.144.234 - - [23/Apr/2019:11:13:25 -0300] "GET /cormun/servlet/solicitudotadjuntos?INS,2019,15413,,1, HTTP/1.1" 200 6054
190.171.152.114 - - [23/Apr/2019:11:13:25 -0300] "GET /cormun/servlet/trlicencias HTTP/1.1" 200 11570
190.171.144.234 - - [23/Apr/2019:11:13:25 -0300] "GET /cormun/servlet/solicitudotadjuntos?8731aa8ab2b576c8ad9360a83de2296724e04d58eda1c52d1b6c817f08bbea753cac6846c065e3c5f011ccc09e8e2ed3,gx-no-cache=1556028581456 HTTP/1.1" 200 30
190.171.144.234 - - [23/Apr/2019:11:13:25 -0300] "POST /cormun/servlet/solicitudotadjuntos?b3d9daca1b0289947e3825cef9a5ca23,INS,2019,15413,,1,,gx-no-cache=1556028581532 HTTP/1.1" 200 3878
190.171.152.114 - - [23/Apr/2019:11:13:25 -0300] "GET /cormun//static/Resources/PXToolsGridDelete.png HTTP/1.1" 200 357
190.171.152.114 - - [23/Apr/2019:11:13:25 -0300] "GET /cormun//static/Resources/PXToolsGridUpdate.png HTTP/1.1" 200 2984
190.171.152.114 - - [23/Apr/2019:11:13:29 -0300] "GET /cormun/servlet/trlicenciaspermisosadjuntos?17416984,20190423000000,L, HTTP/1.1" 200 6620
190.171.152.114 - - [23/Apr/2019:11:13:29 -0300] "GET /cormun/static/gxcfg.js?20177612163414 HTTP/1.1" 200 953
190.171.152.114 - - [23/Apr/2019:11:13:30 -0300] "GET /cormun/static/trlicenciaspermisosadjuntos.js?20177612163719 HTTP/1.1" 200 21036
190.171.144.234 - - [23/Apr/2019:11:13:30 -0300] "POST /cormun/servlet/solicitudotadjuntos?gx-no-cache=1556028586775 HTTP/1.1" 200 26
190.171.152.114 - - [23/Apr/2019:11:13:32 -0300] "GET /cormun/servlet/licenciaspermisosadjuntos?INS,17416984,L,20190423000000,, HTTP/1.1" 200 5918
190.171.152.114 - - [23/Apr/2019:11:13:32 -0300] "GET /cormun/static/gxcfg.js?2017761263592 HTTP/1.1" 200 953
190.171.152.114 - - [23/Apr/2019:11:13:32 -0300] "GET /cormun/static/licenciaspermisosadjuntos.js?201776126362 HTTP/1.1" 200 8760
190.171.152.114 - - [23/Apr/2019:11:13:32 -0300] "HEAD /cormun/static/about:blank HTTP/1.1" 404 -
190.171.144.234 - - [23/Apr/2019:11:13:37 -0300] "GET /cormun/servlet/solicitudotadjuntos?8731aa8ab2b576c8ad9360a83de229670c6c4402c851d21cb1b6d4b8c5421d98,gx-no-cache=1556028592938 HTTP/1.1" 200 30
190.171.144.234 - - [23/Apr/2019:11:13:37 -0300] "GET /cormun/servlet/solicitudotadjuntos?8731aa8ab2b576c8ad9360a83de229670c6c4402c851d21cb1b6d4b8c5421d98,gx-no-cache=1556028592976 HTTP/1.1" 200 30
190.171.144.234 - - [23/Apr/2019:11:13:39 -0300] "POST /cormun/servlet/solicitudotadjuntos?b3d9daca1b0289947e3825cef9a5ca23,INS,2019,15413,,1, HTTP/1.1" 200 116
190.171.144.234 - - [23/Apr/2019:11:13:39 -0300] "GET /cormun/servlet/hpexe_return? HTTP/1.1" 200 1020
190.171.144.234 - - [23/Apr/2019:11:13:40 -0300] "GET /cormun/servlet/trsolicitudadjuntos?2019,15413, HTTP/1.1" 200 9107
190.171.144.234 - - [23/Apr/2019:11:13:40 -0300] "GET /cormun/servlet/trsolicitudadjuntos?2019,15413, HTTP/1.1" 200 9103
190.171.152.114 - - [23/Apr/2019:11:13:43 -0300] "POST /cormun/servlet/licenciaspermisosadjuntos?d9553aa91c65a88a76bcf9ad6a86e6fc,INS,17416984,L,20190423000000,, HTTP/1.1" 200 116
190.171.152.114 - - [23/Apr/2019:11:13:43 -0300] "GET /cormun/servlet/hpexe_return? HTTP/1.1" 200 1042
190.171.152.114 - - [23/Apr/2019:11:13:44 -0300] "GET /cormun/servlet/trlicenciaspermisosadjuntos?17416984,20190423000000,L, HTTP/1.1" 200 7145
190.171.152.114 - - [23/Apr/2019:11:13:45 -0300] "GET /cormun/PublicTempStorage/licencia_medica_hansley_torres4340448.pdf HTTP/1.1" 200 1232567
190.171.152.114 - - [23/Apr/2019:11:13:46 -0300] "GET /cormun/PublicTempStorage/licencia_medica_hansley_torres4340448.pdf HTTP/1.1" 200 1232567
190.171.144.234 - - [23/Apr/2019:11:13:47 -0300] "GET /cormun/servlet/solicitudotadjuntos?INS,2019,15413,,1, HTTP/1.1" 200 6060
190.171.144.234 - - [23/Apr/2019:11:13:47 -0300] "GET /cormun/static/about:blank HTTP/1.1" 404 1011
190.171.144.234 - - [23/Apr/2019:11:13:47 -0300] "GET /cormun/servlet/solicitudotadjuntos?INS,2019,15413,,1, HTTP/1.1" 200 6054
190.171.144.234 - - [23/Apr/2019:11:13:48 -0300] "GET /cormun/servlet/solicitudotadjuntos?8731aa8ab2b576c8ad9360a83de2296724e04d58eda1c52d1b6c817f08bbea753cac6846c065e3c5f011ccc09e8e2ed3,gx-no-cache=1556028604273 HTTP/1.1" 200 30
190.171.144.234 - - [23/Apr/2019:11:13:48 -0300] "POST /cormun/servlet/solicitudotadjuntos?b3d9daca1b0289947e3825cef9a5ca23,INS,2019,15413,,1,,gx-no-cache=1556028604293 HTTP/1.1" 200 3878
190.171.144.234 - - [23/Apr/2019:11:13:53 -0300] "POST /cormun/servlet/solicitudotadjuntos?gx-no-cache=1556028609743 HTTP/1.1" 200 26
190.171.152.114 - - [23/Apr/2019:11:13:54 -0300] "GET /cormun/servlet/trlicencias? HTTP/1.1" 200 11565
186.103.159.204 - - [23/Apr/2019:11:13:55 -0300] "GET /cormun/servlet/trsolicitudot? HTTP/1.1" 200 9051
186.103.159.204 - - [23/Apr/2019:11:13:56 -0300] "GET /cormun/servlet/trsolicitudot? HTTP/1.1" 200 9050
190.171.152.114 - - [23/Apr/2019:11:13:59 -0300] "GET /cormun/servlet/alicenciaprn?17416984,L,20190423000000,PU HTTP/1.1" 200 1610
190.171.144.234 - - [23/Apr/2019:11:14:00 -0300] "GET /cormun/servlet/solicitudotadjuntos?8731aa8ab2b576c8ad9360a83de229670c6c4402c851d21cb1b6d4b8c5421d98,gx-no-cache=1556028616757 HTTP/1.1" 200 30
190.171.144.234 - - [23/Apr/2019:11:14:01 -0300] "GET /cormun/servlet/solicitudotadjuntos?8731aa8ab2b576c8ad9360a83de229670c6c4402c851d21cb1b6d4b8c5421d98,gx-no-cache=1556028616856 HTTP/1.1" 200 30
190.171.144.234 - - [23/Apr/2019:11:14:01 -0300] "POST /cormun/servlet/solicitudotadjuntos?b3d9daca1b0289947e3825cef9a5ca23,INS,2019,15413,,1, HTTP/1.1" 200 116
190.171.144.234 - - [23/Apr/2019:11:14:01 -0300] "GET /cormun/servlet/hpexe_return? HTTP/1.1" 200 1020
190.171.144.234 - - [23/Apr/2019:11:14:01 -0300] "GET /cormun/servlet/trsolicitudadjuntos?2019,15413, HTTP/1.1" 200 9309
190.171.144.234 - - [23/Apr/2019:11:14:03 -0300] "GET /cormun/servlet/trsolicitudadjuntos?2019,15413, HTTP/1.1" 200 9307
190.171.141.138 - - [23/Apr/2019:11:14:04 -0300] "GET /cormun/servlet/prbanco?,MD,,gxPopupLevel%3D0%3B HTTP/1.1" 200 6855
190.171.141.138 - - [23/Apr/2019:11:14:04 -0300] "GET /cormun/static/gxcfg.js?20181161016094 HTTP/1.1" 304 -
190.171.141.138 - - [23/Apr/2019:11:14:09 -0300] "GET /cormun/servlet/solicitudot?fd3fa2ed021715445cccee7d93c32211e5f04106c19eb4945ec300b2d906e4aed895f1d8504413879a9634b2dd7bb4f1,gx-no-cache=1556028623783 HTTP/1.1" 200 30
190.171.141.138 - - [23/Apr/2019:11:14:09 -0300] "GET /cormun/servlet/solicitudot?fd3fa2ed021715445cccee7d93c3221157b01559d6abd97e5e979d6b91832d7b,gx-no-cache=1556028623808 HTTP/1.1" 200 94
190.171.144.234 - - [23/Apr/2019:11:14:28 -0300] "GET /cormun/servlet/solicitudotadjuntos?INS,2019,15413,,1, HTTP/1.1" 200 6060
190.171.144.234 - - [23/Apr/2019:11:14:28 -0300] "GET /cormun/static/about:blank HTTP/1.1" 404 1011
190.171.144.234 - - [23/Apr/2019:11:14:28 -0300] "GET /cormun/servlet/solicitudotadjuntos?INS,2019,15413,,1, HTTP/1.1" 200 6054
190.171.144.234 - - [23/Apr/2019:11:14:29 -0300] "GET /cormun/servlet/solicitudotadjuntos?8731aa8ab2b576c8ad9360a83de2296724e04d58eda1c52d1b6c817f08bbea753cac6846c065e3c5f011ccc09e8e2ed3,gx-no-cache=1556028645135 HTTP/1.1" 200 30
190.171.144.234 - - [23/Apr/2019:11:14:29 -0300] "POST /cormun/servlet/solicitudotadjuntos?b3d9daca1b0289947e3825cef9a5ca23,INS,2019,15413,,1,,gx-no-cache=1556028645157 HTTP/1.1" 200 3878
190.171.141.138 - - [23/Apr/2019:11:14:35 -0300] "GET /cormun/servlet/solicitudot?fd3fa2ed021715445cccee7d93c32211d6ae2b3af662b498748328d7721f930247db6b85f823f0a09b368aa4036f1e1c10d5a17c3af5b31fb2a57c9a090e1f52,gx-no-cache=1556028649784 HTTP/1.1" 200 30
190.171.141.138 - - [23/Apr/2019:11:14:35 -0300] "GET /cormun/servlet/solicitudot?fd3fa2ed021715445cccee7d93c3221103264d12f749f62226ea9acad20e97c8,gx-no-cache=1556028649871 HTTP/1.1" 200 123
190.171.141.138 - - [23/Apr/2019:11:14:35 -0300] "POST /cormun/servlet/solicitudot?gx-no-cache=1556028649899 HTTP/1.1" 200 297
190.171.141.138 - - [23/Apr/2019:11:14:35 -0300] "GET /cormun/servlet/solicitudot?fd3fa2ed021715445cccee7d93c32211860e87e69b47576b10fee776a0d3928fd5f0921aecc70cdd9a27a8ee4fc92d2ffe8817e2bfdbc0d8a1093e56803689904daaecdb3a7147fe6ed7cfdb237b1595513079a1ab5777e606309e25170ab4dcc88b665caca5f63382bc486f41890e744575e8215893ef7952e30ea90cab959346ea19db4945b96cde43091987a8fe076556918c9831fb8ac750f4f5ab9f43acd4be6baf84fc8d4d50a149a5d01b94835809444ef1c4a6b6abdeb60c5b5f55b1bf3784a4ac8f0f8430e82811529b4d866d875fb70a74cd41b785f8adf2de75c30571be72e2d13d440d1b4600b27bdc5ee05632c5c19a2291402b433112af97608626fcf6486ac33f1fb92ae4063e5f21ab11099b0614ee3ad50b3062f022230c3f05876af1b06a26ad9d9e7317fb3f615bb5b7c33548bfa4cf0694421238f24a510fd2e5bb2a7e33277489fea8e8ca8bca9010ac3a055d3c16ce3e504f3eea3fc63ffdc870e82b874a1fd6c35124b709eaba6bc7db1ee0c0555d412d0a4761047ede57da5993d2c800eede1f3aaf768e,gx-no-cache=1556028649944 HTTP/1.1" 200 30
190.171.149.90 - - [23/Apr/2019:11:14:37 -0300] "GET /cormun/servlet/trsolicitudot? HTTP/1.1" 200 6408
190.171.141.138 - - [23/Apr/2019:11:14:38 -0300] "POST /cormun/servlet/solicitudot?gx-no-cache=1556028652658 HTTP/1.1" 200 30
190.171.141.138 - - [23/Apr/2019:11:14:40 -0300] "POST /cormun/servlet/solicitudot?gx-no-cache=1556028655381 HTTP/1.1" 200 1343
190.171.141.138 - - [23/Apr/2019:11:14:40 -0300] "POST /cormun/servlet/solicitudot?gx-no-cache=1556028655432 HTTP/1.1" 200 38
190.171.144.234 - - [23/Apr/2019:11:14:41 -0300] "POST /cormun/servlet/solicitudotadjuntos?gx-no-cache=1556028657864 HTTP/1.1" 200 26
