200.54.103.162 - - [23/Apr/2019:11:26:09 -0300] "GET /cormun/static/RunJS/RunJS.js HTTP/1.1" 200 288
200.54.103.162 - - [23/Apr/2019:11:26:10 -0300] "GET /cormun/static/scaMessage/css/jquery.pnotify.default.css?1716380 HTTP/1.1" 200 1707
200.54.103.162 - - [23/Apr/2019:11:26:10 -0300] "GET /cormun/static/Shared/ext/ext-all.js HTTP/1.1" 200 1289687
200.54.103.162 - - [23/Apr/2019:11:26:10 -0300] "GET /cormun/static/gxui/gxui-all.js HTTP/1.1" 200 107772
200.54.103.162 - - [23/Apr/2019:11:26:10 -0300] "GET /cormun/static/Shared/ext/locale/ext-lang-en.js HTTP/1.1" 200 10940
200.54.103.162 - - [23/Apr/2019:11:26:10 -0300] "GET /cormun/static/hhome.js?20175251212450 HTTP/1.1" 200 777
200.54.103.162 - - [23/Apr/2019:11:26:10 -0300] "GET /cormun/static/hwchdr01.js?201752511465785 HTTP/1.1" 200 1183
200.54.103.162 - - [23/Apr/2019:11:26:10 -0300] "GET /cormun/static/hpexe_recentlink.js?20177611595044 HTTP/1.1" 200 2144
200.54.103.162 - - [23/Apr/2019:11:26:10 -0300] "GET /cormun/static/hpexe_scripts.js?201752511465715 HTTP/1.1" 200 1544
190.171.141.138 - - [23/Apr/2019:11:26:10 -0300] "POST /cormun/servlet/trsolicitudot?98173f28bb9b3d821b11b14e90ace1a5,gx-no-cache=1556029345372 HTTP/1.1" 200 106
200.54.103.162 - - [23/Apr/2019:11:26:10 -0300] "GET /cormun/static/hpexe_messagecontroller.js?20177611595012 HTTP/1.1" 200 870
200.54.103.162 - - [23/Apr/2019:11:26:10 -0300] "GET /cormun/static/hpexe_messagepopupcomponent.js?20161017169425 HTTP/1.1" 200 605
200.54.103.162 - - [23/Apr/2019:11:26:11 -0300] "GET /cormun/static/hpexe_messagegenexuscomponent.js?201752511465344 HTTP/1.1" 200 587
190.171.141.138 - - [23/Apr/2019:11:26:11 -0300] "GET /cormun/servlet/solicitudot?UPD,2019,15418, HTTP/1.1" 200 16039
200.54.103.162 - - [23/Apr/2019:11:26:11 -0300] "GET /cormun/static/cmcontrolpreferences.js?201752511465670 HTTP/1.1" 200 1375
200.54.103.162 - - [23/Apr/2019:11:26:11 -0300] "GET /cormun/static/Shared/jquery/jquery-1.4.2.min.js HTTP/1.1" 200 72174
200.54.103.162 - - [23/Apr/2019:11:26:11 -0300] "GET /cormun/static/Shared/jquery/jquery-1.10.2.min.js HTTP/1.1" 200 273199
200.54.103.162 - - [23/Apr/2019:11:26:11 -0300] "GET /cormun/static/Shared/jqueryui/jquery-ui.min.js HTTP/1.1" 200 240427
190.171.141.138 - - [23/Apr/2019:11:26:11 -0300] "GET /cormun/servlet/solicitudot?UPD,2019,15418, HTTP/1.1" 200 16049
200.54.103.162 - - [23/Apr/2019:11:26:11 -0300] "GET /cormun/static/SmoothNavMenu/resources/SmoothNavMenuRender.js HTTP/1.1" 200 5951
200.54.103.162 - - [23/Apr/2019:11:26:11 -0300] "GET /cormun/static/scaMessage/js/jquery.pnotify.min.js HTTP/1.1" 200 13038
200.54.103.162 - - [23/Apr/2019:11:26:11 -0300] "GET /cormun/static/scaMessage/scaMessageRender.js HTTP/1.1" 200 11977
200.54.103.162 - - [23/Apr/2019:11:26:11 -0300] "GET /cormun/static/hmpwkw03.js?20189613443875 HTTP/1.1" 200 3965
200.54.103.162 - - [23/Apr/2019:11:26:11 -0300] "GET /cormun/static/Resources/PXToolsHeaderHome.png HTTP/1.1" 200 4147
200.54.103.162 - - [23/Apr/2019:11:26:11 -0300] "GET /cormun/static/Resources/PXToolsHeaderLogin.png HTTP/1.1" 200 4279
200.54.103.162 - - [23/Apr/2019:11:26:11 -0300] "GET /cormun/static/Resources/PXToolsHeaderPreferences.png HTTP/1.1" 200 4189
200.54.103.162 - - [23/Apr/2019:11:26:11 -0300] "GET /cormun/static/Resources/PXToolsHeaderActionsRight.png HTTP/1.1" 200 1201
200.54.103.162 - - [23/Apr/2019:11:26:12 -0300] "GET /cormun/static/Resources/PXToolsFooterBackground2.png HTTP/1.1" 200 1172
200.54.103.162 - - [23/Apr/2019:11:26:12 -0300] "GET /cormun/static/Resources/PXToolsHeaderSecurity.png HTTP/1.1" 200 4166
200.54.103.162 - - [23/Apr/2019:11:26:12 -0300] "GET /cormun/static/Resources/PXToolsHeaderBackground2.png HTTP/1.1" 200 1174
200.54.103.162 - - [23/Apr/2019:11:26:12 -0300] "GET /cormun/static/Resources/PXToolsHeaderActionsBackground.png HTTP/1.1" 200 484
200.54.103.162 - - [23/Apr/2019:11:26:12 -0300] "GET /cormun/static/Resources/PXToolsDataTitle.png HTTP/1.1" 200 1173
190.171.141.138 - - [23/Apr/2019:11:26:12 -0300] "POST /cormun/servlet/solicitudot?gx-no-cache=1556029346638 HTTP/1.1" 200 3563
200.54.103.162 - - [23/Apr/2019:11:26:12 -0300] "GET /cormun/static/SmoothNavMenu/resources/ddsmoothmenu.js HTTP/1.1" 200 12712
190.171.141.138 - - [23/Apr/2019:11:26:12 -0300] "POST /cormun/servlet/solicitudot?98173f28bb9b3d821b11b14e90ace1a5,UPD,2019,15418,,gx-no-cache=1556029346809 HTTP/1.1" 200 12141
190.171.141.138 - - [23/Apr/2019:11:26:12 -0300] "GET /cormun/servlet/solicitudot?fd3fa2ed021715445cccee7d93c32211e5f04106c19eb4945ec300b2d906e4aed895f1d8504413879a9634b2dd7bb4f1,gx-no-cache=1556029347044 HTTP/1.1" 200 30
190.171.141.138 - - [23/Apr/2019:11:26:12 -0300] "GET /cormun/servlet/solicitudot?fd3fa2ed021715445cccee7d93c32211d6ae2b3af662b498748328d7721f9302e20880b8c61e7a6a3905aa0b2440d3fcaf16b757c16c16d7578362b030c51f62,gx-no-cache=1556029347074 HTTP/1.1" 200 30
190.171.141.138 - - [23/Apr/2019:11:26:12 -0300] "GET /cormun/servlet/solicitudot?fd3fa2ed021715445cccee7d93c322117cab3f7e4f9155bdb6ed8fed01bba454a60176b84abec9c9f74e0625c98223c2095f8cb820e5072dc5ce71a3ff0d3f786229368f4d9d626292515d694e780091,gx-no-cache=1556029347097 HTTP/1.1" 200 57
190.171.141.138 - - [23/Apr/2019:11:26:12 -0300] "POST /cormun/servlet/solicitudot?gx-no-cache=1556029347120 HTTP/1.1" 200 297
190.171.141.138 - - [23/Apr/2019:11:26:12 -0300] "GET /cormun/servlet/solicitudot?fd3fa2ed021715445cccee7d93c32211860e87e69b47576b10fee776a0d3928fd5f0921aecc70cdd9a27a8ee4fc92d2ffe8817e2bfdbc0d8a1093e56803689904daaecdb3a7147fe6ed7cfdb237b1595513079a1ab5777e606309e25170ab4dcc88b665caca5f63382bc486f41890e744575e8215893ef7952e30ea90cab959346ea19db4945b96cde43091987a8fe076556918c9831fb8ac750f4f5ab9f43acd4be6baf84fc8d4d50a149a5d01b94835809444ef1c4a6b6abdeb60c5b5f55b1bf3784a4ac8f0f8430e82811529b4d866d875fb70a74cd41b785f8adf2de75c30571be72e2d13d440d1b4600b27bdc5ee05632c5c19a2291402b433112af97608626fcf6486ac33f1fb92ae4063e5f21ab11099b0614ee3ad50b3062f022230c3f05876af1b06a26ad9d9e7317fb3f615bb5b7c33548bfa4cf0694421238f24a510fd2e5bb2a7e33277489fea8e8ca8bca9010ac3a055d3c16ce3e504f3eea3fc63ffdc870e82b874a1fd6c35124b709eaba6bc7db1ee0c0555d412d0a4761047ede57da5993d2c800eede1f3aaf768e,gx-no-cache=1556029347149 HTTP/1.1" 200 30
190.171.141.138 - - [23/Apr/2019:11:26:12 -0300] "POST /cormun/servlet/solicitudot?gx-no-cache=1556029347171 HTTP/1.1" 200 30
190.171.141.138 - - [23/Apr/2019:11:26:12 -0300] "POST /cormun/servlet/solicitudot?gx-no-cache=1556029347196 HTTP/1.1" 200 1343
190.171.141.138 - - [23/Apr/2019:11:26:12 -0300] "POST /cormun/servlet/solicitudot?gx-no-cache=1556029347242 HTTP/1.1" 200 40
200.54.103.162 - - [23/Apr/2019:11:26:12 -0300] "GET /cormun/servlet/hhome HTTP/1.1" 200 4332
200.54.103.162 - - [23/Apr/2019:11:26:12 -0300] "GET /cormun/static/SmoothNavMenu/resources/images/down.gif HTTP/1.1" 200 854
200.54.103.162 - - [23/Apr/2019:11:26:13 -0300] "GET /cormun/static/SmoothNavMenu/resources/images/right.gif HTTP/1.1" 200 860
200.54.103.162 - - [23/Apr/2019:11:26:19 -0300] "GET /cormun/servlet/trlicencias? HTTP/1.1" 200 12512
200.54.103.162 - - [23/Apr/2019:11:26:19 -0300] "GET /cormun/static/gxcfg.js?20176272054169 HTTP/1.1" 200 953
200.54.103.162 - - [23/Apr/2019:11:26:19 -0300] "GET /cormun/static/calendar-setup.js?85251 HTTP/1.1" 200 2588
200.54.103.162 - - [23/Apr/2019:11:26:19 -0300] "GET /cormun/static/calendar-system.css?75620 HTTP/1.1" 200 5572
200.54.103.162 - - [23/Apr/2019:11:26:19 -0300] "GET /cormun/static/Resources/Spanish/PXTools.css?17315867 HTTP/1.1" 200 89042
200.54.103.162 - - [23/Apr/2019:11:26:19 -0300] "GET /cormun/static/gxui/gxui-all.css?110300 HTTP/1.1" 200 2179
200.54.103.162 - - [23/Apr/2019:11:26:19 -0300] "GET /cormun/static/Resources/PXToolsDataSearch.png HTTP/1.1" 200 419
200.54.103.162 - - [23/Apr/2019:11:26:19 -0300] "GET /cormun/static/calendar-es.js?85251 HTTP/1.1" 200 1901
200.54.103.162 - - [23/Apr/2019:11:26:19 -0300] "GET /cormun/static/Shared/ext/resources/css/ext-all.css?205870 HTTP/1.1" 200 416045
200.54.103.162 - - [23/Apr/2019:11:26:19 -0300] "GET /cormun/static/Resources/PXTools/calendar.png HTTP/1.1" 200 1306
200.54.103.162 - - [23/Apr/2019:11:26:19 -0300] "GET /cormun/static/calendar.js?85251 HTTP/1.1" 200 26246
200.54.103.162 - - [23/Apr/2019:11:26:20 -0300] "GET /cormun/static/gxdec.js?85251 HTTP/1.1" 200 19579
200.54.103.162 - - [23/Apr/2019:11:26:20 -0300] "GET /cormun/static/trlicencias.js?20176272054837 HTTP/1.1" 200 41883
200.54.103.162 - - [23/Apr/2019:11:26:20 -0300] "GET /cormun/static/Resources/PXToolsGridFirstDisabled.gif HTTP/1.1" 200 100
200.54.103.162 - - [23/Apr/2019:11:26:20 -0300] "GET /cormun/static/Resources/PXToolsGridPreviousDisabled.gif HTTP/1.1" 200 90
200.54.103.162 - - [23/Apr/2019:11:26:20 -0300] "GET /cormun/static/Resources/PXToolsGridNextDisabled.gif HTTP/1.1" 200 90
200.54.103.162 - - [23/Apr/2019:11:26:20 -0300] "GET /cormun/static/Resources/PXToolsGridLastDisabled.gif HTTP/1.1" 200 98
200.54.103.162 - - [23/Apr/2019:11:26:20 -0300] "GET /cormun/static/Resources/PXToolsGridPage.gif HTTP/1.1" 200 725
200.54.103.162 - - [23/Apr/2019:11:26:20 -0300] "GET /cormun/static/Resources/PXToolsActionExcel.png HTTP/1.1" 200 3187
200.54.103.162 - - [23/Apr/2019:11:26:20 -0300] "GET /cormun/static/Resources/PXToolsGridNew.png HTTP/1.1" 200 2949
200.54.103.162 - - [23/Apr/2019:11:26:21 -0300] "GET /cormun//static/Resources/PXTools/ActionInsert.png HTTP/1.1" 200 1482
200.54.103.162 - - [23/Apr/2019:11:26:21 -0300] "GET /cormun/static/Resources/asc.gif HTTP/1.1" 200 67
200.54.103.162 - - [23/Apr/2019:11:26:21 -0300] "GET /cormun//static/Resources/PXToolsGridDisplay.png HTTP/1.1" 200 362
200.54.103.162 - - [23/Apr/2019:11:26:21 -0300] "GET /cormun//static/Resources/PXToolsActionDisabled.gif HTTP/1.1" 200 53
200.54.103.162 - - [23/Apr/2019:11:26:21 -0300] "GET /cormun/static/Resources/desc.gif HTTP/1.1" 200 65
200.54.103.162 - - [23/Apr/2019:11:26:21 -0300] "GET /cormun/servlet/trlicencias? HTTP/1.1" 200 12516
200.54.103.162 - - [23/Apr/2019:11:26:21 -0300] "GET /cormun//static/Resources/PXToolsHeaderHelp.png HTTP/1.1" 200 4055
190.171.144.234 - - [23/Apr/2019:11:26:21 -0300] "GET /cormun/servlet/trsolicitudot? HTTP/1.1" 200 8614
200.54.103.162 - - [23/Apr/2019:11:26:21 -0300] "GET /cormun//static/Resources/PXToolsHeaderFavorites.png HTTP/1.1" 200 2744
200.54.103.162 - - [23/Apr/2019:11:26:21 -0300] "GET /cormun//static/Resources/PXToolsActionPrint.png HTTP/1.1" 200 3317
200.54.103.162 - - [23/Apr/2019:11:26:22 -0300] "GET /cormun/static/Shared/ext/resources/themes/images/default/panel/bg-headersPanel.png HTTP/1.1" 200 255
200.54.103.162 - - [23/Apr/2019:11:26:22 -0300] "GET /cormun/static/Shared/ext/resources/themes/images/default/tools/tool-sprites.gif HTTP/1.1" 200 5434
190.171.144.234 - - [23/Apr/2019:11:26:22 -0300] "GET /cormun/servlet/trsolicitudot? HTTP/1.1" 200 8607
190.171.144.234 - - [23/Apr/2019:11:26:25 -0300] "GET /cormun/servlet/vesolicitudot?2019,15413,, HTTP/1.1" 200 8398
190.171.144.234 - - [23/Apr/2019:11:26:25 -0300] "GET /cormun/pexe_scrolldiv.js HTTP/1.1" 404 1009
190.171.144.234 - - [23/Apr/2019:11:26:26 -0300] "GET /cormun/servlet/vesolicitudot?2019,15413,, HTTP/1.1" 200 8398
190.171.144.234 - - [23/Apr/2019:11:26:30 -0300] "POST /cormun/servlet/vesolicitudot?b3d9daca1b0289947e3825cef9a5ca23,2019,15413,,,gx-no-cache=1556029366554 HTTP/1.1" 200 93
190.171.144.234 - - [23/Apr/2019:11:26:30 -0300] "GET /cormun/servlet/hpexe_return? HTTP/1.1" 200 1005
190.171.141.138 - - [23/Apr/2019:11:26:30 -0300] "POST /cormun/servlet/solicitudot?gx-no-cache=1556029365456 HTTP/1.1" 200 30
190.171.144.234 - - [23/Apr/2019:11:26:30 -0300] "GET /cormun/servlet/trsolicitudot HTTP/1.1" 200 8611
190.171.141.138 - - [23/Apr/2019:11:26:30 -0300] "POST /cormun/servlet/solicitudot?gx-no-cache=1556029365506 HTTP/1.1" 200 1343
190.171.141.138 - - [23/Apr/2019:11:26:30 -0300] "POST /cormun/servlet/solicitudot?gx-no-cache=1556029365562 HTTP/1.1" 200 40
190.171.141.138 - - [23/Apr/2019:11:26:30 -0300] "GET /cormun/servlet/solicitudot?fd3fa2ed021715445cccee7d93c322112a5c770a83ff7bfd6f05be9e12829116bfdd1e0e178a72d50cc0d07f892be7f2e91bfb0c3539ef6529dcb2b31b0fe8e860c5b1c097d35955443c87a9b44823f2cf9efffac16b63a1e17692d44df49817e0eb3566a498a896d36ab5bc05fd32fc,gx-no-cache=1556029365599 HTTP/1.1" 200 110
190.171.144.234 - - [23/Apr/2019:11:26:31 -0300] "GET /cormun/servlet/trsolicitudot HTTP/1.1" 200 8607
190.171.144.234 - - [23/Apr/2019:11:26:34 -0300] "POST /cormun/servlet/trsolicitudot?b3d9daca1b0289947e3825cef9a5ca23,gx-no-cache=1556029370638 HTTP/1.1" 200 107
190.171.144.234 - - [23/Apr/2019:11:26:35 -0300] "GET /cormun/servlet/trsolicitudadjuntos?2019,15413, HTTP/1.1" 200 9779
190.171.144.234 - - [23/Apr/2019:11:26:35 -0300] "GET /cormun/servlet/trsolicitudadjuntos?2019,15413, HTTP/1.1" 200 9782
190.171.144.234 - - [23/Apr/2019:11:26:43 -0300] "GET /cormun/servlet/trsolicitudot? HTTP/1.1" 200 8614
190.171.144.234 - - [23/Apr/2019:11:26:44 -0300] "GET /cormun/servlet/trsolicitudot? HTTP/1.1" 200 8607
190.171.144.234 - - [23/Apr/2019:11:26:51 -0300] "POST /cormun/servlet/trsolicitudot?b3d9daca1b0289947e3825cef9a5ca23,,gx-no-cache=1556029387012 HTTP/1.1" 200 4535
190.171.144.234 - - [23/Apr/2019:11:26:51 -0300] "GET /cormun/static/Shared/jqueryui/images/ui-icons_82798d_256x240.png HTTP/1.1" 404 1089
190.171.144.234 - - [23/Apr/2019:11:26:51 -0300] "GET /cormun/static/Shared/jqueryui/images/ui-bg_highlight-soft_100_c6c2c8_1x100.png HTTP/1.1" 404 1117
190.171.144.234 - - [23/Apr/2019:11:26:51 -0300] "GET /cormun/static/Shared/jqueryui/images/ui-bg_flat_55_fafafa_40x100.png HTTP/1.1" 404 1097
190.171.144.234 - - [23/Apr/2019:11:26:51 -0300] "GET /cormun/static/Shared/jqueryui/images/ui-icons_8d78a5_256x240.png HTTP/1.1" 404 1089
190.171.144.234 - - [23/Apr/2019:11:26:51 -0300] "POST /cormun/servlet/trsolicitudot?b3d9daca1b0289947e3825cef9a5ca23,,gx-no-cache=1556029387391 HTTP/1.1" 200 4321
190.171.141.138 - - [23/Apr/2019:11:27:04 -0300] "POST /cormun/servlet/solicitudot?gx-no-cache=1556029399571 HTTP/1.1" 200 97
190.171.141.138 - - [23/Apr/2019:11:27:13 -0300] "POST /cormun/servlet/solicitudot?98173f28bb9b3d821b11b14e90ace1a5,UPD,2019,15418,,gx-no-cache=1556029407373 HTTP/1.1" 200 93
192.168.10.89 - - [23/Apr/2019:11:27:13 -0300] "POST /cormun/servlet/trsolicitudgral?581046b81185997cb1c15cecc24b272c,gx-no-cache=1556035115823,gx-no-cache=1556036427360 HTTP/1.1" 200 7030
190.171.141.138 - - [23/Apr/2019:11:27:13 -0300] "GET /cormun/servlet/hpexe_return? HTTP/1.1" 200 1010
190.171.141.138 - - [23/Apr/2019:11:27:13 -0300] "GET /cormun/servlet/trsolicitudot HTTP/1.1" 200 9384
200.54.103.162 - - [23/Apr/2019:11:27:13 -0300] "GET /cormun/servlet/trautorizarsolicitud? HTTP/1.1" 200 8787
200.54.103.162 - - [23/Apr/2019:11:27:13 -0300] "GET /cormun/static/gxui/gxui-all.css?120300 HTTP/1.1" 200 2179
200.54.103.162 - - [23/Apr/2019:11:27:13 -0300] "GET /cormun/static/calendar-system.css?85620 HTTP/1.1" 200 5572
200.54.103.162 - - [23/Apr/2019:11:27:13 -0300] "GET /cormun/static/gxcfg.js?2017111423403364 HTTP/1.1" 200 953
200.54.103.162 - - [23/Apr/2019:11:27:13 -0300] "GET /cormun/static/Resources/Spanish/PXTools.css?1255365 HTTP/1.1" 200 89042
200.54.103.162 - - [23/Apr/2019:11:27:13 -0300] "GET /cormun/static/trautorizarsolicitud.js?201711142340425 HTTP/1.1" 200 53910
200.54.103.162 - - [23/Apr/2019:11:27:13 -0300] "GET /cormun/static/Shared/ext/resources/css/ext-all.css?215870 HTTP/1.1" 200 416045
190.171.141.138 - - [23/Apr/2019:11:27:13 -0300] "GET /cormun/servlet/trsolicitudot HTTP/1.1" 200 9380
200.54.103.162 - - [23/Apr/2019:11:27:14 -0300] "GET /cormun//static/Resources/PXToolsActionView.png HTTP/1.1" 200 2995
200.54.103.162 - - [23/Apr/2019:11:27:14 -0300] "GET /cormun//static/Resources/PXToolsGridDelete.png HTTP/1.1" 200 357
200.54.103.162 - - [23/Apr/2019:11:27:14 -0300] "GET /cormun//static/Resources/PXToolsGridUpdate.png HTTP/1.1" 200 2984
200.54.103.162 - - [23/Apr/2019:11:27:14 -0300] "GET /cormun//static/Resources/PXToolsRemoveAllAction.png HTTP/1.1" 200 3558
200.54.103.162 - - [23/Apr/2019:11:27:14 -0300] "GET /cormun/servlet/trautorizarsolicitud? HTTP/1.1" 200 8787
200.54.103.162 - - [23/Apr/2019:11:27:18 -0300] "GET /cormun/servlet/hlogin HTTP/1.1" 200 1723
200.54.103.162 - - [23/Apr/2019:11:27:18 -0300] "GET /cormun/static/gxtimezone.js?85251 HTTP/1.1" 304 -
200.54.103.162 - - [23/Apr/2019:11:27:19 -0300] "GET /cormun/servlet/hlogin HTTP/1.1" 200 1734
190.171.141.138 - - [23/Apr/2019:11:27:20 -0300] "POST /cormun/servlet/trsolicitudot?98173f28bb9b3d821b11b14e90ace1a5,gx-no-cache=1556029415383 HTTP/1.1" 200 106
190.171.141.138 - - [23/Apr/2019:11:27:20 -0300] "GET /cormun/servlet/solicitudot?UPD,2019,15417, HTTP/1.1" 200 16058
190.171.141.138 - - [23/Apr/2019:11:27:21 -0300] "GET /cormun/servlet/solicitudot?UPD,2019,15417, HTTP/1.1" 200 16068
190.171.141.138 - - [23/Apr/2019:11:27:21 -0300] "POST /cormun/servlet/solicitudot?gx-no-cache=1556029416474 HTTP/1.1" 200 3564
190.171.141.138 - - [23/Apr/2019:11:27:22 -0300] "POST /cormun/servlet/solicitudot?98173f28bb9b3d821b11b14e90ace1a5,UPD,2019,15417,,gx-no-cache=1556029416654 HTTP/1.1" 200 12148
190.171.141.138 - - [23/Apr/2019:11:27:22 -0300] "GET /cormun/servlet/solicitudot?fd3fa2ed021715445cccee7d93c32211e5f04106c19eb4945ec300b2d906e4aed895f1d8504413879a9634b2dd7bb4f1,gx-no-cache=1556029416863 HTTP/1.1" 200 30
190.171.141.138 - - [23/Apr/2019:11:27:22 -0300] "GET /cormun/servlet/solicitudot?fd3fa2ed021715445cccee7d93c32211d6ae2b3af662b498748328d7721f930247db6b85f823f0a09b368aa4036f1e1caf16b757c16c16d7578362b030c51f62,gx-no-cache=1556029416894 HTTP/1.1" 200 30
190.171.141.138 - - [23/Apr/2019:11:27:22 -0300] "GET /cormun/servlet/solicitudot?fd3fa2ed021715445cccee7d93c322117cab3f7e4f9155bdb6ed8fed01bba454a60176b84abec9c9f74e0625c98223c2095f8cb820e5072dc5ce71a3ff0d3f786229368f4d9d626292515d694e780091,gx-no-cache=1556029416971 HTTP/1.1" 200 57
190.171.141.138 - - [23/Apr/2019:11:27:22 -0300] "POST /cormun/servlet/solicitudot?gx-no-cache=1556029417006 HTTP/1.1" 200 297
190.171.141.138 - - [23/Apr/2019:11:27:22 -0300] "GET /cormun/servlet/solicitudot?fd3fa2ed021715445cccee7d93c32211860e87e69b47576b10fee776a0d3928fd5f0921aecc70cdd9a27a8ee4fc92d2ffe8817e2bfdbc0d8a1093e56803689904daaecdb3a7147fe6ed7cfdb237b1595513079a1ab5777e606309e25170ab4dcc88b665caca5f63382bc486f41890e744575e8215893ef7952e30ea90cab959346ea19db4945b96cde43091987a8fe076556918c9831fb8ac750f4f5ab9f43acd4be6baf84fc8d4d50a149a5d01b94835809444ef1c4a6b6abdeb60c5b5f55b1bf3784a4ac8f0f8430e82811529b4d866d875fb70a74cd41b785f8adf2de75c30571be72e2d13d440d1b4600b27bdc5ee05632c5c19a2291402b433112af97608626fcf6486ac33f1fb92ae4063e5f21ab11099b0614ee3ad50b3062f022230c3f05876af1b06a26ad9d9e7317fb3f615bb5b7c33548bfa4cf0694421238f24a510fd2e5bb2a7e33277489fea8e8ca8bca9010ac3a055d3c16ce3e504f3eea3fc63ffdc870e82b874a1fd6c35124b709eaba6bc7db1ee0c0555d412d0a4761047ede57da5993d2c800eede1f3aaf768e,gx-no-cache=1556029417093 HTTP/1.1" 200 30
190.171.141.138 - - [23/Apr/2019:11:27:22 -0300] "POST /cormun/servlet/solicitudot?gx-no-cache=1556029417176 HTTP/1.1" 200 30
190.171.141.138 - - [23/Apr/2019:11:27:22 -0300] "POST /cormun/servlet/solicitudot?gx-no-cache=1556029417223 HTTP/1.1" 200 1344
190.171.141.138 - - [23/Apr/2019:11:27:22 -0300] "POST /cormun/servlet/solicitudot?gx-no-cache=1556029417263 HTTP/1.1" 200 40
200.54.103.162 - - [23/Apr/2019:11:27:25 -0300] "POST /cormun/servlet/hlogin?0b8e5626444647e587234b53a43a4328,gx-no-cache=1556029420443 HTTP/1.1" 200 90
200.54.103.162 - - [23/Apr/2019:11:27:25 -0300] "GET /cormun/servlet/hpexe_link HTTP/1.1" 200 950
200.54.103.162 - - [23/Apr/2019:11:27:25 -0300] "GET /cormun/servlet/hhome HTTP/1.1" 200 4338
200.54.103.162 - - [23/Apr/2019:11:27:27 -0300] "GET /cormun/servlet/hhome HTTP/1.1" 200 4334
200.54.103.162 - - [23/Apr/2019:11:27:31 -0300] "GET /cormun/servlet/trlicencias? HTTP/1.1" 200 12522
200.54.103.162 - - [23/Apr/2019:11:27:31 -0300] "GET /cormun/static/gxcfg.js?20176272054169 HTTP/1.1" 200 953
200.54.103.162 - - [23/Apr/2019:11:27:31 -0300] "GET /cormun/static/calendar.js?85251 HTTP/1.1" 304 -
200.54.103.162 - - [23/Apr/2019:11:27:31 -0300] "GET /cormun/static/calendar-setup.js?85251 HTTP/1.1" 304 -
200.54.103.162 - - [23/Apr/2019:11:27:31 -0300] "GET /cormun/static/calendar-es.js?85251 HTTP/1.1" 304 -
200.54.103.162 - - [23/Apr/2019:11:27:31 -0300] "GET /cormun/static/gxdec.js?85251 HTTP/1.1" 304 -
200.54.103.162 - - [23/Apr/2019:11:27:31 -0300] "GET /cormun/static/trlicencias.js?20176272054837 HTTP/1.1" 200 41883
200.54.103.162 - - [23/Apr/2019:11:27:33 -0300] "GET /cormun/servlet/trlicencias? HTTP/1.1" 200 12519
200.54.103.162 - - [23/Apr/2019:11:27:35 -0300] "POST /cormun/servlet/trautorizarsolicitud?ba947672fb72a817b243e38b9f709f2d,,gx-no-cache=1556029431565 HTTP/1.1" 200 4679
200.54.103.162 - - [23/Apr/2019:11:27:35 -0300] "GET /cormun/static/Shared/jqueryui/images/ui-icons_82798d_256x240.png HTTP/1.1" 404 1089
200.54.103.162 - - [23/Apr/2019:11:27:35 -0300] "GET /cormun/static/Shared/jqueryui/images/ui-bg_highlight-soft_100_c6c2c8_1x100.png HTTP/1.1" 404 1117
200.54.103.162 - - [23/Apr/2019:11:27:35 -0300] "GET /cormun/static/Shared/jqueryui/images/ui-bg_flat_55_fafafa_40x100.png HTTP/1.1" 404 1097
200.54.103.162 - - [23/Apr/2019:11:27:35 -0300] "GET /cormun/static/Shared/jqueryui/images/ui-icons_8d78a5_256x240.png HTTP/1.1" 404 1089
200.54.103.162 - - [23/Apr/2019:11:27:36 -0300] "POST /cormun/servlet/trautorizarsolicitud?ba947672fb72a817b243e38b9f709f2d,,gx-no-cache=1556029431956 HTTP/1.1" 200 4455
200.54.103.162 - - [23/Apr/2019:11:28:18 -0300] "GET /cormun/servlet/trcontratounov2? HTTP/1.1" 200 17861
200.54.103.162 - - [23/Apr/2019:11:28:20 -0300] "GET /cormun/servlet/trlicencias? HTTP/1.1" 200 12512
200.54.103.162 - - [23/Apr/2019:11:28:20 -0300] "GET /cormun/servlet/trlicencias? HTTP/1.1" 200 12510
200.54.103.162 - - [23/Apr/2019:11:28:20 -0300] "GET /cormun/servlet/trcontratounov2? HTTP/1.1" 200 17847
200.54.103.162 - - [23/Apr/2019:11:29:01 -0300] "GET /cormun/servlet/trsolicitudot? HTTP/1.1" 200 7548
200.54.103.162 - - [23/Apr/2019:11:29:03 -0300] "GET /cormun/servlet/trsolicitudot? HTTP/1.1" 200 7547
200.54.103.162 - - [23/Apr/2019:11:29:06 -0300] "GET /cormun/servlet/solicitudot?INS,0,0, HTTP/1.1" 200 15245
200.54.103.162 - - [23/Apr/2019:11:29:08 -0300] "GET /cormun/servlet/solicitudot?INS,0,0, HTTP/1.1" 200 15250
190.171.141.138 - - [23/Apr/2019:11:29:09 -0300] "GET /cormun/servlet/trsolicitudot? HTTP/1.1" 200 9388
190.171.141.138 - - [23/Apr/2019:11:29:10 -0300] "GET /cormun/servlet/trsolicitudot? HTTP/1.1" 200 9380
190.171.141.138 - - [23/Apr/2019:11:29:14 -0300] "POST /cormun/servlet/trsolicitudot?98173f28bb9b3d821b11b14e90ace1a5,,gx-no-cache=1556029529485 HTTP/1.1" 200 5902
190.171.141.138 - - [23/Apr/2019:11:29:15 -0300] "POST /cormun/servlet/trsolicitudot?98173f28bb9b3d821b11b14e90ace1a5,,gx-no-cache=1556029529703 HTTP/1.1" 200 5883
200.54.103.162 - - [23/Apr/2019:11:29:15 -0300] "POST /cormun/servlet/solicitudot?gx-no-cache=1556029530619 HTTP/1.1" 200 3568
200.54.103.162 - - [23/Apr/2019:11:29:16 -0300] "POST /cormun/servlet/solicitudot?0b8e5626444647e587234b53a43a4328,INS,0,0,,gx-no-cache=1556029530926 HTTP/1.1" 200 12034
190.171.141.138 - - [23/Apr/2019:11:29:18 -0300] "POST /cormun/servlet/trsolicitudot?98173f28bb9b3d821b11b14e90ace1a5,,gx-no-cache=1556029532843 HTTP/1.1" 200 4736
190.171.141.138 - - [23/Apr/2019:11:29:18 -0300] "POST /cormun/servlet/trsolicitudot?98173f28bb9b3d821b11b14e90ace1a5,,gx-no-cache=1556029533053 HTTP/1.1" 200 4544
200.54.103.162 - - [23/Apr/2019:11:29:27 -0300] "GET /cormun/servlet/solicitudot?f9bbfe7e74ad9cd0b4f1fcb83bd16ed5ba269fbf0572f3d42336fc627c34cf3a911d07a0301f3937d1b3c8a243fc174b,gx-no-cache=1556029542465 HTTP/1.1" 200 30
200.54.103.162 - - [23/Apr/2019:11:29:27 -0300] "GET /cormun/servlet/solicitudot?f9bbfe7e74ad9cd0b4f1fcb83bd16ed5e2bdc996ba83a675790a7ebcdc75c1cc76db4b0d1bc0431ca61ed32d3e72b65d269f1105c84544a3d14864e5b19f4544,gx-no-cache=1556029542556 HTTP/1.1" 200 30
200.54.103.162 - - [23/Apr/2019:11:29:27 -0300] "GET /cormun/servlet/solicitudot?f9bbfe7e74ad9cd0b4f1fcb83bd16ed560bd49eff31fd985d0d7a73305c680a4,gx-no-cache=1556029542595 HTTP/1.1" 200 53
200.54.103.162 - - [23/Apr/2019:11:29:27 -0300] "POST /cormun/servlet/solicitudot?gx-no-cache=1556029542657 HTTP/1.1" 200 255
200.54.103.162 - - [23/Apr/2019:11:29:27 -0300] "GET /cormun/servlet/solicitudot?f9bbfe7e74ad9cd0b4f1fcb83bd16ed5a04c358ef8edf1f720bf51592394cd7ef0eaa51c9eb481836901a840ea0756c8b14432e5d14a881ed7e31efc87ff138b5b99f7d828a94f9de8a416bf7507f0ec72d4d4d11786586cff08eca505829f34680a5d276e33035701078e017114a54183dd6eb1b476e9f93f63d469d125221ba67fd86942acd4bff09c5b05cf0ab60e01307727dd79acaea858f4d1e33fca65d6adeca12d1bac80969fd9a1440f93d91cb39676bc3833cac481f5a4ae996cc478c32d1612ae689020d5f1eda341da25ac1078a921e6600433eba173acaff068119ef3a64c2ab41ea722fa5545a1ccdbb9542688e1af463d80c47cdac51fb15f2f91f3553c7700ea93e6a169546a701853d1568b004f3a24969c8dd0589d5e592df8dedad6d20126c47c3ae4c7f01cc0e5194e13e0a0ec3ad0ef295a98bbb5215577d9cc7f081f2b2aee0a22bc5b260afdb9f70707894e2aa8e3771c18e53f42d2bbd04ecdaa2bbd5b4eb87cb873b6da9f2e9d3824848fe07206a90d87112a9f,gx-no-cache=1556029542730 HTTP/1.1" 200 30
200.54.103.162 - - [23/Apr/2019:11:29:38 -0300] "POST /cormun/servlet/solicitudot?gx-no-cache=1556029553415 HTTP/1.1" 200 30
190.171.144.234 - - [23/Apr/2019:11:29:41 -0300] "GET /cormun/servlet/hlogin HTTP/1.1" 200 1716
200.54.103.162 - - [23/Apr/2019:11:29:50 -0300] "GET /cormun/servlet/trcontratounov2? HTTP/1.1" 200 17860
200.54.103.162 - - [23/Apr/2019:11:29:53 -0300] "GET /cormun/servlet/trcontratounov2? HTTP/1.1" 200 17856
190.171.144.234 - - [23/Apr/2019:11:29:53 -0300] "POST /cormun/servlet/hlogin?b3d9daca1b0289947e3825cef9a5ca23,gx-no-cache=1556029569280 HTTP/1.1" 200 90
190.171.144.234 - - [23/Apr/2019:11:29:53 -0300] "GET /cormun/servlet/hpexe_link HTTP/1.1" 200 943
190.171.144.234 - - [23/Apr/2019:11:29:53 -0300] "GET /cormun/servlet/hhome HTTP/1.1" 200 4145
190.171.144.234 - - [23/Apr/2019:11:29:53 -0300] "GET /cormun/servlet/hhome HTTP/1.1" 200 4141
200.54.103.162 - - [23/Apr/2019:11:30:16 -0300] "GET /cormun/servlet/trsolicitudot? HTTP/1.1" 200 7548
200.54.103.162 - - [23/Apr/2019:11:30:18 -0300] "GET /cormun/servlet/trsolicitudot? HTTP/1.1" 200 7547
200.54.103.162 - - [23/Apr/2019:11:30:20 -0300] "GET /cormun/servlet/solicitudot?INS,0,0, HTTP/1.1" 200 15244
200.54.103.162 - - [23/Apr/2019:11:30:22 -0300] "GET /cormun/servlet/solicitudot?INS,0,0, HTTP/1.1" 200 15249
200.54.103.162 - - [23/Apr/2019:11:30:28 -0300] "POST /cormun/servlet/solicitudot?gx-no-cache=1556029603666 HTTP/1.1" 200 3568
200.54.103.162 - - [23/Apr/2019:11:30:29 -0300] "POST /cormun/servlet/solicitudot?0b8e5626444647e587234b53a43a4328,INS,0,0,,gx-no-cache=1556029603988 HTTP/1.1" 200 12035
200.54.103.162 - - [23/Apr/2019:11:30:30 -0300] "GET /cormun/servlet/solicitudot?f9bbfe7e74ad9cd0b4f1fcb83bd16ed5ba269fbf0572f3d42336fc627c34cf3a911d07a0301f3937d1b3c8a243fc174b,gx-no-cache=1556029605824 HTTP/1.1" 200 30
200.54.103.162 - - [23/Apr/2019:11:30:30 -0300] "GET /cormun/servlet/solicitudot?f9bbfe7e74ad9cd0b4f1fcb83bd16ed5e2bdc996ba83a675790a7ebcdc75c1cc76db4b0d1bc0431ca61ed32d3e72b65d269f1105c84544a3d14864e5b19f4544,gx-no-cache=1556029605901 HTTP/1.1" 200 30
200.54.103.162 - - [23/Apr/2019:11:30:31 -0300] "GET /cormun/servlet/solicitudot?f9bbfe7e74ad9cd0b4f1fcb83bd16ed560bd49eff31fd985d0d7a73305c680a4,gx-no-cache=1556029606000 HTTP/1.1" 200 53
200.54.103.162 - - [23/Apr/2019:11:30:31 -0300] "POST /cormun/servlet/solicitudot?gx-no-cache=1556029606116 HTTP/1.1" 200 255
200.54.103.162 - - [23/Apr/2019:11:30:31 -0300] "GET /cormun/servlet/solicitudot?f9bbfe7e74ad9cd0b4f1fcb83bd16ed5a04c358ef8edf1f720bf51592394cd7ef0eaa51c9eb481836901a840ea0756c8b14432e5d14a881ed7e31efc87ff138b5b99f7d828a94f9de8a416bf7507f0ec72d4d4d11786586cff08eca505829f34680a5d276e33035701078e017114a54183dd6eb1b476e9f93f63d469d125221ba67fd86942acd4bff09c5b05cf0ab60e01307727dd79acaea858f4d1e33fca65d6adeca12d1bac80969fd9a1440f93d91cb39676bc3833cac481f5a4ae996cc478c32d1612ae689020d5f1eda341da25ac1078a921e6600433eba173acaff068119ef3a64c2ab41ea722fa5545a1ccdbb9542688e1af463d80c47cdac51fb15f2f91f3553c7700ea93e6a169546a701853d1568b004f3a24969c8dd0589d5e592df8dedad6d20126c47c3ae4c7f01cc0e5194e13e0a0ec3ad0ef295a98bbb5215577d9cc7f081f2b2aee0a22bc5b260afdb9f70707894e2aa8e3771c18e53f42d2bbd04ecdaa2bbd5b4eb87cb873b6da9f2e9d3824848fe07206a90d87112a9f,gx-no-cache=1556029606243 HTTP/1.1" 200 30
200.54.103.162 - - [23/Apr/2019:11:30:34 -0300] "POST /cormun/servlet/solicitudot?gx-no-cache=1556029609573 HTTP/1.1" 200 30
190.171.141.138 - - [23/Apr/2019:11:30:37 -0300] "GET /cormun/servlet/trsolicitudot? HTTP/1.1" 200 7680
190.171.141.138 - - [23/Apr/2019:11:30:38 -0300] "GET /cormun/servlet/trsolicitudot? HTTP/1.1" 200 7680
190.171.141.138 - - [23/Apr/2019:11:30:40 -0300] "GET /cormun/servlet/solicitudot?INS,0,0, HTTP/1.1" 200 15434
190.171.141.138 - - [23/Apr/2019:11:30:41 -0300] "GET /cormun/servlet/solicitudot?INS,0,0, HTTP/1.1" 200 15440
200.54.103.162 - - [23/Apr/2019:11:30:45 -0300] "POST /cormun/servlet/solicitudot?gx-no-cache=1556029620241 HTTP/1.1" 200 1343
200.54.103.162 - - [23/Apr/2019:11:30:45 -0300] "POST /cormun/servlet/solicitudot?gx-no-cache=1556029620339 HTTP/1.1" 200 38
200.54.103.162 - - [23/Apr/2019:11:30:45 -0300] "GET /cormun/servlet/solicitudot?f9bbfe7e74ad9cd0b4f1fcb83bd16ed5cc27e6ee569a03c45e097b72b9ea0e76fefcfbd9679e36ea7ac61ef0acfeeb8f5c8d68d4265b8de601548fe9da6c177f1b2f8d732b83b79f3425caa62a4e5f523f57249686b8b5123d34159bd5bcfe37b868b925e89fcca40c25ebd95dd30811,gx-no-cache=1556029620378 HTTP/1.1" 200 110
190.171.141.138 - - [23/Apr/2019:11:30:52 -0300] "POST /cormun/servlet/solicitudot?gx-no-cache=1556029627337 HTTP/1.1" 200 3548
190.171.141.138 - - [23/Apr/2019:11:30:53 -0300] "POST /cormun/servlet/solicitudot?98173f28bb9b3d821b11b14e90ace1a5,INS,0,0,,gx-no-cache=1556029627532 HTTP/1.1" 200 12009
190.171.141.138 - - [23/Apr/2019:11:31:01 -0300] "GET /cormun/servlet/prbanco?,MD,,gxPopupLevel%3D0%3B HTTP/1.1" 200 6855
190.171.141.138 - - [23/Apr/2019:11:31:06 -0300] "GET /cormun/servlet/solicitudot?fd3fa2ed021715445cccee7d93c32211e5f04106c19eb4945ec300b2d906e4ae4010c5eb754eb52a055cb77de5c444ee,gx-no-cache=1556029640678 HTTP/1.1" 200 30
190.171.141.138 - - [23/Apr/2019:11:31:06 -0300] "GET /cormun/servlet/solicitudot?fd3fa2ed021715445cccee7d93c32211d6ae2b3af662b498748328d7721f930247db6b85f823f0a09b368aa4036f1e1c10d5a17c3af5b31fb2a57c9a090e1f52,gx-no-cache=1556029640706 HTTP/1.1" 200 30
192.168.10.89 - - [23/Apr/2019:11:31:06 -0300] "POST /cormun/servlet/trsolicitudgral?581046b81185997cb1c15cecc24b272c,gx-no-cache=1556035115823,gx-no-cache=1556036660720 HTTP/1.1" 200 6648
190.171.141.138 - - [23/Apr/2019:11:31:07 -0300] "GET /cormun/servlet/solicitudot?fd3fa2ed021715445cccee7d93c32211bc4b81b0d5ce15e882f723ae3049c903,gx-no-cache=1556029642486 HTTP/1.1" 200 57
192.168.10.89 - - [23/Apr/2019:11:31:09 -0300] "GET /cormun/servlet/vesolicitudgral?2019,14982,, HTTP/1.1" 200 8476
192.168.10.89 - - [23/Apr/2019:11:31:09 -0300] "GET /cormun/pexe_scrolldiv.js HTTP/1.1" 404 1009
192.168.10.89 - - [23/Apr/2019:11:31:13 -0300] "GET /cormun/servlet/vesolicitudgral?2019,14982,,SolicitudOTAdjuntos HTTP/1.1" 200 10823
192.168.10.89 - - [23/Apr/2019:11:31:13 -0300] "GET /cormun/pexe_scrolldiv.js HTTP/1.1" 404 1009
192.168.10.89 - - [23/Apr/2019:11:31:14 -0300] "POST /cormun/servlet/acontrolpreferencessavestate?None,RRHH+CATALINA,true HTTP/1.1" 200 35
192.168.10.89 - - [23/Apr/2019:11:31:22 -0300] "GET /cormun/PublicTempStorage/fotocopia_amarilis_burgos4273476.pdf HTTP/1.1" 200 513149
190.171.141.138 - - [23/Apr/2019:11:31:22 -0300] "POST /cormun/servlet/solicitudot?gx-no-cache=1556029657282 HTTP/1.1" 200 255
190.171.141.138 - - [23/Apr/2019:11:31:22 -0300] "GET /cormun/servlet/solicitudot?fd3fa2ed021715445cccee7d93c32211860e87e69b47576b10fee776a0d3928f93f70c2d4414417cc3561c8852fd381afe8817e2bfdbc0d8a1093e56803689904daaecdb3a7147fe6ed7cfdb237b1595513079a1ab5777e606309e25170ab4dcc88b665caca5f63382bc486f41890e744575e8215893ef7952e30ea90cab959346ea19db4945b96cde43091987a8fe076556918c9831fb8ac750f4f5ab9f43acd4be6baf84fc8d4d50a149a5d01b94835809444ef1c4a6b6abdeb60c5b5f55b1bf3784a4ac8f0f8430e82811529b4d866d875fb70a74cd41b785f8adf2de75c30571be72e2d13d440d1b4600b27bdc5e3b1479d8ef49022e8f94a73622168eeb8626fcf6486ac33f1fb92ae4063e5f216f8733b8313a916cb730f8b01a77f3f028319bde72b340e9f6ec0d8b06b640257aee793d684f307e5661aecbf2d74b7e6dd46b18496693d0e52be462b7bab358d903512b85062f96837a9713732f63e5a43d7beea07d22d63483a6d7fc8a3addf872c90a99736387f80e90afdea01cbb,gx-no-cache=1556029657346 HTTP/1.1" 200 30
190.171.141.138 - - [23/Apr/2019:11:31:24 -0300] "POST /cormun/servlet/solicitudot?gx-no-cache=1556029658873 HTTP/1.1" 200 30
190.171.141.138 - - [23/Apr/2019:11:31:26 -0300] "POST /cormun/servlet/solicitudot?gx-no-cache=1556029660909 HTTP/1.1" 200 1343
190.171.141.138 - - [23/Apr/2019:11:31:26 -0300] "POST /cormun/servlet/solicitudot?gx-no-cache=1556029660968 HTTP/1.1" 200 38
192.168.10.89 - - [23/Apr/2019:11:31:35 -0300] "GET /cormun/servlet/vesolicitudgral?2019,14982,,SolicitudOTAdjuntos HTTP/1.1" 200 10821
192.168.10.89 - - [23/Apr/2019:11:31:35 -0300] "GET /cormun/pexe_scrolldiv.js HTTP/1.1" 404 1009
192.168.10.89 - - [23/Apr/2019:11:31:37 -0300] "POST /cormun/servlet/acontrolpreferencessavestate?None,RRHH+CATALINA,true HTTP/1.1" 200 35
192.168.10.89 - - [23/Apr/2019:11:31:37 -0300] "GET /cormun/PublicTempStorage/certificado_titulo_amarilis_burgos5461738.pdf HTTP/1.1" 200 482214
190.171.141.138 - - [23/Apr/2019:11:31:47 -0300] "GET /cormun/servlet/solicitudot?fd3fa2ed021715445cccee7d93c322112a5c770a83ff7bfd6f05be9e12829116bfdd1e0e178a72d50cc0d07f892be7f2e91bfb0c3539ef6529dcb2b31b0fe8e860c5b1c097d35955443c87a9b44823f2cf9efffac16b63a1e17692d44df49817e0eb3566a498a896d36ab5bc05fd32fc,gx-no-cache=1556029682228 HTTP/1.1" 200 110
192.168.10.89 - - [23/Apr/2019:11:31:49 -0300] "GET /cormun/servlet/vesolicitudgral?2019,14982,,SolicitudOTAdjuntos HTTP/1.1" 200 10820
192.168.10.89 - - [23/Apr/2019:11:31:49 -0300] "GET /cormun/pexe_scrolldiv.js HTTP/1.1" 404 1009
192.168.10.89 - - [23/Apr/2019:11:31:51 -0300] "POST /cormun/servlet/acontrolpreferencessavestate?None,RRHH+CATALINA,true HTTP/1.1" 200 35
192.168.10.89 - - [23/Apr/2019:11:31:54 -0300] "GET /cormun/PublicTempStorage/certificado_afp_amarilis_burgos4405609.pdf HTTP/1.1" 200 196143
200.54.103.162 - - [23/Apr/2019:11:31:56 -0300] "POST /cormun/servlet/solicitudot?gx-no-cache=1556029691191 HTTP/1.1" 200 97
190.171.141.138 - - [23/Apr/2019:11:32:02 -0300] "POST /cormun/servlet/solicitudot?gx-no-cache=1556029696571 HTTP/1.1" 200 97
192.168.10.89 - - [23/Apr/2019:11:32:02 -0300] "GET /cormun/servlet/vesolicitudgral?2019,14982,,SolicitudOTAdjuntos HTTP/1.1" 200 10820
192.168.10.89 - - [23/Apr/2019:11:32:02 -0300] "GET /cormun/pexe_scrolldiv.js HTTP/1.1" 404 1009
192.168.10.89 - - [23/Apr/2019:11:32:04 -0300] "POST /cormun/servlet/acontrolpreferencessavestate?None,RRHH+CATALINA,true HTTP/1.1" 200 35
200.54.103.162 - - [23/Apr/2019:11:32:06 -0300] "GET /cormun/servlet/solicitudot?f9bbfe7e74ad9cd0b4f1fcb83bd16ed57defb16fd213baaf060823bedcfa6a1ed37e2d407d0d3bdbe8cfb683d03bf978c25c9f3d93b56d72b089222a89479a434b87e67b5a8ae6f57a91a0e13e880f441349b1157a1384f419631521c204b514125ef53ea432e4cd53c840a30113beab38b70b7e2be8312f34d1eed45df395602ce0a52ead73018ee5b909140c88018fe74ae7ecf1e767d8b9d1130e825375f9,gx-no-cache=1556029701748 HTTP/1.1" 200 29
200.54.103.162 - - [23/Apr/2019:11:32:06 -0300] "GET /cormun/static/menuarrow.gif HTTP/1.1" 404 1015
190.171.141.138 - - [23/Apr/2019:11:32:07 -0300] "GET /cormun/servlet/solicitudot?fd3fa2ed021715445cccee7d93c3221126607f66b9fa13c98fabff00bc5aa25bf0f04242b7aa719b407fcf984228ed172cbd1506d456228f5e060cc184cacdf098cddcac7861bac30cf507b473a97ef631e057c2136f3aa7413054a41aadf1e27b6e2db7c80945c4d556c8bacfcaeb0748dabcc66f8dcad012ef83d4ce0dbfef216fb7b73a2e238c651cb4c6c82143d4355a0073c3e09aeafa17b6510b303e60,gx-no-cache=1556029702612 HTTP/1.1" 200 29
190.171.141.138 - - [23/Apr/2019:11:32:07 -0300] "GET /cormun/static/menuarrow.gif HTTP/1.1" 404 1015
190.171.141.138 - - [23/Apr/2019:11:32:10 -0300] "GET /cormun/servlet/solicitudot?fd3fa2ed021715445cccee7d93c32211adfee3a821990701355f0694829b7121ad3d94d2ee968c4fdad6bf2fcae2260a,gx-no-cache=1556029705137 HTTP/1.1" 200 30
200.54.103.162 - - [23/Apr/2019:11:32:11 -0300] "GET /cormun/servlet/solicitudot?f9bbfe7e74ad9cd0b4f1fcb83bd16ed5cd5f2f6e48d3de80f0ac1f03d7c88104338294ea704edc5d024c5b78f54a721e,gx-no-cache=1556029706946 HTTP/1.1" 200 30
200.54.103.162 - - [23/Apr/2019:11:32:16 -0300] "POST /cormun/servlet/solicitudot?gx-no-cache=1556029711815 HTTP/1.1" 200 30
190.171.141.138 - - [23/Apr/2019:11:32:17 -0300] "POST /cormun/servlet/solicitudot?gx-no-cache=1556029712396 HTTP/1.1" 200 30
192.168.10.89 - - [23/Apr/2019:11:32:20 -0300] "GET /cormun/PublicTempStorage/certificado_fonasa_amarilis_burgos9971469.pdf HTTP/1.1" 200 424862
190.171.141.138 - - [23/Apr/2019:11:32:20 -0300] "POST /cormun/servlet/solicitudot?98173f28bb9b3d821b11b14e90ace1a5,INS,0,0,,gx-no-cache=1556029715130 HTTP/1.1" 200 93
190.171.141.138 - - [23/Apr/2019:11:32:20 -0300] "GET /cormun/servlet/hpexe_return? HTTP/1.1" 200 1003
190.171.141.138 - - [23/Apr/2019:11:32:20 -0300] "GET /cormun/servlet/trsolicitudot HTTP/1.1" 200 9049
190.171.141.138 - - [23/Apr/2019:11:32:21 -0300] "GET /cormun/servlet/trsolicitudot HTTP/1.1" 200 9045
190.171.141.138 - - [23/Apr/2019:11:32:26 -0300] "GET /cormun/servlet/solicitudot?INS,0,0, HTTP/1.1" 200 15434
190.171.141.138 - - [23/Apr/2019:11:32:26 -0300] "GET /cormun/servlet/solicitudot?INS,0,0, HTTP/1.1" 200 15440
192.168.10.89 - - [23/Apr/2019:11:32:34 -0300] "GET /cormun/servlet/vesolicitudgral?2019,14982,,SolicitudOTAdjuntos HTTP/1.1" 200 10821
192.168.10.89 - - [23/Apr/2019:11:32:34 -0300] "GET /cormun/pexe_scrolldiv.js HTTP/1.1" 404 1009
192.168.10.89 - - [23/Apr/2019:11:32:35 -0300] "POST /cormun/servlet/acontrolpreferencessavestate?None,RRHH+CATALINA,true HTTP/1.1" 200 35
190.171.141.138 - - [23/Apr/2019:11:32:36 -0300] "POST /cormun/servlet/solicitudot?gx-no-cache=1556029731074 HTTP/1.1" 200 3548
192.168.10.89 - - [23/Apr/2019:11:32:36 -0300] "GET /cormun/PublicTempStorage/curriculum_amarilis_burgos5327552.pdf HTTP/1.1" 200 601212
190.171.141.138 - - [23/Apr/2019:11:32:36 -0300] "POST /cormun/servlet/solicitudot?98173f28bb9b3d821b11b14e90ace1a5,INS,0,0,,gx-no-cache=1556029731249 HTTP/1.1" 200 12009
200.54.103.162 - - [23/Apr/2019:11:32:38 -0300] "POST /cormun/servlet/solicitudot?0b8e5626444647e587234b53a43a4328,INS,0,0,,gx-no-cache=1556029733673 HTTP/1.1" 200 93
200.54.103.162 - - [23/Apr/2019:11:32:39 -0300] "GET /cormun/servlet/hpexe_return? HTTP/1.1" 200 1007
200.54.103.162 - - [23/Apr/2019:11:32:39 -0300] "GET /cormun/servlet/trsolicitudot HTTP/1.1" 200 8953
190.171.141.138 - - [23/Apr/2019:11:32:39 -0300] "GET /cormun/servlet/prbanco?,MD,,gxPopupLevel%3D0%3B HTTP/1.1" 200 6855
200.54.103.162 - - [23/Apr/2019:11:32:41 -0300] "GET /cormun/servlet/trsolicitudot HTTP/1.1" 200 8949
192.168.10.89 - - [23/Apr/2019:11:32:43 -0300] "GET /cormun/servlet/vesolicitudgral?2019,14982,,SolicitudOTAdjuntos HTTP/1.1" 200 10822
192.168.10.89 - - [23/Apr/2019:11:32:43 -0300] "GET /cormun/pexe_scrolldiv.js HTTP/1.1" 404 1009
200.54.103.162 - - [23/Apr/2019:11:32:44 -0300] "GET /cormun/servlet/trcontratounov2? HTTP/1.1" 200 17846
192.168.10.89 - - [23/Apr/2019:11:32:45 -0300] "POST /cormun/servlet/acontrolpreferencessavestate?None,RRHH+CATALINA,true HTTP/1.1" 200 35
190.171.141.138 - - [23/Apr/2019:11:32:45 -0300] "GET /cormun/servlet/solicitudot?fd3fa2ed021715445cccee7d93c32211e5f04106c19eb4945ec300b2d906e4ae4010c5eb754eb52a055cb77de5c444ee,gx-no-cache=1556029740143 HTTP/1.1" 200 30
190.171.141.138 - - [23/Apr/2019:11:32:45 -0300] "GET /cormun/servlet/solicitudot?fd3fa2ed021715445cccee7d93c32211d6ae2b3af662b498748328d7721f930247db6b85f823f0a09b368aa4036f1e1c10d5a17c3af5b31fb2a57c9a090e1f52,gx-no-cache=1556029740172 HTTP/1.1" 200 30
200.54.103.162 - - [23/Apr/2019:11:32:46 -0300] "GET /cormun/servlet/trcontratounov2? HTTP/1.1" 200 17847
190.171.141.138 - - [23/Apr/2019:11:32:46 -0300] "GET /cormun/servlet/solicitudot?fd3fa2ed021715445cccee7d93c32211bc4b81b0d5ce15e882f723ae3049c903,gx-no-cache=1556029741383 HTTP/1.1" 200 57
200.54.103.162 - - [23/Apr/2019:11:32:57 -0300] "GET /cormun/servlet/trlicencias? HTTP/1.1" 200 12520
200.54.103.162 - - [23/Apr/2019:11:32:58 -0300] "GET /cormun/servlet/trlicencias? HTTP/1.1" 200 12513
190.171.141.138 - - [23/Apr/2019:11:33:04 -0300] "GET /cormun/servlet/trsolicitudot? HTTP/1.1" 200 9046
190.171.141.138 - - [23/Apr/2019:11:33:04 -0300] "GET /cormun/servlet/trsolicitudot? HTTP/1.1" 200 9045
200.54.103.162 - - [23/Apr/2019:11:33:15 -0300] "GET /cormun/servlet/trsolicitudot? HTTP/1.1" 200 8948
200.54.103.162 - - [23/Apr/2019:11:33:16 -0300] "GET /cormun/servlet/trsolicitudot? HTTP/1.1" 200 8948
200.54.103.162 - - [23/Apr/2019:11:33:19 -0300] "POST /cormun/servlet/trsolicitudot?0b8e5626444647e587234b53a43a4328,,gx-no-cache=1556029773739 HTTP/1.1" 200 106
200.54.103.162 - - [23/Apr/2019:11:33:19 -0300] "GET /cormun/servlet/solicitudot?UPD,2019,15420, HTTP/1.1" 200 15884
200.54.103.162 - - [23/Apr/2019:11:33:21 -0300] "GET /cormun/servlet/solicitudot?UPD,2019,15420, HTTP/1.1" 200 15893
200.54.103.162 - - [23/Apr/2019:11:33:22 -0300] "POST /cormun/servlet/solicitudot?gx-no-cache=1556029777124 HTTP/1.1" 200 3584
200.54.103.162 - - [23/Apr/2019:11:33:22 -0300] "POST /cormun/servlet/solicitudot?0b8e5626444647e587234b53a43a4328,UPD,2019,15420,,gx-no-cache=1556029777397 HTTP/1.1" 200 12135
200.54.103.162 - - [23/Apr/2019:11:33:22 -0300] "GET /cormun/servlet/solicitudot?f9bbfe7e74ad9cd0b4f1fcb83bd16ed5ba269fbf0572f3d42336fc627c34cf3aad34d04192773b817cfd54adf48980f5,gx-no-cache=1556029777776 HTTP/1.1" 200 30
200.54.103.162 - - [23/Apr/2019:11:33:22 -0300] "GET /cormun/servlet/solicitudot?f9bbfe7e74ad9cd0b4f1fcb83bd16ed5e2bdc996ba83a675790a7ebcdc75c1cc76db4b0d1bc0431ca61ed32d3e72b65d87a64a90c52c9dfe21d638bbcdf9d606,gx-no-cache=1556029777959 HTTP/1.1" 200 30
200.54.103.162 - - [23/Apr/2019:11:33:23 -0300] "GET /cormun/servlet/solicitudot?f9bbfe7e74ad9cd0b4f1fcb83bd16ed59356b6e70ce4ca5ee752809df37bac334d5a025df9e392aa431ff5c501d4466dc962fb757db56b48f215264c96e38c08,gx-no-cache=1556029778016 HTTP/1.1" 200 53
200.54.103.162 - - [23/Apr/2019:11:33:23 -0300] "POST /cormun/servlet/solicitudot?gx-no-cache=1556029778068 HTTP/1.1" 200 257
200.54.103.162 - - [23/Apr/2019:11:33:23 -0300] "GET /cormun/servlet/solicitudot?f9bbfe7e74ad9cd0b4f1fcb83bd16ed5a04c358ef8edf1f720bf51592394cd7ef0eaa51c9eb481836901a840ea0756c8b14432e5d14a881ed7e31efc87ff138b5b99f7d828a94f9de8a416bf7507f0ec72d4d4d11786586cff08eca505829f34680a5d276e33035701078e017114a54183dd6eb1b476e9f93f63d469d125221ba67fd86942acd4bff09c5b05cf0ab60e01307727dd79acaea858f4d1e33fca65d6adeca12d1bac80969fd9a1440f93d91cb39676bc3833cac481f5a4ae996cc478c32d1612ae689020d5f1eda341da25ac1078a921e6600433eba173acaff068119ef3a64c2ab41ea722fa5545a1ccdbb9542688e1af463d80c47cdac51fb15f2f91f3553c7700ea93e6a169546a701853d1568b004f3a24969c8dd0589d5e592df8dedad6d20126c47c3ae4c7f01cc0e5194e13e0a0ec3ad0ef295a98bbb5215577d9cc7f081f2b2aee0a22bc5b260afdb9f70707894e2aa8e3771c18e53f42d2bbd04ecdaa2bbd5b4eb87cb873b6da74c45b0ea1ab7f583127020543c5974a,gx-no-cache=1556029778133 HTTP/1.1" 200 30
200.54.103.162 - - [23/Apr/2019:11:33:23 -0300] "POST /cormun/servlet/solicitudot?gx-no-cache=1556029778181 HTTP/1.1" 200 30
200.54.103.162 - - [23/Apr/2019:11:33:23 -0300] "POST /cormun/servlet/solicitudot?gx-no-cache=1556029778245 HTTP/1.1" 200 1343
200.54.103.162 - - [23/Apr/2019:11:33:23 -0300] "POST /cormun/servlet/solicitudot?gx-no-cache=1556029778344 HTTP/1.1" 200 41
200.54.103.162 - - [23/Apr/2019:11:33:27 -0300] "GET /cormun/servlet/solicitudot?f9bbfe7e74ad9cd0b4f1fcb83bd16ed5cc27e6ee569a03c45e097b72b9ea0e76fefcfbd9679e36ea7ac61ef0acfeeb8f5c8d68d4265b8de601548fe9da6c177f1b2f8d732b83b79f3425caa62a4e5f523f57249686b8b5123d34159bd5bcfe37b868b925e89fcca40c25ebd95dd30811,gx-no-cache=1556029782361 HTTP/1.1" 200 110
200.54.103.162 - - [23/Apr/2019:11:33:27 -0300] "POST /cormun/servlet/solicitudot?gx-no-cache=1556029782415 HTTP/1.1" 200 97
200.54.103.162 - - [23/Apr/2019:11:33:27 -0300] "GET /cormun/servlet/solicitudot?f9bbfe7e74ad9cd0b4f1fcb83bd16ed581992b71dc1db6fe7b10c4ba6d4a474c7ba46ca39929f8fc4156fec42aef3a230a85c231d6dac786021cc023b2bb9e736578fea5bb3e21e4444666925f8cc5cb8738c96f155ac74d18786db96388760b555ed538af31d1d3b5fe109d870a0dff5ccb80070ba7b306ab994c98b68494fb29bcdbdda78d7ca1e9f2e46049ea0cc38791e3cde8450c9e6e49ba1abe2b3505,gx-no-cache=1556029782475 HTTP/1.1" 200 29
200.54.103.162 - - [23/Apr/2019:11:33:27 -0300] "GET /cormun/static/menuarrow.gif HTTP/1.1" 404 1015
200.54.103.162 - - [23/Apr/2019:11:33:30 -0300] "GET /cormun/servlet/solicitudot?f9bbfe7e74ad9cd0b4f1fcb83bd16ed5cc27e6ee569a03c45e097b72b9ea0e76fefcfbd9679e36ea7ac61ef0acfeeb8f5c8d68d4265b8de601548fe9da6c177f1b2f8d732b83b79f3425caa62a4e5f523f57249686b8b5123d34159bd5bcfe37b868b925e89fcca40c25ebd95dd30811,gx-no-cache=1556029785732 HTTP/1.1" 200 110
190.171.144.234 - - [23/Apr/2019:11:33:37 -0300] "GET /cormun/servlet/trsolicitudot? HTTP/1.1" 200 7359
190.171.144.234 - - [23/Apr/2019:11:33:38 -0300] "GET /cormun/servlet/trsolicitudot? HTTP/1.1" 200 7359
190.171.144.234 - - [23/Apr/2019:11:33:43 -0300] "GET /cormun/servlet/trautorizarsolicitud? HTTP/1.1" 200 8617
190.171.144.234 - - [23/Apr/2019:11:33:43 -0300] "GET /cormun/servlet/trautorizarsolicitud? HTTP/1.1" 200 8616
200.54.103.162 - - [23/Apr/2019:11:33:58 -0300] "POST /cormun/servlet/solicitudot?gx-no-cache=1556029813458 HTTP/1.1" 200 97
200.54.103.162 - - [23/Apr/2019:11:34:01 -0300] "GET /cormun/servlet/solicitudot?f9bbfe7e74ad9cd0b4f1fcb83bd16ed5cd5f2f6e48d3de80f0ac1f03d7c8810486a7e48bc7eda1a52ec17cc0687cb0bd,gx-no-cache=1556029816424 HTTP/1.1" 200 30
200.54.103.162 - - [23/Apr/2019:11:34:01 -0300] "POST /cormun/servlet/solicitudot?gx-no-cache=1556029816532 HTTP/1.1" 200 30
200.54.103.162 - - [23/Apr/2019:11:34:01 -0300] "POST /cormun/servlet/solicitudot?0b8e5626444647e587234b53a43a4328,UPD,2019,15420,,gx-no-cache=1556029816659 HTTP/1.1" 200 93
200.54.103.162 - - [23/Apr/2019:11:34:01 -0300] "GET /cormun/servlet/hpexe_return? HTTP/1.1" 200 1014
190.171.144.234 - - [23/Apr/2019:11:34:02 -0300] "POST /cormun/servlet/trautorizarsolicitud?b3d9daca1b0289947e3825cef9a5ca23,,gx-no-cache=1556029817930 HTTP/1.1" 200 4675
190.171.144.234 - - [23/Apr/2019:11:34:02 -0300] "GET /cormun/static/Shared/jqueryui/images/ui-bg_highlight-soft_100_c6c2c8_1x100.png HTTP/1.1" 404 1117
190.171.144.234 - - [23/Apr/2019:11:34:02 -0300] "GET /cormun/static/Shared/jqueryui/images/ui-icons_82798d_256x240.png HTTP/1.1" 404 1089
190.171.144.234 - - [23/Apr/2019:11:34:02 -0300] "GET /cormun/static/Shared/jqueryui/images/ui-bg_flat_55_fafafa_40x100.png HTTP/1.1" 404 1097
190.171.144.234 - - [23/Apr/2019:11:34:02 -0300] "GET /cormun/static/Shared/jqueryui/images/ui-icons_8d78a5_256x240.png HTTP/1.1" 404 1089
200.54.103.162 - - [23/Apr/2019:11:34:02 -0300] "GET /cormun/servlet/trsolicitudot HTTP/1.1" 200 8965
190.171.144.234 - - [23/Apr/2019:11:34:02 -0300] "POST /cormun/servlet/trautorizarsolicitud?b3d9daca1b0289947e3825cef9a5ca23,,gx-no-cache=1556029818142 HTTP/1.1" 200 4459
200.54.103.162 - - [23/Apr/2019:11:34:04 -0300] "GET /cormun/servlet/trsolicitudot HTTP/1.1" 200 8961
192.168.10.89 - - [23/Apr/2019:11:34:11 -0300] "GET /cormun/PublicTempStorage/certificado_antecedentes_amarilis_burgos1710374.pdf HTTP/1.1" 200 692539
200.54.103.162 - - [23/Apr/2019:11:34:29 -0300] "GET /cormun/servlet/vesolicitudot?2019,15420,, HTTP/1.1" 200 8732
200.54.103.162 - - [23/Apr/2019:11:34:29 -0300] "GET /cormun/pexe_scrolldiv.js HTTP/1.1" 404 1009
200.54.103.162 - - [23/Apr/2019:11:34:29 -0300] "GET /cormun/pexe_scrolldiv.js HTTP/1.1" 404 1009
200.54.103.162 - - [23/Apr/2019:11:34:31 -0300] "GET /cormun/servlet/vesolicitudot?2019,15420,, HTTP/1.1" 200 8731
192.168.10.89 - - [23/Apr/2019:11:34:59 -0300] "GET /cormun/servlet/vesolicitudgral?2019,14982,,SolicitudOTAdjuntos HTTP/1.1" 200 10822
192.168.10.89 - - [23/Apr/2019:11:34:59 -0300] "GET /cormun/pexe_scrolldiv.js HTTP/1.1" 404 1009
192.168.10.89 - - [23/Apr/2019:11:35:01 -0300] "POST /cormun/servlet/vesolicitudgral?581046b81185997cb1c15cecc24b272c,2019,14982,,SolicitudOTAdjuntos,gx-no-cache=1556036895600 HTTP/1.1" 200 90
192.168.10.89 - - [23/Apr/2019:11:35:01 -0300] "GET /cormun/servlet/hpexe_link HTTP/1.1" 200 996
192.168.10.89 - - [23/Apr/2019:11:35:01 -0300] "GET /cormun/servlet/trsolicitudgral?gx-no-cache=1556035115823 HTTP/1.1" 200 9745
192.168.10.89 - - [23/Apr/2019:11:35:20 -0300] "GET /cormun/servlet/trrenunciasgenerales? HTTP/1.1" 200 9713
192.168.10.89 - - [23/Apr/2019:11:35:20 -0300] "GET /cormun/static/gxcfg.js?20177612185983 HTTP/1.1" 200 953
192.168.10.89 - - [23/Apr/2019:11:35:20 -0300] "GET /cormun/static/trrenunciasgenerales.js?2017761219363 HTTP/1.1" 200 28597
192.168.10.89 - - [23/Apr/2019:11:35:21 -0300] "GET /cormun//static/Resources/PXToolsHeaderHelp.png HTTP/1.1" 200 4055
200.54.103.162 - - [23/Apr/2019:11:35:37 -0300] "POST /cormun/servlet/vesolicitudot?0b8e5626444647e587234b53a43a4328,2019,15420,,,gx-no-cache=1556029912701 HTTP/1.1" 200 90
200.54.103.162 - - [23/Apr/2019:11:35:37 -0300] "GET /cormun/servlet/hpexe_link HTTP/1.1" 200 965
200.54.103.162 - - [23/Apr/2019:11:35:38 -0300] "GET /cormun/servlet/trsolicitudot HTTP/1.1" 200 8962
200.54.103.162 - - [23/Apr/2019:11:35:40 -0300] "GET /cormun/servlet/trsolicitudot HTTP/1.1" 200 8961
200.54.103.162 - - [23/Apr/2019:11:35:45 -0300] "POST /cormun/servlet/trsolicitudot?0b8e5626444647e587234b53a43a4328,gx-no-cache=1556029919920 HTTP/1.1" 200 4773
200.54.103.162 - - [23/Apr/2019:11:35:45 -0300] "GET /cormun/static/Shared/jqueryui/images/ui-bg_highlight-soft_100_c6c2c8_1x100.png HTTP/1.1" 404 1117
