190.171.152.114 - - [23/Apr/2019:13:12:11 -0300] "GET /cormun/static/hlogin.js?20177612122738 HTTP/1.1" 200 2136
190.171.152.114 - - [23/Apr/2019:13:12:11 -0300] "GET /cormun/static/Resources/indicator.gif HTTP/1.1" 200 1553
190.171.152.114 - - [23/Apr/2019:13:12:11 -0300] "GET /cormun/static/Resources/PXToolsLoginTop.png HTTP/1.1" 200 1337
190.171.152.114 - - [23/Apr/2019:13:12:11 -0300] "GET /cormun/static/Resources/PXToolsButtonLeft21.png HTTP/1.1" 200 1287
190.171.152.114 - - [23/Apr/2019:13:12:11 -0300] "GET /cormun/static/Resources/PXToolsButtonBackground2.png HTTP/1.1" 200 1181
190.171.152.114 - - [23/Apr/2019:13:12:11 -0300] "GET /cormun/static/Resources/PXToolsButtonRight21.png HTTP/1.1" 200 1283
190.171.152.114 - - [23/Apr/2019:13:12:11 -0300] "GET /favicon.ico HTTP/1.1" 200 21630
190.171.152.114 - - [23/Apr/2019:13:12:11 -0300] "GET /cormun/static/Resources/PXToolsLoginBottom.png HTTP/1.1" 200 1389
190.171.152.114 - - [23/Apr/2019:13:12:11 -0300] "GET /cormun/static/Resources/PXToolsLoginBackground.png HTTP/1.1" 200 1164
190.171.152.114 - - [23/Apr/2019:13:12:29 -0300] "POST /cormun/servlet/hlogin?9fe11ef4e0a03f0f0171449c48ebb7cc,gx-no-cache=1556035725761 HTTP/1.1" 200 90
190.171.152.114 - - [23/Apr/2019:13:12:30 -0300] "GET /cormun/servlet/hpexe_link HTTP/1.1" 200 946
190.171.152.114 - - [23/Apr/2019:13:12:30 -0300] "GET /cormun/static/gxcfg.js?20177612121792 HTTP/1.1" 200 953
190.171.152.114 - - [23/Apr/2019:13:12:30 -0300] "GET /cormun/static/hpexe_link.js?20177612121795 HTTP/1.1" 200 625
190.171.152.114 - - [23/Apr/2019:13:12:30 -0300] "GET /cormun/servlet/hhome HTTP/1.1" 200 4266
190.171.152.114 - - [23/Apr/2019:13:12:30 -0300] "GET /cormun/static/Resources/Spanish/PXTools.css?11423723 HTTP/1.1" 200 89042
190.171.152.114 - - [23/Apr/2019:13:12:30 -0300] "GET /cormun/static/gxcfg.js?20175251212442 HTTP/1.1" 200 953
190.171.152.114 - - [23/Apr/2019:13:12:30 -0300] "GET /cormun/static/Shared/jqueryui/jquery-ui.min.css?1245370 HTTP/1.1" 200 30288
190.171.152.114 - - [23/Apr/2019:13:12:30 -0300] "GET /cormun/static/PXToolsJavascripts/pexe_autoreload.js HTTP/1.1" 200 1762
190.171.152.114 - - [23/Apr/2019:13:12:30 -0300] "GET /cormun/static/SmoothNavMenu/resources/ddsmoothmenu-v.css?1012540 HTTP/1.1" 200 1188
190.171.152.114 - - [23/Apr/2019:13:12:30 -0300] "GET /cormun/static/PXToolsJavascripts/pexe_cookies.js HTTP/1.1" 200 792
190.171.152.114 - - [23/Apr/2019:13:12:30 -0300] "GET /cormun/static/scaMessage/css/jquery.pnotify.default.css?1716380 HTTP/1.1" 200 1707
190.171.152.114 - - [23/Apr/2019:13:12:30 -0300] "GET /cormun/static/PXToolsJavascripts/pexe_windows.js HTTP/1.1" 200 15207
190.171.152.114 - - [23/Apr/2019:13:12:30 -0300] "GET /cormun/static/PXToolsJavascripts/pexe_griddivfix.js HTTP/1.1" 200 6644
190.171.152.114 - - [23/Apr/2019:13:12:30 -0300] "GET /cormun/static/PXToolsJavascripts/pexe_grid.js HTTP/1.1" 200 7559
190.171.152.114 - - [23/Apr/2019:13:12:30 -0300] "GET /cormun/static/PXToolsJavascripts/pexe_link.js HTTP/1.1" 200 5671
190.171.152.114 - - [23/Apr/2019:13:12:30 -0300] "GET /cormun/static/PXToolsJavascripts/pexe_menudivfix.js HTTP/1.1" 200 333
190.171.152.114 - - [23/Apr/2019:13:12:30 -0300] "GET /cormun/static/PXToolsJavascripts/pexe_menus.js HTTP/1.1" 200 1286
190.171.152.114 - - [23/Apr/2019:13:12:30 -0300] "GET /cormun/static/PXToolsJavascripts/pexe_layers.js HTTP/1.1" 200 4114
190.171.152.114 - - [23/Apr/2019:13:12:30 -0300] "GET /cormun/static/PXToolsJavascripts/pexe_oav.js HTTP/1.1" 200 645
190.171.152.114 - - [23/Apr/2019:13:12:30 -0300] "GET /cormun/static/PXToolsJavascripts/pexe_picture.js HTTP/1.1" 200 689
190.171.152.114 - - [23/Apr/2019:13:12:30 -0300] "GET /cormun/static/PXToolsJavascripts/pexe_oavdivfix.js HTTP/1.1" 200 639
190.171.152.114 - - [23/Apr/2019:13:12:30 -0300] "GET /cormun/static/PXToolsJavascripts/pexe_popup.js HTTP/1.1" 200 13458
190.171.152.114 - - [23/Apr/2019:13:12:30 -0300] "GET /cormun/static/PXToolsJavascripts/pexe_scrolldiv.js HTTP/1.1" 200 4138
190.171.152.114 - - [23/Apr/2019:13:12:30 -0300] "GET /cormun/static/PXToolsJavascripts/pexe_tabs.js HTTP/1.1" 200 3748
190.171.152.114 - - [23/Apr/2019:13:12:30 -0300] "GET /cormun/static/PXToolsJavascripts/PXToolsJavascriptsRender.js HTTP/1.1" 200 367
190.171.152.114 - - [23/Apr/2019:13:12:30 -0300] "GET /cormun/static/PXToolsJavascripts/pexe_upload.js HTTP/1.1" 200 1423
190.171.152.114 - - [23/Apr/2019:13:12:30 -0300] "GET /cormun/static/PXToolsJavascripts/pexe_tabdivfix.js HTTP/1.1" 200 876
190.171.152.114 - - [23/Apr/2019:13:12:30 -0300] "GET /cormun/static/RunJS/RunJS.js HTTP/1.1" 200 288
190.171.152.114 - - [23/Apr/2019:13:12:30 -0300] "GET /cormun/static/Shared/ext/locale/ext-lang-en.js HTTP/1.1" 200 10940
190.171.152.114 - - [23/Apr/2019:13:12:30 -0300] "GET /cormun/static/hhome.js?20175251212450 HTTP/1.1" 200 777
190.171.152.114 - - [23/Apr/2019:13:12:30 -0300] "GET /cormun/static/gxui/gxui-all.js HTTP/1.1" 200 107772
190.171.152.114 - - [23/Apr/2019:13:12:30 -0300] "GET /cormun/static/SmoothNavMenu/resources/ddsmoothmenu.css?1012540 HTTP/1.1" 200 2223
190.171.152.114 - - [23/Apr/2019:13:12:30 -0300] "GET /cormun/static/hwchdr01.js?201752511465785 HTTP/1.1" 200 1183
190.171.152.114 - - [23/Apr/2019:13:12:30 -0300] "GET /cormun/static/hpexe_recentlink.js?20177611595044 HTTP/1.1" 200 2144
190.171.152.114 - - [23/Apr/2019:13:12:30 -0300] "GET /cormun/static/hpexe_scripts.js?201752511465715 HTTP/1.1" 200 1544
190.171.152.114 - - [23/Apr/2019:13:12:30 -0300] "GET /cormun/static/hpexe_messagecontroller.js?20177611595012 HTTP/1.1" 200 870
190.171.152.114 - - [23/Apr/2019:13:12:30 -0300] "GET /cormun/static/cmcontrolpreferences.js?201752511465670 HTTP/1.1" 200 1375
190.171.152.114 - - [23/Apr/2019:13:12:30 -0300] "GET /cormun/static/Shared/jquery/jquery-1.4.2.min.js HTTP/1.1" 200 72174
190.171.152.114 - - [23/Apr/2019:13:12:30 -0300] "GET /cormun/static/hpexe_messagegenexuscomponent.js?201752511465344 HTTP/1.1" 200 587
190.171.152.114 - - [23/Apr/2019:13:12:30 -0300] "GET /cormun/static/hpexe_messagepopupcomponent.js?20161017169425 HTTP/1.1" 200 605
190.171.152.114 - - [23/Apr/2019:13:12:30 -0300] "GET /cormun/static/SmoothNavMenu/resources/SmoothNavMenuRender.js HTTP/1.1" 200 5951
190.171.152.114 - - [23/Apr/2019:13:12:30 -0300] "GET /cormun/static/SmoothNavMenu/resources/ddsmoothmenu.js HTTP/1.1" 200 12712
190.171.152.114 - - [23/Apr/2019:13:12:30 -0300] "GET /cormun/static/Resources/PXToolsFooterBackground2.png HTTP/1.1" 200 1172
190.171.152.114 - - [23/Apr/2019:13:12:30 -0300] "GET /cormun/static/Resources/PXToolsHeaderBackground2.png HTTP/1.1" 200 1174
190.171.152.114 - - [23/Apr/2019:13:12:30 -0300] "GET /cormun/static/Resources/PXToolsDataTitle.png HTTP/1.1" 200 1173
190.171.152.114 - - [23/Apr/2019:13:12:30 -0300] "GET /cormun/static/Resources/PXToolsHeaderActionsBackground.png HTTP/1.1" 200 484
190.171.152.114 - - [23/Apr/2019:13:12:30 -0300] "GET /cormun/static/scaMessage/js/jquery.pnotify.min.js HTTP/1.1" 200 13038
190.171.152.114 - - [23/Apr/2019:13:12:31 -0300] "GET /cormun/static/scaMessage/scaMessageRender.js HTTP/1.1" 200 11977
190.171.152.114 - - [23/Apr/2019:13:12:31 -0300] "GET /cormun/static/hmpwkw03.js?20189613443875 HTTP/1.1" 200 3965
190.171.152.114 - - [23/Apr/2019:13:12:31 -0300] "GET /cormun/static/Resources/logo4.png HTTP/1.1" 200 6582
190.171.152.114 - - [23/Apr/2019:13:12:31 -0300] "GET /cormun/static/Resources/PXToolsHeaderActionsLeft.png HTTP/1.1" 200 1118
190.171.152.114 - - [23/Apr/2019:13:12:31 -0300] "GET /cormun/static/Resources/PXToolsHeaderHome.png HTTP/1.1" 200 4147
190.171.152.114 - - [23/Apr/2019:13:12:31 -0300] "GET /cormun/static/Resources/PXToolsHeaderLogin.png HTTP/1.1" 200 4279
190.171.152.114 - - [23/Apr/2019:13:12:31 -0300] "GET /cormun/static/Resources/PXToolsHeaderPreferences.png HTTP/1.1" 200 4189
190.171.152.114 - - [23/Apr/2019:13:12:31 -0300] "GET /cormun/static/Resources/PXToolsHeaderSecurity.png HTTP/1.1" 200 4166
190.171.152.114 - - [23/Apr/2019:13:12:31 -0300] "GET /cormun/static/Resources/PXToolsHeaderActionsRight.png HTTP/1.1" 200 1201
190.171.152.114 - - [23/Apr/2019:13:12:31 -0300] "GET /cormun/static/Shared/ext/ext-all.js HTTP/1.1" 200 1289687
190.171.152.114 - - [23/Apr/2019:13:12:31 -0300] "GET /cormun/static/Shared/jqueryui/jquery-ui.min.js HTTP/1.1" 200 240427
190.171.152.114 - - [23/Apr/2019:13:12:31 -0300] "GET /cormun/static/Shared/jquery/jquery-1.10.2.min.js HTTP/1.1" 200 273199
190.171.152.114 - - [23/Apr/2019:13:12:31 -0300] "GET /cormun/static/SmoothNavMenu/resources/images/down.gif HTTP/1.1" 200 854
190.171.152.114 - - [23/Apr/2019:13:12:31 -0300] "GET /cormun/static/SmoothNavMenu/resources/images/right.gif HTTP/1.1" 200 860
190.171.152.114 - - [23/Apr/2019:13:12:35 -0300] "GET /cormun/servlet/trlicencias? HTTP/1.1" 200 11459
190.171.152.114 - - [23/Apr/2019:13:12:35 -0300] "GET /cormun/static/Resources/Spanish/PXTools.css?17315867 HTTP/1.1" 200 89042
190.171.152.114 - - [23/Apr/2019:13:12:35 -0300] "GET /cormun/static/calendar-system.css?75620 HTTP/1.1" 200 5572
190.171.152.114 - - [23/Apr/2019:13:12:35 -0300] "GET /cormun/static/gxcfg.js?20176272054169 HTTP/1.1" 200 953
190.171.152.114 - - [23/Apr/2019:13:12:35 -0300] "GET /cormun/static/calendar-setup.js?85251 HTTP/1.1" 200 2588
190.171.152.114 - - [23/Apr/2019:13:12:35 -0300] "GET /cormun/static/calendar.js?85251 HTTP/1.1" 200 26246
190.171.152.114 - - [23/Apr/2019:13:12:35 -0300] "GET /cormun/static/calendar-es.js?85251 HTTP/1.1" 200 1901
190.171.152.114 - - [23/Apr/2019:13:12:35 -0300] "GET /cormun/static/gxui/gxui-all.css?110300 HTTP/1.1" 200 2179
190.171.152.114 - - [23/Apr/2019:13:12:35 -0300] "GET /cormun/static/Resources/PXTools/calendar.png HTTP/1.1" 200 1306
190.171.152.114 - - [23/Apr/2019:13:12:35 -0300] "GET /cormun/static/Resources/PXToolsDataSearch.png HTTP/1.1" 200 419
190.171.152.114 - - [23/Apr/2019:13:12:35 -0300] "GET /cormun/static/Resources/PXToolsGridFirstDisabled.gif HTTP/1.1" 200 100
190.171.152.114 - - [23/Apr/2019:13:12:35 -0300] "GET /cormun/static/Resources/PXToolsGridPreviousDisabled.gif HTTP/1.1" 200 90
190.171.152.114 - - [23/Apr/2019:13:12:35 -0300] "GET /cormun/static/Resources/PXToolsGridNextDisabled.gif HTTP/1.1" 200 90
190.171.152.114 - - [23/Apr/2019:13:12:35 -0300] "GET /cormun/static/Resources/PXToolsGridLastDisabled.gif HTTP/1.1" 200 98
190.171.152.114 - - [23/Apr/2019:13:12:35 -0300] "GET /cormun/static/Resources/PXToolsGridPage.gif HTTP/1.1" 200 725
190.171.152.114 - - [23/Apr/2019:13:12:35 -0300] "GET /cormun/static/Resources/PXToolsActionExcel.png HTTP/1.1" 200 3187
190.171.152.114 - - [23/Apr/2019:13:12:35 -0300] "GET /cormun/static/Resources/PXToolsGridNew.png HTTP/1.1" 200 2949
190.171.152.114 - - [23/Apr/2019:13:12:35 -0300] "GET /cormun/static/trlicencias.js?20176272054837 HTTP/1.1" 200 41883
190.171.152.114 - - [23/Apr/2019:13:12:35 -0300] "GET /cormun/static/gxdec.js?85251 HTTP/1.1" 200 19579
190.171.152.114 - - [23/Apr/2019:13:12:35 -0300] "GET /cormun/static/Shared/ext/resources/css/ext-all.css?205870 HTTP/1.1" 200 416045
190.171.152.114 - - [23/Apr/2019:13:12:36 -0300] "GET /cormun/static/Resources/desc.gif HTTP/1.1" 200 65
190.171.152.114 - - [23/Apr/2019:13:12:36 -0300] "GET /cormun/static/Resources/asc.gif HTTP/1.1" 200 67
190.171.152.114 - - [23/Apr/2019:13:12:36 -0300] "GET /cormun//static/Resources/PXToolsActionDisabled.gif HTTP/1.1" 200 53
190.171.152.114 - - [23/Apr/2019:13:12:36 -0300] "GET /cormun//static/Resources/PXToolsGridDisplay.png HTTP/1.1" 200 362
190.171.152.114 - - [23/Apr/2019:13:12:36 -0300] "GET /cormun//static/Resources/PXTools/ActionInsert.png HTTP/1.1" 200 1482
190.171.152.114 - - [23/Apr/2019:13:12:36 -0300] "GET /cormun//static/Resources/PXToolsHeaderFavorites.png HTTP/1.1" 200 2744
190.171.152.114 - - [23/Apr/2019:13:12:36 -0300] "GET /cormun//static/Resources/PXToolsActionPrint.png HTTP/1.1" 200 3317
190.171.152.114 - - [23/Apr/2019:13:12:36 -0300] "GET /cormun//static/Resources/PXToolsHeaderHelp.png HTTP/1.1" 200 4055
190.171.152.114 - - [23/Apr/2019:13:12:37 -0300] "GET /cormun/static/Shared/ext/resources/themes/images/default/tools/tool-sprites.gif HTTP/1.1" 200 5434
190.171.152.114 - - [23/Apr/2019:13:12:37 -0300] "GET /cormun/static/Shared/ext/resources/themes/images/default/panel/bg-headersPanel.png HTTP/1.1" 200 255
190.171.152.114 - - [23/Apr/2019:13:12:46 -0300] "GET /cormun/servlet/alicenciaprn?14070981,L,20190331000000,PU HTTP/1.1" 200 1537
200.112.233.47 - - [23/Apr/2019:13:13:51 -0300] "GET /cormun/servlet/hlogin HTTP/1.1" 200 1725
200.112.233.47 - - [23/Apr/2019:13:13:51 -0300] "GET /cormun/servlet/hlogin HTTP/1.1" 200 1731
200.112.233.47 - - [23/Apr/2019:13:14:00 -0300] "POST /cormun/servlet/hlogin?871d16e257411a41121d2c13dc0b259b,gx-no-cache=1556035814102 HTTP/1.1" 200 90
200.112.233.47 - - [23/Apr/2019:13:14:00 -0300] "GET /cormun/servlet/hpexe_link HTTP/1.1" 200 950
200.112.233.47 - - [23/Apr/2019:13:14:01 -0300] "GET /cormun/servlet/hhome HTTP/1.1" 200 4349
200.112.233.47 - - [23/Apr/2019:13:14:01 -0300] "GET /cormun/servlet/hhome HTTP/1.1" 200 4343
190.171.152.114 - - [23/Apr/2019:13:14:47 -0300] "GET /cormun/servlet/alicenciaprn?11276668,L,20190415000000,PU HTTP/1.1" 200 1558
200.112.233.47 - - [23/Apr/2019:13:15:09 -0300] "GET /cormun/servlet/trpermisosgoce? HTTP/1.1" 200 9767
200.112.233.47 - - [23/Apr/2019:13:15:10 -0300] "GET /cormun/servlet/trpermisosgoce? HTTP/1.1" 200 9766
200.112.233.47 - - [23/Apr/2019:13:15:13 -0300] "GET /cormun/servlet/permisogoce?INS,0,,, HTTP/1.1" 200 7208
200.112.233.47 - - [23/Apr/2019:13:15:14 -0300] "GET /cormun/servlet/permisogoce?INS,0,,, HTTP/1.1" 200 7207
200.112.233.47 - - [23/Apr/2019:13:15:17 -0300] "GET /cormun/servlet/prfichaempleado?,MD,,gxPopupLevel%3D0%3B HTTP/1.1" 200 9449
200.112.233.47 - - [23/Apr/2019:13:15:26 -0300] "POST /cormun/servlet/prfichaempleado?871d16e257411a41121d2c13dc0b259b,,MD,,gxPopupLevel%3D0%3B,gx-no-cache=1556035897141 HTTP/1.1" 200 5066
200.112.233.47 - - [23/Apr/2019:13:15:41 -0300] "POST /cormun/servlet/prfichaempleado?871d16e257411a41121d2c13dc0b259b,,MD,,gxPopupLevel%3D0%3B,gx-no-cache=1556035914843 HTTP/1.1" 200 3436
200.112.233.47 - - [23/Apr/2019:13:15:46 -0300] "GET /cormun/servlet/permisogoce?b9b3900e34b6e3fd59cd70672701f3bb9ce969fec033be4b7d3dc4071c070572f4d87fd3b44a16fc4edf39ff216c3359,gx-no-cache=1556035919638 HTTP/1.1" 200 81
200.112.233.47 - - [23/Apr/2019:13:15:58 -0300] "GET /cormun/servlet/permisogoce?b9b3900e34b6e3fd59cd70672701f3bb7bc6892ef11a3b0b44586541b3ac41d45169b9426d367ff2d8c11faefaab011ebaa019bf8c62f5456fdacc036e9d7760,gx-no-cache=1556035932211 HTTP/1.1" 200 47
200.112.233.47 - - [23/Apr/2019:13:16:01 -0300] "POST /cormun/servlet/permisogoce?871d16e257411a41121d2c13dc0b259b,INS,0,,,,gx-no-cache=1556035934867 HTTP/1.1" 200 93
200.112.233.47 - - [23/Apr/2019:13:16:01 -0300] "GET /cormun/servlet/hpexe_return? HTTP/1.1" 200 1009
200.112.233.47 - - [23/Apr/2019:13:16:02 -0300] "GET /cormun/servlet/trpermisosgoce HTTP/1.1" 200 10005
200.112.233.47 - - [23/Apr/2019:13:16:02 -0300] "GET /cormun/servlet/trpermisosgoce HTTP/1.1" 200 10001
200.112.233.47 - - [23/Apr/2019:13:16:09 -0300] "GET /cormun/servlet/trpermisosadjuntos?8995658,20190423140828,P, HTTP/1.1" 200 6657
200.112.233.47 - - [23/Apr/2019:13:16:09 -0300] "GET /cormun/servlet/trpermisosadjuntos?8995658,20190423140828,P, HTTP/1.1" 200 6658
200.112.233.47 - - [23/Apr/2019:13:16:11 -0300] "GET /cormun/servlet/permisosadjuntos?INS,8995658,P,20190423140828,, HTTP/1.1" 200 5990
200.112.233.47 - - [23/Apr/2019:13:16:11 -0300] "GET /cormun/static/about:blank HTTP/1.1" 404 1011
200.112.233.47 - - [23/Apr/2019:13:16:11 -0300] "GET /cormun/servlet/permisosadjuntos?INS,8995658,P,20190423140828,, HTTP/1.1" 200 5979
200.112.233.47 - - [23/Apr/2019:13:16:30 -0300] "POST /cormun/servlet/permisosadjuntos?871d16e257411a41121d2c13dc0b259b,INS,8995658,P,20190423140828,, HTTP/1.1" 200 116
200.112.233.47 - - [23/Apr/2019:13:16:30 -0300] "GET /cormun/servlet/hpexe_return? HTTP/1.1" 200 1037
200.112.233.47 - - [23/Apr/2019:13:16:31 -0300] "GET /cormun/servlet/trpermisosadjuntos?8995658,20190423140828,P, HTTP/1.1" 200 7160
200.112.233.47 - - [23/Apr/2019:13:16:31 -0300] "GET /cormun/servlet/trpermisosadjuntos?8995658,20190423140828,P, HTTP/1.1" 200 7157
200.112.233.47 - - [23/Apr/2019:13:16:37 -0300] "GET /cormun/servlet/trpermisosgoce? HTTP/1.1" 200 10000
200.112.233.47 - - [23/Apr/2019:13:16:37 -0300] "GET /cormun/servlet/trpermisosgoce? HTTP/1.1" 200 10000
200.112.233.47 - - [23/Apr/2019:13:16:44 -0300] "POST /cormun/servlet/trpermisosgoce?871d16e257411a41121d2c13dc0b259b,,gx-no-cache=1556035977750 HTTP/1.1" 200 7121
200.112.233.47 - - [23/Apr/2019:13:16:45 -0300] "GET /cormun/static/Shared/jqueryui/images/ui-bg_highlight-soft_100_c6c2c8_1x100.png HTTP/1.1" 404 1117
200.112.233.47 - - [23/Apr/2019:13:16:45 -0300] "GET /cormun/static/Shared/jqueryui/images/ui-icons_82798d_256x240.png HTTP/1.1" 404 1089
200.112.233.47 - - [23/Apr/2019:13:16:45 -0300] "GET /cormun/static/Shared/jqueryui/images/ui-icons_8d78a5_256x240.png HTTP/1.1" 404 1089
200.112.233.47 - - [23/Apr/2019:13:16:45 -0300] "GET /cormun/static/Shared/jqueryui/images/ui-bg_flat_55_fafafa_40x100.png HTTP/1.1" 404 1097
200.112.233.47 - - [23/Apr/2019:13:16:48 -0300] "GET /cormun/servlet/trautorizarpermisogoce? HTTP/1.1" 200 8008
200.112.233.47 - - [23/Apr/2019:13:16:49 -0300] "GET /cormun/servlet/trautorizarpermisogoce? HTTP/1.1" 200 8008
200.112.233.47 - - [23/Apr/2019:13:16:51 -0300] "POST /cormun/servlet/trautorizarpermisogoce?871d16e257411a41121d2c13dc0b259b,,gx-no-cache=1556035984908 HTTP/1.1" 200 4443
190.171.152.114 - - [23/Apr/2019:13:17:40 -0300] "GET /cormun/servlet/alicenciaprn?19262892,L,20190409000000,PU HTTP/1.1" 200 1565
190.171.144.234 - - [23/Apr/2019:13:18:28 -0300] "GET /cormun/servlet/hlogin HTTP/1.1" 200 1720
190.171.141.138 - - [23/Apr/2019:13:18:38 -0300] "GET /cormun/servlet/hlogin HTTP/1.1" 200 1717
190.171.141.138 - - [23/Apr/2019:13:18:40 -0300] "POST /cormun/servlet/hlogin?36c62a4148840f901e6ad15c0f547306,gx-no-cache=1556036096656 HTTP/1.1" 200 90
190.171.141.138 - - [23/Apr/2019:13:18:40 -0300] "GET /cormun/servlet/hpexe_link HTTP/1.1" 200 947
190.171.141.138 - - [23/Apr/2019:13:18:40 -0300] "GET /cormun/servlet/hhome HTTP/1.1" 200 4463
190.171.144.234 - - [23/Apr/2019:13:18:40 -0300] "POST /cormun/servlet/hlogin?4ce2c219f5fe9bdabccbedfbcb9ce01a,gx-no-cache=1556036096639 HTTP/1.1" 200 90
190.171.144.234 - - [23/Apr/2019:13:18:40 -0300] "GET /cormun/servlet/hpexe_link HTTP/1.1" 200 948
190.171.144.234 - - [23/Apr/2019:13:18:40 -0300] "GET /cormun/servlet/hhome HTTP/1.1" 200 4014
190.171.144.234 - - [23/Apr/2019:13:18:41 -0300] "GET /cormun/servlet/hhome HTTP/1.1" 200 4010
190.171.141.138 - - [23/Apr/2019:13:18:41 -0300] "GET /cormun/servlet/hhome HTTP/1.1" 200 4459
190.171.141.90 - - [23/Apr/2019:13:18:46 -0300] "GET /cormun/static/menuarrow.gif HTTP/1.1" 404 1015
40.77.193.172 - - [23/Apr/2019:13:20:48 -0300] "GET /cormun/static/Resources/indicator.gif HTTP/1.1" 200 1553
40.77.253.229 - - [23/Apr/2019:13:20:51 -0300] "GET /cormun/servlet/hhome HTTP/1.1" 200 15677
40.77.193.232 - - [23/Apr/2019:13:20:55 -0300] "GET /cormun/static/Resources/Spanish/PXTools.css?11423723 HTTP/1.1" 200 89042
192.168.10.89 - - [23/Apr/2019:13:21:48 -0300] "POST /cormun/servlet/trsolicitudgral?581046b81185997cb1c15cecc24b272c,gx-no-cache=1556035115823,gx-no-cache=1556043303405 HTTP/1.1" 440 972
192.168.10.89 - - [23/Apr/2019:13:21:51 -0300] "GET /cormun/servlet/hlogin HTTP/1.1" 200 1757
190.171.141.90 - - [23/Apr/2019:13:21:57 -0300] "GET /cormun/servlet/licenciaspermisos?5bb7b92044170446eafaa56730aba9cad20d18389f69674246de460b7135484d6a447d1a545539356a859138689a31cad1241decd1a66ac4058efeebba5a0b439166dd4171a560951dc0d14690f0d54b365225d9ef4b6e815531fdafb7596734b351dd6a92c9c23ceb3d263ea14be2192c706207a9f49f124e21dac6df304b5409bb81c126855d9cfa54336be2f57ffca028c0d28f68206d7797b25de8980b37080b557df3f48d8a9936776e9356d4e4f010a4be760c9f88e5ae2b14f3e212b2246f21bb12e84fd4084d38e7e49282f7a88859c45ff404a187d9faf5411ab1da,gx-no-cache=1556036291828 HTTP/1.1" 200 30
190.171.141.90 - - [23/Apr/2019:13:21:57 -0300] "GET /cormun/servlet/licenciaspermisos?5bb7b92044170446eafaa56730aba9caef1ddd00dd46aa02d209730ad10f5a3ee38c3cc7ba3aa5cbb5b63887728780130ffbfe28571b7aee26a244e66e9c668d7d8f45eddeebf068d4de2d5ec3173483eba87e9a9730195647abdd4f21780186cd1c829ed3b171c99628174005591a5ba3b7c888bdb70aa9449d60ae73c0ce10f3cc6b10e5dcd2bc63a927c34b0a06ce539d115b2ba7c872e9f54d13eb526faba5ebc0dc95b5731eff3c19abd7ddc6e234047e125797fc2a0d061e077a9bc7920fe36e462dfd313cea49e94fd89354ce8f150a37ef4fa1246f21596e5cc81f49,gx-no-cache=1556036291922 HTTP/1.1" 200 29
192.168.10.89 - - [23/Apr/2019:13:21:58 -0300] "POST /cormun/servlet/hlogin?b0b7a12ef10c7fbdfe961c060f99e833,gx-no-cache=1556043312550 HTTP/1.1" 200 90
192.168.10.89 - - [23/Apr/2019:13:21:58 -0300] "GET /cormun/servlet/hpexe_link HTTP/1.1" 200 948
190.171.141.90 - - [23/Apr/2019:13:21:58 -0300] "POST /cormun/servlet/licenciaspermisos?1c2a3c9398561d5d414fb7ff642dd763,INS,0,,,,gx-no-cache=1556036291954 HTTP/1.1" 200 93
190.171.141.90 - - [23/Apr/2019:13:21:58 -0300] "GET /cormun/servlet/hpexe_return? HTTP/1.1" 200 1004
192.168.10.89 - - [23/Apr/2019:13:21:58 -0300] "GET /cormun/servlet/hhome HTTP/1.1" 200 3870
190.171.141.90 - - [23/Apr/2019:13:21:58 -0300] "GET /cormun/servlet/trlicencias HTTP/1.1" 200 12826
190.171.141.90 - - [23/Apr/2019:13:21:59 -0300] "GET /cormun/servlet/trlicencias HTTP/1.1" 200 12809
192.168.10.89 - - [23/Apr/2019:13:22:00 -0300] "GET /cormun/servlet/trsolicitudgral? HTTP/1.1" 200 28078
192.168.10.89 - - [23/Apr/2019:13:22:11 -0300] "POST /cormun/servlet/trsolicitudgral?b0b7a12ef10c7fbdfe961c060f99e833,,gx-no-cache=1556043325517 HTTP/1.1" 200 8231
190.171.141.90 - - [23/Apr/2019:13:22:12 -0300] "GET /cormun/servlet/trlicenciaspermisosadjuntos?16879308,20190423000000,L, HTTP/1.1" 200 6571
190.171.141.90 - - [23/Apr/2019:13:22:12 -0300] "GET /cormun/static/gxcfg.js?20177612163414 HTTP/1.1" 200 953
190.171.141.90 - - [23/Apr/2019:13:22:12 -0300] "GET /cormun/static/trlicenciaspermisosadjuntos.js?20177612163719 HTTP/1.1" 200 21036
190.171.141.90 - - [23/Apr/2019:13:22:12 -0300] "GET /cormun/servlet/trlicenciaspermisosadjuntos?16879308,20190423000000,L, HTTP/1.1" 200 6571
192.168.10.89 - - [23/Apr/2019:13:22:33 -0300] "GET /cormun/servlet/solicitudgral2?UPD,2019,15136, HTTP/1.1" 200 12506
192.168.10.89 - - [23/Apr/2019:13:22:33 -0300] "GET /cormun/static/gxcfg.js?2018371102837 HTTP/1.1" 304 -
192.168.10.89 - - [23/Apr/2019:13:22:34 -0300] "POST /cormun/servlet/solicitudgral2?gx-no-cache=1556043349185 HTTP/1.1" 200 4072
192.168.10.89 - - [23/Apr/2019:13:22:34 -0300] "GET /cormun/servlet/solicitudgral2?3b78032953135b6aa74ccf185bc63a04a754a1434e7c292eb064194fb91d713cf0f8806435d9bfd14f3793a0e0658e88022659b26e89f2f3f9611f0e11ee37842b9bc186f4833ecc127295e80ff83457be398594bec22096e1f11b3055d6801ea4512736e06ca8e71033108dc588e242c8ab4b1e1d7b5a9cea1bc4bf531f8a701cb9518d329fb0fa2a9adf1c613e716a766336f6a1e995d22b40e89b0b49f7d94764b3c2c4c05d221a2be84db464aafbb52a9d21f82e6fd6406dc23977c2bb7270889d7824f5c3afaa3d9d6aab7408aa88cadc2c1a9975d596251d9b9385ec069ddb0bd26e6c4e7effb15a9ed5ebbbe8c54b147684a9960a3568bed79e4d3429838ab7c8c899bc4d5f2ec78dbfca230fb2d736452d5e6b243e0234cd65b6bb8a5e106185f87d6a997152891a5fee000b2b1e4693dec46113a1fb2fa13e6cb65625496655a9ea382994fab822da7c15c6,gx-no-cache=1556043349500 HTTP/1.1" 200 297
192.168.10.89 - - [23/Apr/2019:13:22:34 -0300] "GET /cormun/servlet/solicitudgral2?3b78032953135b6aa74ccf185bc63a04b8c51479d03764e8be6e0ee97a9f749e3aee1d22d41c7ad15af9c3904b2c2777aadddf517dffd1994f7d0624b2b425848ca9a711a7cc965f55b98e00fc7a6ca0330e0a82d6fcd56112b8efe71f7515aa,gx-no-cache=1556043349520 HTTP/1.1" 200 33
192.168.10.89 - - [23/Apr/2019:13:22:35 -0300] "GET /cormun/servlet/solicitudgral2?3b78032953135b6aa74ccf185bc63a044ab13a9bfb9369d235139c32de4c983a89f784af7cbd7e88b73ec251fd4fefb5f74edcdb1d1c550561f670d06cab9fcf1a1b35481ee125a23ebab951b1616ca9523143c7403ff5111f838403e4fa002018e5310e121a83d25cb48d1b5fc63189,gx-no-cache=1556043349535 HTTP/1.1" 200 40
192.168.10.89 - - [23/Apr/2019:13:22:35 -0300] "GET /cormun/servlet/solicitudgral2?3b78032953135b6aa74ccf185bc63a04fae292fdebb58dd8033cd8b8be90440c5d997767212fbedfd643995d1d18649e022659b26e89f2f3f9611f0e11ee3784a20d96f7a18a11be36d8ba7041829ec1cfb6f19a7be151960b79e8aed7cc0fd9,gx-no-cache=1556043349876 HTTP/1.1" 200 30
190.171.144.234 - - [23/Apr/2019:13:22:35 -0300] "GET /cormun/servlet/trsolicitudot? HTTP/1.1" 200 7233
192.168.10.89 - - [23/Apr/2019:13:22:35 -0300] "POST /cormun/servlet/solicitudgral2?gx-no-cache=1556043350247 HTTP/1.1" 200 96
190.171.144.234 - - [23/Apr/2019:13:22:36 -0300] "GET /cormun/servlet/trsolicitudot? HTTP/1.1" 200 7232
192.168.10.89 - - [23/Apr/2019:13:22:37 -0300] "POST /cormun/servlet/solicitudgral2?b0b7a12ef10c7fbdfe961c060f99e833,UPD,2019,15136,,gx-no-cache=1556043351659 HTTP/1.1" 200 11538
192.168.10.89 - - [23/Apr/2019:13:22:38 -0300] "GET /cormun/servlet/solicitudgral2?3b78032953135b6aa74ccf185bc63a045d8be9bf85530976010fcf4e020f632136735371325cfcf112a8b4f22d923f4e2355bb3af1053cc584d2a0325178bdd64bca98eb4a7aef921d54a12e4d4b21891f7412cb4bf2a860ca69fac9e847c4ae8db68b436846fc48f8808520db24eecc,gx-no-cache=1556043352805 HTTP/1.1" 200 29
192.168.10.89 - - [23/Apr/2019:13:22:39 -0300] "GET /cormun/servlet/solicitudgral2?3b78032953135b6aa74ccf185bc63a042482d7372ae45a544b613313e939da5a4325f6ce0ed5560164a318b6b4ebff0f14f7252547ed7b01680f6ffdcb69aae3e3524bcb654f2596e0f6f4d64485b1d3440dc331f963efbe8498ad66577ddac949eeae200d2c5f682b6a0606212185bdc500317aa5a49a7be9a29788fcfb178a,gx-no-cache=1556043353670 HTTP/1.1" 200 30
190.171.144.234 - - [23/Apr/2019:13:22:39 -0300] "GET /cormun/static/menuarrow.gif HTTP/1.1" 404 1015
192.168.10.89 - - [23/Apr/2019:13:22:40 -0300] "POST /cormun/servlet/solicitudgral2?b0b7a12ef10c7fbdfe961c060f99e833,UPD,2019,15136,,gx-no-cache=1556043355261 HTTP/1.1" 200 93
192.168.10.89 - - [23/Apr/2019:13:22:40 -0300] "GET /cormun/servlet/hpexe_return? HTTP/1.1" 200 1013
192.168.10.89 - - [23/Apr/2019:13:22:40 -0300] "GET /cormun/static/gxcfg.js?2016101716175148 HTTP/1.1" 304 -
192.168.10.89 - - [23/Apr/2019:13:22:41 -0300] "GET /cormun/servlet/trsolicitudgral? HTTP/1.1" 200 11301
192.168.10.89 - - [23/Apr/2019:13:22:54 -0300] "POST /cormun/servlet/trsolicitudgral?b0b7a12ef10c7fbdfe961c060f99e833,,gx-no-cache=1556043368745 HTTP/1.1" 200 7108
192.168.10.89 - - [23/Apr/2019:13:22:54 -0300] "GET /cormun/static/Shared/jqueryui/images/ui-icons_82798d_256x240.png HTTP/1.1" 404 1089
192.168.10.89 - - [23/Apr/2019:13:22:54 -0300] "GET /cormun/static/Shared/jqueryui/images/ui-bg_flat_55_fafafa_40x100.png HTTP/1.1" 404 1097
192.168.10.89 - - [23/Apr/2019:13:22:54 -0300] "GET /cormun/static/Shared/jqueryui/images/ui-bg_highlight-soft_100_c6c2c8_1x100.png HTTP/1.1" 404 1117
192.168.10.89 - - [23/Apr/2019:13:22:54 -0300] "GET /cormun/static/Shared/jqueryui/images/ui-icons_8d78a5_256x240.png HTTP/1.1" 404 1089
192.168.10.89 - - [23/Apr/2019:13:22:56 -0300] "GET /cormun/servlet/trautorizarot? HTTP/1.1" 200 10403
192.168.10.89 - - [23/Apr/2019:13:22:56 -0300] "GET /cormun/static/gxcfg.js?20183710595049 HTTP/1.1" 304 -
192.168.10.89 - - [23/Apr/2019:13:22:59 -0300] "POST /cormun/servlet/trautorizarot?b0b7a12ef10c7fbdfe961c060f99e833,,gx-no-cache=1556043374379 HTTP/1.1" 200 5348
190.171.141.90 - - [23/Apr/2019:13:23:15 -0300] "GET /cormun/servlet/licenciaspermisosadjuntos?INS,16879308,L,20190423000000,, HTTP/1.1" 200 5867
190.171.141.90 - - [23/Apr/2019:13:23:15 -0300] "GET /cormun/static/gxcfg.js?2017761263592 HTTP/1.1" 200 953
190.171.141.90 - - [23/Apr/2019:13:23:15 -0300] "GET /cormun/static/licenciaspermisosadjuntos.js?201776126362 HTTP/1.1" 200 8760
190.171.141.90 - - [23/Apr/2019:13:23:15 -0300] "GET /cormun/static/about:blank HTTP/1.1" 404 1011
190.171.141.90 - - [23/Apr/2019:13:23:15 -0300] "GET /cormun/servlet/licenciaspermisosadjuntos?INS,16879308,L,20190423000000,, HTTP/1.1" 200 5856
190.171.141.90 - - [23/Apr/2019:13:23:30 -0300] "POST /cormun/servlet/licenciaspermisosadjuntos?1c2a3c9398561d5d414fb7ff642dd763,INS,16879308,L,20190423000000,, HTTP/1.1" 200 116
190.171.141.90 - - [23/Apr/2019:13:23:30 -0300] "GET /cormun/servlet/hpexe_return? HTTP/1.1" 200 1034
190.171.141.90 - - [23/Apr/2019:13:23:30 -0300] "GET /cormun/servlet/trlicenciaspermisosadjuntos?16879308,20190423000000,L, HTTP/1.1" 200 7074
190.171.141.90 - - [23/Apr/2019:13:23:30 -0300] "GET /cormun/servlet/trlicenciaspermisosadjuntos?16879308,20190423000000,L, HTTP/1.1" 200 7071
190.171.141.90 - - [23/Apr/2019:13:23:35 -0300] "POST /cormun/servlet/trlicenciaspermisosadjuntos?1c2a3c9398561d5d414fb7ff642dd763,16879308,20190423000000,L,,gx-no-cache=1556036389306 HTTP/1.1" 200 90
190.171.141.90 - - [23/Apr/2019:13:23:35 -0300] "GET /cormun/servlet/hpexe_link HTTP/1.1" 200 978
190.171.141.90 - - [23/Apr/2019:13:23:35 -0300] "GET /cormun/servlet/trlicencias HTTP/1.1" 200 12812
190.171.141.90 - - [23/Apr/2019:13:23:36 -0300] "GET /cormun/servlet/trlicencias HTTP/1.1" 200 12809
190.171.141.90 - - [23/Apr/2019:13:23:38 -0300] "GET /cormun/servlet/alicenciaprn?16879308,L,20190423000000,PU HTTP/1.1" 200 1537
190.171.141.90 - - [23/Apr/2019:13:23:52 -0300] "POST /cormun/servlet/trlicencias?1c2a3c9398561d5d414fb7ff642dd763,gx-no-cache=1556036406496 HTTP/1.1" 200 10198
190.171.141.90 - - [23/Apr/2019:13:23:52 -0300] "GET /cormun/static/Shared/jqueryui/images/ui-bg_highlight-soft_100_c6c2c8_1x100.png HTTP/1.1" 404 1117
190.171.141.90 - - [23/Apr/2019:13:23:52 -0300] "GET /cormun/static/Shared/jqueryui/images/ui-icons_82798d_256x240.png HTTP/1.1" 404 1089
190.171.141.90 - - [23/Apr/2019:13:23:52 -0300] "GET /cormun/static/Shared/jqueryui/images/ui-bg_flat_55_fafafa_40x100.png HTTP/1.1" 404 1097
190.171.141.90 - - [23/Apr/2019:13:23:52 -0300] "GET /cormun/static/Shared/jqueryui/images/ui-icons_8d78a5_256x240.png HTTP/1.1" 404 1089
200.112.233.47 - - [23/Apr/2019:13:24:14 -0300] "GET /cormun/servlet/hlogin HTTP/1.1" 200 1725
200.112.233.47 - - [23/Apr/2019:13:24:24 -0300] "POST /cormun/servlet/hlogin?871d16e257411a41121d2c13dc0b259b,gx-no-cache=1556036437954 HTTP/1.1" 200 90
200.112.233.47 - - [23/Apr/2019:13:24:24 -0300] "GET /cormun/servlet/hpexe_link HTTP/1.1" 200 964
200.112.233.47 - - [23/Apr/2019:13:24:24 -0300] "GET /cormun/servlet/trautorizarpermisogoce? HTTP/1.1" 200 7182
192.168.10.89 - - [23/Apr/2019:13:24:26 -0300] "GET /cormun/servlet/trsolicitudgral? HTTP/1.1" 200 10163
200.112.233.47 - - [23/Apr/2019:13:24:28 -0300] "GET /cormun/servlet/trautorizarpermisogoce? HTTP/1.1" 200 7180
200.112.233.47 - - [23/Apr/2019:13:24:28 -0300] "GET /cormun/servlet/trlicencias? HTTP/1.1" 200 9270
200.112.233.47 - - [23/Apr/2019:13:24:28 -0300] "GET /cormun/static/gxcfg.js?20176272054169 HTTP/1.1" 200 953
200.112.233.47 - - [23/Apr/2019:13:24:28 -0300] "GET /cormun/static/trlicencias.js?20176272054837 HTTP/1.1" 200 41883
200.112.233.47 - - [23/Apr/2019:13:24:28 -0300] "GET /cormun/servlet/trlicencias? HTTP/1.1" 200 9269
192.168.10.89 - - [23/Apr/2019:13:24:32 -0300] "POST /cormun/servlet/trsolicitudgral?b0b7a12ef10c7fbdfe961c060f99e833,,gx-no-cache=1556043467258 HTTP/1.1" 200 7445
200.112.233.47 - - [23/Apr/2019:13:24:34 -0300] "GET /cormun/servlet/licenciaspermisos?INS,0,,, HTTP/1.1" 200 7878
200.112.233.47 - - [23/Apr/2019:13:24:34 -0300] "GET /cormun/static/gxcfg.js?201762917281167 HTTP/1.1" 200 953
200.112.233.47 - - [23/Apr/2019:13:24:34 -0300] "GET /cormun/static/licenciaspermisos.js?201762917281260 HTTP/1.1" 200 37491
200.112.233.47 - - [23/Apr/2019:13:24:34 -0300] "GET /cormun/servlet/licenciaspermisos?INS,0,,, HTTP/1.1" 200 7886
192.168.10.89 - - [23/Apr/2019:13:24:38 -0300] "POST /cormun/servlet/trsolicitudgral?b0b7a12ef10c7fbdfe961c060f99e833,,gx-no-cache=1556043473161 HTTP/1.1" 200 7064
192.168.10.89 - - [23/Apr/2019:13:24:39 -0300] "GET /cormun/static/Shared/jqueryui/images/ui-bg_highlight-soft_100_c6c2c8_1x100.png HTTP/1.1" 404 1117
192.168.10.89 - - [23/Apr/2019:13:24:39 -0300] "GET /cormun/static/Shared/jqueryui/images/ui-bg_flat_55_fafafa_40x100.png HTTP/1.1" 404 1097
192.168.10.89 - - [23/Apr/2019:13:24:39 -0300] "GET /cormun/static/Shared/jqueryui/images/ui-icons_8d78a5_256x240.png HTTP/1.1" 404 1089
192.168.10.89 - - [23/Apr/2019:13:24:39 -0300] "GET /cormun/static/Shared/jqueryui/images/ui-icons_82798d_256x240.png HTTP/1.1" 404 1089
200.112.233.47 - - [23/Apr/2019:13:24:39 -0300] "GET /cormun/servlet/prfichaempleado?,MD,,gxPopupLevel%3D0%3B HTTP/1.1" 200 9451
192.168.10.89 - - [23/Apr/2019:13:24:41 -0300] "GET /cormun/servlet/trsolicitudgral? HTTP/1.1" 200 10113
192.168.10.89 - - [23/Apr/2019:13:24:47 -0300] "GET /cormun/servlet/trautorizarot? HTTP/1.1" 200 9546
200.112.233.47 - - [23/Apr/2019:13:24:48 -0300] "POST /cormun/servlet/prfichaempleado?871d16e257411a41121d2c13dc0b259b,,MD,,gxPopupLevel%3D0%3B,gx-no-cache=1556036461267 HTTP/1.1" 200 3436
192.168.10.89 - - [23/Apr/2019:13:24:53 -0300] "POST /cormun/servlet/trautorizarot?b0b7a12ef10c7fbdfe961c060f99e833,,gx-no-cache=1556043487477 HTTP/1.1" 200 5328
200.112.233.47 - - [23/Apr/2019:13:24:53 -0300] "GET /cormun/servlet/licenciaspermisos?b9b3900e34b6e3fd59cd70672701f3bbe5cb7f1af127a09f5c1469e19f9d1333fe7b09567eee39c912b1c4affe76f895,gx-no-cache=1556036466789 HTTP/1.1" 200 77
200.112.233.47 - - [23/Apr/2019:13:24:53 -0300] "POST /cormun/servlet/licenciaspermisos?871d16e257411a41121d2c13dc0b259b,INS,0,,,,gx-no-cache=1556036466873 HTTP/1.1" 200 4956
190.171.144.234 - - [23/Apr/2019:13:25:50 -0300] "POST /cormun/servlet/trsolicitudot?4ce2c219f5fe9bdabccbedfbcb9ce01a,,gx-no-cache=1556036526816 HTTP/1.1" 200 4362
190.171.144.234 - - [23/Apr/2019:13:25:57 -0300] "GET /cormun/servlet/solicitudot?INS,0,0, HTTP/1.1" 200 14922
192.168.10.89 - - [23/Apr/2019:13:25:57 -0300] "GET /cormun/servlet/trsolicitudgral? HTTP/1.1" 200 10114
190.171.144.234 - - [23/Apr/2019:13:25:57 -0300] "GET /cormun/servlet/solicitudot?INS,0,0, HTTP/1.1" 200 14927
190.171.144.234 - - [23/Apr/2019:13:26:03 -0300] "POST /cormun/servlet/solicitudot?gx-no-cache=1556036539147 HTTP/1.1" 200 3508
190.171.144.234 - - [23/Apr/2019:13:26:03 -0300] "GET /cormun/static/Shared/jqueryui/images/ui-icons_82798d_256x240.png HTTP/1.1" 404 1089
190.171.144.234 - - [23/Apr/2019:13:26:03 -0300] "GET /cormun/static/Shared/jqueryui/images/ui-bg_highlight-soft_100_c6c2c8_1x100.png HTTP/1.1" 404 1117
190.171.144.234 - - [23/Apr/2019:13:26:03 -0300] "GET /cormun/static/Shared/jqueryui/images/ui-bg_flat_55_994d53_40x100.png HTTP/1.1" 404 1097
190.171.144.234 - - [23/Apr/2019:13:26:03 -0300] "GET /cormun/static/Shared/jqueryui/images/ui-icons_ebccce_256x240.png HTTP/1.1" 404 1089
190.171.144.234 - - [23/Apr/2019:13:26:03 -0300] "GET /cormun/servlet/solicitudot?e3c4b3bcf07422913c94e50f529c415e2351aded1f0b596ed1028a2351e600ee,gx-no-cache=1556036539286 HTTP/1.1" 200 111
192.168.10.89 - - [23/Apr/2019:13:26:07 -0300] "POST /cormun/servlet/trsolicitudgral?b0b7a12ef10c7fbdfe961c060f99e833,,gx-no-cache=1556043561698 HTTP/1.1" 200 5278
190.171.144.234 - - [23/Apr/2019:13:26:40 -0300] "POST /cormun/servlet/solicitudot?gx-no-cache=1556036576079 HTTP/1.1" 200 3575
190.171.144.234 - - [23/Apr/2019:13:26:40 -0300] "POST /cormun/servlet/solicitudot?4ce2c219f5fe9bdabccbedfbcb9ce01a,INS,0,0,,gx-no-cache=1556036576223 HTTP/1.1" 200 11829
190.171.144.234 - - [23/Apr/2019:13:27:16 -0300] "GET /cormun/servlet/solicitudot?e3c4b3bcf07422913c94e50f529c415e47128dc1cdfdcf5f82709ed6124ee4d989638217496ce7c76559de7c4534a2b5,gx-no-cache=1556036611810 HTTP/1.1" 200 30
190.171.144.234 - - [23/Apr/2019:13:27:16 -0300] "GET /cormun/servlet/solicitudot?e3c4b3bcf07422913c94e50f529c415e4de552ed0cd83a1766b9a56e9b2c5d42ed87cbe289825f8222d5717734445b965f3119e843f3b8c088fe94030a15784f,gx-no-cache=1556036611926 HTTP/1.1" 200 30
190.171.144.234 - - [23/Apr/2019:13:27:16 -0300] "GET /cormun/servlet/solicitudot?e3c4b3bcf07422913c94e50f529c415ecfde3d90a31f1093337ed87d33b82c10,gx-no-cache=1556036611967 HTTP/1.1" 200 53
190.171.144.234 - - [23/Apr/2019:13:27:16 -0300] "POST /cormun/servlet/solicitudot?gx-no-cache=1556036611993 HTTP/1.1" 200 297
190.171.144.234 - - [23/Apr/2019:13:27:16 -0300] "GET /cormun/servlet/solicitudot?e3c4b3bcf07422913c94e50f529c415eb5b9fe62c259dd1ca2e2b632d39f5cde3ef171da13bacc34abe909923492c219cc6471e5a0220b11b7fdd2aeb05b739e7d65ec75108e187f4403e7cecf99f0a08523226a9ea7a7f0756fd02e8766eeded7845786124b8694ca4842a35f228de37791258f905c65e11c1e6b8ed7446a0e11008bafac3b91393d8e5f71dfba89c5d15f769d551c09f84969b6a320ab2ce83a84d24aa2bc3e765bec7443dffcf0eee426877fb467bc386be8f0a7b745b6715ddc5d1e0985779cd01ca111d7ee83f55ca27475e4a9401c9bf4b25e80fbdb46896acd8f046aee76bddec801aacc1c52ad4bcc05562e40f85a12137110eef61441be6622f6b0ae0ab8a0e99faffb2c66d7bfca092e5045936be7dab00c865321d5dbdd438ff2f11be6afe8751a4bf7b62d9edf54f27e4a28fed4b00300f9ff93ac6d8ae6bc90357433d72460f8e463c4a2189a609d3737b797626e3f928c01354dac24bf1ff00861be49bab41bfc4ef2e9005d7a3dd0dcda919c075e2397b6965f3119e843f3b8c088fe94030a15784f,gx-no-cache=1556036612023 HTTP/1.1" 200 30
190.171.144.234 - - [23/Apr/2019:13:27:16 -0300] "POST /cormun/servlet/solicitudot?gx-no-cache=1556036612061 HTTP/1.1" 200 30
190.171.144.234 - - [23/Apr/2019:13:27:16 -0300] "POST /cormun/servlet/solicitudot?gx-no-cache=1556036612092 HTTP/1.1" 200 1343
190.171.144.234 - - [23/Apr/2019:13:27:16 -0300] "POST /cormun/servlet/solicitudot?gx-no-cache=1556036612134 HTTP/1.1" 200 38
190.171.144.234 - - [23/Apr/2019:13:27:16 -0300] "GET /cormun/servlet/solicitudot?e3c4b3bcf07422913c94e50f529c415e737f643b6625e419e0881770c9ba6e9aa7dd1139aa2282fe86df20fa8b36b6d9e71f55554bb7e871e24ca40de1d202a7eddc4d9a6e9ad2600eb28bcf832dee51202a968b3aed07aecb42d270ed2f12c39236fb7564f70a5bfa0b9d99d7af0789,gx-no-cache=1556036612160 HTTP/1.1" 200 110
190.171.144.234 - - [23/Apr/2019:13:27:25 -0300] "POST /cormun/servlet/solicitudot?gx-no-cache=1556036621245 HTTP/1.1" 200 110
190.171.144.234 - - [23/Apr/2019:13:27:32 -0300] "GET /cormun/servlet/solicitudot?e3c4b3bcf07422913c94e50f529c415ecfe8c2020d0be985995d5eb7c9bec2d84cfd307506066217de5ec12486daf612e57e028fad22bcc3423dea1323ab0241e319938d58e3a959f0d0cf35ebf5e9b844da702707638049d4505f9f17be7cba08809f4db192d6d56b1ddcb66bf0f600,gx-no-cache=1556036628220 HTTP/1.1" 200 29
190.171.144.234 - - [23/Apr/2019:13:27:33 -0300] "GET /cormun/static/menuarrow.gif HTTP/1.1" 404 1015
190.171.144.234 - - [23/Apr/2019:13:27:36 -0300] "GET /cormun/servlet/solicitudot?e3c4b3bcf07422913c94e50f529c415e556257a6f022ad8d8d53cda2c754ffa40f54df86592be2e9bc8616f3e41612e7,gx-no-cache=1556036632506 HTTP/1.1" 200 30
190.171.144.234 - - [23/Apr/2019:13:27:46 -0300] "POST /cormun/servlet/solicitudot?gx-no-cache=1556036641960 HTTP/1.1" 200 30
190.171.144.234 - - [23/Apr/2019:13:28:11 -0300] "POST /cormun/servlet/solicitudot?4ce2c219f5fe9bdabccbedfbcb9ce01a,INS,0,0,,gx-no-cache=1556036667101 HTTP/1.1" 200 93
190.171.144.234 - - [23/Apr/2019:13:28:11 -0300] "GET /cormun/servlet/hpexe_return? HTTP/1.1" 200 1004
190.171.144.234 - - [23/Apr/2019:13:28:11 -0300] "GET /cormun/servlet/trsolicitudot? HTTP/1.1" 200 7282
190.171.144.234 - - [23/Apr/2019:13:28:11 -0300] "GET /cormun/servlet/trsolicitudot? HTTP/1.1" 200 7278
192.168.10.89 - - [23/Apr/2019:13:28:43 -0300] "POST /cormun/servlet/trsolicitudgral?b0b7a12ef10c7fbdfe961c060f99e833,,gx-no-cache=1556043718405 HTTP/1.1" 200 8831
190.171.144.234 - - [23/Apr/2019:13:29:16 -0300] "GET /cormun/servlet/hlogin HTTP/1.1" 200 1720
200.112.233.47 - - [23/Apr/2019:13:29:18 -0300] "GET /cormun/servlet/licenciaspermisos?b9b3900e34b6e3fd59cd70672701f3bba7f9230e9f1ffd5888371aca506b082782a6517df5f9ad962498f8f53f079f59cacd0ee6b2bbd8766a0c8ef1522e4dacabd0552662040557601c71ccdffa3a97cb8629c044d33bb160f1aa3cdaedcafed385976292fe138d844c30324bcc2b6c796dbdde6a6ccf25ed18de1359be01769bda4caf07cf1086574389bb34306342f3e36a643f896aaa28e139636850072ccb38a7f14cf076c37ea6052255b2a1e7cc7a3b2279adfa0f20156ed54ed130fbedee78a52a5afe6371dfb74ab521a0769be1c6c7680a3f807289540fb89d710b,gx-no-cache=1556036731788 HTTP/1.1" 200 30
200.112.233.47 - - [23/Apr/2019:13:29:23 -0300] "GET /cormun/servlet/licenciaspermisos?b9b3900e34b6e3fd59cd70672701f3bbd98bd19b7334cb24c70218e06cf928cc36618a020f0592cbb3444fa16d7a8bf119360b2c495b1a83e6c2ce19997ca142ef046a2f73c9e26efe4f68f8052d1f3d79a3a1832cfe4304809e3f5d801daf115784df364e045fd33c5b99f20988861aa6d5be40b606d069becd9519116e68ebc213400bc922330d4f967ea550b6469bb320a1be0f455b40fca855dbbbcd88d21bc6c897a9c8e6785c474e4e292fa724a463a03250b3a78652ff9b3ba60010ce5aa10cb7631fe29aeba5944c9e967cad78286e88983b1df0e5c5346a538c83ca,gx-no-cache=1556036736402 HTTP/1.1" 200 29
200.112.233.47 - - [23/Apr/2019:13:29:23 -0300] "POST /cormun/servlet/licenciaspermisos?871d16e257411a41121d2c13dc0b259b,INS,0,,,,gx-no-cache=1556036736425 HTTP/1.1" 200 93
200.112.233.47 - - [23/Apr/2019:13:29:23 -0300] "GET /cormun/servlet/hpexe_return? HTTP/1.1" 200 1012
200.112.233.47 - - [23/Apr/2019:13:29:23 -0300] "GET /cormun/servlet/trlicencias HTTP/1.1" 200 9697
200.112.233.47 - - [23/Apr/2019:13:29:24 -0300] "GET /cormun/servlet/trlicencias HTTP/1.1" 200 9692
190.171.144.234 - - [23/Apr/2019:13:29:27 -0300] "POST /cormun/servlet/hlogin?4ce2c219f5fe9bdabccbedfbcb9ce01a,gx-no-cache=1556036743193 HTTP/1.1" 200 90
190.171.144.234 - - [23/Apr/2019:13:29:27 -0300] "GET /cormun/servlet/hpexe_link HTTP/1.1" 200 954
190.171.144.234 - - [23/Apr/2019:13:29:27 -0300] "GET /cormun/servlet/trsolicitudot HTTP/1.1" 200 7279
190.171.144.234 - - [23/Apr/2019:13:29:27 -0300] "GET /cormun/servlet/trsolicitudot HTTP/1.1" 200 7278
200.112.233.47 - - [23/Apr/2019:13:29:29 -0300] "GET /cormun/servlet/trlicenciaspermisosadjuntos?5554040,20190423000000,L, HTTP/1.1" 200 6698
200.112.233.47 - - [23/Apr/2019:13:29:29 -0300] "GET /cormun/static/gxcfg.js?20177612163414 HTTP/1.1" 200 953
200.112.233.47 - - [23/Apr/2019:13:29:29 -0300] "GET /cormun/static/trlicenciaspermisosadjuntos.js?20177612163719 HTTP/1.1" 200 21036
200.112.233.47 - - [23/Apr/2019:13:29:30 -0300] "GET /cormun/servlet/trlicenciaspermisosadjuntos?5554040,20190423000000,L, HTTP/1.1" 200 6698
190.171.144.234 - - [23/Apr/2019:13:29:32 -0300] "GET /cormun/servlet/trsolicitudot? HTTP/1.1" 200 7278
192.168.10.89 - - [23/Apr/2019:13:29:32 -0300] "POST /cormun/servlet/trsolicitudgral?b0b7a12ef10c7fbdfe961c060f99e833,,gx-no-cache=1556043767246 HTTP/1.1" 200 6669
190.171.144.234 - - [23/Apr/2019:13:29:33 -0300] "GET /cormun/servlet/trsolicitudot? HTTP/1.1" 200 7278
192.168.10.89 - - [23/Apr/2019:13:29:33 -0300] "GET /cormun/static/Shared/jqueryui/images/ui-bg_flat_55_fafafa_40x100.png HTTP/1.1" 404 1097
192.168.10.89 - - [23/Apr/2019:13:29:33 -0300] "GET /cormun/static/Shared/jqueryui/images/ui-icons_82798d_256x240.png HTTP/1.1" 404 1089
192.168.10.89 - - [23/Apr/2019:13:29:33 -0300] "GET /cormun/static/Shared/jqueryui/images/ui-icons_8d78a5_256x240.png HTTP/1.1" 404 1089
192.168.10.89 - - [23/Apr/2019:13:29:33 -0300] "GET /cormun/static/Shared/jqueryui/images/ui-bg_highlight-soft_100_c6c2c8_1x100.png HTTP/1.1" 404 1117
192.168.10.89 - - [23/Apr/2019:13:29:34 -0300] "GET /cormun/servlet/trautorizarot? HTTP/1.1" 200 11338
192.168.10.89 - - [23/Apr/2019:13:29:39 -0300] "POST /cormun/servlet/trautorizarot?b0b7a12ef10c7fbdfe961c060f99e833,,gx-no-cache=1556043773903 HTTP/1.1" 200 5328
190.171.144.234 - - [23/Apr/2019:13:29:46 -0300] "GET /cormun/servlet/trsolicitudot? HTTP/1.1" 200 7278
190.171.144.234 - - [23/Apr/2019:13:29:46 -0300] "GET /cormun/servlet/trsolicitudot? HTTP/1.1" 200 7278
190.171.144.234 - - [23/Apr/2019:13:29:54 -0300] "GET /cormun/servlet/solicitudot?INS,0,0, HTTP/1.1" 200 14925
190.171.144.234 - - [23/Apr/2019:13:29:54 -0300] "GET /cormun/servlet/solicitudot?INS,0,0, HTTP/1.1" 200 14930
190.171.143.90 - - [23/Apr/2019:13:29:54 -0300] "GET /cormun/servlet/hlogin HTTP/1.1" 200 1719
190.171.144.234 - - [23/Apr/2019:13:30:18 -0300] "POST /cormun/servlet/solicitudot?gx-no-cache=1556036793787 HTTP/1.1" 200 3575
190.171.144.234 - - [23/Apr/2019:13:30:18 -0300] "POST /cormun/servlet/solicitudot?4ce2c219f5fe9bdabccbedfbcb9ce01a,INS,0,0,,gx-no-cache=1556036794030 HTTP/1.1" 200 11830
190.171.144.234 - - [23/Apr/2019:13:30:32 -0300] "GET /cormun/servlet/solicitudot?e3c4b3bcf07422913c94e50f529c415e47128dc1cdfdcf5f82709ed6124ee4d989638217496ce7c76559de7c4534a2b5,gx-no-cache=1556036808463 HTTP/1.1" 200 30
190.171.144.234 - - [23/Apr/2019:13:30:32 -0300] "GET /cormun/servlet/solicitudot?e3c4b3bcf07422913c94e50f529c415e4de552ed0cd83a1766b9a56e9b2c5d42ed87cbe289825f8222d5717734445b965f3119e843f3b8c088fe94030a15784f,gx-no-cache=1556036808491 HTTP/1.1" 200 30
190.171.144.234 - - [23/Apr/2019:13:30:32 -0300] "GET /cormun/servlet/solicitudot?e3c4b3bcf07422913c94e50f529c415ecfde3d90a31f1093337ed87d33b82c10,gx-no-cache=1556036808514 HTTP/1.1" 200 53
190.171.144.234 - - [23/Apr/2019:13:30:32 -0300] "POST /cormun/servlet/solicitudot?gx-no-cache=1556036808539 HTTP/1.1" 200 297
190.171.144.234 - - [23/Apr/2019:13:30:32 -0300] "GET /cormun/servlet/solicitudot?e3c4b3bcf07422913c94e50f529c415eb5b9fe62c259dd1ca2e2b632d39f5cde3ef171da13bacc34abe909923492c219cc6471e5a0220b11b7fdd2aeb05b739e7d65ec75108e187f4403e7cecf99f0a08523226a9ea7a7f0756fd02e8766eeded7845786124b8694ca4842a35f228de37791258f905c65e11c1e6b8ed7446a0e11008bafac3b91393d8e5f71dfba89c5d15f769d551c09f84969b6a320ab2ce83a84d24aa2bc3e765bec7443dffcf0eee426877fb467bc386be8f0a7b745b6715ddc5d1e0985779cd01ca111d7ee83f55ca27475e4a9401c9bf4b25e80fbdb46896acd8f046aee76bddec801aacc1c52ad4bcc05562e40f85a12137110eef61441be6622f6b0ae0ab8a0e99faffb2c66d7bfca092e5045936be7dab00c865321d5dbdd438ff2f11be6afe8751a4bf7b62d9edf54f27e4a28fed4b00300f9ff93ac6d8ae6bc90357433d72460f8e463c4a2189a609d3737b797626e3f928c01354dac24bf1ff00861be49bab41bfc4ef2e9005d7a3dd0dcda919c075e2397b6965f3119e843f3b8c088fe94030a15784f,gx-no-cache=1556036808598 HTTP/1.1" 200 30
190.171.144.234 - - [23/Apr/2019:13:30:32 -0300] "POST /cormun/servlet/solicitudot?gx-no-cache=1556036808622 HTTP/1.1" 200 30
190.171.144.234 - - [23/Apr/2019:13:30:32 -0300] "POST /cormun/servlet/solicitudot?gx-no-cache=1556036808649 HTTP/1.1" 200 1343
190.171.144.234 - - [23/Apr/2019:13:30:32 -0300] "POST /cormun/servlet/solicitudot?gx-no-cache=1556036808685 HTTP/1.1" 200 38
190.171.144.234 - - [23/Apr/2019:13:30:32 -0300] "GET /cormun/servlet/solicitudot?e3c4b3bcf07422913c94e50f529c415e737f643b6625e419e0881770c9ba6e9aa7dd1139aa2282fe86df20fa8b36b6d9e71f55554bb7e871e24ca40de1d202a7eddc4d9a6e9ad2600eb28bcf832dee51202a968b3aed07aecb42d270ed2f12c39236fb7564f70a5bfa0b9d99d7af0789,gx-no-cache=1556036808708 HTTP/1.1" 200 110
190.171.144.234 - - [23/Apr/2019:13:30:32 -0300] "POST /cormun/servlet/solicitudot?gx-no-cache=1556036808737 HTTP/1.1" 200 110
190.171.144.234 - - [23/Apr/2019:13:30:39 -0300] "GET /cormun/servlet/solicitudot?e3c4b3bcf07422913c94e50f529c415ecfe8c2020d0be985995d5eb7c9bec2d84cfd307506066217de5ec12486daf612e57e028fad22bcc3423dea1323ab0241e319938d58e3a959f0d0cf35ebf5e9b844da702707638049d4505f9f17be7cba08809f4db192d6d56b1ddcb66bf0f600,gx-no-cache=1556036815246 HTTP/1.1" 200 29
190.171.144.234 - - [23/Apr/2019:13:30:42 -0300] "GET /cormun/static/menuarrow.gif HTTP/1.1" 404 1015
190.171.144.234 - - [23/Apr/2019:13:30:45 -0300] "GET /cormun/servlet/solicitudot?e3c4b3bcf07422913c94e50f529c415e556257a6f022ad8d8d53cda2c754ffa40f54df86592be2e9bc8616f3e41612e7,gx-no-cache=1556036821601 HTTP/1.1" 200 30
190.171.144.234 - - [23/Apr/2019:13:30:52 -0300] "POST /cormun/servlet/solicitudot?gx-no-cache=1556036828190 HTTP/1.1" 200 30
200.112.233.47 - - [23/Apr/2019:13:31:26 -0300] "GET /cormun/servlet/licenciaspermisosadjuntos?INS,5554040,L,20190423000000,, HTTP/1.1" 200 5994
200.112.233.47 - - [23/Apr/2019:13:31:26 -0300] "GET /cormun/static/gxcfg.js?2017761263592 HTTP/1.1" 200 953
200.112.233.47 - - [23/Apr/2019:13:31:26 -0300] "GET /cormun/static/licenciaspermisosadjuntos.js?201776126362 HTTP/1.1" 200 8760
200.112.233.47 - - [23/Apr/2019:13:31:26 -0300] "GET /cormun/static/about:blank HTTP/1.1" 404 1011
200.112.233.47 - - [23/Apr/2019:13:31:27 -0300] "GET /cormun/servlet/licenciaspermisosadjuntos?INS,5554040,L,20190423000000,, HTTP/1.1" 200 5983
190.171.144.234 - - [23/Apr/2019:13:31:38 -0300] "POST /cormun/servlet/solicitudot?gx-no-cache=1556036874600 HTTP/1.1" 200 30
200.112.233.47 - - [23/Apr/2019:13:31:47 -0300] "POST /cormun/servlet/licenciaspermisosadjuntos?871d16e257411a41121d2c13dc0b259b,INS,5554040,L,20190423000000,, HTTP/1.1" 200 116
200.112.233.47 - - [23/Apr/2019:13:31:47 -0300] "GET /cormun/servlet/hpexe_return? HTTP/1.1" 200 1041
200.112.233.47 - - [23/Apr/2019:13:31:47 -0300] "GET /cormun/servlet/trlicenciaspermisosadjuntos?5554040,20190423000000,L, HTTP/1.1" 200 7216
200.112.233.47 - - [23/Apr/2019:13:31:48 -0300] "GET /cormun/servlet/trlicenciaspermisosadjuntos?5554040,20190423000000,L, HTTP/1.1" 200 7213
190.171.144.234 - - [23/Apr/2019:13:31:48 -0300] "POST /cormun/servlet/solicitudot?gx-no-cache=1556036884505 HTTP/1.1" 200 30
200.112.233.47 - - [23/Apr/2019:13:31:53 -0300] "GET /cormun/servlet/trlicencias? HTTP/1.1" 200 9693
200.112.233.47 - - [23/Apr/2019:13:31:54 -0300] "GET /cormun/servlet/trlicencias? HTTP/1.1" 200 9692
200.112.233.47 - - [23/Apr/2019:13:31:57 -0300] "POST /cormun/servlet/trlicencias?871d16e257411a41121d2c13dc0b259b,,gx-no-cache=1556036890936 HTTP/1.1" 200 6902
200.112.233.47 - - [23/Apr/2019:13:31:57 -0300] "GET /cormun/static/Shared/jqueryui/images/ui-bg_highlight-soft_100_c6c2c8_1x100.png HTTP/1.1" 404 1117
200.112.233.47 - - [23/Apr/2019:13:31:57 -0300] "GET /cormun/static/Shared/jqueryui/images/ui-icons_82798d_256x240.png HTTP/1.1" 404 1089
200.112.233.47 - - [23/Apr/2019:13:31:57 -0300] "GET /cormun/static/Shared/jqueryui/images/ui-icons_8d78a5_256x240.png HTTP/1.1" 404 1089
200.112.233.47 - - [23/Apr/2019:13:31:57 -0300] "GET /cormun/static/Shared/jqueryui/images/ui-bg_flat_55_fafafa_40x100.png HTTP/1.1" 404 1097
190.171.144.234 - - [23/Apr/2019:13:32:01 -0300] "POST /cormun/servlet/solicitudot?gx-no-cache=1556036897488 HTTP/1.1" 200 30
