192.168.10.96 - - [23/Apr/2019:16:20:39 -0300] "POST /cormun/servlet/hlogin?e3cc91b534ca42c8cda91138491a5d15,gx-no-cache=1556054034269 HTTP/1.1" 200 90
192.168.10.96 - - [23/Apr/2019:16:20:40 -0300] "GET /cormun/servlet/hpexe_link HTTP/1.1" 200 955
192.168.10.96 - - [23/Apr/2019:16:20:40 -0300] "GET /cormun/servlet/hhome HTTP/1.1" 200 4778
192.168.10.96 - - [23/Apr/2019:16:20:40 -0300] "GET /cormun/servlet/hhome HTTP/1.1" 200 4775
192.168.10.96 - - [23/Apr/2019:16:20:56 -0300] "GET /cormun/servlet/trsolicitudgral? HTTP/1.1" 200 28754
192.168.10.96 - - [23/Apr/2019:16:20:57 -0300] "GET /cormun/servlet/trsolicitudgral? HTTP/1.1" 200 28752
192.168.10.96 - - [23/Apr/2019:16:21:17 -0300] "POST /cormun/servlet/trsolicitudgral?e3cc91b534ca42c8cda91138491a5d15,,gx-no-cache=1556054071643 HTTP/1.1" 200 9170
192.168.10.96 - - [23/Apr/2019:16:21:19 -0300] "GET /cormun/servlet/vesolicitudgral?2019,15194,, HTTP/1.1" 200 9327
192.168.10.96 - - [23/Apr/2019:16:21:19 -0300] "GET /cormun/pexe_scrolldiv.js HTTP/1.1" 404 1009
192.168.10.96 - - [23/Apr/2019:16:21:19 -0300] "GET /cormun/pexe_scrolldiv.js HTTP/1.1" 404 1009
192.168.10.96 - - [23/Apr/2019:16:21:20 -0300] "GET /cormun/servlet/vesolicitudgral?2019,15194,, HTTP/1.1" 200 9327
192.168.10.96 - - [23/Apr/2019:16:21:22 -0300] "GET /cormun/servlet/vesolicitudgral?2019,15194,,SolicitudOTAdjuntos HTTP/1.1" 200 11648
192.168.10.96 - - [23/Apr/2019:16:21:22 -0300] "GET /cormun/pexe_scrolldiv.js HTTP/1.1" 404 1009
192.168.10.96 - - [23/Apr/2019:16:21:22 -0300] "GET /cormun/pexe_scrolldiv.js HTTP/1.1" 404 1009
192.168.10.96 - - [23/Apr/2019:16:21:23 -0300] "GET /cormun/servlet/vesolicitudgral?2019,15194,,SolicitudOTAdjuntos HTTP/1.1" 200 11648
192.168.10.96 - - [23/Apr/2019:16:21:23 -0300] "POST /cormun/servlet/acontrolpreferencessavestate?None,DZAMUDIO,true HTTP/1.1" 200 35
192.168.10.96 - - [23/Apr/2019:16:21:24 -0300] "GET /cormun/PublicTempStorage/doc022434201904081233574894188.pdf HTTP/1.1" 200 127551
192.168.10.96 - - [23/Apr/2019:16:21:55 -0300] "GET /cormun/PublicTempStorage/doc022434201904081233574894188.pdf HTTP/1.1" 304 -
192.168.10.96 - - [23/Apr/2019:16:22:07 -0300] "GET /cormun/PublicTempStorage/informacion_centro_de_alumnas_y_centro_de_padres_20195499302.docx HTTP/1.1" 200 21323
192.168.10.96 - - [23/Apr/2019:16:22:29 -0300] "GET /cormun/PublicTempStorage/doc022431201904081232146628106.pdf HTTP/1.1" 200 131316
192.168.10.96 - - [23/Apr/2019:16:22:38 -0300] "GET /cormun/PublicTempStorage/doc022435201904081234345928180.pdf HTTP/1.1" 200 130632
192.168.10.96 - - [23/Apr/2019:16:22:47 -0300] "GET /cormun/PublicTempStorage/doc022436201904081235299911537.pdf HTTP/1.1" 200 185584
192.168.10.96 - - [23/Apr/2019:16:22:57 -0300] "GET /cormun/PublicTempStorage/doc022437201904081238375515207.pdf HTTP/1.1" 200 486083
186.103.159.189 - - [23/Apr/2019:16:23:30 -0300] "GET /cormun/servlet/hlogin HTTP/1.1" 200 1720
186.103.159.189 - - [23/Apr/2019:16:23:37 -0300] "GET /cormun/servlet/hlogin HTTP/1.1" 200 1730
186.103.159.189 - - [23/Apr/2019:16:23:44 -0300] "POST /cormun/servlet/hlogin?ecc5987616fa72332679b8580f504aaf,gx-no-cache=1556043597585 HTTP/1.1" 200 90
186.103.159.189 - - [23/Apr/2019:16:23:44 -0300] "GET /cormun/servlet/hpexe_link HTTP/1.1" 200 946
186.103.159.189 - - [23/Apr/2019:16:23:45 -0300] "GET /cormun/servlet/hhome HTTP/1.1" 200 4052
186.103.159.189 - - [23/Apr/2019:16:23:49 -0300] "GET /cormun/servlet/hhome HTTP/1.1" 200 4048
186.103.159.189 - - [23/Apr/2019:16:24:24 -0300] "GET /cormun/servlet/trpermisosgoce? HTTP/1.1" 200 10930
186.103.159.189 - - [23/Apr/2019:16:24:28 -0300] "GET /cormun/servlet/trpermisosgoce? HTTP/1.1" 200 10919
186.103.159.189 - - [23/Apr/2019:16:27:40 -0300] "GET /cormun/servlet/trpermisosadjuntos?15104832,20190422101350,P, HTTP/1.1" 200 6365
186.103.159.189 - - [23/Apr/2019:16:27:43 -0300] "GET /cormun/servlet/trpermisosadjuntos?15104832,20190422101350,P, HTTP/1.1" 200 6365
186.103.159.189 - - [23/Apr/2019:16:27:46 -0300] "GET /cormun/servlet/permisosadjuntos?INS,15104832,P,20190422101350,, HTTP/1.1" 200 5695
186.103.159.189 - - [23/Apr/2019:16:27:47 -0300] "GET /cormun/static/about:blank HTTP/1.1" 404 1011
186.103.159.189 - - [23/Apr/2019:16:27:48 -0300] "GET /cormun/servlet/permisosadjuntos?INS,15104832,P,20190422101350,, HTTP/1.1" 200 5687
186.103.159.189 - - [23/Apr/2019:16:28:08 -0300] "POST /cormun/servlet/permisosadjuntos?ecc5987616fa72332679b8580f504aaf,INS,15104832,P,20190422101350,, HTTP/1.1" 200 116
186.103.159.189 - - [23/Apr/2019:16:28:08 -0300] "GET /cormun/servlet/hpexe_return? HTTP/1.1" 200 1035
186.103.159.189 - - [23/Apr/2019:16:28:09 -0300] "GET /cormun/servlet/trpermisosadjuntos?15104832,20190422101350,P, HTTP/1.1" 200 6863
186.103.159.189 - - [23/Apr/2019:16:28:12 -0300] "GET /cormun/servlet/trpermisosadjuntos?15104832,20190422101350,P, HTTP/1.1" 200 6860
186.103.159.189 - - [23/Apr/2019:16:28:16 -0300] "POST /cormun/servlet/trpermisosadjuntos?ecc5987616fa72332679b8580f504aaf,15104832,20190422101350,P,,gx-no-cache=1556043869708 HTTP/1.1" 200 90
186.103.159.189 - - [23/Apr/2019:16:28:16 -0300] "GET /cormun/servlet/hpexe_link HTTP/1.1" 200 980
186.103.159.189 - - [23/Apr/2019:16:28:17 -0300] "GET /cormun/servlet/trpermisosgoce HTTP/1.1" 200 10935
186.103.159.189 - - [23/Apr/2019:16:28:20 -0300] "GET /cormun/servlet/trpermisosgoce HTTP/1.1" 200 10931
186.103.159.189 - - [23/Apr/2019:16:28:25 -0300] "POST /cormun/servlet/trpermisosgoce?ecc5987616fa72332679b8580f504aaf,gx-no-cache=1556043877678 HTTP/1.1" 200 8142
186.103.159.189 - - [23/Apr/2019:16:28:26 -0300] "GET /cormun/static/Shared/jqueryui/images/ui-bg_highlight-soft_100_c6c2c8_1x100.png HTTP/1.1" 404 1117
186.103.159.189 - - [23/Apr/2019:16:28:26 -0300] "GET /cormun/static/Shared/jqueryui/images/ui-bg_flat_55_fafafa_40x100.png HTTP/1.1" 404 1097
186.103.159.189 - - [23/Apr/2019:16:28:26 -0300] "GET /cormun/static/Shared/jqueryui/images/ui-icons_8d78a5_256x240.png HTTP/1.1" 404 1089
186.103.159.189 - - [23/Apr/2019:16:28:26 -0300] "GET /cormun/static/Shared/jqueryui/images/ui-icons_82798d_256x240.png HTTP/1.1" 404 1089
186.103.159.189 - - [23/Apr/2019:16:28:33 -0300] "GET /cormun/servlet/trpermisosadjuntos?15993780,20190416195233,P, HTTP/1.1" 200 6368
186.103.159.189 - - [23/Apr/2019:16:28:35 -0300] "GET /cormun/servlet/trpermisosadjuntos?15993780,20190416195233,P, HTTP/1.1" 200 6368
186.103.159.189 - - [23/Apr/2019:16:28:37 -0300] "GET /cormun/servlet/permisosadjuntos?INS,15993780,P,20190416195233,, HTTP/1.1" 200 5695
186.103.159.189 - - [23/Apr/2019:16:28:39 -0300] "GET /cormun/static/about:blank HTTP/1.1" 404 1011
186.103.159.189 - - [23/Apr/2019:16:28:40 -0300] "GET /cormun/servlet/permisosadjuntos?INS,15993780,P,20190416195233,, HTTP/1.1" 200 5685
186.103.159.189 - - [23/Apr/2019:16:29:00 -0300] "POST /cormun/servlet/permisosadjuntos?ecc5987616fa72332679b8580f504aaf,INS,15993780,P,20190416195233,, HTTP/1.1" 200 116
186.103.159.189 - - [23/Apr/2019:16:29:00 -0300] "GET /cormun/servlet/hpexe_return? HTTP/1.1" 200 1035
186.103.159.189 - - [23/Apr/2019:16:29:01 -0300] "GET /cormun/servlet/trpermisosadjuntos?15993780,20190416195233,P, HTTP/1.1" 200 6884
186.103.159.189 - - [23/Apr/2019:16:29:04 -0300] "GET /cormun/servlet/trpermisosadjuntos?15993780,20190416195233,P, HTTP/1.1" 200 6879
186.103.159.189 - - [23/Apr/2019:16:29:06 -0300] "POST /cormun/servlet/trpermisosadjuntos?ecc5987616fa72332679b8580f504aaf,15993780,20190416195233,P,,gx-no-cache=1556043920035 HTTP/1.1" 200 90
186.103.159.189 - - [23/Apr/2019:16:29:07 -0300] "GET /cormun/servlet/hpexe_link HTTP/1.1" 200 1001
186.103.159.189 - - [23/Apr/2019:16:29:07 -0300] "GET /cormun/servlet/trpermisosgoce?gx-no-cache=1556043877678 HTTP/1.1" 200 10917
186.103.159.189 - - [23/Apr/2019:16:29:11 -0300] "GET /cormun/servlet/trpermisosgoce?gx-no-cache=1556043877678 HTTP/1.1" 200 10948
186.103.159.189 - - [23/Apr/2019:16:29:19 -0300] "POST /cormun/servlet/trpermisosgoce?ecc5987616fa72332679b8580f504aaf,gx-no-cache=1556043877678,gx-no-cache=1556043931873 HTTP/1.1" 200 8124
186.103.159.189 - - [23/Apr/2019:16:29:19 -0300] "GET /cormun/static/Shared/jqueryui/images/ui-bg_highlight-soft_100_c6c2c8_1x100.png HTTP/1.1" 404 1117
186.103.159.189 - - [23/Apr/2019:16:29:19 -0300] "GET /cormun/static/Shared/jqueryui/images/ui-icons_82798d_256x240.png HTTP/1.1" 404 1089
186.103.159.189 - - [23/Apr/2019:16:29:19 -0300] "GET /cormun/static/Shared/jqueryui/images/ui-bg_flat_55_fafafa_40x100.png HTTP/1.1" 404 1097
186.103.159.189 - - [23/Apr/2019:16:29:19 -0300] "GET /cormun/static/Shared/jqueryui/images/ui-icons_8d78a5_256x240.png HTTP/1.1" 404 1089
190.171.153.50 - - [23/Apr/2019:16:32:40 -0300] "GET /cormun/servlet/hlogin HTTP/1.1" 200 1726
190.171.153.50 - - [23/Apr/2019:16:32:40 -0300] "GET /cormun/static/gxtimezone.js?85251 HTTP/1.1" 200 5781
190.171.153.50 - - [23/Apr/2019:16:32:40 -0300] "GET /cormun/static/gxcfg.js?20177612122725 HTTP/1.1" 200 953
190.171.153.50 - - [23/Apr/2019:16:32:40 -0300] "GET /cormun/static/messages.spa.js?85251 HTTP/1.1" 200 30736
190.171.153.50 - - [23/Apr/2019:16:32:40 -0300] "GET /cormun/static/Resources/ComunLogin.png HTTP/1.1" 200 17326
190.171.153.50 - - [23/Apr/2019:16:32:40 -0300] "GET /cormun/static/Resources/Spanish/PXTools.css?1155365 HTTP/1.1" 200 89042
190.171.153.50 - - [23/Apr/2019:16:32:40 -0300] "GET /cormun/static/hlogin.js?20177612122738 HTTP/1.1" 200 2136
190.171.153.50 - - [23/Apr/2019:16:32:41 -0300] "GET /cormun/static/gxgral.js?85251 HTTP/1.1" 200 384558
190.171.153.50 - - [23/Apr/2019:16:32:41 -0300] "GET /cormun/static/Resources/PXToolsLoginBackground.png HTTP/1.1" 200 1164
190.171.153.50 - - [23/Apr/2019:16:32:41 -0300] "GET /cormun/static/Resources/PXToolsButtonRight21.png HTTP/1.1" 200 1283
190.171.153.50 - - [23/Apr/2019:16:32:41 -0300] "GET /cormun/static/Resources/PXToolsButtonLeft21.png HTTP/1.1" 200 1287
190.171.153.50 - - [23/Apr/2019:16:32:41 -0300] "GET /cormun/static/Resources/PXToolsLoginBottom.png HTTP/1.1" 200 1389
190.171.153.50 - - [23/Apr/2019:16:32:41 -0300] "GET /cormun/static/Resources/PXToolsButtonBackground2.png HTTP/1.1" 200 1181
190.171.153.50 - - [23/Apr/2019:16:32:41 -0300] "GET /cormun/static/Resources/PXToolsLoginTop.png HTTP/1.1" 200 1337
190.171.153.50 - - [23/Apr/2019:16:32:41 -0300] "GET /cormun/static/Resources/indicator.gif HTTP/1.1" 200 1553
190.171.153.50 - - [23/Apr/2019:16:32:41 -0300] "GET /cormun/servlet/hlogin HTTP/1.1" 200 1734
190.171.153.50 - - [23/Apr/2019:16:32:41 -0300] "GET /favicon.ico HTTP/1.1" 200 21630
190.171.153.50 - - [23/Apr/2019:16:33:08 -0300] "POST /cormun/servlet/hlogin?b3c49c73af1c077053d39c6ca5876418,gx-no-cache=1556047763532 HTTP/1.1" 200 90
190.171.153.50 - - [23/Apr/2019:16:33:08 -0300] "GET /cormun/servlet/hpexe_link HTTP/1.1" 200 952
190.171.153.50 - - [23/Apr/2019:16:33:08 -0300] "GET /cormun/static/gxcfg.js?20177612121792 HTTP/1.1" 200 953
190.171.153.50 - - [23/Apr/2019:16:33:08 -0300] "GET /cormun/servlet/hhome HTTP/1.1" 200 4357
190.171.153.50 - - [23/Apr/2019:16:33:09 -0300] "GET /cormun/static/hpexe_link.js?20177612121795 HTTP/1.1" 200 625
190.171.153.50 - - [23/Apr/2019:16:33:09 -0300] "GET /cormun/static/SmoothNavMenu/resources/ddsmoothmenu-v.css?1012540 HTTP/1.1" 200 1188
190.171.153.50 - - [23/Apr/2019:16:33:09 -0300] "GET /cormun/static/SmoothNavMenu/resources/ddsmoothmenu.css?1012540 HTTP/1.1" 200 2223
190.171.153.50 - - [23/Apr/2019:16:33:09 -0300] "GET /cormun/static/scaMessage/css/jquery.pnotify.default.css?1716380 HTTP/1.1" 200 1707
190.171.153.50 - - [23/Apr/2019:16:33:09 -0300] "GET /cormun/static/Shared/jqueryui/jquery-ui.min.css?1245370 HTTP/1.1" 200 30288
190.171.153.50 - - [23/Apr/2019:16:33:09 -0300] "GET /cormun/static/gxcfg.js?20175251212442 HTTP/1.1" 200 953
190.171.153.50 - - [23/Apr/2019:16:33:09 -0300] "GET /cormun/static/PXToolsJavascripts/pexe_autoreload.js HTTP/1.1" 200 1762
190.171.153.50 - - [23/Apr/2019:16:33:09 -0300] "GET /cormun/static/PXToolsJavascripts/pexe_cookies.js HTTP/1.1" 200 792
190.171.153.50 - - [23/Apr/2019:16:33:09 -0300] "GET /cormun/static/PXToolsJavascripts/pexe_windows.js HTTP/1.1" 200 15207
190.171.153.50 - - [23/Apr/2019:16:33:09 -0300] "GET /cormun/static/PXToolsJavascripts/pexe_grid.js HTTP/1.1" 200 7559
190.171.153.50 - - [23/Apr/2019:16:33:09 -0300] "GET /cormun/static/PXToolsJavascripts/pexe_griddivfix.js HTTP/1.1" 200 6644
190.171.153.50 - - [23/Apr/2019:16:33:09 -0300] "GET /cormun/static/PXToolsJavascripts/pexe_link.js HTTP/1.1" 200 5671
190.171.153.50 - - [23/Apr/2019:16:33:09 -0300] "GET /cormun/static/PXToolsJavascripts/pexe_menudivfix.js HTTP/1.1" 200 333
190.171.153.50 - - [23/Apr/2019:16:33:09 -0300] "GET /cormun/static/PXToolsJavascripts/pexe_menus.js HTTP/1.1" 200 1286
190.171.153.50 - - [23/Apr/2019:16:33:09 -0300] "GET /cormun/static/PXToolsJavascripts/pexe_layers.js HTTP/1.1" 200 4114
190.171.153.50 - - [23/Apr/2019:16:33:09 -0300] "GET /cormun/static/PXToolsJavascripts/pexe_oavdivfix.js HTTP/1.1" 200 639
190.171.153.50 - - [23/Apr/2019:16:33:09 -0300] "GET /cormun/static/PXToolsJavascripts/pexe_picture.js HTTP/1.1" 200 689
190.171.153.50 - - [23/Apr/2019:16:33:09 -0300] "GET /cormun/static/PXToolsJavascripts/pexe_scrolldiv.js HTTP/1.1" 200 4138
190.171.153.50 - - [23/Apr/2019:16:33:09 -0300] "GET /cormun/static/PXToolsJavascripts/pexe_tabdivfix.js HTTP/1.1" 200 876
190.171.153.50 - - [23/Apr/2019:16:33:10 -0300] "GET /cormun/static/PXToolsJavascripts/pexe_oav.js HTTP/1.1" 200 645
190.171.153.50 - - [23/Apr/2019:16:33:10 -0300] "GET /cormun/static/PXToolsJavascripts/pexe_tabs.js HTTP/1.1" 200 3748
190.171.153.50 - - [23/Apr/2019:16:33:10 -0300] "GET /cormun/static/PXToolsJavascripts/pexe_popup.js HTTP/1.1" 200 13458
190.171.153.50 - - [23/Apr/2019:16:33:10 -0300] "GET /cormun/static/PXToolsJavascripts/PXToolsJavascriptsRender.js HTTP/1.1" 200 367
190.171.153.50 - - [23/Apr/2019:16:33:10 -0300] "GET /cormun/static/Resources/logo4.png HTTP/1.1" 200 6582
190.171.153.50 - - [23/Apr/2019:16:33:10 -0300] "GET /cormun/static/Resources/PXToolsHeaderActionsLeft.png HTTP/1.1" 200 1118
190.171.153.50 - - [23/Apr/2019:16:33:10 -0300] "GET /cormun/static/RunJS/RunJS.js HTTP/1.1" 200 288
190.171.153.50 - - [23/Apr/2019:16:33:10 -0300] "GET /cormun/static/PXToolsJavascripts/pexe_upload.js HTTP/1.1" 200 1423
190.171.153.50 - - [23/Apr/2019:16:33:10 -0300] "GET /cormun/static/Resources/Spanish/PXTools.css?11423723 HTTP/1.1" 200 89042
190.171.153.50 - - [23/Apr/2019:16:33:10 -0300] "GET /cormun/static/gxui/gxui-all.js HTTP/1.1" 200 107772
190.171.153.50 - - [23/Apr/2019:16:33:10 -0300] "GET /cormun/static/Shared/ext/locale/ext-lang-en.js HTTP/1.1" 200 10940
190.171.153.50 - - [23/Apr/2019:16:33:11 -0300] "GET /cormun/static/hhome.js?20175251212450 HTTP/1.1" 200 777
190.171.153.50 - - [23/Apr/2019:16:33:11 -0300] "GET /cormun/static/hwchdr01.js?201752511465785 HTTP/1.1" 200 1183
190.171.153.50 - - [23/Apr/2019:16:33:11 -0300] "GET /cormun/static/hpexe_scripts.js?201752511465715 HTTP/1.1" 200 1544
190.171.153.50 - - [23/Apr/2019:16:33:11 -0300] "GET /cormun/static/hpexe_recentlink.js?20177611595044 HTTP/1.1" 200 2144
190.171.153.50 - - [23/Apr/2019:16:33:11 -0300] "GET /cormun/static/Resources/PXToolsHeaderHome.png HTTP/1.1" 200 4147
190.171.153.50 - - [23/Apr/2019:16:33:11 -0300] "GET /cormun/static/Resources/PXToolsHeaderBackground2.png HTTP/1.1" 200 1174
190.171.153.50 - - [23/Apr/2019:16:33:11 -0300] "GET /cormun/static/Resources/PXToolsHeaderActionsBackground.png HTTP/1.1" 200 484
190.171.153.50 - - [23/Apr/2019:16:33:11 -0300] "GET /cormun/static/Resources/PXToolsDataTitle.png HTTP/1.1" 200 1173
190.171.153.50 - - [23/Apr/2019:16:33:11 -0300] "GET /cormun/static/Resources/PXToolsHeaderSecurity.png HTTP/1.1" 200 4166
190.171.153.50 - - [23/Apr/2019:16:33:11 -0300] "GET /cormun/static/Resources/PXToolsHeaderLogin.png HTTP/1.1" 200 4279
190.171.153.50 - - [23/Apr/2019:16:33:11 -0300] "GET /cormun/static/Resources/PXToolsFooterBackground2.png HTTP/1.1" 200 1172
190.171.153.50 - - [23/Apr/2019:16:33:11 -0300] "GET /cormun/static/Resources/PXToolsHeaderPreferences.png HTTP/1.1" 200 4189
190.171.153.50 - - [23/Apr/2019:16:33:11 -0300] "GET /cormun/static/Resources/PXToolsHeaderActionsRight.png HTTP/1.1" 200 1201
190.171.153.50 - - [23/Apr/2019:16:33:11 -0300] "GET /cormun/static/hpexe_messagecontroller.js?20177611595012 HTTP/1.1" 200 870
190.171.153.50 - - [23/Apr/2019:16:33:11 -0300] "GET /cormun/static/hpexe_messagepopupcomponent.js?20161017169425 HTTP/1.1" 200 605
190.171.153.50 - - [23/Apr/2019:16:33:11 -0300] "GET /cormun/static/hpexe_messagegenexuscomponent.js?201752511465344 HTTP/1.1" 200 587
190.171.153.50 - - [23/Apr/2019:16:33:11 -0300] "GET /cormun/static/cmcontrolpreferences.js?201752511465670 HTTP/1.1" 200 1375
190.171.153.50 - - [23/Apr/2019:16:33:11 -0300] "GET /cormun/static/SmoothNavMenu/resources/ddsmoothmenu.js HTTP/1.1" 200 12712
190.171.153.50 - - [23/Apr/2019:16:33:11 -0300] "GET /cormun/static/SmoothNavMenu/resources/SmoothNavMenuRender.js HTTP/1.1" 200 5951
190.171.153.50 - - [23/Apr/2019:16:33:11 -0300] "GET /cormun/static/Shared/jquery/jquery-1.4.2.min.js HTTP/1.1" 200 72174
190.171.153.50 - - [23/Apr/2019:16:33:11 -0300] "GET /cormun/static/Shared/jqueryui/jquery-ui.min.js HTTP/1.1" 200 240427
190.171.153.50 - - [23/Apr/2019:16:33:12 -0300] "GET /cormun/static/Shared/ext/ext-all.js HTTP/1.1" 200 1289687
190.171.153.50 - - [23/Apr/2019:16:33:12 -0300] "GET /cormun/static/hmpwkw03.js?20189613443875 HTTP/1.1" 200 3965
190.171.153.50 - - [23/Apr/2019:16:33:12 -0300] "GET /cormun/static/scaMessage/scaMessageRender.js HTTP/1.1" 200 11977
190.171.153.50 - - [23/Apr/2019:16:33:12 -0300] "GET /cormun/static/scaMessage/js/jquery.pnotify.min.js HTTP/1.1" 200 13038
190.171.153.50 - - [23/Apr/2019:16:33:12 -0300] "GET /cormun/static/Shared/jquery/jquery-1.10.2.min.js HTTP/1.1" 200 273199
190.171.153.50 - - [23/Apr/2019:16:33:13 -0300] "GET /cormun/servlet/hhome HTTP/1.1" 200 4353
190.171.153.50 - - [23/Apr/2019:16:33:13 -0300] "GET /cormun/static/SmoothNavMenu/resources/images/down.gif HTTP/1.1" 200 854
190.171.153.50 - - [23/Apr/2019:16:33:13 -0300] "GET /cormun/static/SmoothNavMenu/resources/images/right.gif HTTP/1.1" 200 860
190.171.153.50 - - [23/Apr/2019:16:33:20 -0300] "GET /cormun/servlet/trsolicitudot? HTTP/1.1" 200 9438
190.171.153.50 - - [23/Apr/2019:16:33:20 -0300] "GET /cormun/static/gxui/gxui-all.css?120300 HTTP/1.1" 200 2179
190.171.153.50 - - [23/Apr/2019:16:33:20 -0300] "GET /cormun/static/gxcfg.js?2017111422585916 HTTP/1.1" 200 953
190.171.153.50 - - [23/Apr/2019:16:33:20 -0300] "GET /cormun/static/calendar-system.css?85620 HTTP/1.1" 200 5572
190.171.153.50 - - [23/Apr/2019:16:33:20 -0300] "GET /cormun/static/calendar.js?85251 HTTP/1.1" 200 26246
190.171.153.50 - - [23/Apr/2019:16:33:20 -0300] "GET /cormun/static/calendar-es.js?85251 HTTP/1.1" 200 1901
190.171.153.50 - - [23/Apr/2019:16:33:20 -0300] "GET /cormun/static/calendar-setup.js?85251 HTTP/1.1" 200 2588
190.171.153.50 - - [23/Apr/2019:16:33:20 -0300] "GET /cormun/static/Resources/PXToolsDataSearch.png HTTP/1.1" 200 419
190.171.153.50 - - [23/Apr/2019:16:33:20 -0300] "GET /cormun/static/Resources/PXTools/calendar.png HTTP/1.1" 200 1306
190.171.153.50 - - [23/Apr/2019:16:33:20 -0300] "GET /cormun/static/Resources/Spanish/PXTools.css?1255365 HTTP/1.1" 200 89042
190.171.153.50 - - [23/Apr/2019:16:33:20 -0300] "GET /cormun/static/gxdec.js?85251 HTTP/1.1" 200 19579
190.171.153.50 - - [23/Apr/2019:16:33:20 -0300] "GET /cormun/static/trsolicitudot.js?201711142259839 HTTP/1.1" 200 54041
190.171.153.50 - - [23/Apr/2019:16:33:21 -0300] "GET /cormun/static/Resources/PXToolsGridFirstDisabled.gif HTTP/1.1" 200 100
190.171.153.50 - - [23/Apr/2019:16:33:21 -0300] "GET /cormun/static/Resources/PXToolsGridPreviousDisabled.gif HTTP/1.1" 200 90
190.171.153.50 - - [23/Apr/2019:16:33:21 -0300] "GET /cormun/static/Resources/PXToolsGridNextDisabled.gif HTTP/1.1" 200 90
190.171.153.50 - - [23/Apr/2019:16:33:21 -0300] "GET /cormun/static/Resources/PXToolsGridLastDisabled.gif HTTP/1.1" 200 98
190.171.153.50 - - [23/Apr/2019:16:33:21 -0300] "GET /cormun/static/Resources/PXToolsGridPage.gif HTTP/1.1" 200 725
190.171.153.50 - - [23/Apr/2019:16:33:21 -0300] "GET /cormun/static/Resources/PXToolsActionExcel.png HTTP/1.1" 200 3187
190.171.153.50 - - [23/Apr/2019:16:33:21 -0300] "GET /cormun/static/Resources/PXToolsGridNew.png HTTP/1.1" 200 2949
190.171.153.50 - - [23/Apr/2019:16:33:21 -0300] "GET /cormun/static/Shared/ext/resources/css/ext-all.css?215870 HTTP/1.1" 200 416045
190.171.153.50 - - [23/Apr/2019:16:33:22 -0300] "GET /cormun/static/Resources/asc.gif HTTP/1.1" 200 67
190.171.153.50 - - [23/Apr/2019:16:33:22 -0300] "GET /cormun/static/Resources/desc.gif HTTP/1.1" 200 65
190.171.153.50 - - [23/Apr/2019:16:33:22 -0300] "GET /cormun//static/Resources/PXToolsActionView.png HTTP/1.1" 200 2995
190.171.153.50 - - [23/Apr/2019:16:33:22 -0300] "GET /cormun//static/Resources/PXToolsGridUpdate.png HTTP/1.1" 200 2984
190.171.153.50 - - [23/Apr/2019:16:33:22 -0300] "GET /cormun//static/Resources/PXToolsGridDelete.png HTTP/1.1" 200 357
190.171.153.50 - - [23/Apr/2019:16:33:22 -0300] "GET /cormun/servlet/trsolicitudot? HTTP/1.1" 200 9436
190.171.153.50 - - [23/Apr/2019:16:33:22 -0300] "GET /cormun//static/Resources/PXToolsRemoveAllAction.png HTTP/1.1" 200 3558
190.171.153.50 - - [23/Apr/2019:16:33:22 -0300] "GET /cormun//static/Resources/PXTools/ActionInsert.png HTTP/1.1" 200 1482
190.171.153.50 - - [23/Apr/2019:16:33:22 -0300] "GET /cormun/static/Shared/ext/resources/themes/images/default/tools/tool-sprites.gif HTTP/1.1" 200 5434
190.171.153.50 - - [23/Apr/2019:16:33:22 -0300] "GET /cormun/static/Shared/ext/resources/themes/images/default/panel/bg-headersPanel.png HTTP/1.1" 200 255
190.171.153.50 - - [23/Apr/2019:16:34:02 -0300] "GET /cormun/servlet/solicitudot?INS,0,0, HTTP/1.1" 200 15328
190.171.153.50 - - [23/Apr/2019:16:34:02 -0300] "GET /cormun/static/calendar-system.css?75620 HTTP/1.1" 200 5572
190.171.153.50 - - [23/Apr/2019:16:34:02 -0300] "GET /cormun/static/gxcfg.js?20189101114418 HTTP/1.1" 200 953
190.171.153.50 - - [23/Apr/2019:16:34:02 -0300] "GET /cormun/static/Resources/prompt.gif HTTP/1.1" 200 902
190.171.153.50 - - [23/Apr/2019:16:34:03 -0300] "GET /cormun/static/solicitudot.js?20189101114718 HTTP/1.1" 200 71883
190.171.153.50 - - [23/Apr/2019:16:34:03 -0300] "GET /cormun/servlet/solicitudot?INS,0,0, HTTP/1.1" 200 15333
190.171.153.50 - - [23/Apr/2019:16:34:29 -0300] "POST /cormun/servlet/solicitudot?gx-no-cache=1556047844245 HTTP/1.1" 200 3450
190.171.153.50 - - [23/Apr/2019:16:34:29 -0300] "POST /cormun/servlet/solicitudot?b3c49c73af1c077053d39c6ca5876418,INS,0,0,,gx-no-cache=1556047844694 HTTP/1.1" 200 11917
192.168.10.96 - - [23/Apr/2019:16:34:32 -0300] "GET /cormun/PublicTempStorage/doc022435201904081234345928180.pdf HTTP/1.1" 304 -
190.171.153.50 - - [23/Apr/2019:16:34:38 -0300] "GET /cormun/servlet/solicitudot?4fca7d46ac66dced6e9f5c31dbec621c3dccc908b97ed60639921172e93ef26b9aa908f31c546018df59daf3fe78bde3,gx-no-cache=1556047854158 HTTP/1.1" 200 30
192.168.10.96 - - [23/Apr/2019:16:34:43 -0300] "GET /cormun/PublicTempStorage/doc022436201904081235299911537.pdf HTTP/1.1" 304 -
192.168.10.96 - - [23/Apr/2019:16:34:51 -0300] "GET /cormun/PublicTempStorage/doc022437201904081238375515207.pdf HTTP/1.1" 304 -
192.168.10.96 - - [23/Apr/2019:16:35:26 -0300] "POST /cormun/servlet/vesolicitudgral?e3cc91b534ca42c8cda91138491a5d15,2019,15194,,SolicitudOTAdjuntos,gx-no-cache=1556054921377 HTTP/1.1" 200 90
192.168.10.96 - - [23/Apr/2019:16:35:26 -0300] "GET /cormun/servlet/hpexe_link HTTP/1.1" 200 983
192.168.10.96 - - [23/Apr/2019:16:35:27 -0300] "GET /cormun/servlet/trsolicitudgral? HTTP/1.1" 200 12467
192.168.10.96 - - [23/Apr/2019:16:35:27 -0300] "GET /cormun/servlet/trsolicitudgral? HTTP/1.1" 200 12465
186.103.156.24 - - [23/Apr/2019:16:35:31 -0300] "GET /cormun/servlet/hlogin HTTP/1.1" 200 1723
186.103.156.24 - - [23/Apr/2019:16:35:31 -0300] "GET /cormun/static/gxtimezone.js?85251 HTTP/1.1" 304 -
186.103.156.24 - - [23/Apr/2019:16:35:31 -0300] "GET /cormun/servlet/hlogin HTTP/1.1" 200 1733
186.103.156.24 - - [23/Apr/2019:16:35:40 -0300] "POST /cormun/servlet/hlogin?fa915c5e95c7fa1d5d0c169c9daf2e4e,gx-no-cache=1556047915253 HTTP/1.1" 200 90
186.103.156.24 - - [23/Apr/2019:16:35:40 -0300] "GET /cormun/servlet/hpexe_link HTTP/1.1" 200 950
186.103.156.24 - - [23/Apr/2019:16:35:40 -0300] "GET /cormun/servlet/hhome HTTP/1.1" 200 4336
186.103.156.24 - - [23/Apr/2019:16:35:41 -0300] "GET /cormun/servlet/hhome HTTP/1.1" 200 4333
186.103.156.24 - - [23/Apr/2019:16:35:54 -0300] "GET /cormun/servlet/trlicencias? HTTP/1.1" 200 12593
186.103.156.24 - - [23/Apr/2019:16:35:54 -0300] "GET /cormun/static/calendar.js?85251 HTTP/1.1" 304 -
186.103.156.24 - - [23/Apr/2019:16:35:54 -0300] "GET /cormun/static/calendar-setup.js?85251 HTTP/1.1" 304 -
186.103.156.24 - - [23/Apr/2019:16:35:54 -0300] "GET /cormun/static/calendar-es.js?85251 HTTP/1.1" 304 -
186.103.156.24 - - [23/Apr/2019:16:35:54 -0300] "GET /cormun/static/gxdec.js?85251 HTTP/1.1" 304 -
186.103.156.24 - - [23/Apr/2019:16:35:54 -0300] "GET /cormun/servlet/trlicencias? HTTP/1.1" 200 12590
190.171.141.138 - - [23/Apr/2019:16:36:10 -0300] "GET /cormun/servlet/trlicencias? HTTP/1.1" 200 8430
190.171.141.138 - - [23/Apr/2019:16:36:12 -0300] "GET /cormun/servlet/hlogin HTTP/1.1" 200 1740
190.171.141.138 - - [23/Apr/2019:16:36:12 -0300] "GET /cormun/servlet/trlicencias? HTTP/1.1" 200 8433
190.171.141.122 - - [23/Apr/2019:16:38:15 -0300] "GET /cormun/servlet/hlogin HTTP/1.1" 200 1723
190.171.141.122 - - [23/Apr/2019:16:38:29 -0300] "POST /cormun/servlet/hlogin?f760d9a8006dbfc8ab31cde848ca1928,gx-no-cache=1556048084610 HTTP/1.1" 200 90
190.171.141.122 - - [23/Apr/2019:16:38:29 -0300] "GET /cormun/servlet/hpexe_link HTTP/1.1" 200 952
190.171.141.122 - - [23/Apr/2019:16:38:29 -0300] "GET /cormun/servlet/hhome HTTP/1.1" 200 4332
190.171.141.122 - - [23/Apr/2019:16:38:30 -0300] "GET /cormun/servlet/hhome HTTP/1.1" 200 4328
190.171.141.122 - - [23/Apr/2019:16:38:42 -0300] "GET /cormun/servlet/trsolicitudot? HTTP/1.1" 200 7550
190.171.141.122 - - [23/Apr/2019:16:38:42 -0300] "GET /cormun/servlet/trsolicitudot? HTTP/1.1" 200 7548
190.171.141.122 - - [23/Apr/2019:16:38:45 -0300] "GET /cormun/servlet/solicitudot?INS,0,0, HTTP/1.1" 200 15299
190.171.141.122 - - [23/Apr/2019:16:38:45 -0300] "GET /cormun/static/gxcfg.js?20189101114418 HTTP/1.1" 200 953
190.171.141.122 - - [23/Apr/2019:16:38:45 -0300] "GET /cormun/static/solicitudot.js?20189101114718 HTTP/1.1" 200 71883
190.171.141.122 - - [23/Apr/2019:16:38:46 -0300] "GET /cormun/servlet/solicitudot?INS,0,0, HTTP/1.1" 200 15303
190.171.141.122 - - [23/Apr/2019:16:38:53 -0300] "GET /cormun/servlet/prfichaempleado?,MD,,gxPopupLevel%3D0%3B HTTP/1.1" 200 9427
190.171.141.122 - - [23/Apr/2019:16:39:36 -0300] "POST /cormun/servlet/prfichaempleado?f760d9a8006dbfc8ab31cde848ca1928,,MD,,gxPopupLevel%3D0%3B,gx-no-cache=1556048151124 HTTP/1.1" 200 4577
186.103.159.46 - - [23/Apr/2019:16:39:47 -0300] "GET /cormun/servlet/trsolicitudot? HTTP/1.1" 200 6415
186.103.159.46 - - [23/Apr/2019:16:39:50 -0300] "GET /cormun/servlet/trsolicitudot? HTTP/1.1" 200 6413
186.103.159.46 - - [23/Apr/2019:16:39:50 -0300] "GET /cormun/servlet/hlogin HTTP/1.1" 200 1737
186.103.159.46 - - [23/Apr/2019:16:39:58 -0300] "POST /cormun/servlet/hlogin?8da038ccc6a43cc45925f9b84d6ff733,gx-no-cache=1556044569596 HTTP/1.1" 200 90
186.103.159.46 - - [23/Apr/2019:16:39:58 -0300] "GET /cormun/servlet/hpexe_link HTTP/1.1" 200 953
186.103.159.46 - - [23/Apr/2019:16:39:59 -0300] "GET /cormun/servlet/trsolicitudot HTTP/1.1" 200 8919
186.103.159.46 - - [23/Apr/2019:16:40:02 -0300] "GET /cormun/servlet/trsolicitudot HTTP/1.1" 200 8919
200.111.191.210 - - [23/Apr/2019:16:40:18 -0300] "GET /cormun/servlet/trpermisosgoce? HTTP/1.1" 200 6117
200.111.191.210 - - [23/Apr/2019:16:40:18 -0300] "GET /cormun/servlet/hlogin HTTP/1.1" 200 1739
200.111.191.210 - - [23/Apr/2019:16:40:18 -0300] "GET /cormun/servlet/trpermisosgoce? HTTP/1.1" 200 6117
186.103.159.46 - - [23/Apr/2019:16:40:18 -0300] "POST /cormun/servlet/trsolicitudot?8da038ccc6a43cc45925f9b84d6ff733,gx-no-cache=1556044590024 HTTP/1.1" 200 107
186.103.159.46 - - [23/Apr/2019:16:40:19 -0300] "GET /cormun/servlet/trsolicitudadjuntos?2019,15415, HTTP/1.1" 200 6163
186.103.159.46 - - [23/Apr/2019:16:40:21 -0300] "GET /cormun/servlet/trsolicitudadjuntos?2019,15415, HTTP/1.1" 200 6163
186.103.159.46 - - [23/Apr/2019:16:40:23 -0300] "GET /cormun/servlet/solicitudotadjuntos?INS,2019,15415,,1, HTTP/1.1" 200 6109
186.103.159.46 - - [23/Apr/2019:16:40:24 -0300] "GET /cormun/static/about:blank HTTP/1.1" 404 1011
186.103.159.46 - - [23/Apr/2019:16:40:25 -0300] "GET /cormun/servlet/solicitudotadjuntos?INS,2019,15415,,1, HTTP/1.1" 200 6103
186.103.159.46 - - [23/Apr/2019:16:40:25 -0300] "GET /cormun/servlet/solicitudotadjuntos?703b76ecddb99819842d314a03ac571f10fe0ca1ae4cf96a2fe5cf9aa98cd3c958432e420863e7cbec9856460cb36b0d,gx-no-cache=1556044597078 HTTP/1.1" 200 30
186.103.159.46 - - [23/Apr/2019:16:40:26 -0300] "POST /cormun/servlet/solicitudotadjuntos?8da038ccc6a43cc45925f9b84d6ff733,INS,2019,15415,,1,,gx-no-cache=1556044597186 HTTP/1.1" 200 3883
200.111.191.210 - - [23/Apr/2019:16:40:28 -0300] "POST /cormun/servlet/hlogin?62896c5122189705114ad74a31576087,gx-no-cache=1556048281215 HTTP/1.1" 200 90
186.103.159.46 - - [23/Apr/2019:16:40:28 -0300] "POST /cormun/servlet/solicitudotadjuntos?gx-no-cache=1556044599590 HTTP/1.1" 200 26
200.111.191.210 - - [23/Apr/2019:16:40:28 -0300] "GET /cormun/servlet/hpexe_link HTTP/1.1" 200 954
200.111.191.210 - - [23/Apr/2019:16:40:29 -0300] "GET /cormun/servlet/trpermisosgoce HTTP/1.1" 200 18217
200.111.191.210 - - [23/Apr/2019:16:40:29 -0300] "GET /cormun/servlet/trpermisosgoce HTTP/1.1" 200 18232
200.111.191.210 - - [23/Apr/2019:16:40:31 -0300] "GET /cormun/servlet/permisogoce?INS,0,,, HTTP/1.1" 200 6864
200.111.191.210 - - [23/Apr/2019:16:40:32 -0300] "GET /cormun/servlet/permisogoce?INS,0,,, HTTP/1.1" 200 6864
200.111.191.210 - - [23/Apr/2019:16:40:40 -0300] "GET /cormun/servlet/permisogoce?480c3264c1df567197f7cb011754cb749a29567f07ae1e8c3491e0a2d5078b9bf5a2e662c2cffaa66a48d5abda4e89996fc37a6428ac901aa84ad705f13f7d59,gx-no-cache=1556048293206 HTTP/1.1" 200 76
186.103.159.46 - - [23/Apr/2019:16:40:43 -0300] "GET /cormun/servlet/solicitudotadjuntos?703b76ecddb99819842d314a03ac571f8e1c0faa21178196e2e43e7ddfde2d4a,gx-no-cache=1556044614982 HTTP/1.1" 200 30
186.103.159.46 - - [23/Apr/2019:16:40:43 -0300] "GET /cormun/servlet/solicitudotadjuntos?703b76ecddb99819842d314a03ac571f8e1c0faa21178196e2e43e7ddfde2d4a,gx-no-cache=1556044615085 HTTP/1.1" 200 30
190.171.141.122 - - [23/Apr/2019:16:40:43 -0300] "GET /cormun/servlet/prfichaempleado?,MD,,gxPopupLevel%3D0%3B HTTP/1.1" 200 9427
186.103.159.46 - - [23/Apr/2019:16:40:44 -0300] "POST /cormun/servlet/solicitudotadjuntos?8da038ccc6a43cc45925f9b84d6ff733,INS,2019,15415,,1, HTTP/1.1" 200 116
186.103.159.46 - - [23/Apr/2019:16:40:45 -0300] "GET /cormun/servlet/hpexe_return? HTTP/1.1" 200 1021
186.103.159.46 - - [23/Apr/2019:16:40:46 -0300] "GET /cormun/servlet/trsolicitudadjuntos?2019,15415, HTTP/1.1" 200 8775
186.103.159.46 - - [23/Apr/2019:16:40:48 -0300] "GET /cormun/servlet/trsolicitudadjuntos?2019,15415, HTTP/1.1" 200 8770
186.103.159.46 - - [23/Apr/2019:16:40:50 -0300] "GET /cormun/servlet/solicitudotadjuntos?INS,2019,15415,,1, HTTP/1.1" 200 6110
186.103.159.46 - - [23/Apr/2019:16:40:50 -0300] "GET /cormun/static/about:blank HTTP/1.1" 404 1011
186.103.159.46 - - [23/Apr/2019:16:40:51 -0300] "GET /cormun/servlet/solicitudotadjuntos?INS,2019,15415,,1, HTTP/1.1" 200 6103
186.103.159.46 - - [23/Apr/2019:16:40:52 -0300] "GET /cormun/servlet/solicitudotadjuntos?703b76ecddb99819842d314a03ac571f10fe0ca1ae4cf96a2fe5cf9aa98cd3c958432e420863e7cbec9856460cb36b0d,gx-no-cache=1556044623740 HTTP/1.1" 200 30
186.103.159.46 - - [23/Apr/2019:16:40:52 -0300] "POST /cormun/servlet/solicitudotadjuntos?8da038ccc6a43cc45925f9b84d6ff733,INS,2019,15415,,1,,gx-no-cache=1556044623874 HTTP/1.1" 200 3883
190.171.141.122 - - [23/Apr/2019:16:40:53 -0300] "POST /cormun/servlet/prfichaempleado?f760d9a8006dbfc8ab31cde848ca1928,,MD,,gxPopupLevel%3D0%3B,gx-no-cache=1556048228147 HTTP/1.1" 200 3182
186.103.159.46 - - [23/Apr/2019:16:40:55 -0300] "POST /cormun/servlet/solicitudotadjuntos?gx-no-cache=1556044626545 HTTP/1.1" 200 26
190.171.141.122 - - [23/Apr/2019:16:40:59 -0300] "POST /cormun/servlet/prfichaempleado?f760d9a8006dbfc8ab31cde848ca1928,,MD,,gxPopupLevel%3D0%3B,gx-no-cache=1556048234370 HTTP/1.1" 200 3182
186.103.159.46 - - [23/Apr/2019:16:41:03 -0300] "GET /cormun/servlet/solicitudotadjuntos?703b76ecddb99819842d314a03ac571f8e1c0faa21178196e2e43e7ddfde2d4a,gx-no-cache=1556044634802 HTTP/1.1" 200 30
186.103.159.46 - - [23/Apr/2019:16:41:03 -0300] "GET /cormun/servlet/solicitudotadjuntos?703b76ecddb99819842d314a03ac571f8e1c0faa21178196e2e43e7ddfde2d4a,gx-no-cache=1556044635039 HTTP/1.1" 200 30
186.103.159.46 - - [23/Apr/2019:16:41:05 -0300] "POST /cormun/servlet/solicitudotadjuntos?8da038ccc6a43cc45925f9b84d6ff733,INS,2019,15415,,1, HTTP/1.1" 200 116
186.103.159.46 - - [23/Apr/2019:16:41:06 -0300] "GET /cormun/servlet/hpexe_return? HTTP/1.1" 200 1021
186.103.159.46 - - [23/Apr/2019:16:41:07 -0300] "GET /cormun/servlet/trsolicitudadjuntos?2019,15415, HTTP/1.1" 200 8999
186.103.159.46 - - [23/Apr/2019:16:41:09 -0300] "GET /cormun/servlet/trsolicitudadjuntos?2019,15415, HTTP/1.1" 200 8998
186.103.159.46 - - [23/Apr/2019:16:41:12 -0300] "GET /cormun/servlet/solicitudotadjuntos?INS,2019,15415,,1, HTTP/1.1" 200 6110
186.103.159.46 - - [23/Apr/2019:16:41:12 -0300] "GET /cormun/static/about:blank HTTP/1.1" 404 1011
186.103.159.46 - - [23/Apr/2019:16:41:14 -0300] "GET /cormun/servlet/solicitudotadjuntos?INS,2019,15415,,1, HTTP/1.1" 200 6103
186.103.159.46 - - [23/Apr/2019:16:41:14 -0300] "GET /cormun/servlet/solicitudotadjuntos?703b76ecddb99819842d314a03ac571f10fe0ca1ae4cf96a2fe5cf9aa98cd3c958432e420863e7cbec9856460cb36b0d,gx-no-cache=1556044645853 HTTP/1.1" 200 30
186.103.159.46 - - [23/Apr/2019:16:41:14 -0300] "POST /cormun/servlet/solicitudotadjuntos?8da038ccc6a43cc45925f9b84d6ff733,INS,2019,15415,,1,,gx-no-cache=1556044645930 HTTP/1.1" 200 3883
186.103.159.46 - - [23/Apr/2019:16:41:17 -0300] "POST /cormun/servlet/solicitudotadjuntos?gx-no-cache=1556044648780 HTTP/1.1" 200 26
186.103.159.46 - - [23/Apr/2019:16:41:25 -0300] "GET /cormun/servlet/solicitudotadjuntos?703b76ecddb99819842d314a03ac571f8e1c0faa21178196e2e43e7ddfde2d4a,gx-no-cache=1556044656710 HTTP/1.1" 200 30
186.103.159.46 - - [23/Apr/2019:16:41:25 -0300] "GET /cormun/servlet/solicitudotadjuntos?703b76ecddb99819842d314a03ac571f8e1c0faa21178196e2e43e7ddfde2d4a,gx-no-cache=1556044656845 HTTP/1.1" 200 30
190.171.153.50 - - [23/Apr/2019:16:41:25 -0300] "GET /cormun/servlet/solicitudot?4fca7d46ac66dced6e9f5c31dbec621cfa24232c6e3b0e419ddd68c3db00ac20a077023727f1fa59eb2e30d0053954de982b635d904f714601b789afd4c6c8c1,gx-no-cache=1556048261082 HTTP/1.1" 200 103
190.171.153.50 - - [23/Apr/2019:16:41:26 -0300] "GET /cormun/static/Shared/jqueryui/images/ui-bg_highlight-soft_100_c6c2c8_1x100.png HTTP/1.1" 404 1117
190.171.153.50 - - [23/Apr/2019:16:41:26 -0300] "GET /cormun/static/Shared/jqueryui/images/ui-icons_82798d_256x240.png HTTP/1.1" 404 1089
190.171.153.50 - - [23/Apr/2019:16:41:26 -0300] "GET /cormun/static/Shared/jqueryui/images/ui-bg_flat_55_994d53_40x100.png HTTP/1.1" 404 1097
190.171.153.50 - - [23/Apr/2019:16:41:26 -0300] "GET /cormun/static/Shared/jqueryui/images/ui-icons_ebccce_256x240.png HTTP/1.1" 404 1089
186.103.159.46 - - [23/Apr/2019:16:41:27 -0300] "POST /cormun/servlet/solicitudotadjuntos?8da038ccc6a43cc45925f9b84d6ff733,INS,2019,15415,,1, HTTP/1.1" 200 116
186.103.159.46 - - [23/Apr/2019:16:41:27 -0300] "GET /cormun/servlet/hpexe_return? HTTP/1.1" 200 1021
186.103.159.46 - - [23/Apr/2019:16:41:28 -0300] "GET /cormun/servlet/trsolicitudadjuntos?2019,15415, HTTP/1.1" 200 9173
190.171.153.50 - - [23/Apr/2019:16:41:29 -0300] "GET /cormun/servlet/solicitudot?4fca7d46ac66dced6e9f5c31dbec621c3c912506208b8e33299d8e110d749a64,gx-no-cache=1556048264409 HTTP/1.1" 200 29
186.103.159.46 - - [23/Apr/2019:16:41:31 -0300] "GET /cormun/servlet/trsolicitudadjuntos?2019,15415, HTTP/1.1" 200 9172
186.103.159.46 - - [23/Apr/2019:16:41:33 -0300] "GET /cormun/servlet/solicitudotadjuntos?INS,2019,15415,,1, HTTP/1.1" 200 6110
186.103.159.46 - - [23/Apr/2019:16:41:34 -0300] "GET /cormun/static/about:blank HTTP/1.1" 404 1011
190.171.141.122 - - [23/Apr/2019:16:41:34 -0300] "POST /cormun/servlet/solicitudot?gx-no-cache=1556048269657 HTTP/1.1" 200 3458
190.171.141.122 - - [23/Apr/2019:16:41:34 -0300] "POST /cormun/servlet/solicitudot?f760d9a8006dbfc8ab31cde848ca1928,INS,0,0,,gx-no-cache=1556048269991 HTTP/1.1" 200 11914
186.103.159.46 - - [23/Apr/2019:16:41:35 -0300] "GET /cormun/servlet/solicitudotadjuntos?INS,2019,15415,,1, HTTP/1.1" 200 6103
186.103.159.46 - - [23/Apr/2019:16:41:36 -0300] "GET /cormun/servlet/solicitudotadjuntos?703b76ecddb99819842d314a03ac571f10fe0ca1ae4cf96a2fe5cf9aa98cd3c958432e420863e7cbec9856460cb36b0d,gx-no-cache=1556044667265 HTTP/1.1" 200 30
186.103.159.46 - - [23/Apr/2019:16:41:36 -0300] "POST /cormun/servlet/solicitudotadjuntos?8da038ccc6a43cc45925f9b84d6ff733,INS,2019,15415,,1,,gx-no-cache=1556044667398 HTTP/1.1" 200 3883
190.171.141.122 - - [23/Apr/2019:16:41:37 -0300] "GET /cormun/servlet/solicitudot?8927c02316dcb9950f252c87d6fea830a47f4edb2a201a8873d5e0722fdec242c20e97f271c8ae324d616f24249a4f0e,gx-no-cache=1556048272945 HTTP/1.1" 200 111
190.171.141.122 - - [23/Apr/2019:16:41:37 -0300] "GET /cormun/static/Shared/jqueryui/images/ui-bg_highlight-soft_100_c6c2c8_1x100.png HTTP/1.1" 404 1117
190.171.141.122 - - [23/Apr/2019:16:41:37 -0300] "GET /cormun/static/Shared/jqueryui/images/ui-icons_82798d_256x240.png HTTP/1.1" 404 1089
190.171.141.122 - - [23/Apr/2019:16:41:37 -0300] "GET /cormun/static/Shared/jqueryui/images/ui-icons_ebccce_256x240.png HTTP/1.1" 404 1089
190.171.141.122 - - [23/Apr/2019:16:41:37 -0300] "GET /cormun/static/Shared/jqueryui/images/ui-bg_flat_55_994d53_40x100.png HTTP/1.1" 404 1097
186.103.159.46 - - [23/Apr/2019:16:41:39 -0300] "POST /cormun/servlet/solicitudotadjuntos?gx-no-cache=1556044670667 HTTP/1.1" 200 26
190.171.141.122 - - [23/Apr/2019:16:41:42 -0300] "GET /cormun/servlet/solicitudot?8927c02316dcb9950f252c87d6fea8306ff7107251ab8f54c496ff7a8fc007eff920e39d0098350a91e4d878f9575bc4,gx-no-cache=1556048277433 HTTP/1.1" 200 30
186.103.159.46 - - [23/Apr/2019:16:41:48 -0300] "GET /cormun/servlet/solicitudotadjuntos?703b76ecddb99819842d314a03ac571f8e1c0faa21178196e2e43e7ddfde2d4a,gx-no-cache=1556044679475 HTTP/1.1" 200 30
186.103.159.46 - - [23/Apr/2019:16:41:48 -0300] "GET /cormun/servlet/solicitudotadjuntos?703b76ecddb99819842d314a03ac571f8e1c0faa21178196e2e43e7ddfde2d4a,gx-no-cache=1556044679951 HTTP/1.1" 200 30
186.103.159.46 - - [23/Apr/2019:16:41:50 -0300] "POST /cormun/servlet/solicitudotadjuntos?8da038ccc6a43cc45925f9b84d6ff733,INS,2019,15415,,1, HTTP/1.1" 200 116
186.103.159.46 - - [23/Apr/2019:16:41:50 -0300] "GET /cormun/servlet/hpexe_return? HTTP/1.1" 200 1021
186.103.159.46 - - [23/Apr/2019:16:41:52 -0300] "GET /cormun/servlet/trsolicitudadjuntos?2019,15415, HTTP/1.1" 200 9401
186.103.159.46 - - [23/Apr/2019:16:41:54 -0300] "GET /cormun/servlet/trsolicitudadjuntos?2019,15415, HTTP/1.1" 200 9400
190.171.141.122 - - [23/Apr/2019:16:41:56 -0300] "GET /cormun/servlet/solicitudot?8927c02316dcb9950f252c87d6fea8306052c493a874e64d229f9af25261d09d,gx-no-cache=1556048291973 HTTP/1.1" 200 94
190.171.141.122 - - [23/Apr/2019:16:41:56 -0300] "GET /cormun/servlet/solicitudot?8927c02316dcb9950f252c87d6fea83073c1cd2e82646d58b2dcdb13353219b5,gx-no-cache=1556048292021 HTTP/1.1" 200 29
190.171.141.122 - - [23/Apr/2019:16:41:56 -0300] "POST /cormun/servlet/solicitudot?gx-no-cache=1556048292071 HTTP/1.1" 200 297
190.171.141.122 - - [23/Apr/2019:16:41:56 -0300] "GET /cormun/servlet/solicitudot?8927c02316dcb9950f252c87d6fea83074d99044e4c588f161b6b1ef9a7b63bc65ba7168cef03057bde6d4ec04d7c98eae06e63212cdae3efcae1fdb83157a46770e08866ddd7ae9331071d353d2ca5ab843e5d434761dae30f75b657fdcc30531dd73e03f1b7e9ad33aac8b141a728c79686040c2f9ad95919238bb187002d0a943748c1c11dcb3e1169185e69d04136916e039454d4348a888faaa5e1f24e6b9622aec54b6907057680e83681914c3491cc237ccd42489217ff8a5df8cc1103fec51c4a41343b007bfbc0bfbda77757cceabccd7dca8f44e439fff7d438f3f152df051f7f24e433c6de23cd62a9c57a3e8f889ce8f2398035de348ce0aead0f81320b20c360b5514895a71b6b7399af58b4714b01494c09a4e976b513db3c31c76acecf30cc4c83cb5389b40742a05860770d94e238975b81740517d4ac96a571d62b21ec06db45d423746b199cc5f02b1c75c5502b24c6552df798c571394f3ecd86c9781f3f5f582d65f4e4143a9582b882085cb41700c4fc93faea917fb53f02fd5b8cf3879c85b04ab31ec20b8,gx-no-cache=1556048292115 HTTP/1.1" 200 30
190.171.153.50 - - [23/Apr/2019:16:42:00 -0300] "POST /cormun/servlet/solicitudot?gx-no-cache=1556048295516 HTTP/1.1" 200 297
190.171.153.50 - - [23/Apr/2019:16:42:00 -0300] "GET /cormun/servlet/solicitudot?4fca7d46ac66dced6e9f5c31dbec621cba0399c29812790b3be1f18b33fa1047ea13624b02ce373599c0c1afae05044f38f1a47c3d0d2f54157c4f47230640dfa7e26cefa47a56ed8512b32f7d36eb6335c3f3ae4083d83fea12056d1530075ba27fb50868441ab935d3ed462ac9b228044ffce492f6438e957aec1d102c70c4a92896852e053f415d05a810901b52870635b605c8c6ee7a9142dc799ee7b2fbb1c77270387b658ca673d68cdda44e11d16f4cd886dc29bf2cb8a06a42a204490b2b599d1b070675bf23b595925edb10ed4ac5b31b1fb304e2a82dd27100483c30a97e72952fa0ad6c8b5f94434d710a228c4c972129238ebc0f9993564e911b977de602ddd1941823f1a55619516d4fcd1a1ae55a12a3fb96b600cda1ddb19d9bdc00c42e008551c01ff6952eb74fe7e63072da5c4e79800f20fdb2f5918a09d35d85874794e448cb5fa9ae3ebc728df755c4abbc2054f9e11af6c3a023d6b15cd4db7ef070a4bb6ae942a9d1c815a5a14583302eff01052c2c15b852ca92bbdd084a3223eb1f6cdc1dbdc39abf00f9,gx-no-cache=1556048295613 HTTP/1.1" 200 30
186.103.159.46 - - [23/Apr/2019:16:42:00 -0300] "GET /cormun/servlet/solicitudotadjuntos?INS,2019,15415,,1, HTTP/1.1" 200 6109
186.103.159.46 - - [23/Apr/2019:16:42:02 -0300] "GET /cormun/static/about:blank HTTP/1.1" 404 1011
186.103.159.46 - - [23/Apr/2019:16:42:02 -0300] "GET /cormun/servlet/solicitudotadjuntos?INS,2019,15415,,1, HTTP/1.1" 200 6103
186.103.159.46 - - [23/Apr/2019:16:42:03 -0300] "GET /cormun/servlet/solicitudotadjuntos?703b76ecddb99819842d314a03ac571f10fe0ca1ae4cf96a2fe5cf9aa98cd3c958432e420863e7cbec9856460cb36b0d,gx-no-cache=1556044694393 HTTP/1.1" 200 30
186.103.159.46 - - [23/Apr/2019:16:42:03 -0300] "POST /cormun/servlet/solicitudotadjuntos?8da038ccc6a43cc45925f9b84d6ff733,INS,2019,15415,,1,,gx-no-cache=1556044694511 HTTP/1.1" 200 3882
186.103.159.46 - - [23/Apr/2019:16:42:06 -0300] "POST /cormun/servlet/solicitudotadjuntos?gx-no-cache=1556044697487 HTTP/1.1" 200 26
192.168.10.89 - - [23/Apr/2019:16:42:07 -0300] "GET /cormun/servlet/hlogin HTTP/1.1" 200 1722
186.103.159.46 - - [23/Apr/2019:16:42:13 -0300] "GET /cormun/servlet/solicitudotadjuntos?703b76ecddb99819842d314a03ac571f8e1c0faa21178196e2e43e7ddfde2d4a,gx-no-cache=1556044704728 HTTP/1.1" 200 30
186.103.159.46 - - [23/Apr/2019:16:42:13 -0300] "GET /cormun/servlet/solicitudotadjuntos?703b76ecddb99819842d314a03ac571f8e1c0faa21178196e2e43e7ddfde2d4a,gx-no-cache=1556044704892 HTTP/1.1" 200 30
186.103.159.46 - - [23/Apr/2019:16:42:14 -0300] "POST /cormun/servlet/solicitudotadjuntos?8da038ccc6a43cc45925f9b84d6ff733,INS,2019,15415,,1, HTTP/1.1" 200 116
186.103.159.46 - - [23/Apr/2019:16:42:15 -0300] "GET /cormun/servlet/hpexe_return? HTTP/1.1" 200 1021
186.103.159.46 - - [23/Apr/2019:16:42:17 -0300] "GET /cormun/servlet/trsolicitudadjuntos?2019,15415, HTTP/1.1" 200 9647
192.168.10.89 - - [23/Apr/2019:16:42:17 -0300] "POST /cormun/servlet/hlogin?fb3baf5bd05a6d05d548881f02dbea73,gx-no-cache=1556055332064 HTTP/1.1" 200 90
192.168.10.89 - - [23/Apr/2019:16:42:17 -0300] "GET /cormun/servlet/hpexe_link HTTP/1.1" 200 950
192.168.10.89 - - [23/Apr/2019:16:42:17 -0300] "GET /cormun/servlet/hhome HTTP/1.1" 200 3872
186.103.159.46 - - [23/Apr/2019:16:42:20 -0300] "GET /cormun/servlet/trsolicitudadjuntos?2019,15415, HTTP/1.1" 200 9644
192.168.10.89 - - [23/Apr/2019:16:42:20 -0300] "GET /cormun/servlet/trsolicitudgral? HTTP/1.1" 200 27811
186.103.159.46 - - [23/Apr/2019:16:42:22 -0300] "GET /cormun/servlet/solicitudotadjuntos?INS,2019,15415,,1, HTTP/1.1" 200 6109
186.103.159.46 - - [23/Apr/2019:16:42:22 -0300] "GET /cormun/static/about:blank HTTP/1.1" 404 1011
186.103.159.46 - - [23/Apr/2019:16:42:23 -0300] "GET /cormun/servlet/solicitudotadjuntos?INS,2019,15415,,1, HTTP/1.1" 200 6103
186.103.159.46 - - [23/Apr/2019:16:42:24 -0300] "GET /cormun/servlet/solicitudotadjuntos?703b76ecddb99819842d314a03ac571f10fe0ca1ae4cf96a2fe5cf9aa98cd3c958432e420863e7cbec9856460cb36b0d,gx-no-cache=1556044715487 HTTP/1.1" 200 30
186.103.159.46 - - [23/Apr/2019:16:42:24 -0300] "POST /cormun/servlet/solicitudotadjuntos?8da038ccc6a43cc45925f9b84d6ff733,INS,2019,15415,,1,,gx-no-cache=1556044715624 HTTP/1.1" 200 3882
190.171.141.122 - - [23/Apr/2019:16:42:25 -0300] "POST /cormun/servlet/solicitudot?gx-no-cache=1556048320385 HTTP/1.1" 200 30
190.171.141.122 - - [23/Apr/2019:16:42:27 -0300] "GET /cormun/servlet/prsolicitudot?18379567,,,,,MD,,gxPopupLevel%3D0%3B HTTP/1.1" 200 6125
190.171.141.122 - - [23/Apr/2019:16:42:27 -0300] "GET /cormun/static/gxcfg.js?2017111422591492 HTTP/1.1" 200 953
190.171.141.122 - - [23/Apr/2019:16:42:27 -0300] "GET /cormun/static/prsolicitudot.js?2017111422591715 HTTP/1.1" 200 13680
186.103.159.46 - - [23/Apr/2019:16:42:27 -0300] "POST /cormun/servlet/solicitudotadjuntos?gx-no-cache=1556044718803 HTTP/1.1" 200 26
192.168.10.89 - - [23/Apr/2019:16:42:31 -0300] "POST /cormun/servlet/trsolicitudgral?fb3baf5bd05a6d05d548881f02dbea73,,gx-no-cache=1556055346038 HTTP/1.1" 200 6974
186.103.159.46 - - [23/Apr/2019:16:42:36 -0300] "GET /cormun/servlet/solicitudotadjuntos?703b76ecddb99819842d314a03ac571f8e1c0faa21178196e2e43e7ddfde2d4a,gx-no-cache=1556044727751 HTTP/1.1" 200 30
186.103.159.46 - - [23/Apr/2019:16:42:36 -0300] "GET /cormun/servlet/solicitudotadjuntos?703b76ecddb99819842d314a03ac571f8e1c0faa21178196e2e43e7ddfde2d4a,gx-no-cache=1556044727808 HTTP/1.1" 200 30
190.171.141.122 - - [23/Apr/2019:16:42:37 -0300] "POST /cormun/servlet/solicitudot?gx-no-cache=1556048332434 HTTP/1.1" 200 1344
190.171.141.122 - - [23/Apr/2019:16:42:37 -0300] "POST /cormun/servlet/solicitudot?gx-no-cache=1556048332574 HTTP/1.1" 200 38
190.171.141.122 - - [23/Apr/2019:16:42:37 -0300] "GET /cormun/servlet/solicitudot?8927c02316dcb9950f252c87d6fea8307008afdd4c41dae10b9ef56473e55f9bbbcbfe4494106e39dcca70fd09c0377665b098798076a3fbec4d772651cc5d09e8fcaf0091e1e67ce234afbd39790a534f12571e7aae9320d633efa13ea193079c0c597db56c5a4179460f79dab11920,gx-no-cache=1556048332650 HTTP/1.1" 200 110
190.171.141.122 - - [23/Apr/2019:16:42:37 -0300] "POST /cormun/servlet/solicitudot?gx-no-cache=1556048332728 HTTP/1.1" 200 97
190.171.141.122 - - [23/Apr/2019:16:42:37 -0300] "GET /cormun/servlet/solicitudot?8927c02316dcb9950f252c87d6fea8305ca13b3b406ce39ec83d9662c8150e1627474cb9a7556350e354492654e3dde2729587005844efcc1536c80244b4928e8a85a54ec75c71a65e335a92f1ae657e7640ac5a80cebe29967a0726bc94a26629e7f3e23b3083f4bb0ee4a8bedb2e74,gx-no-cache=1556048332787 HTTP/1.1" 200 29
190.171.141.122 - - [23/Apr/2019:16:42:37 -0300] "GET /cormun/servlet/solicitudot?8927c02316dcb9950f252c87d6fea8301f7c934ffb55f43240d33a9598cd814f,gx-no-cache=1556048332808 HTTP/1.1" 200 30
186.103.159.46 - - [23/Apr/2019:16:42:37 -0300] "POST /cormun/servlet/solicitudotadjuntos?8da038ccc6a43cc45925f9b84d6ff733,INS,2019,15415,,1, HTTP/1.1" 200 116
186.103.159.46 - - [23/Apr/2019:16:42:38 -0300] "GET /cormun/servlet/hpexe_return? HTTP/1.1" 200 1021
186.103.159.46 - - [23/Apr/2019:16:42:39 -0300] "GET /cormun/servlet/trsolicitudadjuntos?2019,15415, HTTP/1.1" 200 9868
190.171.153.50 - - [23/Apr/2019:16:42:40 -0300] "POST /cormun/servlet/solicitudot?gx-no-cache=1556048335543 HTTP/1.1" 200 30
190.171.141.122 - - [23/Apr/2019:16:42:42 -0300] "GET /cormun/servlet/trsolicitudot? HTTP/1.1" 200 7549
186.103.159.46 - - [23/Apr/2019:16:42:42 -0300] "GET /cormun/servlet/trsolicitudadjuntos?2019,15415, HTTP/1.1" 200 9867
190.171.141.122 - - [23/Apr/2019:16:42:42 -0300] "GET /cormun/servlet/trsolicitudot? HTTP/1.1" 200 7548
190.171.153.50 - - [23/Apr/2019:16:42:43 -0300] "POST /cormun/servlet/solicitudot?gx-no-cache=1556048338672 HTTP/1.1" 200 1341
190.171.153.50 - - [23/Apr/2019:16:42:43 -0300] "POST /cormun/servlet/solicitudot?gx-no-cache=1556048338945 HTTP/1.1" 200 38
186.103.159.46 - - [23/Apr/2019:16:42:45 -0300] "GET /cormun/servlet/solicitudotadjuntos?INS,2019,15415,,2, HTTP/1.1" 200 6107
186.103.159.46 - - [23/Apr/2019:16:42:46 -0300] "GET /cormun/static/about:blank HTTP/1.1" 404 1011
186.103.159.46 - - [23/Apr/2019:16:42:47 -0300] "GET /cormun/servlet/solicitudotadjuntos?INS,2019,15415,,2, HTTP/1.1" 200 6101
186.103.159.46 - - [23/Apr/2019:16:42:47 -0300] "GET /cormun/servlet/solicitudotadjuntos?703b76ecddb99819842d314a03ac571f10fe0ca1ae4cf96a2fe5cf9aa98cd3c958432e420863e7cbec9856460cb36b0d,gx-no-cache=1556044739153 HTTP/1.1" 200 30
186.103.159.46 - - [23/Apr/2019:16:42:48 -0300] "POST /cormun/servlet/solicitudotadjuntos?8da038ccc6a43cc45925f9b84d6ff733,INS,2019,15415,,2,,gx-no-cache=1556044739260 HTTP/1.1" 200 4026
192.168.10.89 - - [23/Apr/2019:16:42:51 -0300] "GET /cormun/servlet/hlogin HTTP/1.1" 200 1741
186.103.159.46 - - [23/Apr/2019:16:42:53 -0300] "POST /cormun/servlet/solicitudotadjuntos?gx-no-cache=1556044744635 HTTP/1.1" 200 26
190.171.141.122 - - [23/Apr/2019:16:42:54 -0300] "POST /cormun/servlet/trsolicitudot?f760d9a8006dbfc8ab31cde848ca1928,,gx-no-cache=1556048349309 HTTP/1.1" 200 8344
200.111.191.210 - - [23/Apr/2019:16:42:55 -0300] "GET /cormun/servlet/permisogoce?480c3264c1df567197f7cb011754cb74c95b80f8e83897ccfb957fdb7a13294b2be117421855c3eaf07b6d332e5121fcb23b95983e14b513c81b1af18dfc7144,gx-no-cache=1556048428587 HTTP/1.1" 200 47
