190.171.153.26 - - [23/Apr/2019:12:25:18 -0300] "GET /cormun/static/Resources/logo4.png HTTP/1.1" 200 6582
190.171.153.26 - - [23/Apr/2019:12:25:18 -0300] "GET /cormun/static/Resources/PXToolsHeaderActionsLeft.png HTTP/1.1" 200 1118
190.171.153.26 - - [23/Apr/2019:12:25:18 -0300] "GET /cormun/static/Resources/PXToolsHeaderHome.png HTTP/1.1" 200 4147
190.171.153.26 - - [23/Apr/2019:12:25:18 -0300] "GET /cormun/static/Resources/PXToolsHeaderLogin.png HTTP/1.1" 200 4279
190.171.153.26 - - [23/Apr/2019:12:25:18 -0300] "GET /cormun/static/Resources/PXToolsHeaderPreferences.png HTTP/1.1" 200 4189
190.171.153.26 - - [23/Apr/2019:12:25:18 -0300] "GET /cormun/static/Resources/PXToolsHeaderActionsRight.png HTTP/1.1" 200 1201
190.171.153.26 - - [23/Apr/2019:12:25:18 -0300] "GET /cormun/static/Resources/PXToolsHeaderSecurity.png HTTP/1.1" 200 4166
190.171.153.26 - - [23/Apr/2019:12:25:18 -0300] "GET /cormun/static/Resources/PXToolsFooterBackground2.png HTTP/1.1" 200 1172
190.171.153.26 - - [23/Apr/2019:12:25:18 -0300] "GET /cormun/static/Resources/PXToolsHeaderBackground2.png HTTP/1.1" 200 1174
190.171.153.26 - - [23/Apr/2019:12:25:18 -0300] "GET /cormun/static/Resources/PXToolsHeaderActionsBackground.png HTTP/1.1" 200 484
190.171.153.26 - - [23/Apr/2019:12:25:18 -0300] "GET /cormun/static/Resources/PXToolsDataTitle.png HTTP/1.1" 200 1173
190.171.153.26 - - [23/Apr/2019:12:25:18 -0300] "GET /cormun/static/Shared/jqueryui/jquery-ui.min.js HTTP/1.1" 200 240427
190.171.153.26 - - [23/Apr/2019:12:25:18 -0300] "GET /cormun/static/Shared/jquery/jquery-1.10.2.min.js HTTP/1.1" 200 273199
190.171.153.26 - - [23/Apr/2019:12:25:18 -0300] "GET /cormun/static/Shared/ext/ext-all.js HTTP/1.1" 200 1289687
190.171.153.26 - - [23/Apr/2019:12:25:19 -0300] "GET /cormun/servlet/hhome HTTP/1.1" 200 3998
190.171.153.26 - - [23/Apr/2019:12:25:19 -0300] "GET /cormun/static/SmoothNavMenu/resources/images/down.gif HTTP/1.1" 200 854
190.171.153.26 - - [23/Apr/2019:12:25:31 -0300] "GET /cormun/servlet/trpermisosgoce? HTTP/1.1" 200 8621
190.171.153.26 - - [23/Apr/2019:12:25:32 -0300] "GET /cormun/static/calendar-system.css?75620 HTTP/1.1" 200 5572
190.171.153.26 - - [23/Apr/2019:12:25:32 -0300] "GET /cormun/static/gxcfg.js?20177612163875 HTTP/1.1" 200 953
190.171.153.26 - - [23/Apr/2019:12:25:32 -0300] "GET /cormun/static/calendar.js?85251 HTTP/1.1" 200 26246
190.171.153.26 - - [23/Apr/2019:12:25:32 -0300] "GET /cormun/static/calendar-es.js?85251 HTTP/1.1" 200 1901
190.171.153.26 - - [23/Apr/2019:12:25:32 -0300] "GET /cormun/static/gxdec.js?85251 HTTP/1.1" 200 19579
190.171.153.26 - - [23/Apr/2019:12:25:32 -0300] "GET /cormun/static/gxui/gxui-all.css?110300 HTTP/1.1" 200 2179
190.171.153.26 - - [23/Apr/2019:12:25:32 -0300] "GET /cormun/static/trpermisosgoce.js?20177612164335 HTTP/1.1" 200 35904
190.171.153.26 - - [23/Apr/2019:12:25:32 -0300] "GET /cormun/static/calendar-setup.js?85251 HTTP/1.1" 200 2588
190.171.153.26 - - [23/Apr/2019:12:25:32 -0300] "GET /cormun/static/Shared/ext/resources/css/ext-all.css?205870 HTTP/1.1" 200 416045
190.171.153.26 - - [23/Apr/2019:12:25:32 -0300] "GET /cormun/static/Resources/PXToolsGridNew.png HTTP/1.1" 200 2949
190.171.153.26 - - [23/Apr/2019:12:25:32 -0300] "GET /cormun/static/Resources/PXTools/calendar.png HTTP/1.1" 200 1306
190.171.153.26 - - [23/Apr/2019:12:25:32 -0300] "GET /cormun/static/Resources/PXToolsDataSearch.png HTTP/1.1" 200 419
190.171.153.26 - - [23/Apr/2019:12:25:32 -0300] "GET /cormun/static/Resources/PXToolsGridLastDisabled.gif HTTP/1.1" 200 98
190.171.153.26 - - [23/Apr/2019:12:25:32 -0300] "GET /cormun/static/Resources/PXToolsGridPreviousDisabled.gif HTTP/1.1" 200 90
190.171.153.26 - - [23/Apr/2019:12:25:32 -0300] "GET /cormun/static/Resources/PXToolsGridFirstDisabled.gif HTTP/1.1" 200 100
190.171.153.26 - - [23/Apr/2019:12:25:32 -0300] "GET /cormun/static/Resources/PXToolsGridPage.gif HTTP/1.1" 200 725
190.171.153.26 - - [23/Apr/2019:12:25:32 -0300] "GET /cormun/static/Resources/PXToolsGridNextDisabled.gif HTTP/1.1" 200 90
190.171.153.26 - - [23/Apr/2019:12:25:32 -0300] "GET /cormun/static/Resources/PXToolsActionExcel.png HTTP/1.1" 200 3187
190.171.153.26 - - [23/Apr/2019:12:25:33 -0300] "GET /cormun/static/Resources/asc.gif HTTP/1.1" 200 67
190.171.153.26 - - [23/Apr/2019:12:25:33 -0300] "GET /cormun/static/Resources/asc.gif HTTP/1.1" 200 67
190.171.153.26 - - [23/Apr/2019:12:25:33 -0300] "GET /cormun/static/Resources/desc.gif HTTP/1.1" 200 65
190.171.153.26 - - [23/Apr/2019:12:25:33 -0300] "GET /cormun/static/Resources/desc.gif HTTP/1.1" 200 65
190.171.153.26 - - [23/Apr/2019:12:25:33 -0300] "GET /cormun//static/Resources/PXToolsGridUpdate.png HTTP/1.1" 200 2984
190.171.153.26 - - [23/Apr/2019:12:25:33 -0300] "GET /cormun//static/Resources/PXToolsGridDisplay.png HTTP/1.1" 200 362
190.171.153.26 - - [23/Apr/2019:12:25:33 -0300] "GET /cormun//static/Resources/PXToolsGridDelete.png HTTP/1.1" 200 357
190.171.153.26 - - [23/Apr/2019:12:25:33 -0300] "GET /cormun//static/Resources/PXTools/ActionInsert.png HTTP/1.1" 200 1482
190.171.153.26 - - [23/Apr/2019:12:25:33 -0300] "GET /cormun//static/Resources/PXToolsHeaderFavorites.png HTTP/1.1" 200 2744
190.171.153.26 - - [23/Apr/2019:12:25:33 -0300] "GET /cormun//static/Resources/PXToolsHeaderHelp.png HTTP/1.1" 200 4055
190.171.153.26 - - [23/Apr/2019:12:25:33 -0300] "GET /cormun//static/Resources/PXToolsActionPrint.png HTTP/1.1" 200 3317
190.171.153.26 - - [23/Apr/2019:12:25:33 -0300] "GET /cormun//static/Resources/PXToolsActionDisabled.gif HTTP/1.1" 200 53
190.171.153.26 - - [23/Apr/2019:12:25:33 -0300] "GET /cormun/servlet/trpermisosgoce? HTTP/1.1" 200 8619
190.171.153.26 - - [23/Apr/2019:12:25:33 -0300] "GET /cormun/static/Shared/ext/resources/themes/images/default/panel/bg-headersPanel.png HTTP/1.1" 200 255
190.171.153.26 - - [23/Apr/2019:12:25:33 -0300] "GET /cormun/static/Shared/ext/resources/themes/images/default/tools/tool-sprites.gif HTTP/1.1" 200 5434
190.171.153.26 - - [23/Apr/2019:12:25:44 -0300] "GET /cormun/servlet/trpermisosadjuntos?14317307,20190422180053,P, HTTP/1.1" 200 6323
190.171.153.26 - - [23/Apr/2019:12:25:44 -0300] "GET /cormun/static/gxcfg.js?201762817193957 HTTP/1.1" 200 953
190.171.153.26 - - [23/Apr/2019:12:25:44 -0300] "GET /cormun/static/Resources/Spanish/PXTools.css?17315867 HTTP/1.1" 200 89042
190.171.153.26 - - [23/Apr/2019:12:25:44 -0300] "GET /cormun/static/trpermisosadjuntos.js?201762817194366 HTTP/1.1" 200 20158
190.171.153.26 - - [23/Apr/2019:12:25:45 -0300] "GET /cormun/servlet/trpermisosadjuntos?14317307,20190422180053,P, HTTP/1.1" 200 6323
190.171.153.26 - - [23/Apr/2019:12:25:50 -0300] "GET /cormun/servlet/permisosadjuntos?INS,14317307,P,20190422180053,, HTTP/1.1" 200 5648
190.171.153.26 - - [23/Apr/2019:12:25:50 -0300] "GET /cormun/static/gxcfg.js?201762717441171 HTTP/1.1" 200 953
190.171.153.26 - - [23/Apr/2019:12:25:50 -0300] "GET /cormun/static/permisosadjuntos.js?201762717441184 HTTP/1.1" 200 8724
190.171.153.26 - - [23/Apr/2019:12:25:51 -0300] "GET /cormun/static/about:blank HTTP/1.1" 404 1011
190.171.153.26 - - [23/Apr/2019:12:25:51 -0300] "GET /cormun/servlet/permisosadjuntos?INS,14317307,P,20190422180053,, HTTP/1.1" 200 5638
192.168.10.89 - - [23/Apr/2019:12:26:16 -0300] "POST /cormun/servlet/vesolicitudgral?581046b81185997cb1c15cecc24b272c,2019,14984,,SolicitudOTAdjuntos,gx-no-cache=1556039971144 HTTP/1.1" 200 90
192.168.10.89 - - [23/Apr/2019:12:26:16 -0300] "GET /cormun/servlet/hpexe_link HTTP/1.1" 200 996
192.168.10.89 - - [23/Apr/2019:12:26:17 -0300] "GET /cormun/servlet/trsolicitudgral?gx-no-cache=1556035115823 HTTP/1.1" 200 9753
190.171.153.26 - - [23/Apr/2019:12:26:25 -0300] "POST /cormun/servlet/permisosadjuntos?afb81b32b27b1df454d2b16bd2c9a05a,INS,14317307,P,20190422180053,, HTTP/1.1" 200 116
190.171.153.26 - - [23/Apr/2019:12:26:26 -0300] "GET /cormun/servlet/hpexe_return? HTTP/1.1" 200 1045
190.171.153.26 - - [23/Apr/2019:12:26:26 -0300] "GET /cormun/static/hpexe_return.js?2016101716175153 HTTP/1.1" 200 1633
190.171.153.26 - - [23/Apr/2019:12:26:26 -0300] "GET /cormun/static/gxcfg.js?2016101716175148 HTTP/1.1" 200 953
190.171.153.26 - - [23/Apr/2019:12:26:26 -0300] "GET /cormun/static/Resources/Spanish/PXTools.css?167811 HTTP/1.1" 200 89042
190.171.153.26 - - [23/Apr/2019:12:26:26 -0300] "GET /cormun/servlet/trpermisosadjuntos?14317307,20190422180053,P, HTTP/1.1" 200 6797
190.171.153.26 - - [23/Apr/2019:12:26:27 -0300] "GET /cormun/servlet/trpermisosadjuntos?14317307,20190422180053,P, HTTP/1.1" 200 6794
190.171.153.26 - - [23/Apr/2019:12:26:27 -0300] "GET /cormun/PublicTempStorage/claudia_castro3984318.pdf HTTP/1.1" 200 281937
192.168.10.89 - - [23/Apr/2019:12:26:28 -0300] "POST /cormun/servlet/trsolicitudgral?581046b81185997cb1c15cecc24b272c,gx-no-cache=1556035115823,gx-no-cache=1556039982516 HTTP/1.1" 200 6649
192.168.10.89 - - [23/Apr/2019:12:26:30 -0300] "GET /cormun/servlet/vesolicitudgral?2019,15077,, HTTP/1.1" 200 8461
192.168.10.89 - - [23/Apr/2019:12:26:30 -0300] "GET /cormun/pexe_scrolldiv.js HTTP/1.1" 404 1009
192.168.10.89 - - [23/Apr/2019:12:26:33 -0300] "GET /cormun/servlet/vesolicitudgral?2019,15077,,SolicitudOTAdjuntos HTTP/1.1" 200 10829
192.168.10.89 - - [23/Apr/2019:12:26:33 -0300] "GET /cormun/pexe_scrolldiv.js HTTP/1.1" 404 1009
192.168.10.89 - - [23/Apr/2019:12:26:34 -0300] "POST /cormun/servlet/acontrolpreferencessavestate?None,RRHH+CATALINA,true HTTP/1.1" 200 35
190.171.153.26 - - [23/Apr/2019:12:26:59 -0300] "GET /cormun/servlet/hpexe_return? HTTP/1.1" 200 1040
190.171.153.26 - - [23/Apr/2019:12:26:59 -0300] "GET /cormun/servlet/trpermisosgoce HTTP/1.1" 200 8624
190.171.153.26 - - [23/Apr/2019:12:27:00 -0300] "GET /cormun/servlet/trpermisosgoce HTTP/1.1" 200 8619
190.171.153.26 - - [23/Apr/2019:12:27:22 -0300] "POST /cormun/servlet/trpermisosgoce?afb81b32b27b1df454d2b16bd2c9a05a,gx-no-cache=1556029414879 HTTP/1.1" 200 5835
190.171.153.26 - - [23/Apr/2019:12:27:22 -0300] "GET /cormun/static/Shared/jqueryui/images/ui-bg_highlight-soft_100_c6c2c8_1x100.png HTTP/1.1" 404 1117
190.171.153.26 - - [23/Apr/2019:12:27:22 -0300] "GET /cormun/static/Shared/jqueryui/images/ui-icons_82798d_256x240.png HTTP/1.1" 404 1089
190.171.153.26 - - [23/Apr/2019:12:27:23 -0300] "GET /cormun/static/Shared/jqueryui/images/ui-icons_8d78a5_256x240.png HTTP/1.1" 404 1089
190.171.153.26 - - [23/Apr/2019:12:27:23 -0300] "GET /cormun/static/Shared/jqueryui/images/ui-bg_flat_55_fafafa_40x100.png HTTP/1.1" 404 1097
192.168.10.89 - - [23/Apr/2019:12:31:27 -0300] "GET /cormun/servlet/vesolicitudgral?2019,15077,,General HTTP/1.1" 200 8449
192.168.10.89 - - [23/Apr/2019:12:31:27 -0300] "GET /cormun/pexe_scrolldiv.js HTTP/1.1" 404 1009
192.168.10.89 - - [23/Apr/2019:12:31:33 -0300] "GET /cormun/servlet/vesolicitudgral?2019,15077,,SolicitudOTAdjuntos HTTP/1.1" 200 10832
192.168.10.89 - - [23/Apr/2019:12:31:33 -0300] "GET /cormun/pexe_scrolldiv.js HTTP/1.1" 404 1009
192.168.10.89 - - [23/Apr/2019:12:31:35 -0300] "POST /cormun/servlet/acontrolpreferencessavestate?None,RRHH+CATALINA,true HTTP/1.1" 200 35
190.171.144.234 - - [23/Apr/2019:12:33:51 -0300] "GET /cormun/servlet/trsolicitudot? HTTP/1.1" 200 6419
190.171.144.234 - - [23/Apr/2019:12:33:52 -0300] "GET /cormun/servlet/hlogin HTTP/1.1" 200 1734
190.171.144.234 - - [23/Apr/2019:12:33:52 -0300] "GET /cormun/servlet/trsolicitudot? HTTP/1.1" 200 6413
192.168.10.96 - - [23/Apr/2019:12:33:58 -0300] "POST /cormun/servlet/trsolicitudgral?c2a1684d8f42516f08bc95d9ee18e229,,gx-no-cache=1556040433424 HTTP/1.1" 200 7349
190.171.144.234 - - [23/Apr/2019:12:34:00 -0300] "POST /cormun/servlet/hlogin?22494ab135d0d0380cda42ceeba772d3,gx-no-cache=1556033416337 HTTP/1.1" 200 90
190.171.144.234 - - [23/Apr/2019:12:34:00 -0300] "GET /cormun/servlet/hpexe_link HTTP/1.1" 200 945
190.171.144.234 - - [23/Apr/2019:12:34:00 -0300] "GET /cormun/servlet/hhome HTTP/1.1" 200 4013
190.171.144.234 - - [23/Apr/2019:12:34:00 -0300] "GET /cormun/servlet/hhome HTTP/1.1" 200 4009
192.168.10.96 - - [23/Apr/2019:12:34:01 -0300] "GET /cormun/servlet/vesolicitudgral?2019,15213,, HTTP/1.1" 200 9337
192.168.10.96 - - [23/Apr/2019:12:34:01 -0300] "GET /cormun/pexe_scrolldiv.js HTTP/1.1" 404 1009
192.168.10.96 - - [23/Apr/2019:12:34:01 -0300] "GET /cormun/pexe_scrolldiv.js HTTP/1.1" 404 1009
192.168.10.96 - - [23/Apr/2019:12:34:01 -0300] "GET /cormun/servlet/vesolicitudgral?2019,15213,, HTTP/1.1" 200 9337
192.168.10.96 - - [23/Apr/2019:12:34:03 -0300] "GET /cormun/servlet/vesolicitudgral?2019,15213,,SolicitudOTAdjuntos HTTP/1.1" 200 11690
192.168.10.96 - - [23/Apr/2019:12:34:03 -0300] "GET /cormun/pexe_scrolldiv.js HTTP/1.1" 404 1009
192.168.10.96 - - [23/Apr/2019:12:34:03 -0300] "GET /cormun/pexe_scrolldiv.js HTTP/1.1" 404 1009
192.168.10.96 - - [23/Apr/2019:12:34:04 -0300] "GET /cormun/servlet/vesolicitudgral?2019,15213,,SolicitudOTAdjuntos HTTP/1.1" 200 11691
192.168.10.96 - - [23/Apr/2019:12:34:04 -0300] "POST /cormun/servlet/acontrolpreferencessavestate?None,DZAMUDIO,true HTTP/1.1" 200 35
190.171.144.234 - - [23/Apr/2019:12:34:05 -0300] "GET /cormun/servlet/trsolicitudot? HTTP/1.1" 200 7229
190.171.144.234 - - [23/Apr/2019:12:34:05 -0300] "GET /cormun/servlet/trsolicitudot? HTTP/1.1" 200 7229
192.168.10.96 - - [23/Apr/2019:12:34:05 -0300] "GET /cormun/PublicTempStorage/cedula_de_identidad9677741.pdf HTTP/1.1" 200 105968
192.168.10.96 - - [23/Apr/2019:12:34:12 -0300] "GET /cormun/PublicTempStorage/cedula_de_identidad9677741.pdf HTTP/1.1" 304 -
190.171.144.234 - - [23/Apr/2019:12:34:13 -0300] "GET /cormun/static/menuarrow.gif HTTP/1.1" 404 1015
190.171.153.26 - - [23/Apr/2019:12:34:16 -0300] "GET /cormun/servlet/hlogin HTTP/1.1" 200 1743
190.171.153.26 - - [23/Apr/2019:12:34:17 -0300] "GET /cormun/static/Resources/ComunLogin.png HTTP/1.1" 200 17326
192.168.10.96 - - [23/Apr/2019:12:34:21 -0300] "GET /cormun/PublicTempStorage/certificado_de_titulo7721088.pdf HTTP/1.1" 200 221715
192.168.10.96 - - [23/Apr/2019:12:34:29 -0300] "GET /cormun/PublicTempStorage/certificado_afiliacion_afp_claudio_guajardo1565496.pdf HTTP/1.1" 200 285014
192.168.10.96 - - [23/Apr/2019:12:34:40 -0300] "GET /cormun/PublicTempStorage/certificado_afiliacion_fonasa__claudio3471357.pdf HTTP/1.1" 200 138519
192.168.10.96 - - [23/Apr/2019:12:34:49 -0300] "GET /cormun/PublicTempStorage/certificado_antecedentes7669833.pdf HTTP/1.1" 200 207621
192.168.10.96 - - [23/Apr/2019:12:34:57 -0300] "GET /cormun/PublicTempStorage/curriculum_claudio__20194886506.pdf HTTP/1.1" 200 124731
190.171.144.234 - - [23/Apr/2019:12:35:20 -0300] "POST /cormun/servlet/trsolicitudot?22494ab135d0d0380cda42ceeba772d3,,gx-no-cache=1556033496021 HTTP/1.1" 200 4340
190.171.141.138 - - [23/Apr/2019:12:35:31 -0300] "GET /cormun/servlet/hlogin HTTP/1.1" 200 1721
190.171.144.234 - - [23/Apr/2019:12:35:38 -0300] "POST /cormun/servlet/trsolicitudot?22494ab135d0d0380cda42ceeba772d3,,gx-no-cache=1556033514256 HTTP/1.1" 200 4357
190.171.144.234 - - [23/Apr/2019:12:35:43 -0300] "GET /cormun/servlet/solicitudot?INS,0,0, HTTP/1.1" 200 14920
190.171.144.234 - - [23/Apr/2019:12:35:43 -0300] "GET /cormun/servlet/solicitudot?INS,0,0, HTTP/1.1" 200 14925
190.171.144.234 - - [23/Apr/2019:12:35:53 -0300] "POST /cormun/servlet/solicitudot?gx-no-cache=1556033528881 HTTP/1.1" 200 3557
190.171.144.234 - - [23/Apr/2019:12:35:53 -0300] "POST /cormun/servlet/solicitudot?22494ab135d0d0380cda42ceeba772d3,INS,0,0,,gx-no-cache=1556033529029 HTTP/1.1" 200 11758
190.171.144.234 - - [23/Apr/2019:12:36:15 -0300] "GET /cormun/servlet/solicitudot?f11b5b84f705067794e1b8d9f752fc4b14901e2668048d3e11fabd932bebdafa6963915a25b330c4e6f9e7251372e417,gx-no-cache=1556033551272 HTTP/1.1" 200 30
190.171.144.234 - - [23/Apr/2019:12:36:15 -0300] "GET /cormun/servlet/solicitudot?f11b5b84f705067794e1b8d9f752fc4b8901aacb9ff229a141391eabe0cf31416fc001bb1a7455be4c0cdc88f3625042,gx-no-cache=1556033551341 HTTP/1.1" 200 30
190.171.144.234 - - [23/Apr/2019:12:36:15 -0300] "GET /cormun/servlet/solicitudot?f11b5b84f705067794e1b8d9f752fc4b2c5eacc91614823faa646272b37d6793,gx-no-cache=1556033551364 HTTP/1.1" 200 53
190.171.144.234 - - [23/Apr/2019:12:36:15 -0300] "POST /cormun/servlet/solicitudot?gx-no-cache=1556033551389 HTTP/1.1" 200 240
190.171.144.234 - - [23/Apr/2019:12:36:15 -0300] "GET /cormun/servlet/solicitudot?f11b5b84f705067794e1b8d9f752fc4b008b90f050458c11d8665e39fe1e519334cf0f3fe3321cd61e93e760647e0b78335a6c69d5bb537d6a355180dfe1d2a52c200f0abc2d6b983ac6e5ce94dbbd047ff8d12c6b5013b48a670d48a2d9f2abd2240c1356613f2803f299d327354998af308e4fbab5073d7e38869caacd7edea5b93c31161a5ff9f084a45e565c55d7fd4de9ab5d8f5d8c3eed511e6d6aca877f3ee9a2a7f70e525e2c6ed47c80299469312d88e91e7d41d5310f2bf1aedbe51fbb3f26a1aeeb71d9e0e502d2f32a2ed112a26087b16241480ba1c7a8670ee14c5cfd2cd2b57e9bc11590dc17e88fab66f556e7d4bdd65da4420bb64c459a3a9fa13f082af0e3b9332b78279d126ec7abae0633019d1de963b747e7d952fe65f9e284e73a10d6831b1b0f30f107716237b82b0727775257024a1450f1e78998a5ec8b304f630907aed34fd3341bf19a3021c4bd7089832f5e32489a2d9fdb6416089d47b8e43520ab5dfc2a5bdc01f94c338bbc27867ddcd5438dac82e8fb1f,gx-no-cache=1556033551418 HTTP/1.1" 200 30
190.171.144.234 - - [23/Apr/2019:12:36:15 -0300] "POST /cormun/servlet/solicitudot?gx-no-cache=1556033551442 HTTP/1.1" 200 30
190.171.144.234 - - [23/Apr/2019:12:36:15 -0300] "POST /cormun/servlet/solicitudot?gx-no-cache=1556033551470 HTTP/1.1" 200 1344
190.171.144.234 - - [23/Apr/2019:12:36:15 -0300] "POST /cormun/servlet/solicitudot?gx-no-cache=1556033551534 HTTP/1.1" 200 38
190.171.144.234 - - [23/Apr/2019:12:36:15 -0300] "GET /cormun/servlet/solicitudot?f11b5b84f705067794e1b8d9f752fc4b1e4c2ac644b54a47726fc153cc17379860f5f86d679ad76b7aeff1b359b0abb0ffeb3b4d21ad6507824f7c8add255c38f1ebed8090c3c1411a5aecea771b8111e75d2abfd373fcec3d99b5cc7f69005c404345eda532b200e10f1b72ecc67bd9,gx-no-cache=1556033551559 HTTP/1.1" 200 110
190.171.144.234 - - [23/Apr/2019:12:36:15 -0300] "POST /cormun/servlet/solicitudot?gx-no-cache=1556033551587 HTTP/1.1" 200 97
190.171.144.234 - - [23/Apr/2019:12:36:24 -0300] "GET /cormun/servlet/solicitudot?f11b5b84f705067794e1b8d9f752fc4bc57a2a16746d008b14e4e90546c4b2b59770d38a8c1908f3d1135db6d7a53e546002fa29fc65f86c360c1e45fbfbd1c6f94a300349cb88c435f76c604eaf4cd4249f31886d9fa03b220b802903fedc097374a83f898149caf7558007f236abcf,gx-no-cache=1556033560135 HTTP/1.1" 200 29
190.171.144.234 - - [23/Apr/2019:12:36:24 -0300] "GET /cormun/static/menuarrow.gif HTTP/1.1" 404 1015
190.171.144.234 - - [23/Apr/2019:12:36:26 -0300] "GET /cormun/servlet/solicitudot?f11b5b84f705067794e1b8d9f752fc4b2aeb2981abe8acdd5ce9becf8474409ebf0a90f835d5b787dba9b015023e8976,gx-no-cache=1556033562761 HTTP/1.1" 200 30
186.67.164.138 - - [23/Apr/2019:12:36:43 -0300] "GET /cormun/servlet/hlogin HTTP/1.1" 200 1719
186.67.164.138 - - [23/Apr/2019:12:36:45 -0300] "GET /cormun/static/gxcfg.js?20177612122725 HTTP/1.1" 304 -
186.67.164.138 - - [23/Apr/2019:12:36:45 -0300] "GET /cormun/static/messages.spa.js?85251 HTTP/1.1" 304 -
186.67.164.138 - - [23/Apr/2019:12:36:49 -0300] "GET /cormun/servlet/hlogin HTTP/1.1" 200 1719
186.67.164.138 - - [23/Apr/2019:12:36:51 -0300] "GET /cormun/servlet/hlogin HTTP/1.1" 200 1730
186.67.164.138 - - [23/Apr/2019:12:36:51 -0300] "GET /favicon.ico HTTP/1.1" 200 21630
190.171.144.234 - - [23/Apr/2019:12:36:53 -0300] "POST /cormun/servlet/solicitudot?gx-no-cache=1556033589273 HTTP/1.1" 200 30
186.67.164.138 - - [23/Apr/2019:12:37:07 -0300] "POST /cormun/servlet/hlogin?4f11f8d4f3915895a301e3313f2c9644,gx-no-cache=1556033601565 HTTP/1.1" 200 444
186.67.164.138 - - [23/Apr/2019:12:37:14 -0300] "POST /cormun/servlet/hlogin?4f11f8d4f3915895a301e3313f2c9644,gx-no-cache=1556033608878 HTTP/1.1" 200 444
186.67.164.138 - - [23/Apr/2019:12:37:20 -0300] "POST /cormun/servlet/hlogin?4f11f8d4f3915895a301e3313f2c9644,gx-no-cache=1556033615095 HTTP/1.1" 200 444
186.67.164.138 - - [23/Apr/2019:12:37:34 -0300] "POST /cormun/servlet/hlogin?4f11f8d4f3915895a301e3313f2c9644,gx-no-cache=1556033628394 HTTP/1.1" 200 444
186.67.164.138 - - [23/Apr/2019:12:37:37 -0300] "POST /cormun/servlet/hlogin?4f11f8d4f3915895a301e3313f2c9644,gx-no-cache=1556033632176 HTTP/1.1" 200 444
186.67.164.138 - - [23/Apr/2019:12:37:49 -0300] "POST /cormun/servlet/hlogin?4f11f8d4f3915895a301e3313f2c9644,gx-no-cache=1556033643655 HTTP/1.1" 200 444
186.67.164.138 - - [23/Apr/2019:12:37:59 -0300] "POST /cormun/servlet/hlogin?4f11f8d4f3915895a301e3313f2c9644,gx-no-cache=1556033654199 HTTP/1.1" 200 444
186.67.164.138 - - [23/Apr/2019:12:38:05 -0300] "POST /cormun/servlet/hlogin?4f11f8d4f3915895a301e3313f2c9644,gx-no-cache=1556033660182 HTTP/1.1" 200 444
186.67.164.138 - - [23/Apr/2019:12:38:15 -0300] "POST /cormun/servlet/hlogin?4f11f8d4f3915895a301e3313f2c9644,gx-no-cache=1556033669662 HTTP/1.1" 200 90
186.67.164.138 - - [23/Apr/2019:12:38:15 -0300] "GET /cormun/servlet/hpexe_link HTTP/1.1" 200 948
186.67.164.138 - - [23/Apr/2019:12:38:15 -0300] "GET /cormun/static/gxcfg.js?20177612121792 HTTP/1.1" 200 953
186.67.164.138 - - [23/Apr/2019:12:38:15 -0300] "GET /cormun/static/hpexe_link.js?20177612121795 HTTP/1.1" 200 625
186.67.164.138 - - [23/Apr/2019:12:38:15 -0300] "GET /cormun/servlet/hhome HTTP/1.1" 200 4123
186.67.164.138 - - [23/Apr/2019:12:38:15 -0300] "GET /cormun/static/gxcfg.js?20175251212442 HTTP/1.1" 200 953
186.67.164.138 - - [23/Apr/2019:12:38:15 -0300] "GET /cormun/static/PXToolsJavascripts/pexe_autoreload.js HTTP/1.1" 200 1762
186.67.164.138 - - [23/Apr/2019:12:38:15 -0300] "GET /cormun/static/PXToolsJavascripts/pexe_cookies.js HTTP/1.1" 200 792
186.67.164.138 - - [23/Apr/2019:12:38:15 -0300] "GET /cormun/static/PXToolsJavascripts/pexe_grid.js HTTP/1.1" 200 7559
186.67.164.138 - - [23/Apr/2019:12:38:15 -0300] "GET /cormun/static/PXToolsJavascripts/pexe_windows.js HTTP/1.1" 200 15207
186.67.164.138 - - [23/Apr/2019:12:38:15 -0300] "GET /cormun/static/PXToolsJavascripts/pexe_griddivfix.js HTTP/1.1" 200 6644
186.67.164.138 - - [23/Apr/2019:12:38:15 -0300] "GET /cormun/static/PXToolsJavascripts/pexe_menus.js HTTP/1.1" 200 1286
186.67.164.138 - - [23/Apr/2019:12:38:16 -0300] "GET /cormun/static/hmpwkw03.js?20189613443875 HTTP/1.1" 304 -
186.67.164.138 - - [23/Apr/2019:12:38:16 -0300] "GET /cormun/servlet/hhome HTTP/1.1" 200 4119
190.171.141.138 - - [23/Apr/2019:12:38:32 -0300] "GET /cormun/servlet/hlogin HTTP/1.1" 200 1715
190.171.141.138 - - [23/Apr/2019:12:38:35 -0300] "POST /cormun/servlet/hlogin?fe2cfa70eb22a2261090d87f386a3c3d,gx-no-cache=1556033689644 HTTP/1.1" 200 90
190.171.141.138 - - [23/Apr/2019:12:38:35 -0300] "GET /cormun/servlet/hpexe_link HTTP/1.1" 200 945
190.171.141.138 - - [23/Apr/2019:12:38:35 -0300] "GET /cormun/servlet/hhome HTTP/1.1" 200 4460
190.171.141.138 - - [23/Apr/2019:12:38:35 -0300] "GET /cormun/servlet/hhome HTTP/1.1" 200 4456
190.171.144.234 - - [23/Apr/2019:12:38:39 -0300] "POST /cormun/servlet/solicitudot?gx-no-cache=1556033695253 HTTP/1.1" 200 30
186.67.164.138 - - [23/Apr/2019:12:38:47 -0300] "GET /cormun/servlet/trautorizarsolicitud? HTTP/1.1" 200 10605
186.67.164.138 - - [23/Apr/2019:12:38:47 -0300] "GET /cormun/static/gxcfg.js?2017111423403364 HTTP/1.1" 304 -
186.67.164.138 - - [23/Apr/2019:12:38:47 -0300] "GET /cormun/servlet/trautorizarsolicitud? HTTP/1.1" 200 10603
190.171.141.138 - - [23/Apr/2019:12:38:49 -0300] "GET /cormun/servlet/trsolicitudot? HTTP/1.1" 200 9372
190.171.141.138 - - [23/Apr/2019:12:38:50 -0300] "GET /cormun/servlet/trsolicitudot? HTTP/1.1" 200 9371
190.171.141.138 - - [23/Apr/2019:12:38:56 -0300] "GET /cormun/servlet/solicitudot?INS,0,0, HTTP/1.1" 200 15430
190.171.144.234 - - [23/Apr/2019:12:38:57 -0300] "POST /cormun/servlet/solicitudot?gx-no-cache=1556033712985 HTTP/1.1" 200 1344
190.171.144.234 - - [23/Apr/2019:12:38:57 -0300] "POST /cormun/servlet/solicitudot?gx-no-cache=1556033713084 HTTP/1.1" 200 40
190.171.144.234 - - [23/Apr/2019:12:38:57 -0300] "GET /cormun/servlet/solicitudot?f11b5b84f705067794e1b8d9f752fc4b1e4c2ac644b54a47726fc153cc17379860f5f86d679ad76b7aeff1b359b0abb0ffeb3b4d21ad6507824f7c8add255c38f1ebed8090c3c1411a5aecea771b8111e75d2abfd373fcec3d99b5cc7f69005c404345eda532b200e10f1b72ecc67bd9,gx-no-cache=1556033713193 HTTP/1.1" 200 110
190.171.144.234 - - [23/Apr/2019:12:38:57 -0300] "POST /cormun/servlet/solicitudot?gx-no-cache=1556033713316 HTTP/1.1" 200 97
190.171.144.234 - - [23/Apr/2019:12:38:57 -0300] "GET /cormun/servlet/solicitudot?f11b5b84f705067794e1b8d9f752fc4b2aeb2981abe8acdd5ce9becf8474409ebf0a90f835d5b787dba9b015023e8976,gx-no-cache=1556033713373 HTTP/1.1" 200 30
190.171.141.138 - - [23/Apr/2019:12:38:57 -0300] "GET /cormun/servlet/solicitudot?INS,0,0, HTTP/1.1" 200 15435
190.171.144.234 - - [23/Apr/2019:12:38:57 -0300] "POST /cormun/servlet/solicitudot?gx-no-cache=1556033713430 HTTP/1.1" 200 30
190.171.144.234 - - [23/Apr/2019:12:38:57 -0300] "POST /cormun/servlet/solicitudot?22494ab135d0d0380cda42ceeba772d3,INS,0,0,,gx-no-cache=1556033713504 HTTP/1.1" 200 93
190.171.144.234 - - [23/Apr/2019:12:38:57 -0300] "GET /cormun/servlet/hpexe_return? HTTP/1.1" 200 1001
190.171.144.234 - - [23/Apr/2019:12:38:57 -0300] "GET /cormun/servlet/trsolicitudot? HTTP/1.1" 200 7277
190.171.144.234 - - [23/Apr/2019:12:38:58 -0300] "GET /cormun/servlet/trsolicitudot? HTTP/1.1" 200 7271
190.171.141.138 - - [23/Apr/2019:12:39:09 -0300] "POST /cormun/servlet/solicitudot?gx-no-cache=1556033724201 HTTP/1.1" 200 3548
190.171.141.138 - - [23/Apr/2019:12:39:09 -0300] "POST /cormun/servlet/solicitudot?fe2cfa70eb22a2261090d87f386a3c3d,INS,0,0,,gx-no-cache=1556033724361 HTTP/1.1" 200 12005
190.171.141.138 - - [23/Apr/2019:12:39:14 -0300] "GET /cormun/servlet/prbanco?,MD,,gxPopupLevel%3D0%3B HTTP/1.1" 200 6853
190.171.141.138 - - [23/Apr/2019:12:39:17 -0300] "GET /cormun/servlet/solicitudot?1895795f92c8aa113c04097937684970f0ed1fe204167dbcd5cadce96950df38e72318f911530c9d78fa58eccb2233f2,gx-no-cache=1556033732379 HTTP/1.1" 200 30
190.171.141.138 - - [23/Apr/2019:12:39:17 -0300] "GET /cormun/servlet/solicitudot?1895795f92c8aa113c04097937684970fdc5f3b73c273d4969e660385c54c8f7b244a4252d51d8837d09304a229b6e72c69b9485ad993e54c546694319ea8410,gx-no-cache=1556033732427 HTTP/1.1" 200 30
190.171.141.138 - - [23/Apr/2019:12:39:18 -0300] "GET /cormun/servlet/solicitudot?1895795f92c8aa113c04097937684970ac8e70499de8377a335256546ae42c6b,gx-no-cache=1556033733474 HTTP/1.1" 200 57
190.171.149.90 - - [23/Apr/2019:12:39:39 -0300] "GET /cormun/servlet/trsolicitudot? HTTP/1.1" 200 6420
190.171.149.90 - - [23/Apr/2019:12:39:39 -0300] "GET /cormun/static/gxui/gxui-all.css?120300 HTTP/1.1" 200 2179
190.171.149.90 - - [23/Apr/2019:12:39:39 -0300] "GET /cormun/static/calendar-system.css?85620 HTTP/1.1" 200 5572
190.171.149.90 - - [23/Apr/2019:12:39:39 -0300] "GET /cormun/static/SmoothNavMenu/resources/ddsmoothmenu-v.css?1012540 HTTP/1.1" 200 1188
190.171.149.90 - - [23/Apr/2019:12:39:39 -0300] "GET /cormun/static/SmoothNavMenu/resources/ddsmoothmenu.css?1012540 HTTP/1.1" 200 2223
190.171.149.90 - - [23/Apr/2019:12:39:39 -0300] "GET /cormun/static/scaMessage/css/jquery.pnotify.default.css?1716380 HTTP/1.1" 200 1707
190.171.149.90 - - [23/Apr/2019:12:39:39 -0300] "GET /cormun/static/Shared/jqueryui/jquery-ui.min.css?1245370 HTTP/1.1" 200 30288
190.171.149.90 - - [23/Apr/2019:12:39:39 -0300] "GET /cormun/static/Resources/Spanish/PXTools.css?1255365 HTTP/1.1" 200 89042
190.171.149.90 - - [23/Apr/2019:12:39:41 -0300] "GET /cormun/static/Resources/logo4.png HTTP/1.1" 200 6582
190.171.149.90 - - [23/Apr/2019:12:39:41 -0300] "GET /cormun/static/Resources/PXToolsHeaderActionsLeft.png HTTP/1.1" 200 1118
190.171.149.90 - - [23/Apr/2019:12:39:41 -0300] "GET /cormun/static/Resources/PXToolsHeaderHome.png HTTP/1.1" 200 4147
190.171.149.90 - - [23/Apr/2019:12:39:41 -0300] "GET /cormun/static/Resources/PXToolsHeaderLogin.png HTTP/1.1" 200 4279
190.171.149.90 - - [23/Apr/2019:12:39:41 -0300] "GET /cormun/static/Resources/PXToolsHeaderPreferences.png HTTP/1.1" 200 4189
190.171.149.90 - - [23/Apr/2019:12:39:41 -0300] "GET /cormun/static/Resources/PXToolsHeaderSecurity.png HTTP/1.1" 200 4166
190.171.149.90 - - [23/Apr/2019:12:39:41 -0300] "GET /cormun/static/Resources/PXToolsHeaderActionsRight.png HTTP/1.1" 200 1201
190.171.149.90 - - [23/Apr/2019:12:39:41 -0300] "GET /cormun/static/Resources/PXTools/calendar.png HTTP/1.1" 200 1306
190.171.149.90 - - [23/Apr/2019:12:39:41 -0300] "GET /cormun/static/Resources/PXToolsGridFirstDisabled.gif HTTP/1.1" 200 100
190.171.149.90 - - [23/Apr/2019:12:39:41 -0300] "GET /cormun/static/Resources/PXToolsGridNextDisabled.gif HTTP/1.1" 200 90
190.171.149.90 - - [23/Apr/2019:12:39:41 -0300] "GET /cormun/static/Resources/PXToolsGridLastDisabled.gif HTTP/1.1" 200 98
190.171.149.90 - - [23/Apr/2019:12:39:41 -0300] "GET /cormun/static/Resources/PXToolsGridPage.gif HTTP/1.1" 200 725
190.171.149.90 - - [23/Apr/2019:12:39:41 -0300] "GET /cormun/static/Resources/PXToolsGridPreviousDisabled.gif HTTP/1.1" 200 90
190.171.149.90 - - [23/Apr/2019:12:39:41 -0300] "GET /cormun/static/Resources/PXToolsGridNew.png HTTP/1.1" 200 2949
190.171.149.90 - - [23/Apr/2019:12:39:41 -0300] "GET /cormun/static/Resources/PXToolsActionExcel.png HTTP/1.1" 200 3187
190.171.149.90 - - [23/Apr/2019:12:39:41 -0300] "GET /cormun/static/Resources/PXToolsHeaderBackground2.png HTTP/1.1" 200 1174
190.171.149.90 - - [23/Apr/2019:12:39:41 -0300] "GET /cormun/static/Resources/PXToolsHeaderActionsBackground.png HTTP/1.1" 200 484
190.171.149.90 - - [23/Apr/2019:12:39:41 -0300] "GET /cormun/static/Resources/PXToolsDataTitle.png HTTP/1.1" 200 1173
190.171.149.90 - - [23/Apr/2019:12:39:41 -0300] "GET /favicon.ico HTTP/1.1" 200 21630
190.171.149.90 - - [23/Apr/2019:12:39:41 -0300] "GET /cormun/servlet/hlogin HTTP/1.1" 200 1743
190.171.149.90 - - [23/Apr/2019:12:39:41 -0300] "GET /cormun/servlet/trsolicitudot? HTTP/1.1" 200 6420
190.171.149.90 - - [23/Apr/2019:12:39:41 -0300] "GET /cormun/static/gxcfg.js?20177612122725 HTTP/1.1" 200 953
190.171.149.90 - - [23/Apr/2019:12:39:41 -0300] "GET /cormun/static/Resources/Spanish/PXTools.css?1155365 HTTP/1.1" 200 89042
190.171.149.90 - - [23/Apr/2019:12:39:41 -0300] "GET /cormun/static/Resources/ComunLogin.png HTTP/1.1" 200 17326
190.171.149.90 - - [23/Apr/2019:12:39:41 -0300] "GET /cormun/static/Resources/PXToolsLoginTop.png HTTP/1.1" 200 1337
190.171.149.90 - - [23/Apr/2019:12:39:41 -0300] "GET /cormun/static/Resources/PXToolsLoginBackground.png HTTP/1.1" 200 1164
190.171.149.90 - - [23/Apr/2019:12:39:41 -0300] "GET /cormun/static/Resources/PXToolsButtonLeft21.png HTTP/1.1" 200 1287
190.171.149.90 - - [23/Apr/2019:12:39:41 -0300] "GET /cormun/static/Resources/PXToolsButtonRight21.png HTTP/1.1" 200 1283
190.171.149.90 - - [23/Apr/2019:12:39:41 -0300] "GET /cormun/static/Resources/PXToolsButtonBackground2.png HTTP/1.1" 200 1181
190.171.149.90 - - [23/Apr/2019:12:39:41 -0300] "GET /cormun/static/Resources/PXToolsLoginBottom.png HTTP/1.1" 200 1389
190.171.141.138 - - [23/Apr/2019:12:39:48 -0300] "POST /cormun/servlet/solicitudot?gx-no-cache=1556033762694 HTTP/1.1" 200 255
190.171.141.138 - - [23/Apr/2019:12:39:48 -0300] "GET /cormun/servlet/solicitudot?1895795f92c8aa113c0409793768497034c536a4551b4206152aedd4760126d084c3f92ea413231c8b21f584b227cb3acc62e333648a2d11532833310749811ae53ac82b921e7a602148ce53d0423ec0d81bace74ca08fde57e818aad58678f86e05c0d37250429b8e84322dc16435aec7082bf2c01e5f6023798acc96f44ef317595f0b859de614d7eb9c886a162f874518d7d83a5a247538decede675c5c9558fe82ace54e49c7dd08ee80013402b65cb63cd6380ff5d4b5386c16137d8fd42a0e1f10c2f34ca55e9533e3d54670a33ca2b375b0033ef699a306836c1e9558946ec85ec8498da259422905f6aa4a728c9180ed425892775f01335b078a1116b701523a0389d2a2e825df847cbbc6dbf3684e01e738171832b7fd33e9402eeee74d5ffe731feadecd7d76023e9c31c18ba8e088f15ffe80480b4b35fcf1a65fb2730be3445c7818306c71224e15835eb8ac1d3e36ece677df15356e53171688f6b2337765afd1dd0bcfa351d59e0f37534536cb9f800445ecce5945bd2f4cc5,gx-no-cache=1556033762926 HTTP/1.1" 200 30
190.171.149.90 - - [23/Apr/2019:12:39:51 -0300] "POST /cormun/servlet/hlogin?dc6b8ea9fd03a6ea10287a81248f8103,gx-no-cache=1556033765981 HTTP/1.1" 200 454
190.171.141.138 - - [23/Apr/2019:12:39:54 -0300] "POST /cormun/servlet/solicitudot?gx-no-cache=1556033769579 HTTP/1.1" 200 30
190.171.149.90 - - [23/Apr/2019:12:39:57 -0300] "POST /cormun/servlet/hlogin?dc6b8ea9fd03a6ea10287a81248f8103,gx-no-cache=1556033771655 HTTP/1.1" 200 90
190.171.149.90 - - [23/Apr/2019:12:39:57 -0300] "GET /cormun/servlet/hpexe_link HTTP/1.1" 200 959
190.171.149.90 - - [23/Apr/2019:12:39:57 -0300] "GET /cormun/static/gxcfg.js?20177612121792 HTTP/1.1" 200 953
190.171.149.90 - - [23/Apr/2019:12:39:57 -0300] "GET /cormun/servlet/trsolicitudot HTTP/1.1" 200 9267
190.171.149.90 - - [23/Apr/2019:12:39:57 -0300] "GET /cormun/static/hpexe_link.js?20177612121795 HTTP/1.1" 200 625
190.171.149.90 - - [23/Apr/2019:12:39:58 -0300] "GET /cormun//static/Resources/PXToolsGridUpdate.png HTTP/1.1" 200 2984
190.171.149.90 - - [23/Apr/2019:12:39:58 -0300] "GET /cormun//static/Resources/PXToolsGridDelete.png HTTP/1.1" 200 357
190.171.149.90 - - [23/Apr/2019:12:39:58 -0300] "GET /cormun//static/Resources/PXTools/ActionInsert.png HTTP/1.1" 200 1482
190.171.149.90 - - [23/Apr/2019:12:39:58 -0300] "GET /cormun/static/SmoothNavMenu/resources/images/down.gif HTTP/1.1" 200 854
190.171.149.90 - - [23/Apr/2019:12:39:58 -0300] "GET /cormun/static/SmoothNavMenu/resources/images/right.gif HTTP/1.1" 200 860
190.171.149.90 - - [23/Apr/2019:12:39:58 -0300] "GET /cormun/servlet/trsolicitudot HTTP/1.1" 200 9265
190.171.149.90 - - [23/Apr/2019:12:40:05 -0300] "POST /cormun/servlet/trsolicitudot?dc6b8ea9fd03a6ea10287a81248f8103,gx-no-cache=1556033780094 HTTP/1.1" 200 4296
190.171.149.90 - - [23/Apr/2019:12:40:07 -0300] "POST /cormun/servlet/trsolicitudot?dc6b8ea9fd03a6ea10287a81248f8103,gx-no-cache=1556033781337 HTTP/1.1" 200 4296
190.171.149.90 - - [23/Apr/2019:12:40:07 -0300] "POST /cormun/servlet/trsolicitudot?dc6b8ea9fd03a6ea10287a81248f8103,gx-no-cache=1556033781553 HTTP/1.1" 200 4295
190.171.141.138 - - [23/Apr/2019:12:40:07 -0300] "POST /cormun/servlet/solicitudot?gx-no-cache=1556033782197 HTTP/1.1" 200 1343
190.171.141.138 - - [23/Apr/2019:12:40:07 -0300] "POST /cormun/servlet/solicitudot?gx-no-cache=1556033782241 HTTP/1.1" 200 38
190.171.149.90 - - [23/Apr/2019:12:40:12 -0300] "POST /cormun/servlet/trsolicitudot?dc6b8ea9fd03a6ea10287a81248f8103,gx-no-cache=1556033786426 HTTP/1.1" 200 5745
190.171.149.90 - - [23/Apr/2019:12:40:12 -0300] "GET /cormun//static/Resources/PXToolsRemoveAllAction.png HTTP/1.1" 200 3558
190.171.149.90 - - [23/Apr/2019:12:40:12 -0300] "GET /cormun//static/Resources/PXToolsActionView.png HTTP/1.1" 200 2995
190.171.141.138 - - [23/Apr/2019:12:40:20 -0300] "GET /cormun/servlet/solicitudot?1895795f92c8aa113c04097937684970e618a0974caf2bbd5857cdfa31c3913a73694ad9d8592e083ddd15174e2b98f61e43f9350ed4668c89c536c59a43e661f2f80310fa549e93b9bb25f84b2ed0513ef0416d5b51aadfa3ec52115a6c283e426ede6cb43973c82a265133bd600f0f,gx-no-cache=1556033794742 HTTP/1.1" 200 110
190.171.149.90 - - [23/Apr/2019:12:40:26 -0300] "POST /cormun/servlet/trsolicitudot?dc6b8ea9fd03a6ea10287a81248f8103,gx-no-cache=1556033800885 HTTP/1.1" 200 5722
190.171.149.90 - - [23/Apr/2019:12:40:28 -0300] "POST /cormun/servlet/trsolicitudot?dc6b8ea9fd03a6ea10287a81248f8103,gx-no-cache=1556033802696 HTTP/1.1" 200 5721
190.171.144.234 - - [23/Apr/2019:12:40:29 -0300] "GET /cormun/servlet/hlogin HTTP/1.1" 200 1716
190.171.141.138 - - [23/Apr/2019:12:40:34 -0300] "POST /cormun/servlet/solicitudot?gx-no-cache=1556033808749 HTTP/1.1" 200 97
190.171.144.234 - - [23/Apr/2019:12:40:41 -0300] "POST /cormun/servlet/hlogin?22494ab135d0d0380cda42ceeba772d3,gx-no-cache=1556033817095 HTTP/1.1" 200 90
190.171.144.234 - - [23/Apr/2019:12:40:41 -0300] "GET /cormun/servlet/hpexe_link HTTP/1.1" 200 945
190.171.144.234 - - [23/Apr/2019:12:40:41 -0300] "GET /cormun/servlet/hhome HTTP/1.1" 200 4145
190.171.144.234 - - [23/Apr/2019:12:40:41 -0300] "GET /cormun/servlet/hhome HTTP/1.1" 200 4142
190.171.141.138 - - [23/Apr/2019:12:40:41 -0300] "GET /cormun/servlet/solicitudot?1895795f92c8aa113c04097937684970bc3009e121b49a5fba4bbcc5c6b4e9be2614b121f65d7e23fc0c6b35aa0fb8dde7560ebb2443f0b1cd6ae256ae1178f56857569225acd39a8806e428d10589920cb98f71101e780310516347ff3a14117c7d2ae5613221ffb12c760cf1f3da1d9c46e3c8ab6f71c3457fab7283cfff2101644ec028360e87b8d392dd23e8e66302033c580cb18e9c2e43c88af082a39e,gx-no-cache=1556033816493 HTTP/1.1" 200 29
190.171.141.138 - - [23/Apr/2019:12:40:41 -0300] "GET /cormun/static/menuarrow.gif HTTP/1.1" 404 1015
190.171.141.138 - - [23/Apr/2019:12:40:44 -0300] "GET /cormun/servlet/solicitudot?1895795f92c8aa113c04097937684970c867d2f2252d2c088e9854959e14735e73adca860c170462d302b98f9a7bf069,gx-no-cache=1556033818747 HTTP/1.1" 200 30
190.171.144.234 - - [23/Apr/2019:12:40:46 -0300] "GET /cormun/servlet/trautorizarsolicitud? HTTP/1.1" 200 7257
190.171.144.234 - - [23/Apr/2019:12:40:46 -0300] "GET /cormun/servlet/trautorizarsolicitud? HTTP/1.1" 200 7256
190.171.141.138 - - [23/Apr/2019:12:40:50 -0300] "POST /cormun/servlet/solicitudot?gx-no-cache=1556033825237 HTTP/1.1" 200 33
190.171.144.234 - - [23/Apr/2019:12:40:51 -0300] "GET /cormun/servlet/trsolicitudot? HTTP/1.1" 200 7400
190.171.144.234 - - [23/Apr/2019:12:40:51 -0300] "GET /cormun/servlet/trsolicitudot? HTTP/1.1" 200 7399
190.171.144.234 - - [23/Apr/2019:12:40:53 -0300] "GET /cormun/servlet/trautorizarsolicitud? HTTP/1.1" 200 7256
190.171.141.138 - - [23/Apr/2019:12:40:53 -0300] "POST /cormun/servlet/solicitudot?fe2cfa70eb22a2261090d87f386a3c3d,INS,0,0,,gx-no-cache=1556033828248 HTTP/1.1" 200 93
190.171.141.138 - - [23/Apr/2019:12:40:53 -0300] "GET /cormun/servlet/hpexe_return? HTTP/1.1" 200 1000
190.171.144.234 - - [23/Apr/2019:12:40:54 -0300] "GET /cormun/servlet/trautorizarsolicitud? HTTP/1.1" 200 7256
190.171.141.138 - - [23/Apr/2019:12:40:54 -0300] "GET /cormun/servlet/trsolicitudot HTTP/1.1" 200 9654
190.171.141.138 - - [23/Apr/2019:12:40:54 -0300] "GET /cormun/servlet/trsolicitudot HTTP/1.1" 200 9650
190.171.144.234 - - [23/Apr/2019:12:41:00 -0300] "GET /cormun/servlet/hlogin HTTP/1.1" 200 1716
190.171.141.138 - - [23/Apr/2019:12:41:02 -0300] "POST /cormun/servlet/trsolicitudot?fe2cfa70eb22a2261090d87f386a3c3d,gx-no-cache=1556033837298 HTTP/1.1" 200 107
190.171.141.138 - - [23/Apr/2019:12:41:02 -0300] "GET /cormun/servlet/trsolicitudadjuntos?2019,15419, HTTP/1.1" 200 6550
190.171.141.138 - - [23/Apr/2019:12:41:02 -0300] "GET /cormun/static/gxcfg.js?20177612135366 HTTP/1.1" 304 -
190.171.141.138 - - [23/Apr/2019:12:41:03 -0300] "GET /cormun/servlet/trsolicitudadjuntos?2019,15419, HTTP/1.1" 200 6549
190.171.141.138 - - [23/Apr/2019:12:41:05 -0300] "GET /cormun/servlet/solicitudotadjuntos?INS,2019,15419,,1, HTTP/1.1" 200 6491
190.171.141.138 - - [23/Apr/2019:12:41:06 -0300] "GET /cormun/static/gxcfg.js?2017761244068 HTTP/1.1" 304 -
190.171.141.138 - - [23/Apr/2019:12:41:06 -0300] "GET /cormun/static/about:blank HTTP/1.1" 404 1011
190.171.141.138 - - [23/Apr/2019:12:41:06 -0300] "GET /cormun/servlet/solicitudotadjuntos?INS,2019,15419,,1, HTTP/1.1" 200 6485
190.171.141.138 - - [23/Apr/2019:12:41:06 -0300] "GET /cormun/servlet/solicitudotadjuntos?1895795f92c8aa113c04097937684970e7d437c1b4104a7c38bdd1289ffc6609ac879174574421a75bbdddac45b04109,gx-no-cache=1556033841335 HTTP/1.1" 200 30
190.171.141.138 - - [23/Apr/2019:12:41:06 -0300] "POST /cormun/servlet/solicitudotadjuntos?fe2cfa70eb22a2261090d87f386a3c3d,INS,2019,15419,,1,,gx-no-cache=1556033841361 HTTP/1.1" 200 4096
190.171.141.138 - - [23/Apr/2019:12:41:08 -0300] "POST /cormun/servlet/solicitudotadjuntos?gx-no-cache=1556033843154 HTTP/1.1" 200 26
186.67.164.138 - - [23/Apr/2019:12:41:14 -0300] "POST /cormun/servlet/trautorizarsolicitud?4f11f8d4f3915895a301e3313f2c9644,,gx-no-cache=1556033848424 HTTP/1.1" 200 7564
186.67.164.138 - - [23/Apr/2019:12:41:14 -0300] "GET /cormun/static/Shared/jqueryui/images/ui-bg_highlight-soft_100_c6c2c8_1x100.png HTTP/1.1" 404 1117
186.67.164.138 - - [23/Apr/2019:12:41:14 -0300] "GET /cormun/static/Shared/jqueryui/images/ui-icons_82798d_256x240.png HTTP/1.1" 404 1089
186.67.164.138 - - [23/Apr/2019:12:41:14 -0300] "GET /cormun/static/Shared/jqueryui/images/ui-icons_8d78a5_256x240.png HTTP/1.1" 404 1089
186.67.164.138 - - [23/Apr/2019:12:41:14 -0300] "GET /cormun/static/Shared/jqueryui/images/ui-bg_flat_55_fafafa_40x100.png HTTP/1.1" 404 1097
186.67.164.138 - - [23/Apr/2019:12:41:15 -0300] "POST /cormun/servlet/trautorizarsolicitud?4f11f8d4f3915895a301e3313f2c9644,,gx-no-cache=1556033849245 HTTP/1.1" 200 7510
190.171.144.234 - - [23/Apr/2019:12:41:16 -0300] "POST /cormun/servlet/hlogin?22494ab135d0d0380cda42ceeba772d3,gx-no-cache=1556033851985 HTTP/1.1" 200 90
190.171.144.234 - - [23/Apr/2019:12:41:16 -0300] "GET /cormun/servlet/hpexe_link HTTP/1.1" 200 945
190.171.144.234 - - [23/Apr/2019:12:41:16 -0300] "GET /cormun/servlet/hhome HTTP/1.1" 200 4013
190.171.144.234 - - [23/Apr/2019:12:41:16 -0300] "GET /cormun/servlet/hhome HTTP/1.1" 200 4009
186.67.164.138 - - [23/Apr/2019:12:41:17 -0300] "POST /cormun/servlet/trautorizarsolicitud?4f11f8d4f3915895a301e3313f2c9644,,gx-no-cache=1556033851273 HTTP/1.1" 200 7190
186.67.164.138 - - [23/Apr/2019:12:41:17 -0300] "POST /cormun/servlet/trautorizarsolicitud?4f11f8d4f3915895a301e3313f2c9644,,gx-no-cache=1556033851556 HTTP/1.1" 200 7134
190.171.144.234 - - [23/Apr/2019:12:41:19 -0300] "GET /cormun/servlet/trsolicitudot? HTTP/1.1" 200 7272
190.171.144.234 - - [23/Apr/2019:12:41:19 -0300] "GET /cormun/servlet/trsolicitudot? HTTP/1.1" 200 7271
186.67.164.138 - - [23/Apr/2019:12:41:19 -0300] "POST /cormun/servlet/trautorizarsolicitud?4f11f8d4f3915895a301e3313f2c9644,,gx-no-cache=1556033853787 HTTP/1.1" 200 6802
186.67.164.138 - - [23/Apr/2019:12:41:19 -0300] "POST /cormun/servlet/trautorizarsolicitud?4f11f8d4f3915895a301e3313f2c9644,,gx-no-cache=1556033854070 HTTP/1.1" 200 6745
190.171.141.138 - - [23/Apr/2019:12:41:24 -0300] "GET /cormun/servlet/solicitudotadjuntos?1895795f92c8aa113c04097937684970c8ae56936ab53df24afc5a1546a956ad,gx-no-cache=1556033858876 HTTP/1.1" 200 30
190.171.141.138 - - [23/Apr/2019:12:41:24 -0300] "GET /cormun/servlet/solicitudotadjuntos?1895795f92c8aa113c04097937684970c8ae56936ab53df24afc5a1546a956ad,gx-no-cache=1556033858890 HTTP/1.1" 200 30
190.171.141.138 - - [23/Apr/2019:12:41:24 -0300] "POST /cormun/servlet/solicitudotadjuntos?fe2cfa70eb22a2261090d87f386a3c3d,INS,2019,15419,,1, HTTP/1.1" 200 116
190.171.141.138 - - [23/Apr/2019:12:41:24 -0300] "GET /cormun/servlet/hpexe_return? HTTP/1.1" 200 1018
190.171.141.138 - - [23/Apr/2019:12:41:24 -0300] "GET /cormun/servlet/trsolicitudadjuntos?2019,15419, HTTP/1.1" 200 9163
190.171.141.138 - - [23/Apr/2019:12:41:24 -0300] "GET /cormun/servlet/trsolicitudadjuntos?2019,15419, HTTP/1.1" 200 9162
190.171.141.138 - - [23/Apr/2019:12:41:27 -0300] "GET /cormun/servlet/solicitudotadjuntos?INS,2019,15419,,1, HTTP/1.1" 200 6491
190.171.141.138 - - [23/Apr/2019:12:41:27 -0300] "GET /cormun/static/about:blank HTTP/1.1" 404 1011
190.171.141.138 - - [23/Apr/2019:12:41:27 -0300] "GET /cormun/servlet/solicitudotadjuntos?INS,2019,15419,,1, HTTP/1.1" 200 6485
190.171.141.138 - - [23/Apr/2019:12:41:27 -0300] "GET /cormun/servlet/solicitudotadjuntos?1895795f92c8aa113c04097937684970e7d437c1b4104a7c38bdd1289ffc6609ac879174574421a75bbdddac45b04109,gx-no-cache=1556033862516 HTTP/1.1" 200 30
190.171.141.138 - - [23/Apr/2019:12:41:27 -0300] "POST /cormun/servlet/solicitudotadjuntos?fe2cfa70eb22a2261090d87f386a3c3d,INS,2019,15419,,1,,gx-no-cache=1556033862557 HTTP/1.1" 200 4096
190.171.141.138 - - [23/Apr/2019:12:41:30 -0300] "POST /cormun/servlet/solicitudotadjuntos?gx-no-cache=1556033865323 HTTP/1.1" 200 26
190.171.144.234 - - [23/Apr/2019:12:41:30 -0300] "GET /cormun/servlet/trsolicitudot? HTTP/1.1" 200 7271
190.171.144.234 - - [23/Apr/2019:12:41:31 -0300] "GET /cormun/servlet/trsolicitudot? HTTP/1.1" 200 7271
190.171.141.138 - - [23/Apr/2019:12:41:38 -0300] "GET /cormun/servlet/solicitudotadjuntos?1895795f92c8aa113c04097937684970c8ae56936ab53df24afc5a1546a956ad,gx-no-cache=1556033873267 HTTP/1.1" 200 30
190.171.141.138 - - [23/Apr/2019:12:41:38 -0300] "GET /cormun/servlet/solicitudotadjuntos?1895795f92c8aa113c04097937684970c8ae56936ab53df24afc5a1546a956ad,gx-no-cache=1556033873280 HTTP/1.1" 200 30
190.171.141.138 - - [23/Apr/2019:12:41:38 -0300] "POST /cormun/servlet/solicitudotadjuntos?fe2cfa70eb22a2261090d87f386a3c3d,INS,2019,15419,,1, HTTP/1.1" 200 116
190.171.141.138 - - [23/Apr/2019:12:41:38 -0300] "GET /cormun/servlet/hpexe_return? HTTP/1.1" 200 1018
190.171.141.138 - - [23/Apr/2019:12:41:38 -0300] "GET /cormun/servlet/trsolicitudadjuntos?2019,15419, HTTP/1.1" 200 9385
190.171.141.138 - - [23/Apr/2019:12:41:39 -0300] "GET /cormun/servlet/trsolicitudadjuntos?2019,15419, HTTP/1.1" 200 9384
190.171.141.138 - - [23/Apr/2019:12:41:41 -0300] "GET /cormun/servlet/solicitudotadjuntos?INS,2019,15419,,1, HTTP/1.1" 200 6491
190.171.141.138 - - [23/Apr/2019:12:41:41 -0300] "GET /cormun/static/about:blank HTTP/1.1" 404 1011
190.171.141.138 - - [23/Apr/2019:12:41:41 -0300] "GET /cormun/servlet/solicitudotadjuntos?INS,2019,15419,,1, HTTP/1.1" 200 6485
190.171.141.138 - - [23/Apr/2019:12:41:42 -0300] "GET /cormun/servlet/solicitudotadjuntos?1895795f92c8aa113c04097937684970e7d437c1b4104a7c38bdd1289ffc6609ac879174574421a75bbdddac45b04109,gx-no-cache=1556033876942 HTTP/1.1" 200 30
190.171.141.138 - - [23/Apr/2019:12:41:42 -0300] "POST /cormun/servlet/solicitudotadjuntos?fe2cfa70eb22a2261090d87f386a3c3d,INS,2019,15419,,1,,gx-no-cache=1556033876977 HTTP/1.1" 200 4096
190.171.141.138 - - [23/Apr/2019:12:41:44 -0300] "POST /cormun/servlet/solicitudotadjuntos?gx-no-cache=1556033879539 HTTP/1.1" 200 26
186.67.164.138 - - [23/Apr/2019:12:41:46 -0300] "POST /cormun/servlet/trautorizarsolicitud?4f11f8d4f3915895a301e3313f2c9644,,gx-no-cache=1556033881003 HTTP/1.1" 200 6420
186.67.164.138 - - [23/Apr/2019:12:41:47 -0300] "POST /cormun/servlet/trautorizarsolicitud?4f11f8d4f3915895a301e3313f2c9644,,gx-no-cache=1556033881276 HTTP/1.1" 200 6365
190.171.144.234 - - [23/Apr/2019:12:41:49 -0300] "GET /cormun/servlet/hlogin HTTP/1.1" 200 1716
190.171.141.138 - - [23/Apr/2019:12:41:57 -0300] "GET /cormun/servlet/solicitudotadjuntos?1895795f92c8aa113c04097937684970c8ae56936ab53df24afc5a1546a956ad,gx-no-cache=1556033891851 HTTP/1.1" 200 30
190.171.141.138 - - [23/Apr/2019:12:41:57 -0300] "GET /cormun/servlet/solicitudotadjuntos?1895795f92c8aa113c04097937684970c8ae56936ab53df24afc5a1546a956ad,gx-no-cache=1556033891881 HTTP/1.1" 200 30
190.171.144.234 - - [23/Apr/2019:12:41:58 -0300] "POST /cormun/servlet/hlogin?22494ab135d0d0380cda42ceeba772d3,gx-no-cache=1556033894041 HTTP/1.1" 200 90
190.171.144.234 - - [23/Apr/2019:12:41:58 -0300] "GET /cormun/servlet/hpexe_link HTTP/1.1" 200 945
190.171.144.234 - - [23/Apr/2019:12:41:58 -0300] "GET /cormun/servlet/hhome HTTP/1.1" 200 4145
190.171.144.234 - - [23/Apr/2019:12:41:58 -0300] "GET /cormun/servlet/hhome HTTP/1.1" 200 4142
190.171.141.138 - - [23/Apr/2019:12:41:59 -0300] "POST /cormun/servlet/solicitudotadjuntos?fe2cfa70eb22a2261090d87f386a3c3d,INS,2019,15419,,1, HTTP/1.1" 200 116
190.171.141.138 - - [23/Apr/2019:12:41:59 -0300] "GET /cormun/servlet/hpexe_return? HTTP/1.1" 200 1018
190.171.141.138 - - [23/Apr/2019:12:41:59 -0300] "GET /cormun/servlet/trsolicitudadjuntos?2019,15419, HTTP/1.1" 200 9616
190.171.141.138 - - [23/Apr/2019:12:42:00 -0300] "GET /cormun/servlet/trsolicitudadjuntos?2019,15419, HTTP/1.1" 200 9615
190.171.141.138 - - [23/Apr/2019:12:42:01 -0300] "GET /cormun/servlet/solicitudotadjuntos?INS,2019,15419,,1, HTTP/1.1" 200 6491
190.171.141.138 - - [23/Apr/2019:12:42:02 -0300] "GET /cormun/static/about:blank HTTP/1.1" 404 1011
190.171.141.138 - - [23/Apr/2019:12:42:02 -0300] "GET /cormun/servlet/solicitudotadjuntos?INS,2019,15419,,1, HTTP/1.1" 200 6484
190.171.144.234 - - [23/Apr/2019:12:42:02 -0300] "GET /cormun/servlet/trsolicitudot? HTTP/1.1" 200 7403
190.171.144.234 - - [23/Apr/2019:12:42:02 -0300] "GET /cormun/servlet/trsolicitudot? HTTP/1.1" 200 7402
190.171.141.138 - - [23/Apr/2019:12:42:02 -0300] "GET /cormun/servlet/solicitudotadjuntos?1895795f92c8aa113c04097937684970e7d437c1b4104a7c38bdd1289ffc6609ac879174574421a75bbdddac45b04109,gx-no-cache=1556033897170 HTTP/1.1" 200 30
190.171.141.138 - - [23/Apr/2019:12:42:02 -0300] "POST /cormun/servlet/solicitudotadjuntos?fe2cfa70eb22a2261090d87f386a3c3d,INS,2019,15419,,1,,gx-no-cache=1556033897294 HTTP/1.1" 200 4096
190.171.141.138 - - [23/Apr/2019:12:42:05 -0300] "POST /cormun/servlet/solicitudotadjuntos?gx-no-cache=1556033899659 HTTP/1.1" 200 26
190.171.144.234 - - [23/Apr/2019:12:42:05 -0300] "GET /cormun/servlet/trautorizarsolicitud? HTTP/1.1" 200 7262
190.171.144.234 - - [23/Apr/2019:12:42:05 -0300] "GET /cormun/servlet/trautorizarsolicitud? HTTP/1.1" 200 7262
190.171.141.138 - - [23/Apr/2019:12:42:10 -0300] "GET /cormun/servlet/solicitudotadjuntos?1895795f92c8aa113c04097937684970c8ae56936ab53df24afc5a1546a956ad,gx-no-cache=1556033904868 HTTP/1.1" 200 30
190.171.141.138 - - [23/Apr/2019:12:42:10 -0300] "GET /cormun/servlet/solicitudotadjuntos?1895795f92c8aa113c04097937684970c8ae56936ab53df24afc5a1546a956ad,gx-no-cache=1556033904882 HTTP/1.1" 200 30
190.171.141.138 - - [23/Apr/2019:12:42:10 -0300] "POST /cormun/servlet/solicitudotadjuntos?fe2cfa70eb22a2261090d87f386a3c3d,INS,2019,15419,,1, HTTP/1.1" 200 116
190.171.141.138 - - [23/Apr/2019:12:42:10 -0300] "GET /cormun/servlet/hpexe_return? HTTP/1.1" 200 1018
190.171.141.138 - - [23/Apr/2019:12:42:10 -0300] "GET /cormun/servlet/trsolicitudadjuntos?2019,15419, HTTP/1.1" 200 9795
190.171.141.138 - - [23/Apr/2019:12:42:11 -0300] "GET /cormun/servlet/trsolicitudadjuntos?2019,15419, HTTP/1.1" 200 9790
190.171.141.138 - - [23/Apr/2019:12:42:13 -0300] "GET /cormun/servlet/solicitudotadjuntos?INS,2019,15419,,1, HTTP/1.1" 200 6491
190.171.141.138 - - [23/Apr/2019:12:42:13 -0300] "GET /cormun/static/about:blank HTTP/1.1" 404 1011
190.171.141.138 - - [23/Apr/2019:12:42:13 -0300] "GET /cormun/servlet/solicitudotadjuntos?INS,2019,15419,,1, HTTP/1.1" 200 6484
