190.171.141.90 - - [22/Apr/2019:17:02:25 -0300] "GET /cormun/servlet/solicitudot?771218aa5d656bb51ea2da2b0cff6f6e0c24163826dc7053f04412eaf0331fee411a3bcadbe76047df76b851a01e2c7bf0af2cc0acced8f0e3edf3367c84d03b0e316fff7d2e2b638cfef31270203d3010a6009c897aca760e7120638e774612a7555360ec2f96dbb97056868479aed15503b35f98eaf5332168215d9f4d0919ea2df6b443c3715788c2edb96883b424fdb19175faa9e6cc089771c762465d9cf9dbef4b6664c022cd1c589ac7d1ee99d4106e338aefcb8548ae1277817d3974f463c1a3ba21c4dc5b1e873d780ac35505033f0fd707fa6bf9d90371e67afb5126af7dd243d3890cb448fab40539cd7ff70c07d9cac4fc9a56b593ad33f382805b47e7b3b199f0369b8145eca1aa5d7767833cf2fa7ee8ededd11a6c3dbb6f882732aa1e7af4d8a66696b4842f637ed35feeda535140c2c329b2bd82ce87ac94504f1ed0a1763ca13cfdd1ce58f4329417d4a8a8573c403958d506754d0fff2d7ede4d516f7eeef522dae96d27dd7b4a1fdfb381f62203720646c780dda85f8c,gx-no-cache=1555963123922 HTTP/1.1" 200 30
190.171.141.90 - - [22/Apr/2019:17:02:32 -0300] "POST /cormun/servlet/solicitudot?gx-no-cache=1555963131008 HTTP/1.1" 200 30
190.171.141.90 - - [22/Apr/2019:17:02:34 -0300] "GET /cormun/servlet/prcontratosol?16254622,,,,,MD,,gxPopupLevel%3D0%3B HTTP/1.1" 200 8740
190.171.141.90 - - [22/Apr/2019:17:02:38 -0300] "POST /cormun/servlet/solicitudot?gx-no-cache=1555963136218 HTTP/1.1" 200 1343
190.171.141.90 - - [22/Apr/2019:17:02:38 -0300] "POST /cormun/servlet/solicitudot?gx-no-cache=1555963136721 HTTP/1.1" 200 38
190.171.141.90 - - [22/Apr/2019:17:02:38 -0300] "GET /cormun/servlet/solicitudot?771218aa5d656bb51ea2da2b0cff6f6e4117daa1404914915ae3b421ac50b20dd6b934ba1cf5b1dd11c7ccf0aa78f531ae44c65faaf5fd6a229081f36e75854149fc84dab460539e2829c64c5c3e776fc21f1e7f8a38b03333e3a5acaf64244b27230e6293b17366b8fa21ade9860d93,gx-no-cache=1555963136840 HTTP/1.1" 200 110
190.171.141.90 - - [22/Apr/2019:17:02:38 -0300] "POST /cormun/servlet/solicitudot?gx-no-cache=1555963136957 HTTP/1.1" 200 72
190.171.141.90 - - [22/Apr/2019:17:02:38 -0300] "GET /cormun/servlet/solicitudot?771218aa5d656bb51ea2da2b0cff6f6eaaf636163fea1beb9a422253c0bda543e8c50628b81d9ece0c450a85153ede5b1ebdd09b62f73c3ee47a20350dba51cca7e281348c2c1a8acd7bd9a216d2e63cf79ec102b622d13e91139a413243fe3e7da2d08956e9fdbcd307ea5a0357b26f,gx-no-cache=1555963137102 HTTP/1.1" 200 29
190.171.141.90 - - [22/Apr/2019:17:02:38 -0300] "GET /cormun/servlet/solicitudot?771218aa5d656bb51ea2da2b0cff6f6eec900f6170701d2230426080c81d18a3f004f1914c7d167316f3828ac0d49e06,gx-no-cache=1555963137185 HTTP/1.1" 200 134
190.171.141.90 - - [22/Apr/2019:17:02:38 -0300] "GET /cormun/static/Shared/jqueryui/images/ui-bg_highlight-soft_100_c6c2c8_1x100.png HTTP/1.1" 404 1117
190.171.141.90 - - [22/Apr/2019:17:02:39 -0300] "GET /cormun/static/Shared/jqueryui/images/ui-icons_ebccce_256x240.png HTTP/1.1" 404 1089
190.171.141.90 - - [22/Apr/2019:17:02:39 -0300] "GET /cormun/static/Shared/jqueryui/images/ui-bg_flat_55_994d53_40x100.png HTTP/1.1" 404 1097
190.171.141.90 - - [22/Apr/2019:17:02:39 -0300] "GET /cormun/static/Shared/jqueryui/images/ui-icons_82798d_256x240.png HTTP/1.1" 404 1089
190.171.141.90 - - [22/Apr/2019:17:02:44 -0300] "GET /cormun/static/menuarrow.gif HTTP/1.1" 404 1015
190.171.141.90 - - [22/Apr/2019:17:02:56 -0300] "GET /cormun/servlet/solicitudot?771218aa5d656bb51ea2da2b0cff6f6e856c82bd4cc7293777b881a2601b11579b7c810994d75339eddb122ee5db61b0,gx-no-cache=1555963154875 HTTP/1.1" 200 134
190.171.141.90 - - [22/Apr/2019:17:02:56 -0300] "POST /cormun/servlet/solicitudot?gx-no-cache=1555963155187 HTTP/1.1" 200 137
192.168.10.89 - - [22/Apr/2019:17:03:07 -0300] "POST /cormun/servlet/trsolicitudgral?e14592ffdacac58d0d29c4dc7a9b23da,,gx-no-cache=1555970181722 HTTP/1.1" 200 6633
192.168.10.89 - - [22/Apr/2019:17:03:09 -0300] "GET /cormun/servlet/solicitudgral2?UPD,2019,15374, HTTP/1.1" 200 12558
192.168.10.89 - - [22/Apr/2019:17:03:10 -0300] "POST /cormun/servlet/solicitudgral2?gx-no-cache=1555970185161 HTTP/1.1" 200 4066
192.168.10.89 - - [22/Apr/2019:17:03:10 -0300] "GET /cormun/servlet/solicitudgral2?238290df35475b4343ddb1713746cd604a7cd0c80c112ca3e176434dfdc4307287203d58c3fc8dcf699744810f210d62c2b8de7a0b13a26848af7547df9d3c39360df00431d178fab0c4d70c4f96629c85e7d3a097f9a6a9ad76e7767bc44c22f72de6c306b35cddd87b5ba8d923dddd924e8bb3a4b4a1a269dd5b7055a8823ea30742b2c883a8497785d8e0f9fbab5949cf98f001e39edc2b18d7fdf02263f3a412ba8360eadc3014c5adfb591399bc00d6d983ba254dd6347380bc0b4bbd4de8766d0876da962304340cd32b8d2a8ed8e7194abc68982669d7414abebfdb197378f646f82e72507d7a15bb65704e4e4d00596526609ff2ec0d32721d9503e062618da6fec2b0b144c791c45b8d2c179a3cbad36fc15f400ba81fcd11a219b6b7cc8bd8e231adc98e92f55497b53d7495ad8029b5c679960e5b54ec26f8e18457108b6ff300643396b51df50941ce7d,gx-no-cache=1555970185344 HTTP/1.1" 200 255
192.168.10.89 - - [22/Apr/2019:17:03:10 -0300] "GET /cormun/servlet/solicitudgral2?238290df35475b4343ddb1713746cd60b4729f01adf94785ceb10b0b99080f6c15ce1031e52b10ca54505e75121516d6f6c1cfa7e862b044ff91b429ac489cbcc375232dd39d593b2cb67a5e2cfc290a8da47357d5690a2eab548dba95a34e49,gx-no-cache=1555970185361 HTTP/1.1" 200 33
192.168.10.89 - - [22/Apr/2019:17:03:10 -0300] "GET /cormun/servlet/solicitudgral2?238290df35475b4343ddb1713746cd6091e55fa6c5971797a485f09d935161951afa0397694080eb63cef499a04a75ef7394484390200ba7987c3c797bcd7669ada2ea049ac015b04a67c5e13a4776a3252e3529483b1a7e672b429b73e5583615abbcf279d1c2e3b1aa705dcfe8649d,gx-no-cache=1555970185376 HTTP/1.1" 200 41
192.168.10.89 - - [22/Apr/2019:17:03:10 -0300] "GET /cormun/servlet/solicitudgral2?238290df35475b4343ddb1713746cd6076f69a423cc97e237bdf210b4171da6b87203d58c3fc8dcf699744810f210d62c2b8de7a0b13a26848af7547df9d3c3914d56f233a5170e9a29d5831367fc7835c3a6350ddd3d6ec65a9c6756ca5da08,gx-no-cache=1555970185402 HTTP/1.1" 200 30
192.168.10.89 - - [22/Apr/2019:17:03:11 -0300] "POST /cormun/servlet/solicitudgral2?gx-no-cache=1555970185820 HTTP/1.1" 200 109
192.168.10.89 - - [22/Apr/2019:17:03:14 -0300] "POST /cormun/servlet/solicitudgral2?gx-no-cache=1555970189409 HTTP/1.1" 200 76
192.168.10.89 - - [22/Apr/2019:17:03:16 -0300] "POST /cormun/servlet/solicitudgral2?e14592ffdacac58d0d29c4dc7a9b23da,UPD,2019,15374,,gx-no-cache=1555970191106 HTTP/1.1" 200 11530
192.168.10.89 - - [22/Apr/2019:17:03:17 -0300] "GET /cormun/servlet/solicitudgral2?238290df35475b4343ddb1713746cd60134830640c54c50096fb58478e9e1e92f5cc0a1f8089ced8d4fd1088e485d594419c5a6de581e26f7019cd501691bf03f8dc49e615c752f0ff0ca428015aefce2f5a7f1491bfec74b1cb73dbe48d2c64050d443da0ab9a819b93defa5c7e25a66df99c1faa50b658c9f78da31dc1d79adc457fe299f346148f6adc23984fb0d4100ab287f6e9b8217891b1e1a6f25ba68d3896dbd28adcaaa1acf7f3570a27a9ffb7429aef007d72c57b1d0277881dee4e6e84c434fab85d1aef0d712d42bcbd,gx-no-cache=1555970192049 HTTP/1.1" 200 29
192.168.10.89 - - [22/Apr/2019:17:03:18 -0300] "GET /cormun/servlet/solicitudgral2?238290df35475b4343ddb1713746cd602c2e91be7c214f3e37d805f00a8514d7c29251406a3b6d6d0c68a68b95a3820a524b1bccc9793bb428acba9ec4a982f14f12587ba0ead621423bcdb954725bf2bdf00d7542fd31fc0f00c93d0f1dd133505f3a09a30871e104c3aebda2eafd1222e178852e68e1eb4f3bc9c3e6154bd4,gx-no-cache=1555970192809 HTTP/1.1" 200 30
192.168.10.89 - - [22/Apr/2019:17:03:19 -0300] "POST /cormun/servlet/solicitudgral2?e14592ffdacac58d0d29c4dc7a9b23da,UPD,2019,15374,,gx-no-cache=1555970193951 HTTP/1.1" 200 93
192.168.10.89 - - [22/Apr/2019:17:03:19 -0300] "GET /cormun/servlet/hpexe_return? HTTP/1.1" 200 1018
192.168.10.89 - - [22/Apr/2019:17:03:19 -0300] "GET /cormun/servlet/trsolicitudgral? HTTP/1.1" 200 9717
190.171.141.90 - - [22/Apr/2019:17:03:20 -0300] "POST /cormun/servlet/solicitudot?gx-no-cache=1555963178919 HTTP/1.1" 200 125
190.171.141.90 - - [22/Apr/2019:17:03:20 -0300] "POST /cormun/servlet/solicitudot?d14243e5ea4e7eeab0d8b15a0531b526,INS,0,0,,gx-no-cache=1555963178990 HTTP/1.1" 200 12444
192.168.10.89 - - [22/Apr/2019:17:03:23 -0300] "POST /cormun/servlet/trsolicitudgral?e14592ffdacac58d0d29c4dc7a9b23da,,gx-no-cache=1555970198413 HTTP/1.1" 200 5464
192.168.10.89 - - [22/Apr/2019:17:03:23 -0300] "GET /cormun/static/Shared/jqueryui/images/ui-icons_8d78a5_256x240.png HTTP/1.1" 404 1089
192.168.10.89 - - [22/Apr/2019:17:03:23 -0300] "GET /cormun/static/Shared/jqueryui/images/ui-bg_flat_55_fafafa_40x100.png HTTP/1.1" 404 1097
192.168.10.89 - - [22/Apr/2019:17:03:23 -0300] "GET /cormun/static/Shared/jqueryui/images/ui-bg_highlight-soft_100_c6c2c8_1x100.png HTTP/1.1" 404 1117
192.168.10.89 - - [22/Apr/2019:17:03:23 -0300] "GET /cormun/static/Shared/jqueryui/images/ui-icons_82798d_256x240.png HTTP/1.1" 404 1089
190.171.141.90 - - [22/Apr/2019:17:03:27 -0300] "GET /cormun/servlet/solicitudot?771218aa5d656bb51ea2da2b0cff6f6e856c82bd4cc7293777b881a2601b115757bc16a13698be9a0e029454be27a983,gx-no-cache=1555963185772 HTTP/1.1" 200 134
190.171.141.90 - - [22/Apr/2019:17:03:27 -0300] "POST /cormun/servlet/solicitudot?gx-no-cache=1555963185826 HTTP/1.1" 200 125
190.171.141.90 - - [22/Apr/2019:17:03:27 -0300] "POST /cormun/servlet/solicitudot?d14243e5ea4e7eeab0d8b15a0531b526,INS,0,0,,gx-no-cache=1555963185912 HTTP/1.1" 200 12507
190.171.153.26 - - [22/Apr/2019:17:03:39 -0300] "GET /cormun/servlet/hlogin HTTP/1.1" 200 1714
190.171.153.26 - - [22/Apr/2019:17:03:40 -0300] "GET /cormun/static/gxtimezone.js?85251 HTTP/1.1" 200 5781
190.171.153.26 - - [22/Apr/2019:17:03:40 -0300] "GET /cormun/static/gxcfg.js?20177612122725 HTTP/1.1" 200 953
190.171.153.26 - - [22/Apr/2019:17:03:40 -0300] "GET /cormun/static/Resources/Spanish/PXTools.css?1155365 HTTP/1.1" 200 89042
190.171.153.26 - - [22/Apr/2019:17:03:40 -0300] "GET /cormun/static/messages.spa.js?85251 HTTP/1.1" 200 30736
190.171.153.26 - - [22/Apr/2019:17:03:40 -0300] "GET /cormun/static/hlogin.js?20177612122738 HTTP/1.1" 200 2136
190.171.153.26 - - [22/Apr/2019:17:03:42 -0300] "GET /cormun/static/gxgral.js?85251 HTTP/1.1" 200 384558
190.171.153.26 - - [22/Apr/2019:17:03:42 -0300] "GET /cormun/static/Resources/ComunLogin.png HTTP/1.1" 200 17326
190.171.153.26 - - [22/Apr/2019:17:03:42 -0300] "GET /cormun/static/Resources/PXToolsButtonLeft21.png HTTP/1.1" 200 1287
190.171.153.26 - - [22/Apr/2019:17:03:42 -0300] "GET /cormun/static/Resources/PXToolsLoginTop.png HTTP/1.1" 200 1337
190.171.153.26 - - [22/Apr/2019:17:03:42 -0300] "GET /cormun/static/Resources/PXToolsLoginBackground.png HTTP/1.1" 200 1164
190.171.153.26 - - [22/Apr/2019:17:03:42 -0300] "GET /cormun/static/Resources/PXToolsButtonRight21.png HTTP/1.1" 200 1283
190.171.153.26 - - [22/Apr/2019:17:03:42 -0300] "GET /cormun/static/Resources/PXToolsButtonBackground2.png HTTP/1.1" 200 1181
190.171.153.26 - - [22/Apr/2019:17:03:42 -0300] "GET /cormun/static/Resources/PXToolsLoginBottom.png HTTP/1.1" 200 1389
190.171.153.26 - - [22/Apr/2019:17:03:43 -0300] "GET /cormun/servlet/hlogin HTTP/1.1" 200 1725
190.171.153.26 - - [22/Apr/2019:17:03:43 -0300] "GET /cormun/static/Resources/indicator.gif HTTP/1.1" 200 1553
190.171.153.26 - - [22/Apr/2019:17:03:43 -0300] "GET /cormun/static/Resources/PXToolsButtonLeft21.png HTTP/1.1" 200 1287
190.171.153.26 - - [22/Apr/2019:17:03:44 -0300] "GET /favicon.ico HTTP/1.1" 200 21630
190.171.141.90 - - [22/Apr/2019:17:03:44 -0300] "GET /cormun/servlet/solicitudot?771218aa5d656bb51ea2da2b0cff6f6ee7910f80b0d7f417a424de4f95281789e8874a6609b51220027b99bd92e275b7,gx-no-cache=1555963202731 HTTP/1.1" 200 30
190.171.141.90 - - [22/Apr/2019:17:03:44 -0300] "POST /cormun/servlet/solicitudot?gx-no-cache=1555963202756 HTTP/1.1" 200 33
190.171.141.90 - - [22/Apr/2019:17:03:44 -0300] "POST /cormun/servlet/solicitudot?d14243e5ea4e7eeab0d8b15a0531b526,INS,0,0,,gx-no-cache=1555963202821 HTTP/1.1" 200 93
190.171.141.90 - - [22/Apr/2019:17:03:44 -0300] "GET /cormun/servlet/hpexe_return? HTTP/1.1" 200 1006
190.171.141.90 - - [22/Apr/2019:17:03:45 -0300] "GET /cormun/servlet/trsolicitudot HTTP/1.1" 200 8794
190.171.141.90 - - [22/Apr/2019:17:03:45 -0300] "GET /cormun/servlet/trsolicitudot HTTP/1.1" 200 8790
190.171.141.90 - - [22/Apr/2019:17:03:47 -0300] "POST /cormun/servlet/trsolicitudot?d14243e5ea4e7eeab0d8b15a0531b526,gx-no-cache=1555963205356 HTTP/1.1" 200 4747
190.171.141.90 - - [22/Apr/2019:17:03:47 -0300] "GET /cormun/static/Shared/jqueryui/images/ui-bg_highlight-soft_100_c6c2c8_1x100.png HTTP/1.1" 404 1117
190.171.141.90 - - [22/Apr/2019:17:03:47 -0300] "GET /cormun/static/Shared/jqueryui/images/ui-icons_82798d_256x240.png HTTP/1.1" 404 1089
190.171.141.90 - - [22/Apr/2019:17:03:47 -0300] "GET /cormun/static/Shared/jqueryui/images/ui-bg_flat_55_fafafa_40x100.png HTTP/1.1" 404 1097
190.171.141.90 - - [22/Apr/2019:17:03:47 -0300] "GET /cormun/static/Shared/jqueryui/images/ui-icons_8d78a5_256x240.png HTTP/1.1" 404 1089
190.171.141.90 - - [22/Apr/2019:17:03:47 -0300] "POST /cormun/servlet/trsolicitudot?d14243e5ea4e7eeab0d8b15a0531b526,gx-no-cache=1555963205570 HTTP/1.1" 200 4527
190.171.141.90 - - [22/Apr/2019:17:03:50 -0300] "GET /cormun/servlet/trautorizarsolicitud? HTTP/1.1" 200 8685
190.171.141.90 - - [22/Apr/2019:17:03:50 -0300] "GET /cormun/servlet/trautorizarsolicitud? HTTP/1.1" 200 8685
190.171.141.90 - - [22/Apr/2019:17:03:52 -0300] "POST /cormun/servlet/trautorizarsolicitud?d14243e5ea4e7eeab0d8b15a0531b526,,gx-no-cache=1555963210703 HTTP/1.1" 200 4679
190.171.141.90 - - [22/Apr/2019:17:03:52 -0300] "GET /cormun/static/Shared/jqueryui/images/ui-bg_highlight-soft_100_c6c2c8_1x100.png HTTP/1.1" 404 1117
190.171.141.90 - - [22/Apr/2019:17:03:52 -0300] "GET /cormun/static/Shared/jqueryui/images/ui-icons_82798d_256x240.png HTTP/1.1" 404 1089
190.171.141.90 - - [22/Apr/2019:17:03:52 -0300] "GET /cormun/static/Shared/jqueryui/images/ui-bg_flat_55_fafafa_40x100.png HTTP/1.1" 404 1097
190.171.141.90 - - [22/Apr/2019:17:03:52 -0300] "GET /cormun/static/Shared/jqueryui/images/ui-icons_8d78a5_256x240.png HTTP/1.1" 404 1089
190.171.141.90 - - [22/Apr/2019:17:03:52 -0300] "POST /cormun/servlet/trautorizarsolicitud?d14243e5ea4e7eeab0d8b15a0531b526,,gx-no-cache=1555963210900 HTTP/1.1" 200 4461
192.168.10.89 - - [22/Apr/2019:17:03:54 -0300] "POST /cormun/servlet/trsolicitudgral?e14592ffdacac58d0d29c4dc7a9b23da,,gx-no-cache=1555970228781 HTTP/1.1" 200 6589
192.168.10.89 - - [22/Apr/2019:17:03:56 -0300] "GET /cormun/servlet/solicitudgral?UPD,2019,15354, HTTP/1.1" 200 12512
192.168.10.89 - - [22/Apr/2019:17:03:57 -0300] "POST /cormun/servlet/solicitudgral?gx-no-cache=1555970232179 HTTP/1.1" 200 4019
192.168.10.89 - - [22/Apr/2019:17:03:57 -0300] "GET /cormun/servlet/solicitudgral?238290df35475b4343ddb1713746cd604a7cd0c80c112ca3e176434dfdc4307287203d58c3fc8dcf699744810f210d62c2b8de7a0b13a26848af7547df9d3c39360df00431d178fab0c4d70c4f96629c85e7d3a097f9a6a9ad76e7767bc44c22f72de6c306b35cddd87b5ba8d923dddd924e8bb3a4b4a1a269dd5b7055a8823ea30742b2c883a8497785d8e0f9fbab5949cf98f001e39edc2b18d7fdf02263f3a412ba8360eadc3014c5adfb591399bc00d6d983ba254dd6347380bc0b4bbd4de8766d0876da962304340cd32b8d2a8ed8e7194abc68982669d7414abebfdb197378f646f82e72507d7a15bb65704e4e4d00596526609ff2ec0d32721d9503e062618da6fec2b0b144c791c45b8d2c179a3cbad36fc15f400ba81fcd11a219b6b7cc8bd8e231adc98e92f55497b53d7495ad8029b5c679960e5b54ec26f8e18457108b6ff300643396b51df50941ce7d,gx-no-cache=1555970232395 HTTP/1.1" 200 255
190.171.153.26 - - [22/Apr/2019:17:03:58 -0300] "POST /cormun/servlet/hlogin?84ef80a65bcfa8dd847eb8985327774e,gx-no-cache=1555963214321 HTTP/1.1" 200 90
190.171.153.26 - - [22/Apr/2019:17:03:59 -0300] "GET /cormun/servlet/hpexe_link HTTP/1.1" 200 946
190.171.153.26 - - [22/Apr/2019:17:03:59 -0300] "GET /cormun/static/gxcfg.js?20177612121792 HTTP/1.1" 200 953
190.171.153.26 - - [22/Apr/2019:17:03:59 -0300] "GET /cormun/static/hpexe_link.js?20177612121795 HTTP/1.1" 200 625
190.171.153.26 - - [22/Apr/2019:17:03:59 -0300] "GET /cormun/servlet/hhome HTTP/1.1" 200 3992
190.171.153.26 - - [22/Apr/2019:17:03:59 -0300] "GET /cormun/static/Resources/Spanish/PXTools.css?11423723 HTTP/1.1" 200 89042
190.171.153.26 - - [22/Apr/2019:17:03:59 -0300] "GET /cormun/static/SmoothNavMenu/resources/ddsmoothmenu-v.css?1012540 HTTP/1.1" 200 1188
190.171.153.26 - - [22/Apr/2019:17:03:59 -0300] "GET /cormun/static/gxcfg.js?20175251212442 HTTP/1.1" 200 953
190.171.153.26 - - [22/Apr/2019:17:03:59 -0300] "GET /cormun/static/scaMessage/css/jquery.pnotify.default.css?1716380 HTTP/1.1" 200 1707
190.171.153.26 - - [22/Apr/2019:17:03:59 -0300] "GET /cormun/static/Shared/jqueryui/jquery-ui.min.css?1245370 HTTP/1.1" 200 30288
190.171.153.26 - - [22/Apr/2019:17:03:59 -0300] "GET /cormun/static/PXToolsJavascripts/pexe_autoreload.js HTTP/1.1" 200 1762
190.171.153.26 - - [22/Apr/2019:17:03:59 -0300] "GET /cormun/static/SmoothNavMenu/resources/ddsmoothmenu.css?1012540 HTTP/1.1" 200 2223
190.171.153.26 - - [22/Apr/2019:17:03:59 -0300] "GET /cormun/static/PXToolsJavascripts/pexe_cookies.js HTTP/1.1" 200 792
190.171.153.26 - - [22/Apr/2019:17:03:59 -0300] "GET /cormun/static/PXToolsJavascripts/pexe_windows.js HTTP/1.1" 200 15207
190.171.153.26 - - [22/Apr/2019:17:03:59 -0300] "GET /cormun/static/PXToolsJavascripts/pexe_grid.js HTTP/1.1" 200 7559
190.171.153.26 - - [22/Apr/2019:17:03:59 -0300] "GET /cormun/static/PXToolsJavascripts/pexe_griddivfix.js HTTP/1.1" 200 6644
190.171.153.26 - - [22/Apr/2019:17:03:59 -0300] "GET /cormun/static/PXToolsJavascripts/pexe_link.js HTTP/1.1" 200 5671
190.171.153.26 - - [22/Apr/2019:17:03:59 -0300] "GET /cormun/static/PXToolsJavascripts/pexe_menudivfix.js HTTP/1.1" 200 333
190.171.153.26 - - [22/Apr/2019:17:03:59 -0300] "GET /cormun/static/PXToolsJavascripts/pexe_menus.js HTTP/1.1" 200 1286
190.171.153.26 - - [22/Apr/2019:17:03:59 -0300] "GET /cormun/static/PXToolsJavascripts/pexe_oav.js HTTP/1.1" 200 645
190.171.153.26 - - [22/Apr/2019:17:03:59 -0300] "GET /cormun/static/PXToolsJavascripts/pexe_oavdivfix.js HTTP/1.1" 200 639
190.171.153.26 - - [22/Apr/2019:17:03:59 -0300] "GET /cormun/static/PXToolsJavascripts/pexe_layers.js HTTP/1.1" 200 4114
190.171.153.26 - - [22/Apr/2019:17:03:59 -0300] "GET /cormun/static/PXToolsJavascripts/pexe_picture.js HTTP/1.1" 200 689
190.171.153.26 - - [22/Apr/2019:17:03:59 -0300] "GET /cormun/static/PXToolsJavascripts/pexe_popup.js HTTP/1.1" 200 13458
190.171.153.26 - - [22/Apr/2019:17:03:59 -0300] "GET /cormun/static/PXToolsJavascripts/pexe_scrolldiv.js HTTP/1.1" 200 4138
190.171.153.26 - - [22/Apr/2019:17:03:59 -0300] "GET /cormun/static/PXToolsJavascripts/pexe_tabdivfix.js HTTP/1.1" 200 876
190.171.153.26 - - [22/Apr/2019:17:03:59 -0300] "GET /cormun/static/PXToolsJavascripts/pexe_tabs.js HTTP/1.1" 200 3748
190.171.153.26 - - [22/Apr/2019:17:03:59 -0300] "GET /cormun/static/PXToolsJavascripts/pexe_upload.js HTTP/1.1" 200 1423
190.171.153.26 - - [22/Apr/2019:17:03:59 -0300] "GET /cormun/static/PXToolsJavascripts/PXToolsJavascriptsRender.js HTTP/1.1" 200 367
190.171.153.26 - - [22/Apr/2019:17:03:59 -0300] "GET /cormun/static/RunJS/RunJS.js HTTP/1.1" 200 288
190.171.153.26 - - [22/Apr/2019:17:04:00 -0300] "GET /cormun/static/Shared/ext/locale/ext-lang-en.js HTTP/1.1" 200 10940
190.171.153.26 - - [22/Apr/2019:17:04:00 -0300] "GET /cormun/static/hhome.js?20175251212450 HTTP/1.1" 200 777
190.171.153.26 - - [22/Apr/2019:17:04:00 -0300] "GET /cormun/static/hwchdr01.js?201752511465785 HTTP/1.1" 200 1183
190.171.153.26 - - [22/Apr/2019:17:04:00 -0300] "GET /cormun/static/hpexe_recentlink.js?20177611595044 HTTP/1.1" 200 2144
190.171.153.26 - - [22/Apr/2019:17:04:00 -0300] "GET /cormun/static/hpexe_scripts.js?201752511465715 HTTP/1.1" 200 1544
190.171.153.26 - - [22/Apr/2019:17:04:00 -0300] "GET /cormun/static/hpexe_messagecontroller.js?20177611595012 HTTP/1.1" 200 870
190.171.153.26 - - [22/Apr/2019:17:04:00 -0300] "GET /cormun/static/gxui/gxui-all.js HTTP/1.1" 200 107772
190.171.153.26 - - [22/Apr/2019:17:04:00 -0300] "GET /cormun/static/hpexe_messagegenexuscomponent.js?201752511465344 HTTP/1.1" 200 587
190.171.153.26 - - [22/Apr/2019:17:04:00 -0300] "GET /cormun/static/hpexe_messagepopupcomponent.js?20161017169425 HTTP/1.1" 200 605
190.171.153.26 - - [22/Apr/2019:17:04:00 -0300] "GET /cormun/static/Shared/jquery/jquery-1.4.2.min.js HTTP/1.1" 200 72174
190.171.153.26 - - [22/Apr/2019:17:04:00 -0300] "GET /cormun/static/cmcontrolpreferences.js?201752511465670 HTTP/1.1" 200 1375
190.171.153.26 - - [22/Apr/2019:17:04:00 -0300] "GET /cormun/static/SmoothNavMenu/resources/ddsmoothmenu.js HTTP/1.1" 200 12712
190.171.153.26 - - [22/Apr/2019:17:04:00 -0300] "GET /cormun/static/SmoothNavMenu/resources/SmoothNavMenuRender.js HTTP/1.1" 200 5951
190.171.153.26 - - [22/Apr/2019:17:04:00 -0300] "GET /cormun/static/scaMessage/js/jquery.pnotify.min.js HTTP/1.1" 200 13038
190.171.153.26 - - [22/Apr/2019:17:04:00 -0300] "GET /cormun/static/scaMessage/scaMessageRender.js HTTP/1.1" 200 11977
190.171.153.26 - - [22/Apr/2019:17:04:00 -0300] "GET /cormun/static/hmpwkw03.js?20189613443875 HTTP/1.1" 200 3965
190.171.153.26 - - [22/Apr/2019:17:04:00 -0300] "GET /cormun/static/Resources/logo4.png HTTP/1.1" 200 6582
190.171.153.26 - - [22/Apr/2019:17:04:00 -0300] "GET /cormun/static/Resources/PXToolsHeaderActionsLeft.png HTTP/1.1" 200 1118
190.171.153.26 - - [22/Apr/2019:17:04:00 -0300] "GET /cormun/static/Shared/jquery/jquery-1.10.2.min.js HTTP/1.1" 200 273199
190.171.153.26 - - [22/Apr/2019:17:04:00 -0300] "GET /cormun/static/Resources/PXToolsHeaderHome.png HTTP/1.1" 200 4147
190.171.153.26 - - [22/Apr/2019:17:04:01 -0300] "GET /cormun/static/Resources/PXToolsHeaderLogin.png HTTP/1.1" 200 4279
190.171.153.26 - - [22/Apr/2019:17:04:01 -0300] "GET /cormun/static/Shared/ext/ext-all.js HTTP/1.1" 200 1289687
190.171.153.26 - - [22/Apr/2019:17:04:01 -0300] "GET /cormun/static/Resources/PXToolsHeaderPreferences.png HTTP/1.1" 200 4189
190.171.153.26 - - [22/Apr/2019:17:04:01 -0300] "GET /cormun/static/Resources/PXToolsHeaderSecurity.png HTTP/1.1" 200 4166
190.171.153.26 - - [22/Apr/2019:17:04:01 -0300] "GET /cormun/static/Resources/PXToolsHeaderActionsRight.png HTTP/1.1" 200 1201
190.171.153.26 - - [22/Apr/2019:17:04:01 -0300] "GET /cormun/static/Resources/PXToolsFooterBackground2.png HTTP/1.1" 200 1172
190.171.153.26 - - [22/Apr/2019:17:04:01 -0300] "GET /cormun/static/Resources/PXToolsHeaderBackground2.png HTTP/1.1" 200 1174
190.171.153.26 - - [22/Apr/2019:17:04:01 -0300] "GET /cormun/static/Resources/PXToolsHeaderActionsBackground.png HTTP/1.1" 200 484
190.171.153.26 - - [22/Apr/2019:17:04:01 -0300] "GET /cormun/static/Resources/PXToolsDataTitle.png HTTP/1.1" 200 1173
190.171.153.26 - - [22/Apr/2019:17:04:01 -0300] "GET /cormun/static/Shared/jqueryui/jquery-ui.min.js HTTP/1.1" 200 240427
190.171.153.26 - - [22/Apr/2019:17:04:01 -0300] "GET /cormun/servlet/hhome HTTP/1.1" 200 3989
190.171.153.26 - - [22/Apr/2019:17:04:01 -0300] "GET /cormun/static/SmoothNavMenu/resources/images/down.gif HTTP/1.1" 200 854
192.168.10.89 - - [22/Apr/2019:17:04:02 -0300] "GET /cormun/servlet/solicitudgral?238290df35475b4343ddb1713746cd6076f69a423cc97e237bdf210b4171da6b87203d58c3fc8dcf699744810f210d62c2b8de7a0b13a26848af7547df9d3c3914d56f233a5170e9a29d5831367fc7835c3a6350ddd3d6ec65a9c6756ca5da08,gx-no-cache=1555970237151 HTTP/1.1" 200 30
192.168.10.89 - - [22/Apr/2019:17:04:02 -0300] "POST /cormun/servlet/solicitudgral?gx-no-cache=1555970237537 HTTP/1.1" 200 97
190.171.141.90 - - [22/Apr/2019:17:04:04 -0300] "GET /cormun/servlet/trsolicitudot? HTTP/1.1" 200 7445
190.171.141.90 - - [22/Apr/2019:17:04:04 -0300] "GET /cormun/servlet/trsolicitudot? HTTP/1.1" 200 7445
157.55.39.190 - - [22/Apr/2019:17:04:06 -0300] "GET /cormun/servlet/trsolicitudot?_escaped_fragment_= HTTP/1.1" 200 6389
190.171.141.90 - - [22/Apr/2019:17:04:06 -0300] "GET /cormun/servlet/solicitudot?INS,0,0, HTTP/1.1" 200 15196
192.168.10.89 - - [22/Apr/2019:17:04:06 -0300] "POST /cormun/servlet/solicitudgral?gx-no-cache=1555970241198 HTTP/1.1" 200 69
190.171.141.90 - - [22/Apr/2019:17:04:07 -0300] "GET /cormun/servlet/solicitudot?INS,0,0, HTTP/1.1" 200 15201
192.168.10.89 - - [22/Apr/2019:17:04:07 -0300] "GET /cormun/servlet/solicitudgral?238290df35475b4343ddb1713746cd607fac1f9a215bceb403de9ef534111fbbcacab0186e364277422ddcc865b43c6562618da6fec2b0b144c791c45b8d2c170b7dfef86198e2cc81a5d6faccdf4ceee3a740d5cdc25dfc8d6156b38ff64925f9d8d84761a736ffb80ed0fe310b099d,gx-no-cache=1555970242385 HTTP/1.1" 200 49
192.168.10.89 - - [22/Apr/2019:17:04:08 -0300] "POST /cormun/servlet/solicitudgral?e14592ffdacac58d0d29c4dc7a9b23da,UPD,2019,15354,,gx-no-cache=1555970242833 HTTP/1.1" 200 11444
190.171.153.26 - - [22/Apr/2019:17:04:08 -0300] "GET /cormun/servlet/trpermisosgoce? HTTP/1.1" 200 8332
190.171.153.26 - - [22/Apr/2019:17:04:08 -0300] "GET /cormun/static/calendar-system.css?75620 HTTP/1.1" 200 5572
190.171.153.26 - - [22/Apr/2019:17:04:08 -0300] "GET /cormun/static/gxcfg.js?20177612163875 HTTP/1.1" 200 953
190.171.153.26 - - [22/Apr/2019:17:04:08 -0300] "GET /cormun/static/calendar.js?85251 HTTP/1.1" 200 26246
190.171.153.26 - - [22/Apr/2019:17:04:08 -0300] "GET /cormun/static/calendar-setup.js?85251 HTTP/1.1" 200 2588
190.171.153.26 - - [22/Apr/2019:17:04:08 -0300] "GET /cormun/static/calendar-es.js?85251 HTTP/1.1" 200 1901
190.171.153.26 - - [22/Apr/2019:17:04:08 -0300] "GET /cormun/static/gxdec.js?85251 HTTP/1.1" 200 19579
190.171.153.26 - - [22/Apr/2019:17:04:08 -0300] "GET /cormun/static/trpermisosgoce.js?20177612164335 HTTP/1.1" 200 35904
190.171.153.26 - - [22/Apr/2019:17:04:08 -0300] "GET /cormun/static/gxui/gxui-all.css?110300 HTTP/1.1" 200 2179
192.168.10.89 - - [22/Apr/2019:17:04:08 -0300] "GET /cormun/servlet/solicitudgral?238290df35475b4343ddb1713746cd60134830640c54c50096fb58478e9e1e92f5cc0a1f8089ced8d4fd1088e485d594419c5a6de581e26f7019cd501691bf03b05849dc3b9bdbfbe9152ccf316070eb2f5a7f1491bfec74b1cb73dbe48d2c6457c2dbfd9e356516d81ea9468f1ae6baa71a35b3bfda880f5d0c4f812568d766cb29c04957dcb5da4ec163104b86e2bde78d598e910d889bd2e9b9afee6d06108d3896dbd28adcaaa1acf7f3570a27a9ffb7429aef007d72c57b1d0277881dee4e6e84c434fab85d1aef0d712d42bcbd,gx-no-cache=1555970243667 HTTP/1.1" 200 29
190.171.153.26 - - [22/Apr/2019:17:04:08 -0300] "GET /cormun/static/Shared/ext/resources/css/ext-all.css?205870 HTTP/1.1" 200 416045
190.171.153.26 - - [22/Apr/2019:17:04:09 -0300] "GET /cormun/static/Resources/PXToolsGridNew.png HTTP/1.1" 200 2949
190.171.153.26 - - [22/Apr/2019:17:04:09 -0300] "GET /cormun/static/Resources/PXTools/calendar.png HTTP/1.1" 200 1306
190.171.141.90 - - [22/Apr/2019:17:04:09 -0300] "GET /cormun/servlet/prfichaempleado?,MD,,gxPopupLevel%3D0%3B HTTP/1.1" 200 9305
190.171.153.26 - - [22/Apr/2019:17:04:09 -0300] "GET /cormun/static/Resources/PXToolsDataSearch.png HTTP/1.1" 200 419
190.171.153.26 - - [22/Apr/2019:17:04:09 -0300] "GET /cormun/static/Resources/PXToolsGridFirstDisabled.gif HTTP/1.1" 200 100
190.171.153.26 - - [22/Apr/2019:17:04:09 -0300] "GET /cormun/static/Resources/PXToolsGridPreviousDisabled.gif HTTP/1.1" 200 90
190.171.153.26 - - [22/Apr/2019:17:04:09 -0300] "GET /cormun/static/Resources/PXToolsGridLastDisabled.gif HTTP/1.1" 200 98
190.171.153.26 - - [22/Apr/2019:17:04:09 -0300] "GET /cormun/static/Resources/PXToolsGridNextDisabled.gif HTTP/1.1" 200 90
190.171.153.26 - - [22/Apr/2019:17:04:09 -0300] "GET /cormun/static/Resources/PXToolsGridPage.gif HTTP/1.1" 200 725
190.171.153.26 - - [22/Apr/2019:17:04:09 -0300] "GET /cormun/static/Resources/PXToolsActionExcel.png HTTP/1.1" 200 3187
190.171.153.26 - - [22/Apr/2019:17:04:09 -0300] "GET /cormun/static/Resources/desc.gif HTTP/1.1" 200 65
190.171.153.26 - - [22/Apr/2019:17:04:09 -0300] "GET /cormun/static/Resources/asc.gif HTTP/1.1" 200 67
190.171.153.26 - - [22/Apr/2019:17:04:09 -0300] "GET /cormun//static/Resources/PXToolsActionDisabled.gif HTTP/1.1" 200 53
190.171.153.26 - - [22/Apr/2019:17:04:09 -0300] "GET /cormun//static/Resources/PXToolsGridDelete.png HTTP/1.1" 200 357
190.171.153.26 - - [22/Apr/2019:17:04:09 -0300] "GET /cormun//static/Resources/PXToolsGridDisplay.png HTTP/1.1" 200 362
190.171.153.26 - - [22/Apr/2019:17:04:09 -0300] "GET /cormun//static/Resources/PXToolsHeaderFavorites.png HTTP/1.1" 200 2744
190.171.153.26 - - [22/Apr/2019:17:04:09 -0300] "GET /cormun//static/Resources/PXTools/ActionInsert.png HTTP/1.1" 200 1482
190.171.153.26 - - [22/Apr/2019:17:04:09 -0300] "GET /cormun//static/Resources/PXToolsHeaderHelp.png HTTP/1.1" 200 4055
190.171.153.26 - - [22/Apr/2019:17:04:09 -0300] "GET /cormun//static/Resources/PXToolsActionPrint.png HTTP/1.1" 200 3317
190.171.153.26 - - [22/Apr/2019:17:04:09 -0300] "GET /cormun/servlet/trpermisosgoce? HTTP/1.1" 200 8323
190.171.153.26 - - [22/Apr/2019:17:04:10 -0300] "GET /cormun/static/Shared/ext/resources/themes/images/default/panel/bg-headersPanel.png HTTP/1.1" 200 255
190.171.153.26 - - [22/Apr/2019:17:04:10 -0300] "GET /cormun/static/Shared/ext/resources/themes/images/default/tools/tool-sprites.gif HTTP/1.1" 200 5434
192.168.10.89 - - [22/Apr/2019:17:04:10 -0300] "POST /cormun/servlet/solicitudgral?e14592ffdacac58d0d29c4dc7a9b23da,UPD,2019,15354,,gx-no-cache=1555970245390 HTTP/1.1" 200 93
192.168.10.89 - - [22/Apr/2019:17:04:10 -0300] "GET /cormun/servlet/hpexe_return? HTTP/1.1" 200 1016
192.168.10.89 - - [22/Apr/2019:17:04:11 -0300] "GET /cormun/servlet/trsolicitudgral? HTTP/1.1" 200 9670
190.171.141.90 - - [22/Apr/2019:17:04:14 -0300] "POST /cormun/servlet/prfichaempleado?d14243e5ea4e7eeab0d8b15a0531b526,,MD,,gxPopupLevel%3D0%3B,gx-no-cache=1555963232647 HTTP/1.1" 200 6277
192.168.10.89 - - [22/Apr/2019:17:04:14 -0300] "POST /cormun/servlet/trsolicitudgral?e14592ffdacac58d0d29c4dc7a9b23da,,gx-no-cache=1555970249127 HTTP/1.1" 200 5449
190.171.141.90 - - [22/Apr/2019:17:04:14 -0300] "GET /cormun/static/Resources/PXToolsGridNext.gif HTTP/1.1" 200 369
190.171.141.90 - - [22/Apr/2019:17:04:14 -0300] "GET /cormun/static/Resources/PXToolsGridLast.gif HTTP/1.1" 200 370
192.168.10.89 - - [22/Apr/2019:17:04:14 -0300] "GET /cormun/static/Shared/jqueryui/images/ui-icons_8d78a5_256x240.png HTTP/1.1" 404 1089
192.168.10.89 - - [22/Apr/2019:17:04:14 -0300] "GET /cormun/static/Shared/jqueryui/images/ui-icons_82798d_256x240.png HTTP/1.1" 404 1089
192.168.10.89 - - [22/Apr/2019:17:04:14 -0300] "GET /cormun/static/Shared/jqueryui/images/ui-bg_highlight-soft_100_c6c2c8_1x100.png HTTP/1.1" 404 1117
192.168.10.89 - - [22/Apr/2019:17:04:14 -0300] "GET /cormun/static/Shared/jqueryui/images/ui-bg_flat_55_fafafa_40x100.png HTTP/1.1" 404 1097
190.171.141.90 - - [22/Apr/2019:17:04:28 -0300] "POST /cormun/servlet/solicitudot?gx-no-cache=1555963246299 HTTP/1.1" 200 3563
190.171.141.90 - - [22/Apr/2019:17:04:28 -0300] "POST /cormun/servlet/solicitudot?d14243e5ea4e7eeab0d8b15a0531b526,INS,0,0,,gx-no-cache=1555963246744 HTTP/1.1" 200 12014
190.171.153.26 - - [22/Apr/2019:17:04:31 -0300] "GET /cormun/static/menuarrow.gif HTTP/1.1" 404 1015
190.171.141.90 - - [22/Apr/2019:17:04:37 -0300] "GET /cormun/servlet/solicitudot?771218aa5d656bb51ea2da2b0cff6f6eabc0eb5fab45cc09e52b0afa66f4045ea222972ad0f29eb51e62fd4ed63c049a,gx-no-cache=1555963255999 HTTP/1.1" 200 30
190.171.141.90 - - [22/Apr/2019:17:04:37 -0300] "GET /cormun/servlet/solicitudot?771218aa5d656bb51ea2da2b0cff6f6e1df76517ed496aa3a4f2630fe6f6ad751cc612e0db9ad51cbce99089f7ef880e31da806b5633b978b3095bb18a221e58,gx-no-cache=1555963256059 HTTP/1.1" 200 30
190.171.141.90 - - [22/Apr/2019:17:04:37 -0300] "GET /cormun/servlet/solicitudot?771218aa5d656bb51ea2da2b0cff6f6e7ea47ea8726a124b0dbbbace2d3d2829,gx-no-cache=1555963256111 HTTP/1.1" 200 53
190.171.141.90 - - [22/Apr/2019:17:04:37 -0300] "POST /cormun/servlet/solicitudot?gx-no-cache=1555963256146 HTTP/1.1" 200 256
190.171.141.90 - - [22/Apr/2019:17:04:37 -0300] "GET /cormun/servlet/solicitudot?771218aa5d656bb51ea2da2b0cff6f6e0c24163826dc7053f04412eaf0331fee411a3bcadbe76047df76b851a01e2c7bf0af2cc0acced8f0e3edf3367c84d03b0e316fff7d2e2b638cfef31270203d3010a6009c897aca760e7120638e774612a7555360ec2f96dbb97056868479aed15503b35f98eaf5332168215d9f4d0919ea2df6b443c3715788c2edb96883b424fdb19175faa9e6cc089771c762465d9cf9dbef4b6664c022cd1c589ac7d1ee99d4106e338aefcb8548ae1277817d3974f463c1a3ba21c4dc5b1e873d780ac35505033f0fd707fa6bf9d90371e67afb5126af7dd243d3890cb448fab40539cd7ff70c07d9cac4fc9a56b593ad33f382805b47e7b3b199f0369b8145eca1aa5d7767833cf2fa7ee8ededd11a6c3dbb6f882732aa1e7af4d8a66696b4842f637ed35feeda535140c2c329b2bd82ce87ac94504f1ed0a1763ca13cfdd1ce58f4329417d4a8a8573c403958d506754d0fff2d7ede4d516f7eeef522dae96d27dd7b4a1fdfb381f62203720646c780dda85f8c,gx-no-cache=1555963256213 HTTP/1.1" 200 30
190.171.141.90 - - [22/Apr/2019:17:04:38 -0300] "POST /cormun/servlet/solicitudot?gx-no-cache=1555963256272 HTTP/1.1" 200 30
190.171.141.90 - - [22/Apr/2019:17:04:38 -0300] "POST /cormun/servlet/solicitudot?gx-no-cache=1555963256611 HTTP/1.1" 200 1343
190.171.141.90 - - [22/Apr/2019:17:04:38 -0300] "POST /cormun/servlet/solicitudot?gx-no-cache=1555963256661 HTTP/1.1" 200 38
190.171.141.90 - - [22/Apr/2019:17:04:38 -0300] "GET /cormun/servlet/solicitudot?771218aa5d656bb51ea2da2b0cff6f6e4117daa1404914915ae3b421ac50b20dd6b934ba1cf5b1dd11c7ccf0aa78f531ae44c65faaf5fd6a229081f36e75854149fc84dab460539e2829c64c5c3e776fc21f1e7f8a38b03333e3a5acaf64244b27230e6293b17366b8fa21ade9860d93,gx-no-cache=1555963256686 HTTP/1.1" 200 110
190.171.141.90 - - [22/Apr/2019:17:04:38 -0300] "POST /cormun/servlet/solicitudot?gx-no-cache=1555963256719 HTTP/1.1" 200 72
192.168.10.89 - - [22/Apr/2019:17:04:40 -0300] "GET /cormun/servlet/trautorizarot? HTTP/1.1" 200 10338
190.171.141.90 - - [22/Apr/2019:17:04:44 -0300] "POST /cormun/servlet/solicitudot?gx-no-cache=1555963263109 HTTP/1.1" 200 30
190.171.141.90 - - [22/Apr/2019:17:04:47 -0300] "POST /cormun/servlet/solicitudot?gx-no-cache=1555963266227 HTTP/1.1" 200 30
190.171.141.90 - - [22/Apr/2019:17:04:48 -0300] "GET /cormun/servlet/prcontratosol?19020743,,,,,MD,,gxPopupLevel%3D0%3B HTTP/1.1" 200 8531
192.168.10.89 - - [22/Apr/2019:17:04:48 -0300] "POST /cormun/servlet/trautorizarot?e14592ffdacac58d0d29c4dc7a9b23da,,gx-no-cache=1555970283578 HTTP/1.1" 200 5338
190.171.141.90 - - [22/Apr/2019:17:04:51 -0300] "POST /cormun/servlet/solicitudot?gx-no-cache=1555963270088 HTTP/1.1" 200 1343
190.171.141.90 - - [22/Apr/2019:17:04:51 -0300] "POST /cormun/servlet/solicitudot?gx-no-cache=1555963270213 HTTP/1.1" 200 38
190.171.141.90 - - [22/Apr/2019:17:04:52 -0300] "GET /cormun/servlet/solicitudot?771218aa5d656bb51ea2da2b0cff6f6e4117daa1404914915ae3b421ac50b20dd6b934ba1cf5b1dd11c7ccf0aa78f531ae44c65faaf5fd6a229081f36e75854149fc84dab460539e2829c64c5c3e776fc21f1e7f8a38b03333e3a5acaf64244b27230e6293b17366b8fa21ade9860d93,gx-no-cache=1555963270331 HTTP/1.1" 200 110
190.171.141.90 - - [22/Apr/2019:17:04:52 -0300] "POST /cormun/servlet/solicitudot?gx-no-cache=1555963270444 HTTP/1.1" 200 67
190.171.141.90 - - [22/Apr/2019:17:04:52 -0300] "GET /cormun/servlet/solicitudot?771218aa5d656bb51ea2da2b0cff6f6eaaf636163fea1beb9a422253c0bda543e8c50628b81d9ece0c450a85153ede5b1ebdd09b62f73c3ee47a20350dba51cca7e281348c2c1a8acd7bd9a216d2e63cf79ec102b622d13e91139a413243fe3e7da2d08956e9fdbcd307ea5a0357b26f,gx-no-cache=1555963270554 HTTP/1.1" 200 29
190.171.141.90 - - [22/Apr/2019:17:04:52 -0300] "GET /cormun/servlet/solicitudot?771218aa5d656bb51ea2da2b0cff6f6e99b11fe5fc074721e73b72fa343c6d83771ab1e76dac0033528cbe169ad97f90,gx-no-cache=1555963270631 HTTP/1.1" 200 134
190.171.141.90 - - [22/Apr/2019:17:04:52 -0300] "GET /cormun/static/Shared/jqueryui/images/ui-bg_flat_55_994d53_40x100.png HTTP/1.1" 404 1097
190.171.141.90 - - [22/Apr/2019:17:04:52 -0300] "GET /cormun/static/Shared/jqueryui/images/ui-icons_ebccce_256x240.png HTTP/1.1" 404 1089
190.171.141.90 - - [22/Apr/2019:17:04:59 -0300] "GET /cormun/static/menuarrow.gif HTTP/1.1" 404 1015
192.168.10.89 - - [22/Apr/2019:17:05:08 -0300] "GET /cormun/servlet/trsolicitudgral? HTTP/1.1" 200 8359
192.168.10.96 - - [22/Apr/2019:17:05:16 -0300] "GET /cormun/servlet/trsolicitudgral? HTTP/1.1" 500 10
192.168.10.89 - - [22/Apr/2019:17:05:17 -0300] "POST /cormun/servlet/trsolicitudgral?e14592ffdacac58d0d29c4dc7a9b23da,,gx-no-cache=1555970312243 HTTP/1.1" 200 6606
192.168.10.96 - - [22/Apr/2019:17:05:19 -0300] "GET /cormun/servlet/hlogin HTTP/1.1" 200 1718
192.168.10.89 - - [22/Apr/2019:17:05:23 -0300] "POST /cormun/servlet/trsolicitudgral?e14592ffdacac58d0d29c4dc7a9b23da,,gx-no-cache=1555970318271 HTTP/1.1" 200 5455
192.168.10.89 - - [22/Apr/2019:17:05:23 -0300] "GET /cormun/static/Shared/jqueryui/images/ui-icons_8d78a5_256x240.png HTTP/1.1" 404 1089
192.168.10.89 - - [22/Apr/2019:17:05:23 -0300] "GET /cormun/static/Shared/jqueryui/images/ui-icons_82798d_256x240.png HTTP/1.1" 404 1089
192.168.10.89 - - [22/Apr/2019:17:05:23 -0300] "GET /cormun/static/Shared/jqueryui/images/ui-bg_flat_55_fafafa_40x100.png HTTP/1.1" 404 1097
192.168.10.89 - - [22/Apr/2019:17:05:23 -0300] "GET /cormun/static/Shared/jqueryui/images/ui-bg_highlight-soft_100_c6c2c8_1x100.png HTTP/1.1" 404 1117
192.168.10.96 - - [22/Apr/2019:17:05:25 -0300] "POST /cormun/servlet/hlogin?d25204b03f4d8f1f7c0d5db1be00b9b7,gx-no-cache=1555970320667 HTTP/1.1" 200 90
192.168.10.96 - - [22/Apr/2019:17:05:25 -0300] "GET /cormun/servlet/hpexe_link HTTP/1.1" 200 950
192.168.10.96 - - [22/Apr/2019:17:05:26 -0300] "GET /cormun/servlet/hhome HTTP/1.1" 200 4772
192.168.10.96 - - [22/Apr/2019:17:05:26 -0300] "GET /cormun/servlet/hhome HTTP/1.1" 200 4768
192.168.10.96 - - [22/Apr/2019:17:05:29 -0300] "GET /cormun/servlet/trsolicitudgral? HTTP/1.1" 200 28941
192.168.10.96 - - [22/Apr/2019:17:05:30 -0300] "GET /cormun/servlet/trsolicitudgral? HTTP/1.1" 200 28938
192.168.10.89 - - [22/Apr/2019:17:05:31 -0300] "POST /cormun/servlet/trsolicitudgral?e14592ffdacac58d0d29c4dc7a9b23da,,gx-no-cache=1555970325920 HTTP/1.1" 200 6667
192.168.10.89 - - [22/Apr/2019:17:05:33 -0300] "POST /cormun/servlet/trsolicitudgral?e14592ffdacac58d0d29c4dc7a9b23da,,gx-no-cache=1555970328414 HTTP/1.1" 200 5494
192.168.10.96 - - [22/Apr/2019:17:05:42 -0300] "POST /cormun/servlet/trsolicitudgral?d25204b03f4d8f1f7c0d5db1be00b9b7,,gx-no-cache=1555970337017 HTTP/1.1" 200 5954
190.171.141.90 - - [22/Apr/2019:17:05:44 -0300] "GET /cormun/servlet/solicitudot?771218aa5d656bb51ea2da2b0cff6f6ee7910f80b0d7f417a424de4f952817891292a778526a7919ad5bf01be5e0febb,gx-no-cache=1555963322693 HTTP/1.1" 200 30
190.171.141.90 - - [22/Apr/2019:17:05:44 -0300] "POST /cormun/servlet/solicitudot?gx-no-cache=1555963323043 HTTP/1.1" 200 33
190.171.141.90 - - [22/Apr/2019:17:05:46 -0300] "POST /cormun/servlet/solicitudot?d14243e5ea4e7eeab0d8b15a0531b526,INS,0,0,,gx-no-cache=1555963325033 HTTP/1.1" 200 93
190.171.141.90 - - [22/Apr/2019:17:05:46 -0300] "GET /cormun/servlet/hpexe_return? HTTP/1.1" 200 1006
190.171.141.90 - - [22/Apr/2019:17:05:47 -0300] "GET /cormun/servlet/trsolicitudot HTTP/1.1" 200 8799
190.171.141.90 - - [22/Apr/2019:17:05:47 -0300] "GET /cormun/servlet/trsolicitudot HTTP/1.1" 200 8792
192.168.10.89 - - [22/Apr/2019:17:05:48 -0300] "POST /cormun/servlet/trsolicitudgral?e14592ffdacac58d0d29c4dc7a9b23da,,gx-no-cache=1555970343120 HTTP/1.1" 200 5273
190.171.141.90 - - [22/Apr/2019:17:05:49 -0300] "POST /cormun/servlet/trsolicitudot?d14243e5ea4e7eeab0d8b15a0531b526,gx-no-cache=1555963327539 HTTP/1.1" 200 4744
192.168.10.96 - - [22/Apr/2019:17:05:49 -0300] "POST /cormun/servlet/trsolicitudgral?d25204b03f4d8f1f7c0d5db1be00b9b7,,gx-no-cache=1555970344395 HTTP/1.1" 200 7719
190.171.141.90 - - [22/Apr/2019:17:05:49 -0300] "GET /cormun/static/Shared/jqueryui/images/ui-bg_highlight-soft_100_c6c2c8_1x100.png HTTP/1.1" 404 1117
190.171.141.90 - - [22/Apr/2019:17:05:49 -0300] "GET /cormun/static/Shared/jqueryui/images/ui-icons_82798d_256x240.png HTTP/1.1" 404 1089
190.171.141.90 - - [22/Apr/2019:17:05:49 -0300] "GET /cormun/static/Shared/jqueryui/images/ui-icons_8d78a5_256x240.png HTTP/1.1" 404 1089
190.171.141.90 - - [22/Apr/2019:17:05:49 -0300] "GET /cormun/static/Shared/jqueryui/images/ui-bg_flat_55_fafafa_40x100.png HTTP/1.1" 404 1097
190.171.141.90 - - [22/Apr/2019:17:05:49 -0300] "POST /cormun/servlet/trsolicitudot?d14243e5ea4e7eeab0d8b15a0531b526,gx-no-cache=1555963328132 HTTP/1.1" 200 4527
190.171.141.90 - - [22/Apr/2019:17:05:51 -0300] "GET /cormun/servlet/trsolicitudot? HTTP/1.1" 200 7445
190.171.141.90 - - [22/Apr/2019:17:05:52 -0300] "GET /cormun/servlet/trsolicitudot? HTTP/1.1" 200 7445
192.168.10.96 - - [22/Apr/2019:17:05:54 -0300] "GET /cormun/servlet/vesolicitudgral?2019,15211,, HTTP/1.1" 200 9356
192.168.10.96 - - [22/Apr/2019:17:05:54 -0300] "GET /cormun/pexe_scrolldiv.js HTTP/1.1" 404 1009
192.168.10.96 - - [22/Apr/2019:17:05:54 -0300] "GET /cormun/pexe_scrolldiv.js HTTP/1.1" 404 1009
192.168.10.89 - - [22/Apr/2019:17:05:54 -0300] "POST /cormun/servlet/trsolicitudgral?e14592ffdacac58d0d29c4dc7a9b23da,,gx-no-cache=1555970349438 HTTP/1.1" 200 10652
192.168.10.96 - - [22/Apr/2019:17:05:54 -0300] "GET /cormun/servlet/vesolicitudgral?2019,15211,, HTTP/1.1" 200 9355
190.171.141.90 - - [22/Apr/2019:17:05:55 -0300] "GET /cormun/servlet/trautorizarsolicitud? HTTP/1.1" 200 8690
190.171.141.90 - - [22/Apr/2019:17:05:55 -0300] "GET /cormun/servlet/trautorizarsolicitud? HTTP/1.1" 200 8690
192.168.10.96 - - [22/Apr/2019:17:05:57 -0300] "GET /cormun/servlet/vesolicitudgral?2019,15211,,SolicitudOTAdjuntos HTTP/1.1" 200 11820
192.168.10.96 - - [22/Apr/2019:17:05:57 -0300] "GET /cormun/pexe_scrolldiv.js HTTP/1.1" 404 1009
192.168.10.96 - - [22/Apr/2019:17:05:57 -0300] "GET /cormun/pexe_scrolldiv.js HTTP/1.1" 404 1009
190.171.141.90 - - [22/Apr/2019:17:05:58 -0300] "POST /cormun/servlet/trautorizarsolicitud?d14243e5ea4e7eeab0d8b15a0531b526,,gx-no-cache=1555963336207 HTTP/1.1" 200 4676
190.171.141.90 - - [22/Apr/2019:17:05:58 -0300] "GET /cormun/static/Shared/jqueryui/images/ui-bg_highlight-soft_100_c6c2c8_1x100.png HTTP/1.1" 404 1117
190.171.141.90 - - [22/Apr/2019:17:05:58 -0300] "GET /cormun/static/Shared/jqueryui/images/ui-icons_82798d_256x240.png HTTP/1.1" 404 1089
190.171.141.90 - - [22/Apr/2019:17:05:58 -0300] "GET /cormun/static/Shared/jqueryui/images/ui-bg_flat_55_fafafa_40x100.png HTTP/1.1" 404 1097
190.171.141.90 - - [22/Apr/2019:17:05:58 -0300] "GET /cormun/static/Shared/jqueryui/images/ui-icons_8d78a5_256x240.png HTTP/1.1" 404 1089
192.168.10.96 - - [22/Apr/2019:17:05:58 -0300] "GET /cormun/servlet/vesolicitudgral?2019,15211,,SolicitudOTAdjuntos HTTP/1.1" 200 11819
190.171.141.90 - - [22/Apr/2019:17:05:58 -0300] "POST /cormun/servlet/trautorizarsolicitud?d14243e5ea4e7eeab0d8b15a0531b526,,gx-no-cache=1555963336481 HTTP/1.1" 200 4462
192.168.10.96 - - [22/Apr/2019:17:05:58 -0300] "POST /cormun/servlet/acontrolpreferencessavestate?None,DZAMUDIO,true HTTP/1.1" 200 35
190.171.141.90 - - [22/Apr/2019:17:06:07 -0300] "GET /cormun/servlet/trsolicitudot? HTTP/1.1" 200 7445
190.171.141.90 - - [22/Apr/2019:17:06:07 -0300] "GET /cormun/servlet/trsolicitudot? HTTP/1.1" 200 7445
190.171.141.90 - - [22/Apr/2019:17:06:08 -0300] "GET /cormun/servlet/solicitudot?INS,0,0, HTTP/1.1" 200 15194
190.171.141.90 - - [22/Apr/2019:17:06:09 -0300] "GET /cormun/servlet/solicitudot?INS,0,0, HTTP/1.1" 200 15199
190.171.141.90 - - [22/Apr/2019:17:06:12 -0300] "GET /cormun/servlet/prfichaempleado?,MD,,gxPopupLevel%3D0%3B HTTP/1.1" 200 9305
190.171.141.90 - - [22/Apr/2019:17:06:19 -0300] "POST /cormun/servlet/prfichaempleado?d14243e5ea4e7eeab0d8b15a0531b526,,MD,,gxPopupLevel%3D0%3B,gx-no-cache=1555963357351 HTTP/1.1" 200 5498
190.171.141.90 - - [22/Apr/2019:17:06:29 -0300] "POST /cormun/servlet/solicitudot?gx-no-cache=1555963367551 HTTP/1.1" 200 3558
190.171.141.90 - - [22/Apr/2019:17:06:29 -0300] "POST /cormun/servlet/solicitudot?d14243e5ea4e7eeab0d8b15a0531b526,INS,0,0,,gx-no-cache=1555963367789 HTTP/1.1" 200 12019
190.171.141.90 - - [22/Apr/2019:17:06:29 -0300] "GET /cormun/servlet/solicitudot?771218aa5d656bb51ea2da2b0cff6f6e570a73164d4721e00128c06e771c1535a222972ad0f29eb51e62fd4ed63c049a,gx-no-cache=1555963368001 HTTP/1.1" 200 30
192.168.10.89 - - [22/Apr/2019:17:06:30 -0300] "POST /cormun/servlet/trsolicitudgral?e14592ffdacac58d0d29c4dc7a9b23da,,gx-no-cache=1555970384968 HTTP/1.1" 200 10354
190.171.141.90 - - [22/Apr/2019:17:06:35 -0300] "GET /cormun/servlet/solicitudot?771218aa5d656bb51ea2da2b0cff6f6ec209c33e56a176ea257a84fa5b536b72aae4fa9ba4d407b9b0646e36201be3cd,gx-no-cache=1555963373994 HTTP/1.1" 200 30
190.171.141.90 - - [22/Apr/2019:17:06:35 -0300] "GET /cormun/servlet/solicitudot?771218aa5d656bb51ea2da2b0cff6f6ec508e508d777dab1f5ba127a24aa08c3,gx-no-cache=1555963374019 HTTP/1.1" 200 51
190.171.141.90 - - [22/Apr/2019:17:06:35 -0300] "POST /cormun/servlet/solicitudot?gx-no-cache=1555963374046 HTTP/1.1" 200 256
190.171.141.90 - - [22/Apr/2019:17:06:35 -0300] "GET /cormun/servlet/solicitudot?771218aa5d656bb51ea2da2b0cff6f6e0c24163826dc7053f04412eaf0331fee411a3bcadbe76047df76b851a01e2c7bf0af2cc0acced8f0e3edf3367c84d03b0e316fff7d2e2b638cfef31270203d3010a6009c897aca760e7120638e774612a7555360ec2f96dbb97056868479aed15503b35f98eaf5332168215d9f4d0919ea2df6b443c3715788c2edb96883b424fdb19175faa9e6cc089771c762465d9cf9dbef4b6664c022cd1c589ac7d1ee99d4106e338aefcb8548ae1277817d3974f463c1a3ba21c4dc5b1e873d780ac35505033f0fd707fa6bf9d90371e67afb5126af7dd243d3890cb448fab40539cd7ff70c07d9cac4fc9a56b593ad33f382805b47e7b3b199f0369b8145eca1aa5d7767833cf2fa7ee8ededd11a6c3dbb6f882732aa1e7af4d8a66696b4842f637ed35feeda535140c2c329b2bd82ce87ac94504f1ed0a1763ca13cfdd1ce58f4329417d4a8a8573c403958d506754d0fff2d7ede4d516f7eeef522dae96d27dd7b4a1fdfb381f62203720646c780dda85f8c,gx-no-cache=1555963374079 HTTP/1.1" 200 30
190.171.141.90 - - [22/Apr/2019:17:06:36 -0300] "POST /cormun/servlet/solicitudot?gx-no-cache=1555963375324 HTTP/1.1" 200 30
190.171.141.90 - - [22/Apr/2019:17:06:38 -0300] "GET /cormun/servlet/prcontratosol?15122344,,,,,MD,,gxPopupLevel%3D0%3B HTTP/1.1" 200 8536
190.171.141.90 - - [22/Apr/2019:17:06:40 -0300] "POST /cormun/servlet/solicitudot?gx-no-cache=1555963378606 HTTP/1.1" 200 1343
190.171.141.90 - - [22/Apr/2019:17:06:40 -0300] "POST /cormun/servlet/solicitudot?gx-no-cache=1555963378651 HTTP/1.1" 200 38
190.171.141.90 - - [22/Apr/2019:17:06:40 -0300] "GET /cormun/servlet/solicitudot?771218aa5d656bb51ea2da2b0cff6f6e4117daa1404914915ae3b421ac50b20dd6b934ba1cf5b1dd11c7ccf0aa78f531ae44c65faaf5fd6a229081f36e75854149fc84dab460539e2829c64c5c3e776fc21f1e7f8a38b03333e3a5acaf64244b27230e6293b17366b8fa21ade9860d93,gx-no-cache=1555963378675 HTTP/1.1" 200 110
190.171.141.90 - - [22/Apr/2019:17:06:40 -0300] "POST /cormun/servlet/solicitudot?gx-no-cache=1555963378700 HTTP/1.1" 200 72
190.171.141.90 - - [22/Apr/2019:17:06:40 -0300] "GET /cormun/servlet/solicitudot?771218aa5d656bb51ea2da2b0cff6f6eaaf636163fea1beb9a422253c0bda543e8c50628b81d9ece0c450a85153ede5b1ebdd09b62f73c3ee47a20350dba51cca7e281348c2c1a8acd7bd9a216d2e63cf79ec102b622d13e91139a413243fe3e7da2d08956e9fdbcd307ea5a0357b26f,gx-no-cache=1555963378729 HTTP/1.1" 200 29
190.171.141.90 - - [22/Apr/2019:17:06:40 -0300] "GET /cormun/servlet/solicitudot?771218aa5d656bb51ea2da2b0cff6f6e99b11fe5fc074721e73b72fa343c6d83771ab1e76dac0033528cbe169ad97f90,gx-no-cache=1555963378758 HTTP/1.1" 200 134
190.171.141.90 - - [22/Apr/2019:17:06:40 -0300] "GET /cormun/static/Shared/jqueryui/images/ui-bg_highlight-soft_100_c6c2c8_1x100.png HTTP/1.1" 404 1117
190.171.141.90 - - [22/Apr/2019:17:06:40 -0300] "GET /cormun/static/Shared/jqueryui/images/ui-icons_82798d_256x240.png HTTP/1.1" 404 1089
190.171.141.90 - - [22/Apr/2019:17:06:40 -0300] "GET /cormun/static/Shared/jqueryui/images/ui-icons_ebccce_256x240.png HTTP/1.1" 404 1089
190.171.141.90 - - [22/Apr/2019:17:06:40 -0300] "GET /cormun/static/Shared/jqueryui/images/ui-bg_flat_55_994d53_40x100.png HTTP/1.1" 404 1097
190.171.141.90 - - [22/Apr/2019:17:06:44 -0300] "GET /cormun/static/menuarrow.gif HTTP/1.1" 404 1015
190.171.141.90 - - [22/Apr/2019:17:06:51 -0300] "GET /cormun/servlet/solicitudot?771218aa5d656bb51ea2da2b0cff6f6ee7910f80b0d7f417a424de4f952817891292a778526a7919ad5bf01be5e0febb,gx-no-cache=1555963389978 HTTP/1.1" 200 30
190.171.141.90 - - [22/Apr/2019:17:06:51 -0300] "POST /cormun/servlet/solicitudot?gx-no-cache=1555963390007 HTTP/1.1" 200 33
190.171.141.90 - - [22/Apr/2019:17:06:55 -0300] "POST /cormun/servlet/solicitudot?d14243e5ea4e7eeab0d8b15a0531b526,INS,0,0,,gx-no-cache=1555963394032 HTTP/1.1" 200 93
190.171.141.90 - - [22/Apr/2019:17:06:56 -0300] "GET /cormun/servlet/hpexe_return? HTTP/1.1" 200 1006
190.171.141.90 - - [22/Apr/2019:17:06:56 -0300] "GET /cormun/servlet/trsolicitudot HTTP/1.1" 200 8788
190.171.141.90 - - [22/Apr/2019:17:06:56 -0300] "GET /cormun/servlet/trsolicitudot HTTP/1.1" 200 8784
190.171.141.90 - - [22/Apr/2019:17:06:58 -0300] "POST /cormun/servlet/trsolicitudot?d14243e5ea4e7eeab0d8b15a0531b526,gx-no-cache=1555963396657 HTTP/1.1" 200 4744
190.171.141.90 - - [22/Apr/2019:17:06:58 -0300] "GET /cormun/static/Shared/jqueryui/images/ui-bg_highlight-soft_100_c6c2c8_1x100.png HTTP/1.1" 404 1117
190.171.141.90 - - [22/Apr/2019:17:06:58 -0300] "GET /cormun/static/Shared/jqueryui/images/ui-icons_82798d_256x240.png HTTP/1.1" 404 1089
190.171.141.90 - - [22/Apr/2019:17:06:58 -0300] "GET /cormun/static/Shared/jqueryui/images/ui-bg_flat_55_fafafa_40x100.png HTTP/1.1" 404 1097
190.171.141.90 - - [22/Apr/2019:17:06:58 -0300] "GET /cormun/static/Shared/jqueryui/images/ui-icons_8d78a5_256x240.png HTTP/1.1" 404 1089
190.171.141.90 - - [22/Apr/2019:17:06:58 -0300] "POST /cormun/servlet/trsolicitudot?d14243e5ea4e7eeab0d8b15a0531b526,gx-no-cache=1555963396879 HTTP/1.1" 200 4528
190.171.141.90 - - [22/Apr/2019:17:07:00 -0300] "GET /cormun/servlet/trsolicitudot? HTTP/1.1" 200 7445
190.171.141.90 - - [22/Apr/2019:17:07:01 -0300] "GET /cormun/servlet/trsolicitudot? HTTP/1.1" 200 7445
190.171.141.90 - - [22/Apr/2019:17:07:03 -0300] "GET /cormun/servlet/trautorizarsolicitud? HTTP/1.1" 200 8682
190.171.141.90 - - [22/Apr/2019:17:07:04 -0300] "GET /cormun/servlet/trautorizarsolicitud? HTTP/1.1" 200 8681
190.171.141.90 - - [22/Apr/2019:17:07:05 -0300] "POST /cormun/servlet/trautorizarsolicitud?d14243e5ea4e7eeab0d8b15a0531b526,,gx-no-cache=1555963403828 HTTP/1.1" 200 4677
190.171.141.90 - - [22/Apr/2019:17:07:05 -0300] "GET /cormun/static/Shared/jqueryui/images/ui-bg_highlight-soft_100_c6c2c8_1x100.png HTTP/1.1" 404 1117
190.171.141.90 - - [22/Apr/2019:17:07:05 -0300] "GET /cormun/static/Shared/jqueryui/images/ui-icons_82798d_256x240.png HTTP/1.1" 404 1089
