190.171.141.90 - - [22/Apr/2019:17:07:05 -0300] "GET /cormun/static/Shared/jqueryui/images/ui-bg_flat_55_fafafa_40x100.png HTTP/1.1" 404 1097
190.171.141.90 - - [22/Apr/2019:17:07:05 -0300] "GET /cormun/static/Shared/jqueryui/images/ui-icons_8d78a5_256x240.png HTTP/1.1" 404 1089
190.171.141.90 - - [22/Apr/2019:17:07:05 -0300] "POST /cormun/servlet/trautorizarsolicitud?d14243e5ea4e7eeab0d8b15a0531b526,,gx-no-cache=1555963404008 HTTP/1.1" 200 4462
192.168.10.89 - - [22/Apr/2019:17:07:11 -0300] "POST /cormun/servlet/trsolicitudgral?e14592ffdacac58d0d29c4dc7a9b23da,,gx-no-cache=1555970425929 HTTP/1.1" 200 10349
190.171.141.90 - - [22/Apr/2019:17:07:18 -0300] "GET /cormun/servlet/trsolicitudot? HTTP/1.1" 200 7445
190.171.141.90 - - [22/Apr/2019:17:07:19 -0300] "GET /cormun/servlet/trsolicitudot? HTTP/1.1" 200 7445
190.171.141.90 - - [22/Apr/2019:17:07:20 -0300] "GET /cormun/servlet/solicitudot?INS,0,0, HTTP/1.1" 200 15194
190.171.141.90 - - [22/Apr/2019:17:07:21 -0300] "GET /cormun/servlet/solicitudot?INS,0,0, HTTP/1.1" 200 15199
190.171.141.90 - - [22/Apr/2019:17:07:24 -0300] "GET /cormun/servlet/prfichaempleado?,MD,,gxPopupLevel%3D0%3B HTTP/1.1" 200 9305
192.168.10.89 - - [22/Apr/2019:17:07:25 -0300] "POST /cormun/servlet/trsolicitudgral?e14592ffdacac58d0d29c4dc7a9b23da,,gx-no-cache=1555970439753 HTTP/1.1" 200 9918
190.171.141.90 - - [22/Apr/2019:17:07:31 -0300] "POST /cormun/servlet/prfichaempleado?d14243e5ea4e7eeab0d8b15a0531b526,,MD,,gxPopupLevel%3D0%3B,gx-no-cache=1555963429164 HTTP/1.1" 200 5524
190.171.141.90 - - [22/Apr/2019:17:07:34 -0300] "POST /cormun/servlet/solicitudot?gx-no-cache=1555963432808 HTTP/1.1" 200 3567
192.168.10.96 - - [22/Apr/2019:17:07:34 -0300] "GET /cormun/PublicTempStorage/cedula_de_identidad1938009.pdf HTTP/1.1" 200 150948
190.171.141.90 - - [22/Apr/2019:17:07:34 -0300] "POST /cormun/servlet/solicitudot?d14243e5ea4e7eeab0d8b15a0531b526,INS,0,0,,gx-no-cache=1555963433029 HTTP/1.1" 200 12029
190.171.141.90 - - [22/Apr/2019:17:07:35 -0300] "GET /cormun/servlet/solicitudot?771218aa5d656bb51ea2da2b0cff6f6eb7bfb46a8d7e8b2ba0a7d5bc27e2a8c7a222972ad0f29eb51e62fd4ed63c049a,gx-no-cache=1555963433433 HTTP/1.1" 200 30
190.171.141.90 - - [22/Apr/2019:17:07:36 -0300] "GET /cormun/servlet/solicitudot?771218aa5d656bb51ea2da2b0cff6f6e08b6d796e5746e6ce6cba69001ce27c6bcf69df6696459ea122865907a2a7b88353045adc77487606176039c9610d176,gx-no-cache=1555963435076 HTTP/1.1" 200 30
190.171.141.90 - - [22/Apr/2019:17:07:36 -0300] "GET /cormun/servlet/solicitudot?771218aa5d656bb51ea2da2b0cff6f6e7ea47ea8726a124b0dbbbace2d3d2829,gx-no-cache=1555963435109 HTTP/1.1" 200 53
190.171.141.90 - - [22/Apr/2019:17:07:36 -0300] "POST /cormun/servlet/solicitudot?gx-no-cache=1555963435163 HTTP/1.1" 200 297
190.171.141.90 - - [22/Apr/2019:17:07:36 -0300] "GET /cormun/servlet/solicitudot?771218aa5d656bb51ea2da2b0cff6f6e0c24163826dc7053f04412eaf0331feea2541940fc7c8e46204d7643154e0525f0af2cc0acced8f0e3edf3367c84d03b0e316fff7d2e2b638cfef31270203d3010a6009c897aca760e7120638e774612a7555360ec2f96dbb97056868479aed15503b35f98eaf5332168215d9f4d0919ea2df6b443c3715788c2edb96883b424fdb19175faa9e6cc089771c762465d9cf9dbef4b6664c022cd1c589ac7d1ee99d4106e338aefcb8548ae1277817d3974f463c1a3ba21c4dc5b1e873d780ac35505033f0fd707fa6bf9d90371e67afb5126af7dd243d3890cb448fab40539cd7ff70c07d9cac4fc9a56b593ad33f382805b47e7b3b199f0369b8145eca1aa5d7767833cf2fa7ee8ededd11a6c3dbb6f882732aa1e7af4d8a66696b4842f637ed35feeda535140c2c329b2bd82ce87ac943ef35e43720b370fc319ff828547dc5d1185176d0eb2191ff245e90a46093310c6577f165475430015f9ff1b6fb97c28d94ec79f38d0eef91ee35062b444c6b74cd31bbc6d42e50efdfcc56d8e8d62ed,gx-no-cache=1555963435197 HTTP/1.1" 200 30
190.171.153.26 - - [22/Apr/2019:17:07:38 -0300] "GET /cormun/servlet/permisogoce?INS,0,,, HTTP/1.1" 200 6824
190.171.153.26 - - [22/Apr/2019:17:07:38 -0300] "GET /cormun/static/gxcfg.js?201776126440 HTTP/1.1" 200 953
190.171.153.26 - - [22/Apr/2019:17:07:39 -0300] "GET /cormun/static/Resources/prompt.gif HTTP/1.1" 200 902
190.171.153.26 - - [22/Apr/2019:17:07:39 -0300] "GET /cormun/static/permisogoce.js?2017761264459 HTTP/1.1" 200 27897
190.171.153.26 - - [22/Apr/2019:17:07:39 -0300] "GET /cormun/servlet/permisogoce?INS,0,,, HTTP/1.1" 200 6824
190.171.141.90 - - [22/Apr/2019:17:07:47 -0300] "POST /cormun/servlet/solicitudot?gx-no-cache=1555963445461 HTTP/1.1" 200 30
190.171.141.90 - - [22/Apr/2019:17:07:48 -0300] "GET /cormun/servlet/prcontratosol?15430732,,,,,MD,,gxPopupLevel%3D0%3B HTTP/1.1" 200 7940
192.168.10.96 - - [22/Apr/2019:17:07:50 -0300] "GET /cormun/PublicTempStorage/titulo2155796.pdf HTTP/1.1" 200 154349
190.171.141.90 - - [22/Apr/2019:17:07:50 -0300] "POST /cormun/servlet/solicitudot?gx-no-cache=1555963449125 HTTP/1.1" 200 1343
190.171.141.90 - - [22/Apr/2019:17:07:50 -0300] "POST /cormun/servlet/solicitudot?gx-no-cache=1555963449168 HTTP/1.1" 200 38
190.171.141.90 - - [22/Apr/2019:17:07:50 -0300] "GET /cormun/servlet/solicitudot?771218aa5d656bb51ea2da2b0cff6f6e4117daa1404914915ae3b421ac50b20dd6b934ba1cf5b1dd11c7ccf0aa78f531ae44c65faaf5fd6a229081f36e75854149fc84dab460539e2829c64c5c3e776fc21f1e7f8a38b03333e3a5acaf64244b27230e6293b17366b8fa21ade9860d93,gx-no-cache=1555963449194 HTTP/1.1" 200 110
190.171.141.90 - - [22/Apr/2019:17:07:50 -0300] "POST /cormun/servlet/solicitudot?gx-no-cache=1555963449222 HTTP/1.1" 200 72
190.171.141.90 - - [22/Apr/2019:17:07:50 -0300] "GET /cormun/servlet/solicitudot?771218aa5d656bb51ea2da2b0cff6f6eaaf636163fea1beb9a422253c0bda543e8c50628b81d9ece0c450a85153ede5b1ebdd09b62f73c3ee47a20350dba51cca7e281348c2c1a8acd7bd9a216d2e63cf79ec102b622d13e91139a413243fe3e7da2d08956e9fdbcd307ea5a0357b26f,gx-no-cache=1555963449255 HTTP/1.1" 200 29
190.171.141.90 - - [22/Apr/2019:17:07:50 -0300] "GET /cormun/servlet/solicitudot?771218aa5d656bb51ea2da2b0cff6f6e99b11fe5fc074721e73b72fa343c6d83771ab1e76dac0033528cbe169ad97f90,gx-no-cache=1555963449297 HTTP/1.1" 200 134
190.171.141.90 - - [22/Apr/2019:17:07:51 -0300] "GET /cormun/static/Shared/jqueryui/images/ui-bg_highlight-soft_100_c6c2c8_1x100.png HTTP/1.1" 404 1117
190.171.141.90 - - [22/Apr/2019:17:07:51 -0300] "GET /cormun/static/Shared/jqueryui/images/ui-icons_ebccce_256x240.png HTTP/1.1" 404 1089
190.171.141.90 - - [22/Apr/2019:17:07:51 -0300] "GET /cormun/static/Shared/jqueryui/images/ui-icons_82798d_256x240.png HTTP/1.1" 404 1089
190.171.141.90 - - [22/Apr/2019:17:07:51 -0300] "GET /cormun/static/Shared/jqueryui/images/ui-bg_flat_55_994d53_40x100.png HTTP/1.1" 404 1097
190.171.141.90 - - [22/Apr/2019:17:07:54 -0300] "GET /cormun/static/menuarrow.gif HTTP/1.1" 404 1015
200.111.191.210 - - [22/Apr/2019:17:07:56 -0300] "GET /cormun/servlet/trlicencias? HTTP/1.1" 200 15804
200.111.191.210 - - [22/Apr/2019:17:07:56 -0300] "GET /cormun/servlet/trlicencias? HTTP/1.1" 200 15804
192.168.10.96 - - [22/Apr/2019:17:07:57 -0300] "GET /cormun/PublicTempStorage/certificado-de-afiliacio%B4n-afpmodelo6209351.pdf HTTP/1.1" 200 92692
190.171.141.90 - - [22/Apr/2019:17:08:02 -0300] "GET /cormun/servlet/solicitudot?771218aa5d656bb51ea2da2b0cff6f6ee7910f80b0d7f417a424de4f952817891292a778526a7919ad5bf01be5e0febb,gx-no-cache=1555963460388 HTTP/1.1" 200 30
190.171.141.90 - - [22/Apr/2019:17:08:02 -0300] "POST /cormun/servlet/solicitudot?gx-no-cache=1555963460430 HTTP/1.1" 200 33
190.171.153.26 - - [22/Apr/2019:17:08:03 -0300] "GET /cormun/servlet/permisogoce?e393d79dbfa112c8835690a3279115118009e7b3ff13e307cde851ace4fc3600b7fb263d05c763a218323b2b535c55dce3952e173310833e4f54589c69077036,gx-no-cache=1555963458943 HTTP/1.1" 200 83
190.171.141.90 - - [22/Apr/2019:17:08:04 -0300] "POST /cormun/servlet/solicitudot?d14243e5ea4e7eeab0d8b15a0531b526,INS,0,0,,gx-no-cache=1555963462313 HTTP/1.1" 200 93
190.171.141.90 - - [22/Apr/2019:17:08:04 -0300] "GET /cormun/servlet/hpexe_return? HTTP/1.1" 200 1006
190.171.141.90 - - [22/Apr/2019:17:08:04 -0300] "GET /cormun/servlet/trsolicitudot HTTP/1.1" 200 8799
190.171.141.90 - - [22/Apr/2019:17:08:04 -0300] "GET /cormun/servlet/trsolicitudot HTTP/1.1" 200 8795
192.168.10.96 - - [22/Apr/2019:17:08:05 -0300] "GET /cormun/PublicTempStorage/certificado_afiliacion_fonasa5309211.pdf HTTP/1.1" 200 137283
190.171.141.90 - - [22/Apr/2019:17:08:06 -0300] "POST /cormun/servlet/trsolicitudot?d14243e5ea4e7eeab0d8b15a0531b526,gx-no-cache=1555963464814 HTTP/1.1" 200 4748
192.168.10.89 - - [22/Apr/2019:17:08:06 -0300] "POST /cormun/servlet/trsolicitudgral?e14592ffdacac58d0d29c4dc7a9b23da,,gx-no-cache=1555970481349 HTTP/1.1" 200 9885
190.171.141.90 - - [22/Apr/2019:17:08:06 -0300] "GET /cormun/static/Shared/jqueryui/images/ui-icons_82798d_256x240.png HTTP/1.1" 404 1089
190.171.141.90 - - [22/Apr/2019:17:08:06 -0300] "GET /cormun/static/Shared/jqueryui/images/ui-bg_highlight-soft_100_c6c2c8_1x100.png HTTP/1.1" 404 1117
190.171.141.90 - - [22/Apr/2019:17:08:06 -0300] "GET /cormun/static/Shared/jqueryui/images/ui-bg_flat_55_fafafa_40x100.png HTTP/1.1" 404 1097
190.171.141.90 - - [22/Apr/2019:17:08:06 -0300] "GET /cormun/static/Shared/jqueryui/images/ui-icons_8d78a5_256x240.png HTTP/1.1" 404 1089
190.171.141.90 - - [22/Apr/2019:17:08:06 -0300] "POST /cormun/servlet/trsolicitudot?d14243e5ea4e7eeab0d8b15a0531b526,gx-no-cache=1555963465143 HTTP/1.1" 200 4527
190.171.141.90 - - [22/Apr/2019:17:08:09 -0300] "GET /cormun/servlet/trautorizarsolicitud? HTTP/1.1" 200 8689
190.171.141.90 - - [22/Apr/2019:17:08:09 -0300] "GET /cormun/servlet/trautorizarsolicitud? HTTP/1.1" 200 8689
190.171.153.26 - - [22/Apr/2019:17:08:10 -0300] "GET /cormun/static/menuarrow.gif HTTP/1.1" 404 1015
190.171.141.90 - - [22/Apr/2019:17:08:11 -0300] "POST /cormun/servlet/trautorizarsolicitud?d14243e5ea4e7eeab0d8b15a0531b526,,gx-no-cache=1555963469366 HTTP/1.1" 200 4678
190.171.141.90 - - [22/Apr/2019:17:08:11 -0300] "POST /cormun/servlet/trautorizarsolicitud?d14243e5ea4e7eeab0d8b15a0531b526,,gx-no-cache=1555963469866 HTTP/1.1" 200 4460
192.168.10.89 - - [22/Apr/2019:17:08:12 -0300] "GET /cormun/servlet/trautorizarot? HTTP/1.1" 200 11407
192.168.10.96 - - [22/Apr/2019:17:08:13 -0300] "GET /cormun/PublicTempStorage/certificado__de_antecedentes7906272.pdf HTTP/1.1" 200 34225
190.171.153.26 - - [22/Apr/2019:17:08:16 -0300] "GET /cormun/servlet/permisogoce?e393d79dbfa112c8835690a3279115115debb2d38369bcdf73d75857ad606685910977360921a1205efda81c976bc27fbb7a6c7cab6e36907f82e6f95f64db07,gx-no-cache=1555963471784 HTTP/1.1" 200 129
190.171.153.26 - - [22/Apr/2019:17:08:16 -0300] "GET /cormun/static/Shared/jqueryui/images/ui-bg_highlight-soft_100_c6c2c8_1x100.png HTTP/1.1" 404 1117
190.171.153.26 - - [22/Apr/2019:17:08:16 -0300] "GET /cormun/static/Shared/jqueryui/images/ui-icons_82798d_256x240.png HTTP/1.1" 404 1089
190.171.153.26 - - [22/Apr/2019:17:08:16 -0300] "GET /cormun/static/Shared/jqueryui/images/ui-icons_ebccce_256x240.png HTTP/1.1" 404 1089
190.171.153.26 - - [22/Apr/2019:17:08:16 -0300] "GET /cormun/static/Shared/jqueryui/images/ui-bg_flat_55_994d53_40x100.png HTTP/1.1" 404 1097
192.168.10.89 - - [22/Apr/2019:17:08:18 -0300] "POST /cormun/servlet/trautorizarot?e14592ffdacac58d0d29c4dc7a9b23da,,gx-no-cache=1555970492516 HTTP/1.1" 200 5356
190.171.153.26 - - [22/Apr/2019:17:08:19 -0300] "GET /cormun/servlet/permisogoce?e393d79dbfa112c8835690a3279115115debb2d38369bcdf73d75857ad606685910977360921a1205efda81c976bc27fbb7a6c7cab6e36907f82e6f95f64db07,gx-no-cache=1555963475149 HTTP/1.1" 200 129
192.168.10.96 - - [22/Apr/2019:17:08:21 -0300] "GET /cormun/PublicTempStorage/curriculum5953765.pdf HTTP/1.1" 200 431171
190.171.153.26 - - [22/Apr/2019:17:08:27 -0300] "GET /cormun/servlet/permisogoce?e393d79dbfa112c8835690a3279115115debb2d38369bcdf73d75857ad60668565f9327a4f8084fc2dccbd6c14643c0abb7a6c7cab6e36907f82e6f95f64db07,gx-no-cache=1555963483498 HTTP/1.1" 200 47
190.171.141.90 - - [22/Apr/2019:17:08:32 -0300] "GET /cormun/servlet/trsolicitudot? HTTP/1.1" 200 7445
190.171.141.90 - - [22/Apr/2019:17:08:32 -0300] "GET /cormun/servlet/trsolicitudot? HTTP/1.1" 200 7445
190.171.141.90 - - [22/Apr/2019:17:08:34 -0300] "GET /cormun/servlet/solicitudot?INS,0,0, HTTP/1.1" 200 15196
190.171.141.90 - - [22/Apr/2019:17:08:35 -0300] "GET /cormun/servlet/solicitudot?INS,0,0, HTTP/1.1" 200 15201
190.171.141.90 - - [22/Apr/2019:17:08:37 -0300] "GET /cormun/servlet/prfichaempleado?,MD,,gxPopupLevel%3D0%3B HTTP/1.1" 200 9305
190.171.141.90 - - [22/Apr/2019:17:08:41 -0300] "POST /cormun/servlet/prfichaempleado?d14243e5ea4e7eeab0d8b15a0531b526,,MD,,gxPopupLevel%3D0%3B,gx-no-cache=1555963499887 HTTP/1.1" 200 6084
190.171.141.90 - - [22/Apr/2019:17:08:48 -0300] "POST /cormun/servlet/solicitudot?gx-no-cache=1555963506391 HTTP/1.1" 200 3578
190.171.141.90 - - [22/Apr/2019:17:08:48 -0300] "POST /cormun/servlet/solicitudot?d14243e5ea4e7eeab0d8b15a0531b526,INS,0,0,,gx-no-cache=1555963506684 HTTP/1.1" 200 12045
190.171.141.90 - - [22/Apr/2019:17:08:48 -0300] "GET /cormun/servlet/solicitudot?771218aa5d656bb51ea2da2b0cff6f6ef7584390778dcac25a2ee8e64759d460a222972ad0f29eb51e62fd4ed63c049a,gx-no-cache=1555963507053 HTTP/1.1" 200 30
190.171.141.90 - - [22/Apr/2019:17:08:50 -0300] "GET /cormun/servlet/solicitudot?771218aa5d656bb51ea2da2b0cff6f6ef57ef1d0cd76663093ff05d6d3356226e17252becc3f0420cc82bcd9062b99a1a222972ad0f29eb51e62fd4ed63c049a,gx-no-cache=1555963508475 HTTP/1.1" 200 30
190.171.141.90 - - [22/Apr/2019:17:08:50 -0300] "GET /cormun/servlet/solicitudot?771218aa5d656bb51ea2da2b0cff6f6e7ea47ea8726a124b0dbbbace2d3d2829,gx-no-cache=1555963508518 HTTP/1.1" 200 53
190.171.141.90 - - [22/Apr/2019:17:08:50 -0300] "POST /cormun/servlet/solicitudot?gx-no-cache=1555963508557 HTTP/1.1" 200 297
190.171.141.90 - - [22/Apr/2019:17:08:50 -0300] "GET /cormun/servlet/solicitudot?771218aa5d656bb51ea2da2b0cff6f6e0c24163826dc7053f04412eaf0331feea2541940fc7c8e46204d7643154e0525f0af2cc0acced8f0e3edf3367c84d03b0e316fff7d2e2b638cfef31270203d3010a6009c897aca760e7120638e774612a7555360ec2f96dbb97056868479aed15503b35f98eaf5332168215d9f4d0919ea2df6b443c3715788c2edb96883b424fdb19175faa9e6cc089771c762465d9cf9dbef4b6664c022cd1c589ac7d1ee99d4106e338aefcb8548ae1277817d3974f463c1a3ba21c4dc5b1e873d780ac35505033f0fd707fa6bf9d90371e67afb5126af7dd243d3890cb448fab40539cd7ff70c07d9cac4fc9a56b593ad33f382805b47e7b3b199f0369b8145eca1aa5d7767833cf2fa7ee8ededd11a6c3dbb6f882732aa1e7af4d8a66696b4842f637ed35feeda535140c2c329b2bd82ce87ac943ef35e43720b370fc319ff828547dc5d1185176d0eb2191ff245e90a46093310c6577f165475430015f9ff1b6fb97c28d94ec79f38d0eef91ee35062b444c6b74cd31bbc6d42e50efdfcc56d8e8d62ed,gx-no-cache=1555963508640 HTTP/1.1" 200 30
190.171.141.90 - - [22/Apr/2019:17:08:53 -0300] "POST /cormun/servlet/solicitudot?gx-no-cache=1555963511698 HTTP/1.1" 200 30
190.171.141.90 - - [22/Apr/2019:17:08:55 -0300] "GET /cormun/servlet/prcontratosol?16879308,,,,,MD,,gxPopupLevel%3D0%3B HTTP/1.1" 200 7787
190.171.141.90 - - [22/Apr/2019:17:08:57 -0300] "POST /cormun/servlet/solicitudot?gx-no-cache=1555963515712 HTTP/1.1" 200 1343
190.171.141.90 - - [22/Apr/2019:17:08:57 -0300] "POST /cormun/servlet/solicitudot?gx-no-cache=1555963515780 HTTP/1.1" 200 38
190.171.141.90 - - [22/Apr/2019:17:08:57 -0300] "GET /cormun/servlet/solicitudot?771218aa5d656bb51ea2da2b0cff6f6e4117daa1404914915ae3b421ac50b20dd6b934ba1cf5b1dd11c7ccf0aa78f531ae44c65faaf5fd6a229081f36e75854149fc84dab460539e2829c64c5c3e776fc21f1e7f8a38b03333e3a5acaf64244b27230e6293b17366b8fa21ade9860d93,gx-no-cache=1555963515835 HTTP/1.1" 200 110
190.171.141.90 - - [22/Apr/2019:17:08:57 -0300] "POST /cormun/servlet/solicitudot?gx-no-cache=1555963515890 HTTP/1.1" 200 72
190.171.141.90 - - [22/Apr/2019:17:08:57 -0300] "GET /cormun/servlet/solicitudot?771218aa5d656bb51ea2da2b0cff6f6eaaf636163fea1beb9a422253c0bda543e8c50628b81d9ece0c450a85153ede5b1ebdd09b62f73c3ee47a20350dba51cca7e281348c2c1a8acd7bd9a216d2e63cf79ec102b622d13e91139a413243fe3e7da2d08956e9fdbcd307ea5a0357b26f,gx-no-cache=1555963515951 HTTP/1.1" 200 29
190.171.141.90 - - [22/Apr/2019:17:08:57 -0300] "GET /cormun/servlet/solicitudot?771218aa5d656bb51ea2da2b0cff6f6e99b11fe5fc074721e73b72fa343c6d83771ab1e76dac0033528cbe169ad97f90,gx-no-cache=1555963516000 HTTP/1.1" 200 134
190.171.141.90 - - [22/Apr/2019:17:08:57 -0300] "GET /cormun/static/Shared/jqueryui/images/ui-bg_flat_55_994d53_40x100.png HTTP/1.1" 404 1097
190.171.141.90 - - [22/Apr/2019:17:08:57 -0300] "GET /cormun/static/Shared/jqueryui/images/ui-icons_ebccce_256x240.png HTTP/1.1" 404 1089
192.168.10.89 - - [22/Apr/2019:17:08:59 -0300] "GET /cormun/servlet/trsolicitudgral? HTTP/1.1" 200 13498
190.171.141.90 - - [22/Apr/2019:17:09:01 -0300] "GET /cormun/static/menuarrow.gif HTTP/1.1" 404 1015
192.168.10.89 - - [22/Apr/2019:17:09:09 -0300] "POST /cormun/servlet/trsolicitudgral?e14592ffdacac58d0d29c4dc7a9b23da,,gx-no-cache=1555970544670 HTTP/1.1" 200 6613
190.171.141.90 - - [22/Apr/2019:17:09:12 -0300] "GET /cormun/servlet/solicitudot?771218aa5d656bb51ea2da2b0cff6f6ee7910f80b0d7f417a424de4f952817891292a778526a7919ad5bf01be5e0febb,gx-no-cache=1555963530140 HTTP/1.1" 200 30
190.171.141.90 - - [22/Apr/2019:17:09:12 -0300] "POST /cormun/servlet/solicitudot?gx-no-cache=1555963530483 HTTP/1.1" 200 33
192.168.10.89 - - [22/Apr/2019:17:09:14 -0300] "GET /cormun/servlet/solicitudgral?UPD,2019,15357, HTTP/1.1" 200 12524
190.171.141.90 - - [22/Apr/2019:17:09:14 -0300] "POST /cormun/servlet/solicitudot?d14243e5ea4e7eeab0d8b15a0531b526,INS,0,0,,gx-no-cache=1555963532943 HTTP/1.1" 200 93
190.171.141.90 - - [22/Apr/2019:17:09:14 -0300] "GET /cormun/servlet/hpexe_return? HTTP/1.1" 200 1006
190.171.141.90 - - [22/Apr/2019:17:09:15 -0300] "GET /cormun/servlet/trsolicitudot HTTP/1.1" 200 8817
192.168.10.89 - - [22/Apr/2019:17:09:15 -0300] "POST /cormun/servlet/solicitudgral?gx-no-cache=1555970550280 HTTP/1.1" 200 4028
192.168.10.89 - - [22/Apr/2019:17:09:15 -0300] "GET /cormun/servlet/solicitudgral?238290df35475b4343ddb1713746cd604a7cd0c80c112ca3e176434dfdc430724e6406ccbe0522e06bada7145f1ddd44c2b8de7a0b13a26848af7547df9d3c39360df00431d178fab0c4d70c4f96629c85e7d3a097f9a6a9ad76e7767bc44c22f72de6c306b35cddd87b5ba8d923dddd924e8bb3a4b4a1a269dd5b7055a8823ea30742b2c883a8497785d8e0f9fbab5949cf98f001e39edc2b18d7fdf02263f3a412ba8360eadc3014c5adfb591399bc00d6d983ba254dd6347380bc0b4bbd4de8766d0876da962304340cd32b8d2a8ed8e7194abc68982669d7414abebfdb197378f646f82e72507d7a15bb65704e4e4d00596526609ff2ec0d32721d9503e062618da6fec2b0b144c791c45b8d2c179a3cbad36fc15f400ba81fcd11a219b6b7cc8bd8e231adc98e92f55497b53d7495ad8029b5c679960e5b54ec26f8e18457108b6ff300643396b51df50941ce7d,gx-no-cache=1555970550505 HTTP/1.1" 200 256
190.171.141.90 - - [22/Apr/2019:17:09:15 -0300] "GET /cormun/servlet/trsolicitudot HTTP/1.1" 200 8813
190.171.141.90 - - [22/Apr/2019:17:09:17 -0300] "POST /cormun/servlet/trsolicitudot?d14243e5ea4e7eeab0d8b15a0531b526,gx-no-cache=1555963536096 HTTP/1.1" 200 4761
190.171.141.90 - - [22/Apr/2019:17:09:18 -0300] "GET /cormun/static/Shared/jqueryui/images/ui-bg_highlight-soft_100_c6c2c8_1x100.png HTTP/1.1" 404 1117
190.171.141.90 - - [22/Apr/2019:17:09:18 -0300] "GET /cormun/static/Shared/jqueryui/images/ui-icons_8d78a5_256x240.png HTTP/1.1" 404 1089
190.171.141.90 - - [22/Apr/2019:17:09:18 -0300] "GET /cormun/static/Shared/jqueryui/images/ui-icons_82798d_256x240.png HTTP/1.1" 404 1089
190.171.141.90 - - [22/Apr/2019:17:09:18 -0300] "GET /cormun/static/Shared/jqueryui/images/ui-bg_flat_55_fafafa_40x100.png HTTP/1.1" 404 1097
190.171.141.90 - - [22/Apr/2019:17:09:18 -0300] "POST /cormun/servlet/trsolicitudot?d14243e5ea4e7eeab0d8b15a0531b526,gx-no-cache=1555963536414 HTTP/1.1" 200 4528
190.171.141.90 - - [22/Apr/2019:17:09:20 -0300] "GET /cormun/servlet/trautorizarsolicitud? HTTP/1.1" 200 8708
190.171.141.90 - - [22/Apr/2019:17:09:20 -0300] "GET /cormun/servlet/trautorizarsolicitud? HTTP/1.1" 200 8708
190.171.141.90 - - [22/Apr/2019:17:09:22 -0300] "POST /cormun/servlet/trautorizarsolicitud?d14243e5ea4e7eeab0d8b15a0531b526,,gx-no-cache=1555963540372 HTTP/1.1" 200 4692
190.171.141.90 - - [22/Apr/2019:17:09:22 -0300] "GET /cormun/static/Shared/jqueryui/images/ui-icons_82798d_256x240.png HTTP/1.1" 404 1089
190.171.141.90 - - [22/Apr/2019:17:09:22 -0300] "GET /cormun/static/Shared/jqueryui/images/ui-bg_highlight-soft_100_c6c2c8_1x100.png HTTP/1.1" 404 1117
190.171.141.90 - - [22/Apr/2019:17:09:22 -0300] "GET /cormun/static/Shared/jqueryui/images/ui-icons_8d78a5_256x240.png HTTP/1.1" 404 1089
190.171.141.90 - - [22/Apr/2019:17:09:22 -0300] "GET /cormun/static/Shared/jqueryui/images/ui-bg_flat_55_fafafa_40x100.png HTTP/1.1" 404 1097
190.171.141.90 - - [22/Apr/2019:17:09:22 -0300] "POST /cormun/servlet/trautorizarsolicitud?d14243e5ea4e7eeab0d8b15a0531b526,,gx-no-cache=1555963540599 HTTP/1.1" 200 4460
190.171.153.26 - - [22/Apr/2019:17:09:23 -0300] "POST /cormun/servlet/permisogoce?84ef80a65bcfa8dd847eb8985327774e,INS,0,,,,gx-no-cache=1555963539023 HTTP/1.1" 200 93
190.171.153.26 - - [22/Apr/2019:17:09:24 -0300] "GET /cormun/servlet/hpexe_return? HTTP/1.1" 200 1004
190.171.153.26 - - [22/Apr/2019:17:09:24 -0300] "GET /cormun/static/gxcfg.js?2016101716175148 HTTP/1.1" 200 953
190.171.153.26 - - [22/Apr/2019:17:09:24 -0300] "GET /cormun/static/Resources/Spanish/PXTools.css?167811 HTTP/1.1" 200 89042
190.171.153.26 - - [22/Apr/2019:17:09:24 -0300] "GET /cormun/static/hpexe_return.js?2016101716175153 HTTP/1.1" 200 1633
190.171.153.26 - - [22/Apr/2019:17:09:24 -0300] "GET /cormun/servlet/trpermisosgoce HTTP/1.1" 200 8613
190.171.153.26 - - [22/Apr/2019:17:09:25 -0300] "GET /cormun//static/Resources/PXToolsGridUpdate.png HTTP/1.1" 200 2984
190.171.153.26 - - [22/Apr/2019:17:09:25 -0300] "GET /cormun/servlet/trpermisosgoce HTTP/1.1" 200 8609
190.171.141.90 - - [22/Apr/2019:17:09:33 -0300] "GET /cormun/servlet/trsolicitudot? HTTP/1.1" 200 7445
190.171.141.90 - - [22/Apr/2019:17:09:34 -0300] "GET /cormun/servlet/trsolicitudot? HTTP/1.1" 200 7445
190.171.141.90 - - [22/Apr/2019:17:09:35 -0300] "GET /cormun/servlet/solicitudot?INS,0,0, HTTP/1.1" 200 15195
190.171.141.90 - - [22/Apr/2019:17:09:36 -0300] "GET /cormun/servlet/solicitudot?INS,0,0, HTTP/1.1" 200 15200
192.168.10.89 - - [22/Apr/2019:17:09:36 -0300] "POST /cormun/servlet/solicitudgral?e14592ffdacac58d0d29c4dc7a9b23da,UPD,2019,15357,,gx-no-cache=1555970571719 HTTP/1.1" 200 93
192.168.10.89 - - [22/Apr/2019:17:09:36 -0300] "GET /cormun/servlet/hpexe_return? HTTP/1.1" 200 1016
192.168.10.89 - - [22/Apr/2019:17:09:37 -0300] "GET /cormun/servlet/trsolicitudgral? HTTP/1.1" 200 9704
190.171.141.90 - - [22/Apr/2019:17:09:39 -0300] "GET /cormun/servlet/prfichaempleado?,MD,,gxPopupLevel%3D0%3B HTTP/1.1" 200 9305
190.171.153.26 - - [22/Apr/2019:17:09:40 -0300] "GET /cormun/servlet/apermisogoceprn?14317307,P,20190422180053,PU HTTP/1.1" 200 1671
192.168.10.89 - - [22/Apr/2019:17:09:43 -0300] "POST /cormun/servlet/trsolicitudgral?e14592ffdacac58d0d29c4dc7a9b23da,,gx-no-cache=1555970577848 HTTP/1.1" 200 25488
190.171.141.90 - - [22/Apr/2019:17:09:45 -0300] "POST /cormun/servlet/prfichaempleado?d14243e5ea4e7eeab0d8b15a0531b526,,MD,,gxPopupLevel%3D0%3B,gx-no-cache=1555963564026 HTTP/1.1" 200 3547
190.171.141.90 - - [22/Apr/2019:17:09:52 -0300] "POST /cormun/servlet/solicitudot?gx-no-cache=1555963569922 HTTP/1.1" 200 3575
190.171.141.90 - - [22/Apr/2019:17:09:52 -0300] "POST /cormun/servlet/solicitudot?d14243e5ea4e7eeab0d8b15a0531b526,INS,0,0,,gx-no-cache=1555963570466 HTTP/1.1" 200 12037
190.171.141.90 - - [22/Apr/2019:17:09:52 -0300] "GET /cormun/servlet/solicitudot?771218aa5d656bb51ea2da2b0cff6f6e0146dc7a8ae455de0f87e1cd1321ef9aa222972ad0f29eb51e62fd4ed63c049a,gx-no-cache=1555963571241 HTTP/1.1" 200 30
190.171.141.90 - - [22/Apr/2019:17:09:56 -0300] "GET /cormun/servlet/solicitudot?771218aa5d656bb51ea2da2b0cff6f6eea9b191ffa6826db5af3224d5fe9aeeb4951cd1a1c9014bbee5b8d8ecbd33179e4078eda77820d2229617762dc8c7317,gx-no-cache=1555963574796 HTTP/1.1" 200 30
190.171.141.90 - - [22/Apr/2019:17:09:56 -0300] "GET /cormun/servlet/solicitudot?771218aa5d656bb51ea2da2b0cff6f6e7ea47ea8726a124b0dbbbace2d3d2829,gx-no-cache=1555963574859 HTTP/1.1" 200 53
190.171.141.90 - - [22/Apr/2019:17:09:56 -0300] "POST /cormun/servlet/solicitudot?gx-no-cache=1555963574930 HTTP/1.1" 200 297
190.171.141.90 - - [22/Apr/2019:17:09:56 -0300] "GET /cormun/servlet/solicitudot?771218aa5d656bb51ea2da2b0cff6f6e0c24163826dc7053f04412eaf0331feea2541940fc7c8e46204d7643154e0525f0af2cc0acced8f0e3edf3367c84d03b0e316fff7d2e2b638cfef31270203d3010a6009c897aca760e7120638e774612a7555360ec2f96dbb97056868479aed15503b35f98eaf5332168215d9f4d0919ea2df6b443c3715788c2edb96883b424fdb19175faa9e6cc089771c762465d9cf9dbef4b6664c022cd1c589ac7d1ee99d4106e338aefcb8548ae1277817d3974f463c1a3ba21c4dc5b1e873d780ac35505033f0fd707fa6bf9d90371e67afb5126af7dd243d3890cb448fab40539cd7ff70c07d9cac4fc9a56b593ad33f382805b47e7b3b199f0369b8145eca1aa5d7767833cf2fa7ee8ededd11a6c3dbb6f882732aa1e7af4d8a66696b4842f637ed35feeda535140c2c329b2bd82ce87ac943ef35e43720b370fc319ff828547dc5d1185176d0eb2191ff245e90a46093310c6577f165475430015f9ff1b6fb97c28d94ec79f38d0eef91ee35062b444c6b74cd31bbc6d42e50efdfcc56d8e8d62ed,gx-no-cache=1555963575005 HTTP/1.1" 200 30
190.171.141.90 - - [22/Apr/2019:17:10:00 -0300] "POST /cormun/servlet/solicitudot?gx-no-cache=1555963578330 HTTP/1.1" 200 30
190.171.141.90 - - [22/Apr/2019:17:10:02 -0300] "GET /cormun/servlet/prcontratosol?14374979,,,,,MD,,gxPopupLevel%3D0%3B HTTP/1.1" 200 8288
190.171.141.90 - - [22/Apr/2019:17:10:04 -0300] "POST /cormun/servlet/solicitudot?gx-no-cache=1555963582269 HTTP/1.1" 200 1343
190.171.141.90 - - [22/Apr/2019:17:10:04 -0300] "POST /cormun/servlet/solicitudot?gx-no-cache=1555963582797 HTTP/1.1" 200 38
190.171.141.90 - - [22/Apr/2019:17:10:04 -0300] "GET /cormun/servlet/solicitudot?771218aa5d656bb51ea2da2b0cff6f6e4117daa1404914915ae3b421ac50b20dd6b934ba1cf5b1dd11c7ccf0aa78f531ae44c65faaf5fd6a229081f36e75854149fc84dab460539e2829c64c5c3e776fc21f1e7f8a38b03333e3a5acaf64244b27230e6293b17366b8fa21ade9860d93,gx-no-cache=1555963582823 HTTP/1.1" 200 110
190.171.141.90 - - [22/Apr/2019:17:10:04 -0300] "POST /cormun/servlet/solicitudot?gx-no-cache=1555963582851 HTTP/1.1" 200 72
190.171.141.90 - - [22/Apr/2019:17:10:04 -0300] "GET /cormun/servlet/solicitudot?771218aa5d656bb51ea2da2b0cff6f6eaaf636163fea1beb9a422253c0bda543e8c50628b81d9ece0c450a85153ede5b1ebdd09b62f73c3ee47a20350dba51cca7e281348c2c1a8acd7bd9a216d2e63cf79ec102b622d13e91139a413243fe3e7da2d08956e9fdbcd307ea5a0357b26f,gx-no-cache=1555963582892 HTTP/1.1" 200 29
190.171.141.90 - - [22/Apr/2019:17:10:04 -0300] "GET /cormun/servlet/solicitudot?771218aa5d656bb51ea2da2b0cff6f6e99b11fe5fc074721e73b72fa343c6d83771ab1e76dac0033528cbe169ad97f90,gx-no-cache=1555963582917 HTTP/1.1" 200 134
190.171.141.90 - - [22/Apr/2019:17:10:04 -0300] "GET /cormun/static/Shared/jqueryui/images/ui-bg_highlight-soft_100_c6c2c8_1x100.png HTTP/1.1" 404 1117
190.171.141.90 - - [22/Apr/2019:17:10:04 -0300] "GET /cormun/static/Shared/jqueryui/images/ui-icons_82798d_256x240.png HTTP/1.1" 404 1089
190.171.141.90 - - [22/Apr/2019:17:10:04 -0300] "GET /cormun/static/Shared/jqueryui/images/ui-icons_ebccce_256x240.png HTTP/1.1" 404 1089
190.171.141.90 - - [22/Apr/2019:17:10:04 -0300] "GET /cormun/static/Shared/jqueryui/images/ui-bg_flat_55_994d53_40x100.png HTTP/1.1" 404 1097
190.171.141.90 - - [22/Apr/2019:17:10:06 -0300] "GET /cormun/static/menuarrow.gif HTTP/1.1" 404 1015
190.171.141.90 - - [22/Apr/2019:17:10:12 -0300] "GET /cormun/servlet/solicitudot?771218aa5d656bb51ea2da2b0cff6f6ee7910f80b0d7f417a424de4f952817891292a778526a7919ad5bf01be5e0febb,gx-no-cache=1555963590349 HTTP/1.1" 200 30
190.171.141.90 - - [22/Apr/2019:17:10:12 -0300] "POST /cormun/servlet/solicitudot?gx-no-cache=1555963590394 HTTP/1.1" 200 33
190.171.141.90 - - [22/Apr/2019:17:10:14 -0300] "POST /cormun/servlet/solicitudot?d14243e5ea4e7eeab0d8b15a0531b526,INS,0,0,,gx-no-cache=1555963592629 HTTP/1.1" 200 12389
190.171.141.90 - - [22/Apr/2019:17:10:20 -0300] "GET /cormun/servlet/solicitudot?771218aa5d656bb51ea2da2b0cff6f6ee7910f80b0d7f417a424de4f952817891292a778526a7919ad5bf01be5e0febb,gx-no-cache=1555963597767 HTTP/1.1" 200 30
190.171.141.90 - - [22/Apr/2019:17:10:20 -0300] "POST /cormun/servlet/solicitudot?gx-no-cache=1555963598732 HTTP/1.1" 200 33
190.171.141.90 - - [22/Apr/2019:17:10:21 -0300] "POST /cormun/servlet/solicitudot?d14243e5ea4e7eeab0d8b15a0531b526,INS,0,0,,gx-no-cache=1555963598815 HTTP/1.1" 200 93
190.171.141.90 - - [22/Apr/2019:17:10:21 -0300] "GET /cormun/servlet/hpexe_return? HTTP/1.1" 200 1006
190.171.141.90 - - [22/Apr/2019:17:10:21 -0300] "GET /cormun/servlet/trsolicitudot HTTP/1.1" 200 8816
190.171.141.90 - - [22/Apr/2019:17:10:22 -0300] "GET /cormun/servlet/trsolicitudot HTTP/1.1" 200 8811
190.171.141.90 - - [22/Apr/2019:17:10:24 -0300] "POST /cormun/servlet/trsolicitudot?d14243e5ea4e7eeab0d8b15a0531b526,gx-no-cache=1555963602084 HTTP/1.1" 200 4758
190.171.141.90 - - [22/Apr/2019:17:10:24 -0300] "GET /cormun/static/Shared/jqueryui/images/ui-icons_82798d_256x240.png HTTP/1.1" 404 1089
190.171.141.90 - - [22/Apr/2019:17:10:24 -0300] "GET /cormun/static/Shared/jqueryui/images/ui-bg_flat_55_fafafa_40x100.png HTTP/1.1" 404 1097
190.171.141.90 - - [22/Apr/2019:17:10:24 -0300] "GET /cormun/static/Shared/jqueryui/images/ui-bg_highlight-soft_100_c6c2c8_1x100.png HTTP/1.1" 404 1117
190.171.141.90 - - [22/Apr/2019:17:10:24 -0300] "GET /cormun/static/Shared/jqueryui/images/ui-icons_8d78a5_256x240.png HTTP/1.1" 404 1089
190.171.141.90 - - [22/Apr/2019:17:10:24 -0300] "POST /cormun/servlet/trsolicitudot?d14243e5ea4e7eeab0d8b15a0531b526,gx-no-cache=1555963602487 HTTP/1.1" 200 4528
190.171.141.90 - - [22/Apr/2019:17:10:25 -0300] "GET /cormun/servlet/trautorizarsolicitud? HTTP/1.1" 200 8703
190.171.141.90 - - [22/Apr/2019:17:10:26 -0300] "GET /cormun/servlet/trautorizarsolicitud? HTTP/1.1" 200 8704
190.171.141.90 - - [22/Apr/2019:17:10:28 -0300] "POST /cormun/servlet/trautorizarsolicitud?d14243e5ea4e7eeab0d8b15a0531b526,,gx-no-cache=1555963606491 HTTP/1.1" 200 4687
190.171.141.90 - - [22/Apr/2019:17:10:28 -0300] "GET /cormun/static/Shared/jqueryui/images/ui-icons_82798d_256x240.png HTTP/1.1" 404 1089
190.171.141.90 - - [22/Apr/2019:17:10:28 -0300] "GET /cormun/static/Shared/jqueryui/images/ui-bg_highlight-soft_100_c6c2c8_1x100.png HTTP/1.1" 404 1117
190.171.141.90 - - [22/Apr/2019:17:10:28 -0300] "GET /cormun/static/Shared/jqueryui/images/ui-bg_flat_55_fafafa_40x100.png HTTP/1.1" 404 1097
190.171.141.90 - - [22/Apr/2019:17:10:28 -0300] "GET /cormun/static/Shared/jqueryui/images/ui-icons_8d78a5_256x240.png HTTP/1.1" 404 1089
190.171.141.90 - - [22/Apr/2019:17:10:28 -0300] "POST /cormun/servlet/trautorizarsolicitud?d14243e5ea4e7eeab0d8b15a0531b526,,gx-no-cache=1555963606826 HTTP/1.1" 200 4461
190.171.141.90 - - [22/Apr/2019:17:10:36 -0300] "GET /cormun/servlet/trsolicitudot? HTTP/1.1" 200 7445
190.171.141.90 - - [22/Apr/2019:17:10:36 -0300] "GET /cormun/servlet/trsolicitudot? HTTP/1.1" 200 7445
190.171.141.90 - - [22/Apr/2019:17:10:38 -0300] "GET /cormun/servlet/solicitudot?INS,0,0, HTTP/1.1" 200 15196
190.171.141.90 - - [22/Apr/2019:17:10:38 -0300] "GET /cormun/servlet/solicitudot?INS,0,0, HTTP/1.1" 200 15201
190.171.141.90 - - [22/Apr/2019:17:10:40 -0300] "GET /cormun/servlet/prfichaempleado?,MD,,gxPopupLevel%3D0%3B HTTP/1.1" 200 9305
192.168.10.89 - - [22/Apr/2019:17:10:43 -0300] "POST /cormun/servlet/trsolicitudgral?e14592ffdacac58d0d29c4dc7a9b23da,,gx-no-cache=1555970638168 HTTP/1.1" 200 6969
190.171.141.90 - - [22/Apr/2019:17:10:45 -0300] "POST /cormun/servlet/prfichaempleado?d14243e5ea4e7eeab0d8b15a0531b526,,MD,,gxPopupLevel%3D0%3B,gx-no-cache=1555963623713 HTTP/1.1" 200 4965
190.171.141.90 - - [22/Apr/2019:17:10:52 -0300] "POST /cormun/servlet/solicitudot?gx-no-cache=1555963631045 HTTP/1.1" 200 3545
190.171.141.90 - - [22/Apr/2019:17:10:53 -0300] "POST /cormun/servlet/solicitudot?d14243e5ea4e7eeab0d8b15a0531b526,INS,0,0,,gx-no-cache=1555963631313 HTTP/1.1" 200 11985
190.171.141.90 - - [22/Apr/2019:17:10:53 -0300] "GET /cormun/servlet/solicitudot?771218aa5d656bb51ea2da2b0cff6f6e40e688e92e39f8bb36a456b937a74649a222972ad0f29eb51e62fd4ed63c049a,gx-no-cache=1555963631546 HTTP/1.1" 200 30
190.171.141.90 - - [22/Apr/2019:17:10:54 -0300] "GET /cormun/servlet/solicitudot?771218aa5d656bb51ea2da2b0cff6f6e17dba2c18dd64f281f65523c7cebca4f08cf1d0036a92ec19c0b48f35eb1f8aa31da806b5633b978b3095bb18a221e58,gx-no-cache=1555963632502 HTTP/1.1" 200 30
190.171.141.90 - - [22/Apr/2019:17:10:54 -0300] "GET /cormun/servlet/solicitudot?771218aa5d656bb51ea2da2b0cff6f6e7ea47ea8726a124b0dbbbace2d3d2829,gx-no-cache=1555963632614 HTTP/1.1" 200 53
190.171.141.90 - - [22/Apr/2019:17:10:54 -0300] "POST /cormun/servlet/solicitudot?gx-no-cache=1555963632729 HTTP/1.1" 200 256
190.171.141.90 - - [22/Apr/2019:17:10:54 -0300] "GET /cormun/servlet/solicitudot?771218aa5d656bb51ea2da2b0cff6f6e0c24163826dc7053f04412eaf0331fee411a3bcadbe76047df76b851a01e2c7bf0af2cc0acced8f0e3edf3367c84d03b0e316fff7d2e2b638cfef31270203d3010a6009c897aca760e7120638e774612a7555360ec2f96dbb97056868479aed15503b35f98eaf5332168215d9f4d0919ea2df6b443c3715788c2edb96883b424fdb19175faa9e6cc089771c762465d9cf9dbef4b6664c022cd1c589ac7d1ee99d4106e338aefcb8548ae1277817d3974f463c1a3ba21c4dc5b1e873d780ac35505033f0fd707fa6bf9d90371e67afb5126af7dd243d3890cb448fab40539cd7ff70c07d9cac4fc9a56b593ad33f382805b47e7b3b199f0369b8145eca1aa5d7767833cf2fa7ee8ededd11a6c3dbb6f882732aa1e7af4d8a66696b4842f637ed35feeda535140c2c329b2bd82ce87ac94504f1ed0a1763ca13cfdd1ce58f4329417d4a8a8573c403958d506754d0fff2d7ede4d516f7eeef522dae96d27dd7b4a1fdfb381f62203720646c780dda85f8c,gx-no-cache=1555963632871 HTTP/1.1" 200 30
190.171.141.90 - - [22/Apr/2019:17:10:56 -0300] "POST /cormun/servlet/solicitudot?gx-no-cache=1555963634656 HTTP/1.1" 200 30
192.168.10.89 - - [22/Apr/2019:17:10:56 -0300] "POST /cormun/servlet/trsolicitudgral?e14592ffdacac58d0d29c4dc7a9b23da,,gx-no-cache=1555970651127 HTTP/1.1" 200 5488
192.168.10.89 - - [22/Apr/2019:17:10:56 -0300] "GET /cormun/static/Shared/jqueryui/images/ui-bg_highlight-soft_100_c6c2c8_1x100.png HTTP/1.1" 404 1117
192.168.10.89 - - [22/Apr/2019:17:10:56 -0300] "GET /cormun/static/Shared/jqueryui/images/ui-icons_8d78a5_256x240.png HTTP/1.1" 404 1089
192.168.10.89 - - [22/Apr/2019:17:10:56 -0300] "GET /cormun/static/Shared/jqueryui/images/ui-bg_flat_55_fafafa_40x100.png HTTP/1.1" 404 1097
192.168.10.89 - - [22/Apr/2019:17:10:56 -0300] "GET /cormun/static/Shared/jqueryui/images/ui-icons_82798d_256x240.png HTTP/1.1" 404 1089
190.171.141.90 - - [22/Apr/2019:17:10:58 -0300] "GET /cormun/servlet/prcontratosol?15526652,,,,,MD,,gxPopupLevel%3D0%3B HTTP/1.1" 200 8088
192.168.10.89 - - [22/Apr/2019:17:10:59 -0300] "GET /cormun/servlet/trautorizarot? HTTP/1.1" 200 9897
190.171.141.90 - - [22/Apr/2019:17:11:00 -0300] "POST /cormun/servlet/solicitudot?gx-no-cache=1555963638877 HTTP/1.1" 200 1343
190.171.141.90 - - [22/Apr/2019:17:11:00 -0300] "POST /cormun/servlet/solicitudot?gx-no-cache=1555963638924 HTTP/1.1" 200 38
190.171.141.90 - - [22/Apr/2019:17:11:00 -0300] "GET /cormun/servlet/solicitudot?771218aa5d656bb51ea2da2b0cff6f6e4117daa1404914915ae3b421ac50b20dd6b934ba1cf5b1dd11c7ccf0aa78f531ae44c65faaf5fd6a229081f36e75854149fc84dab460539e2829c64c5c3e776fc21f1e7f8a38b03333e3a5acaf64244b27230e6293b17366b8fa21ade9860d93,gx-no-cache=1555963638962 HTTP/1.1" 200 110
190.171.141.90 - - [22/Apr/2019:17:11:00 -0300] "POST /cormun/servlet/solicitudot?gx-no-cache=1555963638997 HTTP/1.1" 200 72
190.171.141.90 - - [22/Apr/2019:17:11:00 -0300] "GET /cormun/servlet/solicitudot?771218aa5d656bb51ea2da2b0cff6f6eaaf636163fea1beb9a422253c0bda543e8c50628b81d9ece0c450a85153ede5b1ebdd09b62f73c3ee47a20350dba51cca7e281348c2c1a8acd7bd9a216d2e63cf79ec102b622d13e91139a413243fe3e7da2d08956e9fdbcd307ea5a0357b26f,gx-no-cache=1555963639040 HTTP/1.1" 200 29
190.171.141.90 - - [22/Apr/2019:17:11:00 -0300] "GET /cormun/servlet/solicitudot?771218aa5d656bb51ea2da2b0cff6f6e99b11fe5fc074721e73b72fa343c6d83771ab1e76dac0033528cbe169ad97f90,gx-no-cache=1555963639071 HTTP/1.1" 200 134
190.171.141.90 - - [22/Apr/2019:17:11:00 -0300] "GET /cormun/static/Shared/jqueryui/images/ui-bg_flat_55_994d53_40x100.png HTTP/1.1" 404 1097
190.171.141.90 - - [22/Apr/2019:17:11:00 -0300] "GET /cormun/static/Shared/jqueryui/images/ui-icons_ebccce_256x240.png HTTP/1.1" 404 1089
190.171.141.90 - - [22/Apr/2019:17:11:04 -0300] "GET /cormun/static/menuarrow.gif HTTP/1.1" 404 1015
192.168.10.89 - - [22/Apr/2019:17:11:05 -0300] "POST /cormun/servlet/trautorizarot?e14592ffdacac58d0d29c4dc7a9b23da,,gx-no-cache=1555970659653 HTTP/1.1" 200 5347
190.171.141.90 - - [22/Apr/2019:17:11:10 -0300] "GET /cormun/servlet/solicitudot?771218aa5d656bb51ea2da2b0cff6f6ee7910f80b0d7f417a424de4f952817891292a778526a7919ad5bf01be5e0febb,gx-no-cache=1555963648918 HTTP/1.1" 200 30
190.171.141.90 - - [22/Apr/2019:17:11:10 -0300] "POST /cormun/servlet/solicitudot?gx-no-cache=1555963649052 HTTP/1.1" 200 33
190.171.141.90 - - [22/Apr/2019:17:11:13 -0300] "POST /cormun/servlet/solicitudot?d14243e5ea4e7eeab0d8b15a0531b526,INS,0,0,,gx-no-cache=1555963651173 HTTP/1.1" 200 93
190.171.141.90 - - [22/Apr/2019:17:11:13 -0300] "GET /cormun/servlet/hpexe_return? HTTP/1.1" 200 1006
190.171.141.90 - - [22/Apr/2019:17:11:13 -0300] "GET /cormun/servlet/trsolicitudot HTTP/1.1" 200 8785
190.171.141.90 - - [22/Apr/2019:17:11:14 -0300] "GET /cormun/servlet/trsolicitudot HTTP/1.1" 200 8784
190.171.141.90 - - [22/Apr/2019:17:11:16 -0300] "POST /cormun/servlet/trsolicitudot?d14243e5ea4e7eeab0d8b15a0531b526,gx-no-cache=1555963654254 HTTP/1.1" 200 4738
190.171.141.90 - - [22/Apr/2019:17:11:16 -0300] "GET /cormun/static/Shared/jqueryui/images/ui-icons_82798d_256x240.png HTTP/1.1" 404 1089
190.171.141.90 - - [22/Apr/2019:17:11:16 -0300] "GET /cormun/static/Shared/jqueryui/images/ui-bg_highlight-soft_100_c6c2c8_1x100.png HTTP/1.1" 404 1117
190.171.141.90 - - [22/Apr/2019:17:11:16 -0300] "GET /cormun/static/Shared/jqueryui/images/ui-icons_8d78a5_256x240.png HTTP/1.1" 404 1089
190.171.141.90 - - [22/Apr/2019:17:11:16 -0300] "GET /cormun/static/Shared/jqueryui/images/ui-bg_flat_55_fafafa_40x100.png HTTP/1.1" 404 1097
190.171.141.90 - - [22/Apr/2019:17:11:16 -0300] "POST /cormun/servlet/trsolicitudot?d14243e5ea4e7eeab0d8b15a0531b526,gx-no-cache=1555963654495 HTTP/1.1" 200 4528
190.171.141.90 - - [22/Apr/2019:17:11:17 -0300] "GET /cormun/servlet/trautorizarsolicitud? HTTP/1.1" 200 8682
190.171.141.90 - - [22/Apr/2019:17:11:18 -0300] "GET /cormun/servlet/trautorizarsolicitud? HTTP/1.1" 200 8681
190.171.141.90 - - [22/Apr/2019:17:11:19 -0300] "POST /cormun/servlet/trautorizarsolicitud?d14243e5ea4e7eeab0d8b15a0531b526,,gx-no-cache=1555963658234 HTTP/1.1" 200 4670
190.171.141.90 - - [22/Apr/2019:17:11:20 -0300] "GET /cormun/static/Shared/jqueryui/images/ui-bg_highlight-soft_100_c6c2c8_1x100.png HTTP/1.1" 404 1117
190.171.141.90 - - [22/Apr/2019:17:11:20 -0300] "GET /cormun/static/Shared/jqueryui/images/ui-icons_82798d_256x240.png HTTP/1.1" 404 1089
190.171.141.90 - - [22/Apr/2019:17:11:20 -0300] "GET /cormun/static/Shared/jqueryui/images/ui-bg_flat_55_fafafa_40x100.png HTTP/1.1" 404 1097
190.171.141.90 - - [22/Apr/2019:17:11:20 -0300] "GET /cormun/static/Shared/jqueryui/images/ui-icons_8d78a5_256x240.png HTTP/1.1" 404 1089
190.171.141.90 - - [22/Apr/2019:17:11:20 -0300] "POST /cormun/servlet/trautorizarsolicitud?d14243e5ea4e7eeab0d8b15a0531b526,,gx-no-cache=1555963658441 HTTP/1.1" 200 4461
192.168.10.89 - - [22/Apr/2019:17:11:27 -0300] "GET /cormun/servlet/trsolicitudgral? HTTP/1.1" 200 8369
190.171.141.90 - - [22/Apr/2019:17:11:32 -0300] "GET /cormun/servlet/trsolicitudot? HTTP/1.1" 200 7445
190.171.141.90 - - [22/Apr/2019:17:11:33 -0300] "GET /cormun/servlet/trsolicitudot? HTTP/1.1" 200 7445
192.168.10.89 - - [22/Apr/2019:17:11:33 -0300] "POST /cormun/servlet/trsolicitudgral?e14592ffdacac58d0d29c4dc7a9b23da,,gx-no-cache=1555970688087 HTTP/1.1" 200 6637
190.171.141.90 - - [22/Apr/2019:17:11:35 -0300] "GET /cormun/servlet/solicitudot?INS,0,0, HTTP/1.1" 200 15197
190.171.141.90 - - [22/Apr/2019:17:11:35 -0300] "GET /cormun/servlet/solicitudot?INS,0,0, HTTP/1.1" 200 15202
190.171.141.90 - - [22/Apr/2019:17:11:37 -0300] "GET /cormun/servlet/prfichaempleado?,MD,,gxPopupLevel%3D0%3B HTTP/1.1" 200 9305
192.168.10.89 - - [22/Apr/2019:17:11:39 -0300] "GET /cormun/servlet/solicitudgral?UPD,2019,15386, HTTP/1.1" 200 12513
192.168.10.89 - - [22/Apr/2019:17:11:40 -0300] "POST /cormun/servlet/solicitudgral?gx-no-cache=1555970695416 HTTP/1.1" 200 4020
192.168.10.89 - - [22/Apr/2019:17:11:40 -0300] "GET /cormun/servlet/solicitudgral?238290df35475b4343ddb1713746cd604a7cd0c80c112ca3e176434dfdc430724e6406ccbe0522e06bada7145f1ddd44c2b8de7a0b13a26848af7547df9d3c39360df00431d178fab0c4d70c4f96629c85e7d3a097f9a6a9ad76e7767bc44c22f72de6c306b35cddd87b5ba8d923dddd924e8bb3a4b4a1a269dd5b7055a8823ea30742b2c883a8497785d8e0f9fbab5949cf98f001e39edc2b18d7fdf02263f3a412ba8360eadc3014c5adfb591399bc00d6d983ba254dd6347380bc0b4bbd4de8766d0876da962304340cd32b8d2a8ed8e7194abc68982669d7414abebfdb197378f646f82e72507d7a15bb65704e4e4d00596526609ff2ec0d32721d9503e062618da6fec2b0b144c791c45b8d2c179a3cbad36fc15f400ba81fcd11a219b6b7cc8bd8e231adc98e92f55497b53d7495ad8029b5c679960e5b54ec26f8e18457108b6ff300643396b51df50941ce7d,gx-no-cache=1555970695597 HTTP/1.1" 200 256
192.168.10.89 - - [22/Apr/2019:17:11:42 -0300] "GET /cormun/servlet/solicitudgral?238290df35475b4343ddb1713746cd6076f69a423cc97e237bdf210b4171da6b87203d58c3fc8dcf699744810f210d62c2b8de7a0b13a26848af7547df9d3c3914d56f233a5170e9a29d5831367fc7835c3a6350ddd3d6ec65a9c6756ca5da08,gx-no-cache=1555970697052 HTTP/1.1" 200 30
190.171.141.90 - - [22/Apr/2019:17:11:42 -0300] "POST /cormun/servlet/prfichaempleado?d14243e5ea4e7eeab0d8b15a0531b526,,MD,,gxPopupLevel%3D0%3B,gx-no-cache=1555963681225 HTTP/1.1" 200 3967
192.168.10.89 - - [22/Apr/2019:17:11:46 -0300] "POST /cormun/servlet/solicitudgral?gx-no-cache=1555970701321 HTTP/1.1" 200 72
190.171.141.90 - - [22/Apr/2019:17:11:47 -0300] "POST /cormun/servlet/solicitudot?gx-no-cache=1555963685550 HTTP/1.1" 200 3549
190.171.141.90 - - [22/Apr/2019:17:11:47 -0300] "POST /cormun/servlet/solicitudot?d14243e5ea4e7eeab0d8b15a0531b526,INS,0,0,,gx-no-cache=1555963685752 HTTP/1.1" 200 12008
190.171.141.90 - - [22/Apr/2019:17:11:47 -0300] "GET /cormun/servlet/solicitudot?771218aa5d656bb51ea2da2b0cff6f6e078e8df9ff79dc0726a847cb02915402a222972ad0f29eb51e62fd4ed63c049a,gx-no-cache=1555963685963 HTTP/1.1" 200 30
192.168.10.89 - - [22/Apr/2019:17:11:48 -0300] "POST /cormun/servlet/solicitudgral?gx-no-cache=1555970703276 HTTP/1.1" 200 67
190.171.141.90 - - [22/Apr/2019:17:11:48 -0300] "GET /cormun/servlet/solicitudot?771218aa5d656bb51ea2da2b0cff6f6ebf79bc148919658ba2959b4fc03f85a6c46bc57148c67e6b57d222bd82e97c2d4a98c56c51780a503cb0bf615943dde5,gx-no-cache=1555963687073 HTTP/1.1" 200 30
190.171.141.90 - - [22/Apr/2019:17:11:48 -0300] "GET /cormun/servlet/solicitudot?771218aa5d656bb51ea2da2b0cff6f6e7ea47ea8726a124b0dbbbace2d3d2829,gx-no-cache=1555963687102 HTTP/1.1" 200 53
190.171.141.90 - - [22/Apr/2019:17:11:48 -0300] "POST /cormun/servlet/solicitudot?gx-no-cache=1555963687136 HTTP/1.1" 200 255
190.171.141.90 - - [22/Apr/2019:17:11:48 -0300] "GET /cormun/servlet/solicitudot?771218aa5d656bb51ea2da2b0cff6f6e0c24163826dc7053f04412eaf0331fee1e1812e3bcf499beed4280c003c266e0f0af2cc0acced8f0e3edf3367c84d03b0e316fff7d2e2b638cfef31270203d3010a6009c897aca760e7120638e774612a7555360ec2f96dbb97056868479aed15503b35f98eaf5332168215d9f4d0919ea2df6b443c3715788c2edb96883b424fdb19175faa9e6cc089771c762465d9cf9dbef4b6664c022cd1c589ac7d1ee99d4106e338aefcb8548ae1277817d3974f463c1a3ba21c4dc5b1e873d780ac35505033f0fd707fa6bf9d90371e67afb5126af7dd243d3890cb448fab40539cd7fcc4b2e0c5c00fda1d55fedd642df02a95b47e7b3b199f0369b8145eca1aa5d77b0b3ec76aa2acac4fa9adc6b2b2413856db5b11b8bc49399b594891443eed863f561463f087ffaf0826ae15657226cf533f5d292c3e50f193f07371a7a77e09b287448f847f1d46fbe203a852b7203b010fb598fc6ff8a5748fdce714dd51539befe87bb7b7c840a0bce1e7fbba276c6,gx-no-cache=1555963687173 HTTP/1.1" 200 30
192.168.10.89 - - [22/Apr/2019:17:11:49 -0300] "GET /cormun/servlet/solicitudgral?238290df35475b4343ddb1713746cd607fac1f9a215bceb403de9ef534111fbb15863bab044951466bea12320a955fdd5f256718d36e00c85c753f2fe90e5ec0d97fe9d06f73acbe5eb78648d4fb796521242e21085e4ac3409985520afed9c770fedb2c04d8fa576b3a701147d4e8dd26855ffc349e72e53b67e7706e561c80,gx-no-cache=1555970704593 HTTP/1.1" 200 49
192.168.10.89 - - [22/Apr/2019:17:11:50 -0300] "POST /cormun/servlet/solicitudgral?e14592ffdacac58d0d29c4dc7a9b23da,UPD,2019,15386,,gx-no-cache=1555970705014 HTTP/1.1" 200 11440
190.171.141.90 - - [22/Apr/2019:17:11:50 -0300] "POST /cormun/servlet/solicitudot?gx-no-cache=1555963688904 HTTP/1.1" 200 30
192.168.10.89 - - [22/Apr/2019:17:11:50 -0300] "GET /cormun/servlet/solicitudgral?238290df35475b4343ddb1713746cd604df740711993e7409917a32dfbda8c6bf5cc0a1f8089ced8d4fd1088e485d594a2d8150f9ed254929cfd01decc473b727acb3be7dfa19e01658d404a1946a84a86737d5c326487fe7579261cc5c903cf01557a62d0b622ffd0eacb5fb542bf5f,gx-no-cache=1555970705613 HTTP/1.1" 200 29
190.171.141.90 - - [22/Apr/2019:17:11:52 -0300] "GET /cormun/servlet/prcontratosol?18799451,,,,,MD,,gxPopupLevel%3D0%3B HTTP/1.1" 200 7935
190.171.141.90 - - [22/Apr/2019:17:11:53 -0300] "POST /cormun/servlet/solicitudot?gx-no-cache=1555963692285 HTTP/1.1" 200 1343
190.171.141.90 - - [22/Apr/2019:17:11:53 -0300] "POST /cormun/servlet/solicitudot?gx-no-cache=1555963692327 HTTP/1.1" 200 38
190.171.141.90 - - [22/Apr/2019:17:11:54 -0300] "GET /cormun/servlet/solicitudot?771218aa5d656bb51ea2da2b0cff6f6e4117daa1404914915ae3b421ac50b20dd6b934ba1cf5b1dd11c7ccf0aa78f531ae44c65faaf5fd6a229081f36e75854149fc84dab460539e2829c64c5c3e776fc21f1e7f8a38b03333e3a5acaf64244b27230e6293b17366b8fa21ade9860d93,gx-no-cache=1555963692351 HTTP/1.1" 200 110
190.171.141.90 - - [22/Apr/2019:17:11:54 -0300] "POST /cormun/servlet/solicitudot?gx-no-cache=1555963692378 HTTP/1.1" 200 97
190.171.141.90 - - [22/Apr/2019:17:11:54 -0300] "GET /cormun/servlet/solicitudot?771218aa5d656bb51ea2da2b0cff6f6eaaf636163fea1beb9a422253c0bda543e8c50628b81d9ece0c450a85153ede5bdf065b64a54c97ade673152311b8ba71176896f75daaeaa1d62be799d09a091bae90f8205745b21ddfd5cab45f8889618bdef0980b1bee2030eb15ab06e500102da54becf3055e2ac8dfb24a192e5eb84ed683c7b53d209a0a02f95e30ae314a133d66034f1b8db9a79fbb0ed735fd21,gx-no-cache=1555963692428 HTTP/1.1" 200 29
190.171.141.90 - - [22/Apr/2019:17:11:54 -0300] "GET /cormun/servlet/solicitudot?771218aa5d656bb51ea2da2b0cff6f6e5d66cf812129e39ad5d622d91e7d798947d1d8135fde51b8f04a8dde8c4925ee,gx-no-cache=1555963692456 HTTP/1.1" 200 134
190.171.141.90 - - [22/Apr/2019:17:11:54 -0300] "GET /cormun/static/Shared/jqueryui/images/ui-bg_highlight-soft_100_c6c2c8_1x100.png HTTP/1.1" 404 1117
190.171.141.90 - - [22/Apr/2019:17:11:54 -0300] "GET /cormun/static/Shared/jqueryui/images/ui-icons_82798d_256x240.png HTTP/1.1" 404 1089
190.171.141.90 - - [22/Apr/2019:17:11:54 -0300] "GET /cormun/static/Shared/jqueryui/images/ui-icons_ebccce_256x240.png HTTP/1.1" 404 1089
190.171.141.90 - - [22/Apr/2019:17:11:54 -0300] "GET /cormun/static/Shared/jqueryui/images/ui-bg_flat_55_994d53_40x100.png HTTP/1.1" 404 1097
192.168.10.89 - - [22/Apr/2019:17:11:55 -0300] "POST /cormun/servlet/solicitudgral?e14592ffdacac58d0d29c4dc7a9b23da,UPD,2019,15386,,gx-no-cache=1555970709636 HTTP/1.1" 200 93
192.168.10.89 - - [22/Apr/2019:17:11:55 -0300] "GET /cormun/servlet/hpexe_return? HTTP/1.1" 200 1015
192.168.10.89 - - [22/Apr/2019:17:11:55 -0300] "GET /cormun/servlet/trsolicitudgral? HTTP/1.1" 200 9738
190.171.141.90 - - [22/Apr/2019:17:11:56 -0300] "GET /cormun/static/menuarrow.gif HTTP/1.1" 404 1015
192.168.10.89 - - [22/Apr/2019:17:11:58 -0300] "POST /cormun/servlet/trsolicitudgral?e14592ffdacac58d0d29c4dc7a9b23da,,gx-no-cache=1555970713569 HTTP/1.1" 200 5478
192.168.10.89 - - [22/Apr/2019:17:11:59 -0300] "GET /cormun/static/Shared/jqueryui/images/ui-icons_82798d_256x240.png HTTP/1.1" 404 1089
192.168.10.89 - - [22/Apr/2019:17:11:59 -0300] "GET /cormun/static/Shared/jqueryui/images/ui-bg_highlight-soft_100_c6c2c8_1x100.png HTTP/1.1" 404 1117
192.168.10.89 - - [22/Apr/2019:17:11:59 -0300] "GET /cormun/static/Shared/jqueryui/images/ui-bg_flat_55_fafafa_40x100.png HTTP/1.1" 404 1097
192.168.10.89 - - [22/Apr/2019:17:11:59 -0300] "GET /cormun/static/Shared/jqueryui/images/ui-icons_8d78a5_256x240.png HTTP/1.1" 404 1089
192.168.10.89 - - [22/Apr/2019:17:12:00 -0300] "GET /cormun/servlet/trsolicitudgral? HTTP/1.1" 200 8363
192.168.10.89 - - [22/Apr/2019:17:12:02 -0300] "GET /cormun/servlet/trautorizarot? HTTP/1.1" 200 9580
192.168.10.89 - - [22/Apr/2019:17:12:06 -0300] "POST /cormun/servlet/trautorizarot?e14592ffdacac58d0d29c4dc7a9b23da,,gx-no-cache=1555970721236 HTTP/1.1" 200 5345
190.171.141.90 - - [22/Apr/2019:17:12:07 -0300] "GET /cormun/servlet/solicitudot?771218aa5d656bb51ea2da2b0cff6f6ee7910f80b0d7f417a424de4f952817891292a778526a7919ad5bf01be5e0febb,gx-no-cache=1555963705391 HTTP/1.1" 200 30
190.171.141.90 - - [22/Apr/2019:17:12:12 -0300] "POST /cormun/servlet/solicitudot?gx-no-cache=1555963710845 HTTP/1.1" 200 33
190.171.141.90 - - [22/Apr/2019:17:12:19 -0300] "POST /cormun/servlet/solicitudot?d14243e5ea4e7eeab0d8b15a0531b526,INS,0,0,,gx-no-cache=1555963716932 HTTP/1.1" 200 93
190.171.141.90 - - [22/Apr/2019:17:12:19 -0300] "GET /cormun/servlet/hpexe_return? HTTP/1.1" 200 1006
190.171.141.90 - - [22/Apr/2019:17:12:19 -0300] "GET /cormun/servlet/trsolicitudot HTTP/1.1" 200 8822
190.171.141.90 - - [22/Apr/2019:17:12:19 -0300] "GET /cormun/servlet/trsolicitudot HTTP/1.1" 200 8818
190.171.141.90 - - [22/Apr/2019:17:12:22 -0300] "POST /cormun/servlet/trsolicitudot?d14243e5ea4e7eeab0d8b15a0531b526,gx-no-cache=1555963720403 HTTP/1.1" 200 4752
190.171.141.90 - - [22/Apr/2019:17:12:22 -0300] "GET /cormun/static/Shared/jqueryui/images/ui-bg_highlight-soft_100_c6c2c8_1x100.png HTTP/1.1" 404 1117
190.171.141.90 - - [22/Apr/2019:17:12:22 -0300] "GET /cormun/static/Shared/jqueryui/images/ui-icons_82798d_256x240.png HTTP/1.1" 404 1089
190.171.141.90 - - [22/Apr/2019:17:12:22 -0300] "GET /cormun/static/Shared/jqueryui/images/ui-icons_8d78a5_256x240.png HTTP/1.1" 404 1089
