152.231.70.149 - - [17/Apr/2019:14:42:54 -0300] "POST /cormun/servlet/trsolicitudot?75466cf203224553f219cc4306d19393,,gx-no-cache=1555522749131 HTTP/1.1" 200 4529
200.54.103.162 - - [17/Apr/2019:14:42:54 -0300] "GET /cormun/servlet/solicitudotadjuntos?INS,2019,15357,,1, HTTP/1.1" 200 6384
200.54.103.162 - - [17/Apr/2019:14:42:54 -0300] "GET /cormun/static/about:blank HTTP/1.1" 404 1011
190.171.143.106 - - [17/Apr/2019:14:42:55 -0300] "POST /cormun/servlet/solicitudotadjuntos?gx-no-cache=1555522749780 HTTP/1.1" 200 26
200.54.103.162 - - [17/Apr/2019:14:42:55 -0300] "GET /cormun/servlet/solicitudotadjuntos?INS,2019,15357,,1, HTTP/1.1" 200 6378
200.54.103.162 - - [17/Apr/2019:14:42:56 -0300] "GET /cormun/servlet/solicitudotadjuntos?bbcf2ea62da7d7f41650302e1f64536c81987fffbefe10557f44cefb94e4d88b50c6493122d3b37fb87d379e8fd934f2,gx-no-cache=1555522752592 HTTP/1.1" 200 30
200.54.103.162 - - [17/Apr/2019:14:42:56 -0300] "POST /cormun/servlet/solicitudotadjuntos?4c199f49c68a60fa32f00fd3f5a74209,INS,2019,15357,,1,,gx-no-cache=1555522752742 HTTP/1.1" 200 4104
200.54.103.162 - - [17/Apr/2019:14:42:59 -0300] "POST /cormun/servlet/solicitudotadjuntos?gx-no-cache=1555522755526 HTTP/1.1" 200 26
152.231.70.149 - - [17/Apr/2019:14:43:01 -0300] "POST /cormun/servlet/trsolicitudot?75466cf203224553f219cc4306d19393,,gx-no-cache=1555522756724 HTTP/1.1" 200 5967
200.54.103.162 - - [17/Apr/2019:14:43:06 -0300] "GET /cormun/servlet/solicitudotadjuntos?bbcf2ea62da7d7f41650302e1f64536c3bc4514c7cfeba394855e76c609230a2,gx-no-cache=1555522762719 HTTP/1.1" 200 30
200.54.103.162 - - [17/Apr/2019:14:43:06 -0300] "GET /cormun/servlet/solicitudotadjuntos?bbcf2ea62da7d7f41650302e1f64536c3bc4514c7cfeba394855e76c609230a2,gx-no-cache=1555522762824 HTTP/1.1" 200 30
190.171.143.106 - - [17/Apr/2019:14:43:07 -0300] "GET /cormun/servlet/solicitudotadjuntos?e011588bc74bf13709c41b05165d412978d46b7fb9b4dd550720aca05a1edd01,gx-no-cache=1555522761220 HTTP/1.1" 200 30
190.171.143.106 - - [17/Apr/2019:14:43:07 -0300] "GET /cormun/servlet/solicitudotadjuntos?e011588bc74bf13709c41b05165d412978d46b7fb9b4dd550720aca05a1edd01,gx-no-cache=1555522761754 HTTP/1.1" 200 30
190.171.143.106 - - [17/Apr/2019:14:43:08 -0300] "POST /cormun/servlet/solicitudotadjuntos?bc4d0794aac40453a5f999e628db5409,INS,2019,15356,,1, HTTP/1.1" 200 116
190.171.143.106 - - [17/Apr/2019:14:43:08 -0300] "GET /cormun/servlet/hpexe_return? HTTP/1.1" 200 1028
200.54.103.162 - - [17/Apr/2019:14:43:08 -0300] "POST /cormun/servlet/solicitudotadjuntos?4c199f49c68a60fa32f00fd3f5a74209,INS,2019,15357,,1, HTTP/1.1" 200 116
190.171.143.106 - - [17/Apr/2019:14:43:08 -0300] "GET /cormun/servlet/trsolicitudadjuntos?2019,15356, HTTP/1.1" 200 9655
200.54.103.162 - - [17/Apr/2019:14:43:08 -0300] "GET /cormun/servlet/hpexe_return? HTTP/1.1" 200 1029
200.54.103.162 - - [17/Apr/2019:14:43:09 -0300] "GET /cormun/servlet/trsolicitudadjuntos?2019,15357, HTTP/1.1" 200 9644
190.171.143.106 - - [17/Apr/2019:14:43:09 -0300] "GET /cormun/servlet/trsolicitudadjuntos?2019,15356, HTTP/1.1" 200 9652
200.54.103.162 - - [17/Apr/2019:14:43:11 -0300] "GET /cormun/servlet/trsolicitudadjuntos?2019,15357, HTTP/1.1" 200 9642
200.54.103.162 - - [17/Apr/2019:14:43:12 -0300] "GET /cormun/servlet/solicitudotadjuntos?INS,2019,15357,,1, HTTP/1.1" 200 6384
200.54.103.162 - - [17/Apr/2019:14:43:13 -0300] "GET /cormun/static/about:blank HTTP/1.1" 404 1011
200.54.103.162 - - [17/Apr/2019:14:43:14 -0300] "GET /cormun/servlet/solicitudotadjuntos?INS,2019,15357,,1, HTTP/1.1" 200 6378
200.54.103.162 - - [17/Apr/2019:14:43:14 -0300] "GET /cormun/servlet/solicitudotadjuntos?bbcf2ea62da7d7f41650302e1f64536c81987fffbefe10557f44cefb94e4d88b50c6493122d3b37fb87d379e8fd934f2,gx-no-cache=1555522770954 HTTP/1.1" 200 30
152.231.70.149 - - [17/Apr/2019:14:43:15 -0300] "POST /cormun/servlet/trsolicitudot?75466cf203224553f219cc4306d19393,,gx-no-cache=1555522769582 HTTP/1.1" 200 5944
200.54.103.162 - - [17/Apr/2019:14:43:16 -0300] "POST /cormun/servlet/solicitudotadjuntos?4c199f49c68a60fa32f00fd3f5a74209,INS,2019,15357,,1,,gx-no-cache=1555522771089 HTTP/1.1" 200 4104
200.54.103.162 - - [17/Apr/2019:14:43:19 -0300] "POST /cormun/servlet/solicitudotadjuntos?gx-no-cache=1555522775967 HTTP/1.1" 200 26
152.231.70.149 - - [17/Apr/2019:14:43:20 -0300] "POST /cormun/servlet/trsolicitudot?75466cf203224553f219cc4306d19393,,gx-no-cache=1555522775651 HTTP/1.1" 200 5944
152.231.70.149 - - [17/Apr/2019:14:43:22 -0300] "GET /cormun/servlet/trautorizarsolicitud? HTTP/1.1" 200 7436
152.231.70.149 - - [17/Apr/2019:14:43:23 -0300] "GET /cormun/servlet/trautorizarsolicitud? HTTP/1.1" 200 7436
190.171.153.218 - - [17/Apr/2019:14:43:26 -0300] "POST /cormun/servlet/trautorizarsolicitud?75466cf203224553f219cc4306d19393,,gx-no-cache=1555522781181 HTTP/1.1" 200 5890
200.54.103.162 - - [17/Apr/2019:14:43:26 -0300] "GET /cormun/servlet/solicitudotadjuntos?bbcf2ea62da7d7f41650302e1f64536c3bc4514c7cfeba394855e76c609230a2,gx-no-cache=1555522782591 HTTP/1.1" 200 30
200.54.103.162 - - [17/Apr/2019:14:43:26 -0300] "GET /cormun/servlet/solicitudotadjuntos?bbcf2ea62da7d7f41650302e1f64536c3bc4514c7cfeba394855e76c609230a2,gx-no-cache=1555522782685 HTTP/1.1" 200 30
200.54.103.162 - - [17/Apr/2019:14:43:28 -0300] "POST /cormun/servlet/solicitudotadjuntos?4c199f49c68a60fa32f00fd3f5a74209,INS,2019,15357,,1, HTTP/1.1" 200 116
200.54.103.162 - - [17/Apr/2019:14:43:29 -0300] "GET /cormun/servlet/hpexe_return? HTTP/1.1" 200 1029
200.54.103.162 - - [17/Apr/2019:14:43:29 -0300] "GET /cormun/servlet/trsolicitudadjuntos?2019,15357, HTTP/1.1" 200 9883
190.171.153.218 - - [17/Apr/2019:14:43:31 -0300] "POST /cormun/servlet/trautorizarsolicitud?75466cf203224553f219cc4306d19393,,gx-no-cache=1555522786725 HTTP/1.1" 200 4723
200.54.103.162 - - [17/Apr/2019:14:43:31 -0300] "GET /cormun/servlet/trsolicitudadjuntos?2019,15357, HTTP/1.1" 200 9882
190.171.153.218 - - [17/Apr/2019:14:43:31 -0300] "GET /cormun/static/Shared/jqueryui/images/ui-bg_highlight-soft_100_c6c2c8_1x100.png HTTP/1.1" 404 1117
190.171.153.218 - - [17/Apr/2019:14:43:31 -0300] "GET /cormun/static/Shared/jqueryui/images/ui-icons_82798d_256x240.png HTTP/1.1" 404 1089
164.77.113.188 - - [17/Apr/2019:14:43:31 -0300] "GET /cormun/static/Shared/jqueryui/images/ui-bg_flat_55_fafafa_40x100.png HTTP/1.1" 404 1097
190.171.153.218 - - [17/Apr/2019:14:43:31 -0300] "GET /cormun/static/Shared/jqueryui/images/ui-icons_8d78a5_256x240.png HTTP/1.1" 404 1089
190.151.99.26 - - [17/Apr/2019:14:43:32 -0300] "POST /cormun/servlet/trautorizarsolicitud?75466cf203224553f219cc4306d19393,,gx-no-cache=1555522787139 HTTP/1.1" 200 4461
200.54.103.162 - - [17/Apr/2019:14:43:35 -0300] "GET /cormun/servlet/solicitudotadjuntos?INS,2019,15357,,1, HTTP/1.1" 200 6384
200.54.103.162 - - [17/Apr/2019:14:43:35 -0300] "GET /cormun/static/about:blank HTTP/1.1" 404 1011
200.54.103.162 - - [17/Apr/2019:14:43:36 -0300] "GET /cormun/servlet/solicitudotadjuntos?INS,2019,15357,,1, HTTP/1.1" 200 6378
200.54.103.162 - - [17/Apr/2019:14:43:37 -0300] "GET /cormun/servlet/solicitudotadjuntos?bbcf2ea62da7d7f41650302e1f64536c81987fffbefe10557f44cefb94e4d88b50c6493122d3b37fb87d379e8fd934f2,gx-no-cache=1555522793681 HTTP/1.1" 200 30
200.54.103.162 - - [17/Apr/2019:14:43:37 -0300] "POST /cormun/servlet/solicitudotadjuntos?4c199f49c68a60fa32f00fd3f5a74209,INS,2019,15357,,1,,gx-no-cache=1555522793833 HTTP/1.1" 200 4104
200.54.103.162 - - [17/Apr/2019:14:43:39 -0300] "POST /cormun/servlet/solicitudotadjuntos?gx-no-cache=1555522796070 HTTP/1.1" 200 26
200.54.103.162 - - [17/Apr/2019:14:43:46 -0300] "GET /cormun/servlet/solicitudotadjuntos?bbcf2ea62da7d7f41650302e1f64536c3bc4514c7cfeba394855e76c609230a2,gx-no-cache=1555522802560 HTTP/1.1" 200 30
200.54.103.162 - - [17/Apr/2019:14:43:46 -0300] "GET /cormun/servlet/solicitudotadjuntos?bbcf2ea62da7d7f41650302e1f64536c3bc4514c7cfeba394855e76c609230a2,gx-no-cache=1555522802685 HTTP/1.1" 200 30
200.54.103.162 - - [17/Apr/2019:14:43:48 -0300] "POST /cormun/servlet/solicitudotadjuntos?4c199f49c68a60fa32f00fd3f5a74209,INS,2019,15357,,1, HTTP/1.1" 200 116
200.54.103.162 - - [17/Apr/2019:14:43:48 -0300] "GET /cormun/servlet/hpexe_return? HTTP/1.1" 200 1029
200.54.103.162 - - [17/Apr/2019:14:43:48 -0300] "GET /cormun/servlet/trsolicitudadjuntos?2019,15357, HTTP/1.1" 200 10094
190.171.143.106 - - [17/Apr/2019:14:43:49 -0300] "GET /cormun/servlet/trsolicitudot? HTTP/1.1" 200 8544
190.171.143.106 - - [17/Apr/2019:14:43:50 -0300] "GET /cormun/servlet/trsolicitudot? HTTP/1.1" 200 8537
200.54.103.162 - - [17/Apr/2019:14:43:50 -0300] "GET /cormun/servlet/trsolicitudadjuntos?2019,15357, HTTP/1.1" 200 10093
190.171.143.106 - - [17/Apr/2019:14:43:55 -0300] "POST /cormun/servlet/trsolicitudot?bc4d0794aac40453a5f999e628db5409,,gx-no-cache=1555522809512 HTTP/1.1" 200 5540
190.171.143.106 - - [17/Apr/2019:14:43:55 -0300] "GET /cormun/static/Shared/jqueryui/images/ui-bg_highlight-soft_100_c6c2c8_1x100.png HTTP/1.1" 404 1117
190.171.143.106 - - [17/Apr/2019:14:43:55 -0300] "GET /cormun/static/Shared/jqueryui/images/ui-bg_flat_55_fafafa_40x100.png HTTP/1.1" 404 1097
190.171.143.106 - - [17/Apr/2019:14:43:55 -0300] "GET /cormun/static/Shared/jqueryui/images/ui-icons_8d78a5_256x240.png HTTP/1.1" 404 1089
190.171.143.106 - - [17/Apr/2019:14:43:55 -0300] "GET /cormun/static/Shared/jqueryui/images/ui-icons_82798d_256x240.png HTTP/1.1" 404 1089
190.171.143.106 - - [17/Apr/2019:14:43:59 -0300] "POST /cormun/servlet/trsolicitudot?bc4d0794aac40453a5f999e628db5409,,gx-no-cache=1555522813339 HTTP/1.1" 200 107
190.171.143.106 - - [17/Apr/2019:14:43:59 -0300] "GET /cormun/servlet/trsolicitudadjuntos?2019,15356, HTTP/1.1" 200 9652
190.171.143.106 - - [17/Apr/2019:14:44:00 -0300] "GET /cormun/servlet/trsolicitudadjuntos?2019,15356, HTTP/1.1" 200 9653
190.171.143.106 - - [17/Apr/2019:14:44:02 -0300] "GET /cormun/servlet/solicitudotadjuntos?INS,2019,15356,,1, HTTP/1.1" 200 6133
190.171.143.106 - - [17/Apr/2019:14:44:02 -0300] "GET /cormun/static/about:blank HTTP/1.1" 404 1011
190.171.143.106 - - [17/Apr/2019:14:44:02 -0300] "GET /cormun/servlet/solicitudotadjuntos?INS,2019,15356,,1, HTTP/1.1" 200 6127
190.171.143.106 - - [17/Apr/2019:14:44:03 -0300] "GET /cormun/servlet/solicitudotadjuntos?e011588bc74bf13709c41b05165d41292bde31954a19a2da1d80a5189aed7bbc44f04f34bc2ed7cacdb6dffbd25400c9,gx-no-cache=1555522817431 HTTP/1.1" 200 30
190.171.143.106 - - [17/Apr/2019:14:44:03 -0300] "POST /cormun/servlet/solicitudotadjuntos?bc4d0794aac40453a5f999e628db5409,INS,2019,15356,,1,,gx-no-cache=1555522817453 HTTP/1.1" 200 3863
190.171.143.106 - - [17/Apr/2019:14:44:05 -0300] "POST /cormun/servlet/solicitudotadjuntos?gx-no-cache=1555522819252 HTTP/1.1" 200 26
200.54.103.162 - - [17/Apr/2019:14:44:06 -0300] "POST /cormun/servlet/trsolicitudadjuntos?4c199f49c68a60fa32f00fd3f5a74209,2019,15357,,gx-no-cache=1555522823033 HTTP/1.1" 200 90
200.54.103.162 - - [17/Apr/2019:14:44:06 -0300] "GET /cormun/servlet/hpexe_link HTTP/1.1" 200 972
200.54.103.162 - - [17/Apr/2019:14:44:07 -0300] "GET /cormun/servlet/trsolicitudot HTTP/1.1" 200 8919
200.54.103.162 - - [17/Apr/2019:14:44:08 -0300] "GET /cormun/servlet/trsolicitudot HTTP/1.1" 200 8918
190.171.143.106 - - [17/Apr/2019:14:44:09 -0300] "GET /cormun/servlet/solicitudotadjuntos?e011588bc74bf13709c41b05165d412978d46b7fb9b4dd550720aca05a1edd01,gx-no-cache=1555522823660 HTTP/1.1" 200 30
190.171.143.106 - - [17/Apr/2019:14:44:09 -0300] "GET /cormun/servlet/solicitudotadjuntos?e011588bc74bf13709c41b05165d412978d46b7fb9b4dd550720aca05a1edd01,gx-no-cache=1555522823677 HTTP/1.1" 200 30
190.171.143.106 - - [17/Apr/2019:14:44:09 -0300] "POST /cormun/servlet/solicitudotadjuntos?bc4d0794aac40453a5f999e628db5409,INS,2019,15356,,1, HTTP/1.1" 200 116
190.171.143.106 - - [17/Apr/2019:14:44:09 -0300] "GET /cormun/servlet/hpexe_return? HTTP/1.1" 200 1028
190.171.143.106 - - [17/Apr/2019:14:44:09 -0300] "GET /cormun/servlet/trsolicitudadjuntos?2019,15356, HTTP/1.1" 200 9855
190.171.143.106 - - [17/Apr/2019:14:44:10 -0300] "GET /cormun/servlet/trsolicitudadjuntos?2019,15356, HTTP/1.1" 200 9849
190.171.143.106 - - [17/Apr/2019:14:44:14 -0300] "GET /cormun/servlet/trsolicitudot? HTTP/1.1" 200 8544
190.171.143.106 - - [17/Apr/2019:14:44:14 -0300] "GET /cormun/servlet/trsolicitudot? HTTP/1.1" 200 8537
190.171.153.218 - - [17/Apr/2019:14:44:15 -0300] "GET /cormun/servlet/trsolicitudot? HTTP/1.1" 200 7530
190.171.153.218 - - [17/Apr/2019:14:44:15 -0300] "GET /cormun/servlet/trsolicitudot? HTTP/1.1" 200 7529
190.171.143.106 - - [17/Apr/2019:14:44:17 -0300] "POST /cormun/servlet/trsolicitudot?bc4d0794aac40453a5f999e628db5409,,gx-no-cache=1555522831963 HTTP/1.1" 200 4292
190.171.143.106 - - [17/Apr/2019:14:44:17 -0300] "GET /cormun/static/Shared/jqueryui/images/ui-bg_highlight-soft_100_c6c2c8_1x100.png HTTP/1.1" 404 1117
190.171.143.106 - - [17/Apr/2019:14:44:17 -0300] "GET /cormun/static/Shared/jqueryui/images/ui-icons_82798d_256x240.png HTTP/1.1" 404 1089
190.171.143.106 - - [17/Apr/2019:14:44:17 -0300] "GET /cormun/static/Shared/jqueryui/images/ui-bg_flat_55_fafafa_40x100.png HTTP/1.1" 404 1097
190.171.143.106 - - [17/Apr/2019:14:44:17 -0300] "GET /cormun/static/Shared/jqueryui/images/ui-icons_8d78a5_256x240.png HTTP/1.1" 404 1089
190.171.153.218 - - [17/Apr/2019:14:44:17 -0300] "GET /cormun/servlet/solicitudot?INS,0,0, HTTP/1.1" 200 15291
190.171.143.106 - - [17/Apr/2019:14:44:17 -0300] "POST /cormun/servlet/trsolicitudot?bc4d0794aac40453a5f999e628db5409,,gx-no-cache=1555522832194 HTTP/1.1" 200 4068
190.171.153.218 - - [17/Apr/2019:14:44:18 -0300] "GET /cormun/servlet/solicitudot?INS,0,0, HTTP/1.1" 200 15296
190.151.124.170 - - [17/Apr/2019:14:44:21 -0300] "GET /cormun/servlet/prfichaempleado?,MD,,gxPopupLevel%3D0%3B HTTP/1.1" 200 9409
200.54.103.162 - - [17/Apr/2019:14:44:31 -0300] "GET /cormun/servlet/vesolicitudot?2019,15357,, HTTP/1.1" 200 8702
200.54.103.162 - - [17/Apr/2019:14:44:31 -0300] "GET /cormun/pexe_scrolldiv.js HTTP/1.1" 404 1009
200.54.103.162 - - [17/Apr/2019:14:44:31 -0300] "GET /cormun/pexe_scrolldiv.js HTTP/1.1" 404 1009
200.54.103.162 - - [17/Apr/2019:14:44:33 -0300] "GET /cormun/servlet/vesolicitudot?2019,15357,, HTTP/1.1" 200 8702
190.151.124.170 - - [17/Apr/2019:14:44:34 -0300] "POST /cormun/servlet/prfichaempleado?75466cf203224553f219cc4306d19393,,MD,,gxPopupLevel%3D0%3B,gx-no-cache=1555522849374 HTTP/1.1" 200 3480
186.103.159.186 - - [17/Apr/2019:14:44:44 -0300] "GET /cormun/servlet/hlogin HTTP/1.1" 200 1723
190.151.124.170 - - [17/Apr/2019:14:44:46 -0300] "POST /cormun/servlet/solicitudot?gx-no-cache=1555522862168 HTTP/1.1" 200 3587
190.151.124.170 - - [17/Apr/2019:14:44:47 -0300] "POST /cormun/servlet/solicitudot?75466cf203224553f219cc4306d19393,INS,0,0,,gx-no-cache=1555522862384 HTTP/1.1" 200 12055
190.151.124.170 - - [17/Apr/2019:14:44:47 -0300] "GET /cormun/servlet/solicitudot?93316464d15b4e269a21c5d88eb478af0b747a455a60851b711bf1fb7c0d0fb56a7d4e0a9433883c9372bfd57addcf64,gx-no-cache=1555522862627 HTTP/1.1" 200 30
190.151.124.170 - - [17/Apr/2019:14:44:47 -0300] "GET /cormun/servlet/solicitudot?93316464d15b4e269a21c5d88eb478af75395c8061a3c18a63473150535c2412e374ced21a080f853485e9e410742d04e68760d2bdba3aa5cd4f8214c44319b5,gx-no-cache=1555522862679 HTTP/1.1" 200 30
186.103.159.186 - - [17/Apr/2019:14:44:50 -0300] "POST /cormun/servlet/hlogin?33d3e323dde22d0320e4fcc064302b5a,gx-no-cache=1555522866538 HTTP/1.1" 200 90
186.103.159.186 - - [17/Apr/2019:14:44:50 -0300] "GET /cormun/servlet/hpexe_link HTTP/1.1" 200 950
186.103.159.186 - - [17/Apr/2019:14:44:50 -0300] "GET /cormun/servlet/hhome HTTP/1.1" 200 4030
186.103.159.186 - - [17/Apr/2019:14:44:52 -0300] "GET /cormun/servlet/hhome HTTP/1.1" 200 4026
190.151.124.170 - - [17/Apr/2019:14:44:54 -0300] "GET /cormun/servlet/solicitudot?93316464d15b4e269a21c5d88eb478af6d4b1882700a8cd6c68d93f792476c2a,gx-no-cache=1555522869928 HTTP/1.1" 200 53
186.103.159.186 - - [17/Apr/2019:14:44:55 -0300] "GET /cormun/servlet/trpermisosgoce? HTTP/1.1" 200 10248
186.103.159.186 - - [17/Apr/2019:14:44:56 -0300] "GET /cormun/servlet/trpermisosgoce? HTTP/1.1" 200 10246
186.103.159.186 - - [17/Apr/2019:14:45:01 -0300] "GET /cormun/servlet/permisogoce?INS,0,,, HTTP/1.1" 200 6865
190.151.124.170 - - [17/Apr/2019:14:45:01 -0300] "POST /cormun/servlet/solicitudot?gx-no-cache=1555522877266 HTTP/1.1" 200 297
190.151.124.170 - - [17/Apr/2019:14:45:02 -0300] "GET /cormun/servlet/solicitudot?93316464d15b4e269a21c5d88eb478af7fae300ac122500585638fa958a22775eeefe7f4c619094e4b95dc28eea7772abd246e5c6d843bde711a6190a631dfc0a77e7fa672f98cd4f1db80e7512fb7797536362f9ec5d0b74eef64a6203b228efda94d00791d043bc432e5509c20b0393cbd39c87e4e78186b81424842510b7889209a782d5fe915bd2b9244f759ab5c6bae041de232fe51978ab6669c10eb725a5c3a781e5430769e0a41a00390e83dde25ef896a71a074e5bbbedfeb0cad0318cec9cf325d8326e344ed147130102a1040eec675cc0e81cbb606f67d2bc698729dbeb47c7504fe0804d0dd32b3a7f807e1dad47321287722d8763f20da09200de9877220f51d6a4f89a29cfc0d5555862ef3bf9ac820d0b22f16b9a648fe8abbeadf1154c905858312f0224198f7d5af7af72af9ab1a72213d004eb9a910611d62c1c60c908fadcd6a627652d05688457e3690a59a5ff61f5c7a0ad2840d7cb779efc047e864e1dd6c47af2bb3b6024a532ca00db8281979450b60e21c73fc8567f50039d4f48d6f24c7b87e933bce,gx-no-cache=1555522877360 HTTP/1.1" 200 30
186.103.159.186 - - [17/Apr/2019:14:45:03 -0300] "GET /cormun/servlet/permisogoce?INS,0,,, HTTP/1.1" 200 6865
190.151.124.170 - - [17/Apr/2019:14:45:04 -0300] "POST /cormun/servlet/solicitudot?gx-no-cache=1555522879450 HTTP/1.1" 200 30
190.151.124.170 - - [17/Apr/2019:14:45:07 -0300] "POST /cormun/servlet/solicitudot?gx-no-cache=1555522883191 HTTP/1.1" 200 1343
190.151.124.170 - - [17/Apr/2019:14:45:07 -0300] "POST /cormun/servlet/solicitudot?gx-no-cache=1555522883267 HTTP/1.1" 200 38
186.103.159.186 - - [17/Apr/2019:14:45:12 -0300] "GET /cormun/servlet/permisogoce?1df5fdb74f0a1275997a7b94f1d7bff2c55909ac5a8285317827627913ce2d83d5785f4e4fa605128fe65c80f083b852fb954f4224cdccc44a65db7130e39719,gx-no-cache=1555522888281 HTTP/1.1" 200 80
186.103.159.186 - - [17/Apr/2019:14:45:12 -0300] "GET /cormun/static/menuarrow.gif HTTP/1.1" 404 1015
190.151.124.170 - - [17/Apr/2019:14:45:14 -0300] "GET /cormun/servlet/solicitudot?93316464d15b4e269a21c5d88eb478af543c3311ce5f15653579cc2538623a81547613275d06b794891685a3387d46758e3a5ad200d7eb17c79642010e9d779a1be0c5b9d37b6c0c2d024990ce4fa43e237556dd53187c331b3a83930df10bcfe73a737027079295d4b51878e0896309,gx-no-cache=1555522889443 HTTP/1.1" 200 110
190.151.124.170 - - [17/Apr/2019:14:45:14 -0300] "POST /cormun/servlet/solicitudot?gx-no-cache=1555522889665 HTTP/1.1" 200 72
186.103.159.186 - - [17/Apr/2019:14:45:18 -0300] "GET /cormun/servlet/permisogoce?1df5fdb74f0a1275997a7b94f1d7bff2a7f225cc148e89dd408214c51a75fe11f1e1a59626e73b953c6cec4abb3f29b7c7837bcb70a66362ec1bc97a8c99b889,gx-no-cache=1555522895068 HTTP/1.1" 200 47
190.151.124.170 - - [17/Apr/2019:14:45:20 -0300] "GET /cormun/servlet/solicitudot?93316464d15b4e269a21c5d88eb478af3df3c5bc30b86dfa1f7c65292266511bf7435c5cb01ab118f451dd93c01fe3d1220fc02905fc8b59b9d0219d93eaaa57a7e3f684117d9f09e46a505ab205e98a4a133d132fe3d544a85ef0aa244999788a6d495056a5d7332058e8b426eca7ba,gx-no-cache=1555522896212 HTTP/1.1" 200 29
190.151.124.170 - - [17/Apr/2019:14:45:20 -0300] "GET /cormun/static/menuarrow.gif HTTP/1.1" 404 1015
190.151.124.170 - - [17/Apr/2019:14:45:23 -0300] "GET /cormun/servlet/solicitudot?93316464d15b4e269a21c5d88eb478af3e21ecb13b35f70a22dd71cdf51462b81018f1032a6f8517a50b252c568e2cc2,gx-no-cache=1555522898650 HTTP/1.1" 200 30
186.103.159.186 - - [17/Apr/2019:14:45:23 -0300] "POST /cormun/servlet/permisogoce?33d3e323dde22d0320e4fcc064302b5a,INS,0,,,,gx-no-cache=1555522898898 HTTP/1.1" 200 93
186.103.159.186 - - [17/Apr/2019:14:45:23 -0300] "GET /cormun/servlet/hpexe_return? HTTP/1.1" 200 1010
186.103.159.186 - - [17/Apr/2019:14:45:23 -0300] "GET /cormun/servlet/trpermisosgoce HTTP/1.1" 200 10517
186.103.159.186 - - [17/Apr/2019:14:45:25 -0300] "GET /cormun/servlet/trpermisosgoce HTTP/1.1" 200 10513
186.103.159.186 - - [17/Apr/2019:14:45:28 -0300] "GET /cormun/servlet/apermisogoceprn?15125128,P,20190417153818,PU HTTP/1.1" 200 1661
190.171.153.218 - - [17/Apr/2019:14:45:54 -0300] "POST /cormun/servlet/solicitudot?gx-no-cache=1555522929594 HTTP/1.1" 200 30
190.171.153.218 - - [17/Apr/2019:14:46:45 -0300] "GET /cormun/servlet/solicitudot?93316464d15b4e269a21c5d88eb478af543c3311ce5f15653579cc2538623a81547613275d06b794891685a3387d46758e3a5ad200d7eb17c79642010e9d779a1be0c5b9d37b6c0c2d024990ce4fa43e237556dd53187c331b3a83930df10bcfe73a737027079295d4b51878e0896309,gx-no-cache=1555522980395 HTTP/1.1" 200 110
190.171.153.218 - - [17/Apr/2019:14:46:45 -0300] "GET /cormun/servlet/solicitudot?93316464d15b4e269a21c5d88eb478af3e21ecb13b35f70a22dd71cdf51462b81018f1032a6f8517a50b252c568e2cc2,gx-no-cache=1555522980523 HTTP/1.1" 200 30
190.171.153.218 - - [17/Apr/2019:14:46:45 -0300] "POST /cormun/servlet/solicitudot?gx-no-cache=1555522980563 HTTP/1.1" 200 30
190.171.153.218 - - [17/Apr/2019:14:46:45 -0300] "POST /cormun/servlet/solicitudot?75466cf203224553f219cc4306d19393,INS,0,0,,gx-no-cache=1555522980617 HTTP/1.1" 200 93
190.171.153.218 - - [17/Apr/2019:14:46:45 -0300] "GET /cormun/servlet/hpexe_return? HTTP/1.1" 200 1001
190.171.153.218 - - [17/Apr/2019:14:46:45 -0300] "GET /cormun/servlet/trsolicitudot HTTP/1.1" 200 7533
190.171.153.218 - - [17/Apr/2019:14:46:46 -0300] "GET /cormun/servlet/trsolicitudot HTTP/1.1" 200 7530
164.77.113.188 - - [17/Apr/2019:14:46:51 -0300] "GET /cormun/servlet/trautorizarsolicitud? HTTP/1.1" 200 7436
164.77.113.188 - - [17/Apr/2019:14:46:51 -0300] "GET /cormun/servlet/trautorizarsolicitud? HTTP/1.1" 200 7435
190.171.153.218 - - [17/Apr/2019:14:46:56 -0300] "POST /cormun/servlet/trautorizarsolicitud?75466cf203224553f219cc4306d19393,,gx-no-cache=1555522991142 HTTP/1.1" 200 5827
190.171.153.218 - - [17/Apr/2019:14:47:00 -0300] "POST /cormun/servlet/trautorizarsolicitud?75466cf203224553f219cc4306d19393,,gx-no-cache=1555522995494 HTTP/1.1" 200 107
190.171.153.218 - - [17/Apr/2019:14:47:00 -0300] "GET /cormun/servlet/trsolicitudadjuntos?2019,15358, HTTP/1.1" 200 6410
190.171.153.218 - - [17/Apr/2019:14:47:00 -0300] "GET /cormun/servlet/trsolicitudadjuntos?2019,15358, HTTP/1.1" 200 6410
190.171.153.218 - - [17/Apr/2019:14:47:02 -0300] "GET /cormun/servlet/solicitudotadjuntos?INS,2019,15358,,1, HTTP/1.1" 200 6365
190.171.153.218 - - [17/Apr/2019:14:47:03 -0300] "GET /cormun/static/about:blank HTTP/1.1" 404 1011
186.103.196.84 - - [17/Apr/2019:14:47:03 -0300] "GET /cormun/servlet/solicitudotadjuntos?INS,2019,15358,,1, HTTP/1.1" 200 6359
186.103.196.84 - - [17/Apr/2019:14:47:03 -0300] "GET /cormun/servlet/solicitudotadjuntos?93316464d15b4e269a21c5d88eb478afd0284e6fb287888c117312f2efbaab1c254270fa9341f1dd10443b6f007158d0,gx-no-cache=1555522998715 HTTP/1.1" 200 30
186.103.196.84 - - [17/Apr/2019:14:47:03 -0300] "POST /cormun/servlet/solicitudotadjuntos?75466cf203224553f219cc4306d19393,INS,2019,15358,,1,,gx-no-cache=1555522998797 HTTP/1.1" 200 4063
190.171.144.234 - - [17/Apr/2019:14:47:34 -0300] "GET /cormun/servlet/solicitudot?a566913ab5fed8ab7790f664324914b5e8d9e683bf0d7d838d9113a443eb988509d52ed32609ab2987352f1e7e0c178f741b442e6b93766f076c59fe09366c45,gx-no-cache=1555523030416 HTTP/1.1" 200 30
190.171.144.234 - - [17/Apr/2019:14:47:34 -0300] "POST /cormun/servlet/solicitudot?gx-no-cache=1555523030638 HTTP/1.1" 200 30
190.171.144.234 - - [17/Apr/2019:14:47:35 -0300] "POST /cormun/servlet/solicitudot?gx-no-cache=1555523030770 HTTP/1.1" 200 1341
190.171.144.234 - - [17/Apr/2019:14:47:35 -0300] "POST /cormun/servlet/solicitudot?gx-no-cache=1555523030866 HTTP/1.1" 200 38
190.171.153.218 - - [17/Apr/2019:14:48:42 -0300] "POST /cormun/servlet/solicitudotadjuntos?gx-no-cache=1555523097987 HTTP/1.1" 200 26
190.171.153.218 - - [17/Apr/2019:14:48:50 -0300] "GET /cormun/servlet/solicitudotadjuntos?93316464d15b4e269a21c5d88eb478af7a3250fedd59b2c5653fb2a20b53732e,gx-no-cache=1555523105628 HTTP/1.1" 200 30
190.171.153.218 - - [17/Apr/2019:14:48:50 -0300] "GET /cormun/servlet/solicitudotadjuntos?93316464d15b4e269a21c5d88eb478af7a3250fedd59b2c5653fb2a20b53732e,gx-no-cache=1555523105736 HTTP/1.1" 200 30
190.171.153.218 - - [17/Apr/2019:14:48:51 -0300] "POST /cormun/servlet/solicitudotadjuntos?75466cf203224553f219cc4306d19393,INS,2019,15358,,1, HTTP/1.1" 200 116
190.171.153.218 - - [17/Apr/2019:14:48:51 -0300] "GET /cormun/servlet/hpexe_return? HTTP/1.1" 200 1020
190.171.153.218 - - [17/Apr/2019:14:48:51 -0300] "GET /cormun/servlet/trsolicitudadjuntos?2019,15358, HTTP/1.1" 200 9029
190.171.153.218 - - [17/Apr/2019:14:48:51 -0300] "GET /cormun/servlet/trsolicitudadjuntos?2019,15358, HTTP/1.1" 200 9028
190.171.153.218 - - [17/Apr/2019:14:48:53 -0300] "GET /cormun/servlet/solicitudotadjuntos?INS,2019,15358,,1, HTTP/1.1" 200 6365
190.171.153.218 - - [17/Apr/2019:14:48:53 -0300] "GET /cormun/static/about:blank HTTP/1.1" 404 1011
152.231.70.149 - - [17/Apr/2019:14:48:53 -0300] "GET /cormun/servlet/solicitudotadjuntos?INS,2019,15358,,1, HTTP/1.1" 200 6358
190.171.153.218 - - [17/Apr/2019:14:48:54 -0300] "GET /cormun/servlet/solicitudotadjuntos?93316464d15b4e269a21c5d88eb478afd0284e6fb287888c117312f2efbaab1c254270fa9341f1dd10443b6f007158d0,gx-no-cache=1555523109774 HTTP/1.1" 200 30
190.171.153.218 - - [17/Apr/2019:14:48:54 -0300] "POST /cormun/servlet/solicitudotadjuntos?75466cf203224553f219cc4306d19393,INS,2019,15358,,1,,gx-no-cache=1555523109829 HTTP/1.1" 200 4063
190.171.153.218 - - [17/Apr/2019:14:48:56 -0300] "POST /cormun/servlet/solicitudotadjuntos?gx-no-cache=1555523111772 HTTP/1.1" 200 26
200.54.103.162 - - [17/Apr/2019:14:50:08 -0300] "POST /cormun/servlet/vesolicitudot?4c199f49c68a60fa32f00fd3f5a74209,2019,15357,,,gx-no-cache=1555523184947 HTTP/1.1" 200 90
200.54.103.162 - - [17/Apr/2019:14:50:08 -0300] "GET /cormun/servlet/hpexe_link HTTP/1.1" 200 968
200.54.103.162 - - [17/Apr/2019:14:50:09 -0300] "GET /cormun/servlet/trsolicitudot HTTP/1.1" 200 8919
200.54.103.162 - - [17/Apr/2019:14:50:11 -0300] "GET /cormun/servlet/trsolicitudot HTTP/1.1" 200 8918
200.54.103.162 - - [17/Apr/2019:14:50:17 -0300] "POST /cormun/servlet/trsolicitudot?4c199f49c68a60fa32f00fd3f5a74209,gx-no-cache=1555523193363 HTTP/1.1" 200 4761
200.54.103.162 - - [17/Apr/2019:14:50:17 -0300] "GET /cormun/static/Shared/jqueryui/images/ui-bg_highlight-soft_100_c6c2c8_1x100.png HTTP/1.1" 404 1117
200.54.103.162 - - [17/Apr/2019:14:50:17 -0300] "GET /cormun/static/Shared/jqueryui/images/ui-icons_82798d_256x240.png HTTP/1.1" 404 1089
200.54.103.162 - - [17/Apr/2019:14:50:17 -0300] "GET /cormun/static/Shared/jqueryui/images/ui-bg_flat_55_fafafa_40x100.png HTTP/1.1" 404 1097
200.54.103.162 - - [17/Apr/2019:14:50:17 -0300] "GET /cormun/static/Shared/jqueryui/images/ui-icons_8d78a5_256x240.png HTTP/1.1" 404 1089
200.54.103.162 - - [17/Apr/2019:14:50:17 -0300] "POST /cormun/servlet/trsolicitudot?4c199f49c68a60fa32f00fd3f5a74209,gx-no-cache=1555523193791 HTTP/1.1" 200 4532
186.103.196.84 - - [17/Apr/2019:14:51:28 -0300] "GET /cormun/servlet/solicitudotadjuntos?93316464d15b4e269a21c5d88eb478af7a3250fedd59b2c5653fb2a20b53732e,gx-no-cache=1555523264003 HTTP/1.1" 200 30
186.103.196.84 - - [17/Apr/2019:14:51:28 -0300] "GET /cormun/servlet/solicitudotadjuntos?93316464d15b4e269a21c5d88eb478af7a3250fedd59b2c5653fb2a20b53732e,gx-no-cache=1555523264228 HTTP/1.1" 200 30
186.103.196.84 - - [17/Apr/2019:14:51:29 -0300] "POST /cormun/servlet/solicitudotadjuntos?75466cf203224553f219cc4306d19393,INS,2019,15358,,1, HTTP/1.1" 200 116
186.103.196.84 - - [17/Apr/2019:14:51:29 -0300] "GET /cormun/servlet/hpexe_return? HTTP/1.1" 200 1020
186.103.196.84 - - [17/Apr/2019:14:51:29 -0300] "GET /cormun/servlet/trsolicitudadjuntos?2019,15358, HTTP/1.1" 200 9264
186.103.196.84 - - [17/Apr/2019:14:51:30 -0300] "GET /cormun/servlet/trsolicitudadjuntos?2019,15358, HTTP/1.1" 200 9264
190.171.153.218 - - [17/Apr/2019:14:51:32 -0300] "GET /cormun/servlet/solicitudotadjuntos?INS,2019,15358,,1, HTTP/1.1" 200 6365
190.171.153.218 - - [17/Apr/2019:14:51:32 -0300] "GET /cormun/static/about:blank HTTP/1.1" 404 1011
190.171.153.218 - - [17/Apr/2019:14:51:32 -0300] "GET /cormun/servlet/solicitudotadjuntos?INS,2019,15358,,1, HTTP/1.1" 200 6358
190.171.153.218 - - [17/Apr/2019:14:51:32 -0300] "GET /cormun/servlet/solicitudotadjuntos?93316464d15b4e269a21c5d88eb478afd0284e6fb287888c117312f2efbaab1c254270fa9341f1dd10443b6f007158d0,gx-no-cache=1555523268188 HTTP/1.1" 200 30
190.171.153.218 - - [17/Apr/2019:14:51:33 -0300] "POST /cormun/servlet/solicitudotadjuntos?75466cf203224553f219cc4306d19393,INS,2019,15358,,1,,gx-no-cache=1555523268308 HTTP/1.1" 200 4063
190.171.152.242 - - [17/Apr/2019:14:51:36 -0300] "GET /cormun/servlet/hlogin HTTP/1.1" 200 1728
190.171.152.242 - - [17/Apr/2019:14:51:38 -0300] "POST /cormun/servlet/hlogin?01c242347a2f67ad3eefb690639a4364,gx-no-cache=1555523274641 HTTP/1.1" 200 90
190.171.152.242 - - [17/Apr/2019:14:51:38 -0300] "GET /cormun/servlet/hpexe_link HTTP/1.1" 200 953
190.171.152.242 - - [17/Apr/2019:14:51:38 -0300] "GET /cormun/servlet/hhome HTTP/1.1" 200 4069
190.171.152.242 - - [17/Apr/2019:14:51:39 -0300] "GET /cormun/servlet/hhome HTTP/1.1" 200 4065
190.171.152.242 - - [17/Apr/2019:14:51:42 -0300] "GET /cormun/servlet/trsolicitudot? HTTP/1.1" 200 7288
190.171.152.242 - - [17/Apr/2019:14:51:42 -0300] "GET /cormun/static/calendar-system.css?85620 HTTP/1.1" 200 5572
190.171.152.242 - - [17/Apr/2019:14:51:42 -0300] "GET /cormun/static/gxui/gxui-all.css?120300 HTTP/1.1" 200 2179
190.171.152.242 - - [17/Apr/2019:14:51:42 -0300] "GET /cormun/static/Resources/Spanish/PXTools.css?1255365 HTTP/1.1" 200 89042
190.171.152.242 - - [17/Apr/2019:14:51:42 -0300] "GET /cormun/static/gxcfg.js?2017111422585916 HTTP/1.1" 200 953
190.171.152.242 - - [17/Apr/2019:14:51:42 -0300] "GET /cormun/static/Shared/ext/resources/css/ext-all.css?215870 HTTP/1.1" 200 416045
190.171.152.242 - - [17/Apr/2019:14:51:42 -0300] "GET /cormun/static/trsolicitudot.js?201711142259839 HTTP/1.1" 200 54041
190.171.152.242 - - [17/Apr/2019:14:51:43 -0300] "GET /cormun/servlet/trsolicitudot? HTTP/1.1" 200 7287
190.171.152.242 - - [17/Apr/2019:14:51:45 -0300] "GET /cormun/servlet/solicitudot?INS,0,0, HTTP/1.1" 200 14980
190.171.152.242 - - [17/Apr/2019:14:51:45 -0300] "GET /cormun/static/gxcfg.js?20189101114418 HTTP/1.1" 200 953
190.171.152.242 - - [17/Apr/2019:14:51:45 -0300] "GET /cormun/static/solicitudot.js?20189101114718 HTTP/1.1" 200 71883
190.171.152.242 - - [17/Apr/2019:14:51:45 -0300] "GET /cormun/servlet/solicitudot?INS,0,0, HTTP/1.1" 200 14985
190.171.152.242 - - [17/Apr/2019:14:51:48 -0300] "GET /cormun/servlet/prfichaempleado?,MD,,gxPopupLevel%3D0%3B HTTP/1.1" 200 9366
190.171.152.242 - - [17/Apr/2019:14:52:02 -0300] "POST /cormun/servlet/prfichaempleado?01c242347a2f67ad3eefb690639a4364,,MD,,gxPopupLevel%3D0%3B,gx-no-cache=1555523299059 HTTP/1.1" 200 3194
78.108.177.53 - - [17/Apr/2019:14:52:22 -0300] "GET / HTTP/1.0" 200 11197
190.171.152.242 - - [17/Apr/2019:14:54:21 -0300] "POST /cormun/servlet/prfichaempleado?01c242347a2f67ad3eefb690639a4364,,MD,,gxPopupLevel%3D0%3B,gx-no-cache=1555523438059 HTTP/1.1" 200 3194
190.171.152.242 - - [17/Apr/2019:14:54:42 -0300] "POST /cormun/servlet/solicitudot?gx-no-cache=1555523458531 HTTP/1.1" 200 3458
190.171.152.242 - - [17/Apr/2019:14:54:42 -0300] "POST /cormun/servlet/solicitudot?01c242347a2f67ad3eefb690639a4364,INS,0,0,,gx-no-cache=1555523458777 HTTP/1.1" 200 11708
186.67.84.236 - - [17/Apr/2019:14:54:43 -0300] "POST /cormun/servlet/solicitudotadjuntos?gx-no-cache=1555523459116 HTTP/1.1" 200 26
186.67.84.236 - - [17/Apr/2019:14:54:52 -0300] "GET /cormun/servlet/solicitudotadjuntos?93316464d15b4e269a21c5d88eb478af7a3250fedd59b2c5653fb2a20b53732e,gx-no-cache=1555523467420 HTTP/1.1" 200 30
186.67.84.236 - - [17/Apr/2019:14:54:52 -0300] "GET /cormun/servlet/solicitudotadjuntos?93316464d15b4e269a21c5d88eb478af7a3250fedd59b2c5653fb2a20b53732e,gx-no-cache=1555523467484 HTTP/1.1" 200 30
190.171.152.242 - - [17/Apr/2019:14:54:52 -0300] "GET /cormun/servlet/solicitudot?1760d3c0fbc0909ba965cf0a48c920d04838380bb9f5f4e9e29ee7a7561fce46d3289159dcaefd58b9c11d402f933ad6,gx-no-cache=1555523468762 HTTP/1.1" 200 30
186.67.84.236 - - [17/Apr/2019:14:55:06 -0300] "POST /cormun/servlet/solicitudotadjuntos?75466cf203224553f219cc4306d19393,INS,2019,15358,,1, HTTP/1.1" 200 116
186.67.84.236 - - [17/Apr/2019:14:55:06 -0300] "GET /cormun/servlet/hpexe_return? HTTP/1.1" 200 1020
186.67.84.236 - - [17/Apr/2019:14:55:06 -0300] "GET /cormun/servlet/trsolicitudadjuntos?2019,15358, HTTP/1.1" 200 9441
186.67.84.236 - - [17/Apr/2019:14:55:07 -0300] "GET /cormun/servlet/trsolicitudadjuntos?2019,15358, HTTP/1.1" 200 9440
190.171.153.218 - - [17/Apr/2019:14:55:48 -0300] "GET /cormun/servlet/solicitudotadjuntos?INS,2019,15358,,1, HTTP/1.1" 200 6365
190.171.153.218 - - [17/Apr/2019:14:55:48 -0300] "GET /cormun/static/about:blank HTTP/1.1" 404 1011
190.171.153.218 - - [17/Apr/2019:14:55:48 -0300] "GET /cormun/servlet/solicitudotadjuntos?INS,2019,15358,,1, HTTP/1.1" 200 6358
190.171.153.218 - - [17/Apr/2019:14:55:49 -0300] "GET /cormun/servlet/solicitudotadjuntos?93316464d15b4e269a21c5d88eb478afd0284e6fb287888c117312f2efbaab1c254270fa9341f1dd10443b6f007158d0,gx-no-cache=1555523524720 HTTP/1.1" 200 30
190.171.153.218 - - [17/Apr/2019:14:55:49 -0300] "POST /cormun/servlet/solicitudotadjuntos?75466cf203224553f219cc4306d19393,INS,2019,15358,,1,,gx-no-cache=1555523524791 HTTP/1.1" 200 4062
190.171.153.218 - - [17/Apr/2019:14:55:52 -0300] "POST /cormun/servlet/solicitudotadjuntos?gx-no-cache=1555523527724 HTTP/1.1" 200 26
190.151.124.170 - - [17/Apr/2019:14:57:38 -0300] "GET /cormun/servlet/solicitudotadjuntos?93316464d15b4e269a21c5d88eb478af7a3250fedd59b2c5653fb2a20b53732e,gx-no-cache=1555523633403 HTTP/1.1" 200 30
190.151.124.170 - - [17/Apr/2019:14:57:38 -0300] "GET /cormun/servlet/solicitudotadjuntos?93316464d15b4e269a21c5d88eb478af7a3250fedd59b2c5653fb2a20b53732e,gx-no-cache=1555523633449 HTTP/1.1" 200 30
190.151.124.170 - - [17/Apr/2019:14:57:38 -0300] "POST /cormun/servlet/solicitudotadjuntos?75466cf203224553f219cc4306d19393,INS,2019,15358,,1, HTTP/1.1" 200 116
190.151.124.170 - - [17/Apr/2019:14:57:38 -0300] "GET /cormun/servlet/hpexe_return? HTTP/1.1" 200 1020
190.151.124.170 - - [17/Apr/2019:14:57:39 -0300] "GET /cormun/servlet/trsolicitudadjuntos?2019,15358, HTTP/1.1" 200 9667
190.151.124.170 - - [17/Apr/2019:14:57:39 -0300] "GET /cormun/servlet/trsolicitudadjuntos?2019,15358, HTTP/1.1" 200 9666
190.151.99.26 - - [17/Apr/2019:14:57:46 -0300] "GET /cormun/servlet/solicitudotadjuntos?INS,2019,15358,,1, HTTP/1.1" 200 6365
190.151.99.26 - - [17/Apr/2019:14:57:46 -0300] "GET /cormun/static/about:blank HTTP/1.1" 404 1011
190.171.153.218 - - [17/Apr/2019:14:57:46 -0300] "GET /cormun/servlet/solicitudotadjuntos?INS,2019,15358,,1, HTTP/1.1" 200 6358
190.151.99.26 - - [17/Apr/2019:14:57:46 -0300] "GET /cormun/servlet/solicitudotadjuntos?93316464d15b4e269a21c5d88eb478afd0284e6fb287888c117312f2efbaab1c254270fa9341f1dd10443b6f007158d0,gx-no-cache=1555523642096 HTTP/1.1" 200 30
190.151.99.26 - - [17/Apr/2019:14:57:46 -0300] "POST /cormun/servlet/solicitudotadjuntos?75466cf203224553f219cc4306d19393,INS,2019,15358,,1,,gx-no-cache=1555523642204 HTTP/1.1" 200 4062
190.151.99.26 - - [17/Apr/2019:14:57:50 -0300] "POST /cormun/servlet/solicitudotadjuntos?gx-no-cache=1555523645404 HTTP/1.1" 200 26
200.54.18.122 - - [17/Apr/2019:14:59:25 -0300] "GET /cormun/servlet/solicitudotadjuntos?93316464d15b4e269a21c5d88eb478af7a3250fedd59b2c5653fb2a20b53732e,gx-no-cache=1555523740611 HTTP/1.1" 200 30
200.54.18.122 - - [17/Apr/2019:14:59:25 -0300] "GET /cormun/servlet/solicitudotadjuntos?93316464d15b4e269a21c5d88eb478af7a3250fedd59b2c5653fb2a20b53732e,gx-no-cache=1555523740724 HTTP/1.1" 200 30
200.54.18.122 - - [17/Apr/2019:14:59:26 -0300] "POST /cormun/servlet/solicitudotadjuntos?75466cf203224553f219cc4306d19393,INS,2019,15358,,1, HTTP/1.1" 200 116
200.54.18.122 - - [17/Apr/2019:14:59:26 -0300] "GET /cormun/servlet/hpexe_return? HTTP/1.1" 200 1020
200.54.18.122 - - [17/Apr/2019:14:59:26 -0300] "GET /cormun/servlet/trsolicitudadjuntos?2019,15358, HTTP/1.1" 200 9918
200.54.18.122 - - [17/Apr/2019:14:59:27 -0300] "GET /cormun/servlet/trsolicitudadjuntos?2019,15358, HTTP/1.1" 200 9914
190.151.99.26 - - [17/Apr/2019:14:59:29 -0300] "GET /cormun/servlet/solicitudotadjuntos?INS,2019,15358,,1, HTTP/1.1" 200 6365
190.151.99.26 - - [17/Apr/2019:14:59:29 -0300] "GET /cormun/static/about:blank HTTP/1.1" 404 1011
190.171.153.218 - - [17/Apr/2019:14:59:29 -0300] "GET /cormun/servlet/solicitudotadjuntos?INS,2019,15358,,1, HTTP/1.1" 200 6358
190.151.99.26 - - [17/Apr/2019:14:59:29 -0300] "GET /cormun/servlet/solicitudotadjuntos?93316464d15b4e269a21c5d88eb478afd0284e6fb287888c117312f2efbaab1c254270fa9341f1dd10443b6f007158d0,gx-no-cache=1555523745032 HTTP/1.1" 200 30
190.151.99.26 - - [17/Apr/2019:14:59:29 -0300] "POST /cormun/servlet/solicitudotadjuntos?75466cf203224553f219cc4306d19393,INS,2019,15358,,1,,gx-no-cache=1555523745073 HTTP/1.1" 200 4063
190.151.99.26 - - [17/Apr/2019:14:59:32 -0300] "POST /cormun/servlet/solicitudotadjuntos?gx-no-cache=1555523747923 HTTP/1.1" 200 26
190.171.144.234 - - [17/Apr/2019:14:59:41 -0300] "GET /cormun/servlet/solicitudot?a566913ab5fed8ab7790f664324914b5923a340d5a43e6916ce2b54db982552c2ae3c71a56a6c60069d38cb53ad0ccc37beb24ee9dd990694e185682dc5d2d33c6777fb000a1237d8d9312d083e897d8456e37188beebc2473e3d084f08265af47b6ef354f95aabe550297ba6ee69e06,gx-no-cache=1555523756925 HTTP/1.1" 200 110
190.171.144.234 - - [17/Apr/2019:15:00:03 -0300] "GET /cormun/servlet/solicitudot?a566913ab5fed8ab7790f664324914b5923a340d5a43e6916ce2b54db982552c2ae3c71a56a6c60069d38cb53ad0ccc37beb24ee9dd990694e185682dc5d2d33c6777fb000a1237d8d9312d083e897d8456e37188beebc2473e3d084f08265af47b6ef354f95aabe550297ba6ee69e06,gx-no-cache=1555523778887 HTTP/1.1" 200 110
190.171.144.234 - - [17/Apr/2019:15:00:30 -0300] "POST /cormun/servlet/solicitudot?gx-no-cache=1555523806463 HTTP/1.1" 200 97
190.171.152.242 - - [17/Apr/2019:15:00:40 -0300] "GET /cormun/servlet/prbanco?,MD,,gxPopupLevel%3D0%3B HTTP/1.1" 200 6645
190.171.152.242 - - [17/Apr/2019:15:00:41 -0300] "GET /cormun/static/gxcfg.js?20181161016094 HTTP/1.1" 200 953
190.171.152.242 - - [17/Apr/2019:15:00:41 -0300] "GET /cormun/static/prbanco.js?2018116101633 HTTP/1.1" 200 10693
190.171.152.242 - - [17/Apr/2019:15:00:46 -0300] "GET /cormun/servlet/solicitudot?1760d3c0fbc0909ba965cf0a48c920d08fbed2f15c1eef1f65579779fb5acdaea051465b2ac74bac307a5ae3fbd5d2cbd3289159dcaefd58b9c11d402f933ad6,gx-no-cache=1555523822588 HTTP/1.1" 200 30
190.171.152.242 - - [17/Apr/2019:15:00:48 -0300] "GET /cormun/servlet/solicitudot?1760d3c0fbc0909ba965cf0a48c920d016b70a06f03b960c4bc9587f9fcbc649,gx-no-cache=1555523824583 HTTP/1.1" 200 53
190.171.153.218 - - [17/Apr/2019:15:01:03 -0300] "GET /cormun/servlet/solicitudotadjuntos?93316464d15b4e269a21c5d88eb478af7a3250fedd59b2c5653fb2a20b53732e,gx-no-cache=1555523838236 HTTP/1.1" 200 30
190.171.153.218 - - [17/Apr/2019:15:01:03 -0300] "GET /cormun/servlet/solicitudotadjuntos?93316464d15b4e269a21c5d88eb478af7a3250fedd59b2c5653fb2a20b53732e,gx-no-cache=1555523838381 HTTP/1.1" 200 30
190.171.153.218 - - [17/Apr/2019:15:01:03 -0300] "POST /cormun/servlet/solicitudotadjuntos?75466cf203224553f219cc4306d19393,INS,2019,15358,,1, HTTP/1.1" 200 116
190.171.153.218 - - [17/Apr/2019:15:01:03 -0300] "GET /cormun/servlet/hpexe_return? HTTP/1.1" 200 1020
190.171.153.218 - - [17/Apr/2019:15:01:04 -0300] "GET /cormun/servlet/trsolicitudadjuntos?2019,15358, HTTP/1.1" 200 10137
190.171.153.218 - - [17/Apr/2019:15:01:04 -0300] "GET /cormun/servlet/trsolicitudadjuntos?2019,15358, HTTP/1.1" 200 10136
190.171.153.218 - - [17/Apr/2019:15:01:13 -0300] "GET /cormun/servlet/trsolicitudot? HTTP/1.1" 200 7544
190.171.153.218 - - [17/Apr/2019:15:01:13 -0300] "GET /cormun/servlet/trsolicitudot? HTTP/1.1" 200 7529
190.171.153.218 - - [17/Apr/2019:15:01:17 -0300] "POST /cormun/servlet/trsolicitudot?75466cf203224553f219cc4306d19393,,gx-no-cache=1555523852575 HTTP/1.1" 200 5910
190.171.144.234 - - [17/Apr/2019:15:01:19 -0300] "GET /cormun/static/menuarrow.gif HTTP/1.1" 404 1015
190.171.152.242 - - [17/Apr/2019:15:01:19 -0300] "POST /cormun/servlet/solicitudot?gx-no-cache=1555523856139 HTTP/1.1" 200 297
190.171.153.218 - - [17/Apr/2019:15:01:22 -0300] "POST /cormun/servlet/trsolicitudot?75466cf203224553f219cc4306d19393,,gx-no-cache=1555523857471 HTTP/1.1" 200 4770
190.171.153.218 - - [17/Apr/2019:15:01:22 -0300] "GET /cormun/static/Shared/jqueryui/images/ui-bg_highlight-soft_100_c6c2c8_1x100.png HTTP/1.1" 404 1117
190.171.153.218 - - [17/Apr/2019:15:01:22 -0300] "GET /cormun/static/Shared/jqueryui/images/ui-icons_82798d_256x240.png HTTP/1.1" 404 1089
190.151.124.170 - - [17/Apr/2019:15:01:22 -0300] "GET /cormun/static/Shared/jqueryui/images/ui-icons_8d78a5_256x240.png HTTP/1.1" 404 1089
190.151.124.170 - - [17/Apr/2019:15:01:22 -0300] "GET /cormun/static/Shared/jqueryui/images/ui-bg_flat_55_fafafa_40x100.png HTTP/1.1" 404 1097
190.171.153.218 - - [17/Apr/2019:15:01:22 -0300] "POST /cormun/servlet/trsolicitudot?75466cf203224553f219cc4306d19393,,gx-no-cache=1555523857778 HTTP/1.1" 200 4541
190.171.152.242 - - [17/Apr/2019:15:01:22 -0300] "GET /cormun/servlet/solicitudot?1760d3c0fbc0909ba965cf0a48c920d0a2f6ca8111007dac442cd65e3e5a15b989e83631435b5abcfeb21e4faeba5905c5e077dbd02f0782481ec4504be588fbf93b2dda6ed40f6de95ae85b2ea4e89eef9fc0153c978a4bba549261e813dfbd2756d7f4d5cd7697d205f5ef5516ebd789957114d67aa0fbda902c51d2d92f522aa431ed0ceda29b47b5d60154358674dcdeb57913660514a31a3a991b296b5053440bde9f30b2b3a2469fc76c9cabf33ba7cd0afd85290658190add354bc904c9434ad0f925509653b1d7e66b9f072cfae400fc89923f128209b6d1c2ec7658297209ff149aea3a97af5d4dea0458f07e882c8d5c221e34d117ea73f390b55cacec42cc5c0b230a23071edb0d26360890820686000ede77d8fe42a959e925de5a1a7e7599b7380d84079b7d52879267a394a77689816080182ca8a985214a81e2ed988a03110f5a7f889c325f36d847be94a97085ce7161fa8269e6dc9a5586bc46b9a262abdcc390ad1d7444fc7550c195a367df39a20bbff5538669257ed2b7612a4cc3d83d99a99e17e79d6c1dc6,gx-no-cache=1555523858848 HTTP/1.1" 200 30
190.171.144.234 - - [17/Apr/2019:15:01:23 -0300] "GET /cormun/servlet/solicitudot?a566913ab5fed8ab7790f664324914b5ab7caf70aaaf30335e0a1196ce38900c4d5d07d957c176b73edc8c0847ebe7bb,gx-no-cache=1555523859526 HTTP/1.1" 200 30
190.171.152.242 - - [17/Apr/2019:15:01:26 -0300] "POST /cormun/servlet/solicitudot?gx-no-cache=1555523863115 HTTP/1.1" 200 30
190.171.152.242 - - [17/Apr/2019:15:01:27 -0300] "POST /cormun/servlet/solicitudot?gx-no-cache=1555523863955 HTTP/1.1" 200 1343
190.171.152.242 - - [17/Apr/2019:15:01:27 -0300] "POST /cormun/servlet/solicitudot?gx-no-cache=1555523863996 HTTP/1.1" 200 38
190.171.153.218 - - [17/Apr/2019:15:01:29 -0300] "POST /cormun/servlet/trsolicitudot?75466cf203224553f219cc4306d19393,,gx-no-cache=1555523865021 HTTP/1.1" 200 5912
190.171.144.234 - - [17/Apr/2019:15:01:33 -0300] "POST /cormun/servlet/solicitudot?gx-no-cache=1555523869129 HTTP/1.1" 200 30
190.171.153.218 - - [17/Apr/2019:15:01:33 -0300] "GET /cormun/servlet/trautorizarsolicitud? HTTP/1.1" 200 7436
190.171.153.218 - - [17/Apr/2019:15:01:33 -0300] "GET /cormun/servlet/trautorizarsolicitud? HTTP/1.1" 200 7436
190.151.124.170 - - [17/Apr/2019:15:01:37 -0300] "POST /cormun/servlet/trautorizarsolicitud?75466cf203224553f219cc4306d19393,,gx-no-cache=1555523872070 HTTP/1.1" 200 5830
190.151.124.170 - - [17/Apr/2019:15:01:47 -0300] "POST /cormun/servlet/trautorizarsolicitud?75466cf203224553f219cc4306d19393,,gx-no-cache=1555523883086 HTTP/1.1" 200 4690
190.151.124.170 - - [17/Apr/2019:15:01:48 -0300] "GET /cormun/static/Shared/jqueryui/images/ui-bg_highlight-soft_100_c6c2c8_1x100.png HTTP/1.1" 404 1117
190.151.124.170 - - [17/Apr/2019:15:01:48 -0300] "GET /cormun/static/Shared/jqueryui/images/ui-bg_flat_55_fafafa_40x100.png HTTP/1.1" 404 1097
190.171.153.218 - - [17/Apr/2019:15:01:48 -0300] "GET /cormun/static/Shared/jqueryui/images/ui-icons_82798d_256x240.png HTTP/1.1" 404 1089
186.103.196.84 - - [17/Apr/2019:15:01:48 -0300] "GET /cormun/static/Shared/jqueryui/images/ui-icons_8d78a5_256x240.png HTTP/1.1" 404 1089
186.103.196.84 - - [17/Apr/2019:15:01:48 -0300] "POST /cormun/servlet/trautorizarsolicitud?75466cf203224553f219cc4306d19393,,gx-no-cache=1555523883381 HTTP/1.1" 200 4460
190.171.152.242 - - [17/Apr/2019:15:02:13 -0300] "GET /cormun/servlet/solicitudot?1760d3c0fbc0909ba965cf0a48c920d0d378147a68cf511fca5a9940cfda99f7a10a1ee847663e4d5eff6768c457aaaae92b01dc6f90343c146280f389f1594bcf794394060393d45efe428b47987f7bcf41674a9c9926cbd5692be82e4cb758057664a659dcd28d05a1d61db8d1f98b,gx-no-cache=1555523910013 HTTP/1.1" 200 110
190.171.152.242 - - [17/Apr/2019:15:02:14 -0300] "POST /cormun/servlet/solicitudot?gx-no-cache=1555523910233 HTTP/1.1" 200 69
190.171.152.242 - - [17/Apr/2019:15:02:21 -0300] "GET /cormun/servlet/solicitudot?1760d3c0fbc0909ba965cf0a48c920d0e43157e716322bec5ced3968b347365d4fe351d9824d7561da43189c7c140c34cf2436dafa885895c9e3c01e8a45d7cf461455016d74ad0646859a619407d11fc33fad028b3814f95444532a8aaf542a13777f5c1d338db33c800db25c9db5ab,gx-no-cache=1555523917476 HTTP/1.1" 200 29
190.171.152.242 - - [17/Apr/2019:15:02:21 -0300] "GET /cormun/static/menuarrow.gif HTTP/1.1" 404 1015
190.171.152.242 - - [17/Apr/2019:15:02:26 -0300] "GET /cormun/servlet/solicitudot?1760d3c0fbc0909ba965cf0a48c920d0be8f12fcb59e23a88ffd501756ee816c675b3ad92b6bbe1503361dadb49d2644,gx-no-cache=1555523922941 HTTP/1.1" 200 30
190.171.152.242 - - [17/Apr/2019:15:02:51 -0300] "POST /cormun/servlet/solicitudot?gx-no-cache=1555523948204 HTTP/1.1" 200 30
190.171.152.242 - - [17/Apr/2019:15:03:18 -0300] "GET /cormun/servlet/solicitudot?1760d3c0fbc0909ba965cf0a48c920d0a2f6ca8111007dac442cd65e3e5a15b989e83631435b5abcfeb21e4faeba5905c5e077dbd02f0782481ec4504be588fbf93b2dda6ed40f6de95ae85b2ea4e89eef9fc0153c978a4bba549261e813dfbd2756d7f4d5cd7697d205f5ef5516ebd789957114d67aa0fbda902c51d2d92f522aa431ed0ceda29b47b5d60154358674dcdeb57913660514a31a3a991b296b5053440bde9f30b2b3a2469fc76c9cabf33ba7cd0afd85290658190add354bc904c9434ad0f925509653b1d7e66b9f072cfae400fc89923f128209b6d1c2ec7658297209ff149aea3a97af5d4dea0458f07e882c8d5c221e34d117ea73f390b55cacec42cc5c0b230a23071edb0d26360890820686000ede77d8fe42a959e925de5a1a7e7599b7380d84079b7d52879267a394a77689816080182ca8a985214a81e2ed988a03110f5a7f889c325f36d847be94a97085ce7161fa8269e6dc9a5586bc46b9a262abdcc390ad1d7444fc7550ac89e273a13bf43b9bc7d34cb2d6cce9b7612a4cc3d83d99a99e17e79d6c1dc6,gx-no-cache=1555523974962 HTTP/1.1" 200 30
190.171.152.242 - - [17/Apr/2019:15:03:34 -0300] "POST /cormun/servlet/solicitudot?gx-no-cache=1555523990930 HTTP/1.1" 200 30
190.171.152.242 - - [17/Apr/2019:15:03:34 -0300] "POST /cormun/servlet/solicitudot?gx-no-cache=1555523990960 HTTP/1.1" 200 1343
190.171.152.242 - - [17/Apr/2019:15:03:34 -0300] "POST /cormun/servlet/solicitudot?gx-no-cache=1555523990995 HTTP/1.1" 200 41
190.171.152.242 - - [17/Apr/2019:15:03:34 -0300] "GET /cormun/servlet/solicitudot?1760d3c0fbc0909ba965cf0a48c920d0d378147a68cf511fca5a9940cfda99f7a10a1ee847663e4d5eff6768c457aaaae92b01dc6f90343c146280f389f1594bcf794394060393d45efe428b47987f7bcf41674a9c9926cbd5692be82e4cb758057664a659dcd28d05a1d61db8d1f98b,gx-no-cache=1555523991048 HTTP/1.1" 200 110
190.171.152.242 - - [17/Apr/2019:15:03:34 -0300] "POST /cormun/servlet/solicitudot?gx-no-cache=1555523991108 HTTP/1.1" 200 64
190.171.152.242 - - [17/Apr/2019:15:03:34 -0300] "GET /cormun/servlet/solicitudot?1760d3c0fbc0909ba965cf0a48c920d0be8f12fcb59e23a88ffd501756ee816c675b3ad92b6bbe1503361dadb49d2644,gx-no-cache=1555523991166 HTTP/1.1" 200 30
190.171.152.242 - - [17/Apr/2019:15:03:34 -0300] "POST /cormun/servlet/solicitudot?gx-no-cache=1555523991204 HTTP/1.1" 200 30
190.171.152.242 - - [17/Apr/2019:15:03:35 -0300] "POST /cormun/servlet/solicitudot?01c242347a2f67ad3eefb690639a4364,INS,0,0,,gx-no-cache=1555523991254 HTTP/1.1" 200 93
190.171.152.242 - - [17/Apr/2019:15:03:35 -0300] "GET /cormun/servlet/hpexe_return? HTTP/1.1" 200 1010
190.171.152.242 - - [17/Apr/2019:15:03:35 -0300] "GET /cormun/servlet/trsolicitudot HTTP/1.1" 200 8641
190.171.152.242 - - [17/Apr/2019:15:03:35 -0300] "GET /cormun//static/Resources/PXToolsActionView.png HTTP/1.1" 200 2995
190.171.152.242 - - [17/Apr/2019:15:03:35 -0300] "GET /cormun//static/Resources/PXToolsRemoveAllAction.png HTTP/1.1" 200 3558
190.171.152.242 - - [17/Apr/2019:15:03:35 -0300] "GET /cormun/servlet/trsolicitudot HTTP/1.1" 200 8637
190.171.152.242 - - [17/Apr/2019:15:03:41 -0300] "POST /cormun/servlet/trsolicitudot?01c242347a2f67ad3eefb690639a4364,gx-no-cache=1555523997201 HTTP/1.1" 200 4539
190.171.152.242 - - [17/Apr/2019:15:03:41 -0300] "GET /cormun/static/Shared/jqueryui/images/ui-bg_highlight-soft_100_c6c2c8_1x100.png HTTP/1.1" 404 1117
190.171.152.242 - - [17/Apr/2019:15:03:41 -0300] "GET /cormun/static/Shared/jqueryui/images/ui-icons_82798d_256x240.png HTTP/1.1" 404 1089
190.171.152.242 - - [17/Apr/2019:15:03:41 -0300] "GET /cormun/static/Shared/jqueryui/images/ui-bg_flat_55_fafafa_40x100.png HTTP/1.1" 404 1097
190.171.152.242 - - [17/Apr/2019:15:03:41 -0300] "GET /cormun/static/Shared/jqueryui/images/ui-icons_8d78a5_256x240.png HTTP/1.1" 404 1089
190.171.152.242 - - [17/Apr/2019:15:03:41 -0300] "POST /cormun/servlet/trsolicitudot?01c242347a2f67ad3eefb690639a4364,gx-no-cache=1555523997530 HTTP/1.1" 200 4320
190.171.152.242 - - [17/Apr/2019:15:03:51 -0300] "GET /cormun/servlet/hlogin HTTP/1.1" 200 1742
190.171.152.242 - - [17/Apr/2019:15:04:06 -0300] "POST /cormun/servlet/hlogin?01c242347a2f67ad3eefb690639a4364,gx-no-cache=1555524022467 HTTP/1.1" 200 90
190.171.152.242 - - [17/Apr/2019:15:04:06 -0300] "GET /cormun/servlet/hpexe_link HTTP/1.1" 200 953
190.171.152.242 - - [17/Apr/2019:15:04:06 -0300] "GET /cormun/servlet/hhome HTTP/1.1" 200 4113
190.171.152.242 - - [17/Apr/2019:15:04:06 -0300] "GET /cormun/servlet/hhome HTTP/1.1" 200 4109
190.171.152.242 - - [17/Apr/2019:15:04:10 -0300] "GET /cormun/servlet/trautorizarsolicitud? HTTP/1.1" 200 8558
