190.171.141.82 - - [17/Apr/2019:09:46:30 -0300] "POST /cormun/servlet/solicitudot?gx-no-cache=1555504964343 HTTP/1.1" 200 3608
190.171.141.82 - - [17/Apr/2019:09:46:30 -0300] "POST /cormun/servlet/solicitudot?e61517fcb1636a8961432f5ca5a15ecd,UPD,2019,15333,,gx-no-cache=1555504964473 HTTP/1.1" 200 12151
190.171.141.82 - - [17/Apr/2019:09:46:30 -0300] "GET /cormun/servlet/solicitudot?4c727585b27c39023cbb8b641295b3514cd51db328cea6b3787326749d642326cbb665d94e2a99e82d517dcab72677c7,gx-no-cache=1555504964674 HTTP/1.1" 200 30
190.171.141.82 - - [17/Apr/2019:09:46:30 -0300] "GET /cormun/servlet/solicitudot?4c727585b27c39023cbb8b641295b351214382af79cf18ae36c75da5fcec35b780e4665c2e656f069e088868dac08360f3fe15806dd7d296bc5d34e1ed7911326bc75127d4242b888de200ca2adc38ad,gx-no-cache=1555504964704 HTTP/1.1" 200 30
190.171.141.82 - - [17/Apr/2019:09:46:30 -0300] "GET /cormun/servlet/solicitudot?4c727585b27c39023cbb8b641295b3510fd3dda5b8ea422e9a2fdfec1240a7214b4031b9a6c47d71a691c05f734b99d579750dc95b977ee4045b7801341e519e,gx-no-cache=1555504964727 HTTP/1.1" 200 53
190.171.141.82 - - [17/Apr/2019:09:46:30 -0300] "POST /cormun/servlet/solicitudot?gx-no-cache=1555504964756 HTTP/1.1" 200 255
190.171.141.82 - - [17/Apr/2019:09:46:30 -0300] "GET /cormun/servlet/solicitudot?4c727585b27c39023cbb8b641295b351fcb8db1d731875c5af7d290e66b27fdbeba2b059cb95de30d6942860fa22fbd0028919856a320d726b4caa1535adcf260992545b8ce888aeea08dd95c074139379c497e65d06b257a85e7cc65b8b235e1c3dd05781d946f698ad35abe305736e21c3b0149fa976e251143c17042546c29163d5f4a3ae7a1a3c7b9b192bf944ddf43fd71071fc771e39983f209a23696ddf0ef11a362ec39a85f1c25646b69f0e53e4b4347fceb41df9d18423692be0c596f3dc42759ddd460aae1d90bd7e211c880634f3d64502a750c701da9d1ff06a8354fa291b9644b56991d2b41e541bec75bb79a5da7d9e7560c40144ef30723ce5f54af8d2e067d1340627b07a802d39f79ec392be9e61c1b788c6e1963a2adeaa6e17f2f3c01f90ba789b2dc7fae69d183e8cf3edce047c304b0159d2a8c0761bae4a98d58537f1029e5fb283511891ca25030d632f535b737ab6c4a2bc3422e82c95de9a017ac813ef47d63bc1494e4019da94325c100832ed59cc36315814,gx-no-cache=1555504964788 HTTP/1.1" 200 30
190.171.141.82 - - [17/Apr/2019:09:46:30 -0300] "POST /cormun/servlet/solicitudot?gx-no-cache=1555504964811 HTTP/1.1" 200 30
190.171.141.82 - - [17/Apr/2019:09:46:30 -0300] "POST /cormun/servlet/solicitudot?gx-no-cache=1555504964843 HTTP/1.1" 200 1344
190.171.141.82 - - [17/Apr/2019:09:46:30 -0300] "POST /cormun/servlet/solicitudot?gx-no-cache=1555504964882 HTTP/1.1" 200 41
190.171.141.82 - - [17/Apr/2019:09:46:31 -0300] "GET /cormun/servlet/solicitudot?4c727585b27c39023cbb8b641295b351717af2ef2deca95f5a83b2ddc713829a05032e40130ba5686b9f73dc0454472fa4ad38189b6160082d0a22cb14478e02f3b501c147729f56ae4d19687f0683f53fbe20e21fbfddbd7b63516a4868f30bf2ef016d2e1c2bf02efd8b9374073520,gx-no-cache=1555504966065 HTTP/1.1" 200 110
192.168.10.89 - - [17/Apr/2019:09:46:32 -0300] "POST /cormun/servlet/trsolicitudgral?3ffb619fa3d07561c77c1f935edc558e,gx-no-cache=1555509826040,gx-no-cache=1555511988878 HTTP/1.1" 200 6620
190.171.141.82 - - [17/Apr/2019:09:46:36 -0300] "POST /cormun/servlet/solicitudot?gx-no-cache=1555504970487 HTTP/1.1" 200 72
190.171.141.82 - - [17/Apr/2019:09:46:38 -0300] "GET /cormun/servlet/solicitudot?4c727585b27c39023cbb8b641295b35108f3123a0d60f1d57a1525146a162a5bb9c4728534a897730f4cd21aba2df164e9252098f8f654590c15d030c0737ffb4dae333dbbfe9e3d43275190352adde00824e993ad921a336d922dab3a3361bd08e4ce7f956426d898e0c585c79908a93bc3196412695302ee3927652c8702f0d6608d141770e427924b77ca26923ca7f7b20d598b34b8154505f1fe2b03af42,gx-no-cache=1555504972240 HTTP/1.1" 200 29
190.171.141.82 - - [17/Apr/2019:09:46:38 -0300] "GET /cormun/servlet/solicitudot?4c727585b27c39023cbb8b641295b351abc96432c36be73a3dcc9f2bd73ff5b3d9017b54de1652a69353f7c8d62bfdcd,gx-no-cache=1555504972262 HTTP/1.1" 200 30
190.171.141.82 - - [17/Apr/2019:09:46:38 -0300] "POST /cormun/servlet/solicitudot?gx-no-cache=1555504972285 HTTP/1.1" 200 30
190.171.141.82 - - [17/Apr/2019:09:46:38 -0300] "POST /cormun/servlet/solicitudot?e61517fcb1636a8961432f5ca5a15ecd,UPD,2019,15333,,gx-no-cache=1555504972330 HTTP/1.1" 200 93
190.171.141.82 - - [17/Apr/2019:09:46:38 -0300] "GET /cormun/servlet/hpexe_return? HTTP/1.1" 200 1037
190.171.141.82 - - [17/Apr/2019:09:46:38 -0300] "GET /cormun/servlet/trsolicitudot?gx-no-cache=1555504834029 HTTP/1.1" 200 9729
190.171.141.82 - - [17/Apr/2019:09:46:38 -0300] "GET /cormun/servlet/trsolicitudot?gx-no-cache=1555504834029 HTTP/1.1" 200 9744
192.168.10.89 - - [17/Apr/2019:09:46:40 -0300] "POST /cormun/servlet/trsolicitudgral?3ffb619fa3d07561c77c1f935edc558e,gx-no-cache=1555509826040,gx-no-cache=1555511996270 HTTP/1.1" 200 116
192.168.10.89 - - [17/Apr/2019:09:46:40 -0300] "GET /cormun/servlet/solicitudotlog?INS,2019,15314,0,REC, HTTP/1.1" 200 5690
192.168.10.89 - - [17/Apr/2019:09:46:41 -0300] "GET /cormun/servlet/solicitudotlog?72678e6794ed6f3fc2be7731dafe4ce65923bcb0b4846806e4e127222eca2b3fa66d29a7e2186a308b38e185de5ff0de0b529c36bee14f60dfb3af677910cf0b0291a349922ffde3509d5871660cb026f0ec46df941a6b6156b9a133b997904899cc8bff8047b48dd40c02940fa8bff543ce26ab80fdfb709095610ef61ef55a7c95c87cfc2bc28f2347ac95b3b9de16d3442690ed3cd432b75e10ea9899ed3c,gx-no-cache=1555511997395 HTTP/1.1" 200 94
192.168.10.89 - - [17/Apr/2019:09:46:44 -0300] "POST /cormun/servlet/solicitudotlog?3ffb619fa3d07561c77c1f935edc558e,INS,2019,15314,0,REC,,gx-no-cache=1555512000171 HTTP/1.1" 200 93
192.168.10.89 - - [17/Apr/2019:09:46:44 -0300] "GET /cormun/servlet/hpexe_return? HTTP/1.1" 200 1042
192.168.10.89 - - [17/Apr/2019:09:46:44 -0300] "GET /cormun/servlet/trsolicitudgral?gx-no-cache=1555509826040 HTTP/1.1" 200 8360
190.171.141.82 - - [17/Apr/2019:09:46:49 -0300] "POST /cormun/servlet/trsolicitudot?e61517fcb1636a8961432f5ca5a15ecd,gx-no-cache=1555504834029,gx-no-cache=1555504983562 HTTP/1.1" 200 6322
190.171.141.82 - - [17/Apr/2019:09:46:49 -0300] "GET /cormun/static/Shared/jqueryui/images/ui-icons_82798d_256x240.png HTTP/1.1" 404 1089
190.171.141.82 - - [17/Apr/2019:09:46:49 -0300] "GET /cormun/static/Shared/jqueryui/images/ui-bg_flat_55_fafafa_40x100.png HTTP/1.1" 404 1097
190.171.141.82 - - [17/Apr/2019:09:46:49 -0300] "GET /cormun/static/Shared/jqueryui/images/ui-icons_8d78a5_256x240.png HTTP/1.1" 404 1089
190.171.141.82 - - [17/Apr/2019:09:46:49 -0300] "GET /cormun/static/Shared/jqueryui/images/ui-bg_highlight-soft_100_c6c2c8_1x100.png HTTP/1.1" 404 1117
190.171.141.82 - - [17/Apr/2019:09:46:49 -0300] "POST /cormun/servlet/trsolicitudot?e61517fcb1636a8961432f5ca5a15ecd,gx-no-cache=1555504834029,gx-no-cache=1555504983788 HTTP/1.1" 200 6263
190.171.142.18 - - [17/Apr/2019:09:47:07 -0300] "GET /cormun/static/Resources/resize.gif HTTP/1.1" 200 77
190.171.142.18 - - [17/Apr/2019:09:47:07 -0300] "GET /cormun/servlet/prbanco?,MD,,gxPopupLevel%3D0%3B HTTP/1.1" 200 6720
190.171.142.18 - - [17/Apr/2019:09:47:07 -0300] "GET /cormun/static/gxcfg.js?20181161016094 HTTP/1.1" 200 953
190.171.142.18 - - [17/Apr/2019:09:47:07 -0300] "GET /cormun/static/Resources/PXToolsMenuSearch.png HTTP/1.1" 200 2914
190.171.142.18 - - [17/Apr/2019:09:47:07 -0300] "GET /cormun/static/Resources/PXToolsMenuSearchCancel.png HTTP/1.1" 200 2972
190.171.142.18 - - [17/Apr/2019:09:47:07 -0300] "GET /cormun/static/prbanco.js?2018116101633 HTTP/1.1" 200 10693
190.171.142.18 - - [17/Apr/2019:09:47:07 -0300] "GET /cormun/static/menusearch.js?201610171694467 HTTP/1.1" 200 1424
190.171.142.18 - - [17/Apr/2019:09:47:07 -0300] "GET /cormun/static/hmpwkw011.js?20177612121862 HTTP/1.1" 200 1968
192.168.10.89 - - [17/Apr/2019:09:47:10 -0300] "POST /cormun/servlet/trsolicitudgral?3ffb619fa3d07561c77c1f935edc558e,gx-no-cache=1555509826040,gx-no-cache=1555512026686 HTTP/1.1" 200 6681
192.168.10.89 - - [17/Apr/2019:09:47:11 -0300] "POST /cormun/servlet/trsolicitudgral?3ffb619fa3d07561c77c1f935edc558e,gx-no-cache=1555509826040,gx-no-cache=1555512028195 HTTP/1.1" 200 116
192.168.10.89 - - [17/Apr/2019:09:47:12 -0300] "GET /cormun/servlet/solicitudotlog?INS,2019,15139,0,REC, HTTP/1.1" 200 5691
190.171.142.18 - - [17/Apr/2019:09:47:12 -0300] "GET /cormun/servlet/solicitudot?749e09009d81918e861682e0c4323f1373b96079cd5220813afcc7b3f763af35cfe83c99f3fc4c626632775c47fdae6db73ad1ad5ef7c2e4516559a98130d5b4,gx-no-cache=1555505188138 HTTP/1.1" 200 30
192.168.10.89 - - [17/Apr/2019:09:47:12 -0300] "GET /cormun/servlet/solicitudotlog?72678e6794ed6f3fc2be7731dafe4ce6e936e4b9732187cd67730b64c78d98bca66d29a7e2186a308b38e185de5ff0de0b529c36bee14f60dfb3af677910cf0b0291a349922ffde3509d5871660cb026f0ec46df941a6b6156b9a133b997904899cc8bff8047b48dd40c02940fa8bff543ce26ab80fdfb709095610ef61ef55a7c95c87cfc2bc28f2347ac95b3b9de16d3442690ed3cd432b75e10ea9899ed3c,gx-no-cache=1555512029250 HTTP/1.1" 200 94
190.171.142.18 - - [17/Apr/2019:09:47:14 -0300] "GET /cormun/servlet/solicitudot?749e09009d81918e861682e0c4323f13ac06955219c5641aa64201f8617156ad,gx-no-cache=1555505190377 HTTP/1.1" 200 53
190.171.141.82 - - [17/Apr/2019:09:47:14 -0300] "GET /cormun/servlet/solicitudot?INS,0,0, HTTP/1.1" 200 15331
190.171.141.82 - - [17/Apr/2019:09:47:14 -0300] "GET /cormun/servlet/solicitudot?INS,0,0, HTTP/1.1" 200 15316
192.168.10.89 - - [17/Apr/2019:09:47:15 -0300] "POST /cormun/servlet/solicitudotlog?3ffb619fa3d07561c77c1f935edc558e,INS,2019,15139,0,REC,,gx-no-cache=1555512032144 HTTP/1.1" 200 93
192.168.10.89 - - [17/Apr/2019:09:47:15 -0300] "GET /cormun/servlet/hpexe_return? HTTP/1.1" 200 1042
192.168.10.89 - - [17/Apr/2019:09:47:16 -0300] "GET /cormun/servlet/trsolicitudgral?gx-no-cache=1555509826040 HTTP/1.1" 200 8369
190.171.141.82 - - [17/Apr/2019:09:47:17 -0300] "GET /cormun/servlet/prfichaempleado?,MD,,gxPopupLevel%3D0%3B HTTP/1.1" 200 9435
190.171.141.82 - - [17/Apr/2019:09:47:24 -0300] "POST /cormun/servlet/prfichaempleado?e61517fcb1636a8961432f5ca5a15ecd,,MD,,gxPopupLevel%3D0%3B,gx-no-cache=1555505018610 HTTP/1.1" 200 3422
190.171.142.18 - - [17/Apr/2019:09:47:26 -0300] "POST /cormun/servlet/solicitudot?gx-no-cache=1555505202781 HTTP/1.1" 200 297
190.171.141.82 - - [17/Apr/2019:09:47:28 -0300] "POST /cormun/servlet/solicitudot?gx-no-cache=1555505022121 HTTP/1.1" 200 3551
190.171.141.82 - - [17/Apr/2019:09:47:28 -0300] "POST /cormun/servlet/solicitudot?e61517fcb1636a8961432f5ca5a15ecd,INS,0,0,,gx-no-cache=1555505022286 HTTP/1.1" 200 12019
190.171.142.18 - - [17/Apr/2019:09:47:28 -0300] "GET /cormun/servlet/solicitudot?749e09009d81918e861682e0c4323f13366ab1ee5e90b4532058c622ee63e0762a42827122dd86a6097d9e9c4719489161d6b78d69c62352525ad4d1b18e121550a6927f802b7d69707305ad040e66e3ae6a516f5bdbab2804132f4f38f4e6dfdf93f6324c05ebd29ced6d6ac47a92dd442ee6af2129fed4a9731bfd388bd04befc9875b5d9b8502010b0cc52c7cf0cebf7649b690a21ce3cd860ebf0cfeb50858f31686441052bf472d57ba7da929ee38a12c939f0cc29e836d258332e8ff5f9e5f29c46fc1e86bc15cdb4fbf43717e3f06a288aea5ab2c1e0c501189554b007061aba42ff60f9857b2218ffcead786763d87568a93a86dad545680e1594010a7544761abe9ad6d9b239bd9b813ce04c10021892dfd0310f301a6d79dd33c23a7a2e8632592c5fdea666178df5ade33711eefdeb201f491896cd42eeb4d17ce29e061e903dc4e3ad0f3c33bb23bf26025758c13812bf545b6d2a28162b8159dba6d5515548d33bbbf5ec3a918e61773d2c27258fd91144c745a03707f51382fe352eabbff89c923534c7405fc8a7c24,gx-no-cache=1555505204680 HTTP/1.1" 200 30
192.168.10.89 - - [17/Apr/2019:09:47:28 -0300] "POST /cormun/servlet/trsolicitudgral?3ffb619fa3d07561c77c1f935edc558e,gx-no-cache=1555509826040,gx-no-cache=1555512044866 HTTP/1.1" 200 6678
190.171.141.82 - - [17/Apr/2019:09:47:29 -0300] "GET /cormun/servlet/solicitudot?4c727585b27c39023cbb8b641295b3519543ea5ea120ae1606e0acf8020b30f8ec91fa8eab0187c67bf78eb4befbd186,gx-no-cache=1555505023820 HTTP/1.1" 200 30
190.171.141.82 - - [17/Apr/2019:09:47:29 -0300] "GET /cormun/servlet/solicitudot?4c727585b27c39023cbb8b641295b3516098388b3ab4bb0b63194e4e51d663fa76991beffdc1103aa285b5b0fe2fe68eec91fa8eab0187c67bf78eb4befbd186,gx-no-cache=1555505023861 HTTP/1.1" 200 30
190.171.141.82 - - [17/Apr/2019:09:47:29 -0300] "GET /cormun/servlet/solicitudot?4c727585b27c39023cbb8b641295b351bf5ab0d7ae403c1091a6c21ff211353b,gx-no-cache=1555505023885 HTTP/1.1" 200 123
190.171.141.82 - - [17/Apr/2019:09:47:29 -0300] "GET /cormun/static/Shared/jqueryui/images/ui-bg_highlight-soft_100_c6c2c8_1x100.png HTTP/1.1" 404 1117
190.171.141.82 - - [17/Apr/2019:09:47:29 -0300] "GET /cormun/static/Shared/jqueryui/images/ui-icons_82798d_256x240.png HTTP/1.1" 404 1089
190.171.141.82 - - [17/Apr/2019:09:47:29 -0300] "GET /cormun/static/Shared/jqueryui/images/ui-bg_flat_55_994d53_40x100.png HTTP/1.1" 404 1097
190.171.141.82 - - [17/Apr/2019:09:47:29 -0300] "GET /cormun/static/Shared/jqueryui/images/ui-icons_ebccce_256x240.png HTTP/1.1" 404 1089
190.171.141.82 - - [17/Apr/2019:09:47:30 -0300] "POST /cormun/servlet/solicitudot?gx-no-cache=1555505024157 HTTP/1.1" 200 256
190.171.141.82 - - [17/Apr/2019:09:47:30 -0300] "GET /cormun/servlet/solicitudot?4c727585b27c39023cbb8b641295b351fcb8db1d731875c5af7d290e66b27fdbeba2b059cb95de30d6942860fa22fbd0028919856a320d726b4caa1535adcf260992545b8ce888aeea08dd95c074139379c497e65d06b257a85e7cc65b8b235e1c3dd05781d946f698ad35abe305736e21c3b0149fa976e251143c17042546c29163d5f4a3ae7a1a3c7b9b192bf944ddf43fd71071fc771e39983f209a23696ddf0ef11a362ec39a85f1c25646b69f0e53e4b4347fceb41df9d18423692be0c596f3dc42759ddd460aae1d90bd7e211c880634f3d64502a750c701da9d1ff06a8354fa291b9644b56991d2b41e541bec2b693864cfbcf40ac6c774e0267b905ce5f54af8d2e067d1340627b07a802d39f79ec392be9e61c1b788c6e1963a2adeaa6e17f2f3c01f90ba789b2dc7fae69d183e8cf3edce047c304b0159d2a8c0761bae4a98d58537f1029e5fb283511891ca25030d632f535b737ab6c4a2bc3422e82c95de9a017ac813ef47d63bc1494e7aadd085d95025ef640a4d610de484d1,gx-no-cache=1555505024305 HTTP/1.1" 200 30
190.171.142.18 - - [17/Apr/2019:09:47:30 -0300] "POST /cormun/servlet/solicitudot?gx-no-cache=1555505206381 HTTP/1.1" 200 30
190.171.141.82 - - [17/Apr/2019:09:47:31 -0300] "POST /cormun/servlet/solicitudot?gx-no-cache=1555505025367 HTTP/1.1" 200 30
190.171.142.18 - - [17/Apr/2019:09:47:31 -0300] "POST /cormun/servlet/solicitudot?gx-no-cache=1555505207869 HTTP/1.1" 200 1341
190.171.142.18 - - [17/Apr/2019:09:47:31 -0300] "POST /cormun/servlet/solicitudot?gx-no-cache=1555505207971 HTTP/1.1" 200 38
190.171.141.82 - - [17/Apr/2019:09:47:32 -0300] "POST /cormun/servlet/solicitudot?e61517fcb1636a8961432f5ca5a15ecd,INS,0,0,,gx-no-cache=1555505026648 HTTP/1.1" 200 12130
190.171.141.82 - - [17/Apr/2019:09:47:32 -0300] "GET /cormun/static/Shared/jqueryui/images/ui-icons_8d78a5_256x240.png HTTP/1.1" 404 1089
190.171.141.82 - - [17/Apr/2019:09:47:32 -0300] "GET /cormun/static/Shared/jqueryui/images/ui-bg_flat_55_fafafa_40x100.png HTTP/1.1" 404 1097
190.171.141.82 - - [17/Apr/2019:09:47:34 -0300] "POST /cormun/servlet/solicitudot?gx-no-cache=1555505028274 HTTP/1.1" 200 3551
190.171.141.82 - - [17/Apr/2019:09:47:34 -0300] "POST /cormun/servlet/solicitudot?e61517fcb1636a8961432f5ca5a15ecd,INS,0,0,,gx-no-cache=1555505028667 HTTP/1.1" 200 12146
190.171.141.82 - - [17/Apr/2019:09:47:34 -0300] "GET /cormun/servlet/solicitudot?4c727585b27c39023cbb8b641295b3519543ea5ea120ae1606e0acf8020b30f8e7b9ee9466a52bfc1295d5e40f8a5258,gx-no-cache=1555505029034 HTTP/1.1" 200 30
190.171.141.82 - - [17/Apr/2019:09:47:35 -0300] "GET /cormun/servlet/solicitudot?4c727585b27c39023cbb8b641295b3516098388b3ab4bb0b63194e4e51d663fa76991beffdc1103aa285b5b0fe2fe68ee7b9ee9466a52bfc1295d5e40f8a5258,gx-no-cache=1555505029152 HTTP/1.1" 200 30
192.168.10.89 - - [17/Apr/2019:09:47:35 -0300] "POST /cormun/servlet/trsolicitudgral?3ffb619fa3d07561c77c1f935edc558e,gx-no-cache=1555509826040,gx-no-cache=1555512051295 HTTP/1.1" 200 5492
190.171.141.82 - - [17/Apr/2019:09:47:35 -0300] "GET /cormun/servlet/solicitudot?4c727585b27c39023cbb8b641295b351bf5ab0d7ae403c1091a6c21ff211353b,gx-no-cache=1555505029276 HTTP/1.1" 200 123
192.168.10.89 - - [17/Apr/2019:09:47:35 -0300] "GET /cormun/static/Shared/jqueryui/images/ui-icons_82798d_256x240.png HTTP/1.1" 404 1089
192.168.10.89 - - [17/Apr/2019:09:47:35 -0300] "GET /cormun/static/Shared/jqueryui/images/ui-bg_flat_55_fafafa_40x100.png HTTP/1.1" 404 1097
192.168.10.89 - - [17/Apr/2019:09:47:35 -0300] "GET /cormun/static/Shared/jqueryui/images/ui-icons_8d78a5_256x240.png HTTP/1.1" 404 1089
192.168.10.89 - - [17/Apr/2019:09:47:35 -0300] "GET /cormun/static/Shared/jqueryui/images/ui-bg_highlight-soft_100_c6c2c8_1x100.png HTTP/1.1" 404 1117
190.171.141.82 - - [17/Apr/2019:09:47:35 -0300] "POST /cormun/servlet/solicitudot?gx-no-cache=1555505029396 HTTP/1.1" 200 257
190.171.141.82 - - [17/Apr/2019:09:47:35 -0300] "GET /cormun/servlet/solicitudot?4c727585b27c39023cbb8b641295b351fcb8db1d731875c5af7d290e66b27fdbeba2b059cb95de30d6942860fa22fbd0028919856a320d726b4caa1535adcf260992545b8ce888aeea08dd95c074139379c497e65d06b257a85e7cc65b8b235e1c3dd05781d946f698ad35abe305736e21c3b0149fa976e251143c17042546c29163d5f4a3ae7a1a3c7b9b192bf944ddf43fd71071fc771e39983f209a23696ddf0ef11a362ec39a85f1c25646b69f0e53e4b4347fceb41df9d18423692be0c596f3dc42759ddd460aae1d90bd7e211c880634f3d64502a750c701da9d1ff06a8354fa291b9644b56991d2b41e541bec2b693864cfbcf40ac6c774e0267b905ce5f54af8d2e067d1340627b07a802d39f79ec392be9e61c1b788c6e1963a2adeaa6e17f2f3c01f90ba789b2dc7fae69d183e8cf3edce047c304b0159d2a8c0761bae4a98d58537f1029e5fb283511891ca25030d632f535b737ab6c4a2bc3422e82c95de9a017ac813ef47d63bc1494e4019da94325c100832ed59cc36315814,gx-no-cache=1555505029509 HTTP/1.1" 200 30
190.171.141.82 - - [17/Apr/2019:09:47:35 -0300] "POST /cormun/servlet/solicitudot?gx-no-cache=1555505029635 HTTP/1.1" 200 30
190.171.141.82 - - [17/Apr/2019:09:47:35 -0300] "POST /cormun/servlet/solicitudot?gx-no-cache=1555505029759 HTTP/1.1" 200 1344
190.171.141.82 - - [17/Apr/2019:09:47:35 -0300] "POST /cormun/servlet/solicitudot?gx-no-cache=1555505029897 HTTP/1.1" 200 38
190.171.142.18 - - [17/Apr/2019:09:47:36 -0300] "GET /cormun/servlet/solicitudot?749e09009d81918e861682e0c4323f13eb132cf448e08798092f00e41c17fe7bf1c910b86c4a4a0cac62f22d6a8b668a24150a75b0dc5c7b62c6dc29cf962886d8a00e70d5b318ca577ae55d9ae833b4fadfb3370034ea704b9844bf3651edb29e10ec8a4a1f3043f400d7186366c717,gx-no-cache=1555505212798 HTTP/1.1" 200 110
190.171.141.82 - - [17/Apr/2019:09:47:38 -0300] "GET /cormun/servlet/solicitudot?4c727585b27c39023cbb8b641295b351717af2ef2deca95f5a83b2ddc713829a05032e40130ba5686b9f73dc0454472fa4ad38189b6160082d0a22cb14478e02f3b501c147729f56ae4d19687f0683f53fbe20e21fbfddbd7b63516a4868f30bf2ef016d2e1c2bf02efd8b9374073520,gx-no-cache=1555505032386 HTTP/1.1" 200 110
190.171.142.18 - - [17/Apr/2019:09:47:39 -0300] "POST /cormun/servlet/solicitudot?gx-no-cache=1555505216039 HTTP/1.1" 200 110
190.171.141.82 - - [17/Apr/2019:09:47:43 -0300] "POST /cormun/servlet/solicitudot?gx-no-cache=1555505037796 HTTP/1.1" 200 72
190.171.142.18 - - [17/Apr/2019:09:47:45 -0300] "GET /cormun/servlet/solicitudot?749e09009d81918e861682e0c4323f13cc52bded7a1fb4a1641611e4f1cc37733f2a2f5a5904e5c67303f6ebfa63c85101917853db9208516d2e2e05f86d72cbf8865ded383e48fdecad1d75b9a9daf2085cce9865564e97bcc5db67d22ef1dd3c91c998c24b7e5b15a0d83cdfe7da7b,gx-no-cache=1555505221590 HTTP/1.1" 200 29
190.171.142.18 - - [17/Apr/2019:09:47:45 -0300] "GET /cormun/static/menuarrow.gif HTTP/1.1" 404 1015
192.168.10.89 - - [17/Apr/2019:09:47:46 -0300] "POST /cormun/servlet/trsolicitudgral?3ffb619fa3d07561c77c1f935edc558e,gx-no-cache=1555509826040,gx-no-cache=1555512062384 HTTP/1.1" 200 6621
190.171.142.18 - - [17/Apr/2019:09:47:48 -0300] "GET /cormun/servlet/solicitudot?749e09009d81918e861682e0c4323f13c9c74a7861255ae17433e3be0b824c0dbb7e0ab945e904b2ab907ebef65eecea,gx-no-cache=1555505224317 HTTP/1.1" 200 30
192.168.10.89 - - [17/Apr/2019:09:47:52 -0300] "POST /cormun/servlet/trsolicitudgral?3ffb619fa3d07561c77c1f935edc558e,gx-no-cache=1555509826040,gx-no-cache=1555512068469 HTTP/1.1" 200 5477
190.171.142.18 - - [17/Apr/2019:09:47:52 -0300] "POST /cormun/servlet/solicitudot?gx-no-cache=1555505229015 HTTP/1.1" 200 30
190.171.141.82 - - [17/Apr/2019:09:47:54 -0300] "POST /cormun/servlet/solicitudot?e61517fcb1636a8961432f5ca5a15ecd,INS,0,0,,gx-no-cache=1555505048007 HTTP/1.1" 200 12233
190.171.141.82 - - [17/Apr/2019:09:47:57 -0300] "POST /cormun/servlet/solicitudot?gx-no-cache=1555505051461 HTTP/1.1" 200 3551
190.171.141.82 - - [17/Apr/2019:09:47:57 -0300] "POST /cormun/servlet/solicitudot?e61517fcb1636a8961432f5ca5a15ecd,INS,0,0,,gx-no-cache=1555505051592 HTTP/1.1" 200 12250
190.171.141.82 - - [17/Apr/2019:09:47:57 -0300] "GET /cormun/servlet/solicitudot?4c727585b27c39023cbb8b641295b3519543ea5ea120ae1606e0acf8020b30f8e7b9ee9466a52bfc1295d5e40f8a5258,gx-no-cache=1555505051831 HTTP/1.1" 200 30
190.171.141.82 - - [17/Apr/2019:09:47:57 -0300] "GET /cormun/servlet/solicitudot?4c727585b27c39023cbb8b641295b3516098388b3ab4bb0b63194e4e51d663fa76991beffdc1103aa285b5b0fe2fe68ee7b9ee9466a52bfc1295d5e40f8a5258,gx-no-cache=1555505051914 HTTP/1.1" 200 30
190.171.141.82 - - [17/Apr/2019:09:47:58 -0300] "GET /cormun/servlet/solicitudot?4c727585b27c39023cbb8b641295b351bf5ab0d7ae403c1091a6c21ff211353b,gx-no-cache=1555505052000 HTTP/1.1" 200 123
190.171.141.82 - - [17/Apr/2019:09:47:58 -0300] "POST /cormun/servlet/solicitudot?gx-no-cache=1555505052390 HTTP/1.1" 200 257
190.171.141.82 - - [17/Apr/2019:09:47:58 -0300] "GET /cormun/servlet/solicitudot?4c727585b27c39023cbb8b641295b351fcb8db1d731875c5af7d290e66b27fdbeba2b059cb95de30d6942860fa22fbd0028919856a320d726b4caa1535adcf260992545b8ce888aeea08dd95c074139379c497e65d06b257a85e7cc65b8b235e1c3dd05781d946f698ad35abe305736e21c3b0149fa976e251143c17042546c29163d5f4a3ae7a1a3c7b9b192bf944ddf43fd71071fc771e39983f209a23696ddf0ef11a362ec39a85f1c25646b69f0e53e4b4347fceb41df9d18423692be0c596f3dc42759ddd460aae1d90bd7e211c880634f3d64502a750c701da9d1ff06a8354fa291b9644b56991d2b41e541bec2b693864cfbcf40ac6c774e0267b905ce5f54af8d2e067d1340627b07a802d39f79ec392be9e61c1b788c6e1963a2adeaa6e17f2f3c01f90ba789b2dc7fae69d183e8cf3edce047c304b0159d2a8c0761bae4a98d58537f1029e5fb283511891ca25030d632f535b737ab6c4a2bc3422e82c95de9a017ac813ef47d63bc1494e4019da94325c100832ed59cc36315814,gx-no-cache=1555505052427 HTTP/1.1" 200 30
190.171.141.82 - - [17/Apr/2019:09:47:58 -0300] "POST /cormun/servlet/solicitudot?gx-no-cache=1555505052451 HTTP/1.1" 200 30
190.171.141.82 - - [17/Apr/2019:09:47:58 -0300] "POST /cormun/servlet/solicitudot?gx-no-cache=1555505052523 HTTP/1.1" 200 1344
190.171.141.82 - - [17/Apr/2019:09:47:58 -0300] "POST /cormun/servlet/solicitudot?gx-no-cache=1555505052684 HTTP/1.1" 200 38
190.171.141.82 - - [17/Apr/2019:09:47:58 -0300] "GET /cormun/servlet/solicitudot?4c727585b27c39023cbb8b641295b351717af2ef2deca95f5a83b2ddc713829a05032e40130ba5686b9f73dc0454472fa4ad38189b6160082d0a22cb14478e02f3b501c147729f56ae4d19687f0683f53fbe20e21fbfddbd7b63516a4868f30bf2ef016d2e1c2bf02efd8b9374073520,gx-no-cache=1555505052765 HTTP/1.1" 200 110
190.171.141.82 - - [17/Apr/2019:09:47:58 -0300] "POST /cormun/servlet/solicitudot?gx-no-cache=1555505052789 HTTP/1.1" 200 67
192.168.10.89 - - [17/Apr/2019:09:48:02 -0300] "POST /cormun/servlet/trsolicitudgral?3ffb619fa3d07561c77c1f935edc558e,gx-no-cache=1555509826040,gx-no-cache=1555512078408 HTTP/1.1" 200 6927
190.171.141.82 - - [17/Apr/2019:09:48:04 -0300] "GET /cormun/servlet/solicitudot?4c727585b27c39023cbb8b641295b35113ed66a86e42d58995f161f5a862606c0b7a6b671c29d9741deab5b6622fadde31e54007de30b93d8c0557aeeb49972da7ea1c345f27a6c0541e9043176573be688f11a97ee81de20d468a0128550a23b4789cb489e57036b1e5c3985dc183dd,gx-no-cache=1555505058702 HTTP/1.1" 200 29
190.171.141.82 - - [17/Apr/2019:09:48:04 -0300] "GET /cormun/static/menuarrow.gif HTTP/1.1" 404 1015
190.171.142.18 - - [17/Apr/2019:09:48:04 -0300] "POST /cormun/servlet/solicitudot?564a6dce5a38565e3e979533a02f8591,INS,0,0,,gx-no-cache=1555505240632 HTTP/1.1" 200 93
190.171.142.18 - - [17/Apr/2019:09:48:05 -0300] "GET /cormun/servlet/hpexe_return? HTTP/1.1" 200 1010
190.171.142.18 - - [17/Apr/2019:09:48:05 -0300] "GET /cormun/static/gxcfg.js?2016101716175148 HTTP/1.1" 200 953
190.171.142.18 - - [17/Apr/2019:09:48:05 -0300] "GET /cormun/static/hpexe_return.js?2016101716175153 HTTP/1.1" 200 1633
190.171.142.18 - - [17/Apr/2019:09:48:05 -0300] "GET /cormun/static/Resources/Spanish/PXTools.css?167811 HTTP/1.1" 200 89042
190.171.142.18 - - [17/Apr/2019:09:48:05 -0300] "GET /cormun/servlet/trsolicitudot HTTP/1.1" 200 8914
190.171.142.18 - - [17/Apr/2019:09:48:06 -0300] "GET /cormun//static/Resources/PXToolsGridUpdate.png HTTP/1.1" 200 2984
190.171.142.18 - - [17/Apr/2019:09:48:06 -0300] "GET /cormun//static/Resources/PXToolsActionView.png HTTP/1.1" 200 2995
190.171.142.18 - - [17/Apr/2019:09:48:06 -0300] "GET /cormun/servlet/trsolicitudot HTTP/1.1" 200 8910
190.171.142.18 - - [17/Apr/2019:09:48:06 -0300] "GET /cormun//static/Resources/PXTools/ActionInsert.png HTTP/1.1" 200 1482
190.171.142.18 - - [17/Apr/2019:09:48:06 -0300] "GET /cormun//static/Resources/PXToolsRemoveAllAction.png HTTP/1.1" 200 3558
190.171.142.18 - - [17/Apr/2019:09:48:06 -0300] "GET /cormun//static/Resources/PXToolsGridDelete.png HTTP/1.1" 200 357
190.171.141.82 - - [17/Apr/2019:09:48:10 -0300] "GET /cormun/servlet/solicitudot?4c727585b27c39023cbb8b641295b351abc96432c36be73a3dcc9f2bd73ff5b3abcfac467c87970c46bae545af63d214,gx-no-cache=1555505064444 HTTP/1.1" 200 30
190.171.141.82 - - [17/Apr/2019:09:48:19 -0300] "POST /cormun/servlet/solicitudot?gx-no-cache=1555505073574 HTTP/1.1" 200 30
190.171.141.82 - - [17/Apr/2019:09:48:19 -0300] "POST /cormun/servlet/solicitudot?e61517fcb1636a8961432f5ca5a15ecd,INS,0,0,,gx-no-cache=1555505073621 HTTP/1.1" 200 12577
190.171.141.82 - - [17/Apr/2019:09:48:23 -0300] "GET /cormun/servlet/prbanco?,MD,,gxPopupLevel%3D0%3B HTTP/1.1" 200 6718
190.171.141.82 - - [17/Apr/2019:09:48:24 -0300] "GET /cormun/static/gxcfg.js?20181161016094 HTTP/1.1" 200 953
190.171.141.82 - - [17/Apr/2019:09:48:24 -0300] "GET /cormun/static/prbanco.js?2018116101633 HTTP/1.1" 200 10693
190.171.141.82 - - [17/Apr/2019:09:48:39 -0300] "GET /cormun/servlet/solicitudot?4c727585b27c39023cbb8b641295b351359060e23da280420fab76e3edd89376,gx-no-cache=1555505093429 HTTP/1.1" 200 51
190.171.141.82 - - [17/Apr/2019:09:48:39 -0300] "POST /cormun/servlet/solicitudot?gx-no-cache=1555505093503 HTTP/1.1" 200 257
190.171.141.82 - - [17/Apr/2019:09:48:39 -0300] "GET /cormun/servlet/solicitudot?4c727585b27c39023cbb8b641295b351fcb8db1d731875c5af7d290e66b27fdbeba2b059cb95de30d6942860fa22fbd0028919856a320d726b4caa1535adcf260992545b8ce888aeea08dd95c074139379c497e65d06b257a85e7cc65b8b235e1c3dd05781d946f698ad35abe305736e21c3b0149fa976e251143c17042546c29163d5f4a3ae7a1a3c7b9b192bf944ddf43fd71071fc771e39983f209a23696ddf0ef11a362ec39a85f1c25646b69f0e53e4b4347fceb41df9d18423692be0c596f3dc42759ddd460aae1d90bd7e211c880634f3d64502a750c701da9d1ff06a8354fa291b9644b56991d2b41e541bec2b693864cfbcf40ac6c774e0267b905ce5f54af8d2e067d1340627b07a802d39f79ec392be9e61c1b788c6e1963a2adeaa6e17f2f3c01f90ba789b2dc7fae69d183e8cf3edce047c304b0159d2a8c0761bae4a98d58537f1029e5fb283511891ca25030d632f535b737ab6c4a2bc3422e82c95de9a017ac813ef47d63bc1494e4019da94325c100832ed59cc36315814,gx-no-cache=1555505093585 HTTP/1.1" 200 30
190.171.141.82 - - [17/Apr/2019:09:48:39 -0300] "POST /cormun/servlet/solicitudot?gx-no-cache=1555505093666 HTTP/1.1" 200 30
190.171.141.82 - - [17/Apr/2019:09:48:40 -0300] "POST /cormun/servlet/solicitudot?gx-no-cache=1555505093787 HTTP/1.1" 200 1344
192.168.10.89 - - [17/Apr/2019:09:48:40 -0300] "POST /cormun/servlet/trsolicitudgral?3ffb619fa3d07561c77c1f935edc558e,gx-no-cache=1555509826040,gx-no-cache=1555512116535 HTTP/1.1" 200 6611
190.171.141.82 - - [17/Apr/2019:09:48:40 -0300] "POST /cormun/servlet/solicitudot?gx-no-cache=1555505094483 HTTP/1.1" 200 41
190.171.141.82 - - [17/Apr/2019:09:48:40 -0300] "GET /cormun/servlet/solicitudot?4c727585b27c39023cbb8b641295b351717af2ef2deca95f5a83b2ddc713829a05032e40130ba5686b9f73dc0454472fa4ad38189b6160082d0a22cb14478e02f3b501c147729f56ae4d19687f0683f53fbe20e21fbfddbd7b63516a4868f30bf2ef016d2e1c2bf02efd8b9374073520,gx-no-cache=1555505094536 HTTP/1.1" 200 110
190.171.141.82 - - [17/Apr/2019:09:48:40 -0300] "POST /cormun/servlet/solicitudot?gx-no-cache=1555505094584 HTTP/1.1" 200 67
190.171.141.82 - - [17/Apr/2019:09:48:40 -0300] "GET /cormun/servlet/solicitudot?4c727585b27c39023cbb8b641295b351abc96432c36be73a3dcc9f2bd73ff5b3abcfac467c87970c46bae545af63d214,gx-no-cache=1555505094638 HTTP/1.1" 200 30
190.171.141.82 - - [17/Apr/2019:09:48:40 -0300] "POST /cormun/servlet/solicitudot?gx-no-cache=1555505094686 HTTP/1.1" 200 30
190.171.141.82 - - [17/Apr/2019:09:48:40 -0300] "POST /cormun/servlet/solicitudot?e61517fcb1636a8961432f5ca5a15ecd,INS,0,0,,gx-no-cache=1555505094728 HTTP/1.1" 200 93
190.171.141.82 - - [17/Apr/2019:09:48:40 -0300] "GET /cormun/servlet/hpexe_return? HTTP/1.1" 200 1031
190.171.141.82 - - [17/Apr/2019:09:48:41 -0300] "GET /cormun/servlet/trsolicitudot?gx-no-cache=1555504834029 HTTP/1.1" 200 9673
190.171.141.82 - - [17/Apr/2019:09:48:41 -0300] "GET /cormun/servlet/trsolicitudot?gx-no-cache=1555504834029 HTTP/1.1" 200 9688
192.168.10.89 - - [17/Apr/2019:09:48:51 -0300] "POST /cormun/servlet/trsolicitudgral?3ffb619fa3d07561c77c1f935edc558e,gx-no-cache=1555509826040,gx-no-cache=1555512126278 HTTP/1.1" 200 25773
190.171.141.82 - - [17/Apr/2019:09:48:56 -0300] "POST /cormun/servlet/trsolicitudot?e61517fcb1636a8961432f5ca5a15ecd,gx-no-cache=1555504834029,gx-no-cache=1555505110139 HTTP/1.1" 200 6322
190.171.141.82 - - [17/Apr/2019:09:48:56 -0300] "GET /cormun/static/Shared/jqueryui/images/ui-bg_highlight-soft_100_c6c2c8_1x100.png HTTP/1.1" 404 1117
190.171.141.82 - - [17/Apr/2019:09:48:56 -0300] "GET /cormun/static/Shared/jqueryui/images/ui-icons_82798d_256x240.png HTTP/1.1" 404 1089
190.171.141.82 - - [17/Apr/2019:09:48:56 -0300] "GET /cormun/static/Shared/jqueryui/images/ui-bg_flat_55_fafafa_40x100.png HTTP/1.1" 404 1097
190.171.141.82 - - [17/Apr/2019:09:48:56 -0300] "GET /cormun/static/Shared/jqueryui/images/ui-icons_8d78a5_256x240.png HTTP/1.1" 404 1089
190.171.141.82 - - [17/Apr/2019:09:48:57 -0300] "POST /cormun/servlet/trsolicitudot?e61517fcb1636a8961432f5ca5a15ecd,gx-no-cache=1555504834029,gx-no-cache=1555505110361 HTTP/1.1" 200 6263
190.171.141.82 - - [17/Apr/2019:09:48:59 -0300] "GET /cormun/servlet/trautorizarsolicitud? HTTP/1.1" 200 9306
190.171.141.82 - - [17/Apr/2019:09:49:01 -0300] "GET /cormun/servlet/trautorizarsolicitud? HTTP/1.1" 200 9287
192.168.10.89 - - [17/Apr/2019:09:49:11 -0300] "POST /cormun/servlet/trsolicitudgral?3ffb619fa3d07561c77c1f935edc558e,gx-no-cache=1555509826040,gx-no-cache=1555512148004 HTTP/1.1" 200 6664
192.168.10.89 - - [17/Apr/2019:09:49:13 -0300] "GET /cormun/servlet/solicitudgral?UPD,2019,15303, HTTP/1.1" 200 12560
192.168.10.89 - - [17/Apr/2019:09:49:15 -0300] "POST /cormun/servlet/solicitudgral?gx-no-cache=1555512151271 HTTP/1.1" 200 4019
192.168.10.89 - - [17/Apr/2019:09:49:15 -0300] "GET /cormun/servlet/solicitudgral?72678e6794ed6f3fc2be7731dafe4ce6d174a9f59114d86b6bfe8452aea4a47e8fe2a920c287ac5532b8d424e87d3951b08f38182b6d773a6f0e8f4ee94ea9e8050661eee0519ec1f2812145e8b558b614d446664bc9eda9a4f4b2f8e07ab281d036ccb88a0f061d5e7f93ebfc11f702c83330a2a4fb90b6bb1718764043845f309072d0e06f7bc2e0739b08ba48ed141d40c1990c4f1702b54e010fd3e39605bf1a3be97bda163f15b9bcf5e2b7721ada2e783795d6b933ad74b634a6ce491b141b607093143b89ac1e6a9682f1ddf6aedac21879bff0d4cee25a95ca8ae30d3c80b77568cad2e5d979375c459d98f235e1ca2c5173d2959da6a28422a39423769c26d52992ba97a1183f448c50e9374f0a4a214be26b02ead5b2e275937d148af1960dadc621248087ea926f4a2599a404b76903e9c580f4eec30fd9b68648a1c440207b65513809697f4240765199,gx-no-cache=1555512151466 HTTP/1.1" 200 255
192.168.10.89 - - [17/Apr/2019:09:49:16 -0300] "GET /cormun/servlet/solicitudgral?72678e6794ed6f3fc2be7731dafe4ce6b60fc7f9530c8938d980763c5d6139ec8fe2a920c287ac5532b8d424e87d3951b08f38182b6d773a6f0e8f4ee94ea9e85cb12c17eabd2e647376796be718bf50f5bad4f806d4c2b88181dc7cd7486e1f,gx-no-cache=1555512152449 HTTP/1.1" 200 30
192.168.10.89 - - [17/Apr/2019:09:49:16 -0300] "POST /cormun/servlet/solicitudgral?gx-no-cache=1555512152724 HTTP/1.1" 200 97
192.168.10.89 - - [17/Apr/2019:09:49:16 -0300] "GET /cormun/servlet/solicitudgral?72678e6794ed6f3fc2be7731dafe4ce6baeecc3f3d75fbb465c669a80a7ec94965c472774af30679d0a20c35b6356f08769c26d52992ba97a1183f448c50e9371739eb0a379fdce9ae81ee314ef6df85777792ee9e8be163c72878761bc790f6fbd4ac5721d4f40bb60135a486a58ea5b66fc0f2c07dfa326254d0e5554c378ca182dc59a2793189a6da2efcd47026609a93aab4ff63d4c1892120a54098d07ba7c2cecf6e694d3def902292223254308ec97242da24a987372528d4848610fcd991c552fa2ab3918d4e32aa2a726b46,gx-no-cache=1555512152986 HTTP/1.1" 200 49
192.168.10.89 - - [17/Apr/2019:09:49:17 -0300] "POST /cormun/servlet/solicitudgral?3ffb619fa3d07561c77c1f935edc558e,UPD,2019,15303,,gx-no-cache=1555512153309 HTTP/1.1" 200 11492
192.168.10.89 - - [17/Apr/2019:09:49:20 -0300] "GET /cormun/servlet/solicitudgral?72678e6794ed6f3fc2be7731dafe4ce6338dbe0817bd8ff574dcb24b9601f069a66d29a7e2186a308b38e185de5ff0dedfbc4354c1a08bb474ea9e2fe00cee63fae7a1ac7e239636fb03463c7cbecd8e83ab74c59350a1ee6a0f3db63cd465abb750ff8389b9b1670ceaff96706cb31753ae8867f59c29c472c6e6a310ff17d124dbd3632900ff15df13160f24d8d096f8c85111ef8577130588d86a438603df,gx-no-cache=1555512156847 HTTP/1.1" 200 30
190.171.141.82 - - [17/Apr/2019:09:49:43 -0300] "POST /cormun/servlet/trautorizarsolicitud?e61517fcb1636a8961432f5ca5a15ecd,,gx-no-cache=1555505157450 HTTP/1.1" 200 5841
190.171.141.82 - - [17/Apr/2019:09:49:43 -0300] "GET /cormun/static/Shared/jqueryui/images/ui-icons_82798d_256x240.png HTTP/1.1" 404 1089
190.171.141.82 - - [17/Apr/2019:09:49:43 -0300] "GET /cormun/static/Shared/jqueryui/images/ui-icons_8d78a5_256x240.png HTTP/1.1" 404 1089
190.171.141.82 - - [17/Apr/2019:09:49:43 -0300] "GET /cormun/static/Shared/jqueryui/images/ui-bg_highlight-soft_100_c6c2c8_1x100.png HTTP/1.1" 404 1117
190.171.141.82 - - [17/Apr/2019:09:49:43 -0300] "GET /cormun/static/Shared/jqueryui/images/ui-bg_flat_55_fafafa_40x100.png HTTP/1.1" 404 1097
190.171.141.82 - - [17/Apr/2019:09:49:43 -0300] "POST /cormun/servlet/trautorizarsolicitud?e61517fcb1636a8961432f5ca5a15ecd,,gx-no-cache=1555505157917 HTTP/1.1" 200 5787
190.171.141.82 - - [17/Apr/2019:09:49:46 -0300] "POST /cormun/servlet/trautorizarsolicitud?e61517fcb1636a8961432f5ca5a15ecd,,gx-no-cache=1555505159944 HTTP/1.1" 200 4684
190.171.141.82 - - [17/Apr/2019:09:49:46 -0300] "POST /cormun/servlet/trautorizarsolicitud?e61517fcb1636a8961432f5ca5a15ecd,,gx-no-cache=1555505160393 HTTP/1.1" 200 4473
192.168.10.89 - - [17/Apr/2019:09:49:50 -0300] "POST /cormun/servlet/solicitudgral?3ffb619fa3d07561c77c1f935edc558e,UPD,2019,15303,,gx-no-cache=1555512186410 HTTP/1.1" 200 93
192.168.10.89 - - [17/Apr/2019:09:49:50 -0300] "GET /cormun/servlet/hpexe_return? HTTP/1.1" 200 1032
192.168.10.89 - - [17/Apr/2019:09:49:50 -0300] "GET /cormun/servlet/trsolicitudgral?gx-no-cache=1555509826040 HTTP/1.1" 200 9761
192.168.10.89 - - [17/Apr/2019:09:49:53 -0300] "POST /cormun/servlet/trsolicitudgral?3ffb619fa3d07561c77c1f935edc558e,gx-no-cache=1555509826040,gx-no-cache=1555512189862 HTTP/1.1" 200 5496
192.168.10.89 - - [17/Apr/2019:09:49:53 -0300] "GET /cormun/static/Shared/jqueryui/images/ui-icons_8d78a5_256x240.png HTTP/1.1" 404 1089
192.168.10.89 - - [17/Apr/2019:09:49:53 -0300] "GET /cormun/static/Shared/jqueryui/images/ui-icons_82798d_256x240.png HTTP/1.1" 404 1089
192.168.10.89 - - [17/Apr/2019:09:49:53 -0300] "GET /cormun/static/Shared/jqueryui/images/ui-bg_highlight-soft_100_c6c2c8_1x100.png HTTP/1.1" 404 1117
192.168.10.89 - - [17/Apr/2019:09:49:53 -0300] "GET /cormun/static/Shared/jqueryui/images/ui-bg_flat_55_fafafa_40x100.png HTTP/1.1" 404 1097
192.168.10.96 - - [17/Apr/2019:09:50:56 -0300] "GET /cormun/servlet/vesolicitudgral?2019,15175,, HTTP/1.1" 200 9331
192.168.10.96 - - [17/Apr/2019:09:50:56 -0300] "GET /cormun/pexe_scrolldiv.js HTTP/1.1" 404 1009
192.168.10.96 - - [17/Apr/2019:09:50:56 -0300] "GET /cormun/pexe_scrolldiv.js HTTP/1.1" 404 1009
192.168.10.96 - - [17/Apr/2019:09:50:56 -0300] "GET /cormun/servlet/vesolicitudgral?2019,15175,, HTTP/1.1" 200 9329
190.171.142.18 - - [17/Apr/2019:09:51:01 -0300] "POST /cormun/servlet/trsolicitudot?564a6dce5a38565e3e979533a02f8591,gx-no-cache=1555505416620 HTTP/1.1" 200 107
190.171.142.18 - - [17/Apr/2019:09:51:01 -0300] "GET /cormun/servlet/trsolicitudadjuntos?2019,15334, HTTP/1.1" 200 6445
190.171.142.18 - - [17/Apr/2019:09:51:01 -0300] "GET /cormun/static/gxui/gxui-all.css?110300 HTTP/1.1" 200 2179
190.171.142.18 - - [17/Apr/2019:09:51:01 -0300] "GET /cormun/static/gxcfg.js?20177612135366 HTTP/1.1" 200 953
190.171.142.18 - - [17/Apr/2019:09:51:01 -0300] "GET /cormun/static/trsolicitudadjuntos.js?20177612135632 HTTP/1.1" 200 17922
190.171.142.18 - - [17/Apr/2019:09:51:01 -0300] "GET /cormun/static/Shared/ext/resources/css/ext-all.css?205870 HTTP/1.1" 200 416045
190.171.142.18 - - [17/Apr/2019:09:51:02 -0300] "GET /cormun/servlet/trsolicitudadjuntos?2019,15334, HTTP/1.1" 200 6445
190.171.142.18 - - [17/Apr/2019:09:51:03 -0300] "GET /cormun/servlet/solicitudotadjuntos?INS,2019,15334,,1, HTTP/1.1" 200 6384
190.171.142.18 - - [17/Apr/2019:09:51:03 -0300] "GET /cormun/static/gxcfg.js?2017761244068 HTTP/1.1" 200 953
190.171.142.18 - - [17/Apr/2019:09:51:03 -0300] "GET /cormun/static/solicitudotadjuntos.js?2017761244086 HTTP/1.1" 200 11771
190.171.142.18 - - [17/Apr/2019:09:51:04 -0300] "GET /cormun/static/about:blank HTTP/1.1" 404 1011
190.171.142.18 - - [17/Apr/2019:09:51:04 -0300] "GET /cormun/servlet/solicitudotadjuntos?INS,2019,15334,,1, HTTP/1.1" 200 6377
190.171.142.18 - - [17/Apr/2019:09:51:06 -0300] "GET /cormun/servlet/solicitudotadjuntos?749e09009d81918e861682e0c4323f13faf33d5462035860eed9450a199bb7bd7391b2e4ffc5ac247c988620bc2aba9c,gx-no-cache=1555505421283 HTTP/1.1" 200 30
190.171.142.18 - - [17/Apr/2019:09:51:06 -0300] "POST /cormun/servlet/solicitudotadjuntos?564a6dce5a38565e3e979533a02f8591,INS,2019,15334,,1,,gx-no-cache=1555505422577 HTTP/1.1" 200 4070
190.171.142.18 - - [17/Apr/2019:09:51:08 -0300] "POST /cormun/servlet/solicitudotadjuntos?gx-no-cache=1555505424226 HTTP/1.1" 200 26
190.171.142.18 - - [17/Apr/2019:09:51:17 -0300] "GET /cormun/servlet/solicitudotadjuntos?749e09009d81918e861682e0c4323f13550ce1475e7f6f52e8b98b6030429abc,gx-no-cache=1555505433749 HTTP/1.1" 200 30
190.171.142.18 - - [17/Apr/2019:09:51:17 -0300] "GET /cormun/servlet/solicitudotadjuntos?749e09009d81918e861682e0c4323f13550ce1475e7f6f52e8b98b6030429abc,gx-no-cache=1555505433772 HTTP/1.1" 200 30
190.171.142.18 - - [17/Apr/2019:09:51:17 -0300] "POST /cormun/servlet/solicitudotadjuntos?564a6dce5a38565e3e979533a02f8591,INS,2019,15334,,1, HTTP/1.1" 200 116
190.171.142.18 - - [17/Apr/2019:09:51:18 -0300] "GET /cormun/servlet/hpexe_return? HTTP/1.1" 200 1031
190.171.142.18 - - [17/Apr/2019:09:51:18 -0300] "GET /cormun/servlet/trsolicitudadjuntos?2019,15334, HTTP/1.1" 200 9043
190.171.142.18 - - [17/Apr/2019:09:51:18 -0300] "GET /cormun/servlet/trsolicitudadjuntos?2019,15334, HTTP/1.1" 200 9041
190.171.142.18 - - [17/Apr/2019:09:51:20 -0300] "GET /cormun/servlet/solicitudotadjuntos?INS,2019,15334,,1, HTTP/1.1" 200 6384
190.171.142.18 - - [17/Apr/2019:09:51:20 -0300] "GET /cormun/static/about:blank HTTP/1.1" 404 1011
190.171.142.18 - - [17/Apr/2019:09:51:20 -0300] "GET /cormun/servlet/solicitudotadjuntos?INS,2019,15334,,1, HTTP/1.1" 200 6377
190.171.142.18 - - [17/Apr/2019:09:51:20 -0300] "GET /cormun/servlet/solicitudotadjuntos?749e09009d81918e861682e0c4323f13faf33d5462035860eed9450a199bb7bd7391b2e4ffc5ac247c988620bc2aba9c,gx-no-cache=1555505436966 HTTP/1.1" 200 30
190.171.142.18 - - [17/Apr/2019:09:51:20 -0300] "POST /cormun/servlet/solicitudotadjuntos?564a6dce5a38565e3e979533a02f8591,INS,2019,15334,,1,,gx-no-cache=1555505436999 HTTP/1.1" 200 4070
190.171.142.18 - - [17/Apr/2019:09:51:22 -0300] "POST /cormun/servlet/solicitudotadjuntos?gx-no-cache=1555505438989 HTTP/1.1" 200 26
190.171.142.18 - - [17/Apr/2019:09:51:26 -0300] "GET /cormun/servlet/solicitudotadjuntos?749e09009d81918e861682e0c4323f13550ce1475e7f6f52e8b98b6030429abc,gx-no-cache=1555505443053 HTTP/1.1" 200 30
190.171.142.18 - - [17/Apr/2019:09:51:26 -0300] "GET /cormun/servlet/solicitudotadjuntos?749e09009d81918e861682e0c4323f13550ce1475e7f6f52e8b98b6030429abc,gx-no-cache=1555505443067 HTTP/1.1" 200 30
190.171.142.18 - - [17/Apr/2019:09:51:27 -0300] "POST /cormun/servlet/solicitudotadjuntos?564a6dce5a38565e3e979533a02f8591,INS,2019,15334,,1, HTTP/1.1" 200 116
190.171.142.18 - - [17/Apr/2019:09:51:27 -0300] "GET /cormun/servlet/hpexe_return? HTTP/1.1" 200 1031
190.171.142.18 - - [17/Apr/2019:09:51:27 -0300] "GET /cormun/servlet/trsolicitudadjuntos?2019,15334, HTTP/1.1" 200 9265
190.171.142.18 - - [17/Apr/2019:09:51:27 -0300] "GET /cormun/servlet/trsolicitudadjuntos?2019,15334, HTTP/1.1" 200 9265
190.171.142.18 - - [17/Apr/2019:09:51:29 -0300] "GET /cormun/servlet/solicitudotadjuntos?INS,2019,15334,,1, HTTP/1.1" 200 6384
190.171.142.18 - - [17/Apr/2019:09:51:29 -0300] "GET /cormun/static/about:blank HTTP/1.1" 404 1011
190.171.142.18 - - [17/Apr/2019:09:51:29 -0300] "GET /cormun/servlet/solicitudotadjuntos?INS,2019,15334,,1, HTTP/1.1" 200 6377
190.171.142.18 - - [17/Apr/2019:09:51:29 -0300] "GET /cormun/servlet/solicitudotadjuntos?749e09009d81918e861682e0c4323f13faf33d5462035860eed9450a199bb7bd7391b2e4ffc5ac247c988620bc2aba9c,gx-no-cache=1555505446123 HTTP/1.1" 200 30
190.171.142.18 - - [17/Apr/2019:09:51:30 -0300] "POST /cormun/servlet/solicitudotadjuntos?564a6dce5a38565e3e979533a02f8591,INS,2019,15334,,1,,gx-no-cache=1555505446155 HTTP/1.1" 200 4070
190.171.142.18 - - [17/Apr/2019:09:51:32 -0300] "POST /cormun/servlet/solicitudotadjuntos?gx-no-cache=1555505448821 HTTP/1.1" 200 26
192.168.10.89 - - [17/Apr/2019:09:51:35 -0300] "POST /cormun/servlet/trsolicitudgral?3ffb619fa3d07561c77c1f935edc558e,gx-no-cache=1555509826040,gx-no-cache=1555512291332 HTTP/1.1" 200 6600
192.168.10.89 - - [17/Apr/2019:09:51:37 -0300] "GET /cormun/servlet/solicitudgral?UPD,2019,15193, HTTP/1.1" 200 12529
192.168.10.89 - - [17/Apr/2019:09:51:38 -0300] "POST /cormun/servlet/solicitudgral?gx-no-cache=1555512294403 HTTP/1.1" 200 4014
192.168.10.89 - - [17/Apr/2019:09:51:38 -0300] "GET /cormun/servlet/solicitudgral?72678e6794ed6f3fc2be7731dafe4ce6d174a9f59114d86b6bfe8452aea4a47e8fe2a920c287ac5532b8d424e87d3951b08f38182b6d773a6f0e8f4ee94ea9e8050661eee0519ec1f2812145e8b558b614d446664bc9eda9a4f4b2f8e07ab281d036ccb88a0f061d5e7f93ebfc11f702c83330a2a4fb90b6bb1718764043845f309072d0e06f7bc2e0739b08ba48ed141d40c1990c4f1702b54e010fd3e39605bf1a3be97bda163f15b9bcf5e2b7721ada2e783795d6b933ad74b634a6ce491b141b607093143b89ac1e6a9682f1ddf6aedac21879bff0d4cee25a95ca8ae30d3c80b77568cad2e5d979375c459d98f235e1ca2c5173d2959da6a28422a39423769c26d52992ba97a1183f448c50e9374f0a4a214be26b02ead5b2e275937d148af1960dadc621248087ea926f4a2599a404b76903e9c580f4eec30fd9b68648a1c440207b65513809697f4240765199,gx-no-cache=1555512294592 HTTP/1.1" 200 255
190.171.142.18 - - [17/Apr/2019:09:51:39 -0300] "GET /cormun/servlet/solicitudotadjuntos?749e09009d81918e861682e0c4323f13550ce1475e7f6f52e8b98b6030429abc,gx-no-cache=1555505455605 HTTP/1.1" 200 30
190.171.142.18 - - [17/Apr/2019:09:51:39 -0300] "GET /cormun/servlet/solicitudotadjuntos?749e09009d81918e861682e0c4323f13550ce1475e7f6f52e8b98b6030429abc,gx-no-cache=1555505455627 HTTP/1.1" 200 30
190.171.142.18 - - [17/Apr/2019:09:51:39 -0300] "POST /cormun/servlet/solicitudotadjuntos?564a6dce5a38565e3e979533a02f8591,INS,2019,15334,,1, HTTP/1.1" 200 116
190.171.142.18 - - [17/Apr/2019:09:51:39 -0300] "GET /cormun/servlet/hpexe_return? HTTP/1.1" 200 1031
190.171.142.18 - - [17/Apr/2019:09:51:39 -0300] "GET /cormun/servlet/trsolicitudadjuntos?2019,15334, HTTP/1.1" 200 9456
190.171.142.18 - - [17/Apr/2019:09:51:40 -0300] "GET /cormun/servlet/trsolicitudadjuntos?2019,15334, HTTP/1.1" 200 9454
190.171.142.18 - - [17/Apr/2019:09:51:42 -0300] "GET /cormun/servlet/solicitudotadjuntos?INS,2019,15334,,1, HTTP/1.1" 200 6384
190.171.142.18 - - [17/Apr/2019:09:51:42 -0300] "GET /cormun/static/about:blank HTTP/1.1" 404 1011
190.171.142.18 - - [17/Apr/2019:09:51:42 -0300] "GET /cormun/servlet/solicitudotadjuntos?INS,2019,15334,,1, HTTP/1.1" 200 6377
190.171.142.18 - - [17/Apr/2019:09:51:42 -0300] "GET /cormun/servlet/solicitudotadjuntos?749e09009d81918e861682e0c4323f13faf33d5462035860eed9450a199bb7bd7391b2e4ffc5ac247c988620bc2aba9c,gx-no-cache=1555505459099 HTTP/1.1" 200 30
190.171.142.18 - - [17/Apr/2019:09:51:43 -0300] "POST /cormun/servlet/solicitudotadjuntos?564a6dce5a38565e3e979533a02f8591,INS,2019,15334,,1,,gx-no-cache=1555505459133 HTTP/1.1" 200 4070
192.168.10.89 - - [17/Apr/2019:09:51:44 -0300] "GET /cormun/servlet/solicitudgral?72678e6794ed6f3fc2be7731dafe4ce6b60fc7f9530c8938d980763c5d6139ec8fe2a920c287ac5532b8d424e87d3951b08f38182b6d773a6f0e8f4ee94ea9e85cb12c17eabd2e647376796be718bf50f5bad4f806d4c2b88181dc7cd7486e1f,gx-no-cache=1555512300698 HTTP/1.1" 200 30
190.171.142.18 - - [17/Apr/2019:09:51:44 -0300] "POST /cormun/servlet/solicitudotadjuntos?gx-no-cache=1555505460825 HTTP/1.1" 200 26
192.168.10.89 - - [17/Apr/2019:09:51:44 -0300] "POST /cormun/servlet/solicitudgral?gx-no-cache=1555512301066 HTTP/1.1" 200 97
192.168.10.89 - - [17/Apr/2019:09:51:45 -0300] "GET /cormun/servlet/solicitudgral?72678e6794ed6f3fc2be7731dafe4ce6baeecc3f3d75fbb465c669a80a7ec94965c472774af30679d0a20c35b6356f08769c26d52992ba97a1183f448c50e9371739eb0a379fdce9ae81ee314ef6df85777792ee9e8be163c72878761bc790f6fbd4ac5721d4f40bb60135a486a58ea5b66fc0f2c07dfa326254d0e5554c378ca182dc59a2793189a6da2efcd47026609a93aab4ff63d4c1892120a54098d07ba7c2cecf6e694d3def902292223254308ec97242da24a987372528d4848610fcd991c552fa2ab3918d4e32aa2a726b46,gx-no-cache=1555512302002 HTTP/1.1" 200 49
192.168.10.89 - - [17/Apr/2019:09:51:46 -0300] "POST /cormun/servlet/solicitudgral?3ffb619fa3d07561c77c1f935edc558e,UPD,2019,15193,,gx-no-cache=1555512302974 HTTP/1.1" 200 11472
192.168.10.89 - - [17/Apr/2019:09:51:48 -0300] "GET /cormun/servlet/solicitudgral?72678e6794ed6f3fc2be7731dafe4ce6338dbe0817bd8ff574dcb24b9601f069a66d29a7e2186a308b38e185de5ff0dedfbc4354c1a08bb474ea9e2fe00cee63fae7a1ac7e239636fb03463c7cbecd8e83ab74c59350a1ee6a0f3db63cd465abb750ff8389b9b1670ceaff96706cb31753ae8867f59c29c472c6e6a310ff17d124dbd3632900ff15df13160f24d8d096f8c85111ef8577130588d86a438603df,gx-no-cache=1555512305060 HTTP/1.1" 200 30
190.171.142.18 - - [17/Apr/2019:09:51:51 -0300] "GET /cormun/servlet/solicitudotadjuntos?749e09009d81918e861682e0c4323f13550ce1475e7f6f52e8b98b6030429abc,gx-no-cache=1555505467661 HTTP/1.1" 200 30
190.171.142.18 - - [17/Apr/2019:09:51:51 -0300] "GET /cormun/servlet/solicitudotadjuntos?749e09009d81918e861682e0c4323f13550ce1475e7f6f52e8b98b6030429abc,gx-no-cache=1555505467682 HTTP/1.1" 200 30
190.171.142.18 - - [17/Apr/2019:09:51:52 -0300] "POST /cormun/servlet/solicitudotadjuntos?564a6dce5a38565e3e979533a02f8591,INS,2019,15334,,1, HTTP/1.1" 200 116
190.171.142.18 - - [17/Apr/2019:09:51:52 -0300] "GET /cormun/servlet/hpexe_return? HTTP/1.1" 200 1031
190.171.142.18 - - [17/Apr/2019:09:51:52 -0300] "GET /cormun/servlet/trsolicitudadjuntos?2019,15334, HTTP/1.1" 200 9711
190.171.142.18 - - [17/Apr/2019:09:51:53 -0300] "GET /cormun/servlet/trsolicitudadjuntos?2019,15334, HTTP/1.1" 200 9712
192.168.10.89 - - [17/Apr/2019:09:51:53 -0300] "POST /cormun/servlet/solicitudgral?3ffb619fa3d07561c77c1f935edc558e,UPD,2019,15193,,gx-no-cache=1555512310095 HTTP/1.1" 200 93
192.168.10.89 - - [17/Apr/2019:09:51:53 -0300] "GET /cormun/servlet/hpexe_return? HTTP/1.1" 200 1032
192.168.10.89 - - [17/Apr/2019:09:51:54 -0300] "GET /cormun/servlet/trsolicitudgral?gx-no-cache=1555509826040 HTTP/1.1" 200 9688
190.171.142.18 - - [17/Apr/2019:09:51:55 -0300] "GET /cormun/servlet/solicitudotadjuntos?INS,2019,15334,,2, HTTP/1.1" 200 6384
190.171.142.18 - - [17/Apr/2019:09:51:55 -0300] "GET /cormun/static/about:blank HTTP/1.1" 404 1011
190.171.142.18 - - [17/Apr/2019:09:51:55 -0300] "GET /cormun/servlet/solicitudotadjuntos?INS,2019,15334,,2, HTTP/1.1" 200 6377
190.171.142.18 - - [17/Apr/2019:09:51:57 -0300] "GET /cormun/servlet/solicitudotadjuntos?749e09009d81918e861682e0c4323f13faf33d5462035860eed9450a199bb7bd7391b2e4ffc5ac247c988620bc2aba9c,gx-no-cache=1555505472462 HTTP/1.1" 200 30
190.171.142.18 - - [17/Apr/2019:09:51:57 -0300] "POST /cormun/servlet/solicitudotadjuntos?564a6dce5a38565e3e979533a02f8591,INS,2019,15334,,2,,gx-no-cache=1555505473498 HTTP/1.1" 200 4284
192.168.10.89 - - [17/Apr/2019:09:52:17 -0300] "POST /cormun/servlet/trsolicitudgral?3ffb619fa3d07561c77c1f935edc558e,gx-no-cache=1555509826040,gx-no-cache=1555512333448 HTTP/1.1" 200 5450
192.168.10.89 - - [17/Apr/2019:09:52:17 -0300] "GET /cormun/static/Shared/jqueryui/images/ui-bg_highlight-soft_100_c6c2c8_1x100.png HTTP/1.1" 404 1117
192.168.10.89 - - [17/Apr/2019:09:52:17 -0300] "GET /cormun/static/Shared/jqueryui/images/ui-icons_82798d_256x240.png HTTP/1.1" 404 1089
192.168.10.89 - - [17/Apr/2019:09:52:17 -0300] "GET /cormun/static/Shared/jqueryui/images/ui-icons_8d78a5_256x240.png HTTP/1.1" 404 1089
192.168.10.89 - - [17/Apr/2019:09:52:17 -0300] "GET /cormun/static/Shared/jqueryui/images/ui-bg_flat_55_fafafa_40x100.png HTTP/1.1" 404 1097
190.171.142.18 - - [17/Apr/2019:09:52:25 -0300] "POST /cormun/servlet/solicitudotadjuntos?gx-no-cache=1555505501029 HTTP/1.1" 200 26
190.171.142.18 - - [17/Apr/2019:09:52:30 -0300] "GET /cormun/servlet/solicitudotadjuntos?749e09009d81918e861682e0c4323f13550ce1475e7f6f52e8b98b6030429abc,gx-no-cache=1555505506693 HTTP/1.1" 200 30
190.171.142.18 - - [17/Apr/2019:09:52:30 -0300] "GET /cormun/servlet/solicitudotadjuntos?749e09009d81918e861682e0c4323f13550ce1475e7f6f52e8b98b6030429abc,gx-no-cache=1555505506714 HTTP/1.1" 200 30
190.171.142.18 - - [17/Apr/2019:09:52:30 -0300] "POST /cormun/servlet/solicitudotadjuntos?564a6dce5a38565e3e979533a02f8591,INS,2019,15334,,2, HTTP/1.1" 200 116
190.171.142.18 - - [17/Apr/2019:09:52:30 -0300] "GET /cormun/servlet/hpexe_return? HTTP/1.1" 200 1031
190.171.142.18 - - [17/Apr/2019:09:52:31 -0300] "GET /cormun/servlet/trsolicitudadjuntos?2019,15334, HTTP/1.1" 200 9970
