192.168.10.89 - - [17/Apr/2019:10:51:06 -0300] "GET /cormun/servlet/solicitudgral?72678e6794ed6f3fc2be7731dafe4ce6d174a9f59114d86b6bfe8452aea4a47e8fe2a920c287ac5532b8d424e87d3951b08f38182b6d773a6f0e8f4ee94ea9e8050661eee0519ec1f2812145e8b558b614d446664bc9eda9a4f4b2f8e07ab281d036ccb88a0f061d5e7f93ebfc11f702c83330a2a4fb90b6bb1718764043845f309072d0e06f7bc2e0739b08ba48ed141d40c1990c4f1702b54e010fd3e39605bf1a3be97bda163f15b9bcf5e2b7721ada2e783795d6b933ad74b634a6ce491b141b607093143b89ac1e6a9682f1ddf6aedac21879bff0d4cee25a95ca8ae30d3c80b77568cad2e5d979375c459d98f235e1ca2c5173d2959da6a28422a39423769c26d52992ba97a1183f448c50e9374f0a4a214be26b02ead5b2e275937d148af1960dadc621248087ea926f4a2599a404b76903e9c580f4eec30fd9b68648a1c440207b65513809697f4240765199,gx-no-cache=1555515862965 HTTP/1.1" 200 255
186.67.172.234 - - [17/Apr/2019:10:51:06 -0300] "GET /cormun/servlet/trpermisosadjuntos?13946757,20190417114332,P, HTTP/1.1" 200 7191
190.171.142.18 - - [17/Apr/2019:10:51:07 -0300] "GET /cormun/servlet/prsolicitudot?19084125,,,,,MD,,gxPopupLevel%3D0%3B HTTP/1.1" 200 6105
192.168.10.89 - - [17/Apr/2019:10:51:09 -0300] "GET /cormun/servlet/solicitudgral?72678e6794ed6f3fc2be7731dafe4ce6b60fc7f9530c8938d980763c5d6139ec8fe2a920c287ac5532b8d424e87d3951b08f38182b6d773a6f0e8f4ee94ea9e85cb12c17eabd2e647376796be718bf50f5bad4f806d4c2b88181dc7cd7486e1f,gx-no-cache=1555515865823 HTTP/1.1" 200 30
186.67.172.234 - - [17/Apr/2019:10:51:09 -0300] "POST /cormun/servlet/trpermisosadjuntos?7201e3456d8e3421e5e2c993f09b49f0,13946757,20190417114332,P,,gx-no-cache=1555505230410 HTTP/1.1" 200 90
186.67.172.234 - - [17/Apr/2019:10:51:09 -0300] "GET /cormun/servlet/hpexe_link HTTP/1.1" 200 983
186.67.172.234 - - [17/Apr/2019:10:51:09 -0300] "GET /cormun/servlet/trpermisosgoce HTTP/1.1" 200 15254
192.168.10.89 - - [17/Apr/2019:10:51:09 -0300] "POST /cormun/servlet/solicitudgral?gx-no-cache=1555515866188 HTTP/1.1" 200 109
192.168.10.89 - - [17/Apr/2019:10:51:10 -0300] "GET /cormun/servlet/solicitudgral?72678e6794ed6f3fc2be7731dafe4ce6baeecc3f3d75fbb465c669a80a7ec949c7e21cc480db818b4720ed5488188d31bd198e34b6fbe147274073c72542641d443c3bfb326678cefffd4cc8f0220dc8fc2f8c2416d43c88592d05400e8fec6e39787c4de7d43f9e96d589a7fba665e440fa43dc6cf33934299dd44b8689df2208591dcdb114fd5b8643ea56f2c4d0ce2bd357ea187f0dc74bf55e952f6737c5826b27db08614436853ece259f51c86426c7f49bb564487c2057e82c1692a34aeba467be4cfa3ec83e3ce9bb587f17c69ffaee3183075f7b42e5b8c3b51965b8989192eb3ee9c6fb4da2e443bfb833fc0b35c88c137ff236145c96a999adb0eb,gx-no-cache=1555515866519 HTTP/1.1" 200 49
190.171.142.18 - - [17/Apr/2019:10:51:10 -0300] "POST /cormun/servlet/solicitudot?gx-no-cache=1555509026426 HTTP/1.1" 200 1341
186.67.172.234 - - [17/Apr/2019:10:51:10 -0300] "GET /cormun/servlet/trpermisosgoce HTTP/1.1" 200 15251
190.171.142.18 - - [17/Apr/2019:10:51:10 -0300] "POST /cormun/servlet/solicitudot?gx-no-cache=1555509026463 HTTP/1.1" 200 38
190.171.142.18 - - [17/Apr/2019:10:51:10 -0300] "GET /cormun/servlet/solicitudot?644562eba4185406c1ff821cc221de4b0c3390934f4c06737a5122cc1d748bdf5f32a148fbc6cdbd7f354c16979c0a25b52d3039335668b92a62a44c85f89dca77052332a46f4d2d9f70d6e5240a293646253e79855c19277a6e58ce02ec7095663ad5fe4637a553ffadde8cc96f6d67,gx-no-cache=1555509026484 HTTP/1.1" 200 110
190.171.142.18 - - [17/Apr/2019:10:51:10 -0300] "POST /cormun/servlet/solicitudot?gx-no-cache=1555509026546 HTTP/1.1" 200 64
190.171.142.18 - - [17/Apr/2019:10:51:10 -0300] "GET /cormun/servlet/solicitudot?644562eba4185406c1ff821cc221de4be327385437dda6d29cf137de2b591793d285c68bbb35d0d1da74d823eb039407040272c66ad95cab75f6be83aef0f6015079976205f251d12b1193c0a3a30b34d35b3f2260eab82486dfa5334813ad3f0573813aaaca300c8b05220c029be109,gx-no-cache=1555509026595 HTTP/1.1" 200 29
190.171.142.18 - - [17/Apr/2019:10:51:10 -0300] "GET /cormun/servlet/solicitudot?644562eba4185406c1ff821cc221de4bc0cd8026dc56f8764d4d15f7e8f2444e6f1300fc613e9ff4f16fe66d3e46573c,gx-no-cache=1555509026626 HTTP/1.1" 200 30
192.168.10.89 - - [17/Apr/2019:10:51:11 -0300] "POST /cormun/servlet/solicitudgral?3ffb619fa3d07561c77c1f935edc558e,UPD,2019,15135,,gx-no-cache=1555515867501 HTTP/1.1" 200 11516
192.168.10.89 - - [17/Apr/2019:10:51:12 -0300] "GET /cormun/servlet/solicitudgral?72678e6794ed6f3fc2be7731dafe4ce6b621adf15a523fedc4bf9717269edd5ea66d29a7e2186a308b38e185de5ff0de32e295b70ac7d5eb1f63ca711929f1ee32d744b7d963190176b710f8b061233c83ab74c59350a1ee6a0f3db63cd465abaf0ba8eb45d0e2fdf628afe59893969c0585fe13b75b5f623427cdcb1b3a49ebd7b151bd9563298e5a1a15718296c8a9ec0feb60fd5f7a033bdd3fafd1273c44,gx-no-cache=1555515868263 HTTP/1.1" 200 29
186.67.172.234 - - [17/Apr/2019:10:51:13 -0300] "POST /cormun/servlet/trpermisosgoce?7201e3456d8e3421e5e2c993f09b49f0,gx-no-cache=1555505233573 HTTP/1.1" 200 12368
186.67.172.234 - - [17/Apr/2019:10:51:13 -0300] "GET /cormun/static/Shared/jqueryui/images/ui-bg_highlight-soft_100_c6c2c8_1x100.png HTTP/1.1" 404 1117
186.67.172.234 - - [17/Apr/2019:10:51:13 -0300] "GET /cormun/static/Shared/jqueryui/images/ui-icons_82798d_256x240.png HTTP/1.1" 404 1089
186.67.172.234 - - [17/Apr/2019:10:51:13 -0300] "GET /cormun/static/Shared/jqueryui/images/ui-bg_flat_55_fafafa_40x100.png HTTP/1.1" 404 1097
186.67.172.234 - - [17/Apr/2019:10:51:13 -0300] "GET /cormun/static/Shared/jqueryui/images/ui-icons_8d78a5_256x240.png HTTP/1.1" 404 1089
192.168.10.89 - - [17/Apr/2019:10:51:15 -0300] "POST /cormun/servlet/solicitudgral?3ffb619fa3d07561c77c1f935edc558e,UPD,2019,15135,,gx-no-cache=1555515871118 HTTP/1.1" 200 93
192.168.10.89 - - [17/Apr/2019:10:51:15 -0300] "GET /cormun/servlet/hpexe_return? HTTP/1.1" 200 1032
186.67.172.234 - - [17/Apr/2019:10:51:15 -0300] "POST /cormun/servlet/trpermisosgoce?7201e3456d8e3421e5e2c993f09b49f0,gx-no-cache=1555505235787 HTTP/1.1" 200 12333
192.168.10.89 - - [17/Apr/2019:10:51:15 -0300] "GET /cormun/servlet/trsolicitudgral?gx-no-cache=1555515308520 HTTP/1.1" 200 9741
186.67.172.234 - - [17/Apr/2019:10:51:20 -0300] "GET /cormun/servlet/trautorizarpermisogoce? HTTP/1.1" 200 8325
190.171.142.18 - - [17/Apr/2019:10:51:20 -0300] "GET /cormun/servlet/solicitudot?644562eba4185406c1ff821cc221de4b0c3390934f4c06737a5122cc1d748bdf5f32a148fbc6cdbd7f354c16979c0a25b52d3039335668b92a62a44c85f89dca77052332a46f4d2d9f70d6e5240a293646253e79855c19277a6e58ce02ec7095663ad5fe4637a553ffadde8cc96f6d67,gx-no-cache=1555509036626 HTTP/1.1" 200 110
186.67.172.234 - - [17/Apr/2019:10:51:20 -0300] "GET /cormun/static/gxcfg.js?20177612165975 HTTP/1.1" 200 953
186.67.172.234 - - [17/Apr/2019:10:51:20 -0300] "GET /cormun/static/trautorizarpermisogoce.js?2017761217384 HTTP/1.1" 200 34948
186.67.172.234 - - [17/Apr/2019:10:51:20 -0300] "GET /cormun/servlet/trautorizarpermisogoce? HTTP/1.1" 200 8325
186.67.172.234 - - [17/Apr/2019:10:51:23 -0300] "POST /cormun/servlet/trautorizarpermisogoce?7201e3456d8e3421e5e2c993f09b49f0,,gx-no-cache=1555505244315 HTTP/1.1" 200 5208
186.67.172.234 - - [17/Apr/2019:10:51:24 -0300] "POST /cormun/servlet/trautorizarpermisogoce?7201e3456d8e3421e5e2c993f09b49f0,,gx-no-cache=1555505245329 HTTP/1.1" 200 4449
190.171.142.18 - - [17/Apr/2019:10:51:33 -0300] "POST /cormun/servlet/solicitudot?gx-no-cache=1555509049816 HTTP/1.1" 200 97
190.171.142.18 - - [17/Apr/2019:10:51:44 -0300] "POST /cormun/servlet/solicitudot?gx-no-cache=1555509060361 HTTP/1.1" 200 33
190.171.142.18 - - [17/Apr/2019:10:51:47 -0300] "POST /cormun/servlet/solicitudot?a79d599e9a96ca1117c00085c4654dc8,INS,0,0,,gx-no-cache=1555509063442 HTTP/1.1" 200 93
190.171.142.18 - - [17/Apr/2019:10:51:47 -0300] "GET /cormun/servlet/hpexe_return? HTTP/1.1" 200 1009
190.171.142.18 - - [17/Apr/2019:10:51:47 -0300] "GET /cormun/servlet/trsolicitudot HTTP/1.1" 200 10134
190.171.142.18 - - [17/Apr/2019:10:51:48 -0300] "GET /cormun/servlet/trsolicitudot HTTP/1.1" 200 10129
192.168.10.89 - - [17/Apr/2019:10:51:52 -0300] "POST /cormun/servlet/trsolicitudgral?3ffb619fa3d07561c77c1f935edc558e,gx-no-cache=1555515308520,gx-no-cache=1555515908179 HTTP/1.1" 200 6638
192.168.10.89 - - [17/Apr/2019:10:51:53 -0300] "POST /cormun/servlet/trsolicitudgral?3ffb619fa3d07561c77c1f935edc558e,gx-no-cache=1555515308520,gx-no-cache=1555515909814 HTTP/1.1" 200 116
192.168.10.89 - - [17/Apr/2019:10:51:53 -0300] "GET /cormun/servlet/solicitudotlog?INS,2019,15137,0,REC, HTTP/1.1" 200 5690
192.168.10.89 - - [17/Apr/2019:10:51:54 -0300] "GET /cormun/servlet/solicitudotlog?72678e6794ed6f3fc2be7731dafe4ce6fffc26ee96c6c349bf15d3fc526313d1a66d29a7e2186a308b38e185de5ff0de0b529c36bee14f60dfb3af677910cf0b0291a349922ffde3509d5871660cb026f0ec46df941a6b6156b9a133b997904899cc8bff8047b48dd40c02940fa8bff543ce26ab80fdfb709095610ef61ef55a7c95c87cfc2bc28f2347ac95b3b9de16d3442690ed3cd432b75e10ea9899ed3c,gx-no-cache=1555515911025 HTTP/1.1" 200 94
192.168.10.89 - - [17/Apr/2019:10:51:57 -0300] "POST /cormun/servlet/solicitudotlog?3ffb619fa3d07561c77c1f935edc558e,INS,2019,15137,0,REC,,gx-no-cache=1555515914111 HTTP/1.1" 200 93
192.168.10.89 - - [17/Apr/2019:10:51:57 -0300] "GET /cormun/servlet/hpexe_return? HTTP/1.1" 200 1041
192.168.10.89 - - [17/Apr/2019:10:51:58 -0300] "GET /cormun/servlet/trsolicitudgral?gx-no-cache=1555515308520 HTTP/1.1" 200 8363
192.168.10.89 - - [17/Apr/2019:10:53:24 -0300] "POST /cormun/servlet/trsolicitudgral?3ffb619fa3d07561c77c1f935edc558e,gx-no-cache=1555515308520,gx-no-cache=1555516000839 HTTP/1.1" 200 6690
192.168.10.89 - - [17/Apr/2019:10:53:43 -0300] "POST /cormun/servlet/trsolicitudgral?3ffb619fa3d07561c77c1f935edc558e,gx-no-cache=1555515308520,gx-no-cache=1555516019772 HTTP/1.1" 200 5499
192.168.10.89 - - [17/Apr/2019:10:53:43 -0300] "GET /cormun/static/Shared/jqueryui/images/ui-bg_flat_55_fafafa_40x100.png HTTP/1.1" 404 1097
192.168.10.89 - - [17/Apr/2019:10:53:43 -0300] "GET /cormun/static/Shared/jqueryui/images/ui-bg_highlight-soft_100_c6c2c8_1x100.png HTTP/1.1" 404 1117
192.168.10.89 - - [17/Apr/2019:10:53:43 -0300] "GET /cormun/static/Shared/jqueryui/images/ui-icons_8d78a5_256x240.png HTTP/1.1" 404 1089
192.168.10.89 - - [17/Apr/2019:10:53:43 -0300] "GET /cormun/static/Shared/jqueryui/images/ui-icons_82798d_256x240.png HTTP/1.1" 404 1089
192.168.10.89 - - [17/Apr/2019:10:54:29 -0300] "POST /cormun/servlet/trsolicitudgral?3ffb619fa3d07561c77c1f935edc558e,gx-no-cache=1555515308520,gx-no-cache=1555516065869 HTTP/1.1" 200 7421
192.168.10.89 - - [17/Apr/2019:10:54:32 -0300] "POST /cormun/servlet/trsolicitudgral?3ffb619fa3d07561c77c1f935edc558e,gx-no-cache=1555515308520,gx-no-cache=1555516068494 HTTP/1.1" 200 5503
192.168.10.89 - - [17/Apr/2019:10:56:15 -0300] "POST /cormun/servlet/trsolicitudgral?3ffb619fa3d07561c77c1f935edc558e,gx-no-cache=1555515308520,gx-no-cache=1555516171837 HTTP/1.1" 200 6665
186.67.164.138 - - [17/Apr/2019:10:56:16 -0300] "POST /cormun/servlet/solicitudot?gx-no-cache=1555509151840 HTTP/1.1" 200 72
192.168.10.89 - - [17/Apr/2019:10:56:18 -0300] "GET /cormun/servlet/solicitudgral3?UPD,2019,15218, HTTP/1.1" 200 13223
192.168.10.89 - - [17/Apr/2019:10:56:19 -0300] "POST /cormun/servlet/solicitudgral3?gx-no-cache=1555516175612 HTTP/1.1" 200 4234
192.168.10.89 - - [17/Apr/2019:10:56:19 -0300] "GET /cormun/servlet/solicitudgral3?72678e6794ed6f3fc2be7731dafe4ce6d174a9f59114d86b6bfe8452aea4a47ed9c39faec793cbe9760e474a555becb3b08f38182b6d773a6f0e8f4ee94ea9e8050661eee0519ec1f2812145e8b558b614d446664bc9eda9a4f4b2f8e07ab281d036ccb88a0f061d5e7f93ebfc11f702c83330a2a4fb90b6bb1718764043845f309072d0e06f7bc2e0739b08ba48ed141d40c1990c4f1702b54e010fd3e39605bf1a3be97bda163f15b9bcf5e2b7721ada2e783795d6b933ad74b634a6ce491b141b607093143b89ac1e6a9682f1ddf6aedac21879bff0d4cee25a95ca8ae30d3c80b77568cad2e5d979375c459d98f235e1ca2c5173d2959da6a28422a39423769c26d52992ba97a1183f448c50e9374f0a4a214be26b02ead5b2e275937d148af1960dadc621248087ea926f4a2599a404b76903e9c580f4eec30fd9b68648a1c440207b65513809697f4240765199,gx-no-cache=1555516175804 HTTP/1.1" 200 297
192.168.10.89 - - [17/Apr/2019:10:56:19 -0300] "GET /cormun/servlet/solicitudgral3?72678e6794ed6f3fc2be7731dafe4ce62d9c16e22f2a0af4c26f8a49e58ef29180ad99cf06aac70c4cbb5cd3554cb6dc1556ebdc2940976c422bc95363891fe5a53047bcbaeb6cd8755a0a95bda2b930b6232bf1290215d1f4afd2b29377f66c,gx-no-cache=1555516175822 HTTP/1.1" 200 42
192.168.10.89 - - [17/Apr/2019:10:56:19 -0300] "GET /cormun/servlet/solicitudgral3?72678e6794ed6f3fc2be7731dafe4ce6285f1db58c17682d59d86dabe96c032d7e5efe3237b69d9ef6444a545fa7980b1837fa4507f6f7ef23c7d7f5cabab2dd3a204f3c0390526908580a020e6e8dea5a8a51e2a0be78369c45dc34346584ae2640d83ab0cb5d0d3cc5764a5d2a0ae194febe3f5b09ff0756a0d6f3a5a5a423,gx-no-cache=1555516175888 HTTP/1.1" 200 41
192.168.10.89 - - [17/Apr/2019:10:56:25 -0300] "GET /cormun/servlet/solicitudgral3?72678e6794ed6f3fc2be7731dafe4ce6b60fc7f9530c8938d980763c5d6139ec8fe2a920c287ac5532b8d424e87d3951b08f38182b6d773a6f0e8f4ee94ea9e85cb12c17eabd2e647376796be718bf50f5bad4f806d4c2b88181dc7cd7486e1f,gx-no-cache=1555516181639 HTTP/1.1" 200 30
192.168.10.89 - - [17/Apr/2019:10:56:25 -0300] "POST /cormun/servlet/solicitudgral3?gx-no-cache=1555516181931 HTTP/1.1" 200 64
192.168.10.89 - - [17/Apr/2019:10:56:26 -0300] "POST /cormun/servlet/solicitudgral3?3ffb619fa3d07561c77c1f935edc558e,UPD,2019,15218,,gx-no-cache=1555516182881 HTTP/1.1" 200 11947
192.168.10.89 - - [17/Apr/2019:10:56:27 -0300] "GET /cormun/servlet/solicitudgral3?72678e6794ed6f3fc2be7731dafe4ce6338dbe0817bd8ff574dcb24b9601f069a66d29a7e2186a308b38e185de5ff0de20d24ed6d47107a1fe154a36774dd3efeab72fc1faaf4fa15d77d0d683917273a8351d0b9eceec93ee755b89cccf1f8d5240fef5221a7d0173d6838db36e43d3,gx-no-cache=1555516183473 HTTP/1.1" 200 29
192.168.10.89 - - [17/Apr/2019:10:56:27 -0300] "GET /cormun/servlet/solicitudgral3?72678e6794ed6f3fc2be7731dafe4ce6b080d72fe3a61ac61778cf94007fd38b91e021f4d4b8921fc97251d36f6e8fb360bff09bd307fbdbbd23aa1a6d7853a4b08f38182b6d773a6f0e8f4ee94ea9e813e1e3f9d0c207267b8779a675a0e439bb5ce45f9ddc8737f38527548def3256447368d94931c33492d47e67217fbb6d9e07e89798b87f5803156522f554fc5b,gx-no-cache=1555516184152 HTTP/1.1" 200 30
192.168.10.89 - - [17/Apr/2019:10:56:54 -0300] "POST /cormun/servlet/solicitudgral3?gx-no-cache=1555516210342 HTTP/1.1" 200 72
192.168.10.89 - - [17/Apr/2019:10:56:55 -0300] "POST /cormun/servlet/solicitudgral3?3ffb619fa3d07561c77c1f935edc558e,UPD,2019,15218,,gx-no-cache=1555516211999 HTTP/1.1" 200 12001
192.168.10.89 - - [17/Apr/2019:10:56:56 -0300] "GET /cormun/servlet/solicitudgral3?72678e6794ed6f3fc2be7731dafe4ce6338dbe0817bd8ff574dcb24b9601f069a66d29a7e2186a308b38e185de5ff0de20d24ed6d47107a1fe154a36774dd3efeab72fc1faaf4fa15d77d0d683917273a8351d0b9eceec93ee755b89cccf1f8d5240fef5221a7d0173d6838db36e43d3,gx-no-cache=1555516212368 HTTP/1.1" 200 29
192.168.10.89 - - [17/Apr/2019:10:56:56 -0300] "GET /cormun/servlet/solicitudgral3?72678e6794ed6f3fc2be7731dafe4ce6b080d72fe3a61ac61778cf94007fd38b91e021f4d4b8921fc97251d36f6e8fb360bff09bd307fbdbbd23aa1a6d7853a4b08f38182b6d773a6f0e8f4ee94ea9e813e1e3f9d0c207267b8779a675a0e439bb5ce45f9ddc8737f38527548def3256447368d94931c33492d47e67217fbb6d9e07e89798b87f5803156522f554fc5b,gx-no-cache=1555516213141 HTTP/1.1" 200 30
192.168.10.89 - - [17/Apr/2019:10:57:08 -0300] "POST /cormun/servlet/solicitudgral3?3ffb619fa3d07561c77c1f935edc558e,UPD,2019,15218,,gx-no-cache=1555516224247 HTTP/1.1" 200 93
192.168.10.89 - - [17/Apr/2019:10:57:08 -0300] "GET /cormun/servlet/hpexe_return? HTTP/1.1" 200 1033
192.168.10.89 - - [17/Apr/2019:10:57:08 -0300] "GET /cormun/servlet/trsolicitudgral?gx-no-cache=1555515308520 HTTP/1.1" 200 9766
192.168.10.89 - - [17/Apr/2019:10:57:11 -0300] "POST /cormun/servlet/trsolicitudgral?3ffb619fa3d07561c77c1f935edc558e,gx-no-cache=1555515308520,gx-no-cache=1555516227960 HTTP/1.1" 200 5480
192.168.10.89 - - [17/Apr/2019:10:57:11 -0300] "GET /cormun/static/Shared/jqueryui/images/ui-bg_flat_55_fafafa_40x100.png HTTP/1.1" 404 1097
192.168.10.89 - - [17/Apr/2019:10:57:11 -0300] "GET /cormun/static/Shared/jqueryui/images/ui-icons_8d78a5_256x240.png HTTP/1.1" 404 1089
192.168.10.89 - - [17/Apr/2019:10:57:11 -0300] "GET /cormun/static/Shared/jqueryui/images/ui-icons_82798d_256x240.png HTTP/1.1" 404 1089
192.168.10.89 - - [17/Apr/2019:10:57:11 -0300] "GET /cormun/static/Shared/jqueryui/images/ui-bg_highlight-soft_100_c6c2c8_1x100.png HTTP/1.1" 404 1117
190.171.152.114 - - [17/Apr/2019:10:57:41 -0300] "GET /cormun/servlet/trlicenciaspermisosadjuntos?15996254,20190417000000,L, HTTP/1.1" 200 6622
190.171.152.114 - - [17/Apr/2019:10:57:41 -0300] "GET /cormun/static/gxcfg.js?20177612163414 HTTP/1.1" 200 953
190.171.152.114 - - [17/Apr/2019:10:57:42 -0300] "GET /cormun/static/trlicenciaspermisosadjuntos.js?20177612163719 HTTP/1.1" 200 21036
190.171.152.114 - - [17/Apr/2019:10:57:44 -0300] "GET /cormun/servlet/licenciaspermisosadjuntos?INS,15996254,L,20190417000000,, HTTP/1.1" 200 5921
190.171.152.114 - - [17/Apr/2019:10:57:44 -0300] "GET /cormun/static/gxcfg.js?2017761263592 HTTP/1.1" 200 953
190.171.152.114 - - [17/Apr/2019:10:57:44 -0300] "GET /cormun/static/licenciaspermisosadjuntos.js?201776126362 HTTP/1.1" 200 8760
190.171.152.114 - - [17/Apr/2019:10:57:44 -0300] "HEAD /cormun/static/about:blank HTTP/1.1" 404 -
190.171.152.114 - - [17/Apr/2019:10:57:55 -0300] "POST /cormun/servlet/licenciaspermisosadjuntos?9f9e0fad41131ad161f38ded3c992ecd,INS,15996254,L,20190417000000,, HTTP/1.1" 200 116
190.171.152.114 - - [17/Apr/2019:10:57:56 -0300] "GET /cormun/servlet/hpexe_return? HTTP/1.1" 200 1040
190.171.152.114 - - [17/Apr/2019:10:57:56 -0300] "GET /cormun/servlet/trlicenciaspermisosadjuntos?15996254,20190417000000,L, HTTP/1.1" 200 7148
190.171.152.114 - - [17/Apr/2019:10:57:58 -0300] "GET /cormun/PublicTempStorage/licencia_medica_michelle_cabello5735067.pdf HTTP/1.1" 200 1218748
190.171.152.114 - - [17/Apr/2019:10:57:59 -0300] "GET /cormun/PublicTempStorage/licencia_medica_michelle_cabello5735067.pdf HTTP/1.1" 200 1218748
186.67.164.138 - - [17/Apr/2019:10:58:11 -0300] "GET /cormun/servlet/solicitudot?1b2bb7517224d3312d4b00ff99fc0840c689e5a20470840897305782b234175fe90ff8a86a2407b14fd678cf6284ccc654cb37beb11ce921606884a4abf8f73ecdb422c9ba29ec0b2652d981de8fbc4e034edd64c31d72e4dd7652ba123185a09cd1b100f65b803e14ab8ff16b90cb85d160c63f3256947ef0d3c17035d98d4a2ee4f8de22bd9f48eeca124278f96b2f5253d78688c0964fccdb9ea80d50367c0cc72bc184c1df6804ce0b9ff28e5344ac5af960298a0c02c2ca3de51b281049ffc6e948af3fa5f2a6e001755d56c332,gx-no-cache=1555509266645 HTTP/1.1" 200 29
192.168.10.89 - - [17/Apr/2019:10:58:11 -0300] "POST /cormun/servlet/trsolicitudgral?3ffb619fa3d07561c77c1f935edc558e,gx-no-cache=1555515308520,gx-no-cache=1555516287289 HTTP/1.1" 200 25313
186.67.164.138 - - [17/Apr/2019:10:58:12 -0300] "GET /cormun/servlet/solicitudot?1b2bb7517224d3312d4b00ff99fc0840331411e6681c911e7c843253be26b20b53c61185fb5093eb7635d471ba8b59e4,gx-no-cache=1555509268191 HTTP/1.1" 200 30
186.67.164.138 - - [17/Apr/2019:10:58:12 -0300] "POST /cormun/servlet/solicitudot?gx-no-cache=1555509268254 HTTP/1.1" 200 33
186.67.164.138 - - [17/Apr/2019:10:58:13 -0300] "POST /cormun/servlet/solicitudot?abed7e21daa3d9c3ee5f59a6966a7fd3,INS,0,0,,gx-no-cache=1555509268322 HTTP/1.1" 200 93
186.67.164.138 - - [17/Apr/2019:10:58:13 -0300] "GET /cormun/servlet/hpexe_return? HTTP/1.1" 200 1004
186.67.164.138 - - [17/Apr/2019:10:58:13 -0300] "GET /cormun/servlet/trsolicitudot HTTP/1.1" 200 8672
186.67.164.138 - - [17/Apr/2019:10:58:14 -0300] "GET /cormun/servlet/trsolicitudot HTTP/1.1" 200 8668
192.168.10.89 - - [17/Apr/2019:10:58:15 -0300] "GET /cormun/servlet/trautorizarot? HTTP/1.1" 200 8239
192.168.10.89 - - [17/Apr/2019:10:58:21 -0300] "POST /cormun/servlet/trautorizarot?3ffb619fa3d07561c77c1f935edc558e,,gx-no-cache=1555516297475 HTTP/1.1" 200 26168
190.171.152.114 - - [17/Apr/2019:10:58:28 -0300] "GET /cormun/servlet/trlicencias? HTTP/1.1" 200 11870
192.168.10.89 - - [17/Apr/2019:10:58:30 -0300] "POST /cormun/servlet/trautorizarot?3ffb619fa3d07561c77c1f935edc558e,,gx-no-cache=1555516305821 HTTP/1.1" 200 24925
190.171.152.114 - - [17/Apr/2019:10:58:33 -0300] "POST /cormun/servlet/trlicencias?9f9e0fad41131ad161f38ded3c992ecd,,gx-no-cache=1555509289822 HTTP/1.1" 200 9215
190.171.152.114 - - [17/Apr/2019:10:58:33 -0300] "GET /cormun/static/Shared/jqueryui/images/ui-bg_highlight-soft_100_c6c2c8_1x100.png HTTP/1.1" 404 1117
190.171.152.114 - - [17/Apr/2019:10:58:33 -0300] "GET /cormun/static/Shared/jqueryui/images/ui-icons_82798d_256x240.png HTTP/1.1" 404 1089
190.171.152.114 - - [17/Apr/2019:10:58:33 -0300] "GET /cormun/static/Shared/jqueryui/images/ui-icons_8d78a5_256x240.png HTTP/1.1" 404 1089
190.171.152.114 - - [17/Apr/2019:10:58:33 -0300] "GET /cormun/static/Shared/jqueryui/images/ui-bg_flat_55_fafafa_40x100.png HTTP/1.1" 404 1097
186.67.164.138 - - [17/Apr/2019:10:58:36 -0300] "POST /cormun/servlet/trsolicitudot?abed7e21daa3d9c3ee5f59a6966a7fd3,gx-no-cache=1555509291643 HTTP/1.1" 200 106
192.168.10.89 - - [17/Apr/2019:10:58:36 -0300] "POST /cormun/servlet/trautorizarot?3ffb619fa3d07561c77c1f935edc558e,,gx-no-cache=1555516311972 HTTP/1.1" 200 10947
186.67.164.138 - - [17/Apr/2019:10:58:36 -0300] "GET /cormun/servlet/solicitudot?UPD,2019,15341, HTTP/1.1" 200 15630
186.67.164.138 - - [17/Apr/2019:10:58:37 -0300] "GET /cormun/servlet/solicitudot?UPD,2019,15341, HTTP/1.1" 200 15639
186.67.164.138 - - [17/Apr/2019:10:58:38 -0300] "POST /cormun/servlet/solicitudot?gx-no-cache=1555509293484 HTTP/1.1" 200 3580
190.171.142.18 - - [17/Apr/2019:10:58:38 -0300] "POST /cormun/servlet/trsolicitudot?a79d599e9a96ca1117c00085c4654dc8,gx-no-cache=1555509474183 HTTP/1.1" 200 107
190.171.142.18 - - [17/Apr/2019:10:58:38 -0300] "GET /cormun/servlet/trsolicitudadjuntos?2019,15338, HTTP/1.1" 200 6444
186.67.164.138 - - [17/Apr/2019:10:58:38 -0300] "POST /cormun/servlet/solicitudot?abed7e21daa3d9c3ee5f59a6966a7fd3,UPD,2019,15341,,gx-no-cache=1555509293683 HTTP/1.1" 200 11955
186.67.164.138 - - [17/Apr/2019:10:58:38 -0300] "GET /cormun/servlet/solicitudot?1b2bb7517224d3312d4b00ff99fc084016a0fddd24597db2eca738fbe40ef0fd8fc11d1645ebf49d7f9b6da5a8d03ade,gx-no-cache=1555509293915 HTTP/1.1" 200 30
186.67.164.138 - - [17/Apr/2019:10:58:38 -0300] "GET /cormun/servlet/solicitudot?1b2bb7517224d3312d4b00ff99fc0840b1f07db604d977d941a0ea33e0b7a531d547cf5725930769b7a0b4ac43bf41ae28e2db12ddd3c7a8d75f3de5c9a3e781,gx-no-cache=1555509293950 HTTP/1.1" 200 30
186.67.164.138 - - [17/Apr/2019:10:58:38 -0300] "GET /cormun/servlet/solicitudot?1b2bb7517224d3312d4b00ff99fc08400c36ba41c0213599d0dc74dd1fbf807a18203331c75366a88249da6c105edb4c25b307e73b23af47ef213055fd04ec147260da07901b6ce22bd720f4016176f3,gx-no-cache=1555509293972 HTTP/1.1" 200 60
186.67.164.138 - - [17/Apr/2019:10:58:38 -0300] "POST /cormun/servlet/solicitudot?gx-no-cache=1555509293999 HTTP/1.1" 200 256
186.67.164.138 - - [17/Apr/2019:10:58:38 -0300] "GET /cormun/servlet/solicitudot?1b2bb7517224d3312d4b00ff99fc0840cecde9d0ac543449326d7fd1ce6915ee6c27b321572daecfa400f3f1cff790ece4d86053ab0da5917927bf89efdc0f844474876c8db02bdf22b5eedf38f008049021a81c95a06ca0cae0c74a31f898bedf3830b7343dc30777a322847f6cb38cde67362de8861727d4e5a8030292e1886ec870ff9cabcb40447080f44993f6989e3e93e3d6a5bf143de3bc236253fbfd66702ec1d99de37a127c0faec8f552c9ae609903255c5128e29ebe2de9ae7dbc8b451d5024b615a4d7dd2023611bea78158962d9f9675a1e74beab718f7dcf595d1b534d408b657c6095c0821c978b5fcd559dad940bf74eb45bcd865298b5b488cf3c2446bf1767921809adf1edb2d07f14d980fe004b523542efad19159891a8ea43bd9c2dbdf528313e7cc9f776bb9f0ec66e5ca156f064ab30e45025cd81c4bdff9d3d90ce12e899759b3de7db35d4722ce9cbdd5308eb9161eeb7abd9d48bdab8bc65dd681f208226094fc88f12d7f76443a4a023cb07290ff6cd02de37,gx-no-cache=1555509294033 HTTP/1.1" 200 30
186.67.164.138 - - [17/Apr/2019:10:58:38 -0300] "POST /cormun/servlet/solicitudot?gx-no-cache=1555509294060 HTTP/1.1" 200 30
186.67.164.138 - - [17/Apr/2019:10:58:38 -0300] "POST /cormun/servlet/solicitudot?gx-no-cache=1555509294095 HTTP/1.1" 200 1345
186.67.164.138 - - [17/Apr/2019:10:58:38 -0300] "POST /cormun/servlet/solicitudot?gx-no-cache=1555509294138 HTTP/1.1" 200 40
190.171.142.18 - - [17/Apr/2019:10:58:38 -0300] "GET /cormun/servlet/trsolicitudadjuntos?2019,15338, HTTP/1.1" 200 6444
192.168.10.89 - - [17/Apr/2019:10:58:39 -0300] "POST /cormun/servlet/trautorizarot?3ffb619fa3d07561c77c1f935edc558e,,gx-no-cache=1555516315570 HTTP/1.1" 200 5336
190.171.142.18 - - [17/Apr/2019:10:58:40 -0300] "GET /cormun/servlet/solicitudotadjuntos?INS,2019,15338,,1, HTTP/1.1" 200 6385
190.171.142.18 - - [17/Apr/2019:10:58:41 -0300] "GET /cormun/static/about:blank HTTP/1.1" 404 1011
190.171.142.18 - - [17/Apr/2019:10:58:41 -0300] "GET /cormun/servlet/solicitudotadjuntos?INS,2019,15338,,1, HTTP/1.1" 200 6378
190.171.142.18 - - [17/Apr/2019:10:58:42 -0300] "GET /cormun/servlet/solicitudotadjuntos?644562eba4185406c1ff821cc221de4bae70e7ecbdcbd6b36af5ce78ca7de47518d074e75612d988994d0038ee285e31,gx-no-cache=1555509478175 HTTP/1.1" 200 30
190.171.142.18 - - [17/Apr/2019:10:58:42 -0300] "POST /cormun/servlet/solicitudotadjuntos?a79d599e9a96ca1117c00085c4654dc8,INS,2019,15338,,1,,gx-no-cache=1555509478397 HTTP/1.1" 200 4104
190.171.142.18 - - [17/Apr/2019:10:58:43 -0300] "POST /cormun/servlet/solicitudotadjuntos?gx-no-cache=1555509479808 HTTP/1.1" 200 26
186.67.164.138 - - [17/Apr/2019:10:58:47 -0300] "GET /cormun/servlet/solicitudot?1b2bb7517224d3312d4b00ff99fc084051a6a6e4cc7ac368d26a880c046b82b2282c0a0dec11dab4f951b7c69dd3b5640dad0bd616739b33637b90cae6bf7cab67846b202a5f40e71069fdc597f064b00de907dbc64190523ce58829411573202561076eefb680d0e8273efbce09b627,gx-no-cache=1555509302905 HTTP/1.1" 200 110
190.171.142.18 - - [17/Apr/2019:10:58:50 -0300] "GET /cormun/servlet/solicitudotadjuntos?644562eba4185406c1ff821cc221de4b5be68dbc86c5588251ca873c0a312c34,gx-no-cache=1555509486494 HTTP/1.1" 200 30
190.171.142.18 - - [17/Apr/2019:10:58:50 -0300] "GET /cormun/servlet/solicitudotadjuntos?644562eba4185406c1ff821cc221de4b5be68dbc86c5588251ca873c0a312c34,gx-no-cache=1555509486711 HTTP/1.1" 200 30
190.171.142.18 - - [17/Apr/2019:10:58:51 -0300] "POST /cormun/servlet/solicitudotadjuntos?a79d599e9a96ca1117c00085c4654dc8,INS,2019,15338,,1, HTTP/1.1" 200 116
190.171.142.18 - - [17/Apr/2019:10:58:51 -0300] "GET /cormun/servlet/hpexe_return? HTTP/1.1" 200 1029
190.171.142.18 - - [17/Apr/2019:10:58:51 -0300] "GET /cormun/servlet/trsolicitudadjuntos?2019,15338, HTTP/1.1" 200 9042
190.171.142.18 - - [17/Apr/2019:10:58:51 -0300] "GET /cormun/servlet/trsolicitudadjuntos?2019,15338, HTTP/1.1" 200 9041
190.171.142.18 - - [17/Apr/2019:10:58:53 -0300] "GET /cormun/servlet/solicitudotadjuntos?INS,2019,15338,,1, HTTP/1.1" 200 6385
190.171.142.18 - - [17/Apr/2019:10:58:53 -0300] "GET /cormun/static/about:blank HTTP/1.1" 404 1011
190.171.142.18 - - [17/Apr/2019:10:58:53 -0300] "GET /cormun/servlet/solicitudotadjuntos?INS,2019,15338,,1, HTTP/1.1" 200 6378
190.171.142.18 - - [17/Apr/2019:10:58:54 -0300] "GET /cormun/servlet/solicitudotadjuntos?644562eba4185406c1ff821cc221de4bae70e7ecbdcbd6b36af5ce78ca7de47518d074e75612d988994d0038ee285e31,gx-no-cache=1555509490343 HTTP/1.1" 200 30
190.171.142.18 - - [17/Apr/2019:10:58:54 -0300] "POST /cormun/servlet/solicitudotadjuntos?a79d599e9a96ca1117c00085c4654dc8,INS,2019,15338,,1,,gx-no-cache=1555509490417 HTTP/1.1" 200 4104
190.171.142.18 - - [17/Apr/2019:10:58:57 -0300] "POST /cormun/servlet/solicitudotadjuntos?gx-no-cache=1555509493437 HTTP/1.1" 200 26
186.67.164.138 - - [17/Apr/2019:10:59:00 -0300] "POST /cormun/servlet/solicitudot?gx-no-cache=1555509315500 HTTP/1.1" 200 79
190.171.142.18 - - [17/Apr/2019:10:59:00 -0300] "GET /cormun/servlet/solicitudotadjuntos?644562eba4185406c1ff821cc221de4b5be68dbc86c5588251ca873c0a312c34,gx-no-cache=1555509496997 HTTP/1.1" 200 30
190.171.142.18 - - [17/Apr/2019:10:59:00 -0300] "GET /cormun/servlet/solicitudotadjuntos?644562eba4185406c1ff821cc221de4b5be68dbc86c5588251ca873c0a312c34,gx-no-cache=1555509497057 HTTP/1.1" 200 30
190.171.142.18 - - [17/Apr/2019:10:59:01 -0300] "POST /cormun/servlet/solicitudotadjuntos?a79d599e9a96ca1117c00085c4654dc8,INS,2019,15338,,1, HTTP/1.1" 200 116
190.171.142.18 - - [17/Apr/2019:10:59:01 -0300] "GET /cormun/servlet/hpexe_return? HTTP/1.1" 200 1029
190.171.142.18 - - [17/Apr/2019:10:59:02 -0300] "GET /cormun/servlet/trsolicitudadjuntos?2019,15338, HTTP/1.1" 200 9258
190.171.142.18 - - [17/Apr/2019:10:59:02 -0300] "GET /cormun/servlet/trsolicitudadjuntos?2019,15338, HTTP/1.1" 200 9256
190.171.142.18 - - [17/Apr/2019:10:59:03 -0300] "GET /cormun/servlet/solicitudotadjuntos?INS,2019,15338,,1, HTTP/1.1" 200 6385
190.171.142.18 - - [17/Apr/2019:10:59:04 -0300] "GET /cormun/static/about:blank HTTP/1.1" 404 1011
190.171.142.18 - - [17/Apr/2019:10:59:04 -0300] "GET /cormun/servlet/solicitudotadjuntos?INS,2019,15338,,1, HTTP/1.1" 200 6378
190.171.142.18 - - [17/Apr/2019:10:59:04 -0300] "GET /cormun/servlet/solicitudotadjuntos?644562eba4185406c1ff821cc221de4bae70e7ecbdcbd6b36af5ce78ca7de47518d074e75612d988994d0038ee285e31,gx-no-cache=1555509500870 HTTP/1.1" 200 30
190.171.142.18 - - [17/Apr/2019:10:59:04 -0300] "POST /cormun/servlet/solicitudotadjuntos?a79d599e9a96ca1117c00085c4654dc8,INS,2019,15338,,1,,gx-no-cache=1555509500965 HTTP/1.1" 200 4104
186.67.164.138 - - [17/Apr/2019:10:59:05 -0300] "GET /cormun/servlet/solicitudot?1b2bb7517224d3312d4b00ff99fc0840ffbb757e7e69aaca3d3b22dfbd12b4c24c3720f7f7829882d7f0db4ec5220531354e319a6b3a34d166542ecbd40d237770099efef230548c7dc447116a19a1eb1418c5137515c7db82fa54b29f8b69c5d41dfb4e0bab795e828b42ed390c00bfddee125483bbde9943a92a4b4e9bbb8fbfe535c70d7d00ae497b6916f9452cd77f89403f2a4e03dddbbddd2f8387537ec6d22e7011b5cb1f91817c2f4888980dd7407e4fc126fa56e0ef395468c7c2d7ff86bb814fd58912706ced39aafca46b,gx-no-cache=1555509320866 HTTP/1.1" 200 29
186.67.164.138 - - [17/Apr/2019:10:59:05 -0300] "GET /cormun/servlet/solicitudot?1b2bb7517224d3312d4b00ff99fc0840331411e6681c911e7c843253be26b20b53c61185fb5093eb7635d471ba8b59e4,gx-no-cache=1555509320913 HTTP/1.1" 200 30
186.67.164.138 - - [17/Apr/2019:10:59:05 -0300] "POST /cormun/servlet/solicitudot?gx-no-cache=1555509320959 HTTP/1.1" 200 33
186.67.164.138 - - [17/Apr/2019:10:59:05 -0300] "POST /cormun/servlet/solicitudot?abed7e21daa3d9c3ee5f59a6966a7fd3,UPD,2019,15341,,gx-no-cache=1555509321081 HTTP/1.1" 200 93
186.67.164.138 - - [17/Apr/2019:10:59:05 -0300] "GET /cormun/servlet/hpexe_return? HTTP/1.1" 200 1011
186.67.164.138 - - [17/Apr/2019:10:59:06 -0300] "GET /cormun/servlet/trsolicitudot HTTP/1.1" 200 8661
190.171.142.18 - - [17/Apr/2019:10:59:07 -0300] "POST /cormun/servlet/solicitudotadjuntos?gx-no-cache=1555509503125 HTTP/1.1" 200 26
186.67.164.138 - - [17/Apr/2019:10:59:07 -0300] "GET /cormun/servlet/trsolicitudot HTTP/1.1" 200 8657
190.171.142.18 - - [17/Apr/2019:10:59:12 -0300] "GET /cormun/servlet/solicitudotadjuntos?644562eba4185406c1ff821cc221de4b5be68dbc86c5588251ca873c0a312c34,gx-no-cache=1555509508270 HTTP/1.1" 200 30
190.171.142.18 - - [17/Apr/2019:10:59:12 -0300] "GET /cormun/servlet/solicitudotadjuntos?644562eba4185406c1ff821cc221de4b5be68dbc86c5588251ca873c0a312c34,gx-no-cache=1555509508294 HTTP/1.1" 200 30
190.171.142.18 - - [17/Apr/2019:10:59:12 -0300] "POST /cormun/servlet/solicitudotadjuntos?a79d599e9a96ca1117c00085c4654dc8,INS,2019,15338,,1, HTTP/1.1" 200 116
190.171.142.18 - - [17/Apr/2019:10:59:12 -0300] "GET /cormun/servlet/hpexe_return? HTTP/1.1" 200 1029
190.171.142.18 - - [17/Apr/2019:10:59:12 -0300] "GET /cormun/servlet/trsolicitudadjuntos?2019,15338, HTTP/1.1" 200 9438
190.171.142.18 - - [17/Apr/2019:10:59:13 -0300] "GET /cormun/servlet/trsolicitudadjuntos?2019,15338, HTTP/1.1" 200 9437
190.171.142.18 - - [17/Apr/2019:10:59:14 -0300] "GET /cormun/servlet/solicitudotadjuntos?INS,2019,15338,,1, HTTP/1.1" 200 6385
190.171.142.18 - - [17/Apr/2019:10:59:14 -0300] "GET /cormun/static/about:blank HTTP/1.1" 404 1011
190.171.142.18 - - [17/Apr/2019:10:59:15 -0300] "GET /cormun/servlet/solicitudotadjuntos?INS,2019,15338,,1, HTTP/1.1" 200 6378
190.171.142.18 - - [17/Apr/2019:10:59:15 -0300] "GET /cormun/servlet/solicitudotadjuntos?644562eba4185406c1ff821cc221de4bae70e7ecbdcbd6b36af5ce78ca7de47518d074e75612d988994d0038ee285e31,gx-no-cache=1555509511640 HTTP/1.1" 200 30
190.171.142.18 - - [17/Apr/2019:10:59:15 -0300] "POST /cormun/servlet/solicitudotadjuntos?a79d599e9a96ca1117c00085c4654dc8,INS,2019,15338,,1,,gx-no-cache=1555509511713 HTTP/1.1" 200 4104
190.171.142.18 - - [17/Apr/2019:10:59:18 -0300] "POST /cormun/servlet/solicitudotadjuntos?gx-no-cache=1555509514221 HTTP/1.1" 200 26
186.67.164.138 - - [17/Apr/2019:10:59:23 -0300] "POST /cormun/servlet/trsolicitudot?abed7e21daa3d9c3ee5f59a6966a7fd3,gx-no-cache=1555509338565 HTTP/1.1" 200 106
186.67.164.138 - - [17/Apr/2019:10:59:23 -0300] "GET /cormun/servlet/solicitudot?UPD,2019,15341, HTTP/1.1" 200 15595
186.67.164.138 - - [17/Apr/2019:10:59:24 -0300] "GET /cormun/servlet/solicitudot?UPD,2019,15341, HTTP/1.1" 200 15604
186.67.164.138 - - [17/Apr/2019:10:59:25 -0300] "POST /cormun/servlet/solicitudot?gx-no-cache=1555509340726 HTTP/1.1" 200 3580
186.67.164.138 - - [17/Apr/2019:10:59:25 -0300] "POST /cormun/servlet/solicitudot?abed7e21daa3d9c3ee5f59a6966a7fd3,UPD,2019,15341,,gx-no-cache=1555509341113 HTTP/1.1" 200 11931
186.67.164.138 - - [17/Apr/2019:10:59:26 -0300] "GET /cormun/servlet/solicitudot?1b2bb7517224d3312d4b00ff99fc084016a0fddd24597db2eca738fbe40ef0fd8fc11d1645ebf49d7f9b6da5a8d03ade,gx-no-cache=1555509341530 HTTP/1.1" 200 30
186.67.164.138 - - [17/Apr/2019:10:59:26 -0300] "GET /cormun/servlet/solicitudot?1b2bb7517224d3312d4b00ff99fc0840b1f07db604d977d941a0ea33e0b7a531d547cf5725930769b7a0b4ac43bf41ae28e2db12ddd3c7a8d75f3de5c9a3e781,gx-no-cache=1555509341668 HTTP/1.1" 200 30
186.67.164.138 - - [17/Apr/2019:10:59:26 -0300] "GET /cormun/servlet/solicitudot?1b2bb7517224d3312d4b00ff99fc08400c36ba41c0213599d0dc74dd1fbf807a18203331c75366a88249da6c105edb4c25b307e73b23af47ef213055fd04ec147260da07901b6ce22bd720f4016176f3,gx-no-cache=1555509341756 HTTP/1.1" 200 60
186.67.164.138 - - [17/Apr/2019:10:59:26 -0300] "POST /cormun/servlet/solicitudot?gx-no-cache=1555509341867 HTTP/1.1" 200 256
186.67.164.138 - - [17/Apr/2019:10:59:26 -0300] "GET /cormun/servlet/solicitudot?1b2bb7517224d3312d4b00ff99fc0840cecde9d0ac543449326d7fd1ce6915ee6c27b321572daecfa400f3f1cff790ece4d86053ab0da5917927bf89efdc0f844474876c8db02bdf22b5eedf38f008049021a81c95a06ca0cae0c74a31f898bedf3830b7343dc30777a322847f6cb38cde67362de8861727d4e5a8030292e1886ec870ff9cabcb40447080f44993f6989e3e93e3d6a5bf143de3bc236253fbfd66702ec1d99de37a127c0faec8f552c9ae609903255c5128e29ebe2de9ae7dbc8b451d5024b615a4d7dd2023611bea78158962d9f9675a1e74beab718f7dcf595d1b534d408b657c6095c0821c978b5fcd559dad940bf74eb45bcd865298b5b488cf3c2446bf1767921809adf1edb2d07f14d980fe004b523542efad19159891a8ea43bd9c2dbdf528313e7cc9f776bb9f0ec66e5ca156f064ab30e45025cd81c4bdff9d3d90ce12e899759b3de7db35d4722ce9cbdd5308eb9161eeb7abd9d48bdab8bc65dd681f208226094fc88f12d7f76443a4a023cb07290ff6cd02de37,gx-no-cache=1555509341980 HTTP/1.1" 200 30
186.67.164.138 - - [17/Apr/2019:10:59:26 -0300] "POST /cormun/servlet/solicitudot?gx-no-cache=1555509342171 HTTP/1.1" 200 30
190.171.142.18 - - [17/Apr/2019:10:59:26 -0300] "GET /cormun/servlet/solicitudotadjuntos?644562eba4185406c1ff821cc221de4b5be68dbc86c5588251ca873c0a312c34,gx-no-cache=1555509522806 HTTP/1.1" 200 30
190.171.142.18 - - [17/Apr/2019:10:59:26 -0300] "GET /cormun/servlet/solicitudotadjuntos?644562eba4185406c1ff821cc221de4b5be68dbc86c5588251ca873c0a312c34,gx-no-cache=1555509522993 HTTP/1.1" 200 30
186.67.164.138 - - [17/Apr/2019:10:59:26 -0300] "POST /cormun/servlet/solicitudot?gx-no-cache=1555509342299 HTTP/1.1" 200 1344
186.67.164.138 - - [17/Apr/2019:10:59:27 -0300] "POST /cormun/servlet/solicitudot?gx-no-cache=1555509342530 HTTP/1.1" 200 40
190.171.142.18 - - [17/Apr/2019:10:59:28 -0300] "POST /cormun/servlet/solicitudotadjuntos?a79d599e9a96ca1117c00085c4654dc8,INS,2019,15338,,1, HTTP/1.1" 200 116
190.171.142.18 - - [17/Apr/2019:10:59:28 -0300] "GET /cormun/servlet/hpexe_return? HTTP/1.1" 200 1029
190.171.142.18 - - [17/Apr/2019:10:59:28 -0300] "GET /cormun/servlet/trsolicitudadjuntos?2019,15338, HTTP/1.1" 200 9644
190.171.142.18 - - [17/Apr/2019:10:59:29 -0300] "GET /cormun/servlet/trsolicitudadjuntos?2019,15338, HTTP/1.1" 200 9641
190.171.142.18 - - [17/Apr/2019:10:59:30 -0300] "GET /cormun/servlet/solicitudotadjuntos?INS,2019,15338,,2, HTTP/1.1" 200 6382
190.171.142.18 - - [17/Apr/2019:10:59:31 -0300] "GET /cormun/static/about:blank HTTP/1.1" 404 1011
190.171.142.18 - - [17/Apr/2019:10:59:31 -0300] "GET /cormun/servlet/solicitudotadjuntos?INS,2019,15338,,2, HTTP/1.1" 200 6375
190.171.142.18 - - [17/Apr/2019:10:59:31 -0300] "GET /cormun/servlet/solicitudotadjuntos?644562eba4185406c1ff821cc221de4bae70e7ecbdcbd6b36af5ce78ca7de47518d074e75612d988994d0038ee285e31,gx-no-cache=1555509527818 HTTP/1.1" 200 30
190.171.142.18 - - [17/Apr/2019:10:59:32 -0300] "POST /cormun/servlet/solicitudotadjuntos?a79d599e9a96ca1117c00085c4654dc8,INS,2019,15338,,2,,gx-no-cache=1555509527946 HTTP/1.1" 200 4242
186.67.164.138 - - [17/Apr/2019:10:59:32 -0300] "POST /cormun/servlet/solicitudot?abed7e21daa3d9c3ee5f59a6966a7fd3,UPD,2019,15341,,gx-no-cache=1555509348071 HTTP/1.1" 200 93
186.67.164.138 - - [17/Apr/2019:10:59:32 -0300] "GET /cormun/servlet/hpexe_return? HTTP/1.1" 200 1011
186.67.164.138 - - [17/Apr/2019:10:59:33 -0300] "GET /cormun/servlet/trsolicitudot HTTP/1.1" 200 8661
186.67.164.138 - - [17/Apr/2019:10:59:33 -0300] "GET /cormun/servlet/trsolicitudot HTTP/1.1" 200 8657
190.171.142.18 - - [17/Apr/2019:10:59:40 -0300] "POST /cormun/servlet/solicitudotadjuntos?gx-no-cache=1555509536758 HTTP/1.1" 200 26
186.67.164.138 - - [17/Apr/2019:10:59:43 -0300] "POST /cormun/servlet/trsolicitudot?abed7e21daa3d9c3ee5f59a6966a7fd3,gx-no-cache=1555509358445 HTTP/1.1" 200 4553
186.67.164.138 - - [17/Apr/2019:10:59:43 -0300] "GET /cormun/static/Shared/jqueryui/images/ui-bg_highlight-soft_100_c6c2c8_1x100.png HTTP/1.1" 404 1117
186.67.164.138 - - [17/Apr/2019:10:59:43 -0300] "GET /cormun/static/Shared/jqueryui/images/ui-bg_flat_55_fafafa_40x100.png HTTP/1.1" 404 1097
186.67.164.138 - - [17/Apr/2019:10:59:43 -0300] "GET /cormun/static/Shared/jqueryui/images/ui-icons_8d78a5_256x240.png HTTP/1.1" 404 1089
186.67.164.138 - - [17/Apr/2019:10:59:43 -0300] "GET /cormun/static/Shared/jqueryui/images/ui-icons_82798d_256x240.png HTTP/1.1" 404 1089
186.67.164.138 - - [17/Apr/2019:10:59:43 -0300] "POST /cormun/servlet/trsolicitudot?abed7e21daa3d9c3ee5f59a6966a7fd3,gx-no-cache=1555509358921 HTTP/1.1" 200 4323
190.171.142.18 - - [17/Apr/2019:10:59:44 -0300] "GET /cormun/servlet/solicitudotadjuntos?644562eba4185406c1ff821cc221de4b5be68dbc86c5588251ca873c0a312c34,gx-no-cache=1555509540862 HTTP/1.1" 200 30
190.171.142.18 - - [17/Apr/2019:10:59:44 -0300] "GET /cormun/servlet/solicitudotadjuntos?644562eba4185406c1ff821cc221de4b5be68dbc86c5588251ca873c0a312c34,gx-no-cache=1555509540966 HTTP/1.1" 200 30
190.171.142.18 - - [17/Apr/2019:10:59:45 -0300] "POST /cormun/servlet/solicitudotadjuntos?a79d599e9a96ca1117c00085c4654dc8,INS,2019,15338,,2, HTTP/1.1" 200 116
190.171.142.18 - - [17/Apr/2019:10:59:45 -0300] "GET /cormun/servlet/hpexe_return? HTTP/1.1" 200 1029
190.171.142.18 - - [17/Apr/2019:10:59:45 -0300] "GET /cormun/servlet/trsolicitudadjuntos?2019,15338, HTTP/1.1" 200 9887
190.171.142.18 - - [17/Apr/2019:10:59:46 -0300] "GET /cormun/servlet/trsolicitudadjuntos?2019,15338, HTTP/1.1" 200 9884
190.171.142.18 - - [17/Apr/2019:10:59:49 -0300] "POST /cormun/servlet/trsolicitudadjuntos?a79d599e9a96ca1117c00085c4654dc8,2019,15338,,gx-no-cache=1555509545408 HTTP/1.1" 200 90
190.171.142.18 - - [17/Apr/2019:10:59:49 -0300] "GET /cormun/servlet/hpexe_link HTTP/1.1" 200 971
190.171.142.18 - - [17/Apr/2019:10:59:49 -0300] "GET /cormun/servlet/trsolicitudot HTTP/1.1" 200 10131
190.171.142.18 - - [17/Apr/2019:10:59:50 -0300] "GET /cormun/servlet/trsolicitudot HTTP/1.1" 200 10129
186.67.164.138 - - [17/Apr/2019:11:00:39 -0300] "GET /cormun/servlet/solicitudot?INS,0,0, HTTP/1.1" 200 15019
186.67.164.138 - - [17/Apr/2019:11:00:40 -0300] "GET /cormun/servlet/solicitudot?INS,0,0, HTTP/1.1" 200 15024
186.79.111.144 - - [17/Apr/2019:11:00:50 -0300] "GET /cormun/servlet/trpermisosgoce? HTTP/1.1" 200 6121
186.79.111.144 - - [17/Apr/2019:11:00:50 -0300] "GET /cormun/servlet/hlogin HTTP/1.1" 200 1740
186.79.111.144 - - [17/Apr/2019:11:00:51 -0300] "GET /cormun/servlet/trpermisosgoce? HTTP/1.1" 200 6115
186.67.164.138 - - [17/Apr/2019:11:01:39 -0300] "POST /cormun/servlet/solicitudot?gx-no-cache=1555509475212 HTTP/1.1" 200 3550
186.67.164.138 - - [17/Apr/2019:11:01:39 -0300] "POST /cormun/servlet/solicitudot?abed7e21daa3d9c3ee5f59a6966a7fd3,INS,0,0,,gx-no-cache=1555509475401 HTTP/1.1" 200 11788
186.67.164.138 - - [17/Apr/2019:11:01:45 -0300] "GET /cormun/servlet/solicitudot?1b2bb7517224d3312d4b00ff99fc084099ad5e6f1af309a3a2f1b67ef2aa4ce9bf63b7f6f227ea61d2c187104a5b051e,gx-no-cache=1555509481224 HTTP/1.1" 200 30
186.67.164.138 - - [17/Apr/2019:11:01:45 -0300] "GET /cormun/servlet/solicitudot?1b2bb7517224d3312d4b00ff99fc08408449aa031419bad117b634a813eac359229f5ede93eb395b06d28d6ec359ac18,gx-no-cache=1555509481257 HTTP/1.1" 200 30
186.67.164.138 - - [17/Apr/2019:11:01:45 -0300] "GET /cormun/servlet/solicitudot?1b2bb7517224d3312d4b00ff99fc084085e5d7bbb95661ba80c99a29dd333db1,gx-no-cache=1555509481279 HTTP/1.1" 200 53
186.67.164.138 - - [17/Apr/2019:11:01:45 -0300] "POST /cormun/servlet/solicitudot?gx-no-cache=1555509481307 HTTP/1.1" 200 255
186.67.164.138 - - [17/Apr/2019:11:01:45 -0300] "GET /cormun/servlet/solicitudot?1b2bb7517224d3312d4b00ff99fc0840cecde9d0ac543449326d7fd1ce6915ee6c27b321572daecfa400f3f1cff790ece4d86053ab0da5917927bf89efdc0f844474876c8db02bdf22b5eedf38f008049021a81c95a06ca0cae0c74a31f898bedf3830b7343dc30777a322847f6cb38cde67362de8861727d4e5a8030292e1886ec870ff9cabcb40447080f44993f6989e3e93e3d6a5bf143de3bc236253fbfd66702ec1d99de37a127c0faec8f552c9ae609903255c5128e29ebe2de9ae7dbc8b451d5024b615a4d7dd2023611bea78158962d9f9675a1e74beab718f7dcf595d1b534d408b657c6095c0821c978b5fcd559dad940bf74eb45bcd865298b5b488cf3c2446bf1767921809adf1edb2d07f14d980fe004b523542efad19159891a8ea43bd9c2dbdf528313e7cc9f776bb9f0ec66e5ca156f064ab30e45025cd81c4bdff9d3d90ce12e899759b3de7db35d4722ce9cbdd5308eb9161eeb7abd9d48bdab8bc65dd681f208226094fc88f12a3214b69f32fb2862eed1968fd893547,gx-no-cache=1555509481343 HTTP/1.1" 200 30
186.67.164.138 - - [17/Apr/2019:11:01:51 -0300] "POST /cormun/servlet/solicitudot?gx-no-cache=1555509487155 HTTP/1.1" 200 30
186.67.164.138 - - [17/Apr/2019:11:01:53 -0300] "GET /cormun/servlet/prcontratosol?17136258,,,,,MD,,gxPopupLevel%3D0%3B HTTP/1.1" 200 8106
186.67.164.138 - - [17/Apr/2019:11:01:57 -0300] "POST /cormun/servlet/solicitudot?gx-no-cache=1555509492504 HTTP/1.1" 200 1345
186.67.164.138 - - [17/Apr/2019:11:01:57 -0300] "POST /cormun/servlet/solicitudot?gx-no-cache=1555509492557 HTTP/1.1" 200 38
186.67.164.138 - - [17/Apr/2019:11:01:57 -0300] "GET /cormun/servlet/solicitudot?1b2bb7517224d3312d4b00ff99fc084051a6a6e4cc7ac368d26a880c046b82b2282c0a0dec11dab4f951b7c69dd3b5640dad0bd616739b33637b90cae6bf7cab67846b202a5f40e71069fdc597f064b00de907dbc64190523ce58829411573202561076eefb680d0e8273efbce09b627,gx-no-cache=1555509492581 HTTP/1.1" 200 110
186.67.164.138 - - [17/Apr/2019:11:01:57 -0300] "POST /cormun/servlet/solicitudot?gx-no-cache=1555509492606 HTTP/1.1" 200 97
186.67.164.138 - - [17/Apr/2019:11:01:57 -0300] "GET /cormun/servlet/solicitudot?1b2bb7517224d3312d4b00ff99fc0840c689e5a20470840897305782b234175fe90ff8a86a2407b14fd678cf6284ccc6ffd5e47634ff0f11ee98cc789a07c99ccdb422c9ba29ec0b2652d981de8fbc4e034edd64c31d72e4dd7652ba123185a09cd1b100f65b803e14ab8ff16b90cb85d160c63f3256947ef0d3c17035d98d4a2ee4f8de22bd9f48eeca124278f96b2f5253d78688c0964fccdb9ea80d50367c0cc72bc184c1df6804ce0b9ff28e5344ac5af960298a0c02c2ca3de51b281049ffc6e948af3fa5f2a6e001755d56c332,gx-no-cache=1555509492637 HTTP/1.1" 200 29
186.67.164.138 - - [17/Apr/2019:11:01:57 -0300] "GET /cormun/servlet/solicitudot?1b2bb7517224d3312d4b00ff99fc0840cd2853714f32c2a03a9d4758124b3fcd11c00bd26d7447e12c38e125541a68a0,gx-no-cache=1555509492659 HTTP/1.1" 200 134
186.67.164.138 - - [17/Apr/2019:11:01:57 -0300] "GET /cormun/static/Shared/jqueryui/images/ui-bg_highlight-soft_100_c6c2c8_1x100.png HTTP/1.1" 404 1117
186.67.164.138 - - [17/Apr/2019:11:01:57 -0300] "GET /cormun/static/Shared/jqueryui/images/ui-icons_82798d_256x240.png HTTP/1.1" 404 1089
186.67.164.138 - - [17/Apr/2019:11:01:57 -0300] "GET /cormun/static/Shared/jqueryui/images/ui-bg_flat_55_994d53_40x100.png HTTP/1.1" 404 1097
186.67.164.138 - - [17/Apr/2019:11:01:57 -0300] "GET /cormun/static/Shared/jqueryui/images/ui-icons_ebccce_256x240.png HTTP/1.1" 404 1089
186.67.164.138 - - [17/Apr/2019:11:02:03 -0300] "GET /cormun/static/menuarrow.gif HTTP/1.1" 404 1015
186.67.164.138 - - [17/Apr/2019:11:02:36 -0300] "POST /cormun/servlet/solicitudot?gx-no-cache=1555509531919 HTTP/1.1" 200 72
186.67.164.138 - - [17/Apr/2019:11:02:48 -0300] "GET /cormun/servlet/solicitudot?1b2bb7517224d3312d4b00ff99fc0840c689e5a20470840897305782b234175fe90ff8a86a2407b14fd678cf6284ccc654cb37beb11ce921606884a4abf8f73ecdb422c9ba29ec0b2652d981de8fbc4e034edd64c31d72e4dd7652ba123185a09cd1b100f65b803e14ab8ff16b90cb85d160c63f3256947ef0d3c17035d98d4a2ee4f8de22bd9f48eeca124278f96b2f5253d78688c0964fccdb9ea80d50367c0cc72bc184c1df6804ce0b9ff28e5344ac5af960298a0c02c2ca3de51b281049ffc6e948af3fa5f2a6e001755d56c332,gx-no-cache=1555509544452 HTTP/1.1" 200 29
186.67.164.138 - - [17/Apr/2019:11:02:51 -0300] "GET /cormun/servlet/solicitudot?1b2bb7517224d3312d4b00ff99fc0840331411e6681c911e7c843253be26b20b53c61185fb5093eb7635d471ba8b59e4,gx-no-cache=1555509546587 HTTP/1.1" 200 30
186.67.164.138 - - [17/Apr/2019:11:02:51 -0300] "POST /cormun/servlet/solicitudot?gx-no-cache=1555509546613 HTTP/1.1" 200 33
186.67.164.138 - - [17/Apr/2019:11:03:05 -0300] "POST /cormun/servlet/solicitudot?abed7e21daa3d9c3ee5f59a6966a7fd3,INS,0,0,,gx-no-cache=1555509561079 HTTP/1.1" 200 93
186.67.164.138 - - [17/Apr/2019:11:03:05 -0300] "GET /cormun/servlet/hpexe_return? HTTP/1.1" 200 1023
186.67.164.138 - - [17/Apr/2019:11:03:06 -0300] "GET /cormun/servlet/trsolicitudot?gx-no-cache=1555509358921 HTTP/1.1" 200 8684
186.67.164.138 - - [17/Apr/2019:11:03:06 -0300] "GET /cormun/servlet/trsolicitudot?gx-no-cache=1555509358921 HTTP/1.1" 200 8700
186.67.164.138 - - [17/Apr/2019:11:03:19 -0300] "POST /cormun/servlet/trsolicitudot?abed7e21daa3d9c3ee5f59a6966a7fd3,gx-no-cache=1555509358921,gx-no-cache=1555509575349 HTTP/1.1" 200 107
186.67.164.138 - - [17/Apr/2019:11:03:20 -0300] "GET /cormun/servlet/solicitudot?UPD,2019,15342, HTTP/1.1" 200 15623
186.67.164.138 - - [17/Apr/2019:11:03:21 -0300] "GET /cormun/servlet/solicitudot?UPD,2019,15342, HTTP/1.1" 200 15611
186.67.164.138 - - [17/Apr/2019:11:03:21 -0300] "POST /cormun/servlet/solicitudot?gx-no-cache=1555509577049 HTTP/1.1" 200 3550
186.67.164.138 - - [17/Apr/2019:11:03:21 -0300] "POST /cormun/servlet/solicitudot?abed7e21daa3d9c3ee5f59a6966a7fd3,UPD,2019,15342,,gx-no-cache=1555509577227 HTTP/1.1" 200 11925
186.67.164.138 - - [17/Apr/2019:11:03:21 -0300] "GET /cormun/servlet/solicitudot?1b2bb7517224d3312d4b00ff99fc084099ad5e6f1af309a3a2f1b67ef2aa4ce98fc11d1645ebf49d7f9b6da5a8d03ade,gx-no-cache=1555509577463 HTTP/1.1" 200 30
186.67.164.138 - - [17/Apr/2019:11:03:21 -0300] "GET /cormun/servlet/solicitudot?1b2bb7517224d3312d4b00ff99fc08408449aa031419bad117b634a813eac35988c3acb164226a2a1e258ce02e38d3c9,gx-no-cache=1555509577495 HTTP/1.1" 200 30
186.67.164.138 - - [17/Apr/2019:11:03:22 -0300] "GET /cormun/servlet/solicitudot?1b2bb7517224d3312d4b00ff99fc08406a8968956f2835c2e3fd6df68545fc57b0f423085be598af5765aee5efca9f7e7eae2d1dc106b6718c583ff9fb16c0b2,gx-no-cache=1555509577520 HTTP/1.1" 200 53
186.67.164.138 - - [17/Apr/2019:11:03:22 -0300] "POST /cormun/servlet/solicitudot?gx-no-cache=1555509577551 HTTP/1.1" 200 256
186.67.164.138 - - [17/Apr/2019:11:03:22 -0300] "GET /cormun/servlet/solicitudot?1b2bb7517224d3312d4b00ff99fc0840cecde9d0ac543449326d7fd1ce6915ee6c27b321572daecfa400f3f1cff790ece4d86053ab0da5917927bf89efdc0f844474876c8db02bdf22b5eedf38f008049021a81c95a06ca0cae0c74a31f898bedf3830b7343dc30777a322847f6cb38cde67362de8861727d4e5a8030292e1886ec870ff9cabcb40447080f44993f6989e3e93e3d6a5bf143de3bc236253fbfd66702ec1d99de37a127c0faec8f552c9ae609903255c5128e29ebe2de9ae7dbc8b451d5024b615a4d7dd2023611bea78158962d9f9675a1e74beab718f7dcf595d1b534d408b657c6095c0821c978b5fcd559dad940bf74eb45bcd865298b5b488cf3c2446bf1767921809adf1edb2d07f14d980fe004b523542efad19159891a8ea43bd9c2dbdf528313e7cc9f776bb9f0ec66e5ca156f064ab30e45025cd81c4bdff9d3d90ce12e899759b3de7db35d4722ce9cbdd5308eb9161eeb7abd9d48bdab8bc65dd681f208226094fc88f12d7f76443a4a023cb07290ff6cd02de37,gx-no-cache=1555509577583 HTTP/1.1" 200 30
186.67.164.138 - - [17/Apr/2019:11:03:22 -0300] "POST /cormun/servlet/solicitudot?gx-no-cache=1555509577606 HTTP/1.1" 200 30
186.67.164.138 - - [17/Apr/2019:11:03:22 -0300] "POST /cormun/servlet/solicitudot?gx-no-cache=1555509577638 HTTP/1.1" 200 1345
186.67.164.138 - - [17/Apr/2019:11:03:22 -0300] "POST /cormun/servlet/solicitudot?gx-no-cache=1555509577679 HTTP/1.1" 200 40
186.67.164.138 - - [17/Apr/2019:11:03:23 -0300] "GET /cormun/servlet/solicitudot?1b2bb7517224d3312d4b00ff99fc084051a6a6e4cc7ac368d26a880c046b82b2282c0a0dec11dab4f951b7c69dd3b5640dad0bd616739b33637b90cae6bf7cab67846b202a5f40e71069fdc597f064b00de907dbc64190523ce58829411573202561076eefb680d0e8273efbce09b627,gx-no-cache=1555509579216 HTTP/1.1" 200 110
186.67.164.138 - - [17/Apr/2019:11:03:28 -0300] "POST /cormun/servlet/solicitudot?gx-no-cache=1555509583816 HTTP/1.1" 200 79
186.67.164.138 - - [17/Apr/2019:11:03:37 -0300] "GET /cormun/servlet/solicitudot?1b2bb7517224d3312d4b00ff99fc0840ffbb757e7e69aaca3d3b22dfbd12b4c24c3720f7f7829882d7f0db4ec5220531354e319a6b3a34d166542ecbd40d237770099efef230548c7dc447116a19a1eb1418c5137515c7db82fa54b29f8b69c5d41dfb4e0bab795e828b42ed390c00bfddee125483bbde9943a92a4b4e9bbb8fbfe535c70d7d00ae497b6916f9452cd77f89403f2a4e03dddbbddd2f8387537ec6d22e7011b5cb1f91817c2f4888980dd7407e4fc126fa56e0ef395468c7c2d7ff86bb814fd58912706ced39aafca46b,gx-no-cache=1555509593094 HTTP/1.1" 200 29
