190.171.144.234 - - [17/Apr/2019:14:38:59 -0300] "GET /cormun/servlet/solicitudot?a566913ab5fed8ab7790f664324914b51c3ca41f7713702ffeba1bcd0c54a5804fb5f5ea859c2e01bd0c152a8a3ead7e2b9a0ede50c2d3cffcc17c704fd8b5b270fac51c031b5af743b8cc780739a9156efe84f5c004f599d123957149c926aca16568898c39d60f149847a7ca8901e8,gx-no-cache=1555522515601 HTTP/1.1" 200 29
190.171.144.234 - - [17/Apr/2019:14:38:59 -0300] "GET /cormun/servlet/solicitudot?a566913ab5fed8ab7790f664324914b59282e2fbcd9c1966c2fa200f5d64a5b1,gx-no-cache=1555522515624 HTTP/1.1" 200 30
190.171.144.234 - - [17/Apr/2019:14:38:59 -0300] "POST /cormun/servlet/solicitudot?gx-no-cache=1555522515648 HTTP/1.1" 200 30
190.171.143.106 - - [17/Apr/2019:14:39:01 -0300] "POST /cormun/servlet/trsolicitudot?bc4d0794aac40453a5f999e628db5409,gx-no-cache=1555522515521 HTTP/1.1" 200 107
190.171.143.106 - - [17/Apr/2019:14:39:01 -0300] "GET /cormun/servlet/trsolicitudadjuntos?2019,15356, HTTP/1.1" 200 6183
190.171.143.106 - - [17/Apr/2019:14:39:01 -0300] "GET /cormun/servlet/trsolicitudadjuntos?2019,15356, HTTP/1.1" 200 6183
190.171.143.106 - - [17/Apr/2019:14:39:04 -0300] "GET /cormun/servlet/trsolicitudot? HTTP/1.1" 200 8544
190.171.143.106 - - [17/Apr/2019:14:39:05 -0300] "GET /cormun/servlet/trsolicitudot? HTTP/1.1" 200 8537
190.171.143.106 - - [17/Apr/2019:14:39:14 -0300] "POST /cormun/servlet/trsolicitudot?bc4d0794aac40453a5f999e628db5409,,gx-no-cache=1555522528819 HTTP/1.1" 200 107
190.171.143.106 - - [17/Apr/2019:14:39:14 -0300] "GET /cormun/servlet/trsolicitudadjuntos?2019,15356, HTTP/1.1" 200 6183
190.171.143.106 - - [17/Apr/2019:14:39:14 -0300] "GET /cormun/servlet/trsolicitudadjuntos?2019,15356, HTTP/1.1" 200 6183
190.171.143.106 - - [17/Apr/2019:14:39:17 -0300] "GET /cormun/servlet/solicitudotadjuntos?INS,2019,15356,,1, HTTP/1.1" 200 6132
190.171.143.106 - - [17/Apr/2019:14:39:17 -0300] "GET /cormun/static/about:blank HTTP/1.1" 404 1011
190.171.143.106 - - [17/Apr/2019:14:39:17 -0300] "GET /cormun/servlet/solicitudotadjuntos?INS,2019,15356,,1, HTTP/1.1" 200 6126
190.171.143.106 - - [17/Apr/2019:14:39:17 -0300] "GET /cormun/servlet/solicitudotadjuntos?e011588bc74bf13709c41b05165d41292bde31954a19a2da1d80a5189aed7bbc44f04f34bc2ed7cacdb6dffbd25400c9,gx-no-cache=1555522532358 HTTP/1.1" 200 30
190.171.143.106 - - [17/Apr/2019:14:39:18 -0300] "POST /cormun/servlet/solicitudotadjuntos?bc4d0794aac40453a5f999e628db5409,INS,2019,15356,,1,,gx-no-cache=1555522532380 HTTP/1.1" 200 3862
186.103.159.46 - - [17/Apr/2019:14:39:20 -0300] "GET /cormun/servlet/trlicencias HTTP/1.1" 200 8427
190.171.143.106 - - [17/Apr/2019:14:39:21 -0300] "POST /cormun/servlet/solicitudotadjuntos?gx-no-cache=1555522535633 HTTP/1.1" 200 26
190.171.153.218 - - [17/Apr/2019:14:39:33 -0300] "GET /cormun/servlet/solicitudotadjuntos?93316464d15b4e269a21c5d88eb478af7a3250fedd59b2c5653fb2a20b53732e,gx-no-cache=1555522548858 HTTP/1.1" 200 30
190.171.153.218 - - [17/Apr/2019:14:39:33 -0300] "GET /cormun/servlet/solicitudotadjuntos?93316464d15b4e269a21c5d88eb478af7a3250fedd59b2c5653fb2a20b53732e,gx-no-cache=1555522548930 HTTP/1.1" 200 30
190.171.153.218 - - [17/Apr/2019:14:39:34 -0300] "POST /cormun/servlet/solicitudotadjuntos?75466cf203224553f219cc4306d19393,INS,2019,15355,,1, HTTP/1.1" 200 116
190.171.153.218 - - [17/Apr/2019:14:39:34 -0300] "GET /cormun/servlet/hpexe_return? HTTP/1.1" 200 1020
186.103.159.46 - - [17/Apr/2019:14:39:34 -0300] "GET /cormun/static/gxui/gxui-all.css?110300 HTTP/1.1" 200 2179
186.103.159.46 - - [17/Apr/2019:14:39:34 -0300] "GET /cormun/static/Shared/ext/resources/css/ext-all.css?205870 HTTP/1.1" 200 416045
190.171.153.218 - - [17/Apr/2019:14:39:34 -0300] "GET /cormun/servlet/trsolicitudadjuntos?2019,15355, HTTP/1.1" 200 9926
186.103.159.46 - - [17/Apr/2019:14:39:34 -0300] "GET /cormun/static/calendar-system.css?75620 HTTP/1.1" 200 5572
186.103.159.46 - - [17/Apr/2019:14:39:34 -0300] "GET /cormun/static/Resources/Spanish/PXTools.css?17315867 HTTP/1.1" 200 89042
190.171.153.218 - - [17/Apr/2019:14:39:35 -0300] "GET /cormun/servlet/trsolicitudadjuntos?2019,15355, HTTP/1.1" 200 9922
186.103.159.46 - - [17/Apr/2019:14:39:35 -0300] "GET /cormun/static/Shared/jqueryui/jquery-ui.min.css?1245370 HTTP/1.1" 200 30288
186.103.159.46 - - [17/Apr/2019:14:39:35 -0300] "GET /cormun/static/SmoothNavMenu/resources/ddsmoothmenu.css?1012540 HTTP/1.1" 200 2223
186.103.159.46 - - [17/Apr/2019:14:39:35 -0300] "GET /cormun/static/SmoothNavMenu/resources/ddsmoothmenu-v.css?1012540 HTTP/1.1" 200 1188
186.103.159.46 - - [17/Apr/2019:14:39:35 -0300] "GET /cormun/static/scaMessage/css/jquery.pnotify.default.css?1716380 HTTP/1.1" 200 1707
186.103.159.46 - - [17/Apr/2019:14:39:35 -0300] "GET /cormun/static/gxtimezone.js?85251 HTTP/1.1" 200 5781
186.103.159.46 - - [17/Apr/2019:14:39:35 -0300] "GET /cormun/static/gxcfg.js?20176272054169 HTTP/1.1" 200 953
186.103.159.46 - - [17/Apr/2019:14:39:35 -0300] "GET /cormun/static/gxgral.js?85251 HTTP/1.1" 200 384558
186.103.159.46 - - [17/Apr/2019:14:39:36 -0300] "GET /cormun/static/calendar.js?85251 HTTP/1.1" 200 26246
186.103.159.46 - - [17/Apr/2019:14:39:39 -0300] "GET /cormun/static/calendar-setup.js?85251 HTTP/1.1" 200 2588
186.103.159.46 - - [17/Apr/2019:14:39:39 -0300] "GET /cormun/static/calendar-es.js?85251 HTTP/1.1" 200 1901
186.103.159.46 - - [17/Apr/2019:14:39:40 -0300] "GET /cormun/static/gxui/gxui-all.js HTTP/1.1" 200 107772
186.103.159.46 - - [17/Apr/2019:14:39:41 -0300] "GET /cormun/static/RunJS/RunJS.js HTTP/1.1" 200 288
186.103.159.46 - - [17/Apr/2019:14:39:41 -0300] "GET /cormun/static/PXToolsJavascripts/pexe_autoreload.js HTTP/1.1" 200 1762
186.103.159.46 - - [17/Apr/2019:14:39:41 -0300] "GET /cormun/static/PXToolsJavascripts/pexe_cookies.js HTTP/1.1" 200 792
186.103.159.46 - - [17/Apr/2019:14:39:41 -0300] "GET /cormun/static/PXToolsJavascripts/pexe_windows.js HTTP/1.1" 200 15207
186.103.159.46 - - [17/Apr/2019:14:39:41 -0300] "GET /cormun/static/PXToolsJavascripts/pexe_grid.js HTTP/1.1" 200 7559
190.151.99.26 - - [17/Apr/2019:14:39:41 -0300] "GET /cormun/servlet/solicitudotadjuntos?INS,2019,15355,,1, HTTP/1.1" 200 6363
190.151.99.26 - - [17/Apr/2019:14:39:41 -0300] "GET /cormun/static/about:blank HTTP/1.1" 404 1011
186.103.159.46 - - [17/Apr/2019:14:39:42 -0300] "GET /cormun/static/PXToolsJavascripts/pexe_griddivfix.js HTTP/1.1" 200 6644
186.103.159.46 - - [17/Apr/2019:14:39:42 -0300] "GET /cormun/static/PXToolsJavascripts/pexe_link.js HTTP/1.1" 200 5671
190.151.99.26 - - [17/Apr/2019:14:39:42 -0300] "GET /cormun/servlet/solicitudotadjuntos?INS,2019,15355,,1, HTTP/1.1" 200 6356
186.103.159.46 - - [17/Apr/2019:14:39:42 -0300] "GET /cormun/static/PXToolsJavascripts/pexe_menudivfix.js HTTP/1.1" 200 333
186.103.159.46 - - [17/Apr/2019:14:39:42 -0300] "GET /cormun/static/PXToolsJavascripts/pexe_menus.js HTTP/1.1" 200 1286
186.103.159.46 - - [17/Apr/2019:14:39:42 -0300] "GET /cormun/static/PXToolsJavascripts/pexe_layers.js HTTP/1.1" 200 4114
186.103.159.46 - - [17/Apr/2019:14:39:42 -0300] "GET /cormun/static/PXToolsJavascripts/pexe_oav.js HTTP/1.1" 200 645
186.103.159.46 - - [17/Apr/2019:14:39:42 -0300] "GET /cormun/static/PXToolsJavascripts/pexe_oavdivfix.js HTTP/1.1" 200 639
186.103.159.46 - - [17/Apr/2019:14:39:42 -0300] "GET /cormun/static/Shared/ext/ext-all.js HTTP/1.1" 200 1289687
186.103.159.46 - - [17/Apr/2019:14:39:42 -0300] "GET /cormun/static/PXToolsJavascripts/pexe_picture.js HTTP/1.1" 200 689
186.103.159.46 - - [17/Apr/2019:14:39:42 -0300] "GET /cormun/static/PXToolsJavascripts/pexe_popup.js HTTP/1.1" 200 13458
190.151.99.26 - - [17/Apr/2019:14:39:42 -0300] "GET /cormun/servlet/solicitudotadjuntos?93316464d15b4e269a21c5d88eb478af717df3c47f8cc1f9210cb5de01106b85254270fa9341f1dd10443b6f007158d0,gx-no-cache=1555522557937 HTTP/1.1" 200 30
186.103.159.46 - - [17/Apr/2019:14:39:42 -0300] "GET /cormun/static/PXToolsJavascripts/pexe_scrolldiv.js HTTP/1.1" 200 4138
190.151.99.26 - - [17/Apr/2019:14:39:42 -0300] "POST /cormun/servlet/solicitudotadjuntos?75466cf203224553f219cc4306d19393,INS,2019,15355,,1,,gx-no-cache=1555522558020 HTTP/1.1" 200 4063
186.103.159.46 - - [17/Apr/2019:14:39:42 -0300] "GET /cormun/static/PXToolsJavascripts/pexe_tabdivfix.js HTTP/1.1" 200 876
186.103.159.46 - - [17/Apr/2019:14:39:42 -0300] "GET /cormun/static/PXToolsJavascripts/pexe_upload.js HTTP/1.1" 200 1423
186.103.159.46 - - [17/Apr/2019:14:39:42 -0300] "GET /cormun/static/PXToolsJavascripts/pexe_tabs.js HTTP/1.1" 200 3748
186.103.159.46 - - [17/Apr/2019:14:39:43 -0300] "GET /cormun/static/PXToolsJavascripts/PXToolsJavascriptsRender.js HTTP/1.1" 200 367
190.151.99.26 - - [17/Apr/2019:14:39:45 -0300] "POST /cormun/servlet/solicitudotadjuntos?gx-no-cache=1555522560363 HTTP/1.1" 200 26
200.54.103.162 - - [17/Apr/2019:14:39:48 -0300] "GET /cormun/servlet/solicitudot?bbcf2ea62da7d7f41650302e1f64536c14caca8513f32b6d799fd8512668017f271bbd707ee5262bc59af7087a2a09ca60997d266e1b236f76ccdd7d8ed7a955,gx-no-cache=1555522564422 HTTP/1.1" 200 30
190.171.143.106 - - [17/Apr/2019:14:39:49 -0300] "GET /cormun/servlet/solicitudotadjuntos?e011588bc74bf13709c41b05165d412978d46b7fb9b4dd550720aca05a1edd01,gx-no-cache=1555522563477 HTTP/1.1" 200 30
190.171.143.106 - - [17/Apr/2019:14:39:49 -0300] "GET /cormun/servlet/solicitudotadjuntos?e011588bc74bf13709c41b05165d412978d46b7fb9b4dd550720aca05a1edd01,gx-no-cache=1555522563585 HTTP/1.1" 200 30
190.171.143.106 - - [17/Apr/2019:14:39:49 -0300] "POST /cormun/servlet/solicitudotadjuntos?bc4d0794aac40453a5f999e628db5409,INS,2019,15356,,1, HTTP/1.1" 200 116
190.171.143.106 - - [17/Apr/2019:14:39:49 -0300] "GET /cormun/servlet/hpexe_return? HTTP/1.1" 200 1028
190.171.143.106 - - [17/Apr/2019:14:39:49 -0300] "GET /cormun/servlet/trsolicitudadjuntos?2019,15356, HTTP/1.1" 200 8792
190.171.143.106 - - [17/Apr/2019:14:39:50 -0300] "GET /cormun/servlet/trsolicitudadjuntos?2019,15356, HTTP/1.1" 200 8787
200.54.103.162 - - [17/Apr/2019:14:39:50 -0300] "GET /cormun/servlet/solicitudot?bbcf2ea62da7d7f41650302e1f64536c12867863584f46d36b4c86210ffaab1f,gx-no-cache=1555522566925 HTTP/1.1" 200 53
190.171.143.106 - - [17/Apr/2019:14:39:51 -0300] "GET /cormun/servlet/solicitudotadjuntos?INS,2019,15356,,1, HTTP/1.1" 200 6132
190.171.143.106 - - [17/Apr/2019:14:39:52 -0300] "GET /cormun/static/about:blank HTTP/1.1" 404 1011
190.171.143.106 - - [17/Apr/2019:14:39:52 -0300] "GET /cormun/servlet/solicitudotadjuntos?INS,2019,15356,,1, HTTP/1.1" 200 6126
190.171.143.106 - - [17/Apr/2019:14:39:52 -0300] "GET /cormun/servlet/solicitudotadjuntos?e011588bc74bf13709c41b05165d41292bde31954a19a2da1d80a5189aed7bbc44f04f34bc2ed7cacdb6dffbd25400c9,gx-no-cache=1555522567205 HTTP/1.1" 200 30
190.171.143.106 - - [17/Apr/2019:14:39:52 -0300] "POST /cormun/servlet/solicitudotadjuntos?bc4d0794aac40453a5f999e628db5409,INS,2019,15356,,1,,gx-no-cache=1555522567230 HTTP/1.1" 200 3863
190.171.143.106 - - [17/Apr/2019:14:40:30 -0300] "POST /cormun/servlet/solicitudotadjuntos?gx-no-cache=1555522605149 HTTP/1.1" 200 26
200.54.103.162 - - [17/Apr/2019:14:40:42 -0300] "POST /cormun/servlet/solicitudot?gx-no-cache=1555522618576 HTTP/1.1" 200 256
200.54.103.162 - - [17/Apr/2019:14:40:44 -0300] "GET /cormun/servlet/solicitudot?bbcf2ea62da7d7f41650302e1f64536c981d7e57429feaca8ef87fa2e89034741d9f469fc78da4a0d2876145d860e3738f3ed5bf6433653ef67e8918f61e3b2b4e73a18bcdf9d8839cd5eafc53be974d34fcdfc41a16615a2d9fe96af84cd22d28f96f26c474c381d14756e1c2b9195e2f2bedc9fd2e79dbad5a61770d426c8053a37c9f6af822082a80147ab1ef94f6f6ec4647738c48c09d0eb93fa6a68bb51ee0190ffd7f0910798946fe7316986956591e5c21c4198abd46714b9edd572feb4a1ad63797a1acd51239916e8463a3e88423ecae1e15401e7ca459664c9ba437b62f384dc6cf320a0184bdb646687697bb00587926ddb1b5804615dcfcf2b85500912c9801aa23ed9ec7049a2ddc3a8f2558aa43312c658485c7626f917b4beb6544954899f150dd26ac331ce0020b8d4f26e1f15c77fdd51a59ae9c453a62bb0c87d9ef1ef55bac15418f9828905e0e0af70d0b7c02141a7ea07373c4b40f57666e899f2e94d8e14bb7e34d4140706afce48d9af3591b50a5089b12382fd5,gx-no-cache=1555522620853 HTTP/1.1" 200 30
186.103.159.46 - - [17/Apr/2019:14:40:45 -0300] "GET /cormun/static/Shared/ext/locale/ext-lang-en.js HTTP/1.1" 200 10940
186.103.159.46 - - [17/Apr/2019:14:40:45 -0300] "GET /cormun/static/messages.spa.js?85251 HTTP/1.1" 200 30736
186.103.159.46 - - [17/Apr/2019:14:40:46 -0300] "GET /cormun/static/gxdec.js?85251 HTTP/1.1" 200 19579
186.103.159.46 - - [17/Apr/2019:14:40:46 -0300] "GET /cormun/static/trlicencias.js?20176272054837 HTTP/1.1" 200 41883
186.103.159.46 - - [17/Apr/2019:14:40:46 -0300] "GET /cormun/static/hwchdr01.js?201752511465785 HTTP/1.1" 200 1183
186.103.159.46 - - [17/Apr/2019:14:40:46 -0300] "GET /cormun/static/hpexe_recentlink.js?20177611595044 HTTP/1.1" 200 2144
186.103.159.46 - - [17/Apr/2019:14:40:46 -0300] "GET /cormun/static/hpexe_scripts.js?201752511465715 HTTP/1.1" 200 1544
186.103.159.46 - - [17/Apr/2019:14:40:46 -0300] "GET /cormun/static/hpexe_messagecontroller.js?20177611595012 HTTP/1.1" 200 870
186.103.159.46 - - [17/Apr/2019:14:40:46 -0300] "GET /cormun/static/hpexe_messagepopupcomponent.js?20161017169425 HTTP/1.1" 200 605
186.103.159.46 - - [17/Apr/2019:14:40:46 -0300] "GET /cormun/static/hpexe_messagegenexuscomponent.js?201752511465344 HTTP/1.1" 200 587
186.103.159.46 - - [17/Apr/2019:14:40:46 -0300] "GET /cormun/static/cmcontrolpreferences.js?201752511465670 HTTP/1.1" 200 1375
190.171.149.90 - - [17/Apr/2019:14:40:46 -0300] "GET /cormun/servlet/trsolicitudot HTTP/1.1" 200 6406
190.171.149.90 - - [17/Apr/2019:14:40:46 -0300] "GET /cormun/static/calendar-system.css?85620 HTTP/1.1" 200 5572
190.171.149.90 - - [17/Apr/2019:14:40:46 -0300] "GET /cormun/static/gxui/gxui-all.css?120300 HTTP/1.1" 200 2179
190.171.149.90 - - [17/Apr/2019:14:40:46 -0300] "GET /cormun/static/SmoothNavMenu/resources/ddsmoothmenu.css?1012540 HTTP/1.1" 200 2223
190.171.149.90 - - [17/Apr/2019:14:40:46 -0300] "GET /cormun/static/Shared/jqueryui/jquery-ui.min.css?1245370 HTTP/1.1" 200 30288
190.171.149.90 - - [17/Apr/2019:14:40:46 -0300] "GET /cormun/static/SmoothNavMenu/resources/ddsmoothmenu-v.css?1012540 HTTP/1.1" 200 1188
190.171.149.90 - - [17/Apr/2019:14:40:46 -0300] "GET /cormun/static/Resources/Spanish/PXTools.css?1255365 HTTP/1.1" 200 89042
190.171.149.90 - - [17/Apr/2019:14:40:46 -0300] "GET /cormun/static/scaMessage/css/jquery.pnotify.default.css?1716380 HTTP/1.1" 200 1707
190.171.149.90 - - [17/Apr/2019:14:40:47 -0300] "GET /cormun/static/gxtimezone.js?85251 HTTP/1.1" 200 5781
190.171.149.90 - - [17/Apr/2019:14:40:47 -0300] "GET /cormun/static/gxcfg.js?2017111422585916 HTTP/1.1" 200 953
190.171.149.90 - - [17/Apr/2019:14:40:47 -0300] "GET /cormun/static/calendar-setup.js?85251 HTTP/1.1" 200 2588
190.171.149.90 - - [17/Apr/2019:14:40:47 -0300] "GET /cormun/static/Shared/ext/resources/css/ext-all.css?215870 HTTP/1.1" 200 416045
190.171.149.90 - - [17/Apr/2019:14:40:47 -0300] "GET /cormun/static/calendar-es.js?85251 HTTP/1.1" 200 1901
190.171.149.90 - - [17/Apr/2019:14:40:47 -0300] "GET /cormun/static/calendar.js?85251 HTTP/1.1" 200 26246
190.171.149.90 - - [17/Apr/2019:14:40:47 -0300] "GET /cormun/static/gxui/gxui-all.js HTTP/1.1" 200 107772
186.103.159.46 - - [17/Apr/2019:14:40:47 -0300] "GET /cormun/static/SmoothNavMenu/resources/ddsmoothmenu.js HTTP/1.1" 200 12712
186.103.159.46 - - [17/Apr/2019:14:40:47 -0300] "GET /cormun/static/SmoothNavMenu/resources/SmoothNavMenuRender.js HTTP/1.1" 200 5951
190.171.149.90 - - [17/Apr/2019:14:40:47 -0300] "GET /cormun/static/RunJS/RunJS.js HTTP/1.1" 200 288
190.171.149.90 - - [17/Apr/2019:14:40:47 -0300] "GET /cormun/static/gxgral.js?85251 HTTP/1.1" 200 384558
186.103.159.46 - - [17/Apr/2019:14:40:47 -0300] "GET /cormun/static/Shared/jquery/jquery-1.4.2.min.js HTTP/1.1" 200 72174
186.103.159.46 - - [17/Apr/2019:14:40:47 -0300] "GET /cormun/static/Shared/jqueryui/jquery-ui.min.js HTTP/1.1" 200 240427
190.171.149.90 - - [17/Apr/2019:14:40:47 -0300] "GET /cormun/static/PXToolsJavascripts/pexe_cookies.js HTTP/1.1" 200 792
186.103.159.46 - - [17/Apr/2019:14:40:47 -0300] "GET /cormun/static/scaMessage/js/jquery.pnotify.min.js HTTP/1.1" 200 13038
190.171.149.90 - - [17/Apr/2019:14:40:47 -0300] "GET /cormun/static/PXToolsJavascripts/pexe_windows.js HTTP/1.1" 200 15207
186.103.159.46 - - [17/Apr/2019:14:40:47 -0300] "GET /cormun/static/scaMessage/scaMessageRender.js HTTP/1.1" 200 11977
190.171.149.90 - - [17/Apr/2019:14:40:47 -0300] "GET /cormun/static/PXToolsJavascripts/pexe_grid.js HTTP/1.1" 200 7559
186.103.159.46 - - [17/Apr/2019:14:40:47 -0300] "GET /cormun/static/Shared/jquery/jquery-1.10.2.min.js HTTP/1.1" 200 273199
190.171.149.90 - - [17/Apr/2019:14:40:48 -0300] "GET /cormun/static/PXToolsJavascripts/pexe_link.js HTTP/1.1" 200 5671
186.103.159.46 - - [17/Apr/2019:14:40:48 -0300] "GET /cormun/static/hmpwkw03.js?20189613443875 HTTP/1.1" 200 3965
186.103.159.46 - - [17/Apr/2019:14:40:48 -0300] "GET /cormun/static/Resources/logo4.png HTTP/1.1" 200 6582
190.171.149.90 - - [17/Apr/2019:14:40:48 -0300] "GET /cormun/static/PXToolsJavascripts/pexe_menudivfix.js HTTP/1.1" 200 333
186.103.159.46 - - [17/Apr/2019:14:40:48 -0300] "GET /cormun/static/Resources/PXToolsHeaderActionsLeft.png HTTP/1.1" 200 1118
186.103.159.46 - - [17/Apr/2019:14:40:48 -0300] "GET /cormun/static/Resources/PXToolsHeaderHome.png HTTP/1.1" 200 4147
190.171.149.90 - - [17/Apr/2019:14:40:48 -0300] "GET /cormun/static/PXToolsJavascripts/pexe_autoreload.js HTTP/1.1" 200 1762
190.171.149.90 - - [17/Apr/2019:14:40:48 -0300] "GET /cormun/static/PXToolsJavascripts/pexe_griddivfix.js HTTP/1.1" 200 6644
190.171.149.90 - - [17/Apr/2019:14:40:48 -0300] "GET /cormun/static/PXToolsJavascripts/pexe_layers.js HTTP/1.1" 200 4114
190.171.149.90 - - [17/Apr/2019:14:40:48 -0300] "GET /cormun/static/PXToolsJavascripts/pexe_menus.js HTTP/1.1" 200 1286
186.103.159.46 - - [17/Apr/2019:14:40:48 -0300] "GET /cormun/static/Resources/PXToolsHeaderLogin.png HTTP/1.1" 200 4279
190.171.149.90 - - [17/Apr/2019:14:40:48 -0300] "GET /cormun/static/PXToolsJavascripts/pexe_oav.js HTTP/1.1" 200 645
186.103.159.46 - - [17/Apr/2019:14:40:48 -0300] "GET /cormun/static/Resources/PXToolsHeaderPreferences.png HTTP/1.1" 200 4189
186.103.159.46 - - [17/Apr/2019:14:40:48 -0300] "GET /cormun/static/Resources/PXToolsHeaderSecurity.png HTTP/1.1" 200 4166
190.171.149.90 - - [17/Apr/2019:14:40:48 -0300] "GET /cormun/static/PXToolsJavascripts/pexe_popup.js HTTP/1.1" 200 13458
190.171.149.90 - - [17/Apr/2019:14:40:48 -0300] "GET /cormun/static/PXToolsJavascripts/pexe_oavdivfix.js HTTP/1.1" 200 639
190.171.149.90 - - [17/Apr/2019:14:40:48 -0300] "GET /cormun/static/PXToolsJavascripts/pexe_picture.js HTTP/1.1" 200 689
190.171.149.90 - - [17/Apr/2019:14:40:48 -0300] "GET /cormun/static/PXToolsJavascripts/pexe_scrolldiv.js HTTP/1.1" 200 4138
190.171.149.90 - - [17/Apr/2019:14:40:48 -0300] "GET /cormun/static/PXToolsJavascripts/pexe_tabdivfix.js HTTP/1.1" 200 876
190.171.149.90 - - [17/Apr/2019:14:40:48 -0300] "GET /cormun/static/PXToolsJavascripts/pexe_tabs.js HTTP/1.1" 200 3748
190.171.149.90 - - [17/Apr/2019:14:40:48 -0300] "GET /cormun/static/PXToolsJavascripts/PXToolsJavascriptsRender.js HTTP/1.1" 200 367
200.54.103.162 - - [17/Apr/2019:14:40:48 -0300] "POST /cormun/servlet/solicitudot?gx-no-cache=1555522625087 HTTP/1.1" 200 30
190.171.149.90 - - [17/Apr/2019:14:40:48 -0300] "GET /cormun/static/Shared/ext/locale/ext-lang-en.js HTTP/1.1" 200 10940
190.171.149.90 - - [17/Apr/2019:14:40:48 -0300] "GET /cormun/static/messages.spa.js?85251 HTTP/1.1" 200 30736
190.171.149.90 - - [17/Apr/2019:14:40:48 -0300] "GET /cormun/static/trsolicitudot.js?201711142259839 HTTP/1.1" 200 54041
190.171.149.90 - - [17/Apr/2019:14:40:48 -0300] "GET /cormun/static/PXToolsJavascripts/pexe_upload.js HTTP/1.1" 200 1423
190.171.149.90 - - [17/Apr/2019:14:40:48 -0300] "GET /cormun/static/gxdec.js?85251 HTTP/1.1" 200 19579
190.171.149.90 - - [17/Apr/2019:14:40:48 -0300] "GET /cormun/static/hpexe_messagecontroller.js?20177611595012 HTTP/1.1" 200 870
190.171.149.90 - - [17/Apr/2019:14:40:48 -0300] "GET /cormun/static/hpexe_recentlink.js?20177611595044 HTTP/1.1" 200 2144
190.171.149.90 - - [17/Apr/2019:14:40:48 -0300] "GET /cormun/static/hpexe_messagepopupcomponent.js?20161017169425 HTTP/1.1" 200 605
190.171.149.90 - - [17/Apr/2019:14:40:48 -0300] "GET /cormun/static/hpexe_messagegenexuscomponent.js?201752511465344 HTTP/1.1" 200 587
190.171.149.90 - - [17/Apr/2019:14:40:48 -0300] "GET /cormun/static/Shared/ext/ext-all.js HTTP/1.1" 200 1289687
190.171.149.90 - - [17/Apr/2019:14:40:48 -0300] "GET /cormun/static/cmcontrolpreferences.js?201752511465670 HTTP/1.1" 200 1375
190.171.149.90 - - [17/Apr/2019:14:40:48 -0300] "GET /cormun/static/Shared/jquery/jquery-1.4.2.min.js HTTP/1.1" 200 72174
186.103.159.46 - - [17/Apr/2019:14:40:49 -0300] "GET /cormun/static/Resources/PXToolsHeaderActionsRight.png HTTP/1.1" 200 1201
190.171.149.90 - - [17/Apr/2019:14:40:49 -0300] "GET /cormun/static/hwchdr01.js?201752511465785 HTTP/1.1" 200 1183
190.171.149.90 - - [17/Apr/2019:14:40:49 -0300] "GET /cormun/static/SmoothNavMenu/resources/ddsmoothmenu.js HTTP/1.1" 200 12712
190.171.149.90 - - [17/Apr/2019:14:40:49 -0300] "GET /cormun/static/SmoothNavMenu/resources/SmoothNavMenuRender.js HTTP/1.1" 200 5951
190.171.149.90 - - [17/Apr/2019:14:40:49 -0300] "GET /cormun/static/scaMessage/scaMessageRender.js HTTP/1.1" 200 11977
190.171.149.90 - - [17/Apr/2019:14:40:49 -0300] "GET /cormun/static/scaMessage/js/jquery.pnotify.min.js HTTP/1.1" 200 13038
190.171.149.90 - - [17/Apr/2019:14:40:49 -0300] "GET /cormun/static/Resources/logo4.png HTTP/1.1" 200 6582
190.171.149.90 - - [17/Apr/2019:14:40:49 -0300] "GET /cormun/static/hmpwkw03.js?20189613443875 HTTP/1.1" 200 3965
186.103.159.46 - - [17/Apr/2019:14:40:49 -0300] "GET /cormun/static/Resources/PXTools/calendar.png HTTP/1.1" 200 1306
190.171.149.90 - - [17/Apr/2019:14:40:49 -0300] "GET /cormun/static/Resources/PXToolsHeaderHome.png HTTP/1.1" 200 4147
186.103.159.46 - - [17/Apr/2019:14:40:49 -0300] "GET /cormun/static/Resources/PXToolsDataSearch.png HTTP/1.1" 200 419
190.171.149.90 - - [17/Apr/2019:14:40:49 -0300] "GET /cormun/static/Shared/jquery/jquery-1.10.2.min.js HTTP/1.1" 200 273199
190.171.149.90 - - [17/Apr/2019:14:40:49 -0300] "GET /cormun/static/Resources/PXToolsHeaderLogin.png HTTP/1.1" 200 4279
190.171.149.90 - - [17/Apr/2019:14:40:49 -0300] "GET /cormun/static/hpexe_scripts.js?201752511465715 HTTP/1.1" 200 1544
190.171.149.90 - - [17/Apr/2019:14:40:49 -0300] "GET /cormun/static/Resources/PXToolsHeaderActionsLeft.png HTTP/1.1" 200 1118
190.171.149.90 - - [17/Apr/2019:14:40:49 -0300] "GET /cormun/static/Resources/PXToolsHeaderPreferences.png HTTP/1.1" 200 4189
186.103.159.46 - - [17/Apr/2019:14:40:49 -0300] "GET /cormun/static/Resources/PXToolsGridFirstDisabled.gif HTTP/1.1" 200 100
190.171.149.90 - - [17/Apr/2019:14:40:49 -0300] "GET /cormun/static/Resources/PXToolsGridNew.png HTTP/1.1" 200 2949
190.171.149.90 - - [17/Apr/2019:14:40:49 -0300] "GET /cormun/static/Shared/jqueryui/jquery-ui.min.js HTTP/1.1" 200 240427
190.171.149.90 - - [17/Apr/2019:14:40:49 -0300] "GET /cormun/static/Resources/PXToolsHeaderActionsRight.png HTTP/1.1" 200 1201
190.171.149.90 - - [17/Apr/2019:14:40:49 -0300] "GET /cormun/static/Resources/PXTools/calendar.png HTTP/1.1" 200 1306
190.171.149.90 - - [17/Apr/2019:14:40:49 -0300] "GET /cormun/static/Resources/PXToolsHeaderSecurity.png HTTP/1.1" 200 4166
186.103.159.46 - - [17/Apr/2019:14:40:49 -0300] "GET /cormun/static/Resources/PXToolsGridPreviousDisabled.gif HTTP/1.1" 200 90
186.103.159.46 - - [17/Apr/2019:14:40:49 -0300] "GET /cormun/static/Resources/PXToolsGridNextDisabled.gif HTTP/1.1" 200 90
186.103.159.46 - - [17/Apr/2019:14:40:49 -0300] "GET /cormun/static/Resources/PXToolsGridLastDisabled.gif HTTP/1.1" 200 98
190.171.149.90 - - [17/Apr/2019:14:40:49 -0300] "GET /cormun/static/Resources/PXToolsGridLastDisabled.gif HTTP/1.1" 200 98
190.171.149.90 - - [17/Apr/2019:14:40:49 -0300] "GET /cormun/static/Resources/PXToolsGridPage.gif HTTP/1.1" 200 725
190.171.149.90 - - [17/Apr/2019:14:40:49 -0300] "GET /cormun/static/Resources/PXToolsGridFirstDisabled.gif HTTP/1.1" 200 100
190.171.149.90 - - [17/Apr/2019:14:40:49 -0300] "GET /cormun/static/Resources/PXToolsGridPreviousDisabled.gif HTTP/1.1" 200 90
190.171.149.90 - - [17/Apr/2019:14:40:49 -0300] "GET /cormun/static/Resources/PXToolsGridNextDisabled.gif HTTP/1.1" 200 90
190.171.149.90 - - [17/Apr/2019:14:40:49 -0300] "GET /cormun/static/Resources/PXToolsDataSearch.png HTTP/1.1" 200 419
190.171.149.90 - - [17/Apr/2019:14:40:49 -0300] "GET /cormun/static/Resources/PXToolsActionExcel.png HTTP/1.1" 200 3187
190.171.149.90 - - [17/Apr/2019:14:40:49 -0300] "GET /cormun/static/Resources/PXToolsFooterBackground2.png HTTP/1.1" 200 1172
190.171.149.90 - - [17/Apr/2019:14:40:49 -0300] "GET /cormun/static/Resources/PXToolsHeaderBackground2.png HTTP/1.1" 200 1174
190.171.149.90 - - [17/Apr/2019:14:40:49 -0300] "GET /cormun/static/Resources/PXToolsHeaderActionsBackground.png HTTP/1.1" 200 484
186.103.159.46 - - [17/Apr/2019:14:40:49 -0300] "GET /cormun/static/Resources/PXToolsGridPage.gif HTTP/1.1" 200 725
186.103.159.46 - - [17/Apr/2019:14:40:49 -0300] "GET /cormun/static/Resources/PXToolsActionExcel.png HTTP/1.1" 200 3187
190.171.149.90 - - [17/Apr/2019:14:40:49 -0300] "GET /cormun/static/Resources/PXToolsDataTitle.png HTTP/1.1" 200 1173
186.103.159.46 - - [17/Apr/2019:14:40:49 -0300] "GET /cormun/static/Resources/PXToolsGridNew.png HTTP/1.1" 200 2949
190.171.149.90 - - [17/Apr/2019:14:40:49 -0300] "GET /cormun/static/Resources/indicator.gif HTTP/1.1" 200 1553
190.171.149.90 - - [17/Apr/2019:14:40:49 -0300] "GET /favicon.ico HTTP/1.1" 200 21630
186.103.159.46 - - [17/Apr/2019:14:40:50 -0300] "GET /cormun/static/Resources/PXToolsFooterBackground2.png HTTP/1.1" 200 1172
190.171.149.90 - - [17/Apr/2019:14:40:50 -0300] "GET /cormun/static/Resources/desc.gif HTTP/1.1" 200 65
190.171.149.90 - - [17/Apr/2019:14:40:50 -0300] "GET /cormun/static/Resources/asc.gif HTTP/1.1" 200 67
190.171.149.90 - - [17/Apr/2019:14:40:50 -0300] "GET /cormun/servlet/trsolicitudot HTTP/1.1" 200 6418
190.171.149.90 - - [17/Apr/2019:14:40:50 -0300] "GET /cormun/servlet/hlogin HTTP/1.1" 200 1742
186.103.159.46 - - [17/Apr/2019:14:40:50 -0300] "GET /cormun/static/Resources/PXToolsHeaderBackground2.png HTTP/1.1" 200 1174
186.103.159.46 - - [17/Apr/2019:14:40:50 -0300] "GET /cormun/static/Resources/PXToolsHeaderActionsBackground.png HTTP/1.1" 200 484
200.54.103.162 - - [17/Apr/2019:14:40:50 -0300] "POST /cormun/servlet/solicitudot?gx-no-cache=1555522626623 HTTP/1.1" 200 1341
200.54.103.162 - - [17/Apr/2019:14:40:50 -0300] "POST /cormun/servlet/solicitudot?gx-no-cache=1555522626723 HTTP/1.1" 200 38
186.103.159.46 - - [17/Apr/2019:14:40:50 -0300] "GET /cormun/static/Resources/PXToolsDataTitle.png HTTP/1.1" 200 1173
190.171.149.90 - - [17/Apr/2019:14:40:50 -0300] "GET /cormun/static/Shared/ext/resources/themes/images/default/tools/tool-sprites.gif HTTP/1.1" 200 5434
190.171.149.90 - - [17/Apr/2019:14:40:50 -0300] "GET /cormun/static/gxtimezone.js?85251 HTTP/1.1" 200 5781
190.171.149.90 - - [17/Apr/2019:14:40:50 -0300] "GET /cormun/static/messages.spa.js?85251 HTTP/1.1" 200 30736
190.171.149.90 - - [17/Apr/2019:14:40:50 -0300] "GET /cormun/static/gxcfg.js?20177612122725 HTTP/1.1" 200 953
190.171.149.90 - - [17/Apr/2019:14:40:50 -0300] "GET /cormun/static/hlogin.js?20177612122738 HTTP/1.1" 200 2136
190.171.149.90 - - [17/Apr/2019:14:40:50 -0300] "GET /cormun/static/Shared/ext/resources/themes/images/default/panel/bg-headersPanel.png HTTP/1.1" 200 255
190.171.149.90 - - [17/Apr/2019:14:40:50 -0300] "GET /cormun/static/Resources/Spanish/PXTools.css?1155365 HTTP/1.1" 200 89042
190.171.149.90 - - [17/Apr/2019:14:40:50 -0300] "GET /cormun/static/gxgral.js?85251 HTTP/1.1" 200 384558
190.171.149.90 - - [17/Apr/2019:14:40:50 -0300] "GET /cormun/static/Resources/ComunLogin.png HTTP/1.1" 200 17326
190.171.149.90 - - [17/Apr/2019:14:40:50 -0300] "GET /favicon.ico HTTP/1.1" 200 21630
190.171.149.90 - - [17/Apr/2019:14:40:50 -0300] "GET /cormun/static/Resources/indicator.gif HTTP/1.1" 200 1553
190.171.149.90 - - [17/Apr/2019:14:40:50 -0300] "GET /cormun/static/Resources/PXToolsLoginTop.png HTTP/1.1" 200 1337
190.171.149.90 - - [17/Apr/2019:14:40:50 -0300] "GET /cormun/static/Resources/PXToolsButtonLeft21.png HTTP/1.1" 200 1287
190.171.149.90 - - [17/Apr/2019:14:40:50 -0300] "GET /cormun/static/Resources/PXToolsLoginBackground.png HTTP/1.1" 200 1164
190.171.149.90 - - [17/Apr/2019:14:40:50 -0300] "GET /cormun/static/Resources/PXToolsButtonRight21.png HTTP/1.1" 200 1283
190.171.149.90 - - [17/Apr/2019:14:40:50 -0300] "GET /cormun/static/Resources/PXToolsButtonBackground2.png HTTP/1.1" 200 1181
190.171.149.90 - - [17/Apr/2019:14:40:50 -0300] "GET /cormun/static/Resources/PXToolsLoginBottom.png HTTP/1.1" 200 1389
190.171.143.106 - - [17/Apr/2019:14:40:50 -0300] "GET /cormun/servlet/solicitudotadjuntos?e011588bc74bf13709c41b05165d412978d46b7fb9b4dd550720aca05a1edd01,gx-no-cache=1555522625285 HTTP/1.1" 200 30
190.171.143.106 - - [17/Apr/2019:14:40:50 -0300] "GET /cormun/servlet/solicitudotadjuntos?e011588bc74bf13709c41b05165d412978d46b7fb9b4dd550720aca05a1edd01,gx-no-cache=1555522625311 HTTP/1.1" 200 30
190.171.143.106 - - [17/Apr/2019:14:40:51 -0300] "POST /cormun/servlet/solicitudotadjuntos?bc4d0794aac40453a5f999e628db5409,INS,2019,15356,,1, HTTP/1.1" 200 116
190.171.143.106 - - [17/Apr/2019:14:40:51 -0300] "GET /cormun/servlet/hpexe_return? HTTP/1.1" 200 1028
190.171.143.106 - - [17/Apr/2019:14:40:51 -0300] "GET /cormun/servlet/trsolicitudadjuntos?2019,15356, HTTP/1.1" 200 9016
190.171.143.106 - - [17/Apr/2019:14:40:52 -0300] "GET /cormun/servlet/trsolicitudadjuntos?2019,15356, HTTP/1.1" 200 9013
190.171.143.106 - - [17/Apr/2019:14:40:53 -0300] "GET /cormun/servlet/solicitudotadjuntos?INS,2019,15356,,1, HTTP/1.1" 200 6133
190.171.143.106 - - [17/Apr/2019:14:40:53 -0300] "GET /cormun/static/about:blank HTTP/1.1" 404 1011
186.103.159.46 - - [17/Apr/2019:14:40:53 -0300] "GET /cormun/servlet/trlicencias HTTP/1.1" 200 8426
190.171.143.106 - - [17/Apr/2019:14:40:54 -0300] "GET /cormun/servlet/solicitudotadjuntos?INS,2019,15356,,1, HTTP/1.1" 200 6127
190.171.143.106 - - [17/Apr/2019:14:40:54 -0300] "GET /cormun/servlet/solicitudotadjuntos?e011588bc74bf13709c41b05165d41292bde31954a19a2da1d80a5189aed7bbc44f04f34bc2ed7cacdb6dffbd25400c9,gx-no-cache=1555522628899 HTTP/1.1" 200 30
190.171.143.106 - - [17/Apr/2019:14:40:54 -0300] "POST /cormun/servlet/solicitudotadjuntos?bc4d0794aac40453a5f999e628db5409,INS,2019,15356,,1,,gx-no-cache=1555522628927 HTTP/1.1" 200 3863
186.103.159.46 - - [17/Apr/2019:14:40:54 -0300] "GET /cormun/static/Resources/indicator.gif HTTP/1.1" 200 1553
186.103.159.46 - - [17/Apr/2019:14:40:54 -0300] "GET /cormun/static/Resources/asc.gif HTTP/1.1" 200 67
186.103.159.46 - - [17/Apr/2019:14:40:54 -0300] "GET /cormun/static/Resources/desc.gif HTTP/1.1" 200 65
186.103.159.46 - - [17/Apr/2019:14:40:54 -0300] "GET /cormun//static/Resources/PXToolsActionDisabled.gif HTTP/1.1" 200 53
186.103.159.46 - - [17/Apr/2019:14:40:54 -0300] "GET /cormun//static/Resources/PXToolsGridDisplay.png HTTP/1.1" 200 362
186.103.159.46 - - [17/Apr/2019:14:40:54 -0300] "GET /cormun//static/Resources/PXTools/ActionInsert.png HTTP/1.1" 200 1482
186.103.159.46 - - [17/Apr/2019:14:40:54 -0300] "GET /cormun//static/Resources/PXToolsActionPrint.png HTTP/1.1" 200 3317
186.103.159.46 - - [17/Apr/2019:14:40:55 -0300] "GET /cormun/servlet/hlogin HTTP/1.1" 200 1732
186.103.159.46 - - [17/Apr/2019:14:40:55 -0300] "GET /cormun//static/Resources/PXToolsHeaderHelp.png HTTP/1.1" 200 4055
186.103.159.46 - - [17/Apr/2019:14:40:55 -0300] "GET /cormun//static/Resources/PXToolsHeaderFavorites.png HTTP/1.1" 200 2744
186.103.159.46 - - [17/Apr/2019:14:40:55 -0300] "GET /cormun/static/Shared/ext/resources/themes/images/default/panel/bg-headersPanel.png HTTP/1.1" 200 255
186.103.159.46 - - [17/Apr/2019:14:40:55 -0300] "GET /cormun/static/Shared/ext/resources/themes/images/default/tools/tool-sprites.gif HTTP/1.1" 200 5434
200.54.103.162 - - [17/Apr/2019:14:40:58 -0300] "GET /cormun/servlet/solicitudot?bbcf2ea62da7d7f41650302e1f64536ce7520a114d021a0b610e2413d2c75819fb7f5982fafb67332f8cf5a4c78f15cc058926d3d0b213351081227ea57b26a7370c42525106a57c408db398f1db073a7a4495ed4e685b422cdf1b4a854ba3d537760767a78155455aa5ac9f7202cbc2,gx-no-cache=1555522634914 HTTP/1.1" 200 110
190.171.143.106 - - [17/Apr/2019:14:40:58 -0300] "POST /cormun/servlet/solicitudotadjuntos?gx-no-cache=1555522633293 HTTP/1.1" 200 26
186.103.159.46 - - [17/Apr/2019:14:41:00 -0300] "GET /cormun/static/Resources/Spanish/PXTools.css?1155365 HTTP/1.1" 200 89042
186.103.159.46 - - [17/Apr/2019:14:41:00 -0300] "GET /cormun/static/gxcfg.js?20177612122725 HTTP/1.1" 200 953
186.103.159.46 - - [17/Apr/2019:14:41:00 -0300] "GET /cormun/static/Resources/ComunLogin.png HTTP/1.1" 200 17326
186.103.159.46 - - [17/Apr/2019:14:41:00 -0300] "GET /cormun/static/hlogin.js?20177612122738 HTTP/1.1" 200 2136
186.103.159.46 - - [17/Apr/2019:14:41:00 -0300] "GET /cormun/static/Resources/PXToolsLoginTop.png HTTP/1.1" 200 1337
186.103.159.46 - - [17/Apr/2019:14:41:00 -0300] "GET /cormun/static/Resources/PXToolsLoginBackground.png HTTP/1.1" 200 1164
186.103.159.46 - - [17/Apr/2019:14:41:00 -0300] "GET /cormun/static/Resources/PXToolsButtonLeft21.png HTTP/1.1" 200 1287
186.103.159.46 - - [17/Apr/2019:14:41:00 -0300] "GET /cormun/static/Resources/PXToolsButtonRight21.png HTTP/1.1" 200 1283
186.103.159.46 - - [17/Apr/2019:14:41:00 -0300] "GET /cormun/static/Resources/PXToolsButtonBackground2.png HTTP/1.1" 200 1181
186.103.159.46 - - [17/Apr/2019:14:41:01 -0300] "GET /cormun/static/Resources/PXToolsLoginBottom.png HTTP/1.1" 200 1389
186.67.84.236 - - [17/Apr/2019:14:41:09 -0300] "GET /cormun/servlet/solicitudotadjuntos?93316464d15b4e269a21c5d88eb478af7a3250fedd59b2c5653fb2a20b53732e,gx-no-cache=1555522644763 HTTP/1.1" 200 30
186.67.84.236 - - [17/Apr/2019:14:41:09 -0300] "GET /cormun/servlet/solicitudotadjuntos?93316464d15b4e269a21c5d88eb478af7a3250fedd59b2c5653fb2a20b53732e,gx-no-cache=1555522644878 HTTP/1.1" 200 30
200.54.103.162 - - [17/Apr/2019:14:41:09 -0300] "POST /cormun/servlet/solicitudot?gx-no-cache=1555522646302 HTTP/1.1" 200 97
186.67.84.236 - - [17/Apr/2019:14:41:10 -0300] "POST /cormun/servlet/solicitudotadjuntos?75466cf203224553f219cc4306d19393,INS,2019,15355,,1, HTTP/1.1" 200 116
186.67.84.236 - - [17/Apr/2019:14:41:10 -0300] "GET /cormun/servlet/hpexe_return? HTTP/1.1" 200 1020
186.67.84.236 - - [17/Apr/2019:14:41:11 -0300] "GET /cormun/servlet/trsolicitudadjuntos?2019,15355, HTTP/1.1" 200 10150
186.67.84.236 - - [17/Apr/2019:14:41:11 -0300] "GET /cormun/servlet/trsolicitudadjuntos?2019,15355, HTTP/1.1" 200 10147
200.54.103.162 - - [17/Apr/2019:14:41:19 -0300] "GET /cormun/servlet/solicitudot?bbcf2ea62da7d7f41650302e1f64536c07b1facab32bb139f9d5c05f5ccd4fc94058ca532f97f6712ea5ace7a5578c15ed9c293a5297735921e97e2a7458359f74618f531eecb813b3ac5838ba3b72d7efe5c0ade655dadff56e29cad1c8176721e083d129401625ece48bfc6517aa95,gx-no-cache=1555522655588 HTTP/1.1" 200 29
200.54.103.162 - - [17/Apr/2019:14:41:19 -0300] "GET /cormun/static/menuarrow.gif HTTP/1.1" 404 1015
200.54.103.162 - - [17/Apr/2019:14:41:21 -0300] "GET /cormun/servlet/solicitudot?bbcf2ea62da7d7f41650302e1f64536c2d91ee4a4e070efacfccee5074a9e46aa38c3964bdaf55ffa53debc6418b2d5a,gx-no-cache=1555522657924 HTTP/1.1" 200 30
190.171.153.218 - - [17/Apr/2019:14:41:24 -0300] "GET /cormun/servlet/trautorizarsolicitud? HTTP/1.1" 200 7438
190.171.153.218 - - [17/Apr/2019:14:41:24 -0300] "GET /cormun/servlet/trautorizarsolicitud? HTTP/1.1" 200 7424
190.171.143.106 - - [17/Apr/2019:14:41:26 -0300] "GET /cormun/servlet/solicitudotadjuntos?e011588bc74bf13709c41b05165d412978d46b7fb9b4dd550720aca05a1edd01,gx-no-cache=1555522660981 HTTP/1.1" 200 30
190.171.143.106 - - [17/Apr/2019:14:41:26 -0300] "GET /cormun/servlet/solicitudotadjuntos?e011588bc74bf13709c41b05165d412978d46b7fb9b4dd550720aca05a1edd01,gx-no-cache=1555522661007 HTTP/1.1" 200 30
190.171.143.106 - - [17/Apr/2019:14:41:26 -0300] "POST /cormun/servlet/solicitudotadjuntos?bc4d0794aac40453a5f999e628db5409,INS,2019,15356,,1, HTTP/1.1" 200 116
190.171.143.106 - - [17/Apr/2019:14:41:26 -0300] "GET /cormun/servlet/hpexe_return? HTTP/1.1" 200 1028
190.171.143.106 - - [17/Apr/2019:14:41:27 -0300] "GET /cormun/servlet/trsolicitudadjuntos?2019,15356, HTTP/1.1" 200 9191
190.171.143.106 - - [17/Apr/2019:14:41:27 -0300] "GET /cormun/servlet/trsolicitudadjuntos?2019,15356, HTTP/1.1" 200 9189
190.171.153.218 - - [17/Apr/2019:14:41:28 -0300] "POST /cormun/servlet/trautorizarsolicitud?75466cf203224553f219cc4306d19393,,gx-no-cache=1555522663654 HTTP/1.1" 200 5885
200.54.103.162 - - [17/Apr/2019:14:41:28 -0300] "POST /cormun/servlet/solicitudot?gx-no-cache=1555522665303 HTTP/1.1" 200 30
200.54.103.162 - - [17/Apr/2019:14:41:31 -0300] "POST /cormun/servlet/solicitudot?4c199f49c68a60fa32f00fd3f5a74209,INS,0,0,,gx-no-cache=1555522667926 HTTP/1.1" 200 93
200.54.103.162 - - [17/Apr/2019:14:41:31 -0300] "GET /cormun/servlet/hpexe_return? HTTP/1.1" 200 1009
200.54.103.162 - - [17/Apr/2019:14:41:32 -0300] "GET /cormun/servlet/trsolicitudot HTTP/1.1" 200 8922
200.54.103.162 - - [17/Apr/2019:14:41:34 -0300] "GET /cormun/servlet/trsolicitudot HTTP/1.1" 200 8918
200.54.103.162 - - [17/Apr/2019:14:41:37 -0300] "POST /cormun/servlet/trsolicitudot?4c199f49c68a60fa32f00fd3f5a74209,gx-no-cache=1555522673444 HTTP/1.1" 200 107
200.54.103.162 - - [17/Apr/2019:14:41:37 -0300] "GET /cormun/servlet/trsolicitudadjuntos?2019,15357, HTTP/1.1" 200 6438
200.54.103.162 - - [17/Apr/2019:14:41:38 -0300] "GET /cormun/servlet/trsolicitudadjuntos?2019,15357, HTTP/1.1" 200 6437
190.171.153.218 - - [17/Apr/2019:14:41:46 -0300] "POST /cormun/servlet/trautorizarsolicitud?75466cf203224553f219cc4306d19393,,gx-no-cache=1555522682101 HTTP/1.1" 200 5896
190.171.153.218 - - [17/Apr/2019:14:41:46 -0300] "GET /cormun/static/Shared/jqueryui/images/ui-bg_highlight-soft_100_c6c2c8_1x100.png HTTP/1.1" 404 1117
152.231.70.149 - - [17/Apr/2019:14:41:47 -0300] "GET /cormun/static/Shared/jqueryui/images/ui-icons_82798d_256x240.png HTTP/1.1" 404 1089
190.171.153.218 - - [17/Apr/2019:14:41:47 -0300] "GET /cormun/static/Shared/jqueryui/images/ui-bg_flat_55_fafafa_40x100.png HTTP/1.1" 404 1097
186.67.84.236 - - [17/Apr/2019:14:41:47 -0300] "GET /cormun/static/Shared/jqueryui/images/ui-icons_8d78a5_256x240.png HTTP/1.1" 404 1089
200.54.103.162 - - [17/Apr/2019:14:41:49 -0300] "GET /cormun/servlet/solicitudotadjuntos?INS,2019,15357,,1, HTTP/1.1" 200 6384
200.54.103.162 - - [17/Apr/2019:14:41:50 -0300] "GET /cormun/static/about:blank HTTP/1.1" 404 1011
200.54.103.162 - - [17/Apr/2019:14:41:51 -0300] "GET /cormun/servlet/solicitudotadjuntos?INS,2019,15357,,1, HTTP/1.1" 200 6377
200.54.103.162 - - [17/Apr/2019:14:41:52 -0300] "GET /cormun/servlet/solicitudotadjuntos?bbcf2ea62da7d7f41650302e1f64536c81987fffbefe10557f44cefb94e4d88b50c6493122d3b37fb87d379e8fd934f2,gx-no-cache=1555522688382 HTTP/1.1" 200 30
200.54.103.162 - - [17/Apr/2019:14:41:52 -0300] "POST /cormun/servlet/solicitudotadjuntos?4c199f49c68a60fa32f00fd3f5a74209,INS,2019,15357,,1,,gx-no-cache=1555522688542 HTTP/1.1" 200 4104
190.171.153.218 - - [17/Apr/2019:14:41:53 -0300] "POST /cormun/servlet/trautorizarsolicitud?75466cf203224553f219cc4306d19393,,gx-no-cache=1555522687748 HTTP/1.1" 200 4482
200.54.103.162 - - [17/Apr/2019:14:41:53 -0300] "POST /cormun/servlet/solicitudotadjuntos?gx-no-cache=1555522690198 HTTP/1.1" 200 26
190.171.153.218 - - [17/Apr/2019:14:41:56 -0300] "GET /cormun/servlet/trautorizarsolicitud? HTTP/1.1" 200 7424
190.171.153.218 - - [17/Apr/2019:14:41:56 -0300] "GET /cormun/servlet/trautorizarsolicitud? HTTP/1.1" 200 7424
190.171.153.218 - - [17/Apr/2019:14:41:59 -0300] "POST /cormun/servlet/trautorizarsolicitud?75466cf203224553f219cc4306d19393,,gx-no-cache=1555522694350 HTTP/1.1" 200 4466
190.171.153.218 - - [17/Apr/2019:14:42:00 -0300] "POST /cormun/servlet/trautorizarsolicitud?75466cf203224553f219cc4306d19393,,gx-no-cache=1555522695939 HTTP/1.1" 200 4467
190.171.153.218 - - [17/Apr/2019:14:42:03 -0300] "POST /cormun/servlet/trautorizarsolicitud?75466cf203224553f219cc4306d19393,,gx-no-cache=1555522698948 HTTP/1.1" 200 5877
190.171.153.218 - - [17/Apr/2019:14:42:06 -0300] "POST /cormun/servlet/trautorizarsolicitud?75466cf203224553f219cc4306d19393,,gx-no-cache=1555522701765 HTTP/1.1" 200 5888
152.231.70.149 - - [17/Apr/2019:14:42:06 -0300] "GET /cormun/static/Shared/jqueryui/images/ui-bg_flat_55_fafafa_40x100.png HTTP/1.1" 404 1097
186.67.84.236 - - [17/Apr/2019:14:42:06 -0300] "GET /cormun/static/Shared/jqueryui/images/ui-icons_82798d_256x240.png HTTP/1.1" 404 1089
190.171.153.218 - - [17/Apr/2019:14:42:06 -0300] "GET /cormun/static/Shared/jqueryui/images/ui-bg_highlight-soft_100_c6c2c8_1x100.png HTTP/1.1" 404 1117
152.231.70.149 - - [17/Apr/2019:14:42:06 -0300] "GET /cormun/static/Shared/jqueryui/images/ui-icons_8d78a5_256x240.png HTTP/1.1" 404 1089
200.54.103.162 - - [17/Apr/2019:14:42:07 -0300] "GET /cormun/servlet/solicitudotadjuntos?bbcf2ea62da7d7f41650302e1f64536c3bc4514c7cfeba394855e76c609230a2,gx-no-cache=1555522703888 HTTP/1.1" 200 30
200.54.103.162 - - [17/Apr/2019:14:42:07 -0300] "GET /cormun/servlet/solicitudotadjuntos?bbcf2ea62da7d7f41650302e1f64536c3bc4514c7cfeba394855e76c609230a2,gx-no-cache=1555522703911 HTTP/1.1" 200 30
200.54.103.162 - - [17/Apr/2019:14:42:07 -0300] "POST /cormun/servlet/solicitudotadjuntos?4c199f49c68a60fa32f00fd3f5a74209,INS,2019,15357,,1, HTTP/1.1" 200 116
200.54.103.162 - - [17/Apr/2019:14:42:07 -0300] "GET /cormun/servlet/hpexe_return? HTTP/1.1" 200 1029
200.54.103.162 - - [17/Apr/2019:14:42:08 -0300] "GET /cormun/servlet/trsolicitudadjuntos?2019,15357, HTTP/1.1" 200 9043
200.54.103.162 - - [17/Apr/2019:14:42:09 -0300] "GET /cormun/servlet/trsolicitudadjuntos?2019,15357, HTTP/1.1" 200 9042
200.54.103.162 - - [17/Apr/2019:14:42:12 -0300] "GET /cormun/servlet/solicitudotadjuntos?INS,2019,15357,,1, HTTP/1.1" 200 6384
200.54.103.162 - - [17/Apr/2019:14:42:12 -0300] "GET /cormun/static/about:blank HTTP/1.1" 404 1011
200.54.103.162 - - [17/Apr/2019:14:42:13 -0300] "GET /cormun/servlet/solicitudotadjuntos?INS,2019,15357,,1, HTTP/1.1" 200 6377
200.54.103.162 - - [17/Apr/2019:14:42:14 -0300] "GET /cormun/servlet/solicitudotadjuntos?bbcf2ea62da7d7f41650302e1f64536c81987fffbefe10557f44cefb94e4d88b50c6493122d3b37fb87d379e8fd934f2,gx-no-cache=1555522710530 HTTP/1.1" 200 30
200.54.103.162 - - [17/Apr/2019:14:42:14 -0300] "POST /cormun/servlet/solicitudotadjuntos?4c199f49c68a60fa32f00fd3f5a74209,INS,2019,15357,,1,,gx-no-cache=1555522710599 HTTP/1.1" 200 4104
152.231.70.149 - - [17/Apr/2019:14:42:16 -0300] "POST /cormun/servlet/trautorizarsolicitud?75466cf203224553f219cc4306d19393,,gx-no-cache=1555522711644 HTTP/1.1" 200 4468
200.54.103.162 - - [17/Apr/2019:14:42:17 -0300] "POST /cormun/servlet/solicitudotadjuntos?gx-no-cache=1555522713694 HTTP/1.1" 200 26
200.54.103.162 - - [17/Apr/2019:14:42:22 -0300] "GET /cormun/servlet/solicitudotadjuntos?bbcf2ea62da7d7f41650302e1f64536c3bc4514c7cfeba394855e76c609230a2,gx-no-cache=1555522718991 HTTP/1.1" 200 30
200.54.103.162 - - [17/Apr/2019:14:42:22 -0300] "GET /cormun/servlet/solicitudotadjuntos?bbcf2ea62da7d7f41650302e1f64536c3bc4514c7cfeba394855e76c609230a2,gx-no-cache=1555522719074 HTTP/1.1" 200 30
152.231.70.149 - - [17/Apr/2019:14:42:23 -0300] "GET /cormun/servlet/trautorizarsolicitud? HTTP/1.1" 200 7424
200.54.103.162 - - [17/Apr/2019:14:42:23 -0300] "POST /cormun/servlet/solicitudotadjuntos?4c199f49c68a60fa32f00fd3f5a74209,INS,2019,15357,,1, HTTP/1.1" 200 116
200.54.103.162 - - [17/Apr/2019:14:42:24 -0300] "GET /cormun/servlet/hpexe_return? HTTP/1.1" 200 1029
152.231.70.149 - - [17/Apr/2019:14:42:24 -0300] "GET /cormun/servlet/trautorizarsolicitud? HTTP/1.1" 200 7424
200.54.103.162 - - [17/Apr/2019:14:42:24 -0300] "GET /cormun/servlet/trsolicitudadjuntos?2019,15357, HTTP/1.1" 200 9250
152.231.70.149 - - [17/Apr/2019:14:42:25 -0300] "POST /cormun/servlet/trautorizarsolicitud?75466cf203224553f219cc4306d19393,,gx-no-cache=1555522721198 HTTP/1.1" 200 4467
200.54.103.162 - - [17/Apr/2019:14:42:26 -0300] "GET /cormun/servlet/trsolicitudadjuntos?2019,15357, HTTP/1.1" 200 9250
200.54.103.162 - - [17/Apr/2019:14:42:28 -0300] "GET /cormun/servlet/solicitudotadjuntos?INS,2019,15357,,1, HTTP/1.1" 200 6384
200.54.103.162 - - [17/Apr/2019:14:42:28 -0300] "GET /cormun/static/about:blank HTTP/1.1" 404 1011
200.54.103.162 - - [17/Apr/2019:14:42:29 -0300] "GET /cormun/servlet/solicitudotadjuntos?INS,2019,15357,,1, HTTP/1.1" 200 6377
200.54.103.162 - - [17/Apr/2019:14:42:30 -0300] "GET /cormun/servlet/solicitudotadjuntos?bbcf2ea62da7d7f41650302e1f64536c81987fffbefe10557f44cefb94e4d88b50c6493122d3b37fb87d379e8fd934f2,gx-no-cache=1555522726519 HTTP/1.1" 200 30
200.54.103.162 - - [17/Apr/2019:14:42:30 -0300] "POST /cormun/servlet/solicitudotadjuntos?4c199f49c68a60fa32f00fd3f5a74209,INS,2019,15357,,1,,gx-no-cache=1555522726567 HTTP/1.1" 200 4104
152.231.70.149 - - [17/Apr/2019:14:42:31 -0300] "GET /cormun/servlet/trautorizarsolicitud? HTTP/1.1" 200 7424
152.231.70.149 - - [17/Apr/2019:14:42:31 -0300] "GET /cormun/servlet/trautorizarsolicitud? HTTP/1.1" 200 7424
200.54.103.162 - - [17/Apr/2019:14:42:34 -0300] "POST /cormun/servlet/solicitudotadjuntos?gx-no-cache=1555522730934 HTTP/1.1" 200 26
190.171.143.106 - - [17/Apr/2019:14:42:35 -0300] "GET /cormun/servlet/solicitudotadjuntos?INS,2019,15356,,1, HTTP/1.1" 200 6132
190.171.143.106 - - [17/Apr/2019:14:42:35 -0300] "GET /cormun/static/about:blank HTTP/1.1" 404 1011
190.171.143.106 - - [17/Apr/2019:14:42:35 -0300] "GET /cormun/servlet/solicitudotadjuntos?INS,2019,15356,,1, HTTP/1.1" 200 6126
190.171.143.106 - - [17/Apr/2019:14:42:36 -0300] "GET /cormun/servlet/solicitudotadjuntos?e011588bc74bf13709c41b05165d41292bde31954a19a2da1d80a5189aed7bbc44f04f34bc2ed7cacdb6dffbd25400c9,gx-no-cache=1555522730713 HTTP/1.1" 200 30
190.171.143.106 - - [17/Apr/2019:14:42:36 -0300] "POST /cormun/servlet/solicitudotadjuntos?bc4d0794aac40453a5f999e628db5409,INS,2019,15356,,1,,gx-no-cache=1555522730742 HTTP/1.1" 200 3863
190.171.153.218 - - [17/Apr/2019:14:42:37 -0300] "POST /cormun/servlet/trautorizarsolicitud?75466cf203224553f219cc4306d19393,,gx-no-cache=1555522732476 HTTP/1.1" 200 5877
190.171.143.106 - - [17/Apr/2019:14:42:39 -0300] "POST /cormun/servlet/solicitudotadjuntos?gx-no-cache=1555522733437 HTTP/1.1" 200 26
190.171.143.106 - - [17/Apr/2019:14:42:48 -0300] "GET /cormun/servlet/solicitudotadjuntos?e011588bc74bf13709c41b05165d412978d46b7fb9b4dd550720aca05a1edd01,gx-no-cache=1555522743141 HTTP/1.1" 200 30
190.171.143.106 - - [17/Apr/2019:14:42:48 -0300] "GET /cormun/servlet/solicitudotadjuntos?e011588bc74bf13709c41b05165d412978d46b7fb9b4dd550720aca05a1edd01,gx-no-cache=1555522743167 HTTP/1.1" 200 30
190.171.143.106 - - [17/Apr/2019:14:42:48 -0300] "POST /cormun/servlet/solicitudotadjuntos?bc4d0794aac40453a5f999e628db5409,INS,2019,15356,,1, HTTP/1.1" 200 116
190.171.143.106 - - [17/Apr/2019:14:42:48 -0300] "GET /cormun/servlet/hpexe_return? HTTP/1.1" 200 1028
190.171.143.106 - - [17/Apr/2019:14:42:49 -0300] "GET /cormun/servlet/trsolicitudadjuntos?2019,15356, HTTP/1.1" 200 9418
190.171.153.218 - - [17/Apr/2019:14:42:49 -0300] "GET /cormun/servlet/trsolicitudot? HTTP/1.1" 200 8960
200.54.103.162 - - [17/Apr/2019:14:42:49 -0300] "GET /cormun/servlet/solicitudotadjuntos?bbcf2ea62da7d7f41650302e1f64536c3bc4514c7cfeba394855e76c609230a2,gx-no-cache=1555522745983 HTTP/1.1" 200 30
200.54.103.162 - - [17/Apr/2019:14:42:49 -0300] "GET /cormun/servlet/solicitudotadjuntos?bbcf2ea62da7d7f41650302e1f64536c3bc4514c7cfeba394855e76c609230a2,gx-no-cache=1555522746006 HTTP/1.1" 200 30
190.171.153.218 - - [17/Apr/2019:14:42:49 -0300] "GET /cormun/servlet/trsolicitudot? HTTP/1.1" 200 8959
190.171.143.106 - - [17/Apr/2019:14:42:49 -0300] "GET /cormun/servlet/trsolicitudadjuntos?2019,15356, HTTP/1.1" 200 9421
200.54.103.162 - - [17/Apr/2019:14:42:49 -0300] "POST /cormun/servlet/solicitudotadjuntos?4c199f49c68a60fa32f00fd3f5a74209,INS,2019,15357,,1, HTTP/1.1" 200 116
200.54.103.162 - - [17/Apr/2019:14:42:50 -0300] "GET /cormun/servlet/hpexe_return? HTTP/1.1" 200 1029
200.54.103.162 - - [17/Apr/2019:14:42:50 -0300] "GET /cormun/servlet/trsolicitudadjuntos?2019,15357, HTTP/1.1" 200 9432
190.171.143.106 - - [17/Apr/2019:14:42:51 -0300] "GET /cormun/servlet/solicitudotadjuntos?INS,2019,15356,,1, HTTP/1.1" 200 6132
200.54.103.162 - - [17/Apr/2019:14:42:52 -0300] "GET /cormun/servlet/trsolicitudadjuntos?2019,15357, HTTP/1.1" 200 9439
190.171.143.106 - - [17/Apr/2019:14:42:52 -0300] "GET /cormun/static/about:blank HTTP/1.1" 404 1011
190.171.143.106 - - [17/Apr/2019:14:42:52 -0300] "GET /cormun/servlet/solicitudotadjuntos?INS,2019,15356,,1, HTTP/1.1" 200 6126
190.171.143.106 - - [17/Apr/2019:14:42:52 -0300] "GET /cormun/servlet/solicitudotadjuntos?e011588bc74bf13709c41b05165d41292bde31954a19a2da1d80a5189aed7bbc44f04f34bc2ed7cacdb6dffbd25400c9,gx-no-cache=1555522747143 HTTP/1.1" 200 30
190.171.143.106 - - [17/Apr/2019:14:42:52 -0300] "POST /cormun/servlet/solicitudotadjuntos?bc4d0794aac40453a5f999e628db5409,INS,2019,15356,,1,,gx-no-cache=1555522747174 HTTP/1.1" 200 3862
190.171.153.218 - - [17/Apr/2019:14:42:53 -0300] "POST /cormun/servlet/trsolicitudot?75466cf203224553f219cc4306d19393,,gx-no-cache=1555522748782 HTTP/1.1" 200 4793
190.171.153.218 - - [17/Apr/2019:14:42:53 -0300] "GET /cormun/static/Shared/jqueryui/images/ui-bg_highlight-soft_100_c6c2c8_1x100.png HTTP/1.1" 404 1117
186.103.196.84 - - [17/Apr/2019:14:42:53 -0300] "GET /cormun/static/Shared/jqueryui/images/ui-bg_flat_55_fafafa_40x100.png HTTP/1.1" 404 1097
186.103.196.84 - - [17/Apr/2019:14:42:53 -0300] "GET /cormun/static/Shared/jqueryui/images/ui-icons_82798d_256x240.png HTTP/1.1" 404 1089
190.171.153.218 - - [17/Apr/2019:14:42:53 -0300] "GET /cormun/static/Shared/jqueryui/images/ui-icons_8d78a5_256x240.png HTTP/1.1" 404 1089
