200.86.99.60 - - [17/Apr/2019:11:07:31 -0300] "GET /cormun/servlet/solicitudot?d5bd461f517c745870a770c3510e5eec9794abc6fdef8ef7476225c64727ec5bf1a5a5f5b36f7780224c38a30ee93985b9a6f9720713da1c9a937ca0939bd99aa4f80f41cbc86fe174745cfbb41a4512332953e57e1e38cc93a313faf9307963fec9643da52f8fce5f0e0ceeafa0f4d6cd422f96af7b3f3aa72d0befee504acd3a93f7ff355f1ad21d5b0491391bd46978058e4f51b9f50f6d17d943ce01685be4c7a2ae932f08e899f74b8796a4148613adeaba6eff7da8715ade181e1758fd883f6ff86b4b1c13231fe4b5993aa1603e6067decb1ab509dc350f392dfa97971aa058d4e45b8549cc77de89f1be28f30476c3a500bcee9c1d1e322c165887b66c9cfe62b8dcab84c580a4fe44198c9dd4de318048497f41b8429428edf9d5f8750d3cfe263a85ad2f7d486f6962a558812420b3bacdf2007d399717b9f56f5ca4e2d1051b15ce5bd46f4fee72e1cf3c63c6d3539adfc8ac614c02f05e2cdbc5a69f13b7b373d4a46ff1a84070d197951b31b1b545b37d1c4164822bb1dbafea,gx-no-cache=1555509829708 HTTP/1.1" 200 30
186.67.164.138 - - [17/Apr/2019:11:07:32 -0300] "POST /cormun/servlet/solicitudot?abed7e21daa3d9c3ee5f59a6966a7fd3,UPD,2019,15343,,gx-no-cache=1555509827810 HTTP/1.1" 200 93
186.67.164.138 - - [17/Apr/2019:11:07:32 -0300] "GET /cormun/servlet/hpexe_return? HTTP/1.1" 200 1031
186.67.164.138 - - [17/Apr/2019:11:07:32 -0300] "GET /cormun/servlet/trsolicitudot?gx-no-cache=1555509358921 HTTP/1.1" 200 8654
186.67.164.138 - - [17/Apr/2019:11:07:33 -0300] "GET /cormun/servlet/trsolicitudot?gx-no-cache=1555509358921 HTTP/1.1" 200 8671
192.168.10.89 - - [17/Apr/2019:11:07:34 -0300] "GET /cormun/servlet/trsolicitudgral? HTTP/1.1" 200 27758
190.171.149.90 - - [17/Apr/2019:11:07:35 -0300] "GET /cormun/servlet/trsolicitudot? HTTP/1.1" 200 9259
190.171.149.90 - - [17/Apr/2019:11:07:36 -0300] "GET /cormun/servlet/trsolicitudot? HTTP/1.1" 200 9259
192.168.10.89 - - [17/Apr/2019:11:07:40 -0300] "POST /cormun/servlet/trsolicitudgral?3ffb619fa3d07561c77c1f935edc558e,,gx-no-cache=1555516856283 HTTP/1.1" 200 7449
186.67.164.138 - - [17/Apr/2019:11:07:42 -0300] "POST /cormun/servlet/trsolicitudot?abed7e21daa3d9c3ee5f59a6966a7fd3,gx-no-cache=1555509358921,gx-no-cache=1555509838371 HTTP/1.1" 200 106
186.67.164.138 - - [17/Apr/2019:11:07:43 -0300] "GET /cormun/servlet/solicitudot?UPD,2019,15343, HTTP/1.1" 200 15611
186.67.164.138 - - [17/Apr/2019:11:07:44 -0300] "GET /cormun/servlet/solicitudot?UPD,2019,15343, HTTP/1.1" 200 15599
186.67.164.138 - - [17/Apr/2019:11:07:44 -0300] "POST /cormun/servlet/solicitudot?gx-no-cache=1555509839943 HTTP/1.1" 200 3578
186.67.164.138 - - [17/Apr/2019:11:07:44 -0300] "POST /cormun/servlet/solicitudot?abed7e21daa3d9c3ee5f59a6966a7fd3,UPD,2019,15343,,gx-no-cache=1555509840114 HTTP/1.1" 200 11927
186.67.164.138 - - [17/Apr/2019:11:07:44 -0300] "GET /cormun/servlet/solicitudot?1b2bb7517224d3312d4b00ff99fc084095b181ffc189483b9bd776f0ce26d5168fc11d1645ebf49d7f9b6da5a8d03ade,gx-no-cache=1555509840348 HTTP/1.1" 200 30
186.67.164.138 - - [17/Apr/2019:11:07:44 -0300] "GET /cormun/servlet/solicitudot?1b2bb7517224d3312d4b00ff99fc084062ce1ca3cf34620e5a26fd0a82594a3e0b7872192eb5da155240e82a4bca089cff96b570fd31433f7c41145b69166bf2,gx-no-cache=1555509840379 HTTP/1.1" 200 30
186.67.164.138 - - [17/Apr/2019:11:07:44 -0300] "GET /cormun/servlet/solicitudot?1b2bb7517224d3312d4b00ff99fc08404d388041e180a0e24813f55e8f2830ea92e1aff2d3811c11380478a737684a89a9ab0e71f6736b901380ff104ce893cb,gx-no-cache=1555509840400 HTTP/1.1" 200 51
186.67.164.138 - - [17/Apr/2019:11:07:44 -0300] "POST /cormun/servlet/solicitudot?gx-no-cache=1555509840435 HTTP/1.1" 200 256
186.67.164.138 - - [17/Apr/2019:11:07:44 -0300] "GET /cormun/servlet/solicitudot?1b2bb7517224d3312d4b00ff99fc0840cecde9d0ac543449326d7fd1ce6915ee8dc5bbbcab835b153e068636cd482cf3e4d86053ab0da5917927bf89efdc0f844474876c8db02bdf22b5eedf38f008049021a81c95a06ca0cae0c74a31f898bedf3830b7343dc30777a322847f6cb38cde67362de8861727d4e5a8030292e1886ec870ff9cabcb40447080f44993f6989e3e93e3d6a5bf143de3bc236253fbfd66702ec1d99de37a127c0faec8f552c9ae609903255c5128e29ebe2de9ae7dbc8b451d5024b615a4d7dd2023611bea78158962d9f9675a1e74beab718f7dcf595d1b534d408b657c6095c0821c978b5fcd559dad940bf74eb45bcd865298b5b488cf3c2446bf1767921809adf1edb2d005aa092ff31290bdfc98478d7aa8ab2f09d6f3f390e4d7d4691d78485d7c35a5ee8db7eee2ed30d564eb58e377ad2b40b7f287fe2914b0c5dc5df8a2b82606dc639e0e603b0a7747e32e90e5ebd21d4e7aa4ab3484f03f8a7fc4931f004b6c8d4e9e291253630dfe3aa259d6cf70a480,gx-no-cache=1555509840467 HTTP/1.1" 200 30
186.67.164.138 - - [17/Apr/2019:11:07:44 -0300] "POST /cormun/servlet/solicitudot?gx-no-cache=1555509840489 HTTP/1.1" 200 30
186.67.164.138 - - [17/Apr/2019:11:07:45 -0300] "POST /cormun/servlet/solicitudot?gx-no-cache=1555509840521 HTTP/1.1" 200 1344
200.86.99.60 - - [17/Apr/2019:11:07:45 -0300] "POST /cormun/servlet/solicitudot?gx-no-cache=1555509843486 HTTP/1.1" 200 30
186.67.164.138 - - [17/Apr/2019:11:07:45 -0300] "POST /cormun/servlet/solicitudot?gx-no-cache=1555509840563 HTTP/1.1" 200 40
190.171.149.90 - - [17/Apr/2019:11:07:47 -0300] "GET /cormun/servlet/solicitudot?INS,0,0, HTTP/1.1" 200 15265
190.171.149.90 - - [17/Apr/2019:11:07:47 -0300] "GET /cormun/static/SmoothNavMenu/resources/ddsmoothmenu.css?1012540 HTTP/1.1" 200 2223
190.171.149.90 - - [17/Apr/2019:11:07:47 -0300] "GET /cormun/static/SmoothNavMenu/resources/ddsmoothmenu-v.css?1012540 HTTP/1.1" 200 1188
190.171.149.90 - - [17/Apr/2019:11:07:47 -0300] "GET /cormun/static/scaMessage/css/jquery.pnotify.default.css?1716380 HTTP/1.1" 200 1707
190.171.149.90 - - [17/Apr/2019:11:07:47 -0300] "GET /cormun/static/gxcfg.js?20189101114418 HTTP/1.1" 200 953
190.171.149.90 - - [17/Apr/2019:11:07:47 -0300] "GET /cormun/static/Resources/prompt.gif HTTP/1.1" 200 902
190.171.149.90 - - [17/Apr/2019:11:07:47 -0300] "GET /cormun/static/Resources/logo4.png HTTP/1.1" 200 6582
190.171.149.90 - - [17/Apr/2019:11:07:47 -0300] "GET /cormun/static/Resources/PXToolsHeaderActionsLeft.png HTTP/1.1" 200 1118
190.171.149.90 - - [17/Apr/2019:11:07:47 -0300] "GET /cormun/static/Resources/PXToolsHeaderHome.png HTTP/1.1" 200 4147
190.171.149.90 - - [17/Apr/2019:11:07:47 -0300] "GET /cormun/static/solicitudot.js?20189101114718 HTTP/1.1" 304 -
190.171.149.90 - - [17/Apr/2019:11:07:48 -0300] "GET /cormun/servlet/solicitudot?INS,0,0, HTTP/1.1" 200 15271
200.86.99.60 - - [17/Apr/2019:11:07:49 -0300] "POST /cormun/servlet/solicitudot?gx-no-cache=1555509847918 HTTP/1.1" 200 1343
200.86.99.60 - - [17/Apr/2019:11:07:49 -0300] "POST /cormun/servlet/solicitudot?gx-no-cache=1555509847991 HTTP/1.1" 200 38
200.86.99.60 - - [17/Apr/2019:11:07:49 -0300] "GET /cormun/servlet/solicitudot?d5bd461f517c745870a770c3510e5eec26906a7e4308aad9c26dbdb7bd41e7b00eb80a22fb0cffe4006ef53559891fabd8299a0dfd1b325265a367e86ab06db8d72065cfb984e68f4a645c20e6347b2060b25392bd219c7daaba80309fa35ba942ac49c0d7dbe0947a22ff66d3a2741d,gx-no-cache=1555509848036 HTTP/1.1" 200 110
190.171.149.90 - - [17/Apr/2019:11:07:57 -0300] "GET /cormun/servlet/trcontratounov2? HTTP/1.1" 200 17904
190.171.149.90 - - [17/Apr/2019:11:07:58 -0300] "GET /cormun/static/Resources/logo4.png HTTP/1.1" 200 6582
190.171.149.90 - - [17/Apr/2019:11:07:58 -0300] "GET /cormun/static/Resources/PXToolsFooterBackground2.png HTTP/1.1" 200 1172
190.171.149.90 - - [17/Apr/2019:11:07:58 -0300] "GET /cormun/static/Resources/PXToolsHeaderBackground2.png HTTP/1.1" 200 1174
190.171.149.90 - - [17/Apr/2019:11:07:58 -0300] "GET /cormun/static/Resources/PXToolsHeaderActionsBackground.png HTTP/1.1" 200 484
190.171.149.90 - - [17/Apr/2019:11:07:58 -0300] "GET /cormun/servlet/trcontratounov2? HTTP/1.1" 200 17911
190.171.149.90 - - [17/Apr/2019:11:08:14 -0300] "POST /cormun/servlet/trcontratounov2?79144783d01b125cbda742e1c7036e67,,gx-no-cache=1555509869136 HTTP/1.1" 200 6271
190.171.149.90 - - [17/Apr/2019:11:08:22 -0300] "POST /cormun/servlet/trcontratounov2?79144783d01b125cbda742e1c7036e67,,gx-no-cache=1555509877869 HTTP/1.1" 200 5525
186.67.164.138 - - [17/Apr/2019:11:08:40 -0300] "GET /cormun/servlet/prcontratosol?16879896,,,,,MD,,gxPopupLevel%3D0%3B HTTP/1.1" 200 8747
192.168.10.89 - - [17/Apr/2019:11:08:47 -0300] "POST /cormun/servlet/trsolicitudgral?3ffb619fa3d07561c77c1f935edc558e,,gx-no-cache=1555516923818 HTTP/1.1" 200 6646
192.168.10.89 - - [17/Apr/2019:11:08:47 -0300] "GET /cormun/static/Shared/jqueryui/images/ui-bg_highlight-soft_100_c6c2c8_1x100.png HTTP/1.1" 404 1117
192.168.10.89 - - [17/Apr/2019:11:08:47 -0300] "GET /cormun/static/Shared/jqueryui/images/ui-icons_82798d_256x240.png HTTP/1.1" 404 1089
192.168.10.89 - - [17/Apr/2019:11:08:47 -0300] "GET /cormun/static/Shared/jqueryui/images/ui-icons_8d78a5_256x240.png HTTP/1.1" 404 1089
192.168.10.89 - - [17/Apr/2019:11:08:47 -0300] "GET /cormun/static/Shared/jqueryui/images/ui-bg_flat_55_fafafa_40x100.png HTTP/1.1" 404 1097
200.86.99.60 - - [17/Apr/2019:11:08:49 -0300] "POST /cormun/servlet/solicitudot?gx-no-cache=1555509907737 HTTP/1.1" 200 79
186.67.164.138 - - [17/Apr/2019:11:08:50 -0300] "POST /cormun/servlet/solicitudot?gx-no-cache=1555509906053 HTTP/1.1" 200 1344
186.67.164.138 - - [17/Apr/2019:11:08:50 -0300] "POST /cormun/servlet/solicitudot?gx-no-cache=1555509906107 HTTP/1.1" 200 40
186.67.164.138 - - [17/Apr/2019:11:08:50 -0300] "GET /cormun/servlet/solicitudot?1b2bb7517224d3312d4b00ff99fc084051a6a6e4cc7ac368d26a880c046b82b2282c0a0dec11dab4f951b7c69dd3b5640dad0bd616739b33637b90cae6bf7cab67846b202a5f40e71069fdc597f064b00de907dbc64190523ce58829411573202561076eefb680d0e8273efbce09b627,gx-no-cache=1555509906131 HTTP/1.1" 200 110
186.67.164.138 - - [17/Apr/2019:11:08:50 -0300] "POST /cormun/servlet/solicitudot?gx-no-cache=1555509906157 HTTP/1.1" 200 67
186.67.164.138 - - [17/Apr/2019:11:08:50 -0300] "GET /cormun/servlet/solicitudot?1b2bb7517224d3312d4b00ff99fc0840737f19391e6995d67b85e4ca9d79a66b4c3720f7f7829882d7f0db4ec5220531e73e5462e217f8af2743d619e4d6794170099efef230548c7dc447116a19a1eb1418c5137515c7db82fa54b29f8b69c5d41dfb4e0bab795e828b42ed390c00bfddee125483bbde9943a92a4b4e9bbb8fbfe535c70d7d00ae497b6916f9452cd77f89403f2a4e03dddbbddd2f8387537ec6d22e7011b5cb1f91817c2f4888980dd7407e4fc126fa56e0ef395468c7c2d7ff86bb814fd58912706ced39aafca46b,gx-no-cache=1555509906187 HTTP/1.1" 200 29
186.67.164.138 - - [17/Apr/2019:11:08:50 -0300] "GET /cormun/servlet/solicitudot?1b2bb7517224d3312d4b00ff99fc08408765511181876411d9bb5510ac9bcdde53c61185fb5093eb7635d471ba8b59e4,gx-no-cache=1555509906210 HTTP/1.1" 200 134
186.67.164.138 - - [17/Apr/2019:11:08:50 -0300] "GET /cormun/static/Shared/jqueryui/images/ui-bg_highlight-soft_100_c6c2c8_1x100.png HTTP/1.1" 404 1117
186.67.164.138 - - [17/Apr/2019:11:08:50 -0300] "GET /cormun/static/Shared/jqueryui/images/ui-icons_82798d_256x240.png HTTP/1.1" 404 1089
186.67.164.138 - - [17/Apr/2019:11:08:50 -0300] "GET /cormun/static/Shared/jqueryui/images/ui-bg_flat_55_994d53_40x100.png HTTP/1.1" 404 1097
186.67.164.138 - - [17/Apr/2019:11:08:50 -0300] "GET /cormun/static/Shared/jqueryui/images/ui-icons_ebccce_256x240.png HTTP/1.1" 404 1089
200.86.99.60 - - [17/Apr/2019:11:08:59 -0300] "GET /cormun/servlet/solicitudot?d5bd461f517c745870a770c3510e5eec51493823ddb4651bf1798c1500b738ad876ee3e279820917f5d57a5e6adc44644f1a50a909f5853a839aa9c90c78beb17673c213e8272441a9d9e964a76db21d676e3407ee9fb55695617730610eebfcc07acdf1ea2c09056739a0eaa8e5d897042f2c1e3455900e330519c95718164a2abcfe7bd0e7336a35dc887622f8c15785088f4417b2c762aa2400836398e835,gx-no-cache=1555509918434 HTTP/1.1" 200 29
200.86.99.60 - - [17/Apr/2019:11:09:01 -0300] "GET /cormun/static/menuarrow.gif HTTP/1.1" 404 1015
192.168.10.89 - - [17/Apr/2019:11:09:03 -0300] "POST /cormun/servlet/trsolicitudgral?3ffb619fa3d07561c77c1f935edc558e,,gx-no-cache=1555516939599 HTTP/1.1" 200 5468
200.86.99.60 - - [17/Apr/2019:11:09:05 -0300] "GET /cormun/servlet/solicitudot?d5bd461f517c745870a770c3510e5eec401df85b7afb7b40bc87dd12a449fe2b4459f879ef9a14b9524c5afe5a2c94dc,gx-no-cache=1555509924395 HTTP/1.1" 200 30
200.86.99.60 - - [17/Apr/2019:11:09:16 -0300] "POST /cormun/servlet/solicitudot?gx-no-cache=1555509934722 HTTP/1.1" 200 30
190.171.149.90 - - [17/Apr/2019:11:09:17 -0300] "GET /cormun/servlet/trsolicitudot? HTTP/1.1" 200 9259
190.171.149.90 - - [17/Apr/2019:11:09:18 -0300] "GET /cormun/servlet/trsolicitudot? HTTP/1.1" 200 9259
190.171.149.90 - - [17/Apr/2019:11:09:21 -0300] "GET /cormun/servlet/solicitudot?INS,0,0, HTTP/1.1" 200 15266
190.171.149.90 - - [17/Apr/2019:11:09:22 -0300] "GET /cormun/servlet/solicitudot?INS,0,0, HTTP/1.1" 200 15272
190.171.141.90 - - [17/Apr/2019:11:09:25 -0300] "POST /cormun/servlet/trlicencias?8f60394000fc013fb8120f7d5ea5227f,,gx-no-cache=1555509941667 HTTP/1.1" 440 972
190.171.141.90 - - [17/Apr/2019:11:09:26 -0300] "GET /cormun/servlet/trlicencias? HTTP/1.1" 200 8426
190.171.141.90 - - [17/Apr/2019:11:09:27 -0300] "GET /cormun/servlet/hlogin HTTP/1.1" 200 1731
190.171.141.90 - - [17/Apr/2019:11:09:27 -0300] "GET /cormun/servlet/trlicencias? HTTP/1.1" 200 8426
200.86.99.60 - - [17/Apr/2019:11:09:28 -0300] "POST /cormun/servlet/solicitudot?f1fe024d4e948988452d9aea96fa1252,INS,0,0,,gx-no-cache=1555509946067 HTTP/1.1" 200 93
200.86.99.60 - - [17/Apr/2019:11:09:28 -0300] "GET /cormun/servlet/hpexe_return? HTTP/1.1" 200 1009
200.86.99.60 - - [17/Apr/2019:11:09:28 -0300] "GET /cormun/static/gxcfg.js?2016101716175148 HTTP/1.1" 200 953
200.86.99.60 - - [17/Apr/2019:11:09:28 -0300] "GET /cormun/static/hpexe_return.js?2016101716175153 HTTP/1.1" 200 1633
200.86.99.60 - - [17/Apr/2019:11:09:28 -0300] "GET /cormun/static/Resources/Spanish/PXTools.css?167811 HTTP/1.1" 200 89042
200.86.99.60 - - [17/Apr/2019:11:09:28 -0300] "GET /cormun/servlet/trsolicitudot? HTTP/1.1" 200 7515
200.86.99.60 - - [17/Apr/2019:11:09:29 -0300] "GET /cormun/servlet/trsolicitudot? HTTP/1.1" 200 7511
190.171.141.90 - - [17/Apr/2019:11:09:34 -0300] "POST /cormun/servlet/hlogin?cf1344e6760b51a6f3850764b0d70d20,gx-no-cache=1555509951060 HTTP/1.1" 200 443
192.168.10.89 - - [17/Apr/2019:11:09:36 -0300] "POST /cormun/servlet/trsolicitudgral?3ffb619fa3d07561c77c1f935edc558e,,gx-no-cache=1555516972250 HTTP/1.1" 200 5271
190.171.141.90 - - [17/Apr/2019:11:09:38 -0300] "POST /cormun/servlet/hlogin?cf1344e6760b51a6f3850764b0d70d20,gx-no-cache=1555509954727 HTTP/1.1" 200 443
200.86.99.60 - - [17/Apr/2019:11:09:39 -0300] "POST /cormun/servlet/trsolicitudot?f1fe024d4e948988452d9aea96fa1252,,gx-no-cache=1555509957526 HTTP/1.1" 200 102
200.86.99.60 - - [17/Apr/2019:11:09:39 -0300] "GET /cormun/SolicitudOT-925.xls HTTP/1.1" 200 4608
192.168.10.89 - - [17/Apr/2019:11:09:41 -0300] "POST /cormun/servlet/trsolicitudgral?3ffb619fa3d07561c77c1f935edc558e,,gx-no-cache=1555516976626 HTTP/1.1" 200 25314
190.171.141.90 - - [17/Apr/2019:11:09:42 -0300] "POST /cormun/servlet/hlogin?cf1344e6760b51a6f3850764b0d70d20,gx-no-cache=1555509958535 HTTP/1.1" 200 90
190.171.141.90 - - [17/Apr/2019:11:09:42 -0300] "GET /cormun/servlet/hpexe_link HTTP/1.1" 200 949
190.171.141.90 - - [17/Apr/2019:11:09:42 -0300] "GET /cormun/servlet/trlicencias HTTP/1.1" 200 13178
190.171.141.90 - - [17/Apr/2019:11:09:43 -0300] "GET /cormun/servlet/trlicencias HTTP/1.1" 200 13176
190.171.149.90 - - [17/Apr/2019:11:09:43 -0300] "GET /cormun/static/Resources/resize.gif HTTP/1.1" 304 -
190.171.149.90 - - [17/Apr/2019:11:09:44 -0300] "GET /cormun/servlet/prfichaempleado?,MD,,gxPopupLevel%3D0%3B HTTP/1.1" 200 9378
190.171.149.90 - - [17/Apr/2019:11:09:44 -0300] "GET /cormun/static/gxui/gxui-all.css?110300 HTTP/1.1" 200 2179
190.171.149.90 - - [17/Apr/2019:11:09:44 -0300] "GET /cormun/static/gxcfg.js?20177612134814 HTTP/1.1" 200 953
190.171.149.90 - - [17/Apr/2019:11:09:44 -0300] "GET /cormun/static/menusearch.js?201610171694467 HTTP/1.1" 304 -
190.171.149.90 - - [17/Apr/2019:11:09:44 -0300] "GET /cormun/static/prfichaempleado.js?20177612134999 HTTP/1.1" 304 -
190.171.149.90 - - [17/Apr/2019:11:09:44 -0300] "GET /cormun/static/hmpwkw011.js?20177612121862 HTTP/1.1" 304 -
190.171.149.90 - - [17/Apr/2019:11:09:44 -0300] "GET /cormun/static/Resources/logo4.png HTTP/1.1" 200 6582
190.171.149.90 - - [17/Apr/2019:11:09:44 -0300] "GET /cormun/static/Resources/PXToolsHeaderActionsLeft.png HTTP/1.1" 200 1118
190.171.149.90 - - [17/Apr/2019:11:09:44 -0300] "GET /cormun/static/Resources/PXToolsMenuSearch.png HTTP/1.1" 200 2914
190.171.149.90 - - [17/Apr/2019:11:09:44 -0300] "GET /cormun/static/Resources/PXToolsMenuSearchCancel.png HTTP/1.1" 200 2972
200.86.99.60 - - [17/Apr/2019:11:09:55 -0300] "GET /cormun/servlet/trvisualizadoreventos? HTTP/1.1" 200 7030
200.86.99.60 - - [17/Apr/2019:11:09:55 -0300] "GET /cormun/static/gxui/gxui-all.css?110300 HTTP/1.1" 200 2179
200.86.99.60 - - [17/Apr/2019:11:09:55 -0300] "GET /cormun/static/gxcfg.js?20175251251426 HTTP/1.1" 200 953
200.86.99.60 - - [17/Apr/2019:11:09:55 -0300] "GET /cormun/static/Resources/PXToolsActionPrint.png HTTP/1.1" 200 3317
200.86.99.60 - - [17/Apr/2019:11:09:55 -0300] "GET /cormun/static/trvisualizadoreventos.js?20175251251768 HTTP/1.1" 200 19318
200.86.99.60 - - [17/Apr/2019:11:09:55 -0300] "GET /cormun/static/Shared/ext/resources/css/ext-all.css?205870 HTTP/1.1" 200 416045
192.168.10.89 - - [17/Apr/2019:11:09:55 -0300] "POST /cormun/servlet/trsolicitudgral?3ffb619fa3d07561c77c1f935edc558e,,gx-no-cache=1555516991442 HTTP/1.1" 200 105
192.168.10.89 - - [17/Apr/2019:11:09:55 -0300] "GET /cormun/SolicitudGral-4610.xls HTTP/1.1" 200 53248
200.86.99.60 - - [17/Apr/2019:11:09:56 -0300] "GET /cormun/servlet/trvisualizadoreventos? HTTP/1.1" 200 7029
192.168.10.89 - - [17/Apr/2019:11:09:57 -0300] "OPTIONS /cormun/ HTTP/1.1" 200 -
192.168.10.89 - - [17/Apr/2019:11:09:57 -0300] "OPTIONS /cormun/ HTTP/1.1" 200 -
200.86.99.60 - - [17/Apr/2019:11:09:59 -0300] "GET /cormun/static/menuarrow.gif HTTP/1.1" 404 1015
190.171.149.90 - - [17/Apr/2019:11:09:59 -0300] "POST /cormun/servlet/prfichaempleado?79144783d01b125cbda742e1c7036e67,,MD,,gxPopupLevel%3D0%3B,gx-no-cache=1555509974919 HTTP/1.1" 200 3421
186.67.164.138 - - [17/Apr/2019:11:10:00 -0300] "POST /cormun/servlet/solicitudot?abed7e21daa3d9c3ee5f59a6966a7fd3,UPD,2019,15343,,gx-no-cache=1555509976030 HTTP/1.1" 200 93
186.67.164.138 - - [17/Apr/2019:11:10:00 -0300] "GET /cormun/servlet/hpexe_return? HTTP/1.1" 200 1031
186.67.164.138 - - [17/Apr/2019:11:10:00 -0300] "GET /cormun/servlet/trsolicitudot?gx-no-cache=1555509358921 HTTP/1.1" 200 8654
186.67.164.138 - - [17/Apr/2019:11:10:01 -0300] "GET /cormun/servlet/trsolicitudot?gx-no-cache=1555509358921 HTTP/1.1" 200 8671
192.168.10.89 - - [17/Apr/2019:11:10:02 -0300] "HEAD /cormun/SolicitudGral-4610.xls HTTP/1.1" 200 -
192.168.10.89 - - [17/Apr/2019:11:10:02 -0300] "HEAD /cormun/SolicitudGral-4610.xls HTTP/1.1" 200 -
190.171.149.90 - - [17/Apr/2019:11:10:04 -0300] "POST /cormun/servlet/solicitudot?gx-no-cache=1555509979897 HTTP/1.1" 200 3579
190.171.149.90 - - [17/Apr/2019:11:10:04 -0300] "POST /cormun/servlet/solicitudot?79144783d01b125cbda742e1c7036e67,INS,0,0,,gx-no-cache=1555509980183 HTTP/1.1" 200 12058
190.171.149.90 - - [17/Apr/2019:11:10:04 -0300] "GET /cormun/servlet/solicitudot?f5c46688abe8a336aeb829a3105a50650fb54337ed8707916f795bef558cbe5dad9efa2e761e7a31a1c285672c306234,gx-no-cache=1555509980434 HTTP/1.1" 200 30
192.168.10.89 - - [17/Apr/2019:11:10:05 -0300] "GET /cormun/SolicitudGral-4610.xls HTTP/1.1" 200 53248
192.168.10.89 - - [17/Apr/2019:11:10:05 -0300] "HEAD /cormun/SolicitudGral-4610.xls HTTP/1.1" 200 -
186.67.164.138 - - [17/Apr/2019:11:10:07 -0300] "POST /cormun/servlet/trsolicitudot?abed7e21daa3d9c3ee5f59a6966a7fd3,gx-no-cache=1555509358921,gx-no-cache=1555509982777 HTTP/1.1" 200 106
186.67.164.138 - - [17/Apr/2019:11:10:07 -0300] "GET /cormun/servlet/solicitudot?UPD,2019,15343, HTTP/1.1" 200 15611
200.86.99.60 - - [17/Apr/2019:11:10:07 -0300] "POST /cormun/servlet/trvisualizadoreventos?f1fe024d4e948988452d9aea96fa1252,,gx-no-cache=1555509986146 HTTP/1.1" 200 4221
186.67.164.138 - - [17/Apr/2019:11:10:08 -0300] "GET /cormun/servlet/solicitudot?UPD,2019,15343, HTTP/1.1" 200 15599
186.67.164.138 - - [17/Apr/2019:11:10:09 -0300] "POST /cormun/servlet/solicitudot?gx-no-cache=1555509984541 HTTP/1.1" 200 3578
186.67.164.138 - - [17/Apr/2019:11:10:09 -0300] "POST /cormun/servlet/solicitudot?abed7e21daa3d9c3ee5f59a6966a7fd3,UPD,2019,15343,,gx-no-cache=1555509984717 HTTP/1.1" 200 11927
186.67.164.138 - - [17/Apr/2019:11:10:09 -0300] "GET /cormun/servlet/solicitudot?1b2bb7517224d3312d4b00ff99fc084095b181ffc189483b9bd776f0ce26d5168fc11d1645ebf49d7f9b6da5a8d03ade,gx-no-cache=1555509984971 HTTP/1.1" 200 30
186.67.164.138 - - [17/Apr/2019:11:10:09 -0300] "GET /cormun/servlet/solicitudot?1b2bb7517224d3312d4b00ff99fc084062ce1ca3cf34620e5a26fd0a82594a3e0b7872192eb5da155240e82a4bca089cff96b570fd31433f7c41145b69166bf2,gx-no-cache=1555509985009 HTTP/1.1" 200 30
186.67.164.138 - - [17/Apr/2019:11:10:09 -0300] "GET /cormun/servlet/solicitudot?1b2bb7517224d3312d4b00ff99fc08404d388041e180a0e24813f55e8f2830ea92e1aff2d3811c11380478a737684a89a9ab0e71f6736b901380ff104ce893cb,gx-no-cache=1555509985033 HTTP/1.1" 200 51
186.67.164.138 - - [17/Apr/2019:11:10:09 -0300] "POST /cormun/servlet/solicitudot?gx-no-cache=1555509985062 HTTP/1.1" 200 256
186.67.164.138 - - [17/Apr/2019:11:10:09 -0300] "GET /cormun/servlet/solicitudot?1b2bb7517224d3312d4b00ff99fc0840cecde9d0ac543449326d7fd1ce6915ee8dc5bbbcab835b153e068636cd482cf3e4d86053ab0da5917927bf89efdc0f844474876c8db02bdf22b5eedf38f008049021a81c95a06ca0cae0c74a31f898bedf3830b7343dc30777a322847f6cb38cde67362de8861727d4e5a8030292e1886ec870ff9cabcb40447080f44993f6989e3e93e3d6a5bf143de3bc236253fbfd66702ec1d99de37a127c0faec8f552c9ae609903255c5128e29ebe2de9ae7dbc8b451d5024b615a4d7dd2023611bea78158962d9f9675a1e74beab718f7dcf595d1b534d408b657c6095c0821c978b5fcd559dad940bf74eb45bcd865298b5b488cf3c2446bf1767921809adf1edb2d005aa092ff31290bdfc98478d7aa8ab2f09d6f3f390e4d7d4691d78485d7c35a5ee8db7eee2ed30d564eb58e377ad2b40b7f287fe2914b0c5dc5df8a2b82606dc639e0e603b0a7747e32e90e5ebd21d4e7aa4ab3484f03f8a7fc4931f004b6c8d4e9e291253630dfe3aa259d6cf70a480,gx-no-cache=1555509985096 HTTP/1.1" 200 30
186.67.164.138 - - [17/Apr/2019:11:10:09 -0300] "POST /cormun/servlet/solicitudot?gx-no-cache=1555509985120 HTTP/1.1" 200 30
186.67.164.138 - - [17/Apr/2019:11:10:09 -0300] "POST /cormun/servlet/solicitudot?gx-no-cache=1555509985152 HTTP/1.1" 200 1344
186.67.164.138 - - [17/Apr/2019:11:10:09 -0300] "POST /cormun/servlet/solicitudot?gx-no-cache=1555509985201 HTTP/1.1" 200 40
186.67.164.138 - - [17/Apr/2019:11:10:14 -0300] "POST /cormun/servlet/solicitudot?abed7e21daa3d9c3ee5f59a6966a7fd3,UPD,2019,15343,,gx-no-cache=1555509989885 HTTP/1.1" 200 93
186.67.164.138 - - [17/Apr/2019:11:10:14 -0300] "GET /cormun/servlet/hpexe_return? HTTP/1.1" 200 1031
186.67.164.138 - - [17/Apr/2019:11:10:14 -0300] "GET /cormun/servlet/trsolicitudot?gx-no-cache=1555509358921 HTTP/1.1" 200 8654
186.67.164.138 - - [17/Apr/2019:11:10:15 -0300] "GET /cormun/servlet/trsolicitudot?gx-no-cache=1555509358921 HTTP/1.1" 200 8671
186.67.164.138 - - [17/Apr/2019:11:10:17 -0300] "POST /cormun/servlet/trsolicitudot?abed7e21daa3d9c3ee5f59a6966a7fd3,gx-no-cache=1555509358921,gx-no-cache=1555509992631 HTTP/1.1" 200 106
186.67.164.138 - - [17/Apr/2019:11:10:17 -0300] "GET /cormun/servlet/solicitudot?UPD,2019,15343, HTTP/1.1" 200 15611
186.67.164.138 - - [17/Apr/2019:11:10:18 -0300] "GET /cormun/servlet/solicitudot?UPD,2019,15343, HTTP/1.1" 200 15599
186.67.164.138 - - [17/Apr/2019:11:10:18 -0300] "POST /cormun/servlet/solicitudot?gx-no-cache=1555509994200 HTTP/1.1" 200 3578
186.67.164.138 - - [17/Apr/2019:11:10:18 -0300] "POST /cormun/servlet/solicitudot?abed7e21daa3d9c3ee5f59a6966a7fd3,UPD,2019,15343,,gx-no-cache=1555509994397 HTTP/1.1" 200 11927
186.67.164.138 - - [17/Apr/2019:11:10:19 -0300] "GET /cormun/servlet/solicitudot?1b2bb7517224d3312d4b00ff99fc084095b181ffc189483b9bd776f0ce26d5168fc11d1645ebf49d7f9b6da5a8d03ade,gx-no-cache=1555509994625 HTTP/1.1" 200 30
186.67.164.138 - - [17/Apr/2019:11:10:19 -0300] "GET /cormun/servlet/solicitudot?1b2bb7517224d3312d4b00ff99fc084062ce1ca3cf34620e5a26fd0a82594a3e0b7872192eb5da155240e82a4bca089cff96b570fd31433f7c41145b69166bf2,gx-no-cache=1555509994660 HTTP/1.1" 200 30
186.67.164.138 - - [17/Apr/2019:11:10:19 -0300] "GET /cormun/servlet/solicitudot?1b2bb7517224d3312d4b00ff99fc08404d388041e180a0e24813f55e8f2830ea92e1aff2d3811c11380478a737684a89a9ab0e71f6736b901380ff104ce893cb,gx-no-cache=1555509994683 HTTP/1.1" 200 51
186.67.164.138 - - [17/Apr/2019:11:10:19 -0300] "POST /cormun/servlet/solicitudot?gx-no-cache=1555509994709 HTTP/1.1" 200 256
186.67.164.138 - - [17/Apr/2019:11:10:19 -0300] "GET /cormun/servlet/solicitudot?1b2bb7517224d3312d4b00ff99fc0840cecde9d0ac543449326d7fd1ce6915ee8dc5bbbcab835b153e068636cd482cf3e4d86053ab0da5917927bf89efdc0f844474876c8db02bdf22b5eedf38f008049021a81c95a06ca0cae0c74a31f898bedf3830b7343dc30777a322847f6cb38cde67362de8861727d4e5a8030292e1886ec870ff9cabcb40447080f44993f6989e3e93e3d6a5bf143de3bc236253fbfd66702ec1d99de37a127c0faec8f552c9ae609903255c5128e29ebe2de9ae7dbc8b451d5024b615a4d7dd2023611bea78158962d9f9675a1e74beab718f7dcf595d1b534d408b657c6095c0821c978b5fcd559dad940bf74eb45bcd865298b5b488cf3c2446bf1767921809adf1edb2d005aa092ff31290bdfc98478d7aa8ab2f09d6f3f390e4d7d4691d78485d7c35a5ee8db7eee2ed30d564eb58e377ad2b40b7f287fe2914b0c5dc5df8a2b82606dc639e0e603b0a7747e32e90e5ebd21d4e7aa4ab3484f03f8a7fc4931f004b6c8d4e9e291253630dfe3aa259d6cf70a480,gx-no-cache=1555509994743 HTTP/1.1" 200 30
186.67.164.138 - - [17/Apr/2019:11:10:19 -0300] "POST /cormun/servlet/solicitudot?gx-no-cache=1555509994767 HTTP/1.1" 200 30
186.67.164.138 - - [17/Apr/2019:11:10:19 -0300] "POST /cormun/servlet/solicitudot?gx-no-cache=1555509994800 HTTP/1.1" 200 1344
186.67.164.138 - - [17/Apr/2019:11:10:19 -0300] "POST /cormun/servlet/solicitudot?gx-no-cache=1555509994956 HTTP/1.1" 200 40
186.67.164.138 - - [17/Apr/2019:11:10:22 -0300] "POST /cormun/servlet/solicitudot?abed7e21daa3d9c3ee5f59a6966a7fd3,UPD,2019,15343,,gx-no-cache=1555509998140 HTTP/1.1" 200 93
186.67.164.138 - - [17/Apr/2019:11:10:22 -0300] "GET /cormun/servlet/hpexe_return? HTTP/1.1" 200 1031
186.67.164.138 - - [17/Apr/2019:11:10:22 -0300] "GET /cormun/servlet/trsolicitudot?gx-no-cache=1555509358921 HTTP/1.1" 200 8654
186.67.164.138 - - [17/Apr/2019:11:10:23 -0300] "GET /cormun/servlet/trsolicitudot?gx-no-cache=1555509358921 HTTP/1.1" 200 8671
190.171.149.90 - - [17/Apr/2019:11:10:28 -0300] "GET /cormun/servlet/solicitudot?f5c46688abe8a336aeb829a3105a50654ddd86eca5268f10471810ce68ee08daadb963dcd68d177b8fcefadc9a7dbb3c85138914425af9d6ed50676521d1463c,gx-no-cache=1555510003847 HTTP/1.1" 200 30
190.171.149.90 - - [17/Apr/2019:11:10:28 -0300] "GET /cormun/servlet/solicitudot?f5c46688abe8a336aeb829a3105a5065cb1aa924d4c8f63cf14f08eb4f31da58,gx-no-cache=1555510004285 HTTP/1.1" 200 53
190.171.149.90 - - [17/Apr/2019:11:10:28 -0300] "POST /cormun/servlet/solicitudot?gx-no-cache=1555510004371 HTTP/1.1" 200 297
190.171.149.90 - - [17/Apr/2019:11:10:28 -0300] "GET /cormun/servlet/solicitudot?f5c46688abe8a336aeb829a3105a5065c4f2d94932aefa94dc25e8cfe6924c3ed82e8b05dcf0b5ddff195dc659e46da46ae7ad058519b1cb19e5684e2a1f2bf48ac2ac76f94459edd43610a2739984a20fd013d76e087cbe6bf4bd83d35e35fd44768e8b94fd049a306ffe6a5cd09a06e4c63b7b35f86782b90dd77c2846b3fbe40739adad007a7db52208331322f30433e52ed3d4457cb96b0a3a8aa6dfaecde7167b355f98e58704d89c52ff20254a521f1cee5975dcb78cb874a81c75eebd3d59a5635f6cbdde04b384bb733ef71abe641c4fe0e75ad279249505ff28f3eea53eb52493f37533ea398c251f86247b0ef5dae35ad5e7df370160bfe1728711f549724dab0a4400f6510461e5a526d2fbc59b80e5bea592e74bdb1586be0124e732c49e6ae049e4181c92bca797b75c9845d0953eb6fb57358f77ec8c0b66347e0a55ade37b9e73d6fae1d705662ee1a02fda0dcb3ce332f81cbbcf1741746558a57e6eebc28f6de1f894c051070d0ca9ade6f1a546d2a603ca409d78cbdbd7e3e082bde8694c358b1c8ae5619085b3,gx-no-cache=1555510004431 HTTP/1.1" 200 30
190.171.149.90 - - [17/Apr/2019:11:10:28 -0300] "POST /cormun/servlet/solicitudot?gx-no-cache=1555510004479 HTTP/1.1" 200 30
190.171.149.90 - - [17/Apr/2019:11:10:28 -0300] "POST /cormun/servlet/solicitudot?gx-no-cache=1555510004577 HTTP/1.1" 200 1344
190.171.149.90 - - [17/Apr/2019:11:10:29 -0300] "POST /cormun/servlet/solicitudot?gx-no-cache=1555510004689 HTTP/1.1" 200 38
186.67.164.138 - - [17/Apr/2019:11:10:36 -0300] "POST /cormun/servlet/trsolicitudot?abed7e21daa3d9c3ee5f59a6966a7fd3,gx-no-cache=1555509358921,gx-no-cache=1555510012314 HTTP/1.1" 200 4542
190.171.149.90 - - [17/Apr/2019:11:10:36 -0300] "GET /cormun/servlet/solicitudot?f5c46688abe8a336aeb829a3105a50659c25653bceb34bfa70930d003f88e292e01128c6cb314b00da948edd8d2e9c42022f244041d069962d17e4507219667b279554521237c243a8008e98fdb600dd24435da3c3ccaa8597095dd724c7edd3d7d158631bb84cad9de6422985a3daf4,gx-no-cache=1555510012542 HTTP/1.1" 200 110
190.171.149.90 - - [17/Apr/2019:11:10:37 -0300] "POST /cormun/servlet/solicitudot?gx-no-cache=1555510012645 HTTP/1.1" 200 83
186.67.164.138 - - [17/Apr/2019:11:10:37 -0300] "GET /cormun/static/Shared/jqueryui/images/ui-bg_highlight-soft_100_c6c2c8_1x100.png HTTP/1.1" 404 1117
186.67.164.138 - - [17/Apr/2019:11:10:37 -0300] "GET /cormun/static/Shared/jqueryui/images/ui-icons_82798d_256x240.png HTTP/1.1" 404 1089
186.67.164.138 - - [17/Apr/2019:11:10:37 -0300] "GET /cormun/static/Shared/jqueryui/images/ui-bg_flat_55_fafafa_40x100.png HTTP/1.1" 404 1097
186.67.164.138 - - [17/Apr/2019:11:10:37 -0300] "GET /cormun/static/Shared/jqueryui/images/ui-icons_8d78a5_256x240.png HTTP/1.1" 404 1089
186.67.164.138 - - [17/Apr/2019:11:10:37 -0300] "POST /cormun/servlet/trsolicitudot?abed7e21daa3d9c3ee5f59a6966a7fd3,gx-no-cache=1555509358921,gx-no-cache=1555510012576 HTTP/1.1" 200 4323
186.67.164.138 - - [17/Apr/2019:11:10:40 -0300] "GET /cormun/servlet/solicitudot?INS,0,0, HTTP/1.1" 200 15041
186.67.164.138 - - [17/Apr/2019:11:10:41 -0300] "GET /cormun/servlet/solicitudot?INS,0,0, HTTP/1.1" 200 15025
186.67.164.138 - - [17/Apr/2019:11:10:46 -0300] "POST /cormun/servlet/solicitudot?gx-no-cache=1555510022335 HTTP/1.1" 200 3579
186.67.164.138 - - [17/Apr/2019:11:10:47 -0300] "POST /cormun/servlet/solicitudot?abed7e21daa3d9c3ee5f59a6966a7fd3,INS,0,0,,gx-no-cache=1555510022513 HTTP/1.1" 200 11847
186.67.164.138 - - [17/Apr/2019:11:10:49 -0300] "GET /cormun/servlet/solicitudot?1b2bb7517224d3312d4b00ff99fc0840bad9123b789a480a91ff2df2b22dbe1cbf63b7f6f227ea61d2c187104a5b051e,gx-no-cache=1555510025181 HTTP/1.1" 200 30
186.67.164.138 - - [17/Apr/2019:11:10:49 -0300] "GET /cormun/servlet/solicitudot?1b2bb7517224d3312d4b00ff99fc084072963d4351093a3357fda82429627c02063eeb846bc93ad683a8f15579173002dc9681a8760632a8c050ba51d18fb12b,gx-no-cache=1555510025215 HTTP/1.1" 200 30
186.67.164.138 - - [17/Apr/2019:11:10:49 -0300] "GET /cormun/servlet/solicitudot?1b2bb7517224d3312d4b00ff99fc084085e5d7bbb95661ba80c99a29dd333db1,gx-no-cache=1555510025238 HTTP/1.1" 200 53
186.67.164.138 - - [17/Apr/2019:11:10:49 -0300] "POST /cormun/servlet/solicitudot?gx-no-cache=1555510025267 HTTP/1.1" 200 255
186.67.164.138 - - [17/Apr/2019:11:10:49 -0300] "GET /cormun/servlet/solicitudot?1b2bb7517224d3312d4b00ff99fc0840cecde9d0ac543449326d7fd1ce6915ee6c27b321572daecfa400f3f1cff790ece4d86053ab0da5917927bf89efdc0f844474876c8db02bdf22b5eedf38f008049021a81c95a06ca0cae0c74a31f898bedf3830b7343dc30777a322847f6cb38cde67362de8861727d4e5a8030292e1886ec870ff9cabcb40447080f44993f6989e3e93e3d6a5bf143de3bc236253fbfd66702ec1d99de37a127c0faec8f552c9ae609903255c5128e29ebe2de9ae7dbc8b451d5024b615a4d7dd2023611bea78158962d9f9675a1e74beab718f7dcf595d1b534d408b657c6095c0821c978b5fcd559dad940bf74eb45bcd865298b5b488cf3c2446bf1767921809adf1edb2d07f14d980fe004b523542efad19159891a8ea43bd9c2dbdf528313e7cc9f776bb9f0ec66e5ca156f064ab30e45025cd81c4bdff9d3d90ce12e899759b3de7db35d4722ce9cbdd5308eb9161eeb7abd9d48bdab8bc65dd681f208226094fc88f12a3214b69f32fb2862eed1968fd893547,gx-no-cache=1555510025305 HTTP/1.1" 200 30
190.171.149.90 - - [17/Apr/2019:11:10:53 -0300] "GET /cormun/servlet/solicitudot?f5c46688abe8a336aeb829a3105a5065624665f19a5eb2da443e33bd352ab807121144440f4f644b009aa92de0e086ee650bd6e7557b0eb02f3abc15da7e4c43f9bddda060cef992bf8f3565e5fbce5f44e763601c775e5f80883341cd3a5cbb2e5e66db03c648114652418fe916ef0c,gx-no-cache=1555510029057 HTTP/1.1" 200 29
190.171.149.90 - - [17/Apr/2019:11:10:53 -0300] "GET /cormun/static/menuarrow.gif HTTP/1.1" 404 1015
186.67.164.138 - - [17/Apr/2019:11:10:55 -0300] "POST /cormun/servlet/solicitudot?gx-no-cache=1555510030658 HTTP/1.1" 200 30
186.67.164.138 - - [17/Apr/2019:11:10:57 -0300] "GET /cormun/servlet/prcontratosol?16494232,,,,,MD,,gxPopupLevel%3D0%3B HTTP/1.1" 200 8830
186.67.164.138 - - [17/Apr/2019:11:11:01 -0300] "POST /cormun/servlet/solicitudot?gx-no-cache=1555510036755 HTTP/1.1" 200 1344
186.67.164.138 - - [17/Apr/2019:11:11:01 -0300] "POST /cormun/servlet/solicitudot?gx-no-cache=1555510036802 HTTP/1.1" 200 38
186.67.164.138 - - [17/Apr/2019:11:11:01 -0300] "GET /cormun/servlet/solicitudot?1b2bb7517224d3312d4b00ff99fc084051a6a6e4cc7ac368d26a880c046b82b2282c0a0dec11dab4f951b7c69dd3b5640dad0bd616739b33637b90cae6bf7cab67846b202a5f40e71069fdc597f064b00de907dbc64190523ce58829411573202561076eefb680d0e8273efbce09b627,gx-no-cache=1555510036826 HTTP/1.1" 200 110
186.67.164.138 - - [17/Apr/2019:11:11:01 -0300] "POST /cormun/servlet/solicitudot?gx-no-cache=1555510036852 HTTP/1.1" 200 97
186.67.164.138 - - [17/Apr/2019:11:11:01 -0300] "GET /cormun/servlet/solicitudot?1b2bb7517224d3312d4b00ff99fc0840c689e5a20470840897305782b234175fe90ff8a86a2407b14fd678cf6284ccc6ffd5e47634ff0f11ee98cc789a07c99ccdb422c9ba29ec0b2652d981de8fbc4e034edd64c31d72e4dd7652ba123185a09cd1b100f65b803e14ab8ff16b90cb85d160c63f3256947ef0d3c17035d98d4a2ee4f8de22bd9f48eeca124278f96b2f5253d78688c0964fccdb9ea80d50367c0cc72bc184c1df6804ce0b9ff28e5344ac5af960298a0c02c2ca3de51b281049ffc6e948af3fa5f2a6e001755d56c332,gx-no-cache=1555510036882 HTTP/1.1" 200 29
186.67.164.138 - - [17/Apr/2019:11:11:01 -0300] "GET /cormun/servlet/solicitudot?1b2bb7517224d3312d4b00ff99fc08408765511181876411d9bb5510ac9bcdde53c61185fb5093eb7635d471ba8b59e4,gx-no-cache=1555510036904 HTTP/1.1" 200 134
186.67.164.138 - - [17/Apr/2019:11:11:01 -0300] "GET /cormun/static/Shared/jqueryui/images/ui-bg_highlight-soft_100_c6c2c8_1x100.png HTTP/1.1" 404 1117
186.67.164.138 - - [17/Apr/2019:11:11:01 -0300] "GET /cormun/static/Shared/jqueryui/images/ui-bg_flat_55_994d53_40x100.png HTTP/1.1" 404 1097
186.67.164.138 - - [17/Apr/2019:11:11:01 -0300] "GET /cormun/static/Shared/jqueryui/images/ui-icons_ebccce_256x240.png HTTP/1.1" 404 1089
186.67.164.138 - - [17/Apr/2019:11:11:01 -0300] "GET /cormun/static/Shared/jqueryui/images/ui-icons_82798d_256x240.png HTTP/1.1" 404 1089
190.171.149.90 - - [17/Apr/2019:11:11:02 -0300] "GET /cormun/servlet/solicitudot?f5c46688abe8a336aeb829a3105a50657a86c50e682eb100424b141c569f018f7207ec441977274b1de3cc2fa33ee770,gx-no-cache=1555510038206 HTTP/1.1" 200 30
186.67.164.138 - - [17/Apr/2019:11:11:13 -0300] "POST /cormun/servlet/solicitudot?gx-no-cache=1555510048641 HTTP/1.1" 200 72
192.168.10.96 - - [17/Apr/2019:11:11:17 -0300] "POST /cormun/servlet/trsolicitudgral?c7c145f8b8ddb6863fb2a168168087ed,,gx-no-cache=1555517073691 HTTP/1.1" 440 972
192.168.10.96 - - [17/Apr/2019:11:11:18 -0300] "GET /cormun/servlet/trsolicitudgral? HTTP/1.1" 500 10
186.67.164.138 - - [17/Apr/2019:11:11:20 -0300] "GET /cormun/servlet/solicitudot?1b2bb7517224d3312d4b00ff99fc0840c689e5a20470840897305782b234175fe90ff8a86a2407b14fd678cf6284ccc654cb37beb11ce921606884a4abf8f73ecdb422c9ba29ec0b2652d981de8fbc4e034edd64c31d72e4dd7652ba123185a09cd1b100f65b803e14ab8ff16b90cb85d160c63f3256947ef0d3c17035d98d4a2ee4f8de22bd9f48eeca124278f96b2f5253d78688c0964fccdb9ea80d50367c0cc72bc184c1df6804ce0b9ff28e5344ac5af960298a0c02c2ca3de51b281049ffc6e948af3fa5f2a6e001755d56c332,gx-no-cache=1555510055423 HTTP/1.1" 200 29
186.67.164.138 - - [17/Apr/2019:11:11:21 -0300] "GET /cormun/static/menuarrow.gif HTTP/1.1" 404 1015
192.168.10.96 - - [17/Apr/2019:11:11:22 -0300] "GET /cormun/servlet/hlogin HTTP/1.1" 200 1724
186.67.164.138 - - [17/Apr/2019:11:11:24 -0300] "GET /cormun/servlet/solicitudot?1b2bb7517224d3312d4b00ff99fc0840331411e6681c911e7c843253be26b20b53c61185fb5093eb7635d471ba8b59e4,gx-no-cache=1555510059658 HTTP/1.1" 200 30
186.67.164.138 - - [17/Apr/2019:11:11:24 -0300] "POST /cormun/servlet/solicitudot?gx-no-cache=1555510059790 HTTP/1.1" 200 33
190.171.149.90 - - [17/Apr/2019:11:11:27 -0300] "POST /cormun/servlet/solicitudot?gx-no-cache=1555510063303 HTTP/1.1" 200 30
192.168.10.96 - - [17/Apr/2019:11:11:29 -0300] "POST /cormun/servlet/hlogin?df7d29e5a9b03bb41fcc846520d4d395,gx-no-cache=1555517085435 HTTP/1.1" 200 90
192.168.10.96 - - [17/Apr/2019:11:11:29 -0300] "GET /cormun/servlet/hpexe_link HTTP/1.1" 200 953
192.168.10.96 - - [17/Apr/2019:11:11:29 -0300] "GET /cormun/servlet/hhome HTTP/1.1" 200 4778
192.168.10.96 - - [17/Apr/2019:11:11:29 -0300] "GET /cormun/servlet/hhome HTTP/1.1" 200 4775
192.168.10.96 - - [17/Apr/2019:11:11:32 -0300] "GET /cormun/servlet/trsolicitudgral? HTTP/1.1" 200 28707
192.168.10.96 - - [17/Apr/2019:11:11:33 -0300] "GET /cormun/servlet/trsolicitudgral? HTTP/1.1" 200 28705
186.67.164.138 - - [17/Apr/2019:11:11:36 -0300] "POST /cormun/servlet/solicitudot?abed7e21daa3d9c3ee5f59a6966a7fd3,INS,0,0,,gx-no-cache=1555510070570 HTTP/1.1" 200 93
186.67.164.138 - - [17/Apr/2019:11:11:36 -0300] "GET /cormun/servlet/hpexe_return? HTTP/1.1" 200 1023
186.67.164.138 - - [17/Apr/2019:11:11:36 -0300] "GET /cormun/servlet/trsolicitudot?gx-no-cache=1555509358921 HTTP/1.1" 200 8679
186.67.164.138 - - [17/Apr/2019:11:11:37 -0300] "GET /cormun/servlet/trsolicitudot?gx-no-cache=1555509358921 HTTP/1.1" 200 8697
192.168.10.96 - - [17/Apr/2019:11:11:39 -0300] "POST /cormun/servlet/trsolicitudgral?df7d29e5a9b03bb41fcc846520d4d395,,gx-no-cache=1555517095641 HTTP/1.1" 200 5962
192.168.10.96 - - [17/Apr/2019:11:11:43 -0300] "POST /cormun/servlet/trsolicitudgral?df7d29e5a9b03bb41fcc846520d4d395,,gx-no-cache=1555517099173 HTTP/1.1" 200 5964
186.67.164.138 - - [17/Apr/2019:11:11:45 -0300] "POST /cormun/servlet/trsolicitudot?abed7e21daa3d9c3ee5f59a6966a7fd3,gx-no-cache=1555509358921,gx-no-cache=1555510079886 HTTP/1.1" 200 107
192.168.10.96 - - [17/Apr/2019:11:11:45 -0300] "POST /cormun/servlet/trsolicitudgral?df7d29e5a9b03bb41fcc846520d4d395,,gx-no-cache=1555517101835 HTTP/1.1" 200 5964
186.67.164.138 - - [17/Apr/2019:11:11:45 -0300] "GET /cormun/servlet/solicitudot?UPD,2019,15345, HTTP/1.1" 200 15663
192.168.10.96 - - [17/Apr/2019:11:11:46 -0300] "POST /cormun/servlet/trsolicitudgral?df7d29e5a9b03bb41fcc846520d4d395,,gx-no-cache=1555517102537 HTTP/1.1" 200 5963
186.67.164.138 - - [17/Apr/2019:11:11:47 -0300] "GET /cormun/servlet/solicitudot?UPD,2019,15345, HTTP/1.1" 200 15650
186.67.164.138 - - [17/Apr/2019:11:11:47 -0300] "POST /cormun/servlet/solicitudot?gx-no-cache=1555510082804 HTTP/1.1" 200 3589
186.67.164.138 - - [17/Apr/2019:11:11:48 -0300] "POST /cormun/servlet/solicitudot?abed7e21daa3d9c3ee5f59a6966a7fd3,UPD,2019,15345,,gx-no-cache=1555510083460 HTTP/1.1" 200 11962
186.67.164.138 - - [17/Apr/2019:11:11:49 -0300] "GET /cormun/servlet/solicitudot?1b2bb7517224d3312d4b00ff99fc0840bad9123b789a480a91ff2df2b22dbe1c8fc11d1645ebf49d7f9b6da5a8d03ade,gx-no-cache=1555510084531 HTTP/1.1" 200 30
186.67.164.138 - - [17/Apr/2019:11:11:49 -0300] "GET /cormun/servlet/solicitudot?1b2bb7517224d3312d4b00ff99fc084072963d4351093a3357fda82429627c02063eeb846bc93ad683a8f1557917300235d1394f2bd8227f9c812e78200d0155,gx-no-cache=1555510084681 HTTP/1.1" 200 30
186.67.164.138 - - [17/Apr/2019:11:11:49 -0300] "GET /cormun/servlet/solicitudot?1b2bb7517224d3312d4b00ff99fc08406a8968956f2835c2e3fd6df68545fc57b0f423085be598af5765aee5efca9f7e7eae2d1dc106b6718c583ff9fb16c0b2,gx-no-cache=1555510084805 HTTP/1.1" 200 53
186.67.164.138 - - [17/Apr/2019:11:11:49 -0300] "POST /cormun/servlet/solicitudot?gx-no-cache=1555510084942 HTTP/1.1" 200 256
186.67.164.138 - - [17/Apr/2019:11:11:49 -0300] "GET /cormun/servlet/solicitudot?1b2bb7517224d3312d4b00ff99fc0840cecde9d0ac543449326d7fd1ce6915ee6c27b321572daecfa400f3f1cff790ece4d86053ab0da5917927bf89efdc0f844474876c8db02bdf22b5eedf38f008049021a81c95a06ca0cae0c74a31f898bedf3830b7343dc30777a322847f6cb38cde67362de8861727d4e5a8030292e1886ec870ff9cabcb40447080f44993f6989e3e93e3d6a5bf143de3bc236253fbfd66702ec1d99de37a127c0faec8f552c9ae609903255c5128e29ebe2de9ae7dbc8b451d5024b615a4d7dd2023611bea78158962d9f9675a1e74beab718f7dcf595d1b534d408b657c6095c0821c978b5fcd559dad940bf74eb45bcd865298b5b488cf3c2446bf1767921809adf1edb2d07f14d980fe004b523542efad19159891a8ea43bd9c2dbdf528313e7cc9f776bb9f0ec66e5ca156f064ab30e45025cd81c4bdff9d3d90ce12e899759b3de7db35d4722ce9cbdd5308eb9161eeb7abd9d48bdab8bc65dd681f208226094fc88f12d7f76443a4a023cb07290ff6cd02de37,gx-no-cache=1555510085087 HTTP/1.1" 200 30
186.67.164.138 - - [17/Apr/2019:11:11:49 -0300] "POST /cormun/servlet/solicitudot?gx-no-cache=1555510085218 HTTP/1.1" 200 30
192.168.10.96 - - [17/Apr/2019:11:11:50 -0300] "POST /cormun/servlet/trsolicitudgral?df7d29e5a9b03bb41fcc846520d4d395,,gx-no-cache=1555517106891 HTTP/1.1" 200 5963
186.67.164.138 - - [17/Apr/2019:11:11:51 -0300] "POST /cormun/servlet/solicitudot?gx-no-cache=1555510085357 HTTP/1.1" 200 1344
186.67.164.138 - - [17/Apr/2019:11:11:51 -0300] "POST /cormun/servlet/solicitudot?gx-no-cache=1555510086598 HTTP/1.1" 200 40
186.67.164.138 - - [17/Apr/2019:11:11:51 -0300] "GET /cormun/servlet/solicitudot?1b2bb7517224d3312d4b00ff99fc084051a6a6e4cc7ac368d26a880c046b82b2282c0a0dec11dab4f951b7c69dd3b5640dad0bd616739b33637b90cae6bf7cab67846b202a5f40e71069fdc597f064b00de907dbc64190523ce58829411573202561076eefb680d0e8273efbce09b627,gx-no-cache=1555510086755 HTTP/1.1" 200 110
186.67.164.138 - - [17/Apr/2019:11:11:51 -0300] "POST /cormun/servlet/solicitudot?gx-no-cache=1555510086884 HTTP/1.1" 200 97
192.168.10.96 - - [17/Apr/2019:11:11:56 -0300] "POST /cormun/servlet/trsolicitudgral?df7d29e5a9b03bb41fcc846520d4d395,,gx-no-cache=1555517112355 HTTP/1.1" 200 12808
192.168.10.89 - - [17/Apr/2019:11:11:58 -0300] "POST /cormun/servlet/trsolicitudgral?3ffb619fa3d07561c77c1f935edc558e,,gx-no-cache=1555517114666 HTTP/1.1" 200 10070
186.67.164.138 - - [17/Apr/2019:11:11:59 -0300] "POST /cormun/servlet/solicitudot?gx-no-cache=1555510094513 HTTP/1.1" 200 79
192.168.10.96 - - [17/Apr/2019:11:12:05 -0300] "POST /cormun/servlet/trsolicitudgral?df7d29e5a9b03bb41fcc846520d4d395,,gx-no-cache=1555517121995 HTTP/1.1" 200 5964
192.168.10.96 - - [17/Apr/2019:11:12:06 -0300] "POST /cormun/servlet/trsolicitudgral?df7d29e5a9b03bb41fcc846520d4d395,,gx-no-cache=1555517122663 HTTP/1.1" 200 5962
186.67.164.138 - - [17/Apr/2019:11:12:08 -0300] "GET /cormun/servlet/solicitudot?1b2bb7517224d3312d4b00ff99fc0840ffbb757e7e69aaca3d3b22dfbd12b4c24c3720f7f7829882d7f0db4ec5220531354e319a6b3a34d166542ecbd40d237770099efef230548c7dc447116a19a1eb1418c5137515c7db82fa54b29f8b69c5d41dfb4e0bab795e828b42ed390c00bfddee125483bbde9943a92a4b4e9bbb8fbfe535c70d7d00ae497b6916f9452cd77f89403f2a4e03dddbbddd2f8387537ec6d22e7011b5cb1f91817c2f4888980dd7407e4fc126fa56e0ef395468c7c2d7ff86bb814fd58912706ced39aafca46b,gx-no-cache=1555510104308 HTTP/1.1" 200 29
186.67.164.138 - - [17/Apr/2019:11:12:08 -0300] "GET /cormun/servlet/solicitudot?1b2bb7517224d3312d4b00ff99fc0840331411e6681c911e7c843253be26b20b53c61185fb5093eb7635d471ba8b59e4,gx-no-cache=1555510104337 HTTP/1.1" 200 30
186.67.164.138 - - [17/Apr/2019:11:12:08 -0300] "POST /cormun/servlet/solicitudot?gx-no-cache=1555510104359 HTTP/1.1" 200 33
186.67.164.138 - - [17/Apr/2019:11:12:09 -0300] "POST /cormun/servlet/solicitudot?abed7e21daa3d9c3ee5f59a6966a7fd3,UPD,2019,15345,,gx-no-cache=1555510104414 HTTP/1.1" 200 93
186.67.164.138 - - [17/Apr/2019:11:12:09 -0300] "GET /cormun/servlet/hpexe_return? HTTP/1.1" 200 1031
186.67.164.138 - - [17/Apr/2019:11:12:09 -0300] "GET /cormun/servlet/trsolicitudot?gx-no-cache=1555509358921 HTTP/1.1" 200 8670
186.67.164.138 - - [17/Apr/2019:11:12:10 -0300] "GET /cormun/servlet/trsolicitudot?gx-no-cache=1555509358921 HTTP/1.1" 200 8686
192.168.10.96 - - [17/Apr/2019:11:12:11 -0300] "POST /cormun/servlet/trsolicitudgral?df7d29e5a9b03bb41fcc846520d4d395,,gx-no-cache=1555517127846 HTTP/1.1" 200 5965
190.171.141.82 - - [17/Apr/2019:11:12:15 -0300] "GET /cormun/servlet/trsolicitudot? HTTP/1.1" 200 6420
192.168.10.96 - - [17/Apr/2019:11:12:16 -0300] "POST /cormun/servlet/trsolicitudgral?df7d29e5a9b03bb41fcc846520d4d395,,gx-no-cache=1555517132639 HTTP/1.1" 200 5962
190.171.141.82 - - [17/Apr/2019:11:12:18 -0300] "GET /cormun/servlet/hlogin HTTP/1.1" 200 1736
190.171.141.82 - - [17/Apr/2019:11:12:18 -0300] "GET /cormun/servlet/trsolicitudot? HTTP/1.1" 200 6413
186.67.164.138 - - [17/Apr/2019:11:12:19 -0300] "POST /cormun/servlet/trsolicitudot?abed7e21daa3d9c3ee5f59a6966a7fd3,gx-no-cache=1555509358921,gx-no-cache=1555510114639 HTTP/1.1" 200 4551
186.67.164.138 - - [17/Apr/2019:11:12:19 -0300] "GET /cormun/static/Shared/jqueryui/images/ui-bg_highlight-soft_100_c6c2c8_1x100.png HTTP/1.1" 404 1117
186.67.164.138 - - [17/Apr/2019:11:12:19 -0300] "GET /cormun/static/Shared/jqueryui/images/ui-icons_82798d_256x240.png HTTP/1.1" 404 1089
186.67.164.138 - - [17/Apr/2019:11:12:19 -0300] "GET /cormun/static/Shared/jqueryui/images/ui-bg_flat_55_fafafa_40x100.png HTTP/1.1" 404 1097
186.67.164.138 - - [17/Apr/2019:11:12:19 -0300] "GET /cormun/static/Shared/jqueryui/images/ui-icons_8d78a5_256x240.png HTTP/1.1" 404 1089
186.67.164.138 - - [17/Apr/2019:11:12:19 -0300] "POST /cormun/servlet/trsolicitudot?abed7e21daa3d9c3ee5f59a6966a7fd3,gx-no-cache=1555509358921,gx-no-cache=1555510114848 HTTP/1.1" 200 4323
192.168.10.96 - - [17/Apr/2019:11:12:19 -0300] "POST /cormun/servlet/trsolicitudgral?df7d29e5a9b03bb41fcc846520d4d395,,gx-no-cache=1555517135646 HTTP/1.1" 200 5961
190.171.149.90 - - [17/Apr/2019:11:12:21 -0300] "POST /cormun/servlet/solicitudot?gx-no-cache=1555510117394 HTTP/1.1" 200 30
192.168.10.96 - - [17/Apr/2019:11:12:22 -0300] "POST /cormun/servlet/trsolicitudgral?df7d29e5a9b03bb41fcc846520d4d395,,gx-no-cache=1555517138214 HTTP/1.1" 200 8992
190.171.141.82 - - [17/Apr/2019:11:12:24 -0300] "POST /cormun/servlet/hlogin?a664146ca4cb32e05807e041358945fa,gx-no-cache=1555510118384 HTTP/1.1" 200 90
190.171.141.82 - - [17/Apr/2019:11:12:24 -0300] "GET /cormun/servlet/hpexe_link HTTP/1.1" 200 953
190.171.141.82 - - [17/Apr/2019:11:12:24 -0300] "GET /cormun/servlet/trsolicitudot HTTP/1.1" 200 9153
190.171.141.82 - - [17/Apr/2019:11:12:26 -0300] "GET /cormun/servlet/trsolicitudot HTTP/1.1" 200 9152
190.171.149.90 - - [17/Apr/2019:11:12:27 -0300] "POST /cormun/servlet/solicitudot?gx-no-cache=1555510123046 HTTP/1.1" 200 1344
190.171.149.90 - - [17/Apr/2019:11:12:27 -0300] "POST /cormun/servlet/solicitudot?gx-no-cache=1555510123231 HTTP/1.1" 200 41
190.171.149.90 - - [17/Apr/2019:11:12:27 -0300] "GET /cormun/servlet/solicitudot?f5c46688abe8a336aeb829a3105a50659c25653bceb34bfa70930d003f88e292e01128c6cb314b00da948edd8d2e9c42022f244041d069962d17e4507219667b279554521237c243a8008e98fdb600dd24435da3c3ccaa8597095dd724c7edd3d7d158631bb84cad9de6422985a3daf4,gx-no-cache=1555510123360 HTTP/1.1" 200 110
190.171.149.90 - - [17/Apr/2019:11:12:27 -0300] "POST /cormun/servlet/solicitudot?gx-no-cache=1555510123424 HTTP/1.1" 200 83
190.171.149.90 - - [17/Apr/2019:11:12:27 -0300] "GET /cormun/servlet/solicitudot?f5c46688abe8a336aeb829a3105a50657a86c50e682eb100424b141c569f018f7207ec441977274b1de3cc2fa33ee770,gx-no-cache=1555510123519 HTTP/1.1" 200 30
190.171.149.90 - - [17/Apr/2019:11:12:28 -0300] "POST /cormun/servlet/solicitudot?gx-no-cache=1555510123597 HTTP/1.1" 200 30
190.171.149.90 - - [17/Apr/2019:11:12:28 -0300] "POST /cormun/servlet/solicitudot?79144783d01b125cbda742e1c7036e67,INS,0,0,,gx-no-cache=1555510123707 HTTP/1.1" 200 93
190.171.149.90 - - [17/Apr/2019:11:12:28 -0300] "GET /cormun/servlet/hpexe_return? HTTP/1.1" 200 1003
190.171.149.90 - - [17/Apr/2019:11:12:28 -0300] "GET /cormun/static/gxcfg.js?2016101716175148 HTTP/1.1" 200 953
190.171.149.90 - - [17/Apr/2019:11:12:28 -0300] "GET /cormun/static/hpexe_return.js?2016101716175153 HTTP/1.1" 304 -
190.171.149.90 - - [17/Apr/2019:11:12:28 -0300] "GET /cormun/static/Resources/Spanish/PXTools.css?167811 HTTP/1.1" 200 89042
190.171.149.90 - - [17/Apr/2019:11:12:28 -0300] "GET /favicon.ico HTTP/1.1" 200 21630
190.171.149.90 - - [17/Apr/2019:11:12:29 -0300] "GET /cormun/servlet/trsolicitudot HTTP/1.1" 200 9664
190.171.149.90 - - [17/Apr/2019:11:12:29 -0300] "GET /cormun/static/gxui/gxui-all.css?120300 HTTP/1.1" 200 2179
190.171.149.90 - - [17/Apr/2019:11:12:29 -0300] "GET /cormun/static/calendar-system.css?85620 HTTP/1.1" 200 5572
190.171.149.90 - - [17/Apr/2019:11:12:29 -0300] "GET /cormun/static/Resources/Spanish/PXTools.css?1255365 HTTP/1.1" 200 40960
192.168.10.96 - - [17/Apr/2019:11:12:29 -0300] "GET /cormun/servlet/hlogin HTTP/1.1" 200 1744
190.171.149.90 - - [17/Apr/2019:11:12:29 -0300] "GET /cormun/servlet/trsolicitudot HTTP/1.1" 200 9662
190.171.141.82 - - [17/Apr/2019:11:12:33 -0300] "POST /cormun/servlet/trsolicitudot?a664146ca4cb32e05807e041358945fa,gx-no-cache=1555510127514 HTTP/1.1" 200 6750
192.168.10.96 - - [17/Apr/2019:11:12:36 -0300] "POST /cormun/servlet/hlogin?df7d29e5a9b03bb41fcc846520d4d395,gx-no-cache=1555517152622 HTTP/1.1" 200 455
190.171.149.90 - - [17/Apr/2019:11:12:39 -0300] "POST /cormun/servlet/trsolicitudot?79144783d01b125cbda742e1c7036e67,gx-no-cache=1555510134759 HTTP/1.1" 200 6262
192.168.10.96 - - [17/Apr/2019:11:12:39 -0300] "POST /cormun/servlet/hlogin?df7d29e5a9b03bb41fcc846520d4d395,gx-no-cache=1555517155533 HTTP/1.1" 200 90
192.168.10.96 - - [17/Apr/2019:11:12:39 -0300] "GET /cormun/servlet/hpexe_link HTTP/1.1" 200 953
190.171.149.90 - - [17/Apr/2019:11:12:39 -0300] "GET /cormun/static/Shared/jqueryui/images/ui-bg_flat_55_fafafa_40x100.png HTTP/1.1" 404 1097
190.171.149.90 - - [17/Apr/2019:11:12:39 -0300] "GET /cormun/static/Shared/jqueryui/images/ui-icons_8d78a5_256x240.png HTTP/1.1" 404 1089
192.168.10.96 - - [17/Apr/2019:11:12:39 -0300] "GET /cormun/servlet/hhome HTTP/1.1" 200 4262
190.171.149.90 - - [17/Apr/2019:11:12:39 -0300] "GET /cormun/static/Shared/jqueryui/images/ui-icons_82798d_256x240.png HTTP/1.1" 404 1089
