192.168.10.89 - - [17/Apr/2019:09:24:59 -0300] "POST /cormun/servlet/trsolicitudgral?3ffb619fa3d07561c77c1f935edc558e,gx-no-cache=1555509826040,gx-no-cache=1555510695311 HTTP/1.1" 200 5482
192.168.10.89 - - [17/Apr/2019:09:26:05 -0300] "POST /cormun/servlet/trsolicitudgral?3ffb619fa3d07561c77c1f935edc558e,gx-no-cache=1555509826040,gx-no-cache=1555510762065 HTTP/1.1" 200 6699
192.168.10.89 - - [17/Apr/2019:09:26:13 -0300] "GET /cormun/servlet/solicitudgral3?UPD,2019,15222, HTTP/1.1" 200 13276
192.168.10.89 - - [17/Apr/2019:09:26:14 -0300] "POST /cormun/servlet/solicitudgral3?gx-no-cache=1555510770729 HTTP/1.1" 200 4255
192.168.10.89 - - [17/Apr/2019:09:26:14 -0300] "GET /cormun/servlet/solicitudgral3?72678e6794ed6f3fc2be7731dafe4ce6d174a9f59114d86b6bfe8452aea4a47eec27dbb850f835102437ba3f7713b6e2b08f38182b6d773a6f0e8f4ee94ea9e8050661eee0519ec1f2812145e8b558b614d446664bc9eda9a4f4b2f8e07ab281d036ccb88a0f061d5e7f93ebfc11f702c83330a2a4fb90b6bb1718764043845f309072d0e06f7bc2e0739b08ba48ed141d40c1990c4f1702b54e010fd3e39605bf1a3be97bda163f15b9bcf5e2b7721ada2e783795d6b933ad74b634a6ce491b141b607093143b89ac1e6a9682f1ddf6aedac21879bff0d4cee25a95ca8ae30d3c80b77568cad2e5d979375c459d98f235e1ca2c5173d2959da6a28422a39423769c26d52992ba97a1183f448c50e9374f0a4a214be26b02ead5b2e275937d148af1960dadc621248087ea926f4a2599a404b76903e9c580f4eec30fd9b68648a1c440207b65513809697f4240765199,gx-no-cache=1555510771127 HTTP/1.1" 200 240
192.168.10.89 - - [17/Apr/2019:09:26:14 -0300] "GET /cormun/servlet/solicitudgral3?72678e6794ed6f3fc2be7731dafe4ce64f072636b5032cf09439cfacb5b3555ea908b2f3c0513592a18d11dbadc417571556ebdc2940976c422bc95363891fe5a53047bcbaeb6cd8755a0a95bda2b930b6232bf1290215d1f4afd2b29377f66c,gx-no-cache=1555510771146 HTTP/1.1" 200 42
192.168.10.89 - - [17/Apr/2019:09:26:14 -0300] "GET /cormun/servlet/solicitudgral3?72678e6794ed6f3fc2be7731dafe4ce6285f1db58c17682d59d86dabe96c032d7e5efe3237b69d9ef6444a545fa7980b1837fa4507f6f7ef23c7d7f5cabab2dd3a204f3c0390526908580a020e6e8dea03d88cd5aedd3327c94e65f41279e121f09a3118110ad9910a0679aa902a732ff5d3766df37ce8e7807e1ccfe51c2256,gx-no-cache=1555510771198 HTTP/1.1" 200 41
192.168.10.89 - - [17/Apr/2019:09:26:19 -0300] "GET /cormun/servlet/solicitudgral3?72678e6794ed6f3fc2be7731dafe4ce6b60fc7f9530c8938d980763c5d6139ec8fe2a920c287ac5532b8d424e87d3951b08f38182b6d773a6f0e8f4ee94ea9e85cb12c17eabd2e647376796be718bf50f5bad4f806d4c2b88181dc7cd7486e1f,gx-no-cache=1555510775549 HTTP/1.1" 200 30
192.168.10.89 - - [17/Apr/2019:09:26:24 -0300] "POST /cormun/servlet/solicitudgral3?gx-no-cache=1555510780505 HTTP/1.1" 200 72
186.67.164.138 - - [17/Apr/2019:09:26:25 -0300] "GET /cormun/servlet/trlicencias? HTTP/1.1" 200 13498
192.168.10.89 - - [17/Apr/2019:09:26:25 -0300] "POST /cormun/servlet/solicitudgral3?3ffb619fa3d07561c77c1f935edc558e,UPD,2019,15222,,gx-no-cache=1555510782078 HTTP/1.1" 200 11920
192.168.10.89 - - [17/Apr/2019:09:26:26 -0300] "GET /cormun/servlet/solicitudgral3?72678e6794ed6f3fc2be7731dafe4ce6338dbe0817bd8ff574dcb24b9601f069a66d29a7e2186a308b38e185de5ff0de20d24ed6d47107a1fe154a36774dd3efeab72fc1faaf4fa15d77d0d683917273a8351d0b9eceec93ee755b89cccf1f8d5240fef5221a7d0173d6838db36e43d3,gx-no-cache=1555510782746 HTTP/1.1" 200 29
186.67.164.138 - - [17/Apr/2019:09:26:27 -0300] "GET /cormun/servlet/trlicencias? HTTP/1.1" 200 13496
192.168.10.89 - - [17/Apr/2019:09:26:27 -0300] "GET /cormun/servlet/solicitudgral3?72678e6794ed6f3fc2be7731dafe4ce6b080d72fe3a61ac61778cf94007fd38be7586dbcb578e35c4e4bad73204546d060bff09bd307fbdbbd23aa1a6d7853a4b08f38182b6d773a6f0e8f4ee94ea9e813e1e3f9d0c207267b8779a675a0e439050b9f411f18ed0c404b1ea8e4c27046e334733a2d191e963aab2589c649e8ca,gx-no-cache=1555510783986 HTTP/1.1" 200 30
192.168.10.89 - - [17/Apr/2019:09:26:34 -0300] "POST /cormun/servlet/solicitudgral3?3ffb619fa3d07561c77c1f935edc558e,UPD,2019,15222,,gx-no-cache=1555510790785 HTTP/1.1" 200 93
192.168.10.89 - - [17/Apr/2019:09:26:34 -0300] "GET /cormun/servlet/hpexe_return? HTTP/1.1" 200 1034
192.168.10.89 - - [17/Apr/2019:09:26:35 -0300] "GET /cormun/servlet/trsolicitudgral?gx-no-cache=1555509826040 HTTP/1.1" 200 9809
192.168.10.89 - - [17/Apr/2019:09:26:39 -0300] "POST /cormun/servlet/trsolicitudgral?3ffb619fa3d07561c77c1f935edc558e,gx-no-cache=1555509826040,gx-no-cache=1555510795286 HTTP/1.1" 200 5516
192.168.10.89 - - [17/Apr/2019:09:26:39 -0300] "GET /cormun/static/Shared/jqueryui/images/ui-icons_8d78a5_256x240.png HTTP/1.1" 404 1089
192.168.10.89 - - [17/Apr/2019:09:26:39 -0300] "GET /cormun/static/Shared/jqueryui/images/ui-bg_flat_55_fafafa_40x100.png HTTP/1.1" 404 1097
192.168.10.89 - - [17/Apr/2019:09:26:39 -0300] "GET /cormun/static/Shared/jqueryui/images/ui-bg_highlight-soft_100_c6c2c8_1x100.png HTTP/1.1" 404 1117
192.168.10.89 - - [17/Apr/2019:09:26:39 -0300] "GET /cormun/static/Shared/jqueryui/images/ui-icons_82798d_256x240.png HTTP/1.1" 404 1089
192.168.10.89 - - [17/Apr/2019:09:26:51 -0300] "POST /cormun/servlet/trsolicitudgral?3ffb619fa3d07561c77c1f935edc558e,gx-no-cache=1555509826040,gx-no-cache=1555510807704 HTTP/1.1" 200 6637
192.168.10.89 - - [17/Apr/2019:09:26:53 -0300] "GET /cormun/servlet/solicitudgral2?UPD,2019,15207, HTTP/1.1" 200 12610
192.168.10.89 - - [17/Apr/2019:09:26:54 -0300] "POST /cormun/servlet/solicitudgral2?gx-no-cache=1555510810614 HTTP/1.1" 200 4083
192.168.10.89 - - [17/Apr/2019:09:26:54 -0300] "GET /cormun/servlet/solicitudgral2?72678e6794ed6f3fc2be7731dafe4ce6d174a9f59114d86b6bfe8452aea4a47e8fe2a920c287ac5532b8d424e87d3951b08f38182b6d773a6f0e8f4ee94ea9e8050661eee0519ec1f2812145e8b558b614d446664bc9eda9a4f4b2f8e07ab281d036ccb88a0f061d5e7f93ebfc11f702c83330a2a4fb90b6bb1718764043845f309072d0e06f7bc2e0739b08ba48ed141d40c1990c4f1702b54e010fd3e39605bf1a3be97bda163f15b9bcf5e2b7721ada2e783795d6b933ad74b634a6ce491b141b607093143b89ac1e6a9682f1ddf6aedac21879bff0d4cee25a95ca8ae30d3c80b77568cad2e5d979375c459d98f235e1ca2c5173d2959da6a28422a39423769c26d52992ba97a1183f448c50e9374f0a4a214be26b02ead5b2e275937d148af1960dadc621248087ea926f4a2599a404b76903e9c580f4eec30fd9b68648a1c440207b65513809697f4240765199,gx-no-cache=1555510810831 HTTP/1.1" 200 255
192.168.10.89 - - [17/Apr/2019:09:26:54 -0300] "GET /cormun/servlet/solicitudgral2?72678e6794ed6f3fc2be7731dafe4ce6aa9bc93f6ac692a6f90a6dbcf400ed447bef71aab2df6836aedaa68107c68f276b47f96118f53f50944f2b04ee1aa77c15eed3caebfd643fb4402579b97bca16631c3bb542bec8f729c8187598fe6d14,gx-no-cache=1555510810848 HTTP/1.1" 200 33
192.168.10.89 - - [17/Apr/2019:09:26:54 -0300] "GET /cormun/servlet/solicitudgral2?72678e6794ed6f3fc2be7731dafe4ce6285f1db58c17682d59d86dabe96c032d7e5efe3237b69d9ef6444a545fa7980b1837fa4507f6f7ef23c7d7f5cabab2dd3a204f3c0390526908580a020e6e8dea0f185ea183cb0bf15c44edad2d86227879f1db6ff8544d6ab58e0df7d0bf575a,gx-no-cache=1555510810863 HTTP/1.1" 200 40
192.168.10.89 - - [17/Apr/2019:09:26:55 -0300] "GET /cormun/servlet/solicitudgral2?72678e6794ed6f3fc2be7731dafe4ce6b60fc7f9530c8938d980763c5d6139ec8fe2a920c287ac5532b8d424e87d3951b08f38182b6d773a6f0e8f4ee94ea9e85cb12c17eabd2e647376796be718bf50f5bad4f806d4c2b88181dc7cd7486e1f,gx-no-cache=1555510811957 HTTP/1.1" 200 30
192.168.10.89 - - [17/Apr/2019:09:26:56 -0300] "POST /cormun/servlet/solicitudgral2?gx-no-cache=1555510812352 HTTP/1.1" 200 97
192.168.10.89 - - [17/Apr/2019:09:26:56 -0300] "POST /cormun/servlet/solicitudgral2?3ffb619fa3d07561c77c1f935edc558e,UPD,2019,15207,,gx-no-cache=1555510813112 HTTP/1.1" 200 11531
192.168.10.89 - - [17/Apr/2019:09:26:57 -0300] "GET /cormun/servlet/solicitudgral2?72678e6794ed6f3fc2be7731dafe4ce6b621adf15a523fedc4bf9717269edd5ea66d29a7e2186a308b38e185de5ff0de32e295b70ac7d5eb1f63ca711929f1ee32d744b7d963190176b710f8b061233c83ab74c59350a1ee6a0f3db63cd465abaf0ba8eb45d0e2fdf628afe59893969c0585fe13b75b5f623427cdcb1b3a49ebd7b151bd9563298e5a1a15718296c8a9ec0feb60fd5f7a033bdd3fafd1273c44,gx-no-cache=1555510813941 HTTP/1.1" 200 29
192.168.10.89 - - [17/Apr/2019:09:26:58 -0300] "GET /cormun/servlet/solicitudgral2?72678e6794ed6f3fc2be7731dafe4ce6b080d72fe3a61ac61778cf94007fd38bab65811806189ef2ceecc78658404476c107d1db025ba71b1261657d05fc59a64168b789d806af24a02e74fc0c29c74b758b2947962d8a43672f355bae905559669f63db45a3c99f9a78694d8483fab1cfd9ddb78c084bed970f522fb606af56,gx-no-cache=1555510814859 HTTP/1.1" 200 30
192.168.10.89 - - [17/Apr/2019:09:27:00 -0300] "POST /cormun/servlet/solicitudgral2?3ffb619fa3d07561c77c1f935edc558e,UPD,2019,15207,,gx-no-cache=1555510816227 HTTP/1.1" 200 93
192.168.10.89 - - [17/Apr/2019:09:27:00 -0300] "GET /cormun/servlet/hpexe_return? HTTP/1.1" 200 1033
192.168.10.89 - - [17/Apr/2019:09:27:00 -0300] "GET /cormun/servlet/trsolicitudgral?gx-no-cache=1555509826040 HTTP/1.1" 200 9741
192.168.10.89 - - [17/Apr/2019:09:27:39 -0300] "POST /cormun/servlet/trsolicitudgral?3ffb619fa3d07561c77c1f935edc558e,gx-no-cache=1555509826040,gx-no-cache=1555510855934 HTTP/1.1" 200 6657
192.168.10.89 - - [17/Apr/2019:09:27:44 -0300] "GET /cormun/servlet/solicitudgral2?UPD,2019,15176, HTTP/1.1" 200 12610
192.168.10.89 - - [17/Apr/2019:09:27:46 -0300] "POST /cormun/servlet/solicitudgral2?gx-no-cache=1555510862219 HTTP/1.1" 200 4073
192.168.10.89 - - [17/Apr/2019:09:27:46 -0300] "GET /cormun/servlet/solicitudgral2?72678e6794ed6f3fc2be7731dafe4ce6d174a9f59114d86b6bfe8452aea4a47e8fe2a920c287ac5532b8d424e87d3951b08f38182b6d773a6f0e8f4ee94ea9e8050661eee0519ec1f2812145e8b558b614d446664bc9eda9a4f4b2f8e07ab281d036ccb88a0f061d5e7f93ebfc11f702c83330a2a4fb90b6bb1718764043845f309072d0e06f7bc2e0739b08ba48ed141d40c1990c4f1702b54e010fd3e39605bf1a3be97bda163f15b9bcf5e2b7721ada2e783795d6b933ad74b634a6ce491b141b607093143b89ac1e6a9682f1ddf6aedac21879bff0d4cee25a95ca8ae30d3c80b77568cad2e5d979375c459d98f235e1ca2c5173d2959da6a28422a39423769c26d52992ba97a1183f448c50e9374f0a4a214be26b02ead5b2e275937d148af1960dadc621248087ea926f4a2599a404b76903e9c580f4eec30fd9b68648a1c440207b65513809697f4240765199,gx-no-cache=1555510862418 HTTP/1.1" 200 255
192.168.10.89 - - [17/Apr/2019:09:27:46 -0300] "GET /cormun/servlet/solicitudgral2?72678e6794ed6f3fc2be7731dafe4ce63e23d6254a860502169aaf642c723fdef5928f130b30f26fafadb2a7579aa1be6b47f96118f53f50944f2b04ee1aa77c15eed3caebfd643fb4402579b97bca16631c3bb542bec8f729c8187598fe6d14,gx-no-cache=1555510862435 HTTP/1.1" 200 33
192.168.10.89 - - [17/Apr/2019:09:27:46 -0300] "GET /cormun/servlet/solicitudgral2?72678e6794ed6f3fc2be7731dafe4ce6285f1db58c17682d59d86dabe96c032d7e5efe3237b69d9ef6444a545fa7980b1837fa4507f6f7ef23c7d7f5cabab2dd3a204f3c0390526908580a020e6e8dea0f185ea183cb0bf15c44edad2d86227879f1db6ff8544d6ab58e0df7d0bf575a,gx-no-cache=1555510862450 HTTP/1.1" 200 40
192.168.10.89 - - [17/Apr/2019:09:27:57 -0300] "GET /cormun/servlet/solicitudgral2?72678e6794ed6f3fc2be7731dafe4ce6b60fc7f9530c8938d980763c5d6139ec8fe2a920c287ac5532b8d424e87d3951b08f38182b6d773a6f0e8f4ee94ea9e85cb12c17eabd2e647376796be718bf50f5bad4f806d4c2b88181dc7cd7486e1f,gx-no-cache=1555510873667 HTTP/1.1" 200 30
192.168.10.89 - - [17/Apr/2019:09:27:57 -0300] "POST /cormun/servlet/solicitudgral2?gx-no-cache=1555510873976 HTTP/1.1" 200 97
192.168.10.89 - - [17/Apr/2019:09:27:58 -0300] "POST /cormun/servlet/solicitudgral2?3ffb619fa3d07561c77c1f935edc558e,UPD,2019,15176,,gx-no-cache=1555510874767 HTTP/1.1" 200 11541
192.168.10.89 - - [17/Apr/2019:09:27:59 -0300] "GET /cormun/servlet/solicitudgral2?72678e6794ed6f3fc2be7731dafe4ce6b621adf15a523fedc4bf9717269edd5ea66d29a7e2186a308b38e185de5ff0de32e295b70ac7d5eb1f63ca711929f1ee32d744b7d963190176b710f8b061233c83ab74c59350a1ee6a0f3db63cd465abaf0ba8eb45d0e2fdf628afe59893969c0585fe13b75b5f623427cdcb1b3a49ebd7b151bd9563298e5a1a15718296c8a9ec0feb60fd5f7a033bdd3fafd1273c44,gx-no-cache=1555510875678 HTTP/1.1" 200 29
192.168.10.89 - - [17/Apr/2019:09:28:00 -0300] "GET /cormun/servlet/solicitudgral2?72678e6794ed6f3fc2be7731dafe4ce6b080d72fe3a61ac61778cf94007fd38bab65811806189ef2ceecc78658404476c107d1db025ba71b1261657d05fc59a64168b789d806af24a02e74fc0c29c74b758b2947962d8a43672f355bae905559669f63db45a3c99f9a78694d8483fab1cfd9ddb78c084bed970f522fb606af56,gx-no-cache=1555510876376 HTTP/1.1" 200 30
192.168.10.89 - - [17/Apr/2019:09:28:03 -0300] "GET /cormun/servlet/solicitudgral2?72678e6794ed6f3fc2be7731dafe4ce646b4fffa8f519628380b9fb1267cfe9aab65811806189ef2ceecc78658404476c107d1db025ba71b1261657d05fc59a64168b789d806af24a02e74fc0c29c74b758b2947962d8a43672f355bae905559669f63db45a3c99f9a78694d8483fab1cfd9ddb78c084bed970f522fb606af56,gx-no-cache=1555510879973 HTTP/1.1" 200 30
192.168.10.89 - - [17/Apr/2019:09:28:05 -0300] "POST /cormun/servlet/solicitudgral2?3ffb619fa3d07561c77c1f935edc558e,UPD,2019,15176,,gx-no-cache=1555510881182 HTTP/1.1" 200 93
192.168.10.89 - - [17/Apr/2019:09:28:05 -0300] "GET /cormun/servlet/hpexe_return? HTTP/1.1" 200 1033
192.168.10.89 - - [17/Apr/2019:09:28:05 -0300] "GET /cormun/servlet/trsolicitudgral?gx-no-cache=1555509826040 HTTP/1.1" 200 9761
192.168.10.89 - - [17/Apr/2019:09:28:08 -0300] "POST /cormun/servlet/trsolicitudgral?3ffb619fa3d07561c77c1f935edc558e,gx-no-cache=1555509826040,gx-no-cache=1555510884317 HTTP/1.1" 200 5491
192.168.10.89 - - [17/Apr/2019:09:28:08 -0300] "GET /cormun/static/Shared/jqueryui/images/ui-icons_82798d_256x240.png HTTP/1.1" 404 1089
192.168.10.89 - - [17/Apr/2019:09:28:08 -0300] "GET /cormun/static/Shared/jqueryui/images/ui-icons_8d78a5_256x240.png HTTP/1.1" 404 1089
192.168.10.89 - - [17/Apr/2019:09:28:08 -0300] "GET /cormun/static/Shared/jqueryui/images/ui-bg_flat_55_fafafa_40x100.png HTTP/1.1" 404 1097
192.168.10.89 - - [17/Apr/2019:09:28:08 -0300] "GET /cormun/static/Shared/jqueryui/images/ui-bg_highlight-soft_100_c6c2c8_1x100.png HTTP/1.1" 404 1117
200.112.233.47 - - [17/Apr/2019:09:28:11 -0300] "GET /cormun/servlet/trautorizarpermisogoce? HTTP/1.1" 200 6033
200.112.233.47 - - [17/Apr/2019:09:28:14 -0300] "GET /cormun/servlet/trautorizarpermisogoce? HTTP/1.1" 200 6028
200.112.233.47 - - [17/Apr/2019:09:28:14 -0300] "GET /cormun/servlet/hlogin HTTP/1.1" 200 1748
192.168.10.89 - - [17/Apr/2019:09:28:20 -0300] "POST /cormun/servlet/trsolicitudgral?3ffb619fa3d07561c77c1f935edc558e,gx-no-cache=1555509826040,gx-no-cache=1555510897081 HTTP/1.1" 200 6621
192.168.10.89 - - [17/Apr/2019:09:28:31 -0300] "GET /cormun/servlet/solicitudgral2?UPD,2019,15176, HTTP/1.1" 200 12617
192.168.10.89 - - [17/Apr/2019:09:28:32 -0300] "POST /cormun/servlet/solicitudgral2?gx-no-cache=1555510909045 HTTP/1.1" 200 4073
192.168.10.89 - - [17/Apr/2019:09:28:32 -0300] "GET /cormun/servlet/solicitudgral2?72678e6794ed6f3fc2be7731dafe4ce6d174a9f59114d86b6bfe8452aea4a47e8fe2a920c287ac5532b8d424e87d3951b08f38182b6d773a6f0e8f4ee94ea9e8050661eee0519ec1f2812145e8b558b614d446664bc9eda9a4f4b2f8e07ab281d036ccb88a0f061d5e7f93ebfc11f702c83330a2a4fb90b6bb1718764043845f309072d0e06f7bc2e0739b08ba48ed141d40c1990c4f1702b54e010fd3e39605bf1a3be97bda163f15b9bcf5e2b7721ada2e783795d6b933ad74b634a6ce491b141b607093143b89ac1e6a9682f1ddf6aedac21879bff0d4cee25a95ca8ae30d3c80b77568cad2e5d979375c459d98f235e1ca2c5173d2959da6a28422a39423769c26d52992ba97a1183f448c50e9374f0a4a214be26b02ead5b2e275937d148af1960dadc621248087ea926f4a2599a404b76903e9c580f4eec30fd9b68648a1c440207b65513809697f4240765199,gx-no-cache=1555510909233 HTTP/1.1" 200 255
192.168.10.89 - - [17/Apr/2019:09:28:32 -0300] "GET /cormun/servlet/solicitudgral2?72678e6794ed6f3fc2be7731dafe4ce63e23d6254a860502169aaf642c723fdef5928f130b30f26fafadb2a7579aa1be6b47f96118f53f50944f2b04ee1aa77c15eed3caebfd643fb4402579b97bca16631c3bb542bec8f729c8187598fe6d14,gx-no-cache=1555510909250 HTTP/1.1" 200 33
192.168.10.89 - - [17/Apr/2019:09:28:33 -0300] "GET /cormun/servlet/solicitudgral2?72678e6794ed6f3fc2be7731dafe4ce6285f1db58c17682d59d86dabe96c032d7e5efe3237b69d9ef6444a545fa7980b1837fa4507f6f7ef23c7d7f5cabab2dd3a204f3c0390526908580a020e6e8dea0f185ea183cb0bf15c44edad2d86227879f1db6ff8544d6ab58e0df7d0bf575a,gx-no-cache=1555510909264 HTTP/1.1" 200 40
192.168.10.89 - - [17/Apr/2019:09:28:33 -0300] "POST /cormun/servlet/solicitudgral2?3ffb619fa3d07561c77c1f935edc558e,UPD,2019,15176,,gx-no-cache=1555510910203 HTTP/1.1" 200 93
192.168.10.89 - - [17/Apr/2019:09:28:33 -0300] "GET /cormun/servlet/hpexe_return? HTTP/1.1" 200 1033
192.168.10.89 - - [17/Apr/2019:09:28:34 -0300] "GET /cormun/servlet/trsolicitudgral?gx-no-cache=1555509826040 HTTP/1.1" 200 9728
192.168.10.89 - - [17/Apr/2019:09:28:42 -0300] "POST /cormun/servlet/trsolicitudgral?3ffb619fa3d07561c77c1f935edc558e,gx-no-cache=1555509826040,gx-no-cache=1555510918570 HTTP/1.1" 200 6635
192.168.10.89 - - [17/Apr/2019:09:28:44 -0300] "GET /cormun/servlet/solicitudgral?UPD,2019,15019, HTTP/1.1" 200 12526
192.168.10.89 - - [17/Apr/2019:09:28:45 -0300] "POST /cormun/servlet/solicitudgral?gx-no-cache=1555510921511 HTTP/1.1" 200 4036
192.168.10.89 - - [17/Apr/2019:09:28:45 -0300] "GET /cormun/servlet/solicitudgral?72678e6794ed6f3fc2be7731dafe4ce6d174a9f59114d86b6bfe8452aea4a47ed9c39faec793cbe9760e474a555becb3b08f38182b6d773a6f0e8f4ee94ea9e8050661eee0519ec1f2812145e8b558b614d446664bc9eda9a4f4b2f8e07ab281d036ccb88a0f061d5e7f93ebfc11f702c83330a2a4fb90b6bb1718764043845f309072d0e06f7bc2e0739b08ba48ed141d40c1990c4f1702b54e010fd3e39605bf1a3be97bda163f15b9bcf5e2b7721ada2e783795d6b933ad74b634a6ce491b141b607093143b89ac1e6a9682f1ddf6aedac21879bff0d4cee25a95ca8ae30d3c80b77568cad2e5d979375c459d98f235e1ca2c5173d2959da6a28422a39423769c26d52992ba97a1183f448c50e9374f0a4a214be26b02ead5b2e275937d148af1960dadc621248087ea926f4a2599a404b76903e9c580f4eec30fd9b68648a1c440207b65513809697f4240765199,gx-no-cache=1555510921718 HTTP/1.1" 200 297
186.103.159.189 - - [17/Apr/2019:09:28:46 -0300] "GET /cormun/servlet/hlogin HTTP/1.1" 200 1722
192.168.10.89 - - [17/Apr/2019:09:28:49 -0300] "POST /cormun/servlet/solicitudgral?3ffb619fa3d07561c77c1f935edc558e,UPD,2019,15019,,gx-no-cache=1555510926154 HTTP/1.1" 200 93
192.168.10.89 - - [17/Apr/2019:09:28:49 -0300] "GET /cormun/servlet/hpexe_return? HTTP/1.1" 200 1030
192.168.10.89 - - [17/Apr/2019:09:28:50 -0300] "GET /cormun/servlet/trsolicitudgral?gx-no-cache=1555509826040 HTTP/1.1" 200 9734
190.171.141.138 - - [17/Apr/2019:09:28:59 -0300] "GET /cormun/servlet/hlogin HTTP/1.1" 200 1716
190.171.141.138 - - [17/Apr/2019:09:29:01 -0300] "POST /cormun/servlet/hlogin?49234bda2a337a7304bfb4985ee4cd5c,gx-no-cache=1555500316615 HTTP/1.1" 200 90
190.171.141.138 - - [17/Apr/2019:09:29:01 -0300] "GET /cormun/servlet/hpexe_link HTTP/1.1" 200 947
190.171.141.138 - - [17/Apr/2019:09:29:01 -0300] "GET /cormun/servlet/hhome HTTP/1.1" 200 4464
190.171.141.138 - - [17/Apr/2019:09:29:02 -0300] "GET /cormun/servlet/hhome HTTP/1.1" 200 4460
192.168.10.89 - - [17/Apr/2019:09:29:04 -0300] "POST /cormun/servlet/trsolicitudgral?3ffb619fa3d07561c77c1f935edc558e,gx-no-cache=1555509826040,gx-no-cache=1555510940588 HTTP/1.1" 200 6616
190.171.141.138 - - [17/Apr/2019:09:29:05 -0300] "GET /cormun/servlet/trpermisosgoce? HTTP/1.1" 200 11163
192.168.10.89 - - [17/Apr/2019:09:29:06 -0300] "GET /cormun/servlet/solicitudgral?UPD,2019,15223, HTTP/1.1" 200 12582
190.171.141.138 - - [17/Apr/2019:09:29:06 -0300] "GET /cormun/servlet/trpermisosgoce? HTTP/1.1" 200 11161
192.168.10.89 - - [17/Apr/2019:09:29:07 -0300] "POST /cormun/servlet/solicitudgral?gx-no-cache=1555510943508 HTTP/1.1" 200 4072
192.168.10.89 - - [17/Apr/2019:09:29:07 -0300] "GET /cormun/servlet/solicitudgral?72678e6794ed6f3fc2be7731dafe4ce6d174a9f59114d86b6bfe8452aea4a47e8fe2a920c287ac5532b8d424e87d3951b08f38182b6d773a6f0e8f4ee94ea9e8050661eee0519ec1f2812145e8b558b614d446664bc9eda9a4f4b2f8e07ab281d036ccb88a0f061d5e7f93ebfc11f702c83330a2a4fb90b6bb1718764043845f309072d0e06f7bc2e0739b08ba48ed141d40c1990c4f1702b54e010fd3e39605bf1a3be97bda163f15b9bcf5e2b7721ada2e783795d6b933ad74b634a6ce491b141b607093143b89ac1e6a9682f1ddf6aedac21879bff0d4cee25a95ca8ae30d3c80b77568cad2e5d979375c459d98f235e1ca2c5173d2959da6a28422a39423769c26d52992ba97a1183f448c50e9374f0a4a214be26b02ead5b2e275937d148af1960dadc621248087ea926f4a2599a404b76903e9c580f4eec30fd9b68648a1c440207b65513809697f4240765199,gx-no-cache=1555510943850 HTTP/1.1" 200 255
192.168.10.89 - - [17/Apr/2019:09:29:08 -0300] "GET /cormun/servlet/solicitudgral?72678e6794ed6f3fc2be7731dafe4ce6b60fc7f9530c8938d980763c5d6139ec8fe2a920c287ac5532b8d424e87d3951b08f38182b6d773a6f0e8f4ee94ea9e85cb12c17eabd2e647376796be718bf50f5bad4f806d4c2b88181dc7cd7486e1f,gx-no-cache=1555510945169 HTTP/1.1" 200 30
192.168.10.89 - - [17/Apr/2019:09:29:10 -0300] "POST /cormun/servlet/solicitudgral?gx-no-cache=1555510946419 HTTP/1.1" 200 97
192.168.10.89 - - [17/Apr/2019:09:29:10 -0300] "GET /cormun/servlet/solicitudgral?72678e6794ed6f3fc2be7731dafe4ce6baeecc3f3d75fbb465c669a80a7ec949c7e21cc480db818b4720ed5488188d31bd198e34b6fbe147274073c72542641d443c3bfb326678cefffd4cc8f0220dc8fc2f8c2416d43c88592d05400e8fec6e39787c4de7d43f9e96d589a7fba665e4297c7d19284ea5f30dc9e36e24fade43f8153c7e3c9e44473a60a168da33bb5a99dece6fd1f5c415c1615b3e427691683477150316107c3e6ab0d87ea4753fc6df3e4c65a5d9313c22dca1079ee066efafdd41cb059519605f105f20929b4db3,gx-no-cache=1555510946701 HTTP/1.1" 200 49
192.168.10.89 - - [17/Apr/2019:09:29:10 -0300] "POST /cormun/servlet/solicitudgral?3ffb619fa3d07561c77c1f935edc558e,UPD,2019,15223,,gx-no-cache=1555510947018 HTTP/1.1" 200 11485
192.168.10.89 - - [17/Apr/2019:09:29:11 -0300] "GET /cormun/servlet/solicitudgral?72678e6794ed6f3fc2be7731dafe4ce6b621adf15a523fedc4bf9717269edd5ea66d29a7e2186a308b38e185de5ff0de32e295b70ac7d5eb1f63ca711929f1ee32d744b7d963190176b710f8b061233c83ab74c59350a1ee6a0f3db63cd465abaf0ba8eb45d0e2fdf628afe59893969c0585fe13b75b5f623427cdcb1b3a49ebd7b151bd9563298e5a1a15718296c8a9ec0feb60fd5f7a033bdd3fafd1273c44,gx-no-cache=1555510947611 HTTP/1.1" 200 29
190.171.141.138 - - [17/Apr/2019:09:29:14 -0300] "GET /cormun/servlet/permisogoce?INS,0,,, HTTP/1.1" 200 7340
190.171.141.138 - - [17/Apr/2019:09:29:15 -0300] "GET /cormun/servlet/permisogoce?INS,0,,, HTTP/1.1" 200 7341
190.171.141.138 - - [17/Apr/2019:09:29:23 -0300] "GET /cormun/servlet/permisogoce?5ecc2425ffe196605be2bf2cc995988b31fcfa8f6b1af981fc62b386218728b3da80c319f44f1b2c91aa5b1b5b9d0a87ba58d189e31c2aa440a662909413417a,gx-no-cache=1555500338350 HTTP/1.1" 200 80
190.171.141.138 - - [17/Apr/2019:09:29:24 -0300] "GET /cormun/static/menuarrow.gif HTTP/1.1" 404 1015
192.168.10.89 - - [17/Apr/2019:09:29:26 -0300] "POST /cormun/servlet/solicitudgral?3ffb619fa3d07561c77c1f935edc558e,UPD,2019,15223,,gx-no-cache=1555510962161 HTTP/1.1" 200 93
192.168.10.89 - - [17/Apr/2019:09:29:26 -0300] "GET /cormun/servlet/hpexe_return? HTTP/1.1" 200 1032
192.168.10.89 - - [17/Apr/2019:09:29:26 -0300] "GET /cormun/servlet/trsolicitudgral?gx-no-cache=1555509826040 HTTP/1.1" 200 9724
190.171.141.138 - - [17/Apr/2019:09:29:28 -0300] "GET /cormun/servlet/permisogoce?5ecc2425ffe196605be2bf2cc995988b9faa889df9ecff84c4e8d3fdc9cd7fce2ae1731c008280e756441e111147be168135f83701bdc964ec24f38003d74b32,gx-no-cache=1555500343383 HTTP/1.1" 200 47
190.171.141.138 - - [17/Apr/2019:09:29:28 -0300] "POST /cormun/servlet/permisogoce?49234bda2a337a7304bfb4985ee4cd5c,INS,0,,,,gx-no-cache=1555500343429 HTTP/1.1" 200 93
190.171.141.138 - - [17/Apr/2019:09:29:28 -0300] "GET /cormun/servlet/hpexe_return? HTTP/1.1" 200 1006
192.168.10.89 - - [17/Apr/2019:09:29:29 -0300] "POST /cormun/servlet/trsolicitudgral?3ffb619fa3d07561c77c1f935edc558e,gx-no-cache=1555509826040,gx-no-cache=1555510965173 HTTP/1.1" 200 5471
190.171.141.138 - - [17/Apr/2019:09:29:29 -0300] "GET /cormun/servlet/trpermisosgoce HTTP/1.1" 200 11357
192.168.10.89 - - [17/Apr/2019:09:29:29 -0300] "GET /cormun/static/Shared/jqueryui/images/ui-icons_8d78a5_256x240.png HTTP/1.1" 404 1089
192.168.10.89 - - [17/Apr/2019:09:29:29 -0300] "GET /cormun/static/Shared/jqueryui/images/ui-bg_flat_55_fafafa_40x100.png HTTP/1.1" 404 1097
192.168.10.89 - - [17/Apr/2019:09:29:29 -0300] "GET /cormun/static/Shared/jqueryui/images/ui-bg_highlight-soft_100_c6c2c8_1x100.png HTTP/1.1" 404 1117
192.168.10.89 - - [17/Apr/2019:09:29:29 -0300] "GET /cormun/static/Shared/jqueryui/images/ui-icons_82798d_256x240.png HTTP/1.1" 404 1089
190.171.141.138 - - [17/Apr/2019:09:29:29 -0300] "GET /cormun/servlet/trpermisosgoce HTTP/1.1" 200 11353
190.171.141.138 - - [17/Apr/2019:09:29:32 -0300] "GET /cormun/servlet/apermisogoceprn?13097736,P,20190417102231,PU HTTP/1.1" 200 1660
190.171.141.138 - - [17/Apr/2019:09:29:38 -0300] "GET /cormun/servlet/permisogoce?INS,0,,, HTTP/1.1" 200 7340
190.171.141.138 - - [17/Apr/2019:09:29:39 -0300] "GET /cormun/servlet/permisogoce?INS,0,,, HTTP/1.1" 200 7341
190.171.141.138 - - [17/Apr/2019:09:29:41 -0300] "GET /cormun/servlet/prfichaempleado?,MD,,gxPopupLevel%3D0%3B HTTP/1.1" 200 9569
190.171.141.138 - - [17/Apr/2019:09:29:56 -0300] "POST /cormun/servlet/prfichaempleado?49234bda2a337a7304bfb4985ee4cd5c,,MD,,gxPopupLevel%3D0%3B,gx-no-cache=1555500371469 HTTP/1.1" 200 5937
192.168.10.89 - - [17/Apr/2019:09:29:57 -0300] "POST /cormun/servlet/trsolicitudgral?3ffb619fa3d07561c77c1f935edc558e,gx-no-cache=1555509826040,gx-no-cache=1555510993215 HTTP/1.1" 200 6934
190.171.141.138 - - [17/Apr/2019:09:30:05 -0300] "GET /cormun/servlet/permisogoce?5ecc2425ffe196605be2bf2cc995988b2a7fc5e679b24fdee01af1c7a36a7aaeda80c319f44f1b2c91aa5b1b5b9d0a87ba58d189e31c2aa440a662909413417a,gx-no-cache=1555500380202 HTTP/1.1" 200 78
190.171.141.138 - - [17/Apr/2019:09:30:05 -0300] "GET /cormun/static/menuarrow.gif HTTP/1.1" 404 1015
186.103.159.189 - - [17/Apr/2019:09:30:16 -0300] "GET /cormun/servlet/hlogin HTTP/1.1" 200 1722
192.168.10.89 - - [17/Apr/2019:09:30:17 -0300] "GET /cormun/servlet/solicitudgral3?UPD,2019,15320, HTTP/1.1" 200 13270
192.168.10.89 - - [17/Apr/2019:09:30:18 -0300] "POST /cormun/servlet/solicitudgral3?gx-no-cache=1555511014831 HTTP/1.1" 200 4190
192.168.10.89 - - [17/Apr/2019:09:30:18 -0300] "GET /cormun/servlet/solicitudgral3?72678e6794ed6f3fc2be7731dafe4ce6d174a9f59114d86b6bfe8452aea4a47eec27dbb850f835102437ba3f7713b6e2b08f38182b6d773a6f0e8f4ee94ea9e8050661eee0519ec1f2812145e8b558b614d446664bc9eda9a4f4b2f8e07ab281d036ccb88a0f061d5e7f93ebfc11f702c83330a2a4fb90b6bb1718764043845f309072d0e06f7bc2e0739b08ba48ed141d40c1990c4f1702b54e010fd3e39605bf1a3be97bda163f15b9bcf5e2b7721ada2e783795d6b933ad74b634a6ce491b141b607093143b89ac1e6a9682f1ddf6aedac21879bff0d4cee25a95ca8ae30d3c80b77568cad2e5d979375c459d98f235e1ca2c5173d2959da6a28422a39423769c26d52992ba97a1183f448c50e9374f0a4a214be26b02ead5b2e275937d148af1960dadc621248087ea926f4a2599a404b76903e9c580f4eec30fd9b68648a1c440207b65513809697f4240765199,gx-no-cache=1555511015018 HTTP/1.1" 200 240
192.168.10.89 - - [17/Apr/2019:09:30:18 -0300] "GET /cormun/servlet/solicitudgral3?72678e6794ed6f3fc2be7731dafe4ce67ebbca3b46141232aabb0758c3a93b7b02f4fc427ecd61588cabc6e182948f107d94be06db1990b36457154d755d9c908fe55ae80e8036d73753b0d2886feb5c8ddbedc78c39bed70e813a6b0b6ea775,gx-no-cache=1555511015035 HTTP/1.1" 200 42
192.168.10.89 - - [17/Apr/2019:09:30:18 -0300] "GET /cormun/servlet/solicitudgral3?72678e6794ed6f3fc2be7731dafe4ce6285f1db58c17682d59d86dabe96c032d7e5efe3237b69d9ef6444a545fa7980b1837fa4507f6f7ef23c7d7f5cabab2dd3a204f3c0390526908580a020e6e8dead2a2b1309073a4cc447278fa1e517178178fcf55e55bb50b2246f6c3ed4058c9f6f67b379ea5dd405ba0feea663616c4,gx-no-cache=1555511015100 HTTP/1.1" 200 41
192.168.10.89 - - [17/Apr/2019:09:30:28 -0300] "GET /cormun/servlet/solicitudgral3?72678e6794ed6f3fc2be7731dafe4ce6b60fc7f9530c8938d980763c5d6139ec8fe2a920c287ac5532b8d424e87d3951b08f38182b6d773a6f0e8f4ee94ea9e85cb12c17eabd2e647376796be718bf50f5bad4f806d4c2b88181dc7cd7486e1f,gx-no-cache=1555511024735 HTTP/1.1" 200 30
192.168.10.89 - - [17/Apr/2019:09:30:28 -0300] "POST /cormun/servlet/solicitudgral3?gx-no-cache=1555511025062 HTTP/1.1" 200 97
192.168.10.89 - - [17/Apr/2019:09:30:29 -0300] "POST /cormun/servlet/solicitudgral3?3ffb619fa3d07561c77c1f935edc558e,UPD,2019,15320,,gx-no-cache=1555511026062 HTTP/1.1" 200 11921
192.168.10.89 - - [17/Apr/2019:09:30:30 -0300] "GET /cormun/servlet/solicitudgral3?72678e6794ed6f3fc2be7731dafe4ce6338dbe0817bd8ff574dcb24b9601f069a66d29a7e2186a308b38e185de5ff0de20d24ed6d47107a1fe154a36774dd3ef32d744b7d963190176b710f8b061233c83ab74c59350a1ee6a0f3db63cd465abaf0ba8eb45d0e2fdf628afe59893969c0585fe13b75b5f623427cdcb1b3a49ebd7b151bd9563298e5a1a15718296c8a9ec0feb60fd5f7a033bdd3fafd1273c44,gx-no-cache=1555511026780 HTTP/1.1" 200 29
192.168.10.89 - - [17/Apr/2019:09:30:33 -0300] "GET /cormun/servlet/solicitudgral3?72678e6794ed6f3fc2be7731dafe4ce6338dbe0817bd8ff574dcb24b9601f069a66d29a7e2186a308b38e185de5ff0de32e295b70ac7d5eb1f63ca711929f1ee32d744b7d963190176b710f8b061233c83ab74c59350a1ee6a0f3db63cd465abaf0ba8eb45d0e2fdf628afe59893969c0585fe13b75b5f623427cdcb1b3a49ebd7b151bd9563298e5a1a15718296c8a9ec0feb60fd5f7a033bdd3fafd1273c44,gx-no-cache=1555511030209 HTTP/1.1" 200 30
192.168.10.89 - - [17/Apr/2019:09:30:35 -0300] "GET /cormun/servlet/solicitudgral3?72678e6794ed6f3fc2be7731dafe4ce644ce7e9289104389fe11a5f68fd230db5fee945120ddcd2385a3027192a87fbe60bff09bd307fbdbbd23aa1a6d7853a4b08f38182b6d773a6f0e8f4ee94ea9e813e1e3f9d0c207267b8779a675a0e439982168ca259a7fa22d93731bd8465e5589a8bd1e56400213f948f653ca56de5e9e07e89798b87f5803156522f554fc5b,gx-no-cache=1555511031358 HTTP/1.1" 200 30
192.168.10.89 - - [17/Apr/2019:09:30:36 -0300] "POST /cormun/servlet/solicitudgral3?3ffb619fa3d07561c77c1f935edc558e,UPD,2019,15320,,gx-no-cache=1555511032341 HTTP/1.1" 200 93
192.168.10.89 - - [17/Apr/2019:09:30:36 -0300] "GET /cormun/servlet/hpexe_return? HTTP/1.1" 200 1034
192.168.10.89 - - [17/Apr/2019:09:30:36 -0300] "GET /cormun/servlet/trsolicitudgral?gx-no-cache=1555509826040 HTTP/1.1" 200 10036
192.168.10.89 - - [17/Apr/2019:09:30:40 -0300] "GET /cormun/servlet/solicitudgral3?UPD,2019,15319, HTTP/1.1" 200 13271
192.168.10.89 - - [17/Apr/2019:09:30:41 -0300] "POST /cormun/servlet/solicitudgral3?gx-no-cache=1555511037664 HTTP/1.1" 200 4186
192.168.10.89 - - [17/Apr/2019:09:30:41 -0300] "GET /cormun/servlet/solicitudgral3?72678e6794ed6f3fc2be7731dafe4ce6d174a9f59114d86b6bfe8452aea4a47eec27dbb850f835102437ba3f7713b6e2b08f38182b6d773a6f0e8f4ee94ea9e8050661eee0519ec1f2812145e8b558b614d446664bc9eda9a4f4b2f8e07ab281d036ccb88a0f061d5e7f93ebfc11f702c83330a2a4fb90b6bb1718764043845f309072d0e06f7bc2e0739b08ba48ed141d40c1990c4f1702b54e010fd3e39605bf1a3be97bda163f15b9bcf5e2b7721ada2e783795d6b933ad74b634a6ce491b141b607093143b89ac1e6a9682f1ddf6aedac21879bff0d4cee25a95ca8ae30d3c80b77568cad2e5d979375c459d98f235e1ca2c5173d2959da6a28422a39423769c26d52992ba97a1183f448c50e9374f0a4a214be26b02ead5b2e275937d148af1960dadc621248087ea926f4a2599a404b76903e9c580f4eec30fd9b68648a1c440207b65513809697f4240765199,gx-no-cache=1555511037851 HTTP/1.1" 200 240
192.168.10.89 - - [17/Apr/2019:09:30:41 -0300] "GET /cormun/servlet/solicitudgral3?72678e6794ed6f3fc2be7731dafe4ce67ebbca3b46141232aabb0758c3a93b7b02f4fc427ecd61588cabc6e182948f107d94be06db1990b36457154d755d9c908fe55ae80e8036d73753b0d2886feb5c8ddbedc78c39bed70e813a6b0b6ea775,gx-no-cache=1555511037868 HTTP/1.1" 200 42
192.168.10.89 - - [17/Apr/2019:09:30:41 -0300] "GET /cormun/servlet/solicitudgral3?72678e6794ed6f3fc2be7731dafe4ce6285f1db58c17682d59d86dabe96c032d7e5efe3237b69d9ef6444a545fa7980b1837fa4507f6f7ef23c7d7f5cabab2dd3a204f3c0390526908580a020e6e8dead2a2b1309073a4cc447278fa1e517178178fcf55e55bb50b2246f6c3ed4058c9f6f67b379ea5dd405ba0feea663616c4,gx-no-cache=1555511037936 HTTP/1.1" 200 41
192.168.10.89 - - [17/Apr/2019:09:30:42 -0300] "GET /cormun/servlet/solicitudgral3?72678e6794ed6f3fc2be7731dafe4ce6b60fc7f9530c8938d980763c5d6139ec8fe2a920c287ac5532b8d424e87d3951b08f38182b6d773a6f0e8f4ee94ea9e85cb12c17eabd2e647376796be718bf50f5bad4f806d4c2b88181dc7cd7486e1f,gx-no-cache=1555511038363 HTTP/1.1" 200 30
192.168.10.89 - - [17/Apr/2019:09:30:42 -0300] "POST /cormun/servlet/solicitudgral3?gx-no-cache=1555511038759 HTTP/1.1" 200 97
192.168.10.89 - - [17/Apr/2019:09:30:43 -0300] "POST /cormun/servlet/solicitudgral3?3ffb619fa3d07561c77c1f935edc558e,UPD,2019,15319,,gx-no-cache=1555511039750 HTTP/1.1" 200 11916
192.168.10.89 - - [17/Apr/2019:09:30:47 -0300] "GET /cormun/servlet/solicitudgral3?72678e6794ed6f3fc2be7731dafe4ce6338dbe0817bd8ff574dcb24b9601f069a66d29a7e2186a308b38e185de5ff0de32e295b70ac7d5eb1f63ca711929f1ee32d744b7d963190176b710f8b061233c83ab74c59350a1ee6a0f3db63cd465abaf0ba8eb45d0e2fdf628afe59893969c0585fe13b75b5f623427cdcb1b3a49ebd7b151bd9563298e5a1a15718296c8a9ec0feb60fd5f7a033bdd3fafd1273c44,gx-no-cache=1555511043962 HTTP/1.1" 200 30
192.168.10.89 - - [17/Apr/2019:09:30:49 -0300] "GET /cormun/servlet/solicitudgral3?72678e6794ed6f3fc2be7731dafe4ce644ce7e9289104389fe11a5f68fd230db5fee945120ddcd2385a3027192a87fbe60bff09bd307fbdbbd23aa1a6d7853a4b08f38182b6d773a6f0e8f4ee94ea9e813e1e3f9d0c207267b8779a675a0e439982168ca259a7fa22d93731bd8465e5589a8bd1e56400213f948f653ca56de5e9e07e89798b87f5803156522f554fc5b,gx-no-cache=1555511046070 HTTP/1.1" 200 30
192.168.10.89 - - [17/Apr/2019:09:30:51 -0300] "POST /cormun/servlet/solicitudgral3?3ffb619fa3d07561c77c1f935edc558e,UPD,2019,15319,,gx-no-cache=1555511047787 HTTP/1.1" 200 93
192.168.10.89 - - [17/Apr/2019:09:30:51 -0300] "GET /cormun/servlet/hpexe_return? HTTP/1.1" 200 1033
192.168.10.89 - - [17/Apr/2019:09:30:52 -0300] "GET /cormun/servlet/trsolicitudgral?gx-no-cache=1555509826040 HTTP/1.1" 200 10032
186.103.159.189 - - [17/Apr/2019:09:30:53 -0300] "GET /cormun/servlet/hlogin HTTP/1.1" 200 1733
192.168.10.89 - - [17/Apr/2019:09:30:55 -0300] "POST /cormun/servlet/trsolicitudgral?3ffb619fa3d07561c77c1f935edc558e,gx-no-cache=1555509826040,gx-no-cache=1555511051578 HTTP/1.1" 200 5488
192.168.10.89 - - [17/Apr/2019:09:30:55 -0300] "GET /cormun/static/Shared/jqueryui/images/ui-bg_highlight-soft_100_c6c2c8_1x100.png HTTP/1.1" 404 1117
192.168.10.89 - - [17/Apr/2019:09:30:55 -0300] "GET /cormun/static/Shared/jqueryui/images/ui-icons_82798d_256x240.png HTTP/1.1" 404 1089
192.168.10.89 - - [17/Apr/2019:09:30:55 -0300] "GET /cormun/static/Shared/jqueryui/images/ui-icons_8d78a5_256x240.png HTTP/1.1" 404 1089
192.168.10.89 - - [17/Apr/2019:09:30:55 -0300] "GET /cormun/static/Shared/jqueryui/images/ui-bg_flat_55_fafafa_40x100.png HTTP/1.1" 404 1097
190.171.142.26 - - [17/Apr/2019:09:31:03 -0300] "GET /cormun/servlet/hlogin HTTP/1.1" 200 1726
190.171.142.26 - - [17/Apr/2019:09:31:03 -0300] "GET /cormun/servlet/hlogin HTTP/1.1" 200 1730
192.168.10.89 - - [17/Apr/2019:09:31:12 -0300] "POST /cormun/servlet/trsolicitudgral?3ffb619fa3d07561c77c1f935edc558e,gx-no-cache=1555509826040,gx-no-cache=1555511068858 HTTP/1.1" 200 6887
190.171.142.26 - - [17/Apr/2019:09:31:15 -0300] "POST /cormun/servlet/hlogin?9314e7a7ca441321fc960e462c8e1046,gx-no-cache=1555504051762 HTTP/1.1" 200 90
190.171.142.26 - - [17/Apr/2019:09:31:15 -0300] "GET /cormun/servlet/hpexe_link HTTP/1.1" 200 951
190.171.142.26 - - [17/Apr/2019:09:31:15 -0300] "GET /cormun/servlet/hhome HTTP/1.1" 200 4232
190.171.142.26 - - [17/Apr/2019:09:31:15 -0300] "GET /cormun/static/PXToolsJavascripts/pexe_layers.js HTTP/1.1" 304 -
190.171.142.26 - - [17/Apr/2019:09:31:15 -0300] "GET /cormun/static/PXToolsJavascripts/pexe_tabdivfix.js HTTP/1.1" 304 -
190.171.142.26 - - [17/Apr/2019:09:31:15 -0300] "GET /cormun/servlet/hhome HTTP/1.1" 200 4228
190.171.142.26 - - [17/Apr/2019:09:31:20 -0300] "GET /cormun/servlet/trautorizarsolicitud? HTTP/1.1" 200 10402
190.171.142.26 - - [17/Apr/2019:09:31:21 -0300] "GET /cormun/servlet/trautorizarsolicitud? HTTP/1.1" 200 10400
186.103.159.188 - - [17/Apr/2019:09:31:44 -0300] "GET /cormun/servlet/hlogin HTTP/1.1" 200 1713
186.103.159.188 - - [17/Apr/2019:09:31:51 -0300] "POST /cormun/servlet/hlogin?27cd8b8fa305ab1ef4f9484e2827113f,gx-no-cache=1555504086973 HTTP/1.1" 200 90
186.103.159.188 - - [17/Apr/2019:09:31:51 -0300] "GET /cormun/servlet/hpexe_link HTTP/1.1" 200 939
186.103.159.188 - - [17/Apr/2019:09:31:51 -0300] "GET /cormun/servlet/hhome HTTP/1.1" 200 4034
186.103.159.188 - - [17/Apr/2019:09:31:52 -0300] "GET /cormun/servlet/hhome HTTP/1.1" 200 4031
186.103.159.189 - - [17/Apr/2019:09:31:53 -0300] "POST /cormun/servlet/hlogin?d2324dcadd5f14f0a294671dd0841cb1,gx-no-cache=1555500485059 HTTP/1.1" 200 90
186.103.159.189 - - [17/Apr/2019:09:31:53 -0300] "GET /cormun/servlet/hpexe_link HTTP/1.1" 200 953
186.103.159.189 - - [17/Apr/2019:09:31:54 -0300] "GET /cormun/servlet/hhome HTTP/1.1" 200 4060
190.171.141.138 - - [17/Apr/2019:09:31:57 -0300] "GET /cormun/servlet/permisogoce?5ecc2425ffe196605be2bf2cc995988b113f3c48f80cb925d92da0b4f562e74cd1d31e8f62a76dfda9cce33b9f37c00a8135f83701bdc964ec24f38003d74b32,gx-no-cache=1555500491926 HTTP/1.1" 200 47
190.171.141.138 - - [17/Apr/2019:09:31:58 -0300] "POST /cormun/servlet/permisogoce?49234bda2a337a7304bfb4985ee4cd5c,INS,0,,,,gx-no-cache=1555500492965 HTTP/1.1" 200 93
190.171.141.138 - - [17/Apr/2019:09:31:58 -0300] "GET /cormun/servlet/hpexe_return? HTTP/1.1" 200 1006
186.103.159.188 - - [17/Apr/2019:09:31:58 -0300] "GET /cormun/servlet/trsolicitudot? HTTP/1.1" 200 8631
190.171.141.138 - - [17/Apr/2019:09:31:59 -0300] "GET /cormun/servlet/trpermisosgoce HTTP/1.1" 200 11582
186.103.159.188 - - [17/Apr/2019:09:31:59 -0300] "GET /cormun/servlet/trsolicitudot? HTTP/1.1" 200 8629
190.171.141.138 - - [17/Apr/2019:09:32:00 -0300] "GET /cormun/servlet/trpermisosgoce HTTP/1.1" 200 11576
186.103.159.189 - - [17/Apr/2019:09:32:01 -0300] "GET /cormun/servlet/hhome HTTP/1.1" 200 4056
190.171.141.138 - - [17/Apr/2019:09:32:03 -0300] "GET /cormun/servlet/apermisogoceprn?12693082,P,20190417102255,PU HTTP/1.1" 200 1650
186.103.159.188 - - [17/Apr/2019:09:32:04 -0300] "POST /cormun/servlet/trsolicitudot?27cd8b8fa305ab1ef4f9484e2827113f,,gx-no-cache=1555504100344 HTTP/1.1" 200 106
186.103.159.188 - - [17/Apr/2019:09:32:04 -0300] "GET /cormun/servlet/solicitudot?UPD,2019,15326, HTTP/1.1" 200 15538
186.103.159.188 - - [17/Apr/2019:09:32:05 -0300] "GET /cormun/servlet/solicitudot?UPD,2019,15326, HTTP/1.1" 200 15547
186.103.159.189 - - [17/Apr/2019:09:32:05 -0300] "GET /cormun/servlet/trpermisosgoce? HTTP/1.1" 200 11043
186.103.159.189 - - [17/Apr/2019:09:32:10 -0300] "GET /cormun/servlet/trpermisosgoce? HTTP/1.1" 200 11041
207.46.13.107 - - [17/Apr/2019:09:32:13 -0300] "GET /cormun/servlet/trautorizarsolicitud HTTP/1.1" 200 6299
186.103.159.188 - - [17/Apr/2019:09:32:13 -0300] "POST /cormun/servlet/solicitudot?gx-no-cache=1555504109083 HTTP/1.1" 200 3559
186.103.159.188 - - [17/Apr/2019:09:32:14 -0300] "POST /cormun/servlet/solicitudot?27cd8b8fa305ab1ef4f9484e2827113f,UPD,2019,15326,,gx-no-cache=1555504109636 HTTP/1.1" 200 11864
186.103.159.188 - - [17/Apr/2019:09:32:14 -0300] "GET /cormun/servlet/solicitudot?14b41677cf375518de58483eee1f42841b774036734b301669b283fd8d72f4a3ffc21d9601d29e3eb15e5effdd3c72f3,gx-no-cache=1555504110668 HTTP/1.1" 200 30
186.103.159.188 - - [17/Apr/2019:09:32:15 -0300] "GET /cormun/servlet/solicitudot?14b41677cf375518de58483eee1f4284c19180a6fdfdff547efd7ae3446aec1d559b61576cf784426f67393295206a10,gx-no-cache=1555504110807 HTTP/1.1" 200 30
186.103.159.188 - - [17/Apr/2019:09:32:15 -0300] "GET /cormun/servlet/solicitudot?14b41677cf375518de58483eee1f42844c88e3919ffd4640f821d2330fd4edb65889d78506596e834157772aa7a8e100a802e7e15a21f8012c06063eae686d2a,gx-no-cache=1555504110946 HTTP/1.1" 200 53
186.103.159.188 - - [17/Apr/2019:09:32:15 -0300] "POST /cormun/servlet/solicitudot?gx-no-cache=1555504111058 HTTP/1.1" 200 254
186.103.159.188 - - [17/Apr/2019:09:32:15 -0300] "GET /cormun/servlet/solicitudot?14b41677cf375518de58483eee1f42848b216e83c34bbab8bf48d5163222648846ddc0c28efbdd5ad75a64872324f7cc960ee6475118010d35539353eea4fa41e3912a233411b1b2969dde78551710c80d2560261a5670a06d721dd75744cb83855bc82c48a88f818da2730f0b2e14e2df82b9b2b657bd2d847f083e6056449a936c8dbada5380f5b81f7574dbdbcc5e170fa54397de4d9112112d2bf1609e77466447ee92fa5fc20baff1682776d4e2c008d6eeaeab6a8fd338285b4207a51376d52bbacfe3252dc321b47a472d1d217263715bf32fd22fe4c37296b194468a7b3f6c99774c496c5b178ad22aa20a25b56dffedbb2858268c8892321ff1f84b218b953c4cb7533bb0e2b8bc82cfea213b0d7da9adbe8f18b0ef9f86c7bf30957624e88eb7e7f05f0e2d15379d4167b1011de2d6c3d19d1248b48cf1e0188207084128f1f639e77c4bd98d5b7af3c830ecf7c269b5a058866ff3ccd00288bafe1cce51720f4c3d571ff1a7e1c0b72d40721d2f7de112703c954c47f9d8446abf,gx-no-cache=1555504111207 HTTP/1.1" 200 30
186.103.159.188 - - [17/Apr/2019:09:32:16 -0300] "POST /cormun/servlet/solicitudot?gx-no-cache=1555504111864 HTTP/1.1" 200 30
186.103.159.188 - - [17/Apr/2019:09:32:16 -0300] "POST /cormun/servlet/solicitudot?gx-no-cache=1555504111990 HTTP/1.1" 200 1344
186.103.159.188 - - [17/Apr/2019:09:32:16 -0300] "POST /cormun/servlet/solicitudot?gx-no-cache=1555504112236 HTTP/1.1" 200 40
186.103.159.188 - - [17/Apr/2019:09:32:22 -0300] "GET /cormun/servlet/solicitudot?14b41677cf375518de58483eee1f4284c2255d33e591dda3a91aa640c7e3adf7b299b3b90faef2f416a1b63099be0d86b4e5a38d60cf9d19505666b4df995e7c423261cb830d24446fd7acc9bff56632066874b99c21c9ea4e70152f28ce9d4c47f537c7381e64e16f3b580830eab5a8,gx-no-cache=1555504117953 HTTP/1.1" 200 110
186.103.159.188 - - [17/Apr/2019:09:32:22 -0300] "POST /cormun/servlet/solicitudot?gx-no-cache=1555504118083 HTTP/1.1" 200 67
186.103.159.189 - - [17/Apr/2019:09:32:31 -0300] "GET /cormun/servlet/trpermisosadjuntos?6885419,20190415130639,P, HTTP/1.1" 200 6369
186.103.159.189 - - [17/Apr/2019:09:32:34 -0300] "GET /cormun/servlet/trpermisosadjuntos?6885419,20190415130639,P, HTTP/1.1" 200 6369
186.103.159.189 - - [17/Apr/2019:09:32:37 -0300] "GET /cormun/servlet/permisosadjuntos?INS,6885419,P,20190415130639,, HTTP/1.1" 200 5697
186.103.159.189 - - [17/Apr/2019:09:32:38 -0300] "GET /cormun/static/about:blank HTTP/1.1" 404 1011
186.103.159.189 - - [17/Apr/2019:09:32:40 -0300] "GET /cormun/servlet/permisosadjuntos?INS,6885419,P,20190415130639,, HTTP/1.1" 200 5687
186.103.159.189 - - [17/Apr/2019:09:33:05 -0300] "POST /cormun/servlet/permisosadjuntos?d2324dcadd5f14f0a294671dd0841cb1,INS,6885419,P,20190415130639,, HTTP/1.1" 200 116
186.103.159.189 - - [17/Apr/2019:09:33:06 -0300] "GET /cormun/servlet/hpexe_return? HTTP/1.1" 200 1040
186.103.159.189 - - [17/Apr/2019:09:33:06 -0300] "GET /cormun/servlet/trpermisosadjuntos?6885419,20190415130639,P, HTTP/1.1" 200 6861
186.103.159.189 - - [17/Apr/2019:09:33:10 -0300] "GET /cormun/servlet/trpermisosadjuntos?6885419,20190415130639,P, HTTP/1.1" 200 6857
186.103.159.189 - - [17/Apr/2019:09:33:14 -0300] "POST /cormun/servlet/trpermisosadjuntos?d2324dcadd5f14f0a294671dd0841cb1,6885419,20190415130639,P,,gx-no-cache=1555500566936 HTTP/1.1" 200 90
186.103.159.189 - - [17/Apr/2019:09:33:14 -0300] "GET /cormun/servlet/hpexe_link HTTP/1.1" 200 985
186.103.159.189 - - [17/Apr/2019:09:33:15 -0300] "GET /cormun/servlet/trpermisosgoce HTTP/1.1" 200 11042
186.103.159.189 - - [17/Apr/2019:09:33:18 -0300] "GET /cormun/servlet/trpermisosgoce HTTP/1.1" 200 11041
40.77.193.161 - - [17/Apr/2019:09:33:21 -0300] "GET /cormun/static/gxui/gxui-all.css?120300 HTTP/1.1" 200 2179
40.77.192.130 - - [17/Apr/2019:09:33:22 -0300] "GET /cormun/static/Shared/ext/resources/css/ext-all.css?215870 HTTP/1.1" 200 416045
40.77.193.37 - - [17/Apr/2019:09:33:22 -0300] "GET /cormun/static/gxui/gxui-all.css?120300 HTTP/1.1" 200 2179
40.77.195.20 - - [17/Apr/2019:09:33:22 -0300] "GET /cormun/static/Shared/ext/resources/css/ext-all.css?215870 HTTP/1.1" 200 416045
40.77.192.80 - - [17/Apr/2019:09:33:22 -0300] "GET /cormun/static/calendar-system.css?85620 HTTP/1.1" 200 5572
186.103.159.189 - - [17/Apr/2019:09:33:23 -0300] "POST /cormun/servlet/trpermisosgoce?d2324dcadd5f14f0a294671dd0841cb1,gx-no-cache=1555500575329 HTTP/1.1" 200 8235
40.77.193.247 - - [17/Apr/2019:09:33:23 -0300] "GET /cormun/static/calendar-system.css?85620 HTTP/1.1" 200 5572
186.103.159.189 - - [17/Apr/2019:09:33:24 -0300] "GET /cormun/static/Shared/jqueryui/images/ui-bg_highlight-soft_100_c6c2c8_1x100.png HTTP/1.1" 404 1117
186.103.159.189 - - [17/Apr/2019:09:33:24 -0300] "GET /cormun/static/Shared/jqueryui/images/ui-icons_82798d_256x240.png HTTP/1.1" 404 1089
186.103.159.189 - - [17/Apr/2019:09:33:24 -0300] "GET /cormun/static/Shared/jqueryui/images/ui-bg_flat_55_fafafa_40x100.png HTTP/1.1" 404 1097
186.103.159.189 - - [17/Apr/2019:09:33:24 -0300] "GET /cormun/static/Shared/jqueryui/images/ui-icons_8d78a5_256x240.png HTTP/1.1" 404 1089
40.77.194.227 - - [17/Apr/2019:09:33:26 -0300] "GET /cormun/static/gxcfg.js?2017111423403364 HTTP/1.1" 200 953
40.77.194.219 - - [17/Apr/2019:09:33:27 -0300] "GET /cormun/static/gxcfg.js?2017111423403364 HTTP/1.1" 200 953
40.77.193.12 - - [17/Apr/2019:09:33:34 -0300] "GET /cormun/static/PXToolsJavascripts/pexe_windows.js HTTP/1.1" 200 15207
40.77.253.99 - - [17/Apr/2019:09:33:45 -0300] "GET /cormun/static/trautorizarsolicitud.js?201711142340425 HTTP/1.1" 200 53910
40.77.194.82 - - [17/Apr/2019:09:33:45 -0300] "GET /cormun/static/trautorizarsolicitud.js?201711142340425 HTTP/1.1" 200 53910
186.103.159.188 - - [17/Apr/2019:09:34:06 -0300] "GET /cormun/servlet/solicitudot?14b41677cf375518de58483eee1f4284c4ca3f4e7a7db951f6c2abba9617ab04d1b623deb23c8314e691d4eb72b024bbc9f20cea67ac30980bd339cd9203336a9779ed831ab80a7a6342e289aad8ce37daf25bdd683994f2e390f1f88efb65f9b911552c675e100d1179c6c6785b93eb0b52d7907cdf9aada975819d7cf4f2dff6280261fdbf6a0921b80099ce99e96ea94845e55088c74bf9bbb7f1fa132b80,gx-no-cache=1555504222628 HTTP/1.1" 200 29
186.103.159.188 - - [17/Apr/2019:09:34:07 -0300] "GET /cormun/static/menuarrow.gif HTTP/1.1" 404 1015
186.103.159.188 - - [17/Apr/2019:09:34:10 -0300] "GET /cormun/servlet/solicitudot?14b41677cf375518de58483eee1f4284d6c2571564a92221becec2971313a978333073f7c4f1f094b43dc1e7ff36a785,gx-no-cache=1555504226300 HTTP/1.1" 200 30
186.103.159.188 - - [17/Apr/2019:09:34:10 -0300] "POST /cormun/servlet/solicitudot?gx-no-cache=1555504226408 HTTP/1.1" 200 30
186.103.159.188 - - [17/Apr/2019:09:34:11 -0300] "POST /cormun/servlet/solicitudot?27cd8b8fa305ab1ef4f9484e2827113f,UPD,2019,15326,,gx-no-cache=1555504226538 HTTP/1.1" 200 93
186.103.159.188 - - [17/Apr/2019:09:34:11 -0300] "GET /cormun/servlet/hpexe_return? HTTP/1.1" 200 1002
186.103.159.188 - - [17/Apr/2019:09:34:11 -0300] "GET /cormun/servlet/trsolicitudot HTTP/1.1" 200 8644
186.103.159.188 - - [17/Apr/2019:09:34:12 -0300] "GET /cormun/servlet/trsolicitudot HTTP/1.1" 200 8640
186.103.159.188 - - [17/Apr/2019:09:34:18 -0300] "POST /cormun/servlet/trsolicitudot?27cd8b8fa305ab1ef4f9484e2827113f,gx-no-cache=1555504233618 HTTP/1.1" 200 4542
186.103.159.188 - - [17/Apr/2019:09:34:18 -0300] "GET /cormun/static/Shared/jqueryui/images/ui-bg_highlight-soft_100_c6c2c8_1x100.png HTTP/1.1" 404 1117
186.103.159.188 - - [17/Apr/2019:09:34:18 -0300] "GET /cormun/static/Shared/jqueryui/images/ui-icons_82798d_256x240.png HTTP/1.1" 404 1089
186.103.159.188 - - [17/Apr/2019:09:34:18 -0300] "GET /cormun/static/Shared/jqueryui/images/ui-bg_flat_55_fafafa_40x100.png HTTP/1.1" 404 1097
186.103.159.188 - - [17/Apr/2019:09:34:19 -0300] "GET /cormun/static/Shared/jqueryui/images/ui-icons_8d78a5_256x240.png HTTP/1.1" 404 1089
186.103.159.188 - - [17/Apr/2019:09:34:19 -0300] "POST /cormun/servlet/trsolicitudot?27cd8b8fa305ab1ef4f9484e2827113f,gx-no-cache=1555504234761 HTTP/1.1" 200 4305
190.171.142.26 - - [17/Apr/2019:09:34:36 -0300] "GET /cormun/servlet/trautorizarsolicitud? HTTP/1.1" 200 10833
190.171.142.26 - - [17/Apr/2019:09:34:36 -0300] "GET /cormun/servlet/trautorizarsolicitud? HTTP/1.1" 200 10833
190.171.142.26 - - [17/Apr/2019:09:34:48 -0300] "POST /cormun/servlet/trautorizarsolicitud?9314e7a7ca441321fc960e462c8e1046,,gx-no-cache=1555504265014 HTTP/1.1" 200 7637
190.171.142.26 - - [17/Apr/2019:09:34:48 -0300] "GET /cormun/static/Shared/jqueryui/images/ui-icons_82798d_256x240.png HTTP/1.1" 404 1089
190.171.142.26 - - [17/Apr/2019:09:34:48 -0300] "GET /cormun/static/Shared/jqueryui/images/ui-bg_highlight-soft_100_c6c2c8_1x100.png HTTP/1.1" 404 1117
190.171.142.26 - - [17/Apr/2019:09:34:48 -0300] "GET /cormun/static/Shared/jqueryui/images/ui-icons_8d78a5_256x240.png HTTP/1.1" 404 1089
190.171.142.26 - - [17/Apr/2019:09:34:48 -0300] "GET /cormun/static/Shared/jqueryui/images/ui-bg_flat_55_fafafa_40x100.png HTTP/1.1" 404 1097
190.171.142.26 - - [17/Apr/2019:09:34:48 -0300] "POST /cormun/servlet/trautorizarsolicitud?9314e7a7ca441321fc960e462c8e1046,,gx-no-cache=1555504265499 HTTP/1.1" 200 7581
190.171.142.26 - - [17/Apr/2019:09:34:49 -0300] "POST /cormun/servlet/trautorizarsolicitud?9314e7a7ca441321fc960e462c8e1046,,gx-no-cache=1555504266594 HTTP/1.1" 200 7277
190.171.142.26 - - [17/Apr/2019:09:34:50 -0300] "POST /cormun/servlet/trautorizarsolicitud?9314e7a7ca441321fc960e462c8e1046,,gx-no-cache=1555504266892 HTTP/1.1" 200 7220
190.171.142.26 - - [17/Apr/2019:09:34:51 -0300] "POST /cormun/servlet/trautorizarsolicitud?9314e7a7ca441321fc960e462c8e1046,,gx-no-cache=1555504267816 HTTP/1.1" 200 6689
190.171.142.26 - - [17/Apr/2019:09:34:51 -0300] "POST /cormun/servlet/trautorizarsolicitud?9314e7a7ca441321fc960e462c8e1046,,gx-no-cache=1555504268162 HTTP/1.1" 200 6631
190.171.142.26 - - [17/Apr/2019:09:34:52 -0300] "POST /cormun/servlet/trautorizarsolicitud?9314e7a7ca441321fc960e462c8e1046,,gx-no-cache=1555504269176 HTTP/1.1" 200 6300
190.171.142.26 - - [17/Apr/2019:09:34:52 -0300] "POST /cormun/servlet/trautorizarsolicitud?9314e7a7ca441321fc960e462c8e1046,,gx-no-cache=1555504269606 HTTP/1.1" 200 6243
190.171.142.26 - - [17/Apr/2019:09:34:53 -0300] "POST /cormun/servlet/trautorizarsolicitud?9314e7a7ca441321fc960e462c8e1046,,gx-no-cache=1555504270504 HTTP/1.1" 200 5862
190.171.142.26 - - [17/Apr/2019:09:34:54 -0300] "POST /cormun/servlet/trautorizarsolicitud?9314e7a7ca441321fc960e462c8e1046,,gx-no-cache=1555504270811 HTTP/1.1" 200 5807
190.171.142.26 - - [17/Apr/2019:09:34:55 -0300] "POST /cormun/servlet/trautorizarsolicitud?9314e7a7ca441321fc960e462c8e1046,,gx-no-cache=1555504272191 HTTP/1.1" 200 4691
190.171.142.26 - - [17/Apr/2019:09:34:55 -0300] "POST /cormun/servlet/trautorizarsolicitud?9314e7a7ca441321fc960e462c8e1046,,gx-no-cache=1555504272487 HTTP/1.1" 200 4459
200.54.103.162 - - [17/Apr/2019:09:34:59 -0300] "GET /cormun/servlet/hlogin HTTP/1.1" 200 1720
200.54.103.162 - - [17/Apr/2019:09:35:07 -0300] "POST /cormun/servlet/hlogin?c3147df2efdc1778654f018e3f6ba1fd,gx-no-cache=1555504284658 HTTP/1.1" 200 90
200.54.103.162 - - [17/Apr/2019:09:35:07 -0300] "GET /cormun/servlet/hpexe_link HTTP/1.1" 200 951
