190.171.149.90 - - [17/Apr/2019:11:12:39 -0300] "GET /cormun/static/Shared/jqueryui/images/ui-bg_highlight-soft_100_c6c2c8_1x100.png HTTP/1.1" 404 1117
190.171.149.90 - - [17/Apr/2019:11:12:39 -0300] "POST /cormun/servlet/trsolicitudot?79144783d01b125cbda742e1c7036e67,gx-no-cache=1555510135188 HTTP/1.1" 200 6203
192.168.10.96 - - [17/Apr/2019:11:12:39 -0300] "GET /cormun/servlet/hhome HTTP/1.1" 200 4259
192.168.10.96 - - [17/Apr/2019:11:12:43 -0300] "GET /cormun/servlet/trsolicitudot? HTTP/1.1" 200 8806
192.168.10.96 - - [17/Apr/2019:11:12:43 -0300] "GET /cormun/servlet/trsolicitudot? HTTP/1.1" 200 8804
192.168.10.96 - - [17/Apr/2019:11:12:47 -0300] "POST /cormun/servlet/trsolicitudot?df7d29e5a9b03bb41fcc846520d4d395,,gx-no-cache=1555517163155 HTTP/1.1" 200 4729
192.168.10.96 - - [17/Apr/2019:11:12:47 -0300] "GET /cormun/static/Shared/jqueryui/images/ui-bg_highlight-soft_100_c6c2c8_1x100.png HTTP/1.1" 404 1117
192.168.10.96 - - [17/Apr/2019:11:12:47 -0300] "GET /cormun/static/Shared/jqueryui/images/ui-icons_82798d_256x240.png HTTP/1.1" 404 1089
192.168.10.96 - - [17/Apr/2019:11:12:47 -0300] "GET /cormun/static/Shared/jqueryui/images/ui-bg_flat_55_fafafa_40x100.png HTTP/1.1" 404 1097
192.168.10.96 - - [17/Apr/2019:11:12:47 -0300] "GET /cormun/static/Shared/jqueryui/images/ui-icons_8d78a5_256x240.png HTTP/1.1" 404 1089
192.168.10.96 - - [17/Apr/2019:11:12:47 -0300] "POST /cormun/servlet/trsolicitudot?df7d29e5a9b03bb41fcc846520d4d395,,gx-no-cache=1555517163338 HTTP/1.1" 200 4531
186.67.164.138 - - [17/Apr/2019:11:12:49 -0300] "GET /cormun/servlet/solicitudot?INS,0,0, HTTP/1.1" 200 15041
192.168.10.96 - - [17/Apr/2019:11:12:50 -0300] "POST /cormun/servlet/trsolicitudot?df7d29e5a9b03bb41fcc846520d4d395,,gx-no-cache=1555517166799 HTTP/1.1" 200 4552
186.67.164.138 - - [17/Apr/2019:11:12:50 -0300] "GET /cormun/servlet/solicitudot?INS,0,0, HTTP/1.1" 200 15024
192.168.10.96 - - [17/Apr/2019:11:12:55 -0300] "GET /cormun/servlet/trautorizarsolicitud? HTTP/1.1" 200 8695
192.168.10.96 - - [17/Apr/2019:11:12:56 -0300] "GET /cormun/servlet/trautorizarsolicitud? HTTP/1.1" 200 8695
186.67.164.138 - - [17/Apr/2019:11:12:56 -0300] "POST /cormun/servlet/solicitudot?gx-no-cache=1555510151964 HTTP/1.1" 200 3458
186.67.164.138 - - [17/Apr/2019:11:12:56 -0300] "POST /cormun/servlet/solicitudot?abed7e21daa3d9c3ee5f59a6966a7fd3,INS,0,0,,gx-no-cache=1555510152158 HTTP/1.1" 200 11718
192.168.10.96 - - [17/Apr/2019:11:13:00 -0300] "POST /cormun/servlet/trautorizarsolicitud?df7d29e5a9b03bb41fcc846520d4d395,,gx-no-cache=1555517176194 HTTP/1.1" 200 4663
192.168.10.96 - - [17/Apr/2019:11:13:00 -0300] "GET /cormun/static/Shared/jqueryui/images/ui-icons_82798d_256x240.png HTTP/1.1" 404 1089
192.168.10.96 - - [17/Apr/2019:11:13:00 -0300] "GET /cormun/static/Shared/jqueryui/images/ui-bg_highlight-soft_100_c6c2c8_1x100.png HTTP/1.1" 404 1117
192.168.10.96 - - [17/Apr/2019:11:13:00 -0300] "GET /cormun/static/Shared/jqueryui/images/ui-bg_flat_55_fafafa_40x100.png HTTP/1.1" 404 1097
192.168.10.96 - - [17/Apr/2019:11:13:00 -0300] "GET /cormun/static/Shared/jqueryui/images/ui-icons_8d78a5_256x240.png HTTP/1.1" 404 1089
192.168.10.96 - - [17/Apr/2019:11:13:00 -0300] "POST /cormun/servlet/trautorizarsolicitud?df7d29e5a9b03bb41fcc846520d4d395,,gx-no-cache=1555517176592 HTTP/1.1" 200 4467
192.168.10.96 - - [17/Apr/2019:11:13:04 -0300] "POST /cormun/servlet/trautorizarsolicitud?df7d29e5a9b03bb41fcc846520d4d395,,gx-no-cache=1555517180730 HTTP/1.1" 200 90
192.168.10.96 - - [17/Apr/2019:11:13:04 -0300] "GET /cormun/servlet/hpexe_link HTTP/1.1" 200 966
192.168.10.96 - - [17/Apr/2019:11:13:04 -0300] "GET /cormun/servlet/trsolicitudot? HTTP/1.1" 200 8807
192.168.10.96 - - [17/Apr/2019:11:13:05 -0300] "GET /cormun/servlet/trsolicitudot? HTTP/1.1" 200 8806
192.168.10.96 - - [17/Apr/2019:11:13:06 -0300] "GET /cormun/servlet/hlogin HTTP/1.1" 200 1742
186.67.164.138 - - [17/Apr/2019:11:13:07 -0300] "GET /cormun/servlet/solicitudot?1b2bb7517224d3312d4b00ff99fc0840b4d81d6561d13248d5d8359ad0dbbf1cbf63b7f6f227ea61d2c187104a5b051e,gx-no-cache=1555510163245 HTTP/1.1" 200 30
190.171.149.90 - - [17/Apr/2019:11:13:10 -0300] "GET /cormun/servlet/trcontratounov2? HTTP/1.1" 200 8119
190.171.149.90 - - [17/Apr/2019:11:13:10 -0300] "GET /cormun/static/gxui/gxui-all.css?110300 HTTP/1.1" 200 2179
190.171.149.90 - - [17/Apr/2019:11:13:10 -0300] "GET /cormun/static/Resources/logo4.png HTTP/1.1" 200 6582
190.171.149.90 - - [17/Apr/2019:11:13:10 -0300] "GET /cormun/static/Resources/PXToolsHeaderActionsLeft.png HTTP/1.1" 200 1118
190.171.149.90 - - [17/Apr/2019:11:13:11 -0300] "GET /cormun/servlet/trcontratounov2? HTTP/1.1" 200 8119
192.168.10.96 - - [17/Apr/2019:11:14:00 -0300] "POST /cormun/servlet/hlogin?df7d29e5a9b03bb41fcc846520d4d395,gx-no-cache=1555517237050 HTTP/1.1" 200 90
192.168.10.96 - - [17/Apr/2019:11:14:00 -0300] "GET /cormun/servlet/hpexe_link HTTP/1.1" 200 953
192.168.10.96 - - [17/Apr/2019:11:14:00 -0300] "GET /cormun/servlet/hhome HTTP/1.1" 200 4778
192.168.10.96 - - [17/Apr/2019:11:14:01 -0300] "GET /cormun/servlet/hhome HTTP/1.1" 200 4775
186.67.164.138 - - [17/Apr/2019:11:14:25 -0300] "GET /cormun/servlet/solicitudot?1b2bb7517224d3312d4b00ff99fc084033ed8daeeef8ca274d6ed38cb074fa902489b8e534910c318a6517a9b6fb1fd9bf63b7f6f227ea61d2c187104a5b051e,gx-no-cache=1555510240536 HTTP/1.1" 200 30
186.67.164.138 - - [17/Apr/2019:11:14:25 -0300] "GET /cormun/servlet/solicitudot?1b2bb7517224d3312d4b00ff99fc08402b38e7525209a8944ad3fdd799777aac,gx-no-cache=1555510240715 HTTP/1.1" 200 29
186.67.164.138 - - [17/Apr/2019:11:14:26 -0300] "POST /cormun/servlet/solicitudot?gx-no-cache=1555510242027 HTTP/1.1" 200 255
186.67.164.138 - - [17/Apr/2019:11:14:28 -0300] "GET /cormun/servlet/solicitudot?1b2bb7517224d3312d4b00ff99fc0840cecde9d0ac543449326d7fd1ce6915ee6c27b321572daecfa400f3f1cff790ece4d86053ab0da5917927bf89efdc0f844474876c8db02bdf22b5eedf38f008049021a81c95a06ca0cae0c74a31f898bedf3830b7343dc30777a322847f6cb38cde67362de8861727d4e5a8030292e1886ec870ff9cabcb40447080f44993f6989e3e93e3d6a5bf143de3bc236253fbfd66702ec1d99de37a127c0faec8f552c9ae609903255c5128e29ebe2de9ae7dbc8b451d5024b615a4d7dd2023611bea78158962d9f9675a1e74beab718f7dcf595d1b534d408b657c6095c0821c978b5fcd559dad940bf74eb45bcd865298b5b488cf3c2446bf1767921809adf1edb2d07f14d980fe004b523542efad19159891a8ea43bd9c2dbdf528313e7cc9f776bb9f0ec66e5ca156f064ab30e45025cd81c4bdff9d3d90ce12e899759b3de7db35d4722ce9cbdd5308eb9161eeb7abd9d48bdab8bc65dd681f208226094fc88f12a3214b69f32fb2862eed1968fd893547,gx-no-cache=1555510243615 HTTP/1.1" 200 30
186.67.164.138 - - [17/Apr/2019:11:14:30 -0300] "POST /cormun/servlet/solicitudot?gx-no-cache=1555510246210 HTTP/1.1" 200 30
186.67.164.138 - - [17/Apr/2019:11:14:32 -0300] "GET /cormun/servlet/prcontratosol?15125383,,,,,MD,,gxPopupLevel%3D0%3B HTTP/1.1" 200 7583
186.67.164.138 - - [17/Apr/2019:11:14:36 -0300] "POST /cormun/servlet/solicitudot?gx-no-cache=1555510251602 HTTP/1.1" 200 1344
186.67.164.138 - - [17/Apr/2019:11:14:36 -0300] "POST /cormun/servlet/solicitudot?gx-no-cache=1555510251645 HTTP/1.1" 200 38
186.67.164.138 - - [17/Apr/2019:11:14:36 -0300] "GET /cormun/servlet/solicitudot?1b2bb7517224d3312d4b00ff99fc084051a6a6e4cc7ac368d26a880c046b82b2282c0a0dec11dab4f951b7c69dd3b5640dad0bd616739b33637b90cae6bf7cab67846b202a5f40e71069fdc597f064b00de907dbc64190523ce58829411573202561076eefb680d0e8273efbce09b627,gx-no-cache=1555510251669 HTTP/1.1" 200 110
186.67.164.138 - - [17/Apr/2019:11:14:36 -0300] "POST /cormun/servlet/solicitudot?gx-no-cache=1555510251693 HTTP/1.1" 200 97
186.67.164.138 - - [17/Apr/2019:11:14:36 -0300] "GET /cormun/servlet/solicitudot?1b2bb7517224d3312d4b00ff99fc0840c689e5a20470840897305782b234175fe90ff8a86a2407b14fd678cf6284ccc63ca2642b600cdaccc76242c9a233509a240ab4dc8b9ea48e68ad19362aa5d11ba1e622573234576a812aa9db9d08eee4a704f3ee0028134a1ab2a78f1a413e72,gx-no-cache=1555510251726 HTTP/1.1" 200 29
186.67.164.138 - - [17/Apr/2019:11:14:36 -0300] "GET /cormun/servlet/solicitudot?1b2bb7517224d3312d4b00ff99fc0840cd2853714f32c2a03a9d4758124b3fcde0b93855094c6e9a7e217a3e6a852159,gx-no-cache=1555510251746 HTTP/1.1" 200 134
186.67.164.138 - - [17/Apr/2019:11:14:36 -0300] "GET /cormun/static/Shared/jqueryui/images/ui-bg_highlight-soft_100_c6c2c8_1x100.png HTTP/1.1" 404 1117
186.67.164.138 - - [17/Apr/2019:11:14:36 -0300] "GET /cormun/static/Shared/jqueryui/images/ui-icons_82798d_256x240.png HTTP/1.1" 404 1089
186.67.164.138 - - [17/Apr/2019:11:14:36 -0300] "GET /cormun/static/Shared/jqueryui/images/ui-icons_ebccce_256x240.png HTTP/1.1" 404 1089
186.67.164.138 - - [17/Apr/2019:11:14:36 -0300] "GET /cormun/static/Shared/jqueryui/images/ui-bg_flat_55_994d53_40x100.png HTTP/1.1" 404 1097
190.171.143.106 - - [17/Apr/2019:11:14:46 -0300] "GET /cormun/servlet/hlogin HTTP/1.1" 200 1720
190.171.143.106 - - [17/Apr/2019:11:14:48 -0300] "POST /cormun/servlet/hlogin?dd033c741267bd53d565b0d73146f1d7,gx-no-cache=1555510263430 HTTP/1.1" 200 90
190.171.143.106 - - [17/Apr/2019:11:14:48 -0300] "GET /cormun/servlet/hpexe_link HTTP/1.1" 200 948
190.171.143.106 - - [17/Apr/2019:11:14:49 -0300] "GET /cormun/servlet/hhome HTTP/1.1" 200 4073
190.171.143.106 - - [17/Apr/2019:11:14:50 -0300] "GET /cormun/servlet/hhome HTTP/1.1" 200 4069
190.171.143.106 - - [17/Apr/2019:11:14:55 -0300] "GET /cormun/servlet/trpermisosgoce? HTTP/1.1" 200 9377
190.171.143.106 - - [17/Apr/2019:11:14:55 -0300] "GET /cormun/static/gxcfg.js?20177612163875 HTTP/1.1" 200 953
190.171.143.106 - - [17/Apr/2019:11:14:55 -0300] "GET /cormun/static/trpermisosgoce.js?20177612164335 HTTP/1.1" 200 35904
190.171.143.106 - - [17/Apr/2019:11:14:55 -0300] "GET /cormun/servlet/trpermisosgoce? HTTP/1.1" 200 9375
190.171.143.106 - - [17/Apr/2019:11:15:01 -0300] "GET /cormun/servlet/trpermisosadjuntos?14332418,20190416123614,P, HTTP/1.1" 200 6392
190.171.143.106 - - [17/Apr/2019:11:15:01 -0300] "GET /cormun/static/gxcfg.js?201762817193957 HTTP/1.1" 200 953
190.171.143.106 - - [17/Apr/2019:11:15:01 -0300] "GET /cormun/static/trpermisosadjuntos.js?201762817194366 HTTP/1.1" 200 20158
190.171.143.106 - - [17/Apr/2019:11:15:01 -0300] "GET /cormun/servlet/trpermisosadjuntos?14332418,20190416123614,P, HTTP/1.1" 200 6392
190.171.143.106 - - [17/Apr/2019:11:15:03 -0300] "GET /cormun/servlet/permisosadjuntos?INS,14332418,P,20190416123614,, HTTP/1.1" 200 5719
190.171.143.106 - - [17/Apr/2019:11:15:03 -0300] "GET /cormun/static/gxcfg.js?201762717441171 HTTP/1.1" 200 953
190.171.143.106 - - [17/Apr/2019:11:15:03 -0300] "GET /cormun/static/permisosadjuntos.js?201762717441184 HTTP/1.1" 200 8724
190.171.143.106 - - [17/Apr/2019:11:15:03 -0300] "GET /cormun/static/about:blank HTTP/1.1" 404 1011
190.171.143.106 - - [17/Apr/2019:11:15:03 -0300] "GET /cormun/servlet/permisosadjuntos?INS,14332418,P,20190416123614,, HTTP/1.1" 200 5709
192.168.10.89 - - [17/Apr/2019:11:15:16 -0300] "POST /cormun/servlet/trsolicitudgral?3ffb619fa3d07561c77c1f935edc558e,,gx-no-cache=1555517312643 HTTP/1.1" 200 6648
190.171.143.106 - - [17/Apr/2019:11:15:17 -0300] "POST /cormun/servlet/permisosadjuntos?dd033c741267bd53d565b0d73146f1d7,INS,14332418,P,20190416123614,, HTTP/1.1" 200 116
190.171.143.106 - - [17/Apr/2019:11:15:17 -0300] "GET /cormun/servlet/hpexe_return? HTTP/1.1" 200 1037
190.171.143.106 - - [17/Apr/2019:11:15:17 -0300] "GET /cormun/servlet/trpermisosadjuntos?14332418,20190416123614,P, HTTP/1.1" 200 6875
190.171.143.106 - - [17/Apr/2019:11:15:17 -0300] "GET /cormun/servlet/trpermisosadjuntos?14332418,20190416123614,P, HTTP/1.1" 200 6871
186.67.164.138 - - [17/Apr/2019:11:15:24 -0300] "GET /cormun/servlet/solicitudot?1b2bb7517224d3312d4b00ff99fc084051a6a6e4cc7ac368d26a880c046b82b2282c0a0dec11dab4f951b7c69dd3b5640dad0bd616739b33637b90cae6bf7cab67846b202a5f40e71069fdc597f064b00de907dbc64190523ce58829411573202561076eefb680d0e8273efbce09b627,gx-no-cache=1555510300216 HTTP/1.1" 200 110
186.67.164.138 - - [17/Apr/2019:11:15:30 -0300] "POST /cormun/servlet/solicitudot?gx-no-cache=1555510305601 HTTP/1.1" 200 72
192.168.10.89 - - [17/Apr/2019:11:15:38 -0300] "POST /cormun/servlet/trsolicitudgral?3ffb619fa3d07561c77c1f935edc558e,,gx-no-cache=1555517333657 HTTP/1.1" 200 25332
186.67.164.138 - - [17/Apr/2019:11:15:38 -0300] "GET /cormun/static/menuarrow.gif HTTP/1.1" 404 1015
186.67.164.138 - - [17/Apr/2019:11:15:42 -0300] "GET /cormun/servlet/solicitudot?1b2bb7517224d3312d4b00ff99fc0840331411e6681c911e7c843253be26b20b53c61185fb5093eb7635d471ba8b59e4,gx-no-cache=1555510318419 HTTP/1.1" 200 30
186.67.164.138 - - [17/Apr/2019:11:15:42 -0300] "POST /cormun/servlet/solicitudot?gx-no-cache=1555510318453 HTTP/1.1" 200 33
192.168.10.89 - - [17/Apr/2019:11:15:47 -0300] "POST /cormun/servlet/trsolicitudgral?3ffb619fa3d07561c77c1f935edc558e,,gx-no-cache=1555517343586 HTTP/1.1" 200 6648
186.67.164.138 - - [17/Apr/2019:11:15:55 -0300] "POST /cormun/servlet/solicitudot?abed7e21daa3d9c3ee5f59a6966a7fd3,INS,0,0,,gx-no-cache=1555510330812 HTTP/1.1" 200 93
186.67.164.138 - - [17/Apr/2019:11:15:55 -0300] "GET /cormun/servlet/hpexe_return? HTTP/1.1" 200 1023
186.67.164.138 - - [17/Apr/2019:11:15:55 -0300] "GET /cormun/servlet/trsolicitudot?gx-no-cache=1555509358921 HTTP/1.1" 200 8666
186.67.164.138 - - [17/Apr/2019:11:15:56 -0300] "GET /cormun/servlet/trsolicitudot?gx-no-cache=1555509358921 HTTP/1.1" 200 8684
200.54.103.162 - - [17/Apr/2019:11:15:59 -0300] "GET /cormun/servlet/hlogin HTTP/1.1" 200 1718
190.171.143.106 - - [17/Apr/2019:11:16:07 -0300] "GET /cormun/servlet/trpermisosgoce? HTTP/1.1" 200 9376
190.171.143.106 - - [17/Apr/2019:11:16:08 -0300] "GET /cormun/servlet/trpermisosgoce? HTTP/1.1" 200 9375
186.67.164.138 - - [17/Apr/2019:11:16:09 -0300] "POST /cormun/servlet/trsolicitudot?abed7e21daa3d9c3ee5f59a6966a7fd3,gx-no-cache=1555509358921,gx-no-cache=1555510345054 HTTP/1.1" 200 107
186.67.164.138 - - [17/Apr/2019:11:16:10 -0300] "GET /cormun/servlet/solicitudot?UPD,2019,15347, HTTP/1.1" 200 15574
186.67.164.138 - - [17/Apr/2019:11:16:11 -0300] "GET /cormun/servlet/solicitudot?UPD,2019,15347, HTTP/1.1" 200 15561
190.171.143.106 - - [17/Apr/2019:11:16:11 -0300] "POST /cormun/servlet/trpermisosgoce?dd033c741267bd53d565b0d73146f1d7,,gx-no-cache=1555510345965 HTTP/1.1" 200 6513
190.171.143.106 - - [17/Apr/2019:11:16:11 -0300] "GET /cormun/static/Shared/jqueryui/images/ui-bg_highlight-soft_100_c6c2c8_1x100.png HTTP/1.1" 404 1117
186.67.164.138 - - [17/Apr/2019:11:16:11 -0300] "POST /cormun/servlet/solicitudot?gx-no-cache=1555510347185 HTTP/1.1" 200 3518
190.171.143.106 - - [17/Apr/2019:11:16:12 -0300] "GET /cormun/static/Shared/jqueryui/images/ui-icons_82798d_256x240.png HTTP/1.1" 404 1089
190.171.143.106 - - [17/Apr/2019:11:16:12 -0300] "GET /cormun/static/Shared/jqueryui/images/ui-bg_flat_55_fafafa_40x100.png HTTP/1.1" 404 1097
190.171.143.106 - - [17/Apr/2019:11:16:12 -0300] "GET /cormun/static/Shared/jqueryui/images/ui-icons_8d78a5_256x240.png HTTP/1.1" 404 1089
186.67.164.138 - - [17/Apr/2019:11:16:12 -0300] "POST /cormun/servlet/solicitudot?abed7e21daa3d9c3ee5f59a6966a7fd3,UPD,2019,15347,,gx-no-cache=1555510347545 HTTP/1.1" 200 11857
186.67.164.138 - - [17/Apr/2019:11:16:12 -0300] "GET /cormun/servlet/solicitudot?1b2bb7517224d3312d4b00ff99fc0840b4d81d6561d13248d5d8359ad0dbbf1c8fc11d1645ebf49d7f9b6da5a8d03ade,gx-no-cache=1555510348118 HTTP/1.1" 200 30
186.67.164.138 - - [17/Apr/2019:11:16:12 -0300] "GET /cormun/servlet/solicitudot?1b2bb7517224d3312d4b00ff99fc084033ed8daeeef8ca274d6ed38cb074fa902489b8e534910c318a6517a9b6fb1fd98fc11d1645ebf49d7f9b6da5a8d03ade,gx-no-cache=1555510348198 HTTP/1.1" 200 30
186.67.164.138 - - [17/Apr/2019:11:16:12 -0300] "GET /cormun/servlet/solicitudot?1b2bb7517224d3312d4b00ff99fc08402b38e7525209a8944ad3fdd799777aac,gx-no-cache=1555510348270 HTTP/1.1" 200 29
186.67.164.138 - - [17/Apr/2019:11:16:12 -0300] "POST /cormun/servlet/solicitudot?gx-no-cache=1555510348350 HTTP/1.1" 200 256
186.67.164.138 - - [17/Apr/2019:11:16:12 -0300] "GET /cormun/servlet/solicitudot?1b2bb7517224d3312d4b00ff99fc0840cecde9d0ac543449326d7fd1ce6915ee6c27b321572daecfa400f3f1cff790ece4d86053ab0da5917927bf89efdc0f844474876c8db02bdf22b5eedf38f008049021a81c95a06ca0cae0c74a31f898bedf3830b7343dc30777a322847f6cb38cde67362de8861727d4e5a8030292e1886ec870ff9cabcb40447080f44993f6989e3e93e3d6a5bf143de3bc236253fbfd66702ec1d99de37a127c0faec8f552c9ae609903255c5128e29ebe2de9ae7dbc8b451d5024b615a4d7dd2023611bea78158962d9f9675a1e74beab718f7dcf595d1b534d408b657c6095c0821c978b5fcd559dad940bf74eb45bcd865298b5b488cf3c2446bf1767921809adf1edb2d07f14d980fe004b523542efad19159891a8ea43bd9c2dbdf528313e7cc9f776bb9f0ec66e5ca156f064ab30e45025cd81c4bdff9d3d90ce12e899759b3de7db35d4722ce9cbdd5308eb9161eeb7abd9d48bdab8bc65dd681f208226094fc88f12d7f76443a4a023cb07290ff6cd02de37,gx-no-cache=1555510348449 HTTP/1.1" 200 30
186.67.164.138 - - [17/Apr/2019:11:16:13 -0300] "POST /cormun/servlet/solicitudot?gx-no-cache=1555510348535 HTTP/1.1" 200 30
186.67.164.138 - - [17/Apr/2019:11:16:13 -0300] "POST /cormun/servlet/solicitudot?gx-no-cache=1555510348646 HTTP/1.1" 200 1344
186.67.164.138 - - [17/Apr/2019:11:16:13 -0300] "POST /cormun/servlet/solicitudot?gx-no-cache=1555510348760 HTTP/1.1" 200 40
186.67.164.138 - - [17/Apr/2019:11:16:14 -0300] "GET /cormun/servlet/solicitudot?1b2bb7517224d3312d4b00ff99fc084051a6a6e4cc7ac368d26a880c046b82b2282c0a0dec11dab4f951b7c69dd3b5640dad0bd616739b33637b90cae6bf7cab67846b202a5f40e71069fdc597f064b00de907dbc64190523ce58829411573202561076eefb680d0e8273efbce09b627,gx-no-cache=1555510350052 HTTP/1.1" 200 110
190.171.143.106 - - [17/Apr/2019:11:16:15 -0300] "GET /cormun/servlet/trpermisosgoce? HTTP/1.1" 200 9329
190.171.143.106 - - [17/Apr/2019:11:16:15 -0300] "GET /cormun/servlet/trpermisosgoce? HTTP/1.1" 200 9329
190.171.143.106 - - [17/Apr/2019:11:16:20 -0300] "GET /cormun/servlet/trpermisosgoce? HTTP/1.1" 200 9329
190.171.143.106 - - [17/Apr/2019:11:16:20 -0300] "GET /cormun/servlet/trpermisosgoce? HTTP/1.1" 200 9329
186.67.164.138 - - [17/Apr/2019:11:16:21 -0300] "POST /cormun/servlet/solicitudot?gx-no-cache=1555510356209 HTTP/1.1" 200 79
190.171.143.106 - - [17/Apr/2019:11:16:22 -0300] "GET /cormun/servlet/permisogoce?INS,0,,, HTTP/1.1" 200 6920
190.171.143.106 - - [17/Apr/2019:11:16:22 -0300] "GET /cormun/static/gxcfg.js?201776126440 HTTP/1.1" 200 953
190.171.143.106 - - [17/Apr/2019:11:16:22 -0300] "GET /cormun/static/permisogoce.js?2017761264459 HTTP/1.1" 200 27897
190.171.143.106 - - [17/Apr/2019:11:16:22 -0300] "GET /cormun/servlet/permisogoce?INS,0,,, HTTP/1.1" 200 6920
200.54.103.162 - - [17/Apr/2019:11:16:24 -0300] "POST /cormun/servlet/hlogin?bc6800769d4bf9af76cc4c853854f24e,gx-no-cache=1555510360499 HTTP/1.1" 200 90
200.54.103.162 - - [17/Apr/2019:11:16:24 -0300] "GET /cormun/servlet/hpexe_link HTTP/1.1" 200 949
200.54.103.162 - - [17/Apr/2019:11:16:24 -0300] "GET /cormun/servlet/hhome HTTP/1.1" 200 4334
190.171.143.106 - - [17/Apr/2019:11:16:26 -0300] "GET /cormun/servlet/prfichaempleado?,MD,,gxPopupLevel%3D0%3B HTTP/1.1" 200 9382
200.54.103.162 - - [17/Apr/2019:11:16:26 -0300] "GET /cormun/servlet/hhome HTTP/1.1" 200 4330
186.67.164.138 - - [17/Apr/2019:11:16:28 -0300] "GET /cormun/servlet/solicitudot?1b2bb7517224d3312d4b00ff99fc08407e7b5e457cc66eb5443b966dc3c824734c3720f7f7829882d7f0db4ec5220531354e319a6b3a34d166542ecbd40d237770099efef230548c7dc447116a19a1eb1418c5137515c7db82fa54b29f8b69c5d41dfb4e0bab795e828b42ed390c00bfddee125483bbde9943a92a4b4e9bbb8fbfe535c70d7d00ae497b6916f9452cd77f89403f2a4e03dddbbddd2f8387537ec6d22e7011b5cb1f91817c2f4888980dd7407e4fc126fa56e0ef395468c7c2d7ff86bb814fd58912706ced39aafca46b,gx-no-cache=1555510363998 HTTP/1.1" 200 30
200.54.103.162 - - [17/Apr/2019:11:16:29 -0300] "GET /cormun/servlet/trsolicitudot? HTTP/1.1" 200 7550
200.54.103.162 - - [17/Apr/2019:11:16:31 -0300] "GET /cormun/servlet/trsolicitudot? HTTP/1.1" 200 7548
200.54.103.162 - - [17/Apr/2019:11:16:33 -0300] "GET /cormun/servlet/solicitudot?INS,0,0, HTTP/1.1" 200 15240
192.168.10.96 - - [17/Apr/2019:11:16:33 -0300] "GET /cormun/servlet/trsolicitudgral? HTTP/1.1" 200 12012
192.168.10.96 - - [17/Apr/2019:11:16:34 -0300] "GET /cormun/servlet/trsolicitudgral? HTTP/1.1" 200 12010
200.54.103.162 - - [17/Apr/2019:11:16:35 -0300] "GET /cormun/servlet/solicitudot?INS,0,0, HTTP/1.1" 200 15245
192.168.10.89 - - [17/Apr/2019:11:16:37 -0300] "POST /cormun/servlet/trsolicitudgral?3ffb619fa3d07561c77c1f935edc558e,,gx-no-cache=1555517392552 HTTP/1.1" 200 25334
190.171.143.106 - - [17/Apr/2019:11:16:40 -0300] "POST /cormun/servlet/prfichaempleado?dd033c741267bd53d565b0d73146f1d7,,MD,,gxPopupLevel%3D0%3B,gx-no-cache=1555510375042 HTTP/1.1" 200 3425
200.54.103.162 - - [17/Apr/2019:11:16:44 -0300] "POST /cormun/servlet/solicitudot?gx-no-cache=1555510380800 HTTP/1.1" 200 3450
200.54.103.162 - - [17/Apr/2019:11:16:44 -0300] "POST /cormun/servlet/solicitudot?bc6800769d4bf9af76cc4c853854f24e,INS,0,0,,gx-no-cache=1555510381054 HTTP/1.1" 200 11905
190.171.143.106 - - [17/Apr/2019:11:16:44 -0300] "GET /cormun/servlet/permisogoce?8bacb6955c17e7a89d9064ef1399f1af3b5602a661f56dfbfb59ff5cfdbea72369b4366d380b105902ff457b0dabd5dfc1cf0c8a6320a4a424f5ed2a94792e68,gx-no-cache=1555510379379 HTTP/1.1" 200 83
190.171.143.106 - - [17/Apr/2019:11:16:44 -0300] "GET /cormun/static/menuarrow.gif HTTP/1.1" 404 1015
190.171.149.90 - - [17/Apr/2019:11:16:46 -0300] "POST /cormun/servlet/trcontratounov2?79144783d01b125cbda742e1c7036e67,,gx-no-cache=1555510381465 HTTP/1.1" 200 5642
200.54.103.162 - - [17/Apr/2019:11:16:47 -0300] "GET /cormun/servlet/solicitudot?6ef29a1ddba2e3a5412a2e420c7cc690dc8a67df10e15ee3319b44a0e5a1e6e1954c86e91af4424589d1d0d790c54ea1,gx-no-cache=1555510383547 HTTP/1.1" 200 30
192.168.10.96 - - [17/Apr/2019:11:16:48 -0300] "POST /cormun/servlet/trsolicitudgral?df7d29e5a9b03bb41fcc846520d4d395,,gx-no-cache=1555517404805 HTTP/1.1" 200 7745
190.171.143.106 - - [17/Apr/2019:11:16:53 -0300] "GET /cormun/servlet/permisogoce?8bacb6955c17e7a89d9064ef1399f1afe7eeb46494f58c0062f6697ddd230aff87770b136b56eb2adf51cdb92bbe41b6862b13f0ced7bc107f128a3c8813799a,gx-no-cache=1555510387750 HTTP/1.1" 200 47
192.168.10.96 - - [17/Apr/2019:11:17:04 -0300] "POST /cormun/servlet/trsolicitudgral?df7d29e5a9b03bb41fcc846520d4d395,,gx-no-cache=1555517420460 HTTP/1.1" 200 7747
190.171.143.106 - - [17/Apr/2019:11:17:22 -0300] "POST /cormun/servlet/permisogoce?dd033c741267bd53d565b0d73146f1d7,INS,0,,,,gx-no-cache=1555510416472 HTTP/1.1" 200 93
190.171.143.106 - - [17/Apr/2019:11:17:22 -0300] "GET /cormun/servlet/hpexe_return? HTTP/1.1" 200 1008
190.171.143.106 - - [17/Apr/2019:11:17:22 -0300] "GET /cormun/servlet/trpermisosgoce HTTP/1.1" 200 9633
190.171.143.106 - - [17/Apr/2019:11:17:23 -0300] "GET /cormun/servlet/trpermisosgoce HTTP/1.1" 200 9628
190.171.143.106 - - [17/Apr/2019:11:17:27 -0300] "GET /cormun/servlet/apermisogoceprn?17334813,P,20190417120938,PU HTTP/1.1" 200 1677
186.103.159.186 - - [17/Apr/2019:11:17:27 -0300] "GET /cormun/servlet/hlogin HTTP/1.1" 200 1715
190.171.149.90 - - [17/Apr/2019:11:17:32 -0300] "POST /cormun/servlet/trcontratounov2?79144783d01b125cbda742e1c7036e67,,gx-no-cache=1555510427673 HTTP/1.1" 200 5642
192.168.10.96 - - [17/Apr/2019:11:17:32 -0300] "GET /cormun/servlet/hlogin HTTP/1.1" 200 1744
186.103.159.186 - - [17/Apr/2019:11:17:34 -0300] "POST /cormun/servlet/hlogin?a98e7e64f7cd94fff2c2da5ebdeffe0d,gx-no-cache=1555510430573 HTTP/1.1" 200 90
186.103.159.186 - - [17/Apr/2019:11:17:35 -0300] "GET /cormun/servlet/hpexe_link HTTP/1.1" 200 942
186.103.159.186 - - [17/Apr/2019:11:17:35 -0300] "GET /cormun/servlet/hhome HTTP/1.1" 200 4019
186.103.159.186 - - [17/Apr/2019:11:17:36 -0300] "GET /cormun/servlet/hhome HTTP/1.1" 200 4018
186.103.159.186 - - [17/Apr/2019:11:17:42 -0300] "GET /cormun/servlet/trlicencias? HTTP/1.1" 200 9801
186.103.159.186 - - [17/Apr/2019:11:17:44 -0300] "GET /cormun/servlet/trlicencias? HTTP/1.1" 200 9798
190.171.149.90 - - [17/Apr/2019:11:17:47 -0300] "GET /cormun/servlet/trsolicitudot? HTTP/1.1" 200 9259
190.171.149.90 - - [17/Apr/2019:11:17:48 -0300] "GET /cormun/servlet/trsolicitudot? HTTP/1.1" 200 9259
190.171.149.90 - - [17/Apr/2019:11:17:51 -0300] "GET /cormun/servlet/solicitudot?INS,0,0, HTTP/1.1" 200 15265
190.171.149.90 - - [17/Apr/2019:11:17:51 -0300] "GET /cormun/static/calendar-system.css?75620 HTTP/1.1" 200 5572
190.171.149.90 - - [17/Apr/2019:11:17:51 -0300] "GET /cormun/static/Resources/Spanish/PXTools.css?1155365 HTTP/1.1" 200 40960
190.171.149.90 - - [17/Apr/2019:11:17:52 -0300] "GET /cormun/servlet/solicitudot?INS,0,0, HTTP/1.1" 200 15271
186.103.159.186 - - [17/Apr/2019:11:17:55 -0300] "GET /cormun/servlet/licenciaspermisos?INS,0,,, HTTP/1.1" 200 7553
186.103.159.186 - - [17/Apr/2019:11:17:55 -0300] "GET /cormun/static/gxcfg.js?201762917281167 HTTP/1.1" 200 953
186.103.159.186 - - [17/Apr/2019:11:17:55 -0300] "GET /cormun/static/licenciaspermisos.js?201762917281260 HTTP/1.1" 200 37491
186.103.159.186 - - [17/Apr/2019:11:17:56 -0300] "GET /cormun/servlet/licenciaspermisos?INS,0,,, HTTP/1.1" 200 7561
186.103.159.46 - - [17/Apr/2019:11:17:57 -0300] "GET /cormun/servlet/hlogin HTTP/1.1" 200 1722
190.171.149.90 - - [17/Apr/2019:11:18:04 -0300] "GET /cormun/static/Resources/resize.gif HTTP/1.1" 200 77
190.171.149.90 - - [17/Apr/2019:11:18:05 -0300] "GET /cormun/servlet/prfichaempleado?,MD,,gxPopupLevel%3D0%3B HTTP/1.1" 200 9378
186.103.159.46 - - [17/Apr/2019:11:18:06 -0300] "POST /cormun/servlet/hlogin?c12e5c468154fb227c26ecd99e8722b0,gx-no-cache=1555506861032 HTTP/1.1" 200 90
186.103.159.46 - - [17/Apr/2019:11:18:06 -0300] "GET /cormun/servlet/hpexe_link HTTP/1.1" 200 948
186.103.159.186 - - [17/Apr/2019:11:18:06 -0300] "GET /cormun/servlet/licenciaspermisos?bee2210c3a7963e6631d8f17fbccf0d8bcf678f224d71ef844bd7252e197670069c641da9c1fa074da066ec38a00dd59,gx-no-cache=1555510462722 HTTP/1.1" 200 93
186.103.159.46 - - [17/Apr/2019:11:18:07 -0300] "GET /cormun/servlet/hhome HTTP/1.1" 200 4060
186.103.159.186 - - [17/Apr/2019:11:18:07 -0300] "POST /cormun/servlet/licenciaspermisos?a98e7e64f7cd94fff2c2da5ebdeffe0d,INS,0,,,,gx-no-cache=1555510462881 HTTP/1.1" 200 4741
186.103.159.46 - - [17/Apr/2019:11:18:09 -0300] "GET /cormun/servlet/hhome HTTP/1.1" 200 4055
186.103.159.46 - - [17/Apr/2019:11:18:16 -0300] "GET /cormun/servlet/trsolicitudot? HTTP/1.1" 200 9153
186.103.159.46 - - [17/Apr/2019:11:18:18 -0300] "GET /cormun/servlet/trsolicitudot? HTTP/1.1" 200 9152
186.103.159.186 - - [17/Apr/2019:11:18:21 -0300] "GET /cormun/static/menuarrow.gif HTTP/1.1" 404 1015
190.171.149.90 - - [17/Apr/2019:11:18:26 -0300] "POST /cormun/servlet/prfichaempleado?79144783d01b125cbda742e1c7036e67,,MD,,gxPopupLevel%3D0%3B,gx-no-cache=1555510482393 HTTP/1.1" 200 3419
190.171.149.90 - - [17/Apr/2019:11:18:34 -0300] "POST /cormun/servlet/solicitudot?gx-no-cache=1555510489893 HTTP/1.1" 200 3587
190.171.149.90 - - [17/Apr/2019:11:18:34 -0300] "POST /cormun/servlet/solicitudot?79144783d01b125cbda742e1c7036e67,INS,0,0,,gx-no-cache=1555510490090 HTTP/1.1" 200 12066
190.171.149.90 - - [17/Apr/2019:11:18:34 -0300] "GET /cormun/servlet/solicitudot?f5c46688abe8a336aeb829a3105a50659ccc1231115e7dc4dda1d984839be39dad9efa2e761e7a31a1c285672c306234,gx-no-cache=1555510490280 HTTP/1.1" 200 30
190.171.143.106 - - [17/Apr/2019:11:18:35 -0300] "GET /cormun/servlet/permisogoce?UPD,17334813,P,20190417120938, HTTP/1.1" 200 7012
190.171.143.106 - - [17/Apr/2019:11:18:36 -0300] "GET /cormun/servlet/permisogoce?UPD,17334813,P,20190417120938, HTTP/1.1" 200 7012
190.171.143.106 - - [17/Apr/2019:11:18:36 -0300] "GET /cormun/servlet/permisogoce?8bacb6955c17e7a89d9064ef1399f1af3b5602a661f56dfbfb59ff5cfdbea723dd136ffe468e81443d808d076f41196736c6520112ff9514cff079705678e354,gx-no-cache=1555510491124 HTTP/1.1" 200 85
190.171.143.106 - - [17/Apr/2019:11:18:37 -0300] "GET /cormun/servlet/permisogoce?8bacb6955c17e7a89d9064ef1399f1afe7eeb46494f58c0062f6697ddd230aff87770b136b56eb2adf51cdb92bbe41b6f76b82ca9d88b6283545203482fec54691c675862182c31ad9ae73ca9c7d8938,gx-no-cache=1555510492173 HTTP/1.1" 200 48
190.171.149.90 - - [17/Apr/2019:11:18:41 -0300] "GET /cormun/servlet/solicitudot?f5c46688abe8a336aeb829a3105a5065a5a6257a9ef2e18e72ecf738ea85b57cd044e206d89930202e71c5363e95a399a8ccfd6b76a273950322a5294f7213b5,gx-no-cache=1555510496623 HTTP/1.1" 200 30
190.171.149.90 - - [17/Apr/2019:11:18:41 -0300] "GET /cormun/servlet/solicitudot?f5c46688abe8a336aeb829a3105a5065cb1aa924d4c8f63cf14f08eb4f31da58,gx-no-cache=1555510496697 HTTP/1.1" 200 53
190.171.149.90 - - [17/Apr/2019:11:18:41 -0300] "POST /cormun/servlet/solicitudot?gx-no-cache=1555510496729 HTTP/1.1" 200 297
190.171.149.90 - - [17/Apr/2019:11:18:41 -0300] "GET /cormun/servlet/solicitudot?f5c46688abe8a336aeb829a3105a5065c4f2d94932aefa94dc25e8cfe6924c3ed82e8b05dcf0b5ddff195dc659e46da46ae7ad058519b1cb19e5684e2a1f2bf48ac2ac76f94459edd43610a2739984a20fd013d76e087cbe6bf4bd83d35e35fd44768e8b94fd049a306ffe6a5cd09a06e4c63b7b35f86782b90dd77c2846b3fbe40739adad007a7db52208331322f30433e52ed3d4457cb96b0a3a8aa6dfaecde7167b355f98e58704d89c52ff20254a521f1cee5975dcb78cb874a81c75eebd3d59a5635f6cbdde04b384bb733ef71abe641c4fe0e75ad279249505ff28f3eea53eb52493f37533ea398c251f86247b0ef5dae35ad5e7df370160bfe1728711f549724dab0a4400f6510461e5a526d2fbc59b80e5bea592e74bdb1586be0124e732c49e6ae049e4181c92bca797b75c9845d0953eb6fb57358f77ec8c0b66347e0a55ade37b9e73d6fae1d705662ee1a02fda0dcb3ce332f81cbbcf1741746558a57e6eebc28f6de1f894c051070d0ca9ade6f1a546d2a603ca409d78cbdbd7e3e082bde8694c358b1c8ae5619085b3,gx-no-cache=1555510496921 HTTP/1.1" 200 30
190.171.143.106 - - [17/Apr/2019:11:18:44 -0300] "POST /cormun/servlet/permisogoce?dd033c741267bd53d565b0d73146f1d7,UPD,17334813,P,20190417120938,,gx-no-cache=1555510498255 HTTP/1.1" 200 93
190.171.143.106 - - [17/Apr/2019:11:18:44 -0300] "GET /cormun/servlet/hpexe_return? HTTP/1.1" 200 1028
190.171.143.106 - - [17/Apr/2019:11:18:44 -0300] "GET /cormun/servlet/trpermisosgoce HTTP/1.1" 200 9638
190.171.149.90 - - [17/Apr/2019:11:18:44 -0300] "POST /cormun/servlet/solicitudot?gx-no-cache=1555510500203 HTTP/1.1" 200 30
190.171.143.106 - - [17/Apr/2019:11:18:45 -0300] "GET /cormun/servlet/trpermisosgoce HTTP/1.1" 200 9633
190.171.143.106 - - [17/Apr/2019:11:18:47 -0300] "GET /cormun/servlet/apermisogoceprn?17334813,P,20190417120938,PU HTTP/1.1" 200 1688
200.54.103.162 - - [17/Apr/2019:11:18:54 -0300] "POST /cormun/servlet/solicitudot?gx-no-cache=1555510510080 HTTP/1.1" 200 3474
190.171.149.90 - - [17/Apr/2019:11:18:54 -0300] "POST /cormun/servlet/solicitudot?gx-no-cache=1555510509330 HTTP/1.1" 200 1343
190.171.149.90 - - [17/Apr/2019:11:18:54 -0300] "POST /cormun/servlet/solicitudot?gx-no-cache=1555510510081 HTTP/1.1" 200 38
200.54.103.162 - - [17/Apr/2019:11:18:54 -0300] "POST /cormun/servlet/solicitudot?bc6800769d4bf9af76cc4c853854f24e,INS,0,0,,gx-no-cache=1555510510668 HTTP/1.1" 200 11995
190.171.149.90 - - [17/Apr/2019:11:18:54 -0300] "GET /cormun/servlet/solicitudot?f5c46688abe8a336aeb829a3105a50659c25653bceb34bfa70930d003f88e292e01128c6cb314b00da948edd8d2e9c42022f244041d069962d17e4507219667b279554521237c243a8008e98fdb600dd24435da3c3ccaa8597095dd724c7edd3d7d158631bb84cad9de6422985a3daf4,gx-no-cache=1555510510268 HTTP/1.1" 200 110
190.171.149.90 - - [17/Apr/2019:11:18:54 -0300] "POST /cormun/servlet/solicitudot?gx-no-cache=1555510510387 HTTP/1.1" 200 72
200.54.103.162 - - [17/Apr/2019:11:18:56 -0300] "GET /cormun/servlet/solicitudot?6ef29a1ddba2e3a5412a2e420c7cc690f135f27ffb59c3098528bb26791fc9a3eb46cf343b262e0c056719de6f71845a,gx-no-cache=1555510512913 HTTP/1.1" 200 30
186.103.159.46 - - [17/Apr/2019:11:19:04 -0300] "GET /cormun/servlet/solicitudot?INS,0,0, HTTP/1.1" 200 14976
186.103.159.46 - - [17/Apr/2019:11:19:07 -0300] "GET /cormun/servlet/solicitudot?INS,0,0, HTTP/1.1" 200 14981
190.171.149.90 - - [17/Apr/2019:11:19:10 -0300] "POST /cormun/servlet/solicitudot?gx-no-cache=1555510526413 HTTP/1.1" 200 91
190.171.149.90 - - [17/Apr/2019:11:19:19 -0300] "GET /cormun/servlet/solicitudot?f5c46688abe8a336aeb829a3105a5065624665f19a5eb2da443e33bd352ab807121144440f4f644b009aa92de0e086ee650bd6e7557b0eb02f3abc15da7e4c43f9bddda060cef992bf8f3565e5fbce5f44e763601c775e5f80883341cd3a5cbb2e5e66db03c648114652418fe916ef0c,gx-no-cache=1555510535290 HTTP/1.1" 200 29
190.171.149.90 - - [17/Apr/2019:11:19:19 -0300] "GET /cormun/static/menuarrow.gif HTTP/1.1" 404 1015
190.171.149.90 - - [17/Apr/2019:11:19:24 -0300] "GET /cormun/servlet/solicitudot?f5c46688abe8a336aeb829a3105a50657a86c50e682eb100424b141c569f018f7207ec441977274b1de3cc2fa33ee770,gx-no-cache=1555510540121 HTTP/1.1" 200 30
190.171.149.90 - - [17/Apr/2019:11:19:37 -0300] "POST /cormun/servlet/solicitudot?gx-no-cache=1555510552989 HTTP/1.1" 200 30
190.171.144.234 - - [17/Apr/2019:11:20:08 -0300] "GET /cormun/servlet/trsolicitudot? HTTP/1.1" 200 7235
190.171.144.234 - - [17/Apr/2019:11:20:09 -0300] "GET /cormun/servlet/trsolicitudot? HTTP/1.1" 200 7234
186.103.159.186 - - [17/Apr/2019:11:20:26 -0300] "GET /cormun/servlet/licenciaspermisos?bee2210c3a7963e6631d8f17fbccf0d81b7e6ea918932b35ee605f7b5fa76014031799673fa77a39df6f68ef1600b1f175c49d4e91c67567ba7038de1bea5caf7a45a00db04d7e7e0db0a7eed1d91dab3744d95ff21f773a9c367acaec08ddeb7b770435097c4328856dd76c9bbdcb4676d59f9452b18da0ad115169b11785540f2656f94b2fd4b9337d5b3cbb4433e3fd26959d98ab0c87f013d7956b6f8ae15a54f71d6788aa2f32772799db97edc2cc7f405f46733d0c6b4da51857d971e7d23057acd9f9953c0824369f447e11371fe7069fb397d31cdc1b01620558c795,gx-no-cache=1555510599189 HTTP/1.1" 200 30
186.103.159.186 - - [17/Apr/2019:11:20:26 -0300] "GET /cormun/servlet/licenciaspermisos?bee2210c3a7963e6631d8f17fbccf0d8c4827e18dbd52349e2962d29ee1eb3974c5c201970c0e9e40e6efb9429b58d9ead6db9ef29eb08120772219bfc10f4ca4dec63dbb4fc2f82c964e34b9a067917b65e5980e415a732e203db7a2a5c628a83fcd8cabdeee4983d9e1b8412d197987f179ce831b4787817e3a28baa595146395934af97dceffec3e85ff7013200f9b47cdce56e25838fdfa63ab49b4b46c16de1cec1d7c1e7446d89ab09be07ada853c32a15c7ce4f9181097ae4c30bd4ca16d78975cfc7e5d9576507f6f959f4c07fba97eb5e9345006f818d5daa7bc88c,gx-no-cache=1555510602373 HTTP/1.1" 200 29
186.103.159.186 - - [17/Apr/2019:11:20:27 -0300] "POST /cormun/servlet/licenciaspermisos?a98e7e64f7cd94fff2c2da5ebdeffe0d,INS,0,,,,gx-no-cache=1555510602454 HTTP/1.1" 200 93
186.103.159.186 - - [17/Apr/2019:11:20:27 -0300] "GET /cormun/servlet/hpexe_return? HTTP/1.1" 200 1003
186.103.159.186 - - [17/Apr/2019:11:20:27 -0300] "GET /cormun/servlet/trlicencias HTTP/1.1" 200 10276
200.86.99.60 - - [17/Apr/2019:11:20:28 -0300] "GET /cormun/servlet/trsolicitudot? HTTP/1.1" 200 7515
190.171.141.90 - - [17/Apr/2019:11:20:28 -0300] "GET /cormun/servlet/licenciaspermisos?DSP,14524948,L,20190417000000, HTTP/1.1" 200 7287
190.171.141.90 - - [17/Apr/2019:11:20:29 -0300] "GET /cormun/static/gxcfg.js?201762917281167 HTTP/1.1" 200 953
186.103.159.186 - - [17/Apr/2019:11:20:29 -0300] "GET /cormun/servlet/trlicencias HTTP/1.1" 200 10271
190.171.141.90 - - [17/Apr/2019:11:20:29 -0300] "GET /cormun/static/licenciaspermisos.js?201762917281260 HTTP/1.1" 200 37491
190.171.141.90 - - [17/Apr/2019:11:20:29 -0300] "GET /cormun/servlet/licenciaspermisos?DSP,14524948,L,20190417000000, HTTP/1.1" 200 7287
200.86.99.60 - - [17/Apr/2019:11:20:30 -0300] "GET /cormun/servlet/trsolicitudot? HTTP/1.1" 200 7511
186.103.159.46 - - [17/Apr/2019:11:20:36 -0300] "POST /cormun/servlet/solicitudot?gx-no-cache=1555507010997 HTTP/1.1" 200 3450
186.103.159.46 - - [17/Apr/2019:11:20:37 -0300] "POST /cormun/servlet/solicitudot?c12e5c468154fb227c26ecd99e8722b0,INS,0,0,,gx-no-cache=1555507011779 HTTP/1.1" 200 11692
186.103.159.46 - - [17/Apr/2019:11:20:39 -0300] "GET /cormun/servlet/solicitudot?37998d5970ca401dc2faf573c72cebbc45c6af0c2c8f524ea57acca2fce2f52372f7254f30ba1742f3f3859ee1785922,gx-no-cache=1555507014576 HTTP/1.1" 200 30
190.171.141.90 - - [17/Apr/2019:11:20:47 -0300] "GET /cormun/servlet/trlicencias HTTP/1.1" 200 13178
190.171.141.90 - - [17/Apr/2019:11:20:48 -0300] "GET /cormun/servlet/trlicencias HTTP/1.1" 200 13176
190.171.141.90 - - [17/Apr/2019:11:20:50 -0300] "GET /cormun/servlet/hlogin HTTP/1.1" 200 1731
186.67.164.138 - - [17/Apr/2019:11:20:51 -0300] "GET /cormun/servlet/solicitudot?1b2bb7517224d3312d4b00ff99fc0840331411e6681c911e7c843253be26b20b53c61185fb5093eb7635d471ba8b59e4,gx-no-cache=1555510626655 HTTP/1.1" 200 30
186.67.164.138 - - [17/Apr/2019:11:20:51 -0300] "POST /cormun/servlet/solicitudot?gx-no-cache=1555510626889 HTTP/1.1" 200 33
186.67.164.138 - - [17/Apr/2019:11:20:51 -0300] "POST /cormun/servlet/solicitudot?abed7e21daa3d9c3ee5f59a6966a7fd3,UPD,2019,15347,,gx-no-cache=1555510627058 HTTP/1.1" 200 93
186.67.164.138 - - [17/Apr/2019:11:20:52 -0300] "GET /cormun/servlet/hpexe_return? HTTP/1.1" 200 1031
186.67.164.138 - - [17/Apr/2019:11:20:52 -0300] "GET /cormun/servlet/trsolicitudot?gx-no-cache=1555509358921 HTTP/1.1" 200 8646
186.67.164.138 - - [17/Apr/2019:11:20:54 -0300] "GET /cormun/servlet/trsolicitudot?gx-no-cache=1555509358921 HTTP/1.1" 200 8664
186.67.164.138 - - [17/Apr/2019:11:20:57 -0300] "POST /cormun/servlet/trsolicitudot?abed7e21daa3d9c3ee5f59a6966a7fd3,gx-no-cache=1555509358921,gx-no-cache=1555510632582 HTTP/1.1" 200 107
186.67.164.138 - - [17/Apr/2019:11:20:57 -0300] "GET /cormun/servlet/solicitudot?UPD,2019,15347, HTTP/1.1" 200 15551
186.67.164.138 - - [17/Apr/2019:11:20:58 -0300] "GET /cormun/servlet/solicitudot?UPD,2019,15347, HTTP/1.1" 200 15538
186.67.164.138 - - [17/Apr/2019:11:20:59 -0300] "POST /cormun/servlet/solicitudot?gx-no-cache=1555510634714 HTTP/1.1" 200 3518
186.67.164.138 - - [17/Apr/2019:11:20:59 -0300] "POST /cormun/servlet/solicitudot?abed7e21daa3d9c3ee5f59a6966a7fd3,UPD,2019,15347,,gx-no-cache=1555510635226 HTTP/1.1" 200 11833
186.67.164.138 - - [17/Apr/2019:11:21:00 -0300] "GET /cormun/servlet/solicitudot?1b2bb7517224d3312d4b00ff99fc0840b4d81d6561d13248d5d8359ad0dbbf1c8fc11d1645ebf49d7f9b6da5a8d03ade,gx-no-cache=1555510635619 HTTP/1.1" 200 30
186.67.164.138 - - [17/Apr/2019:11:21:00 -0300] "GET /cormun/servlet/solicitudot?1b2bb7517224d3312d4b00ff99fc084033ed8daeeef8ca274d6ed38cb074fa902489b8e534910c318a6517a9b6fb1fd98fc11d1645ebf49d7f9b6da5a8d03ade,gx-no-cache=1555510635710 HTTP/1.1" 200 30
186.67.164.138 - - [17/Apr/2019:11:21:00 -0300] "GET /cormun/servlet/solicitudot?1b2bb7517224d3312d4b00ff99fc08402b38e7525209a8944ad3fdd799777aac,gx-no-cache=1555510635776 HTTP/1.1" 200 29
186.67.164.138 - - [17/Apr/2019:11:21:00 -0300] "POST /cormun/servlet/solicitudot?gx-no-cache=1555510635842 HTTP/1.1" 200 256
186.67.164.138 - - [17/Apr/2019:11:21:00 -0300] "GET /cormun/servlet/solicitudot?1b2bb7517224d3312d4b00ff99fc0840cecde9d0ac543449326d7fd1ce6915ee6c27b321572daecfa400f3f1cff790ece4d86053ab0da5917927bf89efdc0f844474876c8db02bdf22b5eedf38f008049021a81c95a06ca0cae0c74a31f898bedf3830b7343dc30777a322847f6cb38cde67362de8861727d4e5a8030292e1886ec870ff9cabcb40447080f44993f6989e3e93e3d6a5bf143de3bc236253fbfd66702ec1d99de37a127c0faec8f552c9ae609903255c5128e29ebe2de9ae7dbc8b451d5024b615a4d7dd2023611bea78158962d9f9675a1e74beab718f7dcf595d1b534d408b657c6095c0821c978b5fcd559dad940bf74eb45bcd865298b5b488cf3c2446bf1767921809adf1edb2d07f14d980fe004b523542efad19159891a8ea43bd9c2dbdf528313e7cc9f776bb9f0ec66e5ca156f064ab30e45025cd81c4bdff9d3d90ce12e899759b3de7db35d4722ce9cbdd5308eb9161eeb7abd9d48bdab8bc65dd681f208226094fc88f12d7f76443a4a023cb07290ff6cd02de37,gx-no-cache=1555510635930 HTTP/1.1" 200 30
186.67.164.138 - - [17/Apr/2019:11:21:00 -0300] "POST /cormun/servlet/solicitudot?gx-no-cache=1555510635997 HTTP/1.1" 200 30
186.67.164.138 - - [17/Apr/2019:11:21:00 -0300] "POST /cormun/servlet/solicitudot?gx-no-cache=1555510636090 HTTP/1.1" 200 1344
186.67.164.138 - - [17/Apr/2019:11:21:00 -0300] "POST /cormun/servlet/solicitudot?gx-no-cache=1555510636335 HTTP/1.1" 200 40
186.67.164.138 - - [17/Apr/2019:11:21:07 -0300] "GET /cormun/servlet/solicitudot?1b2bb7517224d3312d4b00ff99fc084051a6a6e4cc7ac368d26a880c046b82b2282c0a0dec11dab4f951b7c69dd3b5640dad0bd616739b33637b90cae6bf7cab67846b202a5f40e71069fdc597f064b00de907dbc64190523ce58829411573202561076eefb680d0e8273efbce09b627,gx-no-cache=1555510643132 HTTP/1.1" 200 110
186.67.164.138 - - [17/Apr/2019:11:21:08 -0300] "POST /cormun/servlet/solicitudot?gx-no-cache=1555510643342 HTTP/1.1" 200 67
186.67.164.138 - - [17/Apr/2019:11:21:08 -0300] "GET /cormun/servlet/solicitudot?1b2bb7517224d3312d4b00ff99fc0840ffbb757e7e69aaca3d3b22dfbd12b4c24c3720f7f7829882d7f0db4ec5220531354e319a6b3a34d166542ecbd40d237770099efef230548c7dc447116a19a1eb1418c5137515c7db82fa54b29f8b69c5d41dfb4e0bab795e828b42ed390c00bfddee125483bbde9943a92a4b4e9bbb8fbfe535c70d7d00ae497b6916f9452cd77f89403f2a4e03dddbbddd2f8387537ec6d22e7011b5cb1f91817c2f4888980dd7407e4fc126fa56e0ef395468c7c2d7ff86bb814fd58912706ced39aafca46b,gx-no-cache=1555510644056 HTTP/1.1" 200 29
186.67.164.138 - - [17/Apr/2019:11:21:08 -0300] "GET /cormun/servlet/solicitudot?1b2bb7517224d3312d4b00ff99fc0840331411e6681c911e7c843253be26b20b53c61185fb5093eb7635d471ba8b59e4,gx-no-cache=1555510644113 HTTP/1.1" 200 30
186.67.164.138 - - [17/Apr/2019:11:21:08 -0300] "POST /cormun/servlet/solicitudot?gx-no-cache=1555510644193 HTTP/1.1" 200 33
186.67.164.138 - - [17/Apr/2019:11:21:09 -0300] "POST /cormun/servlet/solicitudot?abed7e21daa3d9c3ee5f59a6966a7fd3,UPD,2019,15347,,gx-no-cache=1555510644309 HTTP/1.1" 200 93
186.67.164.138 - - [17/Apr/2019:11:21:09 -0300] "GET /cormun/servlet/hpexe_return? HTTP/1.1" 200 1031
186.67.164.138 - - [17/Apr/2019:11:21:09 -0300] "GET /cormun/servlet/trsolicitudot?gx-no-cache=1555509358921 HTTP/1.1" 200 8646
186.67.164.138 - - [17/Apr/2019:11:21:10 -0300] "GET /cormun/servlet/trsolicitudot?gx-no-cache=1555509358921 HTTP/1.1" 200 8664
186.67.164.138 - - [17/Apr/2019:11:21:17 -0300] "POST /cormun/servlet/trsolicitudot?abed7e21daa3d9c3ee5f59a6966a7fd3,gx-no-cache=1555509358921,gx-no-cache=1555510653002 HTTP/1.1" 200 4527
186.67.164.138 - - [17/Apr/2019:11:21:17 -0300] "GET /cormun/static/Shared/jqueryui/images/ui-bg_highlight-soft_100_c6c2c8_1x100.png HTTP/1.1" 404 1117
186.67.164.138 - - [17/Apr/2019:11:21:17 -0300] "GET /cormun/static/Shared/jqueryui/images/ui-icons_82798d_256x240.png HTTP/1.1" 404 1089
186.67.164.138 - - [17/Apr/2019:11:21:17 -0300] "GET /cormun/static/Shared/jqueryui/images/ui-bg_flat_55_fafafa_40x100.png HTTP/1.1" 404 1097
186.67.164.138 - - [17/Apr/2019:11:21:18 -0300] "GET /cormun/static/Shared/jqueryui/images/ui-icons_8d78a5_256x240.png HTTP/1.1" 404 1089
186.67.164.138 - - [17/Apr/2019:11:21:18 -0300] "POST /cormun/servlet/trsolicitudot?abed7e21daa3d9c3ee5f59a6966a7fd3,gx-no-cache=1555509358921,gx-no-cache=1555510653425 HTTP/1.1" 200 4323
186.103.159.46 - - [17/Apr/2019:11:21:20 -0300] "GET /cormun/servlet/solicitudot?37998d5970ca401dc2faf573c72cebbc35c1cf27fa1b74f0c4258e4066b221b5,gx-no-cache=1555507055831 HTTP/1.1" 200 94
186.103.159.46 - - [17/Apr/2019:11:21:20 -0300] "GET /cormun/static/Shared/jqueryui/images/ui-bg_highlight-soft_100_c6c2c8_1x100.png HTTP/1.1" 404 1117
186.103.159.46 - - [17/Apr/2019:11:21:21 -0300] "GET /cormun/static/Shared/jqueryui/images/ui-icons_82798d_256x240.png HTTP/1.1" 404 1089
186.103.159.46 - - [17/Apr/2019:11:21:21 -0300] "GET /cormun/servlet/solicitudot?37998d5970ca401dc2faf573c72cebbce7097a63b94e6ef68274923cf44c18f6,gx-no-cache=1555507056000 HTTP/1.1" 200 29
186.103.159.46 - - [17/Apr/2019:11:21:21 -0300] "GET /cormun/static/Shared/jqueryui/images/ui-bg_flat_55_994d53_40x100.png HTTP/1.1" 404 1097
186.103.159.46 - - [17/Apr/2019:11:21:21 -0300] "GET /cormun/static/Shared/jqueryui/images/ui-icons_ebccce_256x240.png HTTP/1.1" 404 1089
186.103.159.46 - - [17/Apr/2019:11:21:21 -0300] "POST /cormun/servlet/solicitudot?gx-no-cache=1555507056128 HTTP/1.1" 200 297
186.103.159.46 - - [17/Apr/2019:11:21:24 -0300] "GET /cormun/servlet/solicitudot?37998d5970ca401dc2faf573c72cebbca8266bdc0b3f72a393580f91dcc5687d9ddf02865e6dac4519bf20bd6ecad17f008723a4b0728995c333d8495c9fb22c5f4a0b05fb3fae9b92d31f83da5b3f9eab293263608d54366e97cd97d25379748429ffb0b1fd725b26bd4991c04a3d254d94937fd322534db33a9ef206e8121b0bfaeecc7464a4e278075a3e2a493d9b9110d70389f9e093ed411de1639395443feca78d71e184f6a51c759f2c3bab15564ea860de9f6ac61bd8a7979137c5938166340d829028c550e94bf44c145660172de2d257b59492ab8cd89f7353c5e1db638d28d2bc3b69a28c226a2cc6f965582e803e4a55a786b9ded7c0ff9d88c070a6921a4f02e70e4d1fb31ab83420b81ab0f1b87c12bc7a7830f5180c8cc54b5f7096e41fcafb8c33ec74f80724d693e7f39a6ebe99a974c453b27949cf6b7f31ae49a64041e1665b6e32f4dfc7821f0310a491f76bb495d6b5222c71681a71dc98817cdb52604d69ac7bb74599708ed09f163e6b4c39ed96fd02fcef301d3af132c074ffe34da7c2ea161412323021,gx-no-cache=1555507059591 HTTP/1.1" 200 30
186.103.159.46 - - [17/Apr/2019:11:21:26 -0300] "POST /cormun/servlet/solicitudot?gx-no-cache=1555507061630 HTTP/1.1" 200 30
186.103.159.46 - - [17/Apr/2019:11:21:29 -0300] "POST /cormun/servlet/solicitudot?gx-no-cache=1555507064855 HTTP/1.1" 200 1341
186.103.159.46 - - [17/Apr/2019:11:21:30 -0300] "POST /cormun/servlet/solicitudot?gx-no-cache=1555507065025 HTTP/1.1" 200 38
186.103.159.186 - - [17/Apr/2019:11:21:59 -0300] "GET /cormun/servlet/alicenciaprn?7232365,L,20190417000000,PU HTTP/1.1" 200 1555
186.103.159.186 - - [17/Apr/2019:11:22:34 -0300] "GET /cormun/servlet/alicenciaprn?7232365,L,20190417000000,PU HTTP/1.1" 200 1554
186.103.159.186 - - [17/Apr/2019:11:22:49 -0300] "GET /cormun/servlet/trlicenciaspermisosadjuntos?7232365,20190417000000,L, HTTP/1.1" 200 6369
186.103.159.186 - - [17/Apr/2019:11:22:50 -0300] "GET /cormun/static/gxcfg.js?20177612163414 HTTP/1.1" 200 953
186.103.159.186 - - [17/Apr/2019:11:22:50 -0300] "GET /cormun/static/trlicenciaspermisosadjuntos.js?20177612163719 HTTP/1.1" 200 21036
186.103.159.186 - - [17/Apr/2019:11:22:51 -0300] "GET /cormun/servlet/trlicenciaspermisosadjuntos?7232365,20190417000000,L, HTTP/1.1" 200 6369
186.103.159.186 - - [17/Apr/2019:11:22:52 -0300] "GET /cormun/servlet/licenciaspermisosadjuntos?INS,7232365,L,20190417000000,, HTTP/1.1" 200 5664
186.103.159.186 - - [17/Apr/2019:11:22:53 -0300] "GET /cormun/static/gxcfg.js?2017761263592 HTTP/1.1" 200 953
186.103.159.186 - - [17/Apr/2019:11:22:53 -0300] "GET /cormun/static/licenciaspermisosadjuntos.js?201776126362 HTTP/1.1" 200 8760
186.103.159.186 - - [17/Apr/2019:11:22:53 -0300] "GET /cormun/static/about:blank HTTP/1.1" 404 1011
186.103.159.186 - - [17/Apr/2019:11:22:54 -0300] "GET /cormun/servlet/licenciaspermisosadjuntos?INS,7232365,L,20190417000000,, HTTP/1.1" 200 5653
186.103.159.186 - - [17/Apr/2019:11:23:15 -0300] "POST /cormun/servlet/licenciaspermisosadjuntos?a98e7e64f7cd94fff2c2da5ebdeffe0d,INS,7232365,L,20190417000000,, HTTP/1.1" 200 116
186.103.159.186 - - [17/Apr/2019:11:23:16 -0300] "GET /cormun/servlet/hpexe_return? HTTP/1.1" 200 1034
186.103.159.186 - - [17/Apr/2019:11:23:16 -0300] "GET /cormun/servlet/trlicenciaspermisosadjuntos?7232365,20190417000000,L, HTTP/1.1" 200 6851
186.103.159.186 - - [17/Apr/2019:11:23:18 -0300] "GET /cormun/servlet/trlicenciaspermisosadjuntos?7232365,20190417000000,L, HTTP/1.1" 200 6846
186.103.159.46 - - [17/Apr/2019:11:23:29 -0300] "GET /cormun/servlet/solicitudot?37998d5970ca401dc2faf573c72cebbc782824e424f1dfe798f0cfd6c5a7e56902ea157735845d8d898c9967f6b4a557bffda210bcdadf806d8ab8da640ac2f5e8aac47c2b95d178ba981e24317261b4deb86ae285be23996682f4280c97640582259fb06e3599b1b2fdc22e0d9f5813,gx-no-cache=1555507184301 HTTP/1.1" 200 110
186.103.159.46 - - [17/Apr/2019:11:23:29 -0300] "POST /cormun/servlet/solicitudot?gx-no-cache=1555507184554 HTTP/1.1" 200 64
186.103.159.46 - - [17/Apr/2019:11:23:34 -0300] "GET /cormun/servlet/solicitudot?37998d5970ca401dc2faf573c72cebbc8c8478bd35c1ac57b0e0b375785903538e69b7c7e887a13d6c48b36f9d234742fd3a7d8c84e0530eade053d979360f2deed156ca40ecaac9012d7796f38821657a0ae6b304d0c3c8f707a8ceecf7d389c8c97af3c67c130d6cea31460a0dce37,gx-no-cache=1555507189582 HTTP/1.1" 200 29
186.103.159.46 - - [17/Apr/2019:11:23:34 -0300] "GET /cormun/static/menuarrow.gif HTTP/1.1" 404 1015
186.103.159.186 - - [17/Apr/2019:11:23:37 -0300] "POST /cormun/servlet/trlicenciaspermisosadjuntos?a98e7e64f7cd94fff2c2da5ebdeffe0d,7232365,20190417000000,L,,gx-no-cache=1555510791932 HTTP/1.1" 200 90
186.103.159.186 - - [17/Apr/2019:11:23:37 -0300] "GET /cormun/servlet/hpexe_link HTTP/1.1" 200 976
186.103.159.186 - - [17/Apr/2019:11:23:37 -0300] "GET /cormun/servlet/trlicencias HTTP/1.1" 200 10273
186.103.159.46 - - [17/Apr/2019:11:23:38 -0300] "GET /cormun/servlet/solicitudot?37998d5970ca401dc2faf573c72cebbccc52929bbb7253575ed06c1b23ef8785defdb2978ae33ee6ed0f741f53ca0571,gx-no-cache=1555507192891 HTTP/1.1" 200 30
186.103.159.186 - - [17/Apr/2019:11:23:39 -0300] "GET /cormun/servlet/trlicencias HTTP/1.1" 200 10271
186.103.159.186 - - [17/Apr/2019:11:23:46 -0300] "POST /cormun/servlet/trlicencias?a98e7e64f7cd94fff2c2da5ebdeffe0d,gx-no-cache=1555510802017 HTTP/1.1" 200 7612
186.103.159.186 - - [17/Apr/2019:11:23:47 -0300] "GET /cormun/static/Shared/jqueryui/images/ui-bg_highlight-soft_100_c6c2c8_1x100.png HTTP/1.1" 404 1117
186.103.159.186 - - [17/Apr/2019:11:23:47 -0300] "GET /cormun/static/Shared/jqueryui/images/ui-icons_82798d_256x240.png HTTP/1.1" 404 1089
186.103.159.186 - - [17/Apr/2019:11:23:47 -0300] "GET /cormun/static/Shared/jqueryui/images/ui-icons_8d78a5_256x240.png HTTP/1.1" 404 1089
186.103.159.186 - - [17/Apr/2019:11:23:47 -0300] "GET /cormun/static/Shared/jqueryui/images/ui-bg_flat_55_fafafa_40x100.png HTTP/1.1" 404 1097
186.103.159.46 - - [17/Apr/2019:11:23:50 -0300] "POST /cormun/servlet/solicitudot?gx-no-cache=1555507205390 HTTP/1.1" 200 30
186.103.159.46 - - [17/Apr/2019:11:24:07 -0300] "GET /cormun/servlet/solicitudot?37998d5970ca401dc2faf573c72cebbccc52929bbb7253575ed06c1b23ef8785defdb2978ae33ee6ed0f741f53ca0571,gx-no-cache=1555507222230 HTTP/1.1" 200 30
186.103.159.46 - - [17/Apr/2019:11:24:08 -0300] "POST /cormun/servlet/solicitudot?gx-no-cache=1555507222384 HTTP/1.1" 200 30
186.103.159.46 - - [17/Apr/2019:11:24:08 -0300] "POST /cormun/servlet/solicitudot?c12e5c468154fb227c26ecd99e8722b0,INS,0,0,,gx-no-cache=1555507223097 HTTP/1.1" 200 12046
190.171.149.90 - - [17/Apr/2019:11:24:21 -0300] "POST /cormun/servlet/solicitudot?79144783d01b125cbda742e1c7036e67,INS,0,0,,gx-no-cache=1555510835981 HTTP/1.1" 200 93
