200.54.103.162 - - [17/Apr/2019:09:35:08 -0300] "GET /cormun/servlet/hhome HTTP/1.1" 200 4337
200.54.103.162 - - [17/Apr/2019:09:35:08 -0300] "GET /cormun/servlet/hhome HTTP/1.1" 200 4333
200.54.103.162 - - [17/Apr/2019:09:35:11 -0300] "GET /cormun/servlet/trlicencias? HTTP/1.1" 200 12763
200.54.103.162 - - [17/Apr/2019:09:35:12 -0300] "GET /cormun/servlet/trlicencias? HTTP/1.1" 200 12760
200.54.103.162 - - [17/Apr/2019:09:35:18 -0300] "POST /cormun/servlet/trlicencias?c3147df2efdc1778654f018e3f6ba1fd,,gx-no-cache=1555504295540 HTTP/1.1" 200 10243
192.168.10.89 - - [17/Apr/2019:09:36:09 -0300] "POST /cormun/servlet/trsolicitudgral?3ffb619fa3d07561c77c1f935edc558e,gx-no-cache=1555509826040,gx-no-cache=1555511365394 HTTP/1.1" 200 5480
192.168.10.89 - - [17/Apr/2019:09:37:02 -0300] "POST /cormun/servlet/trsolicitudgral?3ffb619fa3d07561c77c1f935edc558e,gx-no-cache=1555509826040,gx-no-cache=1555511419017 HTTP/1.1" 200 6675
192.168.10.89 - - [17/Apr/2019:09:37:23 -0300] "POST /cormun/servlet/trsolicitudgral?3ffb619fa3d07561c77c1f935edc558e,gx-no-cache=1555509826040,gx-no-cache=1555511439494 HTTP/1.1" 200 5492
190.171.142.18 - - [17/Apr/2019:09:40:01 -0300] "GET /cormun/servlet/hlogin HTTP/1.1" 200 1730
190.171.142.18 - - [17/Apr/2019:09:40:01 -0300] "GET /cormun/static/gxtimezone.js?85251 HTTP/1.1" 200 5781
190.171.142.18 - - [17/Apr/2019:09:40:01 -0300] "GET /cormun/static/gxcfg.js?20177612122725 HTTP/1.1" 200 953
190.171.142.18 - - [17/Apr/2019:09:40:01 -0300] "GET /cormun/static/messages.spa.js?85251 HTTP/1.1" 200 30736
190.171.142.18 - - [17/Apr/2019:09:40:01 -0300] "GET /cormun/static/Resources/ComunLogin.png HTTP/1.1" 200 17326
190.171.142.18 - - [17/Apr/2019:09:40:01 -0300] "GET /cormun/static/Resources/Spanish/PXTools.css?1155365 HTTP/1.1" 200 89042
190.171.142.18 - - [17/Apr/2019:09:40:01 -0300] "GET /cormun/static/hlogin.js?20177612122738 HTTP/1.1" 200 2136
190.171.142.18 - - [17/Apr/2019:09:40:01 -0300] "GET /cormun/static/gxgral.js?85251 HTTP/1.1" 200 384558
190.171.142.18 - - [17/Apr/2019:09:40:02 -0300] "GET /cormun/static/Resources/PXToolsLoginTop.png HTTP/1.1" 200 1337
190.171.142.18 - - [17/Apr/2019:09:40:02 -0300] "GET /cormun/static/Resources/PXToolsButtonLeft21.png HTTP/1.1" 200 1287
190.171.142.18 - - [17/Apr/2019:09:40:02 -0300] "GET /cormun/static/Resources/PXToolsButtonRight21.png HTTP/1.1" 200 1283
190.171.142.18 - - [17/Apr/2019:09:40:02 -0300] "GET /cormun/static/Resources/PXToolsButtonBackground2.png HTTP/1.1" 200 1181
190.171.142.18 - - [17/Apr/2019:09:40:02 -0300] "GET /cormun/static/Resources/PXToolsLoginBackground.png HTTP/1.1" 200 1164
190.171.142.18 - - [17/Apr/2019:09:40:02 -0300] "GET /cormun/static/Resources/PXToolsLoginBottom.png HTTP/1.1" 200 1389
190.171.142.18 - - [17/Apr/2019:09:40:02 -0300] "GET /cormun/static/Resources/indicator.gif HTTP/1.1" 200 1553
190.171.142.18 - - [17/Apr/2019:09:40:02 -0300] "GET /cormun/servlet/hlogin HTTP/1.1" 200 1737
190.171.142.18 - - [17/Apr/2019:09:40:07 -0300] "POST /cormun/servlet/hlogin?564a6dce5a38565e3e979533a02f8591,gx-no-cache=1555504763384 HTTP/1.1" 200 90
190.171.142.18 - - [17/Apr/2019:09:40:07 -0300] "GET /cormun/servlet/hpexe_link HTTP/1.1" 200 955
190.171.142.18 - - [17/Apr/2019:09:40:07 -0300] "GET /cormun/static/gxcfg.js?20177612121792 HTTP/1.1" 200 953
190.171.142.18 - - [17/Apr/2019:09:40:07 -0300] "GET /cormun/static/hpexe_link.js?20177612121795 HTTP/1.1" 200 625
190.171.142.18 - - [17/Apr/2019:09:40:07 -0300] "GET /cormun/servlet/hhome HTTP/1.1" 200 4346
190.171.142.18 - - [17/Apr/2019:09:40:07 -0300] "GET /cormun/static/SmoothNavMenu/resources/ddsmoothmenu.css?1012540 HTTP/1.1" 200 2223
190.171.142.18 - - [17/Apr/2019:09:40:07 -0300] "GET /cormun/static/SmoothNavMenu/resources/ddsmoothmenu-v.css?1012540 HTTP/1.1" 200 1188
190.171.142.18 - - [17/Apr/2019:09:40:07 -0300] "GET /cormun/static/scaMessage/css/jquery.pnotify.default.css?1716380 HTTP/1.1" 200 1707
190.171.142.18 - - [17/Apr/2019:09:40:07 -0300] "GET /cormun/static/gxcfg.js?20175251212442 HTTP/1.1" 200 953
190.171.142.18 - - [17/Apr/2019:09:40:07 -0300] "GET /cormun/static/Shared/jqueryui/jquery-ui.min.css?1245370 HTTP/1.1" 200 30288
190.171.142.18 - - [17/Apr/2019:09:40:07 -0300] "GET /cormun/static/PXToolsJavascripts/pexe_cookies.js HTTP/1.1" 200 792
190.171.142.18 - - [17/Apr/2019:09:40:07 -0300] "GET /cormun/static/PXToolsJavascripts/pexe_windows.js HTTP/1.1" 200 15207
190.171.142.18 - - [17/Apr/2019:09:40:07 -0300] "GET /cormun/static/PXToolsJavascripts/pexe_autoreload.js HTTP/1.1" 200 1762
190.171.142.18 - - [17/Apr/2019:09:40:07 -0300] "GET /cormun/static/PXToolsJavascripts/pexe_grid.js HTTP/1.1" 200 7559
190.171.142.18 - - [17/Apr/2019:09:40:07 -0300] "GET /cormun/static/Resources/Spanish/PXTools.css?11423723 HTTP/1.1" 200 89042
190.171.142.18 - - [17/Apr/2019:09:40:07 -0300] "GET /cormun/static/PXToolsJavascripts/pexe_griddivfix.js HTTP/1.1" 200 6644
190.171.142.18 - - [17/Apr/2019:09:40:07 -0300] "GET /cormun/static/PXToolsJavascripts/pexe_link.js HTTP/1.1" 200 5671
190.171.142.18 - - [17/Apr/2019:09:40:07 -0300] "GET /cormun/static/PXToolsJavascripts/pexe_menudivfix.js HTTP/1.1" 200 333
190.171.142.18 - - [17/Apr/2019:09:40:07 -0300] "GET /cormun/static/PXToolsJavascripts/pexe_menus.js HTTP/1.1" 200 1286
190.171.142.18 - - [17/Apr/2019:09:40:07 -0300] "GET /cormun/static/PXToolsJavascripts/pexe_oav.js HTTP/1.1" 200 645
190.171.142.18 - - [17/Apr/2019:09:40:07 -0300] "GET /cormun/static/PXToolsJavascripts/pexe_layers.js HTTP/1.1" 200 4114
190.171.142.18 - - [17/Apr/2019:09:40:07 -0300] "GET /cormun/static/PXToolsJavascripts/pexe_oavdivfix.js HTTP/1.1" 200 639
190.171.142.18 - - [17/Apr/2019:09:40:07 -0300] "GET /cormun/static/PXToolsJavascripts/pexe_picture.js HTTP/1.1" 200 689
190.171.142.18 - - [17/Apr/2019:09:40:07 -0300] "GET /cormun/static/PXToolsJavascripts/pexe_scrolldiv.js HTTP/1.1" 200 4138
190.171.142.18 - - [17/Apr/2019:09:40:07 -0300] "GET /cormun/static/PXToolsJavascripts/pexe_tabdivfix.js HTTP/1.1" 200 876
190.171.142.18 - - [17/Apr/2019:09:40:07 -0300] "GET /cormun/static/PXToolsJavascripts/pexe_popup.js HTTP/1.1" 200 13458
190.171.142.18 - - [17/Apr/2019:09:40:07 -0300] "GET /cormun/static/PXToolsJavascripts/pexe_tabs.js HTTP/1.1" 200 3748
190.171.142.18 - - [17/Apr/2019:09:40:07 -0300] "GET /cormun/static/PXToolsJavascripts/pexe_upload.js HTTP/1.1" 200 1423
190.171.142.18 - - [17/Apr/2019:09:40:07 -0300] "GET /cormun/static/PXToolsJavascripts/PXToolsJavascriptsRender.js HTTP/1.1" 200 367
190.171.142.18 - - [17/Apr/2019:09:40:07 -0300] "GET /cormun/static/Resources/logo4.png HTTP/1.1" 200 6582
190.171.142.18 - - [17/Apr/2019:09:40:07 -0300] "GET /cormun/static/Resources/PXToolsHeaderActionsLeft.png HTTP/1.1" 200 1118
190.171.142.18 - - [17/Apr/2019:09:40:07 -0300] "GET /cormun/static/RunJS/RunJS.js HTTP/1.1" 200 288
190.171.142.18 - - [17/Apr/2019:09:40:07 -0300] "GET /cormun/static/gxui/gxui-all.js HTTP/1.1" 200 107772
190.171.142.18 - - [17/Apr/2019:09:40:07 -0300] "GET /cormun/static/Shared/ext/locale/ext-lang-en.js HTTP/1.1" 200 10940
190.171.142.18 - - [17/Apr/2019:09:40:07 -0300] "GET /cormun/static/hhome.js?20175251212450 HTTP/1.1" 200 777
190.171.142.18 - - [17/Apr/2019:09:40:07 -0300] "GET /cormun/static/hwchdr01.js?201752511465785 HTTP/1.1" 200 1183
190.171.142.18 - - [17/Apr/2019:09:40:07 -0300] "GET /cormun/static/hpexe_recentlink.js?20177611595044 HTTP/1.1" 200 2144
190.171.142.18 - - [17/Apr/2019:09:40:07 -0300] "GET /cormun/static/hpexe_messagecontroller.js?20177611595012 HTTP/1.1" 200 870
190.171.142.18 - - [17/Apr/2019:09:40:07 -0300] "GET /cormun/static/hpexe_scripts.js?201752511465715 HTTP/1.1" 200 1544
190.171.142.18 - - [17/Apr/2019:09:40:07 -0300] "GET /cormun/static/hpexe_messagepopupcomponent.js?20161017169425 HTTP/1.1" 200 605
190.171.142.18 - - [17/Apr/2019:09:40:07 -0300] "GET /cormun/static/hpexe_messagegenexuscomponent.js?201752511465344 HTTP/1.1" 200 587
190.171.142.18 - - [17/Apr/2019:09:40:07 -0300] "GET /cormun/static/cmcontrolpreferences.js?201752511465670 HTTP/1.1" 200 1375
190.171.142.18 - - [17/Apr/2019:09:40:07 -0300] "GET /cormun/static/SmoothNavMenu/resources/ddsmoothmenu.js HTTP/1.1" 200 12712
190.171.142.18 - - [17/Apr/2019:09:40:07 -0300] "GET /cormun/static/Shared/jqueryui/jquery-ui.min.js HTTP/1.1" 200 240427
190.171.142.18 - - [17/Apr/2019:09:40:07 -0300] "GET /cormun/static/Resources/PXToolsDataTitle.png HTTP/1.1" 200 1173
190.171.142.18 - - [17/Apr/2019:09:40:08 -0300] "GET /cormun/static/Resources/PXToolsHeaderActionsBackground.png HTTP/1.1" 200 484
190.171.142.18 - - [17/Apr/2019:09:40:08 -0300] "GET /cormun/static/Resources/PXToolsHeaderSecurity.png HTTP/1.1" 200 4166
190.171.142.18 - - [17/Apr/2019:09:40:08 -0300] "GET /cormun/static/Shared/jquery/jquery-1.4.2.min.js HTTP/1.1" 200 72174
190.171.142.18 - - [17/Apr/2019:09:40:08 -0300] "GET /cormun/static/Resources/PXToolsHeaderHome.png HTTP/1.1" 200 4147
190.171.142.18 - - [17/Apr/2019:09:40:08 -0300] "GET /cormun/static/Shared/ext/ext-all.js HTTP/1.1" 200 1289687
190.171.142.18 - - [17/Apr/2019:09:40:08 -0300] "GET /cormun/static/Resources/PXToolsFooterBackground2.png HTTP/1.1" 200 1172
190.171.142.18 - - [17/Apr/2019:09:40:08 -0300] "GET /cormun/static/Shared/jquery/jquery-1.10.2.min.js HTTP/1.1" 200 273199
190.171.142.18 - - [17/Apr/2019:09:40:08 -0300] "GET /cormun/static/Resources/PXToolsHeaderBackground2.png HTTP/1.1" 200 1174
190.171.142.18 - - [17/Apr/2019:09:40:08 -0300] "GET /cormun/static/Resources/PXToolsHeaderPreferences.png HTTP/1.1" 200 4189
190.171.142.18 - - [17/Apr/2019:09:40:08 -0300] "GET /cormun/static/Resources/PXToolsHeaderLogin.png HTTP/1.1" 200 4279
190.171.142.18 - - [17/Apr/2019:09:40:08 -0300] "GET /cormun/static/Resources/PXToolsHeaderActionsRight.png HTTP/1.1" 200 1201
190.171.142.18 - - [17/Apr/2019:09:40:08 -0300] "GET /cormun/static/SmoothNavMenu/resources/SmoothNavMenuRender.js HTTP/1.1" 200 5951
190.171.142.18 - - [17/Apr/2019:09:40:08 -0300] "GET /cormun/static/scaMessage/js/jquery.pnotify.min.js HTTP/1.1" 200 13038
190.171.142.18 - - [17/Apr/2019:09:40:08 -0300] "GET /cormun/static/scaMessage/scaMessageRender.js HTTP/1.1" 200 11977
190.171.142.18 - - [17/Apr/2019:09:40:08 -0300] "GET /cormun/static/hmpwkw03.js?20189613443875 HTTP/1.1" 200 3965
190.171.142.18 - - [17/Apr/2019:09:40:08 -0300] "GET /cormun/static/SmoothNavMenu/resources/images/right.gif HTTP/1.1" 200 860
190.171.142.18 - - [17/Apr/2019:09:40:08 -0300] "GET /cormun/static/SmoothNavMenu/resources/images/down.gif HTTP/1.1" 200 854
190.171.142.18 - - [17/Apr/2019:09:40:08 -0300] "GET /cormun/servlet/hhome HTTP/1.1" 200 4342
190.171.142.18 - - [17/Apr/2019:09:40:13 -0300] "GET /cormun/servlet/trsolicitudot? HTTP/1.1" 200 7562
190.171.142.18 - - [17/Apr/2019:09:40:13 -0300] "GET /cormun/static/gxui/gxui-all.css?120300 HTTP/1.1" 200 2179
190.171.142.18 - - [17/Apr/2019:09:40:14 -0300] "GET /cormun/static/gxcfg.js?2017111422585916 HTTP/1.1" 200 953
190.171.142.18 - - [17/Apr/2019:09:40:14 -0300] "GET /cormun/static/calendar-system.css?85620 HTTP/1.1" 200 5572
190.171.142.18 - - [17/Apr/2019:09:40:14 -0300] "GET /cormun/static/calendar-setup.js?85251 HTTP/1.1" 200 2588
190.171.142.18 - - [17/Apr/2019:09:40:14 -0300] "GET /cormun/static/calendar.js?85251 HTTP/1.1" 200 26246
190.171.142.18 - - [17/Apr/2019:09:40:14 -0300] "GET /cormun/static/calendar-es.js?85251 HTTP/1.1" 200 1901
190.171.142.18 - - [17/Apr/2019:09:40:14 -0300] "GET /cormun/static/Resources/PXTools/calendar.png HTTP/1.1" 200 1306
190.171.142.18 - - [17/Apr/2019:09:40:14 -0300] "GET /cormun/static/Resources/PXToolsDataSearch.png HTTP/1.1" 200 419
190.171.142.18 - - [17/Apr/2019:09:40:14 -0300] "GET /cormun/static/Resources/Spanish/PXTools.css?1255365 HTTP/1.1" 200 89042
190.171.142.18 - - [17/Apr/2019:09:40:14 -0300] "GET /cormun/static/gxdec.js?85251 HTTP/1.1" 200 19579
190.171.142.18 - - [17/Apr/2019:09:40:14 -0300] "GET /cormun/static/trsolicitudot.js?201711142259839 HTTP/1.1" 200 54041
190.171.142.18 - - [17/Apr/2019:09:40:14 -0300] "GET /cormun/static/Resources/PXToolsGridFirstDisabled.gif HTTP/1.1" 200 100
190.171.142.18 - - [17/Apr/2019:09:40:14 -0300] "GET /cormun/static/Resources/PXToolsGridPreviousDisabled.gif HTTP/1.1" 200 90
190.171.142.18 - - [17/Apr/2019:09:40:14 -0300] "GET /cormun/static/Resources/PXToolsGridNextDisabled.gif HTTP/1.1" 200 90
190.171.142.18 - - [17/Apr/2019:09:40:14 -0300] "GET /cormun/static/Resources/PXToolsGridLastDisabled.gif HTTP/1.1" 200 98
190.171.142.18 - - [17/Apr/2019:09:40:14 -0300] "GET /cormun/static/Resources/PXToolsGridPage.gif HTTP/1.1" 200 725
190.171.142.18 - - [17/Apr/2019:09:40:14 -0300] "GET /cormun/static/Resources/PXToolsActionExcel.png HTTP/1.1" 200 3187
190.171.142.18 - - [17/Apr/2019:09:40:14 -0300] "GET /cormun/static/Resources/PXToolsGridNew.png HTTP/1.1" 200 2949
190.171.142.18 - - [17/Apr/2019:09:40:14 -0300] "GET /cormun/static/Shared/ext/resources/css/ext-all.css?215870 HTTP/1.1" 200 416045
190.171.142.18 - - [17/Apr/2019:09:40:15 -0300] "GET /cormun/static/Resources/desc.gif HTTP/1.1" 200 65
190.171.142.18 - - [17/Apr/2019:09:40:15 -0300] "GET /cormun/static/Resources/asc.gif HTTP/1.1" 200 67
190.171.142.18 - - [17/Apr/2019:09:40:15 -0300] "GET /cormun/servlet/trsolicitudot? HTTP/1.1" 200 7560
190.171.142.18 - - [17/Apr/2019:09:40:15 -0300] "GET /cormun/static/Shared/ext/resources/themes/images/default/panel/bg-headersPanel.png HTTP/1.1" 200 255
190.171.142.18 - - [17/Apr/2019:09:40:15 -0300] "GET /cormun/static/Shared/ext/resources/themes/images/default/tools/tool-sprites.gif HTTP/1.1" 200 5434
190.171.142.18 - - [17/Apr/2019:09:40:18 -0300] "GET /cormun/servlet/solicitudot?INS,0,0, HTTP/1.1" 200 15313
190.171.142.18 - - [17/Apr/2019:09:40:18 -0300] "GET /cormun/static/calendar-system.css?75620 HTTP/1.1" 200 5572
190.171.142.18 - - [17/Apr/2019:09:40:18 -0300] "GET /cormun/static/gxcfg.js?20189101114418 HTTP/1.1" 200 953
190.171.142.18 - - [17/Apr/2019:09:40:18 -0300] "GET /cormun/static/Resources/prompt.gif HTTP/1.1" 200 902
190.171.142.18 - - [17/Apr/2019:09:40:18 -0300] "GET /cormun/static/solicitudot.js?20189101114718 HTTP/1.1" 200 71883
190.171.142.18 - - [17/Apr/2019:09:40:18 -0300] "GET /cormun/servlet/solicitudot?INS,0,0, HTTP/1.1" 200 15318
190.171.141.82 - - [17/Apr/2019:09:40:20 -0300] "GET /cormun/servlet/hlogin HTTP/1.1" 200 1729
190.171.142.18 - - [17/Apr/2019:09:40:27 -0300] "POST /cormun/servlet/solicitudot?gx-no-cache=1555504783794 HTTP/1.1" 200 3450
190.171.142.18 - - [17/Apr/2019:09:40:27 -0300] "POST /cormun/servlet/solicitudot?564a6dce5a38565e3e979533a02f8591,INS,0,0,,gx-no-cache=1555504783945 HTTP/1.1" 200 11913
190.171.142.18 - - [17/Apr/2019:09:40:29 -0300] "GET /cormun/servlet/solicitudot?749e09009d81918e861682e0c4323f13dc1ea09cfdbb54348b90f4ca0c64cfa2b73ad1ad5ef7c2e4516559a98130d5b4,gx-no-cache=1555504786084 HTTP/1.1" 200 30
190.171.141.82 - - [17/Apr/2019:09:40:57 -0300] "POST /cormun/servlet/hlogin?e61517fcb1636a8961432f5ca5a15ecd,gx-no-cache=1555504631150 HTTP/1.1" 200 90
190.171.141.82 - - [17/Apr/2019:09:40:58 -0300] "GET /cormun/servlet/hpexe_link HTTP/1.1" 200 953
190.171.141.82 - - [17/Apr/2019:09:40:59 -0300] "GET /cormun/servlet/hhome HTTP/1.1" 200 4346
190.171.141.82 - - [17/Apr/2019:09:41:03 -0300] "GET /cormun/servlet/hhome HTTP/1.1" 200 4343
192.168.10.96 - - [17/Apr/2019:09:41:04 -0300] "GET /cormun/servlet/trsolicitudgral? HTTP/1.1" 500 10
192.168.10.96 - - [17/Apr/2019:09:41:08 -0300] "GET /cormun/servlet/hlogin HTTP/1.1" 200 1715
192.168.10.96 - - [17/Apr/2019:09:41:14 -0300] "POST /cormun/servlet/hlogin?c7c145f8b8ddb6863fb2a168168087ed,gx-no-cache=1555511670508 HTTP/1.1" 200 90
192.168.10.96 - - [17/Apr/2019:09:41:14 -0300] "GET /cormun/servlet/hpexe_link HTTP/1.1" 200 946
192.168.10.96 - - [17/Apr/2019:09:41:14 -0300] "GET /cormun/servlet/hhome HTTP/1.1" 200 4767
192.168.10.96 - - [17/Apr/2019:09:41:14 -0300] "GET /cormun/servlet/hhome HTTP/1.1" 200 4763
190.171.141.82 - - [17/Apr/2019:09:41:14 -0300] "GET /cormun/servlet/trsolicitudot? HTTP/1.1" 200 9292
190.171.141.82 - - [17/Apr/2019:09:41:17 -0300] "GET /cormun/servlet/trsolicitudot? HTTP/1.1" 200 9292
192.168.10.96 - - [17/Apr/2019:09:41:19 -0300] "GET /cormun/servlet/trsolicitudgral? HTTP/1.1" 200 29335
190.171.141.82 - - [17/Apr/2019:09:41:20 -0300] "GET /cormun/servlet/solicitudot?INS,0,0, HTTP/1.1" 200 15312
192.168.10.96 - - [17/Apr/2019:09:41:21 -0300] "GET /cormun/servlet/trsolicitudgral? HTTP/1.1" 200 29333
190.171.141.82 - - [17/Apr/2019:09:41:24 -0300] "GET /cormun/servlet/solicitudot?INS,0,0, HTTP/1.1" 200 15317
192.168.10.96 - - [17/Apr/2019:09:41:27 -0300] "POST /cormun/servlet/trsolicitudgral?c7c145f8b8ddb6863fb2a168168087ed,,gx-no-cache=1555511683082 HTTP/1.1" 200 10946
190.171.141.82 - - [17/Apr/2019:09:41:27 -0300] "GET /cormun/servlet/prfichaempleado?,MD,,gxPopupLevel%3D0%3B HTTP/1.1" 200 9435
190.171.141.82 - - [17/Apr/2019:09:41:36 -0300] "POST /cormun/servlet/prfichaempleado?e61517fcb1636a8961432f5ca5a15ecd,,MD,,gxPopupLevel%3D0%3B,gx-no-cache=1555504670816 HTTP/1.1" 200 3401
200.54.103.162 - - [17/Apr/2019:09:41:47 -0300] "GET /cormun/servlet/hlogin HTTP/1.1" 200 1720
190.171.141.82 - - [17/Apr/2019:09:41:50 -0300] "POST /cormun/servlet/solicitudot?gx-no-cache=1555504684719 HTTP/1.1" 200 3588
190.171.141.82 - - [17/Apr/2019:09:41:51 -0300] "POST /cormun/servlet/solicitudot?e61517fcb1636a8961432f5ca5a15ecd,INS,0,0,,gx-no-cache=1555504685156 HTTP/1.1" 200 12060
200.54.103.162 - - [17/Apr/2019:09:41:58 -0300] "POST /cormun/servlet/hlogin?c3147df2efdc1778654f018e3f6ba1fd,gx-no-cache=1555504695550 HTTP/1.1" 200 90
200.54.103.162 - - [17/Apr/2019:09:41:58 -0300] "GET /cormun/servlet/hpexe_link HTTP/1.1" 200 956
200.54.103.162 - - [17/Apr/2019:09:41:58 -0300] "GET /cormun/servlet/trlicencias? HTTP/1.1" 200 12762
200.54.103.162 - - [17/Apr/2019:09:41:59 -0300] "GET /cormun/servlet/trlicencias? HTTP/1.1" 200 12760
190.171.141.82 - - [17/Apr/2019:09:41:59 -0300] "GET /cormun/servlet/solicitudot?4c727585b27c39023cbb8b641295b3514cd51db328cea6b3787326749d642326476600d80ff69b136eaf80ae6dc94485,gx-no-cache=1555504693982 HTTP/1.1" 200 30
190.171.141.82 - - [17/Apr/2019:09:41:59 -0300] "GET /cormun/servlet/solicitudot?4c727585b27c39023cbb8b641295b351214382af79cf18ae36c75da5fcec35b780e4665c2e656f069e088868dac08360f3fe15806dd7d296bc5d34e1ed791132b1e4b5c018328a57365a9c7553acf055,gx-no-cache=1555504694022 HTTP/1.1" 200 30
190.171.141.82 - - [17/Apr/2019:09:41:59 -0300] "GET /cormun/servlet/solicitudot?4c727585b27c39023cbb8b641295b351b099cbdf4c3c3f03b2492982069fa90c,gx-no-cache=1555504694045 HTTP/1.1" 200 53
190.171.141.82 - - [17/Apr/2019:09:41:59 -0300] "POST /cormun/servlet/solicitudot?gx-no-cache=1555504694093 HTTP/1.1" 200 256
190.171.141.82 - - [17/Apr/2019:09:41:59 -0300] "GET /cormun/servlet/solicitudot?4c727585b27c39023cbb8b641295b351fcb8db1d731875c5af7d290e66b27fdbeba2b059cb95de30d6942860fa22fbd0028919856a320d726b4caa1535adcf260992545b8ce888aeea08dd95c074139379c497e65d06b257a85e7cc65b8b235e1c3dd05781d946f698ad35abe305736e21c3b0149fa976e251143c17042546c29163d5f4a3ae7a1a3c7b9b192bf944ddf43fd71071fc771e39983f209a23696ddf0ef11a362ec39a85f1c25646b69f0e53e4b4347fceb41df9d18423692be0c596f3dc42759ddd460aae1d90bd7e211c880634f3d64502a750c701da9d1ff06a8354fa291b9644b56991d2b41e541bec75bb79a5da7d9e7560c40144ef30723ce5f54af8d2e067d1340627b07a802d39f79ec392be9e61c1b788c6e1963a2adeaa6e17f2f3c01f90ba789b2dc7fae69d183e8cf3edce047c304b0159d2a8c0761bae4a98d58537f1029e5fb283511891ca25030d632f535b737ab6c4a2bc3422e82c95de9a017ac813ef47d63bc1494e7aadd085d95025ef640a4d610de484d1,gx-no-cache=1555504694125 HTTP/1.1" 200 30
190.171.141.82 - - [17/Apr/2019:09:42:00 -0300] "POST /cormun/servlet/solicitudot?gx-no-cache=1555504694149 HTTP/1.1" 200 30
190.171.141.82 - - [17/Apr/2019:09:42:00 -0300] "POST /cormun/servlet/solicitudot?gx-no-cache=1555504694179 HTTP/1.1" 200 1344
190.171.141.82 - - [17/Apr/2019:09:42:00 -0300] "POST /cormun/servlet/solicitudot?gx-no-cache=1555504694218 HTTP/1.1" 200 38
190.171.141.82 - - [17/Apr/2019:09:42:00 -0300] "GET /cormun/servlet/solicitudot?4c727585b27c39023cbb8b641295b351717af2ef2deca95f5a83b2ddc713829a05032e40130ba5686b9f73dc0454472fa4ad38189b6160082d0a22cb14478e02f3b501c147729f56ae4d19687f0683f53fbe20e21fbfddbd7b63516a4868f30bf2ef016d2e1c2bf02efd8b9374073520,gx-no-cache=1555504694243 HTTP/1.1" 200 110
200.54.103.162 - - [17/Apr/2019:09:42:27 -0300] "POST /cormun/servlet/trlicencias?c3147df2efdc1778654f018e3f6ba1fd,,gx-no-cache=1555504724101 HTTP/1.1" 200 10244
190.171.141.82 - - [17/Apr/2019:09:42:29 -0300] "POST /cormun/servlet/solicitudot?gx-no-cache=1555504723295 HTTP/1.1" 200 72
200.54.103.162 - - [17/Apr/2019:09:42:29 -0300] "POST /cormun/servlet/trlicencias?c3147df2efdc1778654f018e3f6ba1fd,,gx-no-cache=1555504726012 HTTP/1.1" 200 10244
190.171.141.82 - - [17/Apr/2019:09:42:39 -0300] "POST /cormun/servlet/solicitudot?gx-no-cache=1555504733970 HTTP/1.1" 200 30
93.158.161.6 - - [17/Apr/2019:09:42:41 -0300] "GET /robots.txt HTTP/1.1" 404 981
190.171.141.82 - - [17/Apr/2019:09:42:41 -0300] "POST /cormun/servlet/solicitudot?gx-no-cache=1555504736007 HTTP/1.1" 200 1344
190.171.141.82 - - [17/Apr/2019:09:42:41 -0300] "POST /cormun/servlet/solicitudot?gx-no-cache=1555504736050 HTTP/1.1" 200 38
190.171.141.82 - - [17/Apr/2019:09:42:41 -0300] "GET /cormun/servlet/solicitudot?4c727585b27c39023cbb8b641295b351717af2ef2deca95f5a83b2ddc713829a05032e40130ba5686b9f73dc0454472fa4ad38189b6160082d0a22cb14478e02f3b501c147729f56ae4d19687f0683f53fbe20e21fbfddbd7b63516a4868f30bf2ef016d2e1c2bf02efd8b9374073520,gx-no-cache=1555504736073 HTTP/1.1" 200 110
93.158.161.6 - - [17/Apr/2019:09:42:44 -0300] "GET /examples/jsp/jsp2/jspx/textRotate.jspx HTTP/1.1" 200 5916
190.171.141.82 - - [17/Apr/2019:09:42:52 -0300] "POST /cormun/servlet/solicitudot?gx-no-cache=1555504746167 HTTP/1.1" 200 72
200.54.103.162 - - [17/Apr/2019:09:42:53 -0300] "GET /cormun/servlet/trcontratounov2? HTTP/1.1" 200 17700
200.54.103.162 - - [17/Apr/2019:09:42:53 -0300] "GET /cormun/static/gxcfg.js?201752512124396 HTTP/1.1" 200 953
200.54.103.162 - - [17/Apr/2019:09:42:53 -0300] "GET /cormun/static/Resources/PXToolsAddSelectedAction.png HTTP/1.1" 200 3660
200.54.103.162 - - [17/Apr/2019:09:42:53 -0300] "GET /cormun/static/trcontratounov2.js?201752512125146 HTTP/1.1" 200 38486
200.54.103.162 - - [17/Apr/2019:09:42:54 -0300] "GET /cormun/servlet/trcontratounov2? HTTP/1.1" 200 17696
190.171.141.82 - - [17/Apr/2019:09:42:57 -0300] "GET /cormun/servlet/solicitudot?4c727585b27c39023cbb8b641295b35113ed66a86e42d58995f161f5a862606c0b7a6b671c29d9741deab5b6622fadde521fa8dc04b4de4be0a02cf77139d1f45666baac0cbce680286e8a0856445ba5e715caa534f2cc5537cb5037961414ae27cee4b4e312650b8f14e4f277b089f3c3d8375a28bc1700860d1b327cb0dc3837ceef76e089bbe50b63bf4885312293b0c3f9df86b7e4c768b83995188e3ce0,gx-no-cache=1555504751959 HTTP/1.1" 200 29
190.171.141.82 - - [17/Apr/2019:09:42:57 -0300] "GET /cormun/static/menuarrow.gif HTTP/1.1" 404 1015
190.171.141.82 - - [17/Apr/2019:09:43:00 -0300] "GET /cormun/servlet/solicitudot?4c727585b27c39023cbb8b641295b351abc96432c36be73a3dcc9f2bd73ff5b3abcfac467c87970c46bae545af63d214,gx-no-cache=1555504754822 HTTP/1.1" 200 30
200.54.103.162 - - [17/Apr/2019:09:43:03 -0300] "GET /cormun/servlet/trlicencias? HTTP/1.1" 200 12761
200.54.103.162 - - [17/Apr/2019:09:43:03 -0300] "GET /cormun/servlet/trlicencias? HTTP/1.1" 200 12760
190.171.141.82 - - [17/Apr/2019:09:43:15 -0300] "POST /cormun/servlet/solicitudot?gx-no-cache=1555504769639 HTTP/1.1" 200 30
190.171.141.82 - - [17/Apr/2019:09:43:16 -0300] "POST /cormun/servlet/solicitudot?e61517fcb1636a8961432f5ca5a15ecd,INS,0,0,,gx-no-cache=1555504769699 HTTP/1.1" 200 93
190.171.141.82 - - [17/Apr/2019:09:43:16 -0300] "GET /cormun/servlet/hpexe_return? HTTP/1.1" 200 1010
190.171.141.82 - - [17/Apr/2019:09:43:16 -0300] "GET /cormun/servlet/trsolicitudot HTTP/1.1" 200 9720
190.171.141.82 - - [17/Apr/2019:09:43:17 -0300] "GET /cormun/servlet/trsolicitudot HTTP/1.1" 200 9716
190.171.141.82 - - [17/Apr/2019:09:43:29 -0300] "POST /cormun/servlet/trsolicitudot?e61517fcb1636a8961432f5ca5a15ecd,gx-no-cache=1555504783802 HTTP/1.1" 200 106
190.171.141.82 - - [17/Apr/2019:09:43:29 -0300] "GET /cormun/servlet/solicitudot?UPD,2019,15332, HTTP/1.1" 200 15828
190.171.141.82 - - [17/Apr/2019:09:43:31 -0300] "GET /cormun/servlet/solicitudot?UPD,2019,15332, HTTP/1.1" 200 15837
190.171.141.82 - - [17/Apr/2019:09:43:32 -0300] "POST /cormun/servlet/solicitudot?gx-no-cache=1555504786403 HTTP/1.1" 200 3608
190.171.141.82 - - [17/Apr/2019:09:43:32 -0300] "POST /cormun/servlet/solicitudot?e61517fcb1636a8961432f5ca5a15ecd,UPD,2019,15332,,gx-no-cache=1555504786527 HTTP/1.1" 200 12125
190.171.141.82 - - [17/Apr/2019:09:43:32 -0300] "GET /cormun/servlet/solicitudot?4c727585b27c39023cbb8b641295b3514cd51db328cea6b3787326749d642326cbb665d94e2a99e82d517dcab72677c7,gx-no-cache=1555504786963 HTTP/1.1" 200 30
190.171.141.82 - - [17/Apr/2019:09:43:32 -0300] "GET /cormun/servlet/solicitudot?4c727585b27c39023cbb8b641295b351214382af79cf18ae36c75da5fcec35b780e4665c2e656f069e088868dac08360f3fe15806dd7d296bc5d34e1ed7911326bc75127d4242b888de200ca2adc38ad,gx-no-cache=1555504787014 HTTP/1.1" 200 30
190.171.141.82 - - [17/Apr/2019:09:43:33 -0300] "GET /cormun/servlet/solicitudot?4c727585b27c39023cbb8b641295b3510fd3dda5b8ea422e9a2fdfec1240a7214b4031b9a6c47d71a691c05f734b99d579750dc95b977ee4045b7801341e519e,gx-no-cache=1555504787132 HTTP/1.1" 200 53
190.171.141.82 - - [17/Apr/2019:09:43:33 -0300] "POST /cormun/servlet/solicitudot?gx-no-cache=1555504787235 HTTP/1.1" 200 255
190.171.141.82 - - [17/Apr/2019:09:43:33 -0300] "GET /cormun/servlet/solicitudot?4c727585b27c39023cbb8b641295b351fcb8db1d731875c5af7d290e66b27fdbeba2b059cb95de30d6942860fa22fbd0028919856a320d726b4caa1535adcf260992545b8ce888aeea08dd95c074139379c497e65d06b257a85e7cc65b8b235e1c3dd05781d946f698ad35abe305736e21c3b0149fa976e251143c17042546c29163d5f4a3ae7a1a3c7b9b192bf944ddf43fd71071fc771e39983f209a23696ddf0ef11a362ec39a85f1c25646b69f0e53e4b4347fceb41df9d18423692be0c596f3dc42759ddd460aae1d90bd7e211c880634f3d64502a750c701da9d1ff06a8354fa291b9644b56991d2b41e541bec75bb79a5da7d9e7560c40144ef30723ce5f54af8d2e067d1340627b07a802d39f79ec392be9e61c1b788c6e1963a2adeaa6e17f2f3c01f90ba789b2dc7fae69d183e8cf3edce047c304b0159d2a8c0761bae4a98d58537f1029e5fb283511891ca25030d632f535b737ab6c4a2bc3422e82c95de9a017ac813ef47d63bc1494e4019da94325c100832ed59cc36315814,gx-no-cache=1555504787362 HTTP/1.1" 200 30
190.171.141.82 - - [17/Apr/2019:09:43:33 -0300] "POST /cormun/servlet/solicitudot?gx-no-cache=1555504787479 HTTP/1.1" 200 30
190.171.141.82 - - [17/Apr/2019:09:43:33 -0300] "POST /cormun/servlet/solicitudot?gx-no-cache=1555504787580 HTTP/1.1" 200 1344
190.171.141.82 - - [17/Apr/2019:09:43:33 -0300] "POST /cormun/servlet/solicitudot?gx-no-cache=1555504787780 HTTP/1.1" 200 41
190.171.141.82 - - [17/Apr/2019:09:43:35 -0300] "GET /cormun/servlet/solicitudot?4c727585b27c39023cbb8b641295b351717af2ef2deca95f5a83b2ddc713829a05032e40130ba5686b9f73dc0454472fa4ad38189b6160082d0a22cb14478e02f3b501c147729f56ae4d19687f0683f53fbe20e21fbfddbd7b63516a4868f30bf2ef016d2e1c2bf02efd8b9374073520,gx-no-cache=1555504789851 HTTP/1.1" 200 110
190.171.141.82 - - [17/Apr/2019:09:43:41 -0300] "POST /cormun/servlet/solicitudot?gx-no-cache=1555504795823 HTTP/1.1" 200 72
192.168.10.89 - - [17/Apr/2019:09:43:43 -0300] "POST /cormun/servlet/trsolicitudgral?3ffb619fa3d07561c77c1f935edc558e,gx-no-cache=1555509826040,gx-no-cache=1555511819840 HTTP/1.1" 200 6600
190.171.141.82 - - [17/Apr/2019:09:43:44 -0300] "GET /cormun/servlet/solicitudot?4c727585b27c39023cbb8b641295b35108f3123a0d60f1d57a1525146a162a5bb9c4728534a897730f4cd21aba2df164e9252098f8f654590c15d030c0737ffb4dae333dbbfe9e3d43275190352adde00824e993ad921a336d922dab3a3361bd08e4ce7f956426d898e0c585c79908a93bc3196412695302ee3927652c8702f0d6608d141770e427924b77ca26923ca7f7b20d598b34b8154505f1fe2b03af42,gx-no-cache=1555504798247 HTTP/1.1" 200 29
190.171.141.82 - - [17/Apr/2019:09:43:44 -0300] "GET /cormun/servlet/solicitudot?4c727585b27c39023cbb8b641295b351abc96432c36be73a3dcc9f2bd73ff5b3abcfac467c87970c46bae545af63d214,gx-no-cache=1555504798269 HTTP/1.1" 200 30
190.171.141.82 - - [17/Apr/2019:09:43:44 -0300] "POST /cormun/servlet/solicitudot?gx-no-cache=1555504798292 HTTP/1.1" 200 30
190.171.141.82 - - [17/Apr/2019:09:43:45 -0300] "POST /cormun/servlet/solicitudot?e61517fcb1636a8961432f5ca5a15ecd,UPD,2019,15332,,gx-no-cache=1555504799242 HTTP/1.1" 200 93
190.171.141.82 - - [17/Apr/2019:09:43:45 -0300] "GET /cormun/servlet/hpexe_return? HTTP/1.1" 200 1015
190.171.141.82 - - [17/Apr/2019:09:43:45 -0300] "GET /cormun/servlet/trsolicitudot HTTP/1.1" 200 9710
190.171.141.82 - - [17/Apr/2019:09:43:46 -0300] "GET /cormun/servlet/trsolicitudot HTTP/1.1" 200 9706
192.168.10.89 - - [17/Apr/2019:09:43:47 -0300] "POST /cormun/servlet/trsolicitudgral?3ffb619fa3d07561c77c1f935edc558e,gx-no-cache=1555509826040,gx-no-cache=1555511823980 HTTP/1.1" 200 5459
190.171.141.82 - - [17/Apr/2019:09:43:57 -0300] "POST /cormun/servlet/trsolicitudot?e61517fcb1636a8961432f5ca5a15ecd,gx-no-cache=1555504812042 HTTP/1.1" 200 106
190.171.141.82 - - [17/Apr/2019:09:43:58 -0300] "GET /cormun/servlet/solicitudot?UPD,2019,15332, HTTP/1.1" 200 15827
190.171.141.82 - - [17/Apr/2019:09:43:58 -0300] "GET /cormun/servlet/solicitudot?UPD,2019,15332, HTTP/1.1" 200 15836
190.171.141.82 - - [17/Apr/2019:09:43:59 -0300] "POST /cormun/servlet/solicitudot?gx-no-cache=1555504813129 HTTP/1.1" 200 3608
190.171.141.82 - - [17/Apr/2019:09:43:59 -0300] "POST /cormun/servlet/solicitudot?e61517fcb1636a8961432f5ca5a15ecd,UPD,2019,15332,,gx-no-cache=1555504813269 HTTP/1.1" 200 12119
190.171.141.82 - - [17/Apr/2019:09:43:59 -0300] "GET /cormun/servlet/solicitudot?4c727585b27c39023cbb8b641295b3514cd51db328cea6b3787326749d642326cbb665d94e2a99e82d517dcab72677c7,gx-no-cache=1555504813461 HTTP/1.1" 200 30
190.171.141.82 - - [17/Apr/2019:09:43:59 -0300] "GET /cormun/servlet/solicitudot?4c727585b27c39023cbb8b641295b351214382af79cf18ae36c75da5fcec35b780e4665c2e656f069e088868dac08360f3fe15806dd7d296bc5d34e1ed7911326bc75127d4242b888de200ca2adc38ad,gx-no-cache=1555504813571 HTTP/1.1" 200 30
190.171.141.82 - - [17/Apr/2019:09:43:59 -0300] "GET /cormun/servlet/solicitudot?4c727585b27c39023cbb8b641295b3510fd3dda5b8ea422e9a2fdfec1240a7214b4031b9a6c47d71a691c05f734b99d579750dc95b977ee4045b7801341e519e,gx-no-cache=1555504813652 HTTP/1.1" 200 53
190.171.141.82 - - [17/Apr/2019:09:43:59 -0300] "POST /cormun/servlet/solicitudot?gx-no-cache=1555504813739 HTTP/1.1" 200 255
190.171.141.82 - - [17/Apr/2019:09:43:59 -0300] "GET /cormun/servlet/solicitudot?4c727585b27c39023cbb8b641295b351fcb8db1d731875c5af7d290e66b27fdbeba2b059cb95de30d6942860fa22fbd0028919856a320d726b4caa1535adcf260992545b8ce888aeea08dd95c074139379c497e65d06b257a85e7cc65b8b235e1c3dd05781d946f698ad35abe305736e21c3b0149fa976e251143c17042546c29163d5f4a3ae7a1a3c7b9b192bf944ddf43fd71071fc771e39983f209a23696ddf0ef11a362ec39a85f1c25646b69f0e53e4b4347fceb41df9d18423692be0c596f3dc42759ddd460aae1d90bd7e211c880634f3d64502a750c701da9d1ff06a8354fa291b9644b56991d2b41e541bec75bb79a5da7d9e7560c40144ef30723ce5f54af8d2e067d1340627b07a802d39f79ec392be9e61c1b788c6e1963a2adeaa6e17f2f3c01f90ba789b2dc7fae69d183e8cf3edce047c304b0159d2a8c0761bae4a98d58537f1029e5fb283511891ca25030d632f535b737ab6c4a2bc3422e82c95de9a017ac813ef47d63bc1494e4019da94325c100832ed59cc36315814,gx-no-cache=1555504813835 HTTP/1.1" 200 30
192.168.10.89 - - [17/Apr/2019:09:43:59 -0300] "POST /cormun/servlet/trsolicitudgral?3ffb619fa3d07561c77c1f935edc558e,gx-no-cache=1555509826040,gx-no-cache=1555511836056 HTTP/1.1" 200 6600
190.171.141.82 - - [17/Apr/2019:09:43:59 -0300] "POST /cormun/servlet/solicitudot?gx-no-cache=1555504813944 HTTP/1.1" 200 30
190.171.141.82 - - [17/Apr/2019:09:43:59 -0300] "POST /cormun/servlet/solicitudot?gx-no-cache=1555504814027 HTTP/1.1" 200 1343
190.171.141.82 - - [17/Apr/2019:09:44:00 -0300] "POST /cormun/servlet/solicitudot?gx-no-cache=1555504814146 HTTP/1.1" 200 41
192.168.10.89 - - [17/Apr/2019:09:44:03 -0300] "POST /cormun/servlet/trsolicitudgral?3ffb619fa3d07561c77c1f935edc558e,gx-no-cache=1555509826040,gx-no-cache=1555511840005 HTTP/1.1" 200 5463
190.171.141.82 - - [17/Apr/2019:09:44:05 -0300] "POST /cormun/servlet/solicitudot?gx-no-cache=1555504819646 HTTP/1.1" 200 255
190.171.141.82 - - [17/Apr/2019:09:44:05 -0300] "GET /cormun/servlet/solicitudot?4c727585b27c39023cbb8b641295b351fcb8db1d731875c5af7d290e66b27fdbeba2b059cb95de30d6942860fa22fbd0028919856a320d726b4caa1535adcf260992545b8ce888aeea08dd95c074139379c497e65d06b257a85e7cc65b8b235e1c3dd05781d946f698ad35abe305736e21c3b0149fa976e251143c17042546c29163d5f4a3ae7a1a3c7b9b192bf944ddf43fd71071fc771e39983f209a23696ddf0ef11a362ec39a85f1c25646b69f0e53e4b4347fceb41df9d18423692be0c596f3dc42759ddd460aae1d90bd7e211c880634f3d64502a750c701da9d1ff06a8354fa291b9644b56991d2b41e541bec75bb79a5da7d9e7560c40144ef30723ce5f54af8d2e067d1340627b07a802d39f79ec392be9e61c1b788c6e1963a2adeaa6e17f2f3c01f90ba789b2dc7fae69d183e8cf3edce047c304b0159d2a8c0761bae4a98d58537f1029e5fb283511891ca25030d632f535b737ab6c4a2bc3422e82c95de9a017ac813ef47d63bc1494e4019da94325c100832ed59cc36315814,gx-no-cache=1555504819728 HTTP/1.1" 200 30
190.171.141.82 - - [17/Apr/2019:09:44:14 -0300] "POST /cormun/servlet/solicitudot?e61517fcb1636a8961432f5ca5a15ecd,UPD,2019,15332,,gx-no-cache=1555504828616 HTTP/1.1" 200 93
190.171.141.82 - - [17/Apr/2019:09:44:14 -0300] "GET /cormun/servlet/hpexe_return? HTTP/1.1" 200 1015
190.171.141.82 - - [17/Apr/2019:09:44:14 -0300] "GET /cormun/servlet/trsolicitudot HTTP/1.1" 200 9710
190.171.141.82 - - [17/Apr/2019:09:44:15 -0300] "GET /cormun/servlet/trsolicitudot HTTP/1.1" 200 9706
192.168.10.89 - - [17/Apr/2019:09:44:15 -0300] "POST /cormun/servlet/trsolicitudgral?3ffb619fa3d07561c77c1f935edc558e,gx-no-cache=1555509826040,gx-no-cache=1555511852032 HTTP/1.1" 200 6694
190.171.141.82 - - [17/Apr/2019:09:44:19 -0300] "POST /cormun/servlet/trsolicitudot?e61517fcb1636a8961432f5ca5a15ecd,gx-no-cache=1555504833721 HTTP/1.1" 200 6283
190.171.141.82 - - [17/Apr/2019:09:44:19 -0300] "POST /cormun/servlet/trsolicitudot?e61517fcb1636a8961432f5ca5a15ecd,gx-no-cache=1555504834029 HTTP/1.1" 200 6263
190.171.141.82 - - [17/Apr/2019:09:44:21 -0300] "GET /cormun/servlet/solicitudot?INS,0,0, HTTP/1.1" 200 15312
190.171.141.82 - - [17/Apr/2019:09:44:21 -0300] "GET /cormun/servlet/solicitudot?INS,0,0, HTTP/1.1" 200 15317
190.171.141.82 - - [17/Apr/2019:09:44:24 -0300] "GET /cormun/servlet/prfichaempleado?,MD,,gxPopupLevel%3D0%3B HTTP/1.1" 200 9435
190.171.141.82 - - [17/Apr/2019:09:44:31 -0300] "POST /cormun/servlet/prfichaempleado?e61517fcb1636a8961432f5ca5a15ecd,,MD,,gxPopupLevel%3D0%3B,gx-no-cache=1555504845778 HTTP/1.1" 200 3401
192.168.10.89 - - [17/Apr/2019:09:44:31 -0300] "GET /cormun/servlet/solicitudgral3?UPD,2019,15204, HTTP/1.1" 200 13259
192.168.10.89 - - [17/Apr/2019:09:44:32 -0300] "POST /cormun/servlet/solicitudgral3?gx-no-cache=1555511869144 HTTP/1.1" 200 4199
192.168.10.89 - - [17/Apr/2019:09:44:33 -0300] "GET /cormun/servlet/solicitudgral3?72678e6794ed6f3fc2be7731dafe4ce6d174a9f59114d86b6bfe8452aea4a47eec27dbb850f835102437ba3f7713b6e2b08f38182b6d773a6f0e8f4ee94ea9e8050661eee0519ec1f2812145e8b558b614d446664bc9eda9a4f4b2f8e07ab281d036ccb88a0f061d5e7f93ebfc11f702c83330a2a4fb90b6bb1718764043845f309072d0e06f7bc2e0739b08ba48ed141d40c1990c4f1702b54e010fd3e39605bf1a3be97bda163f15b9bcf5e2b7721ada2e783795d6b933ad74b634a6ce491b141b607093143b89ac1e6a9682f1ddf6aedac21879bff0d4cee25a95ca8ae30d3c80b77568cad2e5d979375c459d98f235e1ca2c5173d2959da6a28422a39423769c26d52992ba97a1183f448c50e9374f0a4a214be26b02ead5b2e275937d148af1960dadc621248087ea926f4a2599a404b76903e9c580f4eec30fd9b68648a1c440207b65513809697f4240765199,gx-no-cache=1555511869328 HTTP/1.1" 200 240
192.168.10.89 - - [17/Apr/2019:09:44:33 -0300] "GET /cormun/servlet/solicitudgral3?72678e6794ed6f3fc2be7731dafe4ce6d2567d103ef778a741ac5de842fe729ce55375e342f6d46b97ee5f34eaa8af4a7d94be06db1990b36457154d755d9c908fe55ae80e8036d73753b0d2886feb5c8ddbedc78c39bed70e813a6b0b6ea775,gx-no-cache=1555511869345 HTTP/1.1" 200 42
192.168.10.89 - - [17/Apr/2019:09:44:33 -0300] "GET /cormun/servlet/solicitudgral3?72678e6794ed6f3fc2be7731dafe4ce6285f1db58c17682d59d86dabe96c032d7e5efe3237b69d9ef6444a545fa7980b1837fa4507f6f7ef23c7d7f5cabab2dd3a204f3c0390526908580a020e6e8deaaefff8759e450786e63f872b573065ac8f90914237abf504fa11ce50ae5feee83ad617d1f4cd2f1a58cff5dc03cdd34f,gx-no-cache=1555511869405 HTTP/1.1" 200 41
192.168.10.89 - - [17/Apr/2019:09:44:33 -0300] "GET /cormun/servlet/solicitudgral3?72678e6794ed6f3fc2be7731dafe4ce6b60fc7f9530c8938d980763c5d6139ec8fe2a920c287ac5532b8d424e87d3951b08f38182b6d773a6f0e8f4ee94ea9e85cb12c17eabd2e647376796be718bf50f5bad4f806d4c2b88181dc7cd7486e1f,gx-no-cache=1555511869812 HTTP/1.1" 200 30
192.168.10.89 - - [17/Apr/2019:09:44:33 -0300] "POST /cormun/servlet/solicitudgral3?gx-no-cache=1555511870220 HTTP/1.1" 200 97
190.171.141.82 - - [17/Apr/2019:09:44:34 -0300] "POST /cormun/servlet/solicitudot?gx-no-cache=1555504848069 HTTP/1.1" 200 3588
190.171.141.82 - - [17/Apr/2019:09:44:34 -0300] "POST /cormun/servlet/solicitudot?e61517fcb1636a8961432f5ca5a15ecd,INS,0,0,,gx-no-cache=1555504848204 HTTP/1.1" 200 12059
190.171.141.82 - - [17/Apr/2019:09:44:35 -0300] "GET /cormun/servlet/solicitudot?4c727585b27c39023cbb8b641295b3514cd51db328cea6b3787326749d642326476600d80ff69b136eaf80ae6dc94485,gx-no-cache=1555504849558 HTTP/1.1" 200 30
190.171.141.82 - - [17/Apr/2019:09:44:35 -0300] "GET /cormun/servlet/solicitudot?4c727585b27c39023cbb8b641295b351214382af79cf18ae36c75da5fcec35b780e4665c2e656f069e088868dac08360f3fe15806dd7d296bc5d34e1ed791132b1e4b5c018328a57365a9c7553acf055,gx-no-cache=1555504849634 HTTP/1.1" 200 30
190.171.141.82 - - [17/Apr/2019:09:44:35 -0300] "GET /cormun/servlet/solicitudot?4c727585b27c39023cbb8b641295b351b099cbdf4c3c3f03b2492982069fa90c,gx-no-cache=1555504849713 HTTP/1.1" 200 53
190.171.141.82 - - [17/Apr/2019:09:44:35 -0300] "POST /cormun/servlet/solicitudot?gx-no-cache=1555504849794 HTTP/1.1" 200 256
190.171.141.82 - - [17/Apr/2019:09:44:35 -0300] "GET /cormun/servlet/solicitudot?4c727585b27c39023cbb8b641295b351fcb8db1d731875c5af7d290e66b27fdbeba2b059cb95de30d6942860fa22fbd0028919856a320d726b4caa1535adcf260992545b8ce888aeea08dd95c074139379c497e65d06b257a85e7cc65b8b235e1c3dd05781d946f698ad35abe305736e21c3b0149fa976e251143c17042546c29163d5f4a3ae7a1a3c7b9b192bf944ddf43fd71071fc771e39983f209a23696ddf0ef11a362ec39a85f1c25646b69f0e53e4b4347fceb41df9d18423692be0c596f3dc42759ddd460aae1d90bd7e211c880634f3d64502a750c701da9d1ff06a8354fa291b9644b56991d2b41e541bec75bb79a5da7d9e7560c40144ef30723ce5f54af8d2e067d1340627b07a802d39f79ec392be9e61c1b788c6e1963a2adeaa6e17f2f3c01f90ba789b2dc7fae69d183e8cf3edce047c304b0159d2a8c0761bae4a98d58537f1029e5fb283511891ca25030d632f535b737ab6c4a2bc3422e82c95de9a017ac813ef47d63bc1494e7aadd085d95025ef640a4d610de484d1,gx-no-cache=1555504849937 HTTP/1.1" 200 30
190.171.141.82 - - [17/Apr/2019:09:44:36 -0300] "POST /cormun/servlet/solicitudot?gx-no-cache=1555504850058 HTTP/1.1" 200 30
192.168.10.89 - - [17/Apr/2019:09:44:36 -0300] "POST /cormun/servlet/solicitudgral3?3ffb619fa3d07561c77c1f935edc558e,UPD,2019,15204,,gx-no-cache=1555511872252 HTTP/1.1" 200 11922
190.171.141.82 - - [17/Apr/2019:09:44:36 -0300] "POST /cormun/servlet/solicitudot?gx-no-cache=1555504850196 HTTP/1.1" 200 1344
190.171.141.82 - - [17/Apr/2019:09:44:36 -0300] "POST /cormun/servlet/solicitudot?gx-no-cache=1555504850270 HTTP/1.1" 200 38
190.171.141.82 - - [17/Apr/2019:09:44:36 -0300] "GET /cormun/servlet/solicitudot?4c727585b27c39023cbb8b641295b351717af2ef2deca95f5a83b2ddc713829a05032e40130ba5686b9f73dc0454472fa4ad38189b6160082d0a22cb14478e02f3b501c147729f56ae4d19687f0683f53fbe20e21fbfddbd7b63516a4868f30bf2ef016d2e1c2bf02efd8b9374073520,gx-no-cache=1555504850324 HTTP/1.1" 200 110
192.168.10.89 - - [17/Apr/2019:09:44:38 -0300] "GET /cormun/servlet/solicitudgral3?72678e6794ed6f3fc2be7731dafe4ce6338dbe0817bd8ff574dcb24b9601f069a66d29a7e2186a308b38e185de5ff0dedfbc4354c1a08bb474ea9e2fe00cee6332d744b7d963190176b710f8b061233c83ab74c59350a1ee6a0f3db63cd465abaf0ba8eb45d0e2fdf628afe59893969c0585fe13b75b5f623427cdcb1b3a49ebeaefd80c10c11aea24340df036c9d4981e798aeced8054b9047092877d0a5614b1aca9f75b2a8096ace2c529eb3bdfa00431c89cf6ac082d679b6353e401e73e7669f2804af41a7b2e7e310bea0eea24,gx-no-cache=1555511874486 HTTP/1.1" 200 30
192.168.10.89 - - [17/Apr/2019:09:44:39 -0300] "GET /cormun/servlet/solicitudgral3?72678e6794ed6f3fc2be7731dafe4ce6b080d72fe3a61ac61778cf94007fd38b77b4f2fb2de668332c752bffa884fccf60bff09bd307fbdbbd23aa1a6d7853a4b08f38182b6d773a6f0e8f4ee94ea9e813e1e3f9d0c207267b8779a675a0e439dd9fefe4249bcea491f8a9bcf9fbf28a00803ff987738b37667876030a16b5db9e07e89798b87f5803156522f554fc5b,gx-no-cache=1555511875753 HTTP/1.1" 200 30
190.171.141.82 - - [17/Apr/2019:09:44:40 -0300] "POST /cormun/servlet/solicitudot?gx-no-cache=1555504854319 HTTP/1.1" 200 69
190.171.141.82 - - [17/Apr/2019:09:44:42 -0300] "POST /cormun/servlet/solicitudot?gx-no-cache=1555504856382 HTTP/1.1" 200 30
190.171.141.82 - - [17/Apr/2019:09:44:49 -0300] "POST /cormun/servlet/solicitudot?gx-no-cache=1555504863993 HTTP/1.1" 200 1344
190.171.141.82 - - [17/Apr/2019:09:44:49 -0300] "POST /cormun/servlet/solicitudot?gx-no-cache=1555504864031 HTTP/1.1" 200 38
190.171.141.82 - - [17/Apr/2019:09:44:49 -0300] "GET /cormun/servlet/solicitudot?4c727585b27c39023cbb8b641295b351717af2ef2deca95f5a83b2ddc713829a05032e40130ba5686b9f73dc0454472fa4ad38189b6160082d0a22cb14478e02f3b501c147729f56ae4d19687f0683f53fbe20e21fbfddbd7b63516a4868f30bf2ef016d2e1c2bf02efd8b9374073520,gx-no-cache=1555504864054 HTTP/1.1" 200 110
190.171.141.82 - - [17/Apr/2019:09:44:49 -0300] "POST /cormun/servlet/solicitudot?gx-no-cache=1555504864079 HTTP/1.1" 200 72
190.171.141.82 - - [17/Apr/2019:09:44:49 -0300] "GET /cormun/servlet/solicitudot?4c727585b27c39023cbb8b641295b35113ed66a86e42d58995f161f5a862606c0b7a6b671c29d9741deab5b6622fadde521fa8dc04b4de4be0a02cf77139d1f45666baac0cbce680286e8a0856445ba5e715caa534f2cc5537cb5037961414ae27cee4b4e312650b8f14e4f277b089f3c3d8375a28bc1700860d1b327cb0dc3837ceef76e089bbe50b63bf4885312293b0c3f9df86b7e4c768b83995188e3ce0,gx-no-cache=1555504864106 HTTP/1.1" 200 29
192.168.10.89 - - [17/Apr/2019:09:44:56 -0300] "POST /cormun/servlet/solicitudgral3?3ffb619fa3d07561c77c1f935edc558e,UPD,2019,15204,,gx-no-cache=1555511892785 HTTP/1.1" 200 93
192.168.10.89 - - [17/Apr/2019:09:44:56 -0300] "GET /cormun/servlet/hpexe_return? HTTP/1.1" 200 1034
192.168.10.89 - - [17/Apr/2019:09:44:56 -0300] "GET /cormun/servlet/trsolicitudgral?gx-no-cache=1555509826040 HTTP/1.1" 200 9789
192.168.10.89 - - [17/Apr/2019:09:45:00 -0300] "POST /cormun/servlet/trsolicitudgral?3ffb619fa3d07561c77c1f935edc558e,gx-no-cache=1555509826040,gx-no-cache=1555511896414 HTTP/1.1" 200 5506
190.171.141.82 - - [17/Apr/2019:09:45:00 -0300] "POST /cormun/servlet/solicitudot?gx-no-cache=1555504874431 HTTP/1.1" 200 30
190.171.141.82 - - [17/Apr/2019:09:45:00 -0300] "POST /cormun/servlet/solicitudot?gx-no-cache=1555504874460 HTTP/1.1" 200 1344
190.171.141.82 - - [17/Apr/2019:09:45:00 -0300] "POST /cormun/servlet/solicitudot?gx-no-cache=1555504874498 HTTP/1.1" 200 38
190.171.141.82 - - [17/Apr/2019:09:45:00 -0300] "GET /cormun/servlet/solicitudot?4c727585b27c39023cbb8b641295b351717af2ef2deca95f5a83b2ddc713829a05032e40130ba5686b9f73dc0454472fa4ad38189b6160082d0a22cb14478e02f3b501c147729f56ae4d19687f0683f53fbe20e21fbfddbd7b63516a4868f30bf2ef016d2e1c2bf02efd8b9374073520,gx-no-cache=1555504874520 HTTP/1.1" 200 110
192.168.10.89 - - [17/Apr/2019:09:45:00 -0300] "GET /cormun/static/Shared/jqueryui/images/ui-bg_flat_55_fafafa_40x100.png HTTP/1.1" 404 1097
192.168.10.89 - - [17/Apr/2019:09:45:00 -0300] "GET /cormun/static/Shared/jqueryui/images/ui-icons_82798d_256x240.png HTTP/1.1" 404 1089
192.168.10.89 - - [17/Apr/2019:09:45:00 -0300] "GET /cormun/static/Shared/jqueryui/images/ui-icons_8d78a5_256x240.png HTTP/1.1" 404 1089
192.168.10.89 - - [17/Apr/2019:09:45:00 -0300] "GET /cormun/static/Shared/jqueryui/images/ui-bg_highlight-soft_100_c6c2c8_1x100.png HTTP/1.1" 404 1117
190.171.141.82 - - [17/Apr/2019:09:45:00 -0300] "POST /cormun/servlet/solicitudot?gx-no-cache=1555504874545 HTTP/1.1" 200 67
190.171.141.82 - - [17/Apr/2019:09:45:08 -0300] "POST /cormun/servlet/solicitudot?gx-no-cache=1555504882685 HTTP/1.1" 200 30
190.171.141.82 - - [17/Apr/2019:09:45:10 -0300] "GET /cormun/servlet/prcontratosol?6391872,,,,,MD,,gxPopupLevel%3D0%3B HTTP/1.1" 200 9263
192.168.10.89 - - [17/Apr/2019:09:45:15 -0300] "POST /cormun/servlet/trsolicitudgral?3ffb619fa3d07561c77c1f935edc558e,gx-no-cache=1555509826040,gx-no-cache=1555511911864 HTTP/1.1" 200 6605
192.168.10.89 - - [17/Apr/2019:09:45:30 -0300] "POST /cormun/servlet/trsolicitudgral?3ffb619fa3d07561c77c1f935edc558e,gx-no-cache=1555509826040,gx-no-cache=1555511926283 HTTP/1.1" 200 5461
190.171.141.82 - - [17/Apr/2019:09:45:34 -0300] "POST /cormun/servlet/solicitudot?gx-no-cache=1555504908973 HTTP/1.1" 200 1344
190.171.141.82 - - [17/Apr/2019:09:45:35 -0300] "POST /cormun/servlet/solicitudot?gx-no-cache=1555504909181 HTTP/1.1" 200 38
190.171.141.82 - - [17/Apr/2019:09:45:35 -0300] "GET /cormun/servlet/solicitudot?4c727585b27c39023cbb8b641295b351717af2ef2deca95f5a83b2ddc713829a05032e40130ba5686b9f73dc0454472fa4ad38189b6160082d0a22cb14478e02f3b501c147729f56ae4d19687f0683f53fbe20e21fbfddbd7b63516a4868f30bf2ef016d2e1c2bf02efd8b9374073520,gx-no-cache=1555504909245 HTTP/1.1" 200 110
190.171.141.82 - - [17/Apr/2019:09:45:35 -0300] "POST /cormun/servlet/solicitudot?gx-no-cache=1555504909304 HTTP/1.1" 200 67
190.171.141.82 - - [17/Apr/2019:09:45:35 -0300] "GET /cormun/servlet/solicitudot?4c727585b27c39023cbb8b641295b3514759f1307705db310b0e9f8a95d4cba9f34fa8011494080dc9c58bf8d9aced09,gx-no-cache=1555504909371 HTTP/1.1" 200 134
190.171.141.82 - - [17/Apr/2019:09:45:35 -0300] "GET /cormun/static/Shared/jqueryui/images/ui-bg_highlight-soft_100_c6c2c8_1x100.png HTTP/1.1" 404 1117
190.171.141.82 - - [17/Apr/2019:09:45:35 -0300] "GET /cormun/static/Shared/jqueryui/images/ui-icons_82798d_256x240.png HTTP/1.1" 404 1089
190.171.141.82 - - [17/Apr/2019:09:45:35 -0300] "GET /cormun/static/Shared/jqueryui/images/ui-bg_flat_55_994d53_40x100.png HTTP/1.1" 404 1097
190.171.141.82 - - [17/Apr/2019:09:45:35 -0300] "GET /cormun/static/Shared/jqueryui/images/ui-icons_ebccce_256x240.png HTTP/1.1" 404 1089
192.168.10.89 - - [17/Apr/2019:09:45:37 -0300] "POST /cormun/servlet/trsolicitudgral?3ffb619fa3d07561c77c1f935edc558e,gx-no-cache=1555509826040,gx-no-cache=1555511933415 HTTP/1.1" 200 6597
190.171.141.82 - - [17/Apr/2019:09:45:40 -0300] "POST /cormun/servlet/solicitudot?gx-no-cache=1555504914693 HTTP/1.1" 200 30
192.168.10.89 - - [17/Apr/2019:09:45:40 -0300] "POST /cormun/servlet/trsolicitudgral?3ffb619fa3d07561c77c1f935edc558e,gx-no-cache=1555509826040,gx-no-cache=1555511936843 HTTP/1.1" 200 5456
190.171.141.82 - - [17/Apr/2019:09:45:43 -0300] "POST /cormun/servlet/solicitudot?gx-no-cache=1555504916897 HTTP/1.1" 200 1344
190.171.141.82 - - [17/Apr/2019:09:45:43 -0300] "POST /cormun/servlet/solicitudot?gx-no-cache=1555504917786 HTTP/1.1" 200 40
190.171.141.82 - - [17/Apr/2019:09:45:44 -0300] "GET /cormun/servlet/solicitudot?4c727585b27c39023cbb8b641295b351717af2ef2deca95f5a83b2ddc713829a05032e40130ba5686b9f73dc0454472fa4ad38189b6160082d0a22cb14478e02f3b501c147729f56ae4d19687f0683f53fbe20e21fbfddbd7b63516a4868f30bf2ef016d2e1c2bf02efd8b9374073520,gx-no-cache=1555504918695 HTTP/1.1" 200 110
190.171.141.82 - - [17/Apr/2019:09:45:46 -0300] "POST /cormun/servlet/solicitudot?gx-no-cache=1555504918823 HTTP/1.1" 200 67
192.168.10.89 - - [17/Apr/2019:09:45:47 -0300] "POST /cormun/servlet/trsolicitudgral?3ffb619fa3d07561c77c1f935edc558e,gx-no-cache=1555509826040,gx-no-cache=1555511943286 HTTP/1.1" 200 5268
190.171.141.82 - - [17/Apr/2019:09:45:48 -0300] "GET /cormun/static/menuarrow.gif HTTP/1.1" 404 1015
190.171.141.82 - - [17/Apr/2019:09:45:52 -0300] "GET /cormun/servlet/solicitudot?4c727585b27c39023cbb8b641295b351abc96432c36be73a3dcc9f2bd73ff5b3d9017b54de1652a69353f7c8d62bfdcd,gx-no-cache=1555504926271 HTTP/1.1" 200 30
192.168.10.89 - - [17/Apr/2019:09:45:58 -0300] "POST /cormun/servlet/trsolicitudgral?3ffb619fa3d07561c77c1f935edc558e,gx-no-cache=1555509826040,gx-no-cache=1555511954734 HTTP/1.1" 200 6604
192.168.10.89 - - [17/Apr/2019:09:46:00 -0300] "POST /cormun/servlet/trsolicitudgral?3ffb619fa3d07561c77c1f935edc558e,gx-no-cache=1555509826040,gx-no-cache=1555511957090 HTTP/1.1" 200 5459
190.171.141.82 - - [17/Apr/2019:09:46:14 -0300] "POST /cormun/servlet/solicitudot?gx-no-cache=1555504948992 HTTP/1.1" 200 30
190.171.141.82 - - [17/Apr/2019:09:46:21 -0300] "GET /cormun/servlet/solicitudot?4c727585b27c39023cbb8b641295b351abc96432c36be73a3dcc9f2bd73ff5b3d9017b54de1652a69353f7c8d62bfdcd,gx-no-cache=1555504956078 HTTP/1.1" 200 30
190.171.141.82 - - [17/Apr/2019:09:46:21 -0300] "POST /cormun/servlet/solicitudot?gx-no-cache=1555504956118 HTTP/1.1" 200 30
190.171.141.82 - - [17/Apr/2019:09:46:22 -0300] "POST /cormun/servlet/solicitudot?e61517fcb1636a8961432f5ca5a15ecd,INS,0,0,,gx-no-cache=1555504956150 HTTP/1.1" 200 93
190.171.141.82 - - [17/Apr/2019:09:46:22 -0300] "GET /cormun/servlet/hpexe_return? HTTP/1.1" 200 1031
190.171.141.82 - - [17/Apr/2019:09:46:22 -0300] "GET /cormun/servlet/trsolicitudot?gx-no-cache=1555504834029 HTTP/1.1" 200 9743
190.171.141.82 - - [17/Apr/2019:09:46:24 -0300] "GET /cormun/servlet/trsolicitudot?gx-no-cache=1555504834029 HTTP/1.1" 200 9758
190.171.141.82 - - [17/Apr/2019:09:46:27 -0300] "POST /cormun/servlet/trsolicitudot?e61517fcb1636a8961432f5ca5a15ecd,gx-no-cache=1555504834029,gx-no-cache=1555504961418 HTTP/1.1" 200 106
190.171.141.82 - - [17/Apr/2019:09:46:27 -0300] "GET /cormun/servlet/solicitudot?UPD,2019,15333, HTTP/1.1" 200 15873
190.171.141.82 - - [17/Apr/2019:09:46:29 -0300] "GET /cormun/servlet/solicitudot?UPD,2019,15333, HTTP/1.1" 200 15861
