192.168.10.89 - - [17/Apr/2019:10:43:32 -0300] "GET /cormun/static/Shared/jqueryui/images/ui-icons_8d78a5_256x240.png HTTP/1.1" 404 1089
190.171.142.18 - - [17/Apr/2019:10:43:35 -0300] "POST /cormun/servlet/solicitudot?gx-no-cache=1555508571464 HTTP/1.1" 200 30
190.171.142.18 - - [17/Apr/2019:10:43:44 -0300] "POST /cormun/servlet/solicitudot?gx-no-cache=1555508580081 HTTP/1.1" 200 1341
190.171.142.18 - - [17/Apr/2019:10:43:44 -0300] "POST /cormun/servlet/solicitudot?gx-no-cache=1555508580264 HTTP/1.1" 200 38
192.168.10.89 - - [17/Apr/2019:10:43:49 -0300] "POST /cormun/servlet/trsolicitudgral?3ffb619fa3d07561c77c1f935edc558e,gx-no-cache=1555515308520,gx-no-cache=1555515425896 HTTP/1.1" 200 6618
190.171.142.18 - - [17/Apr/2019:10:43:55 -0300] "GET /cormun/servlet/solicitudot?644562eba4185406c1ff821cc221de4b0c3390934f4c06737a5122cc1d748bdf5f32a148fbc6cdbd7f354c16979c0a25b52d3039335668b92a62a44c85f89dca77052332a46f4d2d9f70d6e5240a293646253e79855c19277a6e58ce02ec7095663ad5fe4637a553ffadde8cc96f6d67,gx-no-cache=1555508591825 HTTP/1.1" 200 110
190.171.142.18 - - [17/Apr/2019:10:44:02 -0300] "POST /cormun/servlet/solicitudot?gx-no-cache=1555508598512 HTTP/1.1" 200 97
190.171.142.18 - - [17/Apr/2019:10:44:08 -0300] "GET /cormun/servlet/solicitudot?644562eba4185406c1ff821cc221de4be327385437dda6d29cf137de2b591793d285c68bbb35d0d1da74d823eb039407040272c66ad95cab75f6be83aef0f6015079976205f251d12b1193c0a3a30b34d35b3f2260eab82486dfa5334813ad3f0573813aaaca300c8b05220c029be109,gx-no-cache=1555508604360 HTTP/1.1" 200 29
190.171.142.18 - - [17/Apr/2019:10:44:08 -0300] "GET /cormun/static/menuarrow.gif HTTP/1.1" 404 1015
190.171.142.18 - - [17/Apr/2019:10:44:11 -0300] "GET /cormun/servlet/solicitudot?644562eba4185406c1ff821cc221de4bc0cd8026dc56f8764d4d15f7e8f2444e6f1300fc613e9ff4f16fe66d3e46573c,gx-no-cache=1555508607495 HTTP/1.1" 200 30
190.171.142.18 - - [17/Apr/2019:10:44:16 -0300] "POST /cormun/servlet/solicitudot?gx-no-cache=1555508612240 HTTP/1.1" 200 30
190.171.142.18 - - [17/Apr/2019:10:44:19 -0300] "POST /cormun/servlet/solicitudot?a79d599e9a96ca1117c00085c4654dc8,INS,0,0,,gx-no-cache=1555508615274 HTTP/1.1" 200 93
190.171.142.18 - - [17/Apr/2019:10:44:19 -0300] "GET /cormun/servlet/hpexe_return? HTTP/1.1" 200 1009
190.171.142.18 - - [17/Apr/2019:10:44:20 -0300] "GET /cormun/servlet/trsolicitudot HTTP/1.1" 200 9561
190.171.152.114 - - [17/Apr/2019:10:44:20 -0300] "GET /cormun/servlet/trlicencias? HTTP/1.1" 200 11245
190.171.142.18 - - [17/Apr/2019:10:44:20 -0300] "GET /cormun/servlet/trsolicitudot HTTP/1.1" 200 9557
190.171.152.114 - - [17/Apr/2019:10:44:20 -0300] "GET /cormun/static/gxui/gxui-all.css?110300 HTTP/1.1" 200 2179
190.171.152.114 - - [17/Apr/2019:10:44:20 -0300] "GET /cormun/static/calendar-system.css?75620 HTTP/1.1" 200 5572
190.171.152.114 - - [17/Apr/2019:10:44:20 -0300] "GET /cormun/static/gxcfg.js?20176272054169 HTTP/1.1" 200 953
190.171.152.114 - - [17/Apr/2019:10:44:20 -0300] "GET /cormun/static/Resources/Spanish/PXTools.css?17315867 HTTP/1.1" 200 89042
190.171.152.114 - - [17/Apr/2019:10:44:20 -0300] "GET /cormun/static/calendar-setup.js?85251 HTTP/1.1" 200 2588
190.171.152.114 - - [17/Apr/2019:10:44:20 -0300] "GET /cormun/static/calendar.js?85251 HTTP/1.1" 200 26246
190.171.152.114 - - [17/Apr/2019:10:44:20 -0300] "GET /cormun/static/calendar-es.js?85251 HTTP/1.1" 200 1901
190.171.152.114 - - [17/Apr/2019:10:44:20 -0300] "GET /cormun/static/Resources/PXTools/calendar.png HTTP/1.1" 200 1306
190.171.152.114 - - [17/Apr/2019:10:44:20 -0300] "GET /cormun/static/Resources/PXToolsDataSearch.png HTTP/1.1" 200 419
190.171.152.114 - - [17/Apr/2019:10:44:20 -0300] "GET /cormun/static/Resources/PXToolsGridFirstDisabled.gif HTTP/1.1" 200 100
190.171.152.114 - - [17/Apr/2019:10:44:20 -0300] "GET /cormun/static/Resources/PXToolsGridPreviousDisabled.gif HTTP/1.1" 200 90
190.171.152.114 - - [17/Apr/2019:10:44:20 -0300] "GET /cormun/static/Shared/ext/resources/css/ext-all.css?205870 HTTP/1.1" 200 416045
190.171.152.114 - - [17/Apr/2019:10:44:20 -0300] "GET /cormun/static/Resources/PXToolsGridLastDisabled.gif HTTP/1.1" 200 98
190.171.152.114 - - [17/Apr/2019:10:44:20 -0300] "GET /cormun/static/Resources/PXToolsGridNextDisabled.gif HTTP/1.1" 200 90
190.171.152.114 - - [17/Apr/2019:10:44:20 -0300] "GET /cormun/static/Resources/PXToolsGridPage.gif HTTP/1.1" 200 725
190.171.152.114 - - [17/Apr/2019:10:44:20 -0300] "GET /cormun/static/Resources/PXToolsGridNew.png HTTP/1.1" 200 2949
190.171.152.114 - - [17/Apr/2019:10:44:21 -0300] "GET /cormun/static/Resources/PXToolsActionExcel.png HTTP/1.1" 200 3187
190.171.152.114 - - [17/Apr/2019:10:44:21 -0300] "GET /cormun/static/trlicencias.js?20176272054837 HTTP/1.1" 200 41883
190.171.152.114 - - [17/Apr/2019:10:44:21 -0300] "GET /cormun/static/gxdec.js?85251 HTTP/1.1" 200 19579
190.171.152.114 - - [17/Apr/2019:10:44:21 -0300] "GET /cormun/static/Resources/asc.gif HTTP/1.1" 200 67
190.171.152.114 - - [17/Apr/2019:10:44:21 -0300] "GET /cormun/static/Resources/desc.gif HTTP/1.1" 200 65
190.171.152.114 - - [17/Apr/2019:10:44:21 -0300] "GET /cormun//static/Resources/PXToolsActionDisabled.gif HTTP/1.1" 200 53
190.171.152.114 - - [17/Apr/2019:10:44:21 -0300] "GET /cormun//static/Resources/PXToolsActionPrint.png HTTP/1.1" 200 3317
190.171.152.114 - - [17/Apr/2019:10:44:21 -0300] "GET /cormun//static/Resources/PXTools/ActionInsert.png HTTP/1.1" 200 1482
190.171.152.114 - - [17/Apr/2019:10:44:21 -0300] "GET /cormun//static/Resources/PXToolsHeaderHelp.png HTTP/1.1" 200 4055
190.171.152.114 - - [17/Apr/2019:10:44:21 -0300] "GET /cormun//static/Resources/PXToolsHeaderFavorites.png HTTP/1.1" 200 2744
190.171.152.114 - - [17/Apr/2019:10:44:21 -0300] "GET /cormun//static/Resources/PXToolsGridDisplay.png HTTP/1.1" 200 362
190.171.152.114 - - [17/Apr/2019:10:44:22 -0300] "GET /cormun/static/Shared/ext/resources/themes/images/default/tools/tool-sprites.gif HTTP/1.1" 200 5434
190.171.152.114 - - [17/Apr/2019:10:44:22 -0300] "GET /cormun/static/Shared/ext/resources/themes/images/default/panel/bg-headersPanel.png HTTP/1.1" 200 255
190.171.142.18 - - [17/Apr/2019:10:44:23 -0300] "GET /cormun/servlet/solicitudot?INS,0,0, HTTP/1.1" 200 15312
190.171.142.18 - - [17/Apr/2019:10:44:23 -0300] "GET /cormun/servlet/solicitudot?INS,0,0, HTTP/1.1" 200 15317
190.171.152.114 - - [17/Apr/2019:10:44:25 -0300] "GET /cormun/servlet/licenciaspermisos?INS,0,,, HTTP/1.1" 200 7810
190.171.152.114 - - [17/Apr/2019:10:44:25 -0300] "GET /cormun/static/gxcfg.js?201762917281167 HTTP/1.1" 200 953
190.171.152.114 - - [17/Apr/2019:10:44:25 -0300] "GET /cormun/static/Resources/prompt.gif HTTP/1.1" 200 902
190.171.152.114 - - [17/Apr/2019:10:44:25 -0300] "GET /cormun/static/licenciaspermisos.js?201762917281260 HTTP/1.1" 200 37491
190.171.153.218 - - [17/Apr/2019:10:44:27 -0300] "GET /cormun/servlet/trcontratounov2? HTTP/1.1" 200 12827
190.171.153.218 - - [17/Apr/2019:10:44:28 -0300] "GET /cormun/servlet/trcontratounov2? HTTP/1.1" 200 12832
190.171.153.218 - - [17/Apr/2019:10:44:31 -0300] "GET /cormun/servlet/trautorizarsolicitud? HTTP/1.1" 200 7430
190.171.153.218 - - [17/Apr/2019:10:44:31 -0300] "GET /cormun/servlet/trautorizarsolicitud? HTTP/1.1" 200 7430
190.171.142.18 - - [17/Apr/2019:10:44:33 -0300] "POST /cormun/servlet/solicitudot?gx-no-cache=1555508629224 HTTP/1.1" 200 3450
190.171.142.18 - - [17/Apr/2019:10:44:33 -0300] "POST /cormun/servlet/solicitudot?a79d599e9a96ca1117c00085c4654dc8,INS,0,0,,gx-no-cache=1555508629551 HTTP/1.1" 200 11910
190.171.142.18 - - [17/Apr/2019:10:44:37 -0300] "GET /cormun/servlet/solicitudot?644562eba4185406c1ff821cc221de4ba05bb0502c09b283d7e45d56e587c8d1bd4a8a8c6e3e940c101ebe9b9aab96b4,gx-no-cache=1555508633390 HTTP/1.1" 200 30
190.171.153.218 - - [17/Apr/2019:10:44:39 -0300] "POST /cormun/servlet/trautorizarsolicitud?b4c8f8dac721515fc440d3b24a6734a0,,gx-no-cache=1555508452173 HTTP/1.1" 200 5812
190.171.153.218 - - [17/Apr/2019:10:44:43 -0300] "POST /cormun/servlet/trautorizarsolicitud?b4c8f8dac721515fc440d3b24a6734a0,,gx-no-cache=1555508456308 HTTP/1.1" 200 5824
190.171.153.218 - - [17/Apr/2019:10:44:43 -0300] "GET /cormun/static/Shared/jqueryui/images/ui-bg_highlight-soft_100_c6c2c8_1x100.png HTTP/1.1" 404 1117
164.77.113.188 - - [17/Apr/2019:10:44:43 -0300] "GET /cormun/static/Shared/jqueryui/images/ui-bg_flat_55_fafafa_40x100.png HTTP/1.1" 404 1097
190.171.153.218 - - [17/Apr/2019:10:44:43 -0300] "GET /cormun/static/Shared/jqueryui/images/ui-icons_8d78a5_256x240.png HTTP/1.1" 404 1089
190.171.153.218 - - [17/Apr/2019:10:44:43 -0300] "GET /cormun/static/Shared/jqueryui/images/ui-icons_82798d_256x240.png HTTP/1.1" 404 1089
190.171.153.218 - - [17/Apr/2019:10:44:48 -0300] "POST /cormun/servlet/trautorizarsolicitud?b4c8f8dac721515fc440d3b24a6734a0,,gx-no-cache=1555508461194 HTTP/1.1" 200 5824
190.171.153.218 - - [17/Apr/2019:10:44:50 -0300] "GET /cormun/servlet/treventos?2019,15337, HTTP/1.1" 200 6383
190.171.153.218 - - [17/Apr/2019:10:44:50 -0300] "GET /cormun/static/gxcfg.js?2016101716195975 HTTP/1.1" 200 953
190.171.153.218 - - [17/Apr/2019:10:44:50 -0300] "GET /cormun/static/treventos.js?201610171620222 HTTP/1.1" 200 16064
190.171.153.218 - - [17/Apr/2019:10:44:50 -0300] "GET /cormun/servlet/treventos?2019,15337, HTTP/1.1" 200 6382
190.171.153.218 - - [17/Apr/2019:10:44:55 -0300] "GET /cormun/servlet/trsolicitudot? HTTP/1.1" 200 8880
190.171.153.218 - - [17/Apr/2019:10:44:56 -0300] "GET /cormun/servlet/trsolicitudot? HTTP/1.1" 200 8880
164.77.113.188 - - [17/Apr/2019:10:44:59 -0300] "POST /cormun/servlet/trsolicitudot?b4c8f8dac721515fc440d3b24a6734a0,,gx-no-cache=1555508472772 HTTP/1.1" 200 106
164.77.113.188 - - [17/Apr/2019:10:45:00 -0300] "GET /cormun/servlet/solicitudot?UPD,2019,15337, HTTP/1.1" 200 15902
164.77.113.188 - - [17/Apr/2019:10:45:00 -0300] "GET /cormun/servlet/solicitudot?UPD,2019,15337, HTTP/1.1" 200 15911
190.171.153.218 - - [17/Apr/2019:10:45:00 -0300] "POST /cormun/servlet/solicitudot?gx-no-cache=1555508473888 HTTP/1.1" 200 3587
190.171.153.218 - - [17/Apr/2019:10:45:01 -0300] "POST /cormun/servlet/solicitudot?b4c8f8dac721515fc440d3b24a6734a0,UPD,2019,15337,,gx-no-cache=1555508474114 HTTP/1.1" 200 12155
190.171.153.218 - - [17/Apr/2019:10:45:01 -0300] "GET /cormun/servlet/solicitudot?8870dda97e63b7b266dc387300648c1c2d028fc7444ec99d427995ee1acb8ecc41b2b7404614082dd2dd2f3ba4b4f66a,gx-no-cache=1555508474339 HTTP/1.1" 200 30
190.171.153.218 - - [17/Apr/2019:10:45:01 -0300] "GET /cormun/servlet/solicitudot?8870dda97e63b7b266dc387300648c1c3c10e3f7294a094604d696260f96379b834367a98e98b55b8e301382833329e835ad104b3f5cacf8f894bd1563d4e944,gx-no-cache=1555508474387 HTTP/1.1" 200 30
190.171.153.218 - - [17/Apr/2019:10:45:01 -0300] "GET /cormun/servlet/solicitudot?8870dda97e63b7b266dc387300648c1c3a7352dbb812cdd83da92bf7bfb44166f68c99780184ac461c9772514f4f52b385d5a4f3ea55a08274c261c3f9343646,gx-no-cache=1555508474432 HTTP/1.1" 200 53
190.171.153.218 - - [17/Apr/2019:10:45:01 -0300] "POST /cormun/servlet/solicitudot?gx-no-cache=1555508474488 HTTP/1.1" 200 297
190.171.153.218 - - [17/Apr/2019:10:45:01 -0300] "GET /cormun/servlet/solicitudot?8870dda97e63b7b266dc387300648c1c2c643b916966e7ae7241d1a2aa4c9040e218f57ba1693a7e04f4fbd5d841984098e9c01af67ce1e152b4883748aac6729f74b0f5de04f185def4554024b24fa9ca576475df9f60df6a0a87b9ac06c072dcb1255c6c762b2ffdff9196fc3989dc3df5986976c7ee1bd4ce667653e47f06cdf5559d704df902fcb0eb664e0a0ec9cc9f7ad9f0f9b12d393908fbe8a6578d7db1992a65c7f32aacf011a061e6a9659ee1455e5789df9240cb6a7b2ef5771bc12b2b82d110484352fd67513129adf3b457505953fb2ef3bbd4c2a030643754fd44ae88f322562baa3976171029f64f7fd83d8324a8c9ada2f1a9772e3950ae554526c6ac983a03e5c16f0b46be24fccd076b7114e9f698e01ef738810048b8d38d48bf5dfd0a51ee2cc6fd48f04db85425a9aa0773655e822369f8c024a443ac7383b222cf3355ad43f50967b4eb7bfc48cf579f5863505da516626beed95b1ce2e226d082ef4921cfb53508c945e354707a7f683007f87e3558eeacbae156dd2c35f40025e86525892490da55da74,gx-no-cache=1555508474528 HTTP/1.1" 200 30
190.171.153.218 - - [17/Apr/2019:10:45:01 -0300] "POST /cormun/servlet/solicitudot?gx-no-cache=1555508474578 HTTP/1.1" 200 30
190.171.153.218 - - [17/Apr/2019:10:45:01 -0300] "POST /cormun/servlet/solicitudot?gx-no-cache=1555508474888 HTTP/1.1" 200 1344
190.171.153.218 - - [17/Apr/2019:10:45:01 -0300] "POST /cormun/servlet/solicitudot?gx-no-cache=1555508474959 HTTP/1.1" 200 40
190.171.153.218 - - [17/Apr/2019:10:45:13 -0300] "GET /cormun/servlet/solicitudot?8870dda97e63b7b266dc387300648c1c9949c19a7ef9251668f378fcaac1c4b215d0f03f383a1eb633d66eacaa3a34c87eb6182f18cf7f92e47e90b8bd6db73532aab72229b594c3227ae310fef3cb9649596106d31f5dfb4a3faa37201c13a8d910073ce82258404b7fb75ccdec9f58,gx-no-cache=1555508486572 HTTP/1.1" 200 110
190.171.153.218 - - [17/Apr/2019:10:45:13 -0300] "POST /cormun/servlet/solicitudot?gx-no-cache=1555508486619 HTTP/1.1" 200 109
190.171.153.218 - - [17/Apr/2019:10:45:13 -0300] "GET /cormun/servlet/solicitudot?8870dda97e63b7b266dc387300648c1c883587cbb30cd03a9002eee7b3bc55fc019670e4ec8f71bce9cf94a85e9223bd692bf3a95fc7628ac80c4fcc234d7ca2a6a6eae7acc5b874ec26aa15a3f75eda076819d0d40595f685a7944a9225961cd4f647699eb950635338a8d708516de5,gx-no-cache=1555508486740 HTTP/1.1" 200 29
190.171.153.218 - - [17/Apr/2019:10:45:13 -0300] "GET /cormun/servlet/solicitudot?8870dda97e63b7b266dc387300648c1cef190f25832b87a9967b10cb5a5732d3f72a368d6f6b4a8905ac705765cfa16c,gx-no-cache=1555508486800 HTTP/1.1" 200 30
190.171.153.218 - - [17/Apr/2019:10:45:14 -0300] "POST /cormun/servlet/solicitudot?gx-no-cache=1555508486882 HTTP/1.1" 200 33
192.168.10.89 - - [17/Apr/2019:10:45:16 -0300] "GET /cormun/servlet/vesolicitudgral?2019,15054,, HTTP/1.1" 200 8479
192.168.10.89 - - [17/Apr/2019:10:45:16 -0300] "GET /cormun/pexe_scrolldiv.js HTTP/1.1" 404 1009
190.171.142.18 - - [17/Apr/2019:10:45:26 -0300] "GET /cormun/servlet/prbanco?,MD,,gxPopupLevel%3D0%3B HTTP/1.1" 200 6718
192.168.10.89 - - [17/Apr/2019:10:45:28 -0300] "POST /cormun/servlet/vesolicitudgral?3ffb619fa3d07561c77c1f935edc558e,2019,15054,,,gx-no-cache=1555515524727 HTTP/1.1" 200 93
192.168.10.89 - - [17/Apr/2019:10:45:28 -0300] "GET /cormun/servlet/hpexe_return? HTTP/1.1" 200 1031
192.168.10.89 - - [17/Apr/2019:10:45:29 -0300] "GET /cormun/servlet/trsolicitudgral?gx-no-cache=1555515308520 HTTP/1.1" 200 9723
190.171.142.18 - - [17/Apr/2019:10:45:41 -0300] "GET /cormun/servlet/solicitudot?644562eba4185406c1ff821cc221de4bcdb212567580306ceab5c0bd61e37c04b53d9369372508be963b852c52fc2437bf57239893255ed0dfcff5419bd3d8b3,gx-no-cache=1555508697541 HTTP/1.1" 200 30
190.171.142.18 - - [17/Apr/2019:10:45:42 -0300] "GET /cormun/servlet/solicitudot?644562eba4185406c1ff821cc221de4b3f06fa8a561b01db719aabcda84365ca,gx-no-cache=1555508698806 HTTP/1.1" 200 53
192.168.10.89 - - [17/Apr/2019:10:46:01 -0300] "POST /cormun/servlet/trsolicitudgral?3ffb619fa3d07561c77c1f935edc558e,gx-no-cache=1555515308520,gx-no-cache=1555515557681 HTTP/1.1" 200 7081
190.151.99.26 - - [17/Apr/2019:10:46:09 -0300] "POST /cormun/servlet/solicitudot?b4c8f8dac721515fc440d3b24a6734a0,UPD,2019,15337,,gx-no-cache=1555508542480 HTTP/1.1" 200 93
190.151.99.26 - - [17/Apr/2019:10:46:09 -0300] "GET /cormun/servlet/hpexe_return? HTTP/1.1" 200 1013
190.151.99.26 - - [17/Apr/2019:10:46:10 -0300] "GET /cormun/servlet/trsolicitudot HTTP/1.1" 200 8884
190.151.99.26 - - [17/Apr/2019:10:46:10 -0300] "GET /cormun/servlet/trsolicitudot HTTP/1.1" 200 8880
192.168.10.89 - - [17/Apr/2019:10:46:12 -0300] "POST /cormun/servlet/trsolicitudgral?3ffb619fa3d07561c77c1f935edc558e,gx-no-cache=1555515308520,gx-no-cache=1555515568860 HTTP/1.1" 200 6663
192.168.10.89 - - [17/Apr/2019:10:46:12 -0300] "GET /cormun/static/Shared/jqueryui/images/ui-bg_flat_55_fafafa_40x100.png HTTP/1.1" 404 1097
192.168.10.89 - - [17/Apr/2019:10:46:12 -0300] "GET /cormun/static/Shared/jqueryui/images/ui-bg_highlight-soft_100_c6c2c8_1x100.png HTTP/1.1" 404 1117
192.168.10.89 - - [17/Apr/2019:10:46:12 -0300] "GET /cormun/static/Shared/jqueryui/images/ui-icons_82798d_256x240.png HTTP/1.1" 404 1089
192.168.10.89 - - [17/Apr/2019:10:46:12 -0300] "GET /cormun/static/Shared/jqueryui/images/ui-icons_8d78a5_256x240.png HTTP/1.1" 404 1089
164.77.113.188 - - [17/Apr/2019:10:46:17 -0300] "GET /cormun/servlet/trautorizarsolicitud? HTTP/1.1" 200 8771
164.77.113.188 - - [17/Apr/2019:10:46:17 -0300] "GET /cormun/servlet/trautorizarsolicitud? HTTP/1.1" 200 8770
164.77.113.188 - - [17/Apr/2019:10:46:23 -0300] "POST /cormun/servlet/trautorizarsolicitud?b4c8f8dac721515fc440d3b24a6734a0,,gx-no-cache=1555508555961 HTTP/1.1" 200 6372
164.77.113.188 - - [17/Apr/2019:10:46:26 -0300] "POST /cormun/servlet/trautorizarsolicitud?b4c8f8dac721515fc440d3b24a6734a0,,gx-no-cache=1555508559059 HTTP/1.1" 200 6385
164.77.113.188 - - [17/Apr/2019:10:46:26 -0300] "GET /cormun/static/Shared/jqueryui/images/ui-bg_highlight-soft_100_c6c2c8_1x100.png HTTP/1.1" 404 1117
164.77.113.188 - - [17/Apr/2019:10:46:26 -0300] "GET /cormun/static/Shared/jqueryui/images/ui-bg_flat_55_fafafa_40x100.png HTTP/1.1" 404 1097
164.77.113.188 - - [17/Apr/2019:10:46:26 -0300] "GET /cormun/static/Shared/jqueryui/images/ui-icons_8d78a5_256x240.png HTTP/1.1" 404 1089
190.171.153.218 - - [17/Apr/2019:10:46:26 -0300] "GET /cormun/static/Shared/jqueryui/images/ui-icons_82798d_256x240.png HTTP/1.1" 404 1089
192.168.10.89 - - [17/Apr/2019:10:46:31 -0300] "POST /cormun/servlet/trsolicitudgral?3ffb619fa3d07561c77c1f935edc558e,gx-no-cache=1555515308520,gx-no-cache=1555515587493 HTTP/1.1" 200 6638
192.168.10.89 - - [17/Apr/2019:10:46:33 -0300] "GET /cormun/servlet/solicitudgral?UPD,2019,15251, HTTP/1.1" 200 12535
192.168.10.89 - - [17/Apr/2019:10:46:34 -0300] "POST /cormun/servlet/solicitudgral?gx-no-cache=1555515590508 HTTP/1.1" 200 4076
192.168.10.89 - - [17/Apr/2019:10:46:34 -0300] "GET /cormun/servlet/solicitudgral?72678e6794ed6f3fc2be7731dafe4ce6d174a9f59114d86b6bfe8452aea4a47ed9c39faec793cbe9760e474a555becb3b08f38182b6d773a6f0e8f4ee94ea9e8050661eee0519ec1f2812145e8b558b614d446664bc9eda9a4f4b2f8e07ab281d036ccb88a0f061d5e7f93ebfc11f702c83330a2a4fb90b6bb1718764043845f309072d0e06f7bc2e0739b08ba48ed141d40c1990c4f1702b54e010fd3e39605bf1a3be97bda163f15b9bcf5e2b7721ada2e783795d6b933ad74b634a6ce491b141b607093143b89ac1e6a9682f1ddf6aedac21879bff0d4cee25a95ca8ae30d3c80b77568cad2e5d979375c459d98f235e1ca2c5173d2959da6a28422a39423769c26d52992ba97a1183f448c50e9374f0a4a214be26b02ead5b2e275937d148af1960dadc621248087ea926f4a2599a404b76903e9c580f4eec30fd9b68648a1c440207b65513809697f4240765199,gx-no-cache=1555515590698 HTTP/1.1" 200 297
192.168.10.89 - - [17/Apr/2019:10:46:34 -0300] "GET /cormun/servlet/solicitudgral?72678e6794ed6f3fc2be7731dafe4ce6b60fc7f9530c8938d980763c5d6139ec8fe2a920c287ac5532b8d424e87d3951b08f38182b6d773a6f0e8f4ee94ea9e85cb12c17eabd2e647376796be718bf50f5bad4f806d4c2b88181dc7cd7486e1f,gx-no-cache=1555515591122 HTTP/1.1" 200 30
192.168.10.89 - - [17/Apr/2019:10:46:35 -0300] "POST /cormun/servlet/solicitudgral?gx-no-cache=1555515591378 HTTP/1.1" 200 83
190.171.153.218 - - [17/Apr/2019:10:46:38 -0300] "POST /cormun/servlet/trautorizarsolicitud?b4c8f8dac721515fc440d3b24a6734a0,,gx-no-cache=1555508571898 HTTP/1.1" 200 4478
192.168.10.89 - - [17/Apr/2019:10:46:45 -0300] "POST /cormun/servlet/solicitudgral?gx-no-cache=1555515601482 HTTP/1.1" 200 64
192.168.10.89 - - [17/Apr/2019:10:46:46 -0300] "GET /cormun/servlet/solicitudgral?72678e6794ed6f3fc2be7731dafe4ce6baeecc3f3d75fbb465c669a80a7ec94965c472774af30679d0a20c35b6356f08769c26d52992ba97a1183f448c50e937a7060f395b1d72aed7050a7bb1fd892fe5cf72b29424319af1fc64436fcae20da0f215de572a5de8f1db3ed85827ba2b,gx-no-cache=1555515602529 HTTP/1.1" 200 49
192.168.10.89 - - [17/Apr/2019:10:46:46 -0300] "POST /cormun/servlet/solicitudgral?3ffb619fa3d07561c77c1f935edc558e,UPD,2019,15251,,gx-no-cache=1555515602915 HTTP/1.1" 200 11479
192.168.10.89 - - [17/Apr/2019:10:46:47 -0300] "GET /cormun/servlet/solicitudgral?72678e6794ed6f3fc2be7731dafe4ce6338dbe0817bd8ff574dcb24b9601f069a66d29a7e2186a308b38e185de5ff0de20d24ed6d47107a1fe154a36774dd3efeab72fc1faaf4fa15d77d0d683917273a8351d0b9eceec93ee755b89cccf1f8d5240fef5221a7d0173d6838db36e43d3,gx-no-cache=1555515603538 HTTP/1.1" 200 29
164.77.113.188 - - [17/Apr/2019:10:47:01 -0300] "POST /cormun/servlet/trautorizarsolicitud?b4c8f8dac721515fc440d3b24a6734a0,,gx-no-cache=1555508593866 HTTP/1.1" 200 7167
192.168.10.89 - - [17/Apr/2019:10:47:01 -0300] "POST /cormun/servlet/solicitudgral?3ffb619fa3d07561c77c1f935edc558e,UPD,2019,15251,,gx-no-cache=1555515617439 HTTP/1.1" 200 93
192.168.10.89 - - [17/Apr/2019:10:47:01 -0300] "GET /cormun/servlet/hpexe_return? HTTP/1.1" 200 1030
192.168.10.89 - - [17/Apr/2019:10:47:01 -0300] "GET /cormun/servlet/trsolicitudgral?gx-no-cache=1555515308520 HTTP/1.1" 200 9740
192.168.10.89 - - [17/Apr/2019:10:47:07 -0300] "POST /cormun/servlet/trsolicitudgral?3ffb619fa3d07561c77c1f935edc558e,gx-no-cache=1555515308520,gx-no-cache=1555515623114 HTTP/1.1" 200 5480
192.168.10.89 - - [17/Apr/2019:10:47:07 -0300] "GET /cormun/static/Shared/jqueryui/images/ui-bg_flat_55_fafafa_40x100.png HTTP/1.1" 404 1097
192.168.10.89 - - [17/Apr/2019:10:47:07 -0300] "GET /cormun/static/Shared/jqueryui/images/ui-bg_highlight-soft_100_c6c2c8_1x100.png HTTP/1.1" 404 1117
192.168.10.89 - - [17/Apr/2019:10:47:07 -0300] "GET /cormun/static/Shared/jqueryui/images/ui-icons_82798d_256x240.png HTTP/1.1" 404 1089
192.168.10.89 - - [17/Apr/2019:10:47:07 -0300] "GET /cormun/static/Shared/jqueryui/images/ui-icons_8d78a5_256x240.png HTTP/1.1" 404 1089
190.171.152.114 - - [17/Apr/2019:10:47:13 -0300] "GET /cormun/servlet/licenciaspermisos?49ca9838ccdeb1c8c7921666091ea7bcccdc4b1a567e935689ca58401159fcdcd361be26be4627a9d5d383a11a7459cd,gx-no-cache=1555508609727 HTTP/1.1" 200 100
190.171.152.114 - - [17/Apr/2019:10:47:13 -0300] "POST /cormun/servlet/licenciaspermisos?9f9e0fad41131ad161f38ded3c992ecd,INS,0,,,,gx-no-cache=1555508610043 HTTP/1.1" 200 4966
186.67.164.138 - - [17/Apr/2019:10:47:25 -0300] "GET /cormun/servlet/hlogin HTTP/1.1" 200 1717
186.67.164.138 - - [17/Apr/2019:10:47:31 -0300] "POST /cormun/servlet/hlogin?abed7e21daa3d9c3ee5f59a6966a7fd3,gx-no-cache=1555508626653 HTTP/1.1" 200 90
186.67.164.138 - - [17/Apr/2019:10:47:31 -0300] "GET /cormun/servlet/hpexe_link HTTP/1.1" 200 948
186.67.164.138 - - [17/Apr/2019:10:47:31 -0300] "GET /cormun/servlet/hhome HTTP/1.1" 200 4047
186.67.164.138 - - [17/Apr/2019:10:47:32 -0300] "GET /cormun/servlet/hhome HTTP/1.1" 200 4043
190.151.124.170 - - [17/Apr/2019:10:47:33 -0300] "POST /cormun/servlet/trautorizarsolicitud?b4c8f8dac721515fc440d3b24a6734a0,,gx-no-cache=1555508626533 HTTP/1.1" 200 5810
192.168.10.89 - - [17/Apr/2019:10:47:37 -0300] "POST /cormun/servlet/trsolicitudgral?3ffb619fa3d07561c77c1f935edc558e,gx-no-cache=1555515308520,gx-no-cache=1555515653689 HTTP/1.1" 200 7115
192.168.10.89 - - [17/Apr/2019:10:47:41 -0300] "GET /cormun/servlet/solicitudgral?UPD,2019,15081, HTTP/1.1" 200 12576
192.168.10.89 - - [17/Apr/2019:10:47:43 -0300] "POST /cormun/servlet/solicitudgral?gx-no-cache=1555515659199 HTTP/1.1" 200 4029
192.168.10.89 - - [17/Apr/2019:10:47:43 -0300] "GET /cormun/servlet/solicitudgral?72678e6794ed6f3fc2be7731dafe4ce6d174a9f59114d86b6bfe8452aea4a47e8fe2a920c287ac5532b8d424e87d3951b08f38182b6d773a6f0e8f4ee94ea9e8050661eee0519ec1f2812145e8b558b614d446664bc9eda9a4f4b2f8e07ab281d036ccb88a0f061d5e7f93ebfc11f702c83330a2a4fb90b6bb1718764043845f309072d0e06f7bc2e0739b08ba48ed141d40c1990c4f1702b54e010fd3e39605bf1a3be97bda163f15b9bcf5e2b7721ada2e783795d6b933ad74b634a6ce491b141b607093143b89ac1e6a9682f1ddf6aedac21879bff0d4cee25a95ca8ae30d3c80b77568cad2e5d979375c459d98f235e1ca2c5173d2959da6a28422a39423769c26d52992ba97a1183f448c50e9374f0a4a214be26b02ead5b2e275937d148af1960dadc621248087ea926f4a2599a404b76903e9c580f4eec30fd9b68648a1c440207b65513809697f4240765199,gx-no-cache=1555515659377 HTTP/1.1" 200 255
192.168.10.89 - - [17/Apr/2019:10:47:43 -0300] "GET /cormun/servlet/solicitudgral?72678e6794ed6f3fc2be7731dafe4ce6b60fc7f9530c8938d980763c5d6139ec8fe2a920c287ac5532b8d424e87d3951b08f38182b6d773a6f0e8f4ee94ea9e85cb12c17eabd2e647376796be718bf50f5bad4f806d4c2b88181dc7cd7486e1f,gx-no-cache=1555515659727 HTTP/1.1" 200 30
192.168.10.89 - - [17/Apr/2019:10:47:46 -0300] "POST /cormun/servlet/solicitudgral?gx-no-cache=1555515662322 HTTP/1.1" 200 69
192.168.10.89 - - [17/Apr/2019:10:47:46 -0300] "GET /cormun/servlet/solicitudgral?72678e6794ed6f3fc2be7731dafe4ce6baeecc3f3d75fbb465c669a80a7ec949b0f9fa2ecc3e42756161f55fc416473c769c26d52992ba97a1183f448c50e9379536ba0737cdf6296ad5ad589a6b3a61da864ec0c3d9edaf2b9894072f996961a0f215de572a5de8f1db3ed85827ba2b,gx-no-cache=1555515662988 HTTP/1.1" 200 49
192.168.10.89 - - [17/Apr/2019:10:47:47 -0300] "POST /cormun/servlet/solicitudgral?3ffb619fa3d07561c77c1f935edc558e,UPD,2019,15081,,gx-no-cache=1555515663275 HTTP/1.1" 200 11460
186.67.164.138 - - [17/Apr/2019:10:47:47 -0300] "GET /cormun/servlet/trsolicitudot? HTTP/1.1" 200 7263
192.168.10.89 - - [17/Apr/2019:10:47:48 -0300] "GET /cormun/servlet/solicitudgral?72678e6794ed6f3fc2be7731dafe4ce6338dbe0817bd8ff574dcb24b9601f069a66d29a7e2186a308b38e185de5ff0de32e295b70ac7d5eb1f63ca711929f1ee32d744b7d963190176b710f8b061233c83ab74c59350a1ee6a0f3db63cd465abaf0ba8eb45d0e2fdf628afe59893969c0585fe13b75b5f623427cdcb1b3a49ebd7b151bd9563298e5a1a15718296c8a9ec0feb60fd5f7a033bdd3fafd1273c44,gx-no-cache=1555515664814 HTTP/1.1" 200 30
186.67.164.138 - - [17/Apr/2019:10:47:48 -0300] "GET /cormun/servlet/trsolicitudot? HTTP/1.1" 200 7263
186.67.164.138 - - [17/Apr/2019:10:47:51 -0300] "GET /cormun/servlet/solicitudot?INS,0,0, HTTP/1.1" 200 15019
186.67.164.138 - - [17/Apr/2019:10:47:52 -0300] "GET /cormun/servlet/solicitudot?INS,0,0, HTTP/1.1" 200 15024
190.171.152.114 - - [17/Apr/2019:10:47:52 -0300] "GET /cormun/static/menuarrow.gif HTTP/1.1" 404 1015
186.67.164.138 - - [17/Apr/2019:10:48:06 -0300] "POST /cormun/servlet/solicitudot?gx-no-cache=1555508661518 HTTP/1.1" 200 3565
186.67.164.138 - - [17/Apr/2019:10:48:06 -0300] "POST /cormun/servlet/solicitudot?abed7e21daa3d9c3ee5f59a6966a7fd3,INS,0,0,,gx-no-cache=1555508661965 HTTP/1.1" 200 11823
186.67.164.138 - - [17/Apr/2019:10:48:09 -0300] "GET /cormun/servlet/solicitudot?1b2bb7517224d3312d4b00ff99fc084016a0fddd24597db2eca738fbe40ef0fdbf63b7f6f227ea61d2c187104a5b051e,gx-no-cache=1555508664941 HTTP/1.1" 200 30
186.67.164.138 - - [17/Apr/2019:10:48:09 -0300] "GET /cormun/servlet/solicitudot?1b2bb7517224d3312d4b00ff99fc0840b1f07db604d977d941a0ea33e0b7a531d547cf5725930769b7a0b4ac43bf41ae05786b452577822a1aec7778c9cfe4f2,gx-no-cache=1555508665085 HTTP/1.1" 200 30
186.67.164.138 - - [17/Apr/2019:10:48:09 -0300] "GET /cormun/servlet/solicitudot?1b2bb7517224d3312d4b00ff99fc08402f3b819f73340289509f2c4650b2dc58,gx-no-cache=1555508665162 HTTP/1.1" 200 60
186.67.164.138 - - [17/Apr/2019:10:48:09 -0300] "POST /cormun/servlet/solicitudot?gx-no-cache=1555508665211 HTTP/1.1" 200 255
186.67.164.138 - - [17/Apr/2019:10:48:09 -0300] "GET /cormun/servlet/solicitudot?1b2bb7517224d3312d4b00ff99fc0840cecde9d0ac543449326d7fd1ce6915ee6c27b321572daecfa400f3f1cff790ece4d86053ab0da5917927bf89efdc0f844474876c8db02bdf22b5eedf38f008049021a81c95a06ca0cae0c74a31f898bedf3830b7343dc30777a322847f6cb38cde67362de8861727d4e5a8030292e1886ec870ff9cabcb40447080f44993f6989e3e93e3d6a5bf143de3bc236253fbfd66702ec1d99de37a127c0faec8f552c9ae609903255c5128e29ebe2de9ae7dbc8b451d5024b615a4d7dd2023611bea78158962d9f9675a1e74beab718f7dcf595d1b534d408b657c6095c0821c978b5fcd559dad940bf74eb45bcd865298b5b488cf3c2446bf1767921809adf1edb2d07f14d980fe004b523542efad19159891a8ea43bd9c2dbdf528313e7cc9f776bb9f0ec66e5ca156f064ab30e45025cd81c4bdff9d3d90ce12e899759b3de7db35d4722ce9cbdd5308eb9161eeb7abd9d48bdab8bc65dd681f208226094fc88f12a3214b69f32fb2862eed1968fd893547,gx-no-cache=1555508665296 HTTP/1.1" 200 30
192.168.10.89 - - [17/Apr/2019:10:48:20 -0300] "POST /cormun/servlet/solicitudgral?3ffb619fa3d07561c77c1f935edc558e,UPD,2019,15081,,gx-no-cache=1555515696242 HTTP/1.1" 200 93
192.168.10.89 - - [17/Apr/2019:10:48:20 -0300] "GET /cormun/servlet/hpexe_return? HTTP/1.1" 200 1032
192.168.10.89 - - [17/Apr/2019:10:48:20 -0300] "GET /cormun/servlet/trsolicitudgral?gx-no-cache=1555515308520 HTTP/1.1" 200 10205
190.171.142.18 - - [17/Apr/2019:10:48:21 -0300] "POST /cormun/servlet/solicitudot?gx-no-cache=1555508857917 HTTP/1.1" 200 255
190.171.142.18 - - [17/Apr/2019:10:48:24 -0300] "POST /cormun/servlet/solicitudot?gx-no-cache=1555508860693 HTTP/1.1" 200 256
192.168.10.89 - - [17/Apr/2019:10:48:24 -0300] "POST /cormun/servlet/trsolicitudgral?3ffb619fa3d07561c77c1f935edc558e,gx-no-cache=1555515308520,gx-no-cache=1555515700747 HTTP/1.1" 200 6650
192.168.10.89 - - [17/Apr/2019:10:48:24 -0300] "GET /cormun/static/Shared/jqueryui/images/ui-bg_flat_55_fafafa_40x100.png HTTP/1.1" 404 1097
192.168.10.89 - - [17/Apr/2019:10:48:24 -0300] "GET /cormun/static/Shared/jqueryui/images/ui-bg_highlight-soft_100_c6c2c8_1x100.png HTTP/1.1" 404 1117
192.168.10.89 - - [17/Apr/2019:10:48:24 -0300] "GET /cormun/static/Shared/jqueryui/images/ui-icons_82798d_256x240.png HTTP/1.1" 404 1089
192.168.10.89 - - [17/Apr/2019:10:48:24 -0300] "GET /cormun/static/Shared/jqueryui/images/ui-icons_8d78a5_256x240.png HTTP/1.1" 404 1089
190.171.142.18 - - [17/Apr/2019:10:48:26 -0300] "GET /cormun/servlet/solicitudot?644562eba4185406c1ff821cc221de4bc7b5ef0ff48533de67c6d7d729c66e7fa50720a1d6bd9769598f12d36ef99b25bb9fa9a944e055d101d5d026bc7d5d6c8d4260fa0f8859d65ec76f19304e64aceca290e607742bd2d0debad7a531adf407de96bdbb136ab35dee5d2f043757407bccf989566467ead02316ba5ed9f26b79415f5985521061431d6d20d091c2e075d4e10f00033b33d33892cd1669242e3c2e75164f3f158841432af109923e99b6e9e3a918f8532e6fcb12c0f665eedc529067375722fca17adb66944e34982eb3946b5c570bb0c34a1a6712e4396337ae3611bf209ec00454a0a174f39fec1848251cd9ea4172545f075c9f26d537d7929948e172f74542dbf0a6d7dcbeff5f9f22967f03c943e8d3c1d1c59d1b7f45528fc8b59ab629c376ddca459564afd12606aeee56bba0d6b665d32afc0513334b6585bcb45c0683a1c8ca0653b63a27196f0f0e8df577140ff3baa32e2850b273ff033876e630bb4a7f3a4ce560c3d3b3c5f1a0e8e964829dd77ee234dabf49,gx-no-cache=1555508862504 HTTP/1.1" 200 30
186.67.164.138 - - [17/Apr/2019:10:48:28 -0300] "POST /cormun/servlet/solicitudot?gx-no-cache=1555508683493 HTTP/1.1" 200 30
186.67.164.138 - - [17/Apr/2019:10:48:29 -0300] "GET /cormun/servlet/prcontratosol?17652488,,,,,MD,,gxPopupLevel%3D0%3B HTTP/1.1" 200 8098
190.171.142.18 - - [17/Apr/2019:10:48:30 -0300] "POST /cormun/servlet/solicitudot?gx-no-cache=1555508866677 HTTP/1.1" 200 30
190.171.142.18 - - [17/Apr/2019:10:48:31 -0300] "GET /cormun/servlet/prsolicitudot?19084125,,,,,MD,,gxPopupLevel%3D0%3B HTTP/1.1" 200 6063
190.171.142.18 - - [17/Apr/2019:10:48:34 -0300] "POST /cormun/servlet/solicitudot?gx-no-cache=1555508870525 HTTP/1.1" 200 1341
190.171.142.18 - - [17/Apr/2019:10:48:34 -0300] "POST /cormun/servlet/solicitudot?gx-no-cache=1555508870559 HTTP/1.1" 200 38
190.171.142.18 - - [17/Apr/2019:10:48:34 -0300] "GET /cormun/servlet/solicitudot?644562eba4185406c1ff821cc221de4b0c3390934f4c06737a5122cc1d748bdf5f32a148fbc6cdbd7f354c16979c0a25b52d3039335668b92a62a44c85f89dca77052332a46f4d2d9f70d6e5240a293646253e79855c19277a6e58ce02ec7095663ad5fe4637a553ffadde8cc96f6d67,gx-no-cache=1555508870580 HTTP/1.1" 200 110
190.171.142.18 - - [17/Apr/2019:10:48:34 -0300] "POST /cormun/servlet/solicitudot?gx-no-cache=1555508870604 HTTP/1.1" 200 64
190.171.142.18 - - [17/Apr/2019:10:48:34 -0300] "GET /cormun/servlet/solicitudot?644562eba4185406c1ff821cc221de4be327385437dda6d29cf137de2b591793d285c68bbb35d0d1da74d823eb039407040272c66ad95cab75f6be83aef0f6015079976205f251d12b1193c0a3a30b34d35b3f2260eab82486dfa5334813ad3f0573813aaaca300c8b05220c029be109,gx-no-cache=1555508870642 HTTP/1.1" 200 29
190.171.142.18 - - [17/Apr/2019:10:48:34 -0300] "GET /cormun/servlet/solicitudot?644562eba4185406c1ff821cc221de4bc0cd8026dc56f8764d4d15f7e8f2444e6f1300fc613e9ff4f16fe66d3e46573c,gx-no-cache=1555508870667 HTTP/1.1" 200 30
186.67.164.138 - - [17/Apr/2019:10:48:37 -0300] "POST /cormun/servlet/solicitudot?gx-no-cache=1555508692495 HTTP/1.1" 200 1345
186.67.164.138 - - [17/Apr/2019:10:48:37 -0300] "POST /cormun/servlet/solicitudot?gx-no-cache=1555508692562 HTTP/1.1" 200 38
186.67.164.138 - - [17/Apr/2019:10:48:37 -0300] "GET /cormun/servlet/solicitudot?1b2bb7517224d3312d4b00ff99fc084051a6a6e4cc7ac368d26a880c046b82b2282c0a0dec11dab4f951b7c69dd3b5640dad0bd616739b33637b90cae6bf7cab67846b202a5f40e71069fdc597f064b00de907dbc64190523ce58829411573202561076eefb680d0e8273efbce09b627,gx-no-cache=1555508692586 HTTP/1.1" 200 110
186.67.164.138 - - [17/Apr/2019:10:48:37 -0300] "POST /cormun/servlet/solicitudot?gx-no-cache=1555508692611 HTTP/1.1" 200 97
186.67.164.138 - - [17/Apr/2019:10:48:37 -0300] "GET /cormun/servlet/solicitudot?1b2bb7517224d3312d4b00ff99fc0840c689e5a20470840897305782b234175fe90ff8a86a2407b14fd678cf6284ccc6ffd5e47634ff0f11ee98cc789a07c99ccdb422c9ba29ec0b2652d981de8fbc4e034edd64c31d72e4dd7652ba123185a09cd1b100f65b803e14ab8ff16b90cb85d160c63f3256947ef0d3c17035d98d4a2ee4f8de22bd9f48eeca124278f96b2f5253d78688c0964fccdb9ea80d50367c0cc72bc184c1df6804ce0b9ff28e5344ac5af960298a0c02c2ca3de51b281049ffc6e948af3fa5f2a6e001755d56c332,gx-no-cache=1555508692648 HTTP/1.1" 200 29
186.67.164.138 - - [17/Apr/2019:10:48:37 -0300] "GET /cormun/servlet/solicitudot?1b2bb7517224d3312d4b00ff99fc08408765511181876411d9bb5510ac9bcdde53c61185fb5093eb7635d471ba8b59e4,gx-no-cache=1555508692670 HTTP/1.1" 200 134
186.67.164.138 - - [17/Apr/2019:10:48:37 -0300] "GET /cormun/static/Shared/jqueryui/images/ui-bg_highlight-soft_100_c6c2c8_1x100.png HTTP/1.1" 404 1117
186.67.164.138 - - [17/Apr/2019:10:48:37 -0300] "GET /cormun/static/Shared/jqueryui/images/ui-icons_82798d_256x240.png HTTP/1.1" 404 1089
186.67.164.138 - - [17/Apr/2019:10:48:37 -0300] "GET /cormun/static/Shared/jqueryui/images/ui-bg_flat_55_994d53_40x100.png HTTP/1.1" 404 1097
186.67.164.138 - - [17/Apr/2019:10:48:37 -0300] "GET /cormun/static/Shared/jqueryui/images/ui-icons_ebccce_256x240.png HTTP/1.1" 404 1089
190.171.142.18 - - [17/Apr/2019:10:48:56 -0300] "GET /cormun/servlet/solicitudot?644562eba4185406c1ff821cc221de4b0c3390934f4c06737a5122cc1d748bdf5f32a148fbc6cdbd7f354c16979c0a25b52d3039335668b92a62a44c85f89dca77052332a46f4d2d9f70d6e5240a293646253e79855c19277a6e58ce02ec7095663ad5fe4637a553ffadde8cc96f6d67,gx-no-cache=1555508892943 HTTP/1.1" 200 110
186.67.164.138 - - [17/Apr/2019:10:49:01 -0300] "GET /cormun/static/menuarrow.gif HTTP/1.1" 404 1015
190.171.142.18 - - [17/Apr/2019:10:49:03 -0300] "POST /cormun/servlet/solicitudot?gx-no-cache=1555508899870 HTTP/1.1" 200 97
186.67.164.138 - - [17/Apr/2019:10:49:07 -0300] "GET /cormun/servlet/solicitudot?1b2bb7517224d3312d4b00ff99fc0840331411e6681c911e7c843253be26b20b53c61185fb5093eb7635d471ba8b59e4,gx-no-cache=1555508722961 HTTP/1.1" 200 30
186.67.164.138 - - [17/Apr/2019:10:49:07 -0300] "POST /cormun/servlet/solicitudot?gx-no-cache=1555508722994 HTTP/1.1" 200 33
190.171.142.18 - - [17/Apr/2019:10:49:13 -0300] "POST /cormun/servlet/solicitudot?gx-no-cache=1555508909435 HTTP/1.1" 200 33
192.168.10.89 - - [17/Apr/2019:10:49:16 -0300] "POST /cormun/servlet/trsolicitudgral?3ffb619fa3d07561c77c1f935edc558e,gx-no-cache=1555515308520,gx-no-cache=1555515752990 HTTP/1.1" 200 6611
186.67.172.234 - - [17/Apr/2019:10:49:18 -0300] "GET /cormun/servlet/hlogin HTTP/1.1" 200 1721
190.171.142.18 - - [17/Apr/2019:10:49:19 -0300] "POST /cormun/servlet/solicitudot?a79d599e9a96ca1117c00085c4654dc8,INS,0,0,,gx-no-cache=1555508914911 HTTP/1.1" 200 93
190.171.142.18 - - [17/Apr/2019:10:49:19 -0300] "GET /cormun/servlet/hpexe_return? HTTP/1.1" 200 1009
190.171.142.18 - - [17/Apr/2019:10:49:19 -0300] "GET /cormun/servlet/trsolicitudot HTTP/1.1" 200 9832
190.171.142.18 - - [17/Apr/2019:10:49:19 -0300] "GET /cormun/servlet/trsolicitudot HTTP/1.1" 200 9829
192.168.10.89 - - [17/Apr/2019:10:49:19 -0300] "POST /cormun/servlet/trsolicitudgral?3ffb619fa3d07561c77c1f935edc558e,gx-no-cache=1555515308520,gx-no-cache=1555515756148 HTTP/1.1" 200 5462
190.171.142.18 - - [17/Apr/2019:10:49:21 -0300] "GET /cormun/servlet/solicitudot?INS,0,0, HTTP/1.1" 200 15312
190.171.142.18 - - [17/Apr/2019:10:49:22 -0300] "GET /cormun/servlet/solicitudot?INS,0,0, HTTP/1.1" 200 15316
186.67.172.234 - - [17/Apr/2019:10:49:27 -0300] "POST /cormun/servlet/hlogin?7201e3456d8e3421e5e2c993f09b49f0,gx-no-cache=1555505128484 HTTP/1.1" 200 90
186.67.172.234 - - [17/Apr/2019:10:49:27 -0300] "GET /cormun/servlet/hpexe_link HTTP/1.1" 200 951
186.67.172.234 - - [17/Apr/2019:10:49:27 -0300] "GET /cormun/servlet/hhome HTTP/1.1" 200 4345
186.67.172.234 - - [17/Apr/2019:10:49:28 -0300] "GET /cormun/servlet/hhome HTTP/1.1" 200 4341
190.171.142.18 - - [17/Apr/2019:10:49:30 -0300] "POST /cormun/servlet/solicitudot?gx-no-cache=1555508926312 HTTP/1.1" 200 3450
190.171.142.18 - - [17/Apr/2019:10:49:30 -0300] "POST /cormun/servlet/solicitudot?a79d599e9a96ca1117c00085c4654dc8,INS,0,0,,gx-no-cache=1555508926446 HTTP/1.1" 200 11910
190.171.152.114 - - [17/Apr/2019:10:49:31 -0300] "GET /cormun/servlet/licenciaspermisos?49ca9838ccdeb1c8c7921666091ea7bced7c5c16f2a481e352f4be255ddb0d493ca12772d4b6c7342af23b649b0f1c082e7e3d9bf3160ccd75052609306cde643d142f12cc40452795db281c7f97878fabbef25c66d90f095c1484c33b209ec5e0b8e6f0ee7a1c6c9d778173e662be49ccce240d0de7e948fa436585b01522af1358a842ba831262caf48c43d3ecbc8c8c09604c35e285b8fb4409f6430dc0ac5940841b566a4631e3116d5cb8fbbe06,gx-no-cache=1555508747859 HTTP/1.1" 200 30
190.171.152.114 - - [17/Apr/2019:10:49:31 -0300] "POST /cormun/servlet/licenciaspermisos?9f9e0fad41131ad161f38ded3c992ecd,INS,0,,,,gx-no-cache=1555508747927 HTTP/1.1" 200 5035
186.67.172.234 - - [17/Apr/2019:10:49:32 -0300] "GET /cormun/servlet/trpermisosgoce? HTTP/1.1" 200 14784
186.67.172.234 - - [17/Apr/2019:10:49:32 -0300] "GET /cormun/static/gxcfg.js?20177612163875 HTTP/1.1" 200 953
186.67.172.234 - - [17/Apr/2019:10:49:32 -0300] "GET /cormun/static/trpermisosgoce.js?20177612164335 HTTP/1.1" 200 35904
186.67.172.234 - - [17/Apr/2019:10:49:32 -0300] "GET /cormun//static/Resources/PXToolsActionDisabled.gif HTTP/1.1" 200 53
186.67.172.234 - - [17/Apr/2019:10:49:32 -0300] "GET /cormun//static/Resources/PXToolsHeaderHelp.png HTTP/1.1" 200 4055
186.67.172.234 - - [17/Apr/2019:10:49:32 -0300] "GET /cormun//static/Resources/PXToolsGridDisplay.png HTTP/1.1" 200 362
186.67.172.234 - - [17/Apr/2019:10:49:32 -0300] "GET /cormun//static/Resources/PXToolsActionPrint.png HTTP/1.1" 200 3317
186.67.172.234 - - [17/Apr/2019:10:49:32 -0300] "GET /cormun//static/Resources/PXToolsHeaderFavorites.png HTTP/1.1" 200 2744
186.67.172.234 - - [17/Apr/2019:10:49:32 -0300] "GET /cormun/servlet/trpermisosgoce? HTTP/1.1" 200 14782
186.67.172.234 - - [17/Apr/2019:10:49:34 -0300] "GET /cormun/servlet/permisogoce?INS,0,,, HTTP/1.1" 200 7212
186.67.172.234 - - [17/Apr/2019:10:49:35 -0300] "GET /cormun/servlet/permisogoce?INS,0,,, HTTP/1.1" 200 7212
190.171.142.18 - - [17/Apr/2019:10:49:37 -0300] "GET /cormun/servlet/solicitudot?644562eba4185406c1ff821cc221de4ba05bb0502c09b283d7e45d56e587c8d1bd4a8a8c6e3e940c101ebe9b9aab96b4,gx-no-cache=1555508933194 HTTP/1.1" 200 30
190.171.152.114 - - [17/Apr/2019:10:49:41 -0300] "GET /cormun/servlet/licenciaspermisos?49ca9838ccdeb1c8c7921666091ea7bc22a9a287aa9e5ca81c505e63236ff1ddc3dd13a4b30dd867d461c59a64b00a909d19db8dc104f82d45d37cbba62a0ab20a9f4de1e61571a516685e8a1ce96e1d6d1e9455ef1beccece4808820724af78d9b6642034085c3f8416235a05d834b2eb5c46a65cf9a01aa8f393529d00cb2f13ab30485a07551f397c6b0b030f6fda837b2a354eb90f7408687da604bdca398a87e8eeed9a740601bcb0b0b99a43cc6d23bf6d68991c044c3a3f64aa572eba47decb90e6544b146550ddf80af0d18f042eb05c47a0dfed52e86eb508cc86ad484b8b6e965b4d82ec5d99c03e039196,gx-no-cache=1555508758564 HTTP/1.1" 200 58
186.67.172.234 - - [17/Apr/2019:10:49:45 -0300] "GET /cormun/servlet/permisogoce?fee879e7aa088a3ff3212441f92c2fe72b1620f75aa4c85572d1319be2c761dabc58003d7342b13cd7e0ada8623c195082fa8e68bf74a0bebed365f70917acfa,gx-no-cache=1555505146755 HTTP/1.1" 200 86
186.67.172.234 - - [17/Apr/2019:10:49:45 -0300] "GET /cormun/static/menuarrow.gif HTTP/1.1" 404 1015
190.171.152.114 - - [17/Apr/2019:10:49:52 -0300] "POST /cormun/servlet/licenciaspermisos?9f9e0fad41131ad161f38ded3c992ecd,INS,0,,,,gx-no-cache=1555508769360 HTTP/1.1" 200 93
190.171.152.114 - - [17/Apr/2019:10:49:52 -0300] "GET /cormun/servlet/hpexe_return? HTTP/1.1" 200 1011
190.171.152.114 - - [17/Apr/2019:10:49:53 -0300] "GET /cormun/static/gxcfg.js?2016101716175148 HTTP/1.1" 200 953
190.171.152.114 - - [17/Apr/2019:10:49:53 -0300] "GET /cormun/static/Resources/Spanish/PXTools.css?167811 HTTP/1.1" 200 89042
190.171.152.114 - - [17/Apr/2019:10:49:53 -0300] "GET /cormun/static/hpexe_return.js?2016101716175153 HTTP/1.1" 200 1633
190.171.152.114 - - [17/Apr/2019:10:49:53 -0300] "GET /cormun/servlet/trlicencias HTTP/1.1" 200 11875
190.171.152.114 - - [17/Apr/2019:10:49:54 -0300] "GET /cormun//static/Resources/PXToolsGridUpdate.png HTTP/1.1" 200 2984
190.171.152.114 - - [17/Apr/2019:10:49:54 -0300] "GET /cormun//static/Resources/PXToolsGridDelete.png HTTP/1.1" 200 357
186.67.172.234 - - [17/Apr/2019:10:49:55 -0300] "GET /cormun/servlet/permisogoce?fee879e7aa088a3ff3212441f92c2fe7b049ce89119abef1e92a1f07e476c86e4cc5de2b892c513cacf3e5b69a3490c0a7ce82fdfd08954121d2676b7ec78e6e,gx-no-cache=1555505156225 HTTP/1.1" 200 47
190.171.152.114 - - [17/Apr/2019:10:49:57 -0300] "GET /cormun/servlet/alicenciaprn?15996254,L,20190417000000,PU HTTP/1.1" 200 1592
186.67.172.234 - - [17/Apr/2019:10:49:58 -0300] "POST /cormun/servlet/permisogoce?7201e3456d8e3421e5e2c993f09b49f0,INS,0,,,,gx-no-cache=1555505158883 HTTP/1.1" 200 93
186.67.172.234 - - [17/Apr/2019:10:49:58 -0300] "GET /cormun/servlet/hpexe_return? HTTP/1.1" 200 1010
186.67.172.234 - - [17/Apr/2019:10:49:58 -0300] "GET /cormun/servlet/trpermisosgoce HTTP/1.1" 200 15034
186.67.172.234 - - [17/Apr/2019:10:49:59 -0300] "GET /cormun/servlet/trpermisosgoce HTTP/1.1" 200 15030
192.168.10.89 - - [17/Apr/2019:10:50:12 -0300] "POST /cormun/servlet/trsolicitudgral?3ffb619fa3d07561c77c1f935edc558e,gx-no-cache=1555515308520,gx-no-cache=1555515809037 HTTP/1.1" 200 6628
192.168.10.89 - - [17/Apr/2019:10:50:14 -0300] "POST /cormun/servlet/trsolicitudgral?3ffb619fa3d07561c77c1f935edc558e,gx-no-cache=1555515308520,gx-no-cache=1555515810733 HTTP/1.1" 200 116
192.168.10.89 - - [17/Apr/2019:10:50:14 -0300] "GET /cormun/servlet/solicitudotlog?INS,2019,15177,0,REC, HTTP/1.1" 200 5690
186.67.172.234 - - [17/Apr/2019:10:50:15 -0300] "GET /cormun/servlet/permisogoce?INS,0,,, HTTP/1.1" 200 7212
192.168.10.89 - - [17/Apr/2019:10:50:15 -0300] "GET /cormun/servlet/solicitudotlog?72678e6794ed6f3fc2be7731dafe4ce69ce59bb3476ba34a49318ce6cc4d80d2a66d29a7e2186a308b38e185de5ff0de0b529c36bee14f60dfb3af677910cf0b0291a349922ffde3509d5871660cb026f0ec46df941a6b6156b9a133b997904899cc8bff8047b48dd40c02940fa8bff543ce26ab80fdfb709095610ef61ef55a7c95c87cfc2bc28f2347ac95b3b9de16d3442690ed3cd432b75e10ea9899ed3c,gx-no-cache=1555515811838 HTTP/1.1" 200 94
186.67.172.234 - - [17/Apr/2019:10:50:15 -0300] "GET /cormun/servlet/permisogoce?INS,0,,, HTTP/1.1" 200 7212
192.168.10.89 - - [17/Apr/2019:10:50:21 -0300] "POST /cormun/servlet/solicitudotlog?3ffb619fa3d07561c77c1f935edc558e,INS,2019,15177,0,REC,,gx-no-cache=1555515817917 HTTP/1.1" 200 93
192.168.10.89 - - [17/Apr/2019:10:50:21 -0300] "GET /cormun/servlet/hpexe_return? HTTP/1.1" 200 1041
192.168.10.89 - - [17/Apr/2019:10:50:22 -0300] "GET /cormun/servlet/trsolicitudgral?gx-no-cache=1555515308520 HTTP/1.1" 200 8362
186.67.172.234 - - [17/Apr/2019:10:50:25 -0300] "GET /cormun/servlet/permisogoce?fee879e7aa088a3ff3212441f92c2fe70e55d8af4ca23f935279d7f75ae10c99bc58003d7342b13cd7e0ada8623c195082fa8e68bf74a0bebed365f70917acfa,gx-no-cache=1555505185882 HTTP/1.1" 200 89
186.67.172.234 - - [17/Apr/2019:10:50:25 -0300] "GET /cormun/static/menuarrow.gif HTTP/1.1" 404 1015
186.67.172.234 - - [17/Apr/2019:10:50:33 -0300] "GET /cormun/servlet/permisogoce?fee879e7aa088a3ff3212441f92c2fe7a8372cca052de44500a164c8771cc755dd2b55876af21e4a199571622eba81c4a7ce82fdfd08954121d2676b7ec78e6e,gx-no-cache=1555505193976 HTTP/1.1" 200 47
186.67.172.234 - - [17/Apr/2019:10:50:36 -0300] "POST /cormun/servlet/permisogoce?7201e3456d8e3421e5e2c993f09b49f0,INS,0,,,,gx-no-cache=1555505197034 HTTP/1.1" 200 93
186.67.172.234 - - [17/Apr/2019:10:50:36 -0300] "GET /cormun/servlet/hpexe_return? HTTP/1.1" 200 1010
186.67.172.234 - - [17/Apr/2019:10:50:36 -0300] "GET /cormun/servlet/trpermisosgoce HTTP/1.1" 200 15257
186.67.172.234 - - [17/Apr/2019:10:50:37 -0300] "GET /cormun/servlet/trpermisosgoce HTTP/1.1" 200 15251
186.67.172.234 - - [17/Apr/2019:10:50:40 -0300] "GET /cormun/servlet/trpermisosadjuntos?13502425,20190417114251,P, HTTP/1.1" 200 6661
186.67.172.234 - - [17/Apr/2019:10:50:40 -0300] "GET /cormun/static/gxcfg.js?201762817193957 HTTP/1.1" 200 953
186.67.172.234 - - [17/Apr/2019:10:50:40 -0300] "GET /cormun/static/Resources/Spanish/PXTools.css?17315867 HTTP/1.1" 200 89042
186.67.172.234 - - [17/Apr/2019:10:50:40 -0300] "GET /cormun/static/trpermisosadjuntos.js?201762817194366 HTTP/1.1" 200 20158
186.67.172.234 - - [17/Apr/2019:10:50:41 -0300] "GET /cormun/servlet/trpermisosadjuntos?13502425,20190417114251,P, HTTP/1.1" 200 6661
186.67.172.234 - - [17/Apr/2019:10:50:42 -0300] "GET /cormun/servlet/permisosadjuntos?INS,13502425,P,20190417114251,, HTTP/1.1" 200 5989
186.67.172.234 - - [17/Apr/2019:10:50:42 -0300] "GET /cormun/static/gxcfg.js?201762717441171 HTTP/1.1" 200 953
186.67.172.234 - - [17/Apr/2019:10:50:42 -0300] "GET /cormun/static/about:blank HTTP/1.1" 404 1011
186.67.172.234 - - [17/Apr/2019:10:50:42 -0300] "GET /cormun/static/permisosadjuntos.js?201762717441184 HTTP/1.1" 200 8724
186.67.172.234 - - [17/Apr/2019:10:50:42 -0300] "GET /cormun/servlet/permisosadjuntos?INS,13502425,P,20190417114251,, HTTP/1.1" 200 5979
190.171.142.18 - - [17/Apr/2019:10:50:47 -0300] "GET /cormun/servlet/prbanco?,MD,,gxPopupLevel%3D0%3B HTTP/1.1" 200 6718
186.67.172.234 - - [17/Apr/2019:10:50:49 -0300] "POST /cormun/servlet/permisosadjuntos?7201e3456d8e3421e5e2c993f09b49f0,INS,13502425,P,20190417114251,, HTTP/1.1" 200 116
186.67.172.234 - - [17/Apr/2019:10:50:49 -0300] "GET /cormun/servlet/hpexe_return? HTTP/1.1" 200 1037
186.67.172.234 - - [17/Apr/2019:10:50:49 -0300] "GET /cormun/servlet/trpermisosadjuntos?13502425,20190417114251,P, HTTP/1.1" 200 7180
186.67.172.234 - - [17/Apr/2019:10:50:50 -0300] "GET /cormun/servlet/trpermisosadjuntos?13502425,20190417114251,P, HTTP/1.1" 200 7177
190.171.142.18 - - [17/Apr/2019:10:50:51 -0300] "GET /cormun/servlet/solicitudot?644562eba4185406c1ff821cc221de4bcdb212567580306ceab5c0bd61e37c04b53d9369372508be963b852c52fc2437bf57239893255ed0dfcff5419bd3d8b3,gx-no-cache=1555509007261 HTTP/1.1" 200 30
190.171.142.18 - - [17/Apr/2019:10:50:51 -0300] "GET /cormun/servlet/solicitudot?644562eba4185406c1ff821cc221de4b3f06fa8a561b01db719aabcda84365ca,gx-no-cache=1555509007853 HTTP/1.1" 200 53
186.67.172.234 - - [17/Apr/2019:10:50:53 -0300] "POST /cormun/servlet/trpermisosadjuntos?7201e3456d8e3421e5e2c993f09b49f0,13502425,20190417114251,P,,gx-no-cache=1555505214650 HTTP/1.1" 200 90
186.67.172.234 - - [17/Apr/2019:10:50:53 -0300] "GET /cormun/servlet/hpexe_link HTTP/1.1" 200 982
186.67.172.234 - - [17/Apr/2019:10:50:54 -0300] "GET /cormun/servlet/trpermisosgoce HTTP/1.1" 200 15254
186.67.172.234 - - [17/Apr/2019:10:50:54 -0300] "GET /cormun/servlet/trpermisosgoce HTTP/1.1" 200 15251
186.67.172.234 - - [17/Apr/2019:10:50:58 -0300] "GET /cormun/servlet/trpermisosadjuntos?13946757,20190417114332,P, HTTP/1.1" 200 6666
186.67.172.234 - - [17/Apr/2019:10:50:59 -0300] "GET /cormun/servlet/trpermisosadjuntos?13946757,20190417114332,P, HTTP/1.1" 200 6667
190.171.142.18 - - [17/Apr/2019:10:51:00 -0300] "POST /cormun/servlet/solicitudot?gx-no-cache=1555509017040 HTTP/1.1" 200 255
186.67.172.234 - - [17/Apr/2019:10:51:01 -0300] "GET /cormun/servlet/permisosadjuntos?INS,13946757,P,20190417114332,, HTTP/1.1" 200 5994
186.67.172.234 - - [17/Apr/2019:10:51:01 -0300] "GET /cormun/static/about:blank HTTP/1.1" 404 1011
186.67.172.234 - - [17/Apr/2019:10:51:01 -0300] "GET /cormun/servlet/permisosadjuntos?INS,13946757,P,20190417114332,, HTTP/1.1" 200 5984
192.168.10.89 - - [17/Apr/2019:10:51:02 -0300] "POST /cormun/servlet/trsolicitudgral?3ffb619fa3d07561c77c1f935edc558e,gx-no-cache=1555515308520,gx-no-cache=1555515858196 HTTP/1.1" 200 6633
190.171.142.18 - - [17/Apr/2019:10:51:02 -0300] "GET /cormun/servlet/solicitudot?644562eba4185406c1ff821cc221de4bc7b5ef0ff48533de67c6d7d729c66e7f7925eb8c6ee2058a0c956bd89eb27f3fbb9fa9a944e055d101d5d026bc7d5d6c8d4260fa0f8859d65ec76f19304e64aceca290e607742bd2d0debad7a531adf407de96bdbb136ab35dee5d2f043757407bccf989566467ead02316ba5ed9f26b79415f5985521061431d6d20d091c2e075d4e10f00033b33d33892cd1669242e3c2e75164f3f158841432af109923e99b6e9e3a918f8532e6fcb12c0f665eedc529067375722fca17adb66944e34982eb3946b5c570bb0c34a1a6712e4396337ae3611bf209ec00454a0a174f39fec1848251cd9ea4172545f075c9f26d537d7929948e172f74542dbf0a6d7dcbeff5feed48915af18047f227ff99cbd338456fa2e2af1384598ad2ae244cbf404dc34d28ff7806ac67555ffd0981853faa5384eeb8e1c6066134b299cf36aee6bd483fe0639d95c53ec51215a4ceba9e3e1359941c570addc79e743fc86a1cd94d754f5b6c4ce513fd301479b9910224ad77f,gx-no-cache=1555509018315 HTTP/1.1" 200 30
192.168.10.89 - - [17/Apr/2019:10:51:05 -0300] "GET /cormun/servlet/solicitudgral?UPD,2019,15135, HTTP/1.1" 200 12548
190.171.142.18 - - [17/Apr/2019:10:51:05 -0300] "POST /cormun/servlet/solicitudot?gx-no-cache=1555509021753 HTTP/1.1" 200 30
186.67.172.234 - - [17/Apr/2019:10:51:06 -0300] "POST /cormun/servlet/permisosadjuntos?7201e3456d8e3421e5e2c993f09b49f0,INS,13946757,P,20190417114332,, HTTP/1.1" 200 116
186.67.172.234 - - [17/Apr/2019:10:51:06 -0300] "GET /cormun/servlet/hpexe_return? HTTP/1.1" 200 1038
186.67.172.234 - - [17/Apr/2019:10:51:06 -0300] "GET /cormun/servlet/trpermisosadjuntos?13946757,20190417114332,P, HTTP/1.1" 200 7196
192.168.10.89 - - [17/Apr/2019:10:51:06 -0300] "POST /cormun/servlet/solicitudgral?gx-no-cache=1555515862733 HTTP/1.1" 200 4069
