190.171.144.234 - - [17/Apr/2019:14:19:00 -0300] "POST /cormun/servlet/solicitudotadjuntos?25112c642e2229fd5adbc886d87c6a2c,INS,2019,15354,,2, HTTP/1.1" 200 116
190.171.144.234 - - [17/Apr/2019:14:19:00 -0300] "GET /cormun/servlet/hpexe_return? HTTP/1.1" 200 1026
190.171.144.234 - - [17/Apr/2019:14:19:01 -0300] "GET /cormun/servlet/trsolicitudadjuntos?2019,15354, HTTP/1.1" 200 9982
190.171.144.234 - - [17/Apr/2019:14:19:02 -0300] "GET /cormun/servlet/trsolicitudadjuntos?2019,15354, HTTP/1.1" 200 9982
186.103.196.84 - - [17/Apr/2019:14:19:19 -0300] "GET /cormun/servlet/trcontratounov2? HTTP/1.1" 200 5999
186.67.84.236 - - [17/Apr/2019:14:19:19 -0300] "GET /cormun/servlet/hlogin HTTP/1.1" 200 1734
186.103.196.84 - - [17/Apr/2019:14:19:19 -0300] "GET /cormun/servlet/trcontratounov2? HTTP/1.1" 200 6009
186.67.84.236 - - [17/Apr/2019:14:19:20 -0300] "POST /cormun/servlet/hlogin?75466cf203224553f219cc4306d19393,gx-no-cache=1555521335747 HTTP/1.1" 200 90
186.67.84.236 - - [17/Apr/2019:14:19:20 -0300] "GET /cormun/servlet/hpexe_link HTTP/1.1" 200 951
186.67.84.236 - - [17/Apr/2019:14:19:20 -0300] "GET /cormun/servlet/trcontratounov2 HTTP/1.1" 200 17324
186.67.84.236 - - [17/Apr/2019:14:19:21 -0300] "GET /cormun/servlet/trcontratounov2 HTTP/1.1" 200 17333
164.77.113.188 - - [17/Apr/2019:14:19:24 -0300] "GET /cormun/servlet/trsolicitudot? HTTP/1.1" 200 7531
164.77.113.188 - - [17/Apr/2019:14:19:24 -0300] "GET /cormun/servlet/trsolicitudot? HTTP/1.1" 200 7530
164.77.113.188 - - [17/Apr/2019:14:19:26 -0300] "GET /cormun/servlet/solicitudot?INS,0,0, HTTP/1.1" 200 15290
164.77.113.188 - - [17/Apr/2019:14:19:27 -0300] "GET /cormun/servlet/solicitudot?INS,0,0, HTTP/1.1" 200 15295
190.171.144.234 - - [17/Apr/2019:14:19:30 -0300] "GET /cormun/servlet/trsolicitudot? HTTP/1.1" 200 8592
190.171.144.234 - - [17/Apr/2019:14:19:30 -0300] "GET /cormun/servlet/trsolicitudot? HTTP/1.1" 200 8585
190.171.144.234 - - [17/Apr/2019:14:19:38 -0300] "GET /cormun/servlet/vesolicitudot?2019,15354,, HTTP/1.1" 200 8357
190.171.144.234 - - [17/Apr/2019:14:19:38 -0300] "GET /cormun/static/gxcfg.js?2017111422591385 HTTP/1.1" 200 953
190.171.144.234 - - [17/Apr/2019:14:19:38 -0300] "GET /cormun/pexe_scrolldiv.js HTTP/1.1" 404 1009
190.171.144.234 - - [17/Apr/2019:14:19:38 -0300] "GET /cormun/static/vesolicitudot.js?2017111422591449 HTTP/1.1" 200 6091
190.171.144.234 - - [17/Apr/2019:14:19:38 -0300] "GET /cormun/static/Resources/PXToolsTabFirstSelected.png HTTP/1.1" 200 1259
190.171.144.234 - - [17/Apr/2019:14:19:38 -0300] "GET /cormun/static/hwcviewtabs.js?20177611594913 HTTP/1.1" 200 1074
190.171.144.234 - - [17/Apr/2019:14:19:38 -0300] "GET /cormun/static/hpexe_tabsview.js?201610171694228 HTTP/1.1" 200 1661
190.171.144.234 - - [17/Apr/2019:14:19:38 -0300] "GET /cormun/static/Resources/PXToolsTabPrevious.gif HTTP/1.1" 200 172
190.171.144.234 - - [17/Apr/2019:14:19:38 -0300] "GET /cormun/static/Resources/PXToolsTabLastUnselected.png HTTP/1.1" 200 1291
190.171.144.234 - - [17/Apr/2019:14:19:38 -0300] "GET /cormun/static/Resources/PXToolsTabNext.gif HTTP/1.1" 200 168
190.171.144.234 - - [17/Apr/2019:14:19:38 -0300] "GET /cormun/static/tbsolicitudot01.js?2017111422581186 HTTP/1.1" 200 30566
190.171.144.234 - - [17/Apr/2019:14:19:38 -0300] "GET /cormun/static/calendar-system.css HTTP/1.1" 200 5572
190.171.144.234 - - [17/Apr/2019:14:19:38 -0300] "GET /cormun/static/Resources/PXToolsTabSelectedUnselected.png HTTP/1.1" 200 1428
190.171.144.234 - - [17/Apr/2019:14:19:38 -0300] "GET /cormun/static/Resources/PXToolsTabUnselectedUnselected.png HTTP/1.1" 200 1459
190.171.144.234 - - [17/Apr/2019:14:19:38 -0300] "GET /cormun/static/Resources/PXToolsTabBackSelected.png HTTP/1.1" 200 1157
190.171.144.234 - - [17/Apr/2019:14:19:38 -0300] "GET /cormun/static/Resources/PXToolsTabBackUnselected.png HTTP/1.1" 200 1175
190.171.144.234 - - [17/Apr/2019:14:19:38 -0300] "GET /cormun/servlet/vesolicitudot?2019,15354,, HTTP/1.1" 200 8357
186.103.196.84 - - [17/Apr/2019:14:19:39 -0300] "POST /cormun/servlet/solicitudot?gx-no-cache=1555521354481 HTTP/1.1" 200 3450
186.103.196.84 - - [17/Apr/2019:14:19:39 -0300] "POST /cormun/servlet/solicitudot?75466cf203224553f219cc4306d19393,INS,0,0,,gx-no-cache=1555521354699 HTTP/1.1" 200 11907
186.103.196.84 - - [17/Apr/2019:14:19:42 -0300] "GET /cormun/servlet/solicitudot?93316464d15b4e269a21c5d88eb478afd73fda68a8fe130c3ba094f5e3b606426a7d4e0a9433883c9372bfd57addcf64,gx-no-cache=1555521357562 HTTP/1.1" 200 30
190.171.144.234 - - [17/Apr/2019:14:19:59 -0300] "POST /cormun/servlet/vesolicitudot?25112c642e2229fd5adbc886d87c6a2c,2019,15354,,,gx-no-cache=1555521375531 HTTP/1.1" 200 93
190.171.144.234 - - [17/Apr/2019:14:19:59 -0300] "GET /cormun/servlet/hpexe_return? HTTP/1.1" 200 1010
190.171.144.234 - - [17/Apr/2019:14:20:00 -0300] "GET /cormun/servlet/trsolicitudot HTTP/1.1" 200 8590
190.171.144.234 - - [17/Apr/2019:14:20:00 -0300] "GET /cormun/servlet/trsolicitudot HTTP/1.1" 200 8586
190.171.144.234 - - [17/Apr/2019:14:20:05 -0300] "POST /cormun/servlet/trsolicitudot?25112c642e2229fd5adbc886d87c6a2c,gx-no-cache=1555521381021 HTTP/1.1" 200 107
190.171.144.234 - - [17/Apr/2019:14:20:05 -0300] "GET /cormun/servlet/solicitudot?UPD,2019,15354, HTTP/1.1" 200 15486
190.171.144.234 - - [17/Apr/2019:14:20:06 -0300] "GET /cormun/servlet/solicitudot?UPD,2019,15354, HTTP/1.1" 200 15495
190.171.144.234 - - [17/Apr/2019:14:20:06 -0300] "POST /cormun/servlet/solicitudot?gx-no-cache=1555521382276 HTTP/1.1" 200 3514
190.171.144.234 - - [17/Apr/2019:14:20:06 -0300] "POST /cormun/servlet/solicitudot?25112c642e2229fd5adbc886d87c6a2c,UPD,2019,15354,,gx-no-cache=1555521382437 HTTP/1.1" 200 11822
190.171.144.234 - - [17/Apr/2019:14:20:06 -0300] "GET /cormun/servlet/solicitudot?2d92b51b72fc6c2e2a75b215db069d84eb8fb6fa8596bf0ddffa8e3f57518e98db5b6a38f132ef7bf7d7f103de2d6e99,gx-no-cache=1555521382623 HTTP/1.1" 200 30
190.171.144.234 - - [17/Apr/2019:14:20:06 -0300] "GET /cormun/servlet/solicitudot?2d92b51b72fc6c2e2a75b215db069d8460d1889d6168b66a5ca10974743379e385ffa41d594a5b8edf23118bdd9683bb97800346cf21263687c1936b1cada142,gx-no-cache=1555521382700 HTTP/1.1" 200 30
190.171.144.234 - - [17/Apr/2019:14:20:07 -0300] "GET /cormun/servlet/solicitudot?2d92b51b72fc6c2e2a75b215db069d84f8a03a90022c11e44ee0b5b0d14ed5e2,gx-no-cache=1555521382738 HTTP/1.1" 200 29
190.171.144.234 - - [17/Apr/2019:14:20:07 -0300] "POST /cormun/servlet/solicitudot?gx-no-cache=1555521382782 HTTP/1.1" 200 254
190.171.144.234 - - [17/Apr/2019:14:20:07 -0300] "GET /cormun/servlet/solicitudot?2d92b51b72fc6c2e2a75b215db069d84dfe06d6f3f8832a907393b81e487cbf64ea104da0d70095ce4c28e51fc67c09a4a80b75420624c4dc933159a9f4b5cd16bda1fc7245e52a7914dd5bbc2fb52f42fae9692dda39b8361a6151e3c77428c2d6bcf7fca10cbd6cfa82dac80bc6769cd42613729f33ae6b415349804429cadc13a87bfe98ec6fd76f100813febbe4cca0bb3591887301d92a4156e632368b110d4ca9720c27f449d3f4460ec8ebbed9e3b9e63b75c2047ab8606a2f5a183d3281a25e66c3a24f26f20df1981b5336c13924280ab2958b211dc2e1d25c72714e529b70c0eb4983ac297c268473d68dc4ef96baa9ee844355af75f8e4d6cd3d37b87c97df3e4c39a5cd1816fd43461979aee2b4eda634499a603efe93897654460bbf102b194b86bf5a72741a0d3bb35a1b2ca4304f6cb65284c8c1eac8f546946705258bff85b99c7d5da4baef0eb866cfd3e20087115823e67108e633f236a1262d56e44eabf99e008ed48f1b716506bc78f5e3b17926f6d4aa904804b38e0,gx-no-cache=1555521382884 HTTP/1.1" 200 30
190.171.144.234 - - [17/Apr/2019:14:20:07 -0300] "POST /cormun/servlet/solicitudot?gx-no-cache=1555521383007 HTTP/1.1" 200 30
190.171.144.234 - - [17/Apr/2019:14:20:07 -0300] "POST /cormun/servlet/solicitudot?gx-no-cache=1555521383082 HTTP/1.1" 200 1344
190.171.144.234 - - [17/Apr/2019:14:20:07 -0300] "POST /cormun/servlet/solicitudot?gx-no-cache=1555521383184 HTTP/1.1" 200 41
190.171.144.234 - - [17/Apr/2019:14:20:23 -0300] "GET /cormun/servlet/prbanco?,MD,,gxPopupLevel%3D0%3B HTTP/1.1" 200 6601
190.171.144.234 - - [17/Apr/2019:14:20:49 -0300] "GET /cormun/servlet/solicitudot?2d92b51b72fc6c2e2a75b215db069d84e0dcc4c77a0e6bf84e1bf7eb0d78a5df,gx-no-cache=1555521424823 HTTP/1.1" 200 51
190.171.144.234 - - [17/Apr/2019:14:21:15 -0300] "POST /cormun/servlet/solicitudot?gx-no-cache=1555521450886 HTTP/1.1" 200 30
190.171.144.234 - - [17/Apr/2019:14:21:15 -0300] "POST /cormun/servlet/solicitudot?gx-no-cache=1555521451010 HTTP/1.1" 200 1344
190.171.144.234 - - [17/Apr/2019:14:21:15 -0300] "POST /cormun/servlet/solicitudot?gx-no-cache=1555521451093 HTTP/1.1" 200 41
190.171.144.234 - - [17/Apr/2019:14:21:15 -0300] "GET /cormun/servlet/solicitudot?2d92b51b72fc6c2e2a75b215db069d84b55d13de65ddcc494c5a01d19d4294bdeac1e9d91e484883ed05d013b93364c133aafc84e05e1db341ce072f241390589d47e014ecb221fdbaff111ff5df3fbce16f9abcee655db62367b03f3b843f01d0d3dac4758cf53f5459edbb6f2bb1de,gx-no-cache=1555521451171 HTTP/1.1" 200 110
190.171.144.234 - - [17/Apr/2019:14:21:15 -0300] "POST /cormun/servlet/solicitudot?gx-no-cache=1555521451252 HTTP/1.1" 200 97
190.171.144.234 - - [17/Apr/2019:14:21:34 -0300] "GET /cormun/servlet/solicitudot?2d92b51b72fc6c2e2a75b215db069d841adb55b25db2e373939260e2a887f274f74fd0747678ba9536bc4f3f0402c152cfffb2133daccf36adad5c1361f54a581c52efaac993f9cfe26d1da94e73adc760d935c152b82397f2769b804b557429c1a50dac3f073eff2d0808469666d2f47ce25e2ac3eb7c3f32e0cbc85f8a3143acf5490fc391bad442ca2af3aed131b1efd083264a5f8c735d071eda1e1f387fe1e828a458f9c97f7316d26361229aa83d1534058a3f2db79c3e26dbaefde948bf5bd8193778c7f31598d9fd0077ab13,gx-no-cache=1555521469910 HTTP/1.1" 200 30
190.171.144.234 - - [17/Apr/2019:14:22:03 -0300] "GET /cormun/servlet/solicitudot?2d92b51b72fc6c2e2a75b215db069d8421afc142b9f36dc098119169b10dee5323ddfb01defef8669c6c3c28be560ed5,gx-no-cache=1555521499358 HTTP/1.1" 200 30
190.171.144.234 - - [17/Apr/2019:14:22:03 -0300] "POST /cormun/servlet/solicitudot?gx-no-cache=1555521499521 HTTP/1.1" 200 30
190.171.144.234 - - [17/Apr/2019:14:22:47 -0300] "POST /cormun/servlet/solicitudot?25112c642e2229fd5adbc886d87c6a2c,UPD,2019,15354,,gx-no-cache=1555521542847 HTTP/1.1" 200 93
190.171.144.234 - - [17/Apr/2019:14:22:47 -0300] "GET /cormun/servlet/hpexe_return? HTTP/1.1" 200 1013
190.171.144.234 - - [17/Apr/2019:14:22:47 -0300] "GET /cormun/servlet/trsolicitudot HTTP/1.1" 200 8590
190.171.144.234 - - [17/Apr/2019:14:22:47 -0300] "GET /cormun/servlet/trsolicitudot HTTP/1.1" 200 8586
190.171.144.234 - - [17/Apr/2019:14:22:55 -0300] "GET /cormun/servlet/vesolicitudot?2019,15354,, HTTP/1.1" 200 8378
190.171.144.234 - - [17/Apr/2019:14:22:55 -0300] "GET /cormun/pexe_scrolldiv.js HTTP/1.1" 404 1009
190.171.144.234 - - [17/Apr/2019:14:22:56 -0300] "GET /cormun/servlet/vesolicitudot?2019,15354,, HTTP/1.1" 200 8378
190.171.144.234 - - [17/Apr/2019:14:23:04 -0300] "GET /cormun/servlet/vesolicitudot?2019,15354,,SolicitudOTAdjuntos HTTP/1.1" 200 11300
190.171.144.234 - - [17/Apr/2019:14:23:04 -0300] "GET /cormun/pexe_scrolldiv.js HTTP/1.1" 404 1009
190.171.144.234 - - [17/Apr/2019:14:23:04 -0300] "GET /cormun/static/tbsolicitudot02.js?201711142258496 HTTP/1.1" 200 15626
190.171.144.234 - - [17/Apr/2019:14:23:04 -0300] "GET /cormun/static/gxui/gxui-all.css HTTP/1.1" 200 2179
190.171.144.234 - - [17/Apr/2019:14:23:04 -0300] "GET /cormun/static/Resources/PXToolsTabUnselectedSelected.png HTTP/1.1" 200 1444
190.171.144.234 - - [17/Apr/2019:14:23:04 -0300] "GET /cormun/static/Resources/PXToolsTabFirstUnselected.png HTTP/1.1" 200 1264
190.171.144.234 - - [17/Apr/2019:14:23:04 -0300] "GET /cormun/static/Shared/ext/resources/css/ext-all.css HTTP/1.1" 200 416045
190.171.153.218 - - [17/Apr/2019:14:23:05 -0300] "GET /cormun/servlet/solicitudot?93316464d15b4e269a21c5d88eb478af16de19ec262a3fe9afed66db1d1f6b21ad81d2a4fa1aab1f3c9d25e95d6ddef38ebfb872f5cdf0a26266a13070cd2d5d,gx-no-cache=1555521559706 HTTP/1.1" 200 30
190.171.153.218 - - [17/Apr/2019:14:23:05 -0300] "GET /cormun/servlet/solicitudot?93316464d15b4e269a21c5d88eb478afedca7b14b8a81037503a9683355c0b93,gx-no-cache=1555521560629 HTTP/1.1" 200 29
190.171.144.234 - - [17/Apr/2019:14:23:05 -0300] "POST /cormun/servlet/acontrolpreferencessavestate?None,CA-36,true HTTP/1.1" 200 35
190.171.144.234 - - [17/Apr/2019:14:23:05 -0300] "GET /cormun/servlet/vesolicitudot?2019,15354,,SolicitudOTAdjuntos HTTP/1.1" 200 11298
190.171.144.234 - - [17/Apr/2019:14:23:11 -0300] "GET /cormun/servlet/vesolicitudot?2019,15354,,SolicitudOTLog HTTP/1.1" 200 7231
190.171.144.234 - - [17/Apr/2019:14:23:11 -0300] "GET /cormun/pexe_scrolldiv.js HTTP/1.1" 404 1009
190.171.144.234 - - [17/Apr/2019:14:23:11 -0300] "GET /cormun/static/Resources/PXToolsTabLastSelected.png HTTP/1.1" 200 1262
190.171.144.234 - - [17/Apr/2019:14:23:11 -0300] "GET /cormun/static/tbsolicitudot03.js?20177611592012 HTTP/1.1" 200 13332
190.171.144.234 - - [17/Apr/2019:14:23:11 -0300] "GET /cormun/servlet/vesolicitudot?2019,15354,,SolicitudOTLog HTTP/1.1" 200 7231
190.171.144.234 - - [17/Apr/2019:14:23:12 -0300] "POST /cormun/servlet/acontrolpreferencessavestate?None,CA-36,true HTTP/1.1" 200 35
190.171.144.234 - - [17/Apr/2019:14:23:22 -0300] "GET /cormun/servlet/trsolicitudot? HTTP/1.1" 200 8592
190.171.144.234 - - [17/Apr/2019:14:23:22 -0300] "GET /cormun/servlet/trsolicitudot? HTTP/1.1" 200 8586
190.171.144.234 - - [17/Apr/2019:14:23:27 -0300] "GET /cormun/servlet/vesolicitudot?2019,15354,, HTTP/1.1" 200 8378
190.171.144.234 - - [17/Apr/2019:14:23:27 -0300] "GET /cormun/pexe_scrolldiv.js HTTP/1.1" 404 1009
190.171.144.234 - - [17/Apr/2019:14:23:28 -0300] "GET /cormun/servlet/vesolicitudot?2019,15354,, HTTP/1.1" 200 8378
186.79.10.10 - - [17/Apr/2019:14:23:44 -0300] "GET /cormun/servlet/hlogin HTTP/1.1" 200 1720
190.171.144.234 - - [17/Apr/2019:14:23:46 -0300] "POST /cormun/servlet/vesolicitudot?25112c642e2229fd5adbc886d87c6a2c,2019,15354,,,gx-no-cache=1555521602362 HTTP/1.1" 200 93
190.171.144.234 - - [17/Apr/2019:14:23:46 -0300] "GET /cormun/servlet/hpexe_return? HTTP/1.1" 200 1010
190.171.144.234 - - [17/Apr/2019:14:23:46 -0300] "GET /cormun/servlet/trsolicitudot HTTP/1.1" 200 8590
190.171.144.234 - - [17/Apr/2019:14:23:47 -0300] "GET /cormun/servlet/trsolicitudot HTTP/1.1" 200 8586
186.79.10.10 - - [17/Apr/2019:14:23:54 -0300] "POST /cormun/servlet/hlogin?d66482b82a38c61184d2f61b4ba3af72,gx-no-cache=1555521609776 HTTP/1.1" 200 90
186.79.10.10 - - [17/Apr/2019:14:23:54 -0300] "GET /cormun/servlet/hpexe_link HTTP/1.1" 200 950
186.79.10.10 - - [17/Apr/2019:14:23:54 -0300] "GET /cormun/servlet/hhome HTTP/1.1" 200 4331
186.79.10.10 - - [17/Apr/2019:14:23:54 -0300] "GET /cormun/servlet/hhome HTTP/1.1" 200 4328
186.79.10.10 - - [17/Apr/2019:14:23:56 -0300] "GET /cormun/servlet/trsolicitudot? HTTP/1.1" 200 7550
186.79.10.10 - - [17/Apr/2019:14:23:57 -0300] "GET /cormun/static/gxcfg.js?2017111422585916 HTTP/1.1" 304 -
186.79.10.10 - - [17/Apr/2019:14:23:57 -0300] "GET /cormun/servlet/trsolicitudot? HTTP/1.1" 200 7548
200.86.99.60 - - [17/Apr/2019:14:23:59 -0300] "GET /cormun/servlet/permisosadjuntos?INS,9734277,P,20190417145609,, HTTP/1.1" 200 5894
200.86.99.60 - - [17/Apr/2019:14:23:59 -0300] "GET /cormun/static/about:blank HTTP/1.1" 404 1011
200.86.99.60 - - [17/Apr/2019:14:24:01 -0300] "GET /cormun/servlet/permisosadjuntos?INS,9734277,P,20190417145609,, HTTP/1.1" 200 5883
190.171.144.234 - - [17/Apr/2019:14:24:02 -0300] "GET /cormun/servlet/hlogin HTTP/1.1" 200 1724
186.79.10.10 - - [17/Apr/2019:14:24:02 -0300] "GET /cormun/static/menuarrow.gif HTTP/1.1" 404 1015
190.171.153.218 - - [17/Apr/2019:14:24:02 -0300] "GET /cormun/servlet/prbanco?,MD,,gxPopupLevel%3D0%3B HTTP/1.1" 200 6683
186.79.10.10 - - [17/Apr/2019:14:24:05 -0300] "POST /cormun/servlet/trsolicitudot?d66482b82a38c61184d2f61b4ba3af72,,gx-no-cache=1555521621194 HTTP/1.1" 200 11320
190.171.153.218 - - [17/Apr/2019:14:24:11 -0300] "GET /cormun/servlet/solicitudot?93316464d15b4e269a21c5d88eb478af6d4b1882700a8cd6c68d93f792476c2a,gx-no-cache=1555521626694 HTTP/1.1" 200 53
190.171.144.234 - - [17/Apr/2019:14:24:22 -0300] "POST /cormun/servlet/hlogin?90f8982d289e883140f97452391cca36,gx-no-cache=1555521637747 HTTP/1.1" 200 90
190.171.144.234 - - [17/Apr/2019:14:24:22 -0300] "GET /cormun/servlet/hpexe_link HTTP/1.1" 200 955
190.171.144.234 - - [17/Apr/2019:14:24:22 -0300] "GET /cormun/servlet/hhome HTTP/1.1" 200 4138
190.171.144.234 - - [17/Apr/2019:14:24:22 -0300] "GET /cormun/servlet/hhome HTTP/1.1" 200 4135
190.171.144.234 - - [17/Apr/2019:14:24:26 -0300] "GET /cormun/servlet/trsolicitudot? HTTP/1.1" 200 8694
190.171.144.234 - - [17/Apr/2019:14:24:26 -0300] "GET /cormun/servlet/trsolicitudot? HTTP/1.1" 200 8693
200.86.99.60 - - [17/Apr/2019:14:24:27 -0300] "POST /cormun/servlet/permisosadjuntos?1a1412dd4729c7380194192ed7155007,INS,9734277,P,20190417145609,, HTTP/1.1" 200 116
200.86.99.60 - - [17/Apr/2019:14:24:27 -0300] "GET /cormun/servlet/hpexe_return? HTTP/1.1" 200 1032
200.86.99.60 - - [17/Apr/2019:14:24:28 -0300] "GET /cormun/servlet/trpermisosadjuntos?9734277,20190417145609,P, HTTP/1.1" 200 7095
200.86.99.60 - - [17/Apr/2019:14:24:30 -0300] "GET /cormun/servlet/trpermisosadjuntos?9734277,20190417145609,P, HTTP/1.1" 200 7092
190.171.153.218 - - [17/Apr/2019:14:24:34 -0300] "POST /cormun/servlet/solicitudot?gx-no-cache=1555521649514 HTTP/1.1" 200 297
190.171.153.218 - - [17/Apr/2019:14:24:40 -0300] "GET /cormun/servlet/solicitudot?93316464d15b4e269a21c5d88eb478af7fae300ac122500585638fa958a22775eeefe7f4c619094e4b95dc28eea7772abd246e5c6d843bde711a6190a631dfc0a77e7fa672f98cd4f1db80e7512fb7797536362f9ec5d0b74eef64a6203b228efda94d00791d043bc432e5509c20b0393cbd39c87e4e78186b81424842510b7889209a782d5fe915bd2b9244f759ab5c6bae041de232fe51978ab6669c10eb725a5c3a781e5430769e0a41a00390e83dde25ef896a71a074e5bbbedfeb0cad0318cec9cf325d8326e344ed147130102a1040eec675cc0e81cbb606f67d2bc698729dbeb47c7504fe0804d0dd32b3a7f807e1dad47321287722d8763f20da09200de9877220f51d6a4f89a29cfc0d5555862ef3bf9ac820d0b22f16b9a648fe8abbeadf1154c905858312f0224198f7d5af7af72af9ab1a72213d004eb9a910611d62c1c60c908fadcd6a627652d05688457e3690a59a5ff61f5c7a0ad2840d7cb779efc047e864e1dd6c47af2bb3b6024a532ca00db8281979450b60e21c73fc8567f50039d4f48d6f24c7b87e933bce,gx-no-cache=1555521655424 HTTP/1.1" 200 30
190.171.153.218 - - [17/Apr/2019:14:24:43 -0300] "POST /cormun/servlet/solicitudot?gx-no-cache=1555521658394 HTTP/1.1" 200 30
190.171.153.218 - - [17/Apr/2019:14:24:49 -0300] "POST /cormun/servlet/solicitudot?gx-no-cache=1555521664438 HTTP/1.1" 200 1341
190.171.153.218 - - [17/Apr/2019:14:24:49 -0300] "POST /cormun/servlet/solicitudot?gx-no-cache=1555521664517 HTTP/1.1" 200 38
190.171.144.234 - - [17/Apr/2019:14:25:11 -0300] "POST /cormun/servlet/trsolicitudot?90f8982d289e883140f97452391cca36,,gx-no-cache=1555521687297 HTTP/1.1" 200 4733
190.171.144.234 - - [17/Apr/2019:14:25:11 -0300] "GET /cormun/static/Shared/jqueryui/images/ui-bg_highlight-soft_100_c6c2c8_1x100.png HTTP/1.1" 404 1117
190.171.144.234 - - [17/Apr/2019:14:25:11 -0300] "GET /cormun/static/Shared/jqueryui/images/ui-icons_82798d_256x240.png HTTP/1.1" 404 1089
190.171.144.234 - - [17/Apr/2019:14:25:11 -0300] "GET /cormun/static/Shared/jqueryui/images/ui-bg_flat_55_fafafa_40x100.png HTTP/1.1" 404 1097
190.171.144.234 - - [17/Apr/2019:14:25:11 -0300] "GET /cormun/static/Shared/jqueryui/images/ui-icons_8d78a5_256x240.png HTTP/1.1" 404 1089
190.171.144.234 - - [17/Apr/2019:14:25:12 -0300] "POST /cormun/servlet/trsolicitudot?90f8982d289e883140f97452391cca36,,gx-no-cache=1555521687605 HTTP/1.1" 200 4533
200.54.18.122 - - [17/Apr/2019:14:25:20 -0300] "POST /cormun/servlet/solicitudot?gx-no-cache=1555521695209 HTTP/1.1" 200 30
200.54.18.122 - - [17/Apr/2019:14:25:20 -0300] "POST /cormun/servlet/solicitudot?gx-no-cache=1555521695465 HTTP/1.1" 200 1341
200.54.18.122 - - [17/Apr/2019:14:25:20 -0300] "POST /cormun/servlet/solicitudot?gx-no-cache=1555521695569 HTTP/1.1" 200 38
200.54.18.122 - - [17/Apr/2019:14:25:20 -0300] "GET /cormun/servlet/solicitudot?93316464d15b4e269a21c5d88eb478af543c3311ce5f15653579cc2538623a81547613275d06b794891685a3387d46758e3a5ad200d7eb17c79642010e9d779a1be0c5b9d37b6c0c2d024990ce4fa43e237556dd53187c331b3a83930df10bcfe73a737027079295d4b51878e0896309,gx-no-cache=1555521695637 HTTP/1.1" 200 110
164.77.113.188 - - [17/Apr/2019:14:25:43 -0300] "POST /cormun/servlet/solicitudot?gx-no-cache=1555521718074 HTTP/1.1" 200 110
190.171.144.234 - - [17/Apr/2019:14:25:47 -0300] "GET /cormun/servlet/hlogin HTTP/1.1" 200 1726
201.92.148.84 - - [17/Apr/2019:14:26:00 -0300] "GET / HTTP/1.1" 200 11217
190.171.144.234 - - [17/Apr/2019:14:26:03 -0300] "POST /cormun/servlet/hlogin?9bb344a58d333db3eb66a0b805876a76,gx-no-cache=1555521739675 HTTP/1.1" 200 90
190.171.144.234 - - [17/Apr/2019:14:26:04 -0300] "GET /cormun/servlet/hpexe_link HTTP/1.1" 200 958
190.171.144.234 - - [17/Apr/2019:14:26:04 -0300] "GET /cormun/servlet/hhome HTTP/1.1" 200 4024
190.171.144.234 - - [17/Apr/2019:14:26:04 -0300] "GET /cormun/servlet/hhome HTTP/1.1" 200 4020
186.67.84.236 - - [17/Apr/2019:14:26:08 -0300] "GET /cormun/servlet/solicitudot?93316464d15b4e269a21c5d88eb478af3df3c5bc30b86dfa1f7c65292266511bf7435c5cb01ab118f451dd93c01fe3d1220fc02905fc8b59b9d0219d93eaaa57a7e3f684117d9f09e46a505ab205e98a4a133d132fe3d544a85ef0aa244999788a6d495056a5d7332058e8b426eca7ba,gx-no-cache=1555521743954 HTTP/1.1" 200 29
186.67.84.236 - - [17/Apr/2019:14:26:08 -0300] "GET /cormun/static/menuarrow.gif HTTP/1.1" 404 1015
186.67.84.236 - - [17/Apr/2019:14:26:11 -0300] "GET /cormun/servlet/solicitudot?93316464d15b4e269a21c5d88eb478af3e21ecb13b35f70a22dd71cdf51462b81018f1032a6f8517a50b252c568e2cc2,gx-no-cache=1555521746681 HTTP/1.1" 200 30
190.171.144.234 - - [17/Apr/2019:14:26:14 -0300] "GET /cormun/servlet/trsolicitudot? HTTP/1.1" 200 7241
190.171.144.234 - - [17/Apr/2019:14:26:14 -0300] "GET /cormun/servlet/trsolicitudot? HTTP/1.1" 200 7240
186.67.84.236 - - [17/Apr/2019:14:26:22 -0300] "POST /cormun/servlet/solicitudot?gx-no-cache=1555521757682 HTTP/1.1" 200 30
186.67.84.236 - - [17/Apr/2019:14:26:25 -0300] "GET /cormun/servlet/prfichaempleado?,MD,,gxPopupLevel%3D0%3B HTTP/1.1" 200 9409
190.171.144.234 - - [17/Apr/2019:14:26:29 -0300] "GET /cormun/servlet/trsolicitudot? HTTP/1.1" 200 7240
190.171.144.234 - - [17/Apr/2019:14:26:30 -0300] "GET /cormun/servlet/trsolicitudot? HTTP/1.1" 200 7240
186.67.84.236 - - [17/Apr/2019:14:26:39 -0300] "POST /cormun/servlet/prfichaempleado?75466cf203224553f219cc4306d19393,,MD,,gxPopupLevel%3D0%3B,gx-no-cache=1555521774621 HTTP/1.1" 200 3422
190.171.144.234 - - [17/Apr/2019:14:26:41 -0300] "GET /cormun/servlet/trsolicitudot? HTTP/1.1" 200 7240
190.171.144.234 - - [17/Apr/2019:14:26:41 -0300] "GET /cormun/servlet/trsolicitudot? HTTP/1.1" 200 7240
186.67.84.236 - - [17/Apr/2019:14:26:48 -0300] "GET /cormun/servlet/prlicenciaspermisos?15730984,L,,MD,,gxPopupLevel%3D0%3B HTTP/1.1" 200 6558
186.67.84.236 - - [17/Apr/2019:14:26:48 -0300] "GET /cormun/static/gxcfg.js?20176272053834 HTTP/1.1" 200 953
186.67.84.236 - - [17/Apr/2019:14:26:48 -0300] "GET /cormun/static/prlicenciaspermisos.js?20176272054050 HTTP/1.1" 200 13379
190.171.144.234 - - [17/Apr/2019:14:26:51 -0300] "GET /cormun/static/menuarrow.gif HTTP/1.1" 404 1015
186.67.84.236 - - [17/Apr/2019:14:26:57 -0300] "POST /cormun/servlet/solicitudot?gx-no-cache=1555521792622 HTTP/1.1" 200 1344
186.67.84.236 - - [17/Apr/2019:14:27:01 -0300] "GET /cormun/servlet/prlicenciaspermisos?15730984,P,,MD,,gxPopupLevel%3D0%3B HTTP/1.1" 200 5635
186.103.196.84 - - [17/Apr/2019:14:27:23 -0300] "GET /cormun/servlet/prlicenciaspermisos?15730984,P,,MD,,gxPopupLevel%3D0%3B HTTP/1.1" 200 5635
200.86.99.60 - - [17/Apr/2019:14:27:32 -0300] "POST /cormun/servlet/trpermisosadjuntos?1a1412dd4729c7380194192ed7155007,9734277,20190417145609,P,,gx-no-cache=1555521830961 HTTP/1.1" 200 90
200.86.99.60 - - [17/Apr/2019:14:27:32 -0300] "GET /cormun/servlet/hpexe_link HTTP/1.1" 200 977
200.86.99.60 - - [17/Apr/2019:14:27:33 -0300] "GET /cormun/servlet/trpermisosgoce HTTP/1.1" 200 9027
200.86.99.60 - - [17/Apr/2019:14:27:35 -0300] "GET /cormun/servlet/trpermisosgoce HTTP/1.1" 200 9026
186.103.196.84 - - [17/Apr/2019:14:27:40 -0300] "POST /cormun/servlet/solicitudot?gx-no-cache=1555521835761 HTTP/1.1" 200 41
186.103.196.84 - - [17/Apr/2019:14:27:40 -0300] "GET /cormun/servlet/solicitudot?93316464d15b4e269a21c5d88eb478af543c3311ce5f15653579cc2538623a81547613275d06b794891685a3387d46758e3a5ad200d7eb17c79642010e9d779a1be0c5b9d37b6c0c2d024990ce4fa43e237556dd53187c331b3a83930df10bcfe73a737027079295d4b51878e0896309,gx-no-cache=1555521835808 HTTP/1.1" 200 110
186.103.196.84 - - [17/Apr/2019:14:27:41 -0300] "POST /cormun/servlet/solicitudot?gx-no-cache=1555521835879 HTTP/1.1" 200 109
200.86.99.60 - - [17/Apr/2019:14:27:41 -0300] "POST /cormun/servlet/trpermisosgoce?1a1412dd4729c7380194192ed7155007,gx-no-cache=1555521839631 HTTP/1.1" 200 6185
200.86.99.60 - - [17/Apr/2019:14:27:41 -0300] "GET /cormun/static/Shared/jqueryui/images/ui-bg_highlight-soft_100_c6c2c8_1x100.png HTTP/1.1" 404 1117
200.86.99.60 - - [17/Apr/2019:14:27:41 -0300] "GET /cormun/static/Shared/jqueryui/images/ui-icons_82798d_256x240.png HTTP/1.1" 404 1089
200.86.99.60 - - [17/Apr/2019:14:27:41 -0300] "GET /cormun/static/Shared/jqueryui/images/ui-bg_flat_55_fafafa_40x100.png HTTP/1.1" 404 1097
200.86.99.60 - - [17/Apr/2019:14:27:41 -0300] "GET /cormun/static/Shared/jqueryui/images/ui-icons_8d78a5_256x240.png HTTP/1.1" 404 1089
186.103.196.84 - - [17/Apr/2019:14:27:44 -0300] "GET /cormun/servlet/solicitudot?93316464d15b4e269a21c5d88eb478af543c3311ce5f15653579cc2538623a81547613275d06b794891685a3387d46758e3a5ad200d7eb17c79642010e9d779a1be0c5b9d37b6c0c2d024990ce4fa43e237556dd53187c331b3a83930df10bcfe73a737027079295d4b51878e0896309,gx-no-cache=1555521839959 HTTP/1.1" 200 110
186.103.196.84 - - [17/Apr/2019:14:27:44 -0300] "POST /cormun/servlet/solicitudot?gx-no-cache=1555521840047 HTTP/1.1" 200 34
186.103.196.84 - - [17/Apr/2019:14:27:51 -0300] "POST /cormun/servlet/solicitudot?75466cf203224553f219cc4306d19393,INS,0,0,,gx-no-cache=1555521845526 HTTP/1.1" 200 93
186.103.196.84 - - [17/Apr/2019:14:27:51 -0300] "GET /cormun/servlet/hpexe_return? HTTP/1.1" 200 1001
186.103.196.84 - - [17/Apr/2019:14:27:51 -0300] "GET /cormun/servlet/trsolicitudot HTTP/1.1" 200 8963
186.103.196.84 - - [17/Apr/2019:14:27:52 -0300] "GET /cormun/servlet/trsolicitudot HTTP/1.1" 200 8959
190.171.144.234 - - [17/Apr/2019:14:27:59 -0300] "GET /cormun/servlet/solicitudot?INS,0,0, HTTP/1.1" 200 14933
190.171.144.234 - - [17/Apr/2019:14:28:00 -0300] "GET /cormun/servlet/solicitudot?INS,0,0, HTTP/1.1" 200 14938
190.171.143.106 - - [17/Apr/2019:14:28:02 -0300] "GET /cormun/servlet/trsolicitudot? HTTP/1.1" 200 6426
190.171.143.106 - - [17/Apr/2019:14:28:03 -0300] "GET /cormun/servlet/trsolicitudot? HTTP/1.1" 200 6419
190.171.143.106 - - [17/Apr/2019:14:28:04 -0300] "GET /cormun/servlet/hlogin HTTP/1.1" 200 1742
164.77.113.188 - - [17/Apr/2019:14:28:10 -0300] "POST /cormun/servlet/trsolicitudot?75466cf203224553f219cc4306d19393,gx-no-cache=1555521865423 HTTP/1.1" 200 107
164.77.113.188 - - [17/Apr/2019:14:28:10 -0300] "GET /cormun/servlet/trsolicitudadjuntos?2019,15355, HTTP/1.1" 200 6419
164.77.113.188 - - [17/Apr/2019:14:28:11 -0300] "GET /cormun/static/gxcfg.js?20177612135366 HTTP/1.1" 200 953
190.171.153.218 - - [17/Apr/2019:14:28:11 -0300] "GET /cormun/static/trsolicitudadjuntos.js?20177612135632 HTTP/1.1" 200 17922
190.171.153.218 - - [17/Apr/2019:14:28:11 -0300] "GET /cormun/servlet/trsolicitudadjuntos?2019,15355, HTTP/1.1" 200 6419
190.171.144.234 - - [17/Apr/2019:14:28:12 -0300] "POST /cormun/servlet/solicitudot?gx-no-cache=1555521867757 HTTP/1.1" 200 3450
190.171.144.234 - - [17/Apr/2019:14:28:12 -0300] "POST /cormun/servlet/solicitudot?9bb344a58d333db3eb66a0b805876a76,INS,0,0,,gx-no-cache=1555521867939 HTTP/1.1" 200 11704
190.171.153.218 - - [17/Apr/2019:14:28:13 -0300] "GET /cormun/servlet/solicitudotadjuntos?INS,2019,15355,,1, HTTP/1.1" 200 6363
190.171.153.218 - - [17/Apr/2019:14:28:13 -0300] "GET /cormun/static/gxcfg.js?2017761244068 HTTP/1.1" 200 953
164.77.113.188 - - [17/Apr/2019:14:28:13 -0300] "GET /cormun/static/solicitudotadjuntos.js?2017761244086 HTTP/1.1" 200 11771
164.77.113.188 - - [17/Apr/2019:14:28:14 -0300] "GET /cormun/static/about:blank HTTP/1.1" 404 1011
190.171.153.218 - - [17/Apr/2019:14:28:14 -0300] "GET /cormun/servlet/solicitudotadjuntos?INS,2019,15355,,1, HTTP/1.1" 200 6357
190.171.144.234 - - [17/Apr/2019:14:28:14 -0300] "GET /cormun/servlet/solicitudot?a566913ab5fed8ab7790f664324914b5f952a0322a211c528aae7a9aa5ae2f6e741b442e6b93766f076c59fe09366c45,gx-no-cache=1555521870129 HTTP/1.1" 200 30
164.77.113.188 - - [17/Apr/2019:14:28:14 -0300] "GET /cormun/servlet/solicitudotadjuntos?93316464d15b4e269a21c5d88eb478af717df3c47f8cc1f9210cb5de01106b85254270fa9341f1dd10443b6f007158d0,gx-no-cache=1555521869963 HTTP/1.1" 200 30
164.77.113.188 - - [17/Apr/2019:14:28:14 -0300] "POST /cormun/servlet/solicitudotadjuntos?75466cf203224553f219cc4306d19393,INS,2019,15355,,1,,gx-no-cache=1555521870010 HTTP/1.1" 200 4063
190.171.143.106 - - [17/Apr/2019:14:28:17 -0300] "POST /cormun/servlet/hlogin?bc4d0794aac40453a5f999e628db5409,gx-no-cache=1555521871951 HTTP/1.1" 200 90
190.171.143.106 - - [17/Apr/2019:14:28:17 -0300] "GET /cormun/servlet/hpexe_link HTTP/1.1" 200 958
190.171.143.106 - - [17/Apr/2019:14:28:17 -0300] "GET /cormun/servlet/trsolicitudot HTTP/1.1" 200 7122
190.171.143.106 - - [17/Apr/2019:14:28:18 -0300] "GET /cormun/servlet/trsolicitudot HTTP/1.1" 200 7119
190.171.143.106 - - [17/Apr/2019:14:28:25 -0300] "GET /cormun/servlet/trsolicitudot? HTTP/1.1" 200 7119
190.171.143.106 - - [17/Apr/2019:14:28:25 -0300] "GET /cormun/servlet/trsolicitudot? HTTP/1.1" 200 7121
186.79.10.10 - - [17/Apr/2019:14:28:27 -0300] "GET /cormun/servlet/vesolicitudot?2019,14980,, HTTP/1.1" 200 8717
186.79.10.10 - - [17/Apr/2019:14:28:27 -0300] "GET /cormun/static/gxcfg.js?2017111422591385 HTTP/1.1" 304 -
186.79.10.10 - - [17/Apr/2019:14:28:27 -0300] "GET /cormun/pexe_scrolldiv.js HTTP/1.1" 404 1009
186.79.10.10 - - [17/Apr/2019:14:28:27 -0300] "GET /cormun/servlet/vesolicitudot?2019,14980,, HTTP/1.1" 200 8714
190.171.143.106 - - [17/Apr/2019:14:28:28 -0300] "GET /cormun/servlet/solicitudot?INS,0,0, HTTP/1.1" 200 15053
190.171.143.106 - - [17/Apr/2019:14:28:28 -0300] "GET /cormun/servlet/solicitudot?INS,0,0, HTTP/1.1" 200 15058
186.79.10.10 - - [17/Apr/2019:14:28:39 -0300] "GET /cormun/servlet/vesolicitudot?2019,14980,,SolicitudOTAdjuntos HTTP/1.1" 200 7663
186.79.10.10 - - [17/Apr/2019:14:28:39 -0300] "GET /cormun/pexe_scrolldiv.js HTTP/1.1" 404 1009
186.79.10.10 - - [17/Apr/2019:14:28:39 -0300] "GET /cormun/static/tbsolicitudot02.js?201711142258496 HTTP/1.1" 200 15626
186.79.10.10 - - [17/Apr/2019:14:28:40 -0300] "GET /cormun/servlet/vesolicitudot?2019,14980,,SolicitudOTAdjuntos HTTP/1.1" 200 7662
186.79.10.10 - - [17/Apr/2019:14:28:41 -0300] "POST /cormun/servlet/acontrolpreferencessavestate?None,GVALDES,true HTTP/1.1" 200 35
186.79.10.10 - - [17/Apr/2019:14:28:45 -0300] "GET /cormun/servlet/vesolicitudot?2019,14980,,SolicitudOTLog HTTP/1.1" 200 9551
186.79.10.10 - - [17/Apr/2019:14:28:45 -0300] "GET /cormun/pexe_scrolldiv.js HTTP/1.1" 404 1009
186.79.10.10 - - [17/Apr/2019:14:28:46 -0300] "GET /cormun/servlet/vesolicitudot?2019,14980,,SolicitudOTLog HTTP/1.1" 200 9551
186.79.10.10 - - [17/Apr/2019:14:28:47 -0300] "POST /cormun/servlet/acontrolpreferencessavestate?None,GVALDES,true HTTP/1.1" 200 35
186.79.10.10 - - [17/Apr/2019:14:28:50 -0300] "GET /cormun/servlet/vesolicitudot?2019,14980,,General HTTP/1.1" 200 8722
186.79.10.10 - - [17/Apr/2019:14:28:50 -0300] "GET /cormun/pexe_scrolldiv.js HTTP/1.1" 404 1009
186.79.10.10 - - [17/Apr/2019:14:28:50 -0300] "GET /cormun/servlet/vesolicitudot?2019,14980,,General HTTP/1.1" 200 8722
190.171.143.106 - - [17/Apr/2019:14:28:59 -0300] "POST /cormun/servlet/solicitudot?gx-no-cache=1555521914061 HTTP/1.1" 200 3450
190.171.143.106 - - [17/Apr/2019:14:29:00 -0300] "POST /cormun/servlet/solicitudot?bc4d0794aac40453a5f999e628db5409,INS,0,0,,gx-no-cache=1555521914493 HTTP/1.1" 200 11702
190.171.143.106 - - [17/Apr/2019:14:29:03 -0300] "GET /cormun/servlet/solicitudot?e011588bc74bf13709c41b05165d4129e4af4e6896dc2ca343bbe5787b310c214a1230b81320ab523301d78667e2bc8b,gx-no-cache=1555521917602 HTTP/1.1" 200 111
190.171.143.106 - - [17/Apr/2019:14:29:03 -0300] "GET /cormun/static/Shared/jqueryui/images/ui-icons_ebccce_256x240.png HTTP/1.1" 404 1089
190.171.143.106 - - [17/Apr/2019:14:29:03 -0300] "GET /cormun/static/Shared/jqueryui/images/ui-bg_flat_55_994d53_40x100.png HTTP/1.1" 404 1097
190.171.143.106 - - [17/Apr/2019:14:29:03 -0300] "GET /cormun/static/Shared/jqueryui/images/ui-bg_highlight-soft_100_c6c2c8_1x100.png HTTP/1.1" 404 1117
190.171.143.106 - - [17/Apr/2019:14:29:03 -0300] "GET /cormun/static/Shared/jqueryui/images/ui-icons_82798d_256x240.png HTTP/1.1" 404 1089
186.79.10.10 - - [17/Apr/2019:14:29:11 -0300] "GET /cormun/servlet/trsolicitudcuentarbd? HTTP/1.1" 200 7103
186.79.10.10 - - [17/Apr/2019:14:29:11 -0300] "GET /cormun/static/gxcfg.js?20183619402487 HTTP/1.1" 200 953
186.79.10.10 - - [17/Apr/2019:14:29:11 -0300] "GET /cormun/static/trsolicitudcuentarbd.js?2018361940291 HTTP/1.1" 200 29350
186.79.10.10 - - [17/Apr/2019:14:29:11 -0300] "GET /cormun/servlet/trsolicitudcuentarbd? HTTP/1.1" 200 7087
186.79.10.10 - - [17/Apr/2019:14:29:38 -0300] "POST /cormun/servlet/trsolicitudcuentarbd?d66482b82a38c61184d2f61b4ba3af72,,gx-no-cache=1555521953806 HTTP/1.1" 200 4278
186.79.10.10 - - [17/Apr/2019:14:29:47 -0300] "POST /cormun/servlet/trsolicitudcuentarbd?d66482b82a38c61184d2f61b4ba3af72,,gx-no-cache=1555521962699 HTTP/1.1" 200 4278
190.151.124.170 - - [17/Apr/2019:14:30:05 -0300] "POST /cormun/servlet/solicitudotadjuntos?gx-no-cache=1555521980735 HTTP/1.1" 200 26
190.171.143.106 - - [17/Apr/2019:14:30:25 -0300] "GET /cormun/servlet/solicitudot?e011588bc74bf13709c41b05165d4129ed9d5a54362ba18cb4068bca084fac954a1230b81320ab523301d78667e2bc8b,gx-no-cache=1555521999655 HTTP/1.1" 200 30
152.231.70.149 - - [17/Apr/2019:14:30:33 -0300] "GET /cormun/servlet/solicitudotadjuntos?93316464d15b4e269a21c5d88eb478af7a3250fedd59b2c5653fb2a20b53732e,gx-no-cache=1555522008850 HTTP/1.1" 200 30
152.231.70.149 - - [17/Apr/2019:14:30:33 -0300] "GET /cormun/servlet/solicitudotadjuntos?93316464d15b4e269a21c5d88eb478af7a3250fedd59b2c5653fb2a20b53732e,gx-no-cache=1555522009108 HTTP/1.1" 200 30
152.231.70.149 - - [17/Apr/2019:14:30:34 -0300] "POST /cormun/servlet/solicitudotadjuntos?75466cf203224553f219cc4306d19393,INS,2019,15355,,1, HTTP/1.1" 200 116
152.231.70.149 - - [17/Apr/2019:14:30:34 -0300] "GET /cormun/servlet/hpexe_return? HTTP/1.1" 200 1020
152.231.70.149 - - [17/Apr/2019:14:30:34 -0300] "GET /cormun/servlet/trsolicitudadjuntos?2019,15355, HTTP/1.1" 200 9040
152.231.70.149 - - [17/Apr/2019:14:30:35 -0300] "GET /cormun/servlet/trsolicitudadjuntos?2019,15355, HTTP/1.1" 200 9040
164.77.113.188 - - [17/Apr/2019:14:30:37 -0300] "GET /cormun/servlet/solicitudotadjuntos?INS,2019,15355,,1, HTTP/1.1" 200 6363
164.77.113.188 - - [17/Apr/2019:14:30:37 -0300] "GET /cormun/static/about:blank HTTP/1.1" 404 1011
186.103.196.84 - - [17/Apr/2019:14:30:37 -0300] "GET /cormun/servlet/solicitudotadjuntos?INS,2019,15355,,1, HTTP/1.1" 200 6356
164.77.113.188 - - [17/Apr/2019:14:30:38 -0300] "GET /cormun/servlet/solicitudotadjuntos?93316464d15b4e269a21c5d88eb478af717df3c47f8cc1f9210cb5de01106b85254270fa9341f1dd10443b6f007158d0,gx-no-cache=1555522013506 HTTP/1.1" 200 30
164.77.113.188 - - [17/Apr/2019:14:30:38 -0300] "POST /cormun/servlet/solicitudotadjuntos?75466cf203224553f219cc4306d19393,INS,2019,15355,,1,,gx-no-cache=1555522013644 HTTP/1.1" 200 4063
164.77.113.188 - - [17/Apr/2019:14:30:40 -0300] "POST /cormun/servlet/solicitudotadjuntos?gx-no-cache=1555522016026 HTTP/1.1" 200 26
190.171.144.234 - - [17/Apr/2019:14:30:51 -0300] "GET /cormun/servlet/solicitudot?a566913ab5fed8ab7790f664324914b5f98e5202170ef42dcaba1f71aa641d47,gx-no-cache=1555522027116 HTTP/1.1" 200 94
190.171.144.234 - - [17/Apr/2019:14:30:51 -0300] "GET /cormun/static/Shared/jqueryui/images/ui-bg_highlight-soft_100_c6c2c8_1x100.png HTTP/1.1" 404 1117
190.171.144.234 - - [17/Apr/2019:14:30:51 -0300] "GET /cormun/static/Shared/jqueryui/images/ui-icons_82798d_256x240.png HTTP/1.1" 404 1089
190.171.144.234 - - [17/Apr/2019:14:30:51 -0300] "GET /cormun/static/Shared/jqueryui/images/ui-icons_ebccce_256x240.png HTTP/1.1" 404 1089
190.171.144.234 - - [17/Apr/2019:14:30:51 -0300] "GET /cormun/static/Shared/jqueryui/images/ui-bg_flat_55_994d53_40x100.png HTTP/1.1" 404 1097
190.171.144.234 - - [17/Apr/2019:14:30:59 -0300] "GET /cormun/servlet/prbanco?,MD,,gxPopupLevel%3D0%3B HTTP/1.1" 200 6601
190.171.144.234 - - [17/Apr/2019:14:31:10 -0300] "GET /cormun/servlet/solicitudot?a566913ab5fed8ab7790f664324914b5b4b8865c7d01a1c5433a0a1dc3c7e4e7,gx-no-cache=1555522046233 HTTP/1.1" 200 53
190.171.144.234 - - [17/Apr/2019:14:31:59 -0300] "POST /cormun/servlet/solicitudot?9bb344a58d333db3eb66a0b805876a76,INS,0,0,,gx-no-cache=1555522095134 HTTP/1.1" 200 12068
192.168.10.96 - - [17/Apr/2019:14:33:05 -0300] "GET /cormun/servlet/trsolicitudgral? HTTP/1.1" 500 10
190.171.144.234 - - [17/Apr/2019:14:33:36 -0300] "POST /cormun/servlet/solicitudot?gx-no-cache=1555522192513 HTTP/1.1" 200 255
190.171.144.234 - - [17/Apr/2019:14:33:40 -0300] "GET /cormun/servlet/solicitudot?a566913ab5fed8ab7790f664324914b523cbbd1faa5662a048959e31f9d87edc63bdc0a5bdb1525fe23a70f51e57002812684903048995e362ca7ddcb24e991bd46856a6cb6f3cb5b87aff65b22820c79797d66a915f8f371a076cdd7d5e457303ae43889d6ca17e63282002bb6b8e10d1a1393ad6da275801f4bca40d62db076dd84d2fde4f9e687fa6f27891680c9ca870261d8218266a761259b9fcb48facec676196e8c13b5c2e8099dd9655d4b04fb02a6133f129069f23633e1fba26a29131f2ea11f75122c908270426ec03c898d2d38f48f3493f487d17ff6b7094089dabe9c9d2c2368ccdf0a1cf3608e5931d2c76d89a5086bdf3cc902afeec3c6b8dcdb8852ca21a243c8d11c44d5404c3d55b54668a0925472325f05b1909a339d45f71ebd52a1483e20f085834b9014e06910bda73b4b955483b8bf84c8b3c3446ae9c40ca604e39ecd05af26ae6fde0c48bbc37bcfd3905cf9f708bea4d3730d3f0fc5ca35f53451784637c94568a05b066cd0c7f25b43ac94c68149f2ebd91,gx-no-cache=1555522195818 HTTP/1.1" 200 30
190.171.144.234 - - [17/Apr/2019:14:33:48 -0300] "POST /cormun/servlet/solicitudot?gx-no-cache=1555522204280 HTTP/1.1" 200 30
190.171.144.234 - - [17/Apr/2019:14:33:50 -0300] "POST /cormun/servlet/solicitudot?gx-no-cache=1555522206513 HTTP/1.1" 200 1341
190.171.144.234 - - [17/Apr/2019:14:33:50 -0300] "POST /cormun/servlet/solicitudot?gx-no-cache=1555522206552 HTTP/1.1" 200 38
190.171.153.218 - - [17/Apr/2019:14:34:03 -0300] "GET /cormun/servlet/solicitudotadjuntos?93316464d15b4e269a21c5d88eb478af7a3250fedd59b2c5653fb2a20b53732e,gx-no-cache=1555522218330 HTTP/1.1" 200 30
190.171.153.218 - - [17/Apr/2019:14:34:03 -0300] "GET /cormun/servlet/solicitudotadjuntos?93316464d15b4e269a21c5d88eb478af7a3250fedd59b2c5653fb2a20b53732e,gx-no-cache=1555522218448 HTTP/1.1" 200 30
190.171.153.218 - - [17/Apr/2019:14:34:03 -0300] "POST /cormun/servlet/solicitudotadjuntos?75466cf203224553f219cc4306d19393,INS,2019,15355,,1, HTTP/1.1" 200 116
190.171.153.218 - - [17/Apr/2019:14:34:03 -0300] "GET /cormun/servlet/hpexe_return? HTTP/1.1" 200 1020
190.171.153.218 - - [17/Apr/2019:14:34:03 -0300] "GET /cormun/servlet/trsolicitudadjuntos?2019,15355, HTTP/1.1" 200 9272
190.171.153.218 - - [17/Apr/2019:14:34:04 -0300] "GET /cormun/servlet/trsolicitudadjuntos?2019,15355, HTTP/1.1" 200 9270
164.77.113.188 - - [17/Apr/2019:14:34:09 -0300] "GET /cormun/servlet/solicitudotadjuntos?INS,2019,15355,,1, HTTP/1.1" 200 6362
164.77.113.188 - - [17/Apr/2019:14:34:09 -0300] "GET /cormun/static/about:blank HTTP/1.1" 404 1011
190.171.153.218 - - [17/Apr/2019:14:34:09 -0300] "GET /cormun/servlet/solicitudotadjuntos?INS,2019,15355,,1, HTTP/1.1" 200 6355
190.171.153.218 - - [17/Apr/2019:14:34:10 -0300] "GET /cormun/servlet/solicitudotadjuntos?93316464d15b4e269a21c5d88eb478af717df3c47f8cc1f9210cb5de01106b85254270fa9341f1dd10443b6f007158d0,gx-no-cache=1555522225364 HTTP/1.1" 200 30
190.171.153.218 - - [17/Apr/2019:14:34:10 -0300] "POST /cormun/servlet/solicitudotadjuntos?75466cf203224553f219cc4306d19393,INS,2019,15355,,1,,gx-no-cache=1555522225409 HTTP/1.1" 200 4063
190.171.153.218 - - [17/Apr/2019:14:34:12 -0300] "POST /cormun/servlet/solicitudotadjuntos?gx-no-cache=1555522227923 HTTP/1.1" 200 26
190.171.143.106 - - [17/Apr/2019:14:35:12 -0300] "GET /cormun/servlet/prbanco?,MD,,gxPopupLevel%3D0%3B HTTP/1.1" 200 6657
190.171.143.106 - - [17/Apr/2019:14:35:14 -0300] "GET /cormun/servlet/solicitudot?e011588bc74bf13709c41b05165d4129ac547419a6fc4a48c12c6b0ba61e430b,gx-no-cache=1555522289202 HTTP/1.1" 200 94
190.171.143.106 - - [17/Apr/2019:14:35:15 -0300] "GET /cormun/servlet/solicitudot?e011588bc74bf13709c41b05165d41293d0b56cf18d934bd1847fe212ac53232,gx-no-cache=1555522290188 HTTP/1.1" 200 53
103.101.56.44 - - [17/Apr/2019:14:35:48 -0300] "GET / HTTP/1.1" 200 11217
186.67.84.236 - - [17/Apr/2019:14:36:13 -0300] "GET /cormun/servlet/solicitudotadjuntos?93316464d15b4e269a21c5d88eb478af7a3250fedd59b2c5653fb2a20b53732e,gx-no-cache=1555522348547 HTTP/1.1" 200 30
186.67.84.236 - - [17/Apr/2019:14:36:13 -0300] "GET /cormun/servlet/solicitudotadjuntos?93316464d15b4e269a21c5d88eb478af7a3250fedd59b2c5653fb2a20b53732e,gx-no-cache=1555522348609 HTTP/1.1" 200 30
186.67.84.236 - - [17/Apr/2019:14:36:13 -0300] "POST /cormun/servlet/solicitudotadjuntos?75466cf203224553f219cc4306d19393,INS,2019,15355,,1, HTTP/1.1" 200 116
186.67.84.236 - - [17/Apr/2019:14:36:13 -0300] "GET /cormun/servlet/hpexe_return? HTTP/1.1" 200 1020
186.67.84.236 - - [17/Apr/2019:14:36:14 -0300] "GET /cormun/servlet/trsolicitudadjuntos?2019,15355, HTTP/1.1" 200 9446
186.67.84.236 - - [17/Apr/2019:14:36:14 -0300] "GET /cormun/servlet/trsolicitudadjuntos?2019,15355, HTTP/1.1" 200 9444
164.77.113.188 - - [17/Apr/2019:14:36:23 -0300] "GET /cormun/servlet/solicitudotadjuntos?INS,2019,15355,,1, HTTP/1.1" 200 6363
190.171.153.218 - - [17/Apr/2019:14:36:23 -0300] "GET /cormun/servlet/solicitudotadjuntos?INS,2019,15355,,1, HTTP/1.1" 200 6356
164.77.113.188 - - [17/Apr/2019:14:36:23 -0300] "GET /cormun/static/about:blank HTTP/1.1" 404 1011
164.77.113.188 - - [17/Apr/2019:14:36:24 -0300] "GET /cormun/servlet/solicitudotadjuntos?93316464d15b4e269a21c5d88eb478af717df3c47f8cc1f9210cb5de01106b85254270fa9341f1dd10443b6f007158d0,gx-no-cache=1555522359263 HTTP/1.1" 200 30
164.77.113.188 - - [17/Apr/2019:14:36:24 -0300] "POST /cormun/servlet/solicitudotadjuntos?75466cf203224553f219cc4306d19393,INS,2019,15355,,1,,gx-no-cache=1555522359397 HTTP/1.1" 200 4063
190.171.143.106 - - [17/Apr/2019:14:36:25 -0300] "GET /cormun/servlet/solicitudot?e011588bc74bf13709c41b05165d412948e964228d840c262a33ea6728391a783b95a474ec2b21e4ba1cb719b419bfe1918faef4bcfc08077bc7b0495d643b89,gx-no-cache=1555522360212 HTTP/1.1" 200 30
164.77.113.188 - - [17/Apr/2019:14:36:28 -0300] "POST /cormun/servlet/solicitudotadjuntos?gx-no-cache=1555522362891 HTTP/1.1" 200 26
190.171.143.106 - - [17/Apr/2019:14:36:40 -0300] "POST /cormun/servlet/solicitudot?gx-no-cache=1555522374962 HTTP/1.1" 200 297
190.171.143.106 - - [17/Apr/2019:14:36:40 -0300] "GET /cormun/servlet/solicitudot?e011588bc74bf13709c41b05165d4129d501cabff9ce659710561703e5024ae820072c0cd2a944e4ef35badb0e8014909870958134cf1bbce4c6cd864d13f8fdb0ea884d20ed13b8efc36aaaecad0ce3558e38e93023c4a8f562c25991dd0a610025484605395ba30d2de8f14f2c87de38d11b6ece4fdaffbd63b9cb4dbb3ec14711977df4d1924e8b4b050ffce91c0d15c6715fc7ef63c12b11daa0fb747a8acabf4a14daff4f87ed893e55d9022f06afd891d7ca4907071202a1b97bab3306db883aaabe3e7f089184791160a26260e25b78e0e56435081473eddc95705d9189003a1b95b7a73a0d43c798a3029a57199218479098425702bf9b6a8c65d0c234b28db64404ccb476436f4b6d14d6624cdfcf162a39890bbc627ac964b8160d6c8a73d254f9b44b6c82e112fea29ea6b180827a8a371d96a032598d1f028799fe28496e35388d8fd096adc06f6f6148f8185755ef18021425552d56b75042e677df9929a7d5fa7d52d5863cc86bdf02ef8807057327a98dfa420266a41b0978a2a03b92bd7617de1201fe4a4594815e,gx-no-cache=1555522375178 HTTP/1.1" 200 30
190.171.143.106 - - [17/Apr/2019:14:36:43 -0300] "POST /cormun/servlet/solicitudot?gx-no-cache=1555522377710 HTTP/1.1" 200 30
190.171.143.106 - - [17/Apr/2019:14:36:46 -0300] "POST /cormun/servlet/solicitudot?gx-no-cache=1555522380326 HTTP/1.1" 200 1341
190.171.143.106 - - [17/Apr/2019:14:36:46 -0300] "POST /cormun/servlet/solicitudot?gx-no-cache=1555522380507 HTTP/1.1" 200 38
190.171.143.106 - - [17/Apr/2019:14:36:56 -0300] "GET /cormun/servlet/solicitudot?e011588bc74bf13709c41b05165d4129f8bc8ad912b3a52529edc6ca9d2bb4b015717c6f4d0a9d328c00afa8977922703b32f3bec2e7167b46ba6f5d5eecc78d19c62654b7ae914725bdcd21dfc23fee9152ff289323410ad6b9484435fe022b5add3c0c9cef551989d81502cc3fddcf,gx-no-cache=1555522390962 HTTP/1.1" 200 110
190.171.143.106 - - [17/Apr/2019:14:36:59 -0300] "POST /cormun/servlet/solicitudot?gx-no-cache=1555522394281 HTTP/1.1" 200 83
190.171.153.218 - - [17/Apr/2019:14:37:49 -0300] "GET /cormun/servlet/solicitudotadjuntos?93316464d15b4e269a21c5d88eb478af7a3250fedd59b2c5653fb2a20b53732e,gx-no-cache=1555522444826 HTTP/1.1" 200 30
190.171.153.218 - - [17/Apr/2019:14:37:49 -0300] "GET /cormun/servlet/solicitudotadjuntos?93316464d15b4e269a21c5d88eb478af7a3250fedd59b2c5653fb2a20b53732e,gx-no-cache=1555522444873 HTTP/1.1" 200 30
190.171.153.218 - - [17/Apr/2019:14:37:49 -0300] "POST /cormun/servlet/solicitudotadjuntos?75466cf203224553f219cc4306d19393,INS,2019,15355,,1, HTTP/1.1" 200 116
190.171.153.218 - - [17/Apr/2019:14:37:49 -0300] "GET /cormun/servlet/hpexe_return? HTTP/1.1" 200 1020
190.171.153.218 - - [17/Apr/2019:14:37:50 -0300] "GET /cormun/servlet/trsolicitudadjuntos?2019,15355, HTTP/1.1" 200 9673
190.171.153.218 - - [17/Apr/2019:14:37:50 -0300] "GET /cormun/servlet/trsolicitudadjuntos?2019,15355, HTTP/1.1" 200 9673
200.54.103.162 - - [17/Apr/2019:14:37:54 -0300] "GET /cormun/servlet/hlogin HTTP/1.1" 200 1724
200.54.103.162 - - [17/Apr/2019:14:38:03 -0300] "POST /cormun/servlet/hlogin?4c199f49c68a60fa32f00fd3f5a74209,gx-no-cache=1555522459797 HTTP/1.1" 200 90
200.54.103.162 - - [17/Apr/2019:14:38:03 -0300] "GET /cormun/servlet/hpexe_link HTTP/1.1" 200 954
200.54.103.162 - - [17/Apr/2019:14:38:03 -0300] "GET /cormun/servlet/hhome HTTP/1.1" 200 4341
200.54.103.162 - - [17/Apr/2019:14:38:05 -0300] "GET /cormun/servlet/hhome HTTP/1.1" 200 4337
200.54.103.162 - - [17/Apr/2019:14:38:09 -0300] "GET /cormun/servlet/trsolicitudot? HTTP/1.1" 200 7556
200.54.103.162 - - [17/Apr/2019:14:38:11 -0300] "GET /cormun/servlet/trsolicitudot? HTTP/1.1" 200 7554
200.54.103.162 - - [17/Apr/2019:14:38:13 -0300] "GET /cormun/servlet/solicitudot?INS,0,0, HTTP/1.1" 200 15246
200.54.103.162 - - [17/Apr/2019:14:38:15 -0300] "GET /cormun/servlet/solicitudot?INS,0,0, HTTP/1.1" 200 15251
152.231.70.149 - - [17/Apr/2019:14:38:19 -0300] "GET /cormun/servlet/solicitudotadjuntos?INS,2019,15355,,1, HTTP/1.1" 200 6363
152.231.70.149 - - [17/Apr/2019:14:38:19 -0300] "GET /cormun/static/about:blank HTTP/1.1" 404 1011
186.103.196.84 - - [17/Apr/2019:14:38:19 -0300] "GET /cormun/servlet/solicitudotadjuntos?INS,2019,15355,,1, HTTP/1.1" 200 6357
186.103.196.84 - - [17/Apr/2019:14:38:19 -0300] "GET /cormun/servlet/solicitudotadjuntos?93316464d15b4e269a21c5d88eb478af717df3c47f8cc1f9210cb5de01106b85254270fa9341f1dd10443b6f007158d0,gx-no-cache=1555522475159 HTTP/1.1" 200 30
186.103.196.84 - - [17/Apr/2019:14:38:20 -0300] "POST /cormun/servlet/solicitudotadjuntos?75466cf203224553f219cc4306d19393,INS,2019,15355,,1,,gx-no-cache=1555522475240 HTTP/1.1" 200 4063
186.103.196.84 - - [17/Apr/2019:14:38:22 -0300] "POST /cormun/servlet/solicitudotadjuntos?gx-no-cache=1555522478146 HTTP/1.1" 200 26
190.171.143.106 - - [17/Apr/2019:14:38:24 -0300] "GET /cormun/servlet/solicitudot?e011588bc74bf13709c41b05165d41299f6763b0856eefe86a225817f02abbc54f3b007498576a7fdc362b3bd24cdbbc18ee481ac0f602306600851e5f81624d81cb63af728de432588060022faf229609c3acc36187d5f1356f3d526a096bb40dfaf705c9fba74ac6421d66d46de514,gx-no-cache=1555522478384 HTTP/1.1" 200 29
190.171.143.106 - - [17/Apr/2019:14:38:24 -0300] "GET /cormun/static/menuarrow.gif HTTP/1.1" 404 1015
200.54.103.162 - - [17/Apr/2019:14:38:25 -0300] "POST /cormun/servlet/solicitudot?gx-no-cache=1555522481404 HTTP/1.1" 200 3450
200.54.103.162 - - [17/Apr/2019:14:38:25 -0300] "POST /cormun/servlet/solicitudot?4c199f49c68a60fa32f00fd3f5a74209,INS,0,0,,gx-no-cache=1555522481700 HTTP/1.1" 200 11911
190.171.143.106 - - [17/Apr/2019:14:38:29 -0300] "GET /cormun/servlet/solicitudot?e011588bc74bf13709c41b05165d41294aad67d98cad454f568c6178c4341a171b5a176a807f70da95ab0c82a2284fa1,gx-no-cache=1555522484052 HTTP/1.1" 200 30
200.54.103.162 - - [17/Apr/2019:14:38:30 -0300] "GET /cormun/servlet/solicitudot?bbcf2ea62da7d7f41650302e1f64536ce6eadb3b58ce3ef373d619621eae9d429482e998910784d8b8f3e1ee6480fc0b,gx-no-cache=1555522486824 HTTP/1.1" 200 30
190.171.143.106 - - [17/Apr/2019:14:38:54 -0300] "POST /cormun/servlet/solicitudot?gx-no-cache=1555522508743 HTTP/1.1" 200 30
190.171.143.106 - - [17/Apr/2019:14:38:54 -0300] "POST /cormun/servlet/solicitudot?bc4d0794aac40453a5f999e628db5409,INS,0,0,,gx-no-cache=1555522508849 HTTP/1.1" 200 93
190.171.143.106 - - [17/Apr/2019:14:38:54 -0300] "GET /cormun/servlet/hpexe_return? HTTP/1.1" 200 1008
190.171.143.106 - - [17/Apr/2019:14:38:55 -0300] "GET /cormun/servlet/trsolicitudot HTTP/1.1" 200 8541
190.171.143.106 - - [17/Apr/2019:14:38:55 -0300] "GET /cormun/servlet/trsolicitudot HTTP/1.1" 200 8537
190.171.144.234 - - [17/Apr/2019:14:38:59 -0300] "GET /cormun/servlet/solicitudot?a566913ab5fed8ab7790f664324914b5923a340d5a43e6916ce2b54db982552c2ae3c71a56a6c60069d38cb53ad0ccc37beb24ee9dd990694e185682dc5d2d33c6777fb000a1237d8d9312d083e897d8456e37188beebc2473e3d084f08265af47b6ef354f95aabe550297ba6ee69e06,gx-no-cache=1555522515470 HTTP/1.1" 200 110
190.171.144.234 - - [17/Apr/2019:14:38:59 -0300] "POST /cormun/servlet/solicitudot?gx-no-cache=1555522515568 HTTP/1.1" 200 64
