186.103.159.188 - - [16/Apr/2019:12:29:53 -0300] "GET /cormun/static/Shared/jqueryui/images/ui-icons_82798d_256x240.png HTTP/1.1" 404 1089
186.103.159.188 - - [16/Apr/2019:12:29:53 -0300] "GET /cormun/static/Shared/jqueryui/images/ui-icons_8d78a5_256x240.png HTTP/1.1" 404 1089
190.171.143.106 - - [16/Apr/2019:12:30:00 -0300] "GET /cormun/servlet/solicitudot?INS,0,0, HTTP/1.1" 200 15046
190.171.143.106 - - [16/Apr/2019:12:30:01 -0300] "GET /cormun/servlet/solicitudot?INS,0,0, HTTP/1.1" 200 15051
190.171.143.106 - - [16/Apr/2019:12:30:05 -0300] "GET /cormun/servlet/prfichaempleado?,MD,,gxPopupLevel%3D0%3B HTTP/1.1" 200 9370
190.171.143.106 - - [16/Apr/2019:12:30:17 -0300] "POST /cormun/servlet/prfichaempleado?0d418325420f04669a64edd047fb00c9,,MD,,gxPopupLevel%3D0%3B,gx-no-cache=1555428392478 HTTP/1.1" 200 3475
190.171.143.106 - - [16/Apr/2019:12:30:20 -0300] "POST /cormun/servlet/solicitudot?gx-no-cache=1555428396142 HTTP/1.1" 200 3583
190.171.143.106 - - [16/Apr/2019:12:30:21 -0300] "POST /cormun/servlet/solicitudot?0d418325420f04669a64edd047fb00c9,INS,0,0,,gx-no-cache=1555428396491 HTTP/1.1" 200 11812
190.171.143.106 - - [16/Apr/2019:12:30:21 -0300] "GET /cormun/servlet/solicitudot?d590130f2071a6502cf5c8b82bf3c00f292a5e7fcef6019ffd5c54066e4c8b642315cddba64ba4ff36bd7e4654751284,gx-no-cache=1555428396783 HTTP/1.1" 200 30
190.171.143.106 - - [16/Apr/2019:12:30:26 -0300] "GET /cormun/servlet/solicitudot?d590130f2071a6502cf5c8b82bf3c00fd58b89ebf5cf0113220f711905be8ad58f19b1c9be7e47a50bbc8ad8c0f77bfac18754bcfff0fb7f6059dc9e988e9760,gx-no-cache=1555428402489 HTTP/1.1" 200 30
190.171.143.106 - - [16/Apr/2019:12:30:26 -0300] "GET /cormun/servlet/solicitudot?d590130f2071a6502cf5c8b82bf3c00fab3840dc006900b1c7be60d5984f6a36,gx-no-cache=1555428402522 HTTP/1.1" 200 123
190.171.143.106 - - [16/Apr/2019:12:30:26 -0300] "GET /cormun/static/Shared/jqueryui/images/ui-bg_highlight-soft_100_c6c2c8_1x100.png HTTP/1.1" 404 1117
190.171.143.106 - - [16/Apr/2019:12:30:26 -0300] "GET /cormun/static/Shared/jqueryui/images/ui-icons_82798d_256x240.png HTTP/1.1" 404 1089
190.171.143.106 - - [16/Apr/2019:12:30:26 -0300] "GET /cormun/static/Shared/jqueryui/images/ui-bg_flat_55_994d53_40x100.png HTTP/1.1" 404 1097
190.171.143.106 - - [16/Apr/2019:12:30:26 -0300] "GET /cormun/static/Shared/jqueryui/images/ui-icons_ebccce_256x240.png HTTP/1.1" 404 1089
190.171.143.106 - - [16/Apr/2019:12:30:26 -0300] "POST /cormun/servlet/solicitudot?gx-no-cache=1555428402578 HTTP/1.1" 200 240
190.171.143.106 - - [16/Apr/2019:12:30:27 -0300] "GET /cormun/servlet/solicitudot?d590130f2071a6502cf5c8b82bf3c00f85b9f3f643848ce1fc34c8515076273968acd90253060dfc94da258ba05f0ab16878344950fc6fc9247ab386a25d107b9359861617b16f4d6d601bd250bc59de3b69e8092544b24d7067ba529d27fc014f83c34c82635590223ea99c6a531d409d8790a09ca8b5362183aade25e0ba9f3cf3d48f95c4c51b280eae4508ae680679262759caf8cc47b1768ef565ae52f78dc9cac62aad5a3f07ebf534df7b2978d0360fe44d24a52d774d80809ffa26ecfd12d1f3fbdc6472b8e6034a4b64dcaaa88b3cb8c99d70038f672993ab06985a42fb274e68adf1e4a6c3e1d9a15d3399df81eb6466924426a77653f27e86cb1bdde2305a275cd14543ec4ebf15d3f67af73cd375f7a7837a5dcc760d0494ee9dcaccfdd5b28e2277539981e3f3fc26c361ef33be266538f2affb55f1ba428f1b7aec861f62c052e7b6518409a353f2c7f9134cf87e269c914f559c9f760105f754475dfe7aedb4bc4ae90eadc9c34ba6eab8b6226d1f4683bf323993e7cd740f,gx-no-cache=1555428402613 HTTP/1.1" 200 30
190.171.143.106 - - [16/Apr/2019:12:30:29 -0300] "POST /cormun/servlet/solicitudot?gx-no-cache=1555428404647 HTTP/1.1" 200 30
186.103.159.188 - - [16/Apr/2019:12:30:30 -0300] "GET /cormun/servlet/solicitudot?13fbbdc0f14d7cf13e0b80993e78998838bfd8085c084408fcda904031ee5e464121ca718cd1afb8cd01959df0f394581defacdc7063d8a7e379e1135cbd9de1,gx-no-cache=1555428406949 HTTP/1.1" 200 30
186.103.159.188 - - [16/Apr/2019:12:30:31 -0300] "GET /cormun/servlet/solicitudot?13fbbdc0f14d7cf13e0b80993e78998820e3cbd3d31b7b2d1105074ab1e2122c,gx-no-cache=1555428406994 HTTP/1.1" 200 29
190.171.143.106 - - [16/Apr/2019:12:30:31 -0300] "GET /cormun/servlet/prbanco?,MD,,gxPopupLevel%3D0%3B HTTP/1.1" 200 6647
186.103.159.188 - - [16/Apr/2019:12:30:34 -0300] "POST /cormun/servlet/solicitudot?gx-no-cache=1555428410313 HTTP/1.1" 200 240
186.103.159.188 - - [16/Apr/2019:12:30:36 -0300] "GET /cormun/servlet/solicitudot?13fbbdc0f14d7cf13e0b80993e7899880ca878702a8878d23f5eeb63cd5e589b24b0c8dbf57cfc2849cd3606e98e661a3ecb5662fd88f40ce9e3aab679125129d309211fd692bd0f10474d65ec3ca69d398227b5eea8c907f0e1360d53b3c0579c3b46386607bca594bf71f079f6515e6b86147020187f0344a667aeba9c91e9676cc35b243afc84bc303eab592e6e804a4656678e861ac0344a718104590714b0aa15eb98a439abe0856acc23f9e55b7ab39caa728ad73d6c65d4d0d0eeebb3f473082d769c31d9cb5a7d087993aa50dbd2d4dbf5759fe1d94bd08b075f5b449b529ef24410c76453db93b6429273c05faf43dc3f3b0fb3f6493f67fb61126b9dc6d3cf0d386fcd94f24284a4da86faaac560ac7efa05556c29b36f30190256527b617c7f328fc75816960dfcffd49b72c98b6eefdc398057fe385f19484264d41731c072d16100129df2fc19efaec92a98b8411eec1847a085aa9f92b28018d4e3150ddebbf8180500ec88ef82af586a5659b920834091096b8032bb4bea5d,gx-no-cache=1555428412598 HTTP/1.1" 200 30
186.103.159.188 - - [16/Apr/2019:12:30:40 -0300] "POST /cormun/servlet/solicitudot?gx-no-cache=1555428416569 HTTP/1.1" 200 30
186.103.159.188 - - [16/Apr/2019:12:30:59 -0300] "GET /cormun/servlet/prfichaempleado?,MD,,gxPopupLevel%3D0%3B HTTP/1.1" 200 9340
186.103.159.188 - - [16/Apr/2019:12:31:08 -0300] "POST /cormun/servlet/prfichaempleado?03ebf8e541cd0fd60f30101e7800fca1,,MD,,gxPopupLevel%3D0%3B,gx-no-cache=1555428443865 HTTP/1.1" 200 3422
186.103.159.188 - - [16/Apr/2019:12:31:29 -0300] "GET /cormun/servlet/prlicenciaspermisos?14035502,L,,MD,,gxPopupLevel%3D0%3B HTTP/1.1" 200 7772
186.103.159.188 - - [16/Apr/2019:12:31:34 -0300] "POST /cormun/servlet/solicitudot?gx-no-cache=1555428469986 HTTP/1.1" 200 1344
190.171.143.106 - - [16/Apr/2019:12:31:42 -0300] "GET /cormun/servlet/prbanco?,MD,,gxPopupLevel%3D0%3B HTTP/1.1" 200 6647
190.171.143.106 - - [16/Apr/2019:12:31:50 -0300] "GET /cormun/servlet/prbanco?,MD,,gxPopupLevel%3D0%3B HTTP/1.1" 200 6647
186.103.159.188 - - [16/Apr/2019:12:31:54 -0300] "GET /cormun/servlet/prlicenciaspermisos?14035502,L,,MD,,gxPopupLevel%3D0%3B HTTP/1.1" 200 7772
190.171.143.106 - - [16/Apr/2019:12:31:54 -0300] "GET /cormun/servlet/solicitudot?d590130f2071a6502cf5c8b82bf3c00f682deca240a1442341051c282ec8b636,gx-no-cache=1555428489814 HTTP/1.1" 200 53
186.103.159.188 - - [16/Apr/2019:12:32:15 -0300] "GET /cormun/servlet/prlicenciaspermisos?14035502,L,,MD,,gxPopupLevel%3D0%3B HTTP/1.1" 200 7772
190.171.143.106 - - [16/Apr/2019:12:32:16 -0300] "POST /cormun/servlet/solicitudot?gx-no-cache=1555428512182 HTTP/1.1" 200 238
190.171.143.106 - - [16/Apr/2019:12:32:16 -0300] "GET /cormun/servlet/solicitudot?d590130f2071a6502cf5c8b82bf3c00f85b9f3f643848ce1fc34c8515076273968acd90253060dfc94da258ba05f0ab16878344950fc6fc9247ab386a25d107b9359861617b16f4d6d601bd250bc59de3b69e8092544b24d7067ba529d27fc014f83c34c82635590223ea99c6a531d409d8790a09ca8b5362183aade25e0ba9f3cf3d48f95c4c51b280eae4508ae680679262759caf8cc47b1768ef565ae52f78dc9cac62aad5a3f07ebf534df7b2978d0360fe44d24a52d774d80809ffa26ecfd12d1f3fbdc6472b8e6034a4b64dcaaa88b3cb8c99d70038f672993ab06985a42fb274e68adf1e4a6c3e1d9a15d3399df81eb6466924426a77653f27e86cb1bdde2305a275cd14543ec4ebf15d3f67af73cd375f7a7837a5dcc760d0494ee9dcaccfdd5b28e2277539981e3f3fc26c361ef33be266538f2affb55f1ba428f1b7aec861f62c052e7b6518409a353f2c7f9134cf87e269c914f559c9f760105f754475dfe7aedb4bc4ae90eadc9c34ba6f9ac35226c8c3f9531093c83179c8210,gx-no-cache=1555428512313 HTTP/1.1" 200 30
190.171.143.106 - - [16/Apr/2019:12:32:16 -0300] "POST /cormun/servlet/solicitudot?gx-no-cache=1555428512372 HTTP/1.1" 200 30
190.171.143.106 - - [16/Apr/2019:12:32:16 -0300] "POST /cormun/servlet/solicitudot?gx-no-cache=1555428512479 HTTP/1.1" 200 1344
190.171.143.106 - - [16/Apr/2019:12:32:16 -0300] "POST /cormun/servlet/solicitudot?gx-no-cache=1555428512546 HTTP/1.1" 200 38
190.171.143.106 - - [16/Apr/2019:12:32:17 -0300] "GET /cormun/servlet/solicitudot?d590130f2071a6502cf5c8b82bf3c00f328404221d3bf934debf24964307b17b77ad61605e43c2ec2f34de2c4f9fb5dc7c5bb6bd33729dbad763adc1bff6b4c4dc7b3e7ad69aa1340ad6039db6625a91b87ab1581ec299eb1b86dd5e7cb691df5230c3680e1a173c7a0e5ae229bf7141,gx-no-cache=1555428512609 HTTP/1.1" 200 110
190.171.143.106 - - [16/Apr/2019:12:32:22 -0300] "POST /cormun/servlet/solicitudot?gx-no-cache=1555428518129 HTTP/1.1" 200 97
186.103.159.188 - - [16/Apr/2019:12:32:47 -0300] "POST /cormun/servlet/solicitudot?gx-no-cache=1555428543685 HTTP/1.1" 200 118
186.103.159.188 - - [16/Apr/2019:12:32:47 -0300] "GET /cormun/static/Shared/jqueryui/images/ui-bg_flat_55_994d53_40x100.png HTTP/1.1" 404 1097
186.103.159.188 - - [16/Apr/2019:12:32:47 -0300] "GET /cormun/static/Shared/jqueryui/images/ui-icons_ebccce_256x240.png HTTP/1.1" 404 1089
186.103.159.188 - - [16/Apr/2019:12:32:55 -0300] "GET /cormun/static/menuarrow.gif HTTP/1.1" 404 1015
186.103.159.188 - - [16/Apr/2019:12:33:07 -0300] "GET /cormun/servlet/trlicencias? HTTP/1.1" 200 11464
186.103.159.188 - - [16/Apr/2019:12:33:08 -0300] "GET /cormun/servlet/trlicencias? HTTP/1.1" 200 11458
186.103.159.188 - - [16/Apr/2019:12:33:14 -0300] "GET /cormun/servlet/licenciaspermisos?UPD,14035502,L,20190416000000, HTTP/1.1" 200 7787
186.103.159.188 - - [16/Apr/2019:12:33:15 -0300] "GET /cormun/servlet/licenciaspermisos?UPD,14035502,L,20190416000000, HTTP/1.1" 200 7805
186.103.159.188 - - [16/Apr/2019:12:33:15 -0300] "GET /cormun/servlet/licenciaspermisos?c081c90f23f52bed0445ad6331cbd5f21894c57f344f42494b7d380da5cab2f51844c86ba61bf8842378f49a1cadec7c73d7d80b008f18fae0b2a79426de2fdc6adc9fc1b64b24cd5a652500b3664d9da37a641e4a5467d73e671a360bacac7b,gx-no-cache=1555428571605 HTTP/1.1" 200 94
186.103.159.188 - - [16/Apr/2019:12:33:27 -0300] "GET /cormun/servlet/licenciaspermisos?c081c90f23f52bed0445ad6331cbd5f2a10d6bac6506c45494f9e4743c4cfb507d46f4c9e39d9299f25c3dbf9e9d528f9dc6d3cf0d386fcd94f24284a4da86faaf50bc8e62218a8d324fbb9309596a11dff8999a381899c0eb445d27b9c7920555f733cd110c0ae8e5c7cb3e4592d890c1b1be47e0ed3094bf3b301eaeb803f5b80a0583e4faee2e521aa21184422f7782b745aeedfff0d52af59b32fe765d2cd13b289b5ad0c15d69bf1c651a3eb960b734651cb096a74fdd98cd6ce8e3085e4aa89799e82217e2bdc32dabece1626945cb36f1bb8c0423c2c29415345c8a2f,gx-no-cache=1555428583326 HTTP/1.1" 200 30
186.103.159.188 - - [16/Apr/2019:12:33:27 -0300] "GET /cormun/servlet/licenciaspermisos?c081c90f23f52bed0445ad6331cbd5f21db9e4db47079b907ed714883853f0913ace057db66d1987abaeebf98e13648d227c422b61fe2b533128b3e173c50a9b7c387bdb46a633f5849676772628aa1a9fc8dc5fc975c7101ac845ff22be8ce99390991ad43a76cbbc64e096d2983d0594bbace0bb260f60a0422cfb3e50d4fe3718491ae1a7f004323eb62869682238891392ec8e522cef801c5df9856f0f8580e88e0f04ccc70e557d47f7ae363b06870d08a287e808267d2505141a83bd78e714370d08b61399302ba02b1e96932e7f72ec1682b700159c5533e258b788e9,gx-no-cache=1555428583385 HTTP/1.1" 200 29
186.103.159.188 - - [16/Apr/2019:12:33:27 -0300] "POST /cormun/servlet/licenciaspermisos?03ebf8e541cd0fd60f30101e7800fca1,UPD,14035502,L,20190416000000,,gx-no-cache=1555428583450 HTTP/1.1" 200 93
186.103.159.188 - - [16/Apr/2019:12:33:27 -0300] "GET /cormun/servlet/hpexe_return? HTTP/1.1" 200 1028
186.103.159.188 - - [16/Apr/2019:12:33:28 -0300] "GET /cormun/servlet/trlicencias HTTP/1.1" 200 11463
186.103.159.188 - - [16/Apr/2019:12:33:28 -0300] "GET /cormun/servlet/trlicencias HTTP/1.1" 200 11458
190.171.143.106 - - [16/Apr/2019:12:33:34 -0300] "GET /cormun/servlet/solicitudot?d590130f2071a6502cf5c8b82bf3c00f315c5f12e6650c34de5140bd55d681dffae6f38a04a9759f89799500d8d0058344baa088cb30ab76ac79418ec61f91d45f8b7c76db7e8eb1c4b4916f21b737f6d8176c4c467992a83b1b631e6d582064aef81287a61968edcd063b5fc83487fadba17bbf5814dde7dfe82a4f7481addc53b565fa3035c37e93a144ab57566246eeaa1c6b5f13ccdf64d32b67b17fcf54,gx-no-cache=1555428589632 HTTP/1.1" 200 29
190.171.143.106 - - [16/Apr/2019:12:33:34 -0300] "GET /cormun/static/menuarrow.gif HTTP/1.1" 404 1015
190.171.143.106 - - [16/Apr/2019:12:33:47 -0300] "GET /cormun/servlet/solicitudot?d590130f2071a6502cf5c8b82bf3c00f211af9ed8be7929863d9249b37b0f5b41661db17109ed3b31ff15e77a181428a,gx-no-cache=1555428603382 HTTP/1.1" 200 30
186.103.159.188 - - [16/Apr/2019:12:33:48 -0300] "GET /cormun/servlet/hlogin HTTP/1.1" 200 1715
186.103.159.188 - - [16/Apr/2019:12:33:56 -0300] "POST /cormun/servlet/hlogin?83a3f227a7f683821d4f4a8d37abd977,gx-no-cache=1555428612885 HTTP/1.1" 200 90
186.103.159.188 - - [16/Apr/2019:12:33:56 -0300] "GET /cormun/servlet/hpexe_link HTTP/1.1" 200 940
186.103.159.188 - - [16/Apr/2019:12:33:57 -0300] "GET /cormun/servlet/hhome HTTP/1.1" 200 4033
186.103.159.188 - - [16/Apr/2019:12:33:57 -0300] "GET /cormun/servlet/hhome HTTP/1.1" 200 4030
186.103.159.188 - - [16/Apr/2019:12:34:00 -0300] "GET /cormun/servlet/trsolicitudot? HTTP/1.1" 200 9067
190.171.143.106 - - [16/Apr/2019:12:34:00 -0300] "POST /cormun/servlet/solicitudot?gx-no-cache=1555428616126 HTTP/1.1" 200 30
186.103.159.188 - - [16/Apr/2019:12:34:00 -0300] "GET /cormun/servlet/trsolicitudot? HTTP/1.1" 200 9064
186.103.159.188 - - [16/Apr/2019:12:34:03 -0300] "GET /cormun/servlet/solicitudot?INS,0,0, HTTP/1.1" 200 15009
186.103.159.188 - - [16/Apr/2019:12:34:04 -0300] "GET /cormun/servlet/solicitudot?INS,0,0, HTTP/1.1" 200 15013
186.103.159.188 - - [16/Apr/2019:12:34:08 -0300] "POST /cormun/servlet/solicitudot?gx-no-cache=1555428624135 HTTP/1.1" 200 3508
186.103.159.188 - - [16/Apr/2019:12:34:08 -0300] "GET /cormun/static/Shared/jqueryui/images/ui-bg_highlight-soft_100_c6c2c8_1x100.png HTTP/1.1" 404 1117
186.103.159.188 - - [16/Apr/2019:12:34:08 -0300] "GET /cormun/static/Shared/jqueryui/images/ui-icons_82798d_256x240.png HTTP/1.1" 404 1089
186.103.159.188 - - [16/Apr/2019:12:34:08 -0300] "GET /cormun/static/Shared/jqueryui/images/ui-bg_flat_55_994d53_40x100.png HTTP/1.1" 404 1097
186.103.159.188 - - [16/Apr/2019:12:34:08 -0300] "GET /cormun/static/Shared/jqueryui/images/ui-icons_ebccce_256x240.png HTTP/1.1" 404 1089
186.103.159.188 - - [16/Apr/2019:12:34:08 -0300] "GET /cormun/servlet/solicitudot?dcbab19926aa15e0459bcbcd2c5b3b5772efd6cfb8597fc98ba0963a4921f66b,gx-no-cache=1555428624249 HTTP/1.1" 200 111
186.103.159.188 - - [16/Apr/2019:12:34:08 -0300] "GET /cormun/servlet/solicitudot?dcbab19926aa15e0459bcbcd2c5b3b57d5511030d5654338c99d8c49d540e754,gx-no-cache=1555428624285 HTTP/1.1" 200 94
186.103.159.188 - - [16/Apr/2019:12:34:08 -0300] "GET /cormun/servlet/solicitudot?dcbab19926aa15e0459bcbcd2c5b3b575224292301d5895361c446f27c26b3a0,gx-no-cache=1555428624314 HTTP/1.1" 200 29
186.103.159.188 - - [16/Apr/2019:12:34:10 -0300] "GET /cormun/servlet/solicitudot?dcbab19926aa15e0459bcbcd2c5b3b57612da82c06171ca7d50966438aae8d5cacc381c5517d2662a8145615655e0482be4bca1f4e5ac10d6456ab09a0cf8a7152c03702f5b16254323139c97eb1a6d983c59095a94322a33627008cadd3cb350c6008d4b0c7882af41023587a06e65f979ebd1ea50fdd316a221d799e4cec9971c03fa0a8b344f653e09d4270ff10168abd2fe7bf0d218ad8c12a9b615a8454863af8bfcdd00569d9ca6dde3df4c84733a1a9c0519ea3a3b4c736c7a46db01a5b134fe0108c03caecb77bc2e93951554fb65a5a2262f9312bf14229897a35a8b8870414b7d5f1e8b1ec27b6bf0094ea3622e02af877a53e61244b98946de604b27f30ba4a63cccd40286a48f4b25d1c5c9b6276999861aac6df051422a0b624a56d4f1938ac5dee2067ed47ca33a0ceaa46b1fb88eae2df478a8ab244878e24941ebf971d5a521dacc8fbe2a53425f8,gx-no-cache=1555428626175 HTTP/1.1" 200 240
186.103.159.188 - - [16/Apr/2019:12:34:13 -0300] "GET /cormun/servlet/solicitudot?dcbab19926aa15e0459bcbcd2c5b3b57de7aa627c523f4850857f336f8f4cea06ba2f53bd3253303e1c0e05edcc9ccf41af2134d2854f339729313349518432a4d825d6f76c824cac7babcb62da7972db359fb40efd538f2abf3a7ab1ee35c2207eb39433dd9ab3b51759659edb4b188e4fbef79d5adaf44007568ed2a01bf0e6165e7228a4f82c72e260a9efa04ecb45c8bc192b286709e64bf3ed701bc5478782eb7ed95d7c55a5b0dc348614015b04becace0ad7dd85da40a169de958fe6177ba1842e34de314b7d6f04fb816a1f39d7ef5758c99b930be4a33a99e80f565317ce7904e0525ec9c79ea02df956d7f72bc27670eba3f3e698f2c45af12872211b2ad315db86529cc8d3e2238c607b6ebcdd24d57c8deb843b294350913d9a6768bc5a6a9b3ccc250f4308df0785382541aba34973795a7ded456108a0b5e75462b29771471cfd82ee0521929a6167042ec11b719a8d383eb6fc4bd28cde7cb8156cc43dc65a7d00c1317574cf543f4b17bedc3daff41fca0562245002859a7,gx-no-cache=1555428628997 HTTP/1.1" 200 30
186.103.159.188 - - [16/Apr/2019:12:34:20 -0300] "POST /cormun/servlet/solicitudot?gx-no-cache=1555428636986 HTTP/1.1" 200 30
186.103.159.188 - - [16/Apr/2019:12:34:36 -0300] "GET /cormun/servlet/prfichaempleado?,MD,,gxPopupLevel%3D0%3B HTTP/1.1" 200 9329
186.103.159.188 - - [16/Apr/2019:12:34:48 -0300] "POST /cormun/servlet/prfichaempleado?83a3f227a7f683821d4f4a8d37abd977,,MD,,gxPopupLevel%3D0%3B,gx-no-cache=1555428664342 HTTP/1.1" 200 3410
190.171.143.106 - - [16/Apr/2019:12:34:52 -0300] "POST /cormun/servlet/solicitudot?0d418325420f04669a64edd047fb00c9,INS,0,0,,gx-no-cache=1555428667851 HTTP/1.1" 200 93
190.171.143.106 - - [16/Apr/2019:12:34:52 -0300] "GET /cormun/servlet/hpexe_return? HTTP/1.1" 200 1000
190.171.143.106 - - [16/Apr/2019:12:34:53 -0300] "GET /cormun/servlet/trsolicitudot HTTP/1.1" 200 9920
190.171.143.106 - - [16/Apr/2019:12:34:53 -0300] "GET /cormun/servlet/trsolicitudot HTTP/1.1" 200 9916
190.171.143.106 - - [16/Apr/2019:12:34:57 -0300] "GET /cormun/servlet/solicitudot?INS,0,0, HTTP/1.1" 200 15046
190.171.143.106 - - [16/Apr/2019:12:34:57 -0300] "GET /cormun/servlet/solicitudot?INS,0,0, HTTP/1.1" 200 15051
190.171.143.106 - - [16/Apr/2019:12:34:59 -0300] "GET /cormun/servlet/prfichaempleado?,MD,,gxPopupLevel%3D0%3B HTTP/1.1" 200 9370
186.103.159.188 - - [16/Apr/2019:12:35:04 -0300] "POST /cormun/servlet/prfichaempleado?83a3f227a7f683821d4f4a8d37abd977,,MD,,gxPopupLevel%3D0%3B,gx-no-cache=1555428680428 HTTP/1.1" 200 3410
190.171.143.106 - - [16/Apr/2019:12:35:40 -0300] "POST /cormun/servlet/prfichaempleado?0d418325420f04669a64edd047fb00c9,,MD,,gxPopupLevel%3D0%3B,gx-no-cache=1555428715693 HTTP/1.1" 200 3475
190.171.143.106 - - [16/Apr/2019:12:35:46 -0300] "POST /cormun/servlet/solicitudot?gx-no-cache=1555428722108 HTTP/1.1" 200 3583
190.171.143.106 - - [16/Apr/2019:12:35:46 -0300] "POST /cormun/servlet/solicitudot?0d418325420f04669a64edd047fb00c9,INS,0,0,,gx-no-cache=1555428722310 HTTP/1.1" 200 11811
190.171.143.106 - - [16/Apr/2019:12:35:46 -0300] "GET /cormun/servlet/solicitudot?d590130f2071a6502cf5c8b82bf3c00f292a5e7fcef6019ffd5c54066e4c8b642315cddba64ba4ff36bd7e4654751284,gx-no-cache=1555428722576 HTTP/1.1" 200 30
186.103.159.188 - - [16/Apr/2019:12:35:49 -0300] "POST /cormun/servlet/solicitudot?gx-no-cache=1555428724976 HTTP/1.1" 200 1344
190.171.143.106 - - [16/Apr/2019:12:35:49 -0300] "GET /cormun/servlet/prbanco?,MD,,gxPopupLevel%3D0%3B HTTP/1.1" 200 6647
190.171.143.106 - - [16/Apr/2019:12:35:51 -0300] "GET /cormun/servlet/solicitudot?d590130f2071a6502cf5c8b82bf3c00fd58b89ebf5cf0113220f711905be8ad58f19b1c9be7e47a50bbc8ad8c0f77bfac18754bcfff0fb7f6059dc9e988e9760,gx-no-cache=1555428726782 HTTP/1.1" 200 30
190.171.143.106 - - [16/Apr/2019:12:35:52 -0300] "GET /cormun/servlet/solicitudot?d590130f2071a6502cf5c8b82bf3c00f682deca240a1442341051c282ec8b636,gx-no-cache=1555428727564 HTTP/1.1" 200 53
186.103.159.188 - - [16/Apr/2019:12:35:52 -0300] "GET /cormun/servlet/prlicenciaspermisos?14035502,L,,MD,,gxPopupLevel%3D0%3B HTTP/1.1" 200 7760
190.171.143.106 - - [16/Apr/2019:12:35:59 -0300] "POST /cormun/servlet/solicitudot?gx-no-cache=1555428735431 HTTP/1.1" 200 240
190.171.143.106 - - [16/Apr/2019:12:35:59 -0300] "GET /cormun/servlet/solicitudot?d590130f2071a6502cf5c8b82bf3c00f85b9f3f643848ce1fc34c8515076273968acd90253060dfc94da258ba05f0ab16878344950fc6fc9247ab386a25d107b9359861617b16f4d6d601bd250bc59de3b69e8092544b24d7067ba529d27fc014f83c34c82635590223ea99c6a531d409d8790a09ca8b5362183aade25e0ba9f3cf3d48f95c4c51b280eae4508ae680679262759caf8cc47b1768ef565ae52f78dc9cac62aad5a3f07ebf534df7b2978d0360fe44d24a52d774d80809ffa26ecfd12d1f3fbdc6472b8e6034a4b64dcaaa88b3cb8c99d70038f672993ab06985a42fb274e68adf1e4a6c3e1d9a15d3399df81eb6466924426a77653f27e86cb1bdde2305a275cd14543ec4ebf15d3f67af73cd375f7a7837a5dcc760d0494ee9dcaccfdd5b28e2277539981e3f3fc26c361ef33be266538f2affb55f1ba428f1b7aec861f62c052e7b6518409a353f2c7f9134cf87e269c914f559c9f760105f754475dfe7aedb4bc4ae90eadc9c34ba6eab8b6226d1f4683bf323993e7cd740f,gx-no-cache=1555428735507 HTTP/1.1" 200 30
186.103.159.188 - - [16/Apr/2019:12:36:04 -0300] "GET /cormun/servlet/prlicenciaspermisos?14035502,L,,MD,,gxPopupLevel%3D0%3B HTTP/1.1" 200 7760
190.171.143.106 - - [16/Apr/2019:12:36:07 -0300] "POST /cormun/servlet/solicitudot?gx-no-cache=1555428743295 HTTP/1.1" 200 30
190.171.143.106 - - [16/Apr/2019:12:36:10 -0300] "POST /cormun/servlet/solicitudot?gx-no-cache=1555428746097 HTTP/1.1" 200 1344
190.171.143.106 - - [16/Apr/2019:12:36:10 -0300] "POST /cormun/servlet/solicitudot?gx-no-cache=1555428746153 HTTP/1.1" 200 38
190.171.143.106 - - [16/Apr/2019:12:36:10 -0300] "GET /cormun/servlet/solicitudot?d590130f2071a6502cf5c8b82bf3c00f328404221d3bf934debf24964307b17b77ad61605e43c2ec2f34de2c4f9fb5dc7c5bb6bd33729dbad763adc1bff6b4c4dc7b3e7ad69aa1340ad6039db6625a91b87ab1581ec299eb1b86dd5e7cb691df5230c3680e1a173c7a0e5ae229bf7141,gx-no-cache=1555428746177 HTTP/1.1" 200 110
190.171.143.106 - - [16/Apr/2019:12:36:16 -0300] "POST /cormun/servlet/solicitudot?gx-no-cache=1555428752008 HTTP/1.1" 200 97
186.103.159.188 - - [16/Apr/2019:12:36:24 -0300] "GET /cormun/servlet/prlicenciaspermisos?14035502,L,,MD,,gxPopupLevel%3D0%3B HTTP/1.1" 200 7760
190.171.143.106 - - [16/Apr/2019:12:36:26 -0300] "GET /cormun/servlet/solicitudot?d590130f2071a6502cf5c8b82bf3c00f315c5f12e6650c34de5140bd55d681dffae6f38a04a9759f89799500d8d00583f8b538aa32bebe8948ba7a61fbd9f93f5f8b7c76db7e8eb1c4b4916f21b737f6d8176c4c467992a83b1b631e6d582064aef81287a61968edcd063b5fc83487fadba17bbf5814dde7dfe82a4f7481addc53b565fa3035c37e93a144ab57566246eeaa1c6b5f13ccdf64d32b67b17fcf54,gx-no-cache=1555428762377 HTTP/1.1" 200 29
190.171.143.106 - - [16/Apr/2019:12:36:29 -0300] "GET /cormun/static/menuarrow.gif HTTP/1.1" 404 1015
190.171.143.106 - - [16/Apr/2019:12:36:32 -0300] "GET /cormun/servlet/solicitudot?d590130f2071a6502cf5c8b82bf3c00f211af9ed8be7929863d9249b37b0f5b41661db17109ed3b31ff15e77a181428a,gx-no-cache=1555428768150 HTTP/1.1" 200 30
190.171.143.106 - - [16/Apr/2019:12:36:46 -0300] "POST /cormun/servlet/solicitudot?gx-no-cache=1555428781560 HTTP/1.1" 200 30
186.103.159.46 - - [16/Apr/2019:12:37:11 -0300] "GET /cormun/servlet/hlogin HTTP/1.1" 200 1729
190.171.143.106 - - [16/Apr/2019:12:37:14 -0300] "POST /cormun/servlet/solicitudot?0d418325420f04669a64edd047fb00c9,INS,0,0,,gx-no-cache=1555428809371 HTTP/1.1" 200 93
190.171.143.106 - - [16/Apr/2019:12:37:14 -0300] "GET /cormun/servlet/hpexe_return? HTTP/1.1" 200 1000
190.171.143.106 - - [16/Apr/2019:12:37:14 -0300] "GET /cormun/servlet/trsolicitudot HTTP/1.1" 200 10170
190.171.143.106 - - [16/Apr/2019:12:37:14 -0300] "GET /cormun/servlet/trsolicitudot HTTP/1.1" 200 10163
186.103.159.46 - - [16/Apr/2019:12:37:19 -0300] "POST /cormun/servlet/hlogin?fb5e776d22a6a9a1e4739638cf974e7a,gx-no-cache=1555425213707 HTTP/1.1" 200 90
186.103.159.46 - - [16/Apr/2019:12:37:19 -0300] "GET /cormun/servlet/hpexe_link HTTP/1.1" 200 952
186.103.159.46 - - [16/Apr/2019:12:37:20 -0300] "GET /cormun/servlet/hhome HTTP/1.1" 200 4063
190.171.143.106 - - [16/Apr/2019:12:37:21 -0300] "POST /cormun/servlet/trsolicitudot?0d418325420f04669a64edd047fb00c9,gx-no-cache=1555428817137 HTTP/1.1" 200 106
190.171.143.106 - - [16/Apr/2019:12:37:21 -0300] "GET /cormun/servlet/solicitudot?UPD,2019,15321, HTTP/1.1" 200 15595
190.171.143.106 - - [16/Apr/2019:12:37:22 -0300] "GET /cormun/servlet/solicitudot?UPD,2019,15321, HTTP/1.1" 200 15605
186.103.159.46 - - [16/Apr/2019:12:37:22 -0300] "GET /cormun/servlet/hhome HTTP/1.1" 200 4059
190.171.143.106 - - [16/Apr/2019:12:37:22 -0300] "POST /cormun/servlet/solicitudot?gx-no-cache=1555428818427 HTTP/1.1" 200 3604
190.171.143.106 - - [16/Apr/2019:12:37:23 -0300] "POST /cormun/servlet/solicitudot?0d418325420f04669a64edd047fb00c9,UPD,2019,15321,,gx-no-cache=1555428818639 HTTP/1.1" 200 11905
190.171.143.106 - - [16/Apr/2019:12:37:23 -0300] "GET /cormun/servlet/solicitudot?d590130f2071a6502cf5c8b82bf3c00f292a5e7fcef6019ffd5c54066e4c8b645c110d9f70177fd3dbb56d9f82e9022f,gx-no-cache=1555428818889 HTTP/1.1" 200 30
190.171.143.106 - - [16/Apr/2019:12:37:23 -0300] "GET /cormun/servlet/solicitudot?d590130f2071a6502cf5c8b82bf3c00fd58b89ebf5cf0113220f711905be8ad58f19b1c9be7e47a50bbc8ad8c0f77bfa30d28c820e7ae903a5129ca09c47b022,gx-no-cache=1555428818925 HTTP/1.1" 200 30
190.171.143.106 - - [16/Apr/2019:12:37:23 -0300] "GET /cormun/servlet/solicitudot?d590130f2071a6502cf5c8b82bf3c00ffd4056c93371b8a4d8a7ea2f77e613a3888fe8698b588801412b050f89ffb9d52e28554172930da1a1197faa9aa71a7c,gx-no-cache=1555428818961 HTTP/1.1" 200 53
190.171.143.106 - - [16/Apr/2019:12:37:23 -0300] "POST /cormun/servlet/solicitudot?gx-no-cache=1555428819016 HTTP/1.1" 200 238
190.171.143.106 - - [16/Apr/2019:12:37:23 -0300] "GET /cormun/servlet/solicitudot?d590130f2071a6502cf5c8b82bf3c00f85b9f3f643848ce1fc34c8515076273968acd90253060dfc94da258ba05f0ab16878344950fc6fc9247ab386a25d107b9359861617b16f4d6d601bd250bc59de3b69e8092544b24d7067ba529d27fc014f83c34c82635590223ea99c6a531d409d8790a09ca8b5362183aade25e0ba9f3cf3d48f95c4c51b280eae4508ae680679262759caf8cc47b1768ef565ae52f78dc9cac62aad5a3f07ebf534df7b2978d0360fe44d24a52d774d80809ffa26ecfd12d1f3fbdc6472b8e6034a4b64dcaaa88b3cb8c99d70038f672993ab06985a42fb274e68adf1e4a6c3e1d9a15d3399df81eb6466924426a77653f27e86cb1bdde2305a275cd14543ec4ebf15d3f67af73cd375f7a7837a5dcc760d0494ee9dcaccfdd5b28e2277539981e3f3fc26c361ef33be266538f2affb55f1ba428f1b7aec861f62c052e7b6518409a353f2c7f9134cf87e269c914f559c9f760105f754475dfe7aedb4bc4ae90eadc9c34ba6f9ac35226c8c3f9531093c83179c8210,gx-no-cache=1555428819082 HTTP/1.1" 200 30
190.171.143.106 - - [16/Apr/2019:12:37:23 -0300] "POST /cormun/servlet/solicitudot?gx-no-cache=1555428819123 HTTP/1.1" 200 30
190.171.143.106 - - [16/Apr/2019:12:37:23 -0300] "POST /cormun/servlet/solicitudot?gx-no-cache=1555428819182 HTTP/1.1" 200 1344
190.171.143.106 - - [16/Apr/2019:12:37:23 -0300] "POST /cormun/servlet/solicitudot?gx-no-cache=1555428819254 HTTP/1.1" 200 40
190.171.143.106 - - [16/Apr/2019:12:37:25 -0300] "GET /cormun/servlet/solicitudot?d590130f2071a6502cf5c8b82bf3c00f328404221d3bf934debf24964307b17b77ad61605e43c2ec2f34de2c4f9fb5dc7c5bb6bd33729dbad763adc1bff6b4c4dc7b3e7ad69aa1340ad6039db6625a91b87ab1581ec299eb1b86dd5e7cb691df5230c3680e1a173c7a0e5ae229bf7141,gx-no-cache=1555428821482 HTTP/1.1" 200 110
190.171.143.106 - - [16/Apr/2019:12:37:26 -0300] "POST /cormun/servlet/solicitudot?gx-no-cache=1555428821552 HTTP/1.1" 200 67
190.171.143.106 - - [16/Apr/2019:12:37:28 -0300] "GET /cormun/servlet/solicitudot?d590130f2071a6502cf5c8b82bf3c00f4cb2dd00adcb2d3c8d556c24c9a32b4a16b660405f837694e14c16515268827242500a09c6d98fff3f57552f68541b8dda183f8eb9b9e996b5c91d5e72e0ae05e12c5eaf8f36e62a41807a250bc417be1a61d08cfcbc77c3456adda5f11c89b2b3e86405c0f8c9051ff77b59bd078e66901d94affdd8add0e44de5a2ff8ba16e0ad03869b02ccbb66240b6362943a413,gx-no-cache=1555428823448 HTTP/1.1" 200 30
186.103.159.46 - - [16/Apr/2019:12:37:32 -0300] "GET /cormun/servlet/trsolicitudot? HTTP/1.1" 200 7281
186.103.159.46 - - [16/Apr/2019:12:37:34 -0300] "GET /cormun/servlet/trsolicitudot? HTTP/1.1" 200 7280
190.171.143.106 - - [16/Apr/2019:12:37:47 -0300] "POST /cormun/servlet/solicitudot?gx-no-cache=1555428842808 HTTP/1.1" 200 105
200.54.103.162 - - [16/Apr/2019:12:37:57 -0300] "GET /cormun/servlet/hlogin HTTP/1.1" 200 1743
190.171.143.106 - - [16/Apr/2019:12:37:58 -0300] "GET /cormun/servlet/solicitudot?d590130f2071a6502cf5c8b82bf3c00f211af9ed8be7929863d9249b37b0f5b41661db17109ed3b31ff15e77a181428a,gx-no-cache=1555428854535 HTTP/1.1" 200 30
190.171.143.106 - - [16/Apr/2019:12:37:58 -0300] "POST /cormun/servlet/solicitudot?gx-no-cache=1555428854571 HTTP/1.1" 200 30
190.171.143.106 - - [16/Apr/2019:12:37:59 -0300] "POST /cormun/servlet/solicitudot?0d418325420f04669a64edd047fb00c9,UPD,2019,15321,,gx-no-cache=1555428854599 HTTP/1.1" 200 93
190.171.143.106 - - [16/Apr/2019:12:37:59 -0300] "GET /cormun/servlet/hpexe_return? HTTP/1.1" 200 1008
190.171.143.106 - - [16/Apr/2019:12:37:59 -0300] "GET /cormun/servlet/trsolicitudot HTTP/1.1" 200 10155
190.171.143.106 - - [16/Apr/2019:12:37:59 -0300] "GET /cormun/servlet/trsolicitudot HTTP/1.1" 200 10151
190.171.143.106 - - [16/Apr/2019:12:38:14 -0300] "POST /cormun/servlet/trsolicitudot?0d418325420f04669a64edd047fb00c9,gx-no-cache=1555428870052 HTTP/1.1" 200 106
190.171.143.106 - - [16/Apr/2019:12:38:14 -0300] "GET /cormun/servlet/solicitudot?UPD,2019,15322, HTTP/1.1" 200 15596
190.171.143.106 - - [16/Apr/2019:12:38:15 -0300] "GET /cormun/servlet/solicitudot?UPD,2019,15322, HTTP/1.1" 200 15606
190.171.143.106 - - [16/Apr/2019:12:38:15 -0300] "POST /cormun/servlet/solicitudot?gx-no-cache=1555428871331 HTTP/1.1" 200 3604
190.171.143.106 - - [16/Apr/2019:12:38:15 -0300] "POST /cormun/servlet/solicitudot?0d418325420f04669a64edd047fb00c9,UPD,2019,15322,,gx-no-cache=1555428871508 HTTP/1.1" 200 11906
190.171.143.106 - - [16/Apr/2019:12:38:16 -0300] "GET /cormun/servlet/solicitudot?d590130f2071a6502cf5c8b82bf3c00f292a5e7fcef6019ffd5c54066e4c8b645c110d9f70177fd3dbb56d9f82e9022f,gx-no-cache=1555428871745 HTTP/1.1" 200 30
190.171.143.106 - - [16/Apr/2019:12:38:16 -0300] "GET /cormun/servlet/solicitudot?d590130f2071a6502cf5c8b82bf3c00fd58b89ebf5cf0113220f711905be8ad58f19b1c9be7e47a50bbc8ad8c0f77bfa30d28c820e7ae903a5129ca09c47b022,gx-no-cache=1555428871799 HTTP/1.1" 200 30
190.171.143.106 - - [16/Apr/2019:12:38:16 -0300] "GET /cormun/servlet/solicitudot?d590130f2071a6502cf5c8b82bf3c00ffd4056c93371b8a4d8a7ea2f77e613a3888fe8698b588801412b050f89ffb9d52e28554172930da1a1197faa9aa71a7c,gx-no-cache=1555428871891 HTTP/1.1" 200 53
190.171.143.106 - - [16/Apr/2019:12:38:16 -0300] "POST /cormun/servlet/solicitudot?gx-no-cache=1555428872000 HTTP/1.1" 200 238
186.103.159.46 - - [16/Apr/2019:12:38:16 -0300] "GET /cormun/servlet/solicitudot?INS,0,0, HTTP/1.1" 200 14979
190.171.143.106 - - [16/Apr/2019:12:38:16 -0300] "GET /cormun/servlet/solicitudot?d590130f2071a6502cf5c8b82bf3c00f85b9f3f643848ce1fc34c8515076273968acd90253060dfc94da258ba05f0ab16878344950fc6fc9247ab386a25d107b9359861617b16f4d6d601bd250bc59de3b69e8092544b24d7067ba529d27fc014f83c34c82635590223ea99c6a531d409d8790a09ca8b5362183aade25e0ba9f3cf3d48f95c4c51b280eae4508ae680679262759caf8cc47b1768ef565ae52f78dc9cac62aad5a3f07ebf534df7b2978d0360fe44d24a52d774d80809ffa26ecfd12d1f3fbdc6472b8e6034a4b64dcaaa88b3cb8c99d70038f672993ab06985a42fb274e68adf1e4a6c3e1d9a15d3399df81eb6466924426a77653f27e86cb1bdde2305a275cd14543ec4ebf15d3f67af73cd375f7a7837a5dcc760d0494ee9dcaccfdd5b28e2277539981e3f3fc26c361ef33be266538f2affb55f1ba428f1b7aec861f62c052e7b6518409a353f2c7f9134cf87e269c914f559c9f760105f754475dfe7aedb4bc4ae90eadc9c34ba6f9ac35226c8c3f9531093c83179c8210,gx-no-cache=1555428872106 HTTP/1.1" 200 30
190.171.143.106 - - [16/Apr/2019:12:38:16 -0300] "POST /cormun/servlet/solicitudot?gx-no-cache=1555428872217 HTTP/1.1" 200 30
190.171.143.106 - - [16/Apr/2019:12:38:16 -0300] "POST /cormun/servlet/solicitudot?gx-no-cache=1555428872351 HTTP/1.1" 200 1344
190.171.143.106 - - [16/Apr/2019:12:38:16 -0300] "POST /cormun/servlet/solicitudot?gx-no-cache=1555428872475 HTTP/1.1" 200 40
190.171.143.106 - - [16/Apr/2019:12:38:18 -0300] "GET /cormun/servlet/solicitudot?d590130f2071a6502cf5c8b82bf3c00f328404221d3bf934debf24964307b17b77ad61605e43c2ec2f34de2c4f9fb5dc7c5bb6bd33729dbad763adc1bff6b4c4dc7b3e7ad69aa1340ad6039db6625a91b87ab1581ec299eb1b86dd5e7cb691df5230c3680e1a173c7a0e5ae229bf7141,gx-no-cache=1555428873709 HTTP/1.1" 200 110
186.103.159.46 - - [16/Apr/2019:12:38:19 -0300] "GET /cormun/servlet/solicitudot?INS,0,0, HTTP/1.1" 200 14984
190.171.143.106 - - [16/Apr/2019:12:38:22 -0300] "POST /cormun/servlet/solicitudot?gx-no-cache=1555428877570 HTTP/1.1" 200 105
186.103.159.46 - - [16/Apr/2019:12:38:27 -0300] "POST /cormun/servlet/solicitudot?gx-no-cache=1555425281745 HTTP/1.1" 200 3450
186.103.159.46 - - [16/Apr/2019:12:38:28 -0300] "POST /cormun/servlet/solicitudot?fb5e776d22a6a9a1e4739638cf974e7a,INS,0,0,,gx-no-cache=1555425282391 HTTP/1.1" 200 11696
190.171.143.106 - - [16/Apr/2019:12:38:29 -0300] "GET /cormun/servlet/solicitudot?d590130f2071a6502cf5c8b82bf3c00faaeb767925901d290c714071f745d77e16b660405f837694e14c16515268827242500a09c6d98fff3f57552f68541b8dda183f8eb9b9e996b5c91d5e72e0ae05e12c5eaf8f36e62a41807a250bc417be1a61d08cfcbc77c3456adda5f11c89b2b3e86405c0f8c9051ff77b59bd078e66901d94affdd8add0e44de5a2ff8ba16e0ad03869b02ccbb66240b6362943a413,gx-no-cache=1555428884458 HTTP/1.1" 200 29
190.171.143.106 - - [16/Apr/2019:12:38:29 -0300] "GET /cormun/servlet/solicitudot?d590130f2071a6502cf5c8b82bf3c00f211af9ed8be7929863d9249b37b0f5b41661db17109ed3b31ff15e77a181428a,gx-no-cache=1555428884641 HTTP/1.1" 200 30
190.171.143.106 - - [16/Apr/2019:12:38:29 -0300] "POST /cormun/servlet/solicitudot?gx-no-cache=1555428884700 HTTP/1.1" 200 30
190.171.143.106 - - [16/Apr/2019:12:38:30 -0300] "POST /cormun/servlet/solicitudot?0d418325420f04669a64edd047fb00c9,UPD,2019,15322,,gx-no-cache=1555428884830 HTTP/1.1" 200 93
190.171.143.106 - - [16/Apr/2019:12:38:30 -0300] "GET /cormun/servlet/hpexe_return? HTTP/1.1" 200 1008
190.171.143.106 - - [16/Apr/2019:12:38:30 -0300] "GET /cormun/servlet/trsolicitudot HTTP/1.1" 200 10117
190.171.143.106 - - [16/Apr/2019:12:38:30 -0300] "GET /cormun/servlet/trsolicitudot HTTP/1.1" 200 10113
186.103.159.46 - - [16/Apr/2019:12:38:35 -0300] "GET /cormun/servlet/solicitudot?cb90f680d31df3cf9704f6f8eb6f40042ddea2b4590094633c25eedd4c27db4a7ccc56c1f1b893dd8176924a593c9886,gx-no-cache=1555425289475 HTTP/1.1" 200 30
192.168.10.96 - - [16/Apr/2019:12:38:35 -0300] "GET /cormun/servlet/trsolicitudgral? HTTP/1.1" 500 10
192.168.10.96 - - [16/Apr/2019:12:38:44 -0300] "GET /cormun/servlet/hlogin HTTP/1.1" 200 1728
192.168.10.96 - - [16/Apr/2019:12:38:44 -0300] "GET /cormun/servlet/hlogin HTTP/1.1" 200 1728
192.168.10.96 - - [16/Apr/2019:12:38:52 -0300] "POST /cormun/servlet/hlogin?0513fadbfa1d80b8eda530a536bc057a,gx-no-cache=1555435928519 HTTP/1.1" 200 90
192.168.10.96 - - [16/Apr/2019:12:38:52 -0300] "GET /cormun/servlet/hpexe_link HTTP/1.1" 200 956
192.168.10.96 - - [16/Apr/2019:12:38:52 -0300] "GET /cormun/servlet/hhome HTTP/1.1" 200 4780
192.168.10.96 - - [16/Apr/2019:12:38:52 -0300] "GET /cormun/servlet/hhome HTTP/1.1" 200 4777
186.103.159.188 - - [16/Apr/2019:12:39:27 -0300] "POST /cormun/servlet/solicitudot?gx-no-cache=1555428943397 HTTP/1.1" 200 41
186.103.159.188 - - [16/Apr/2019:12:39:41 -0300] "GET /cormun/servlet/solicitudot?dcbab19926aa15e0459bcbcd2c5b3b575283a1643b067984f50a4ccfb49487e44ff5e0ef1eb7391c9f74c6570eb7b267a9e958165bd6d1fab412cf9eca4490d69faa3ddb67aa3a3f6945afc675150a45c498c5c140242039482d9935e0c32ddaeda6d7c4782b11b2381d5de0b3cdaca8,gx-no-cache=1555428957533 HTTP/1.1" 200 110
190.171.143.106 - - [16/Apr/2019:12:39:43 -0300] "POST /cormun/servlet/trsolicitudot?0d418325420f04669a64edd047fb00c9,gx-no-cache=1555428958855 HTTP/1.1" 200 6994
190.171.143.106 - - [16/Apr/2019:12:39:43 -0300] "GET /cormun/static/Shared/jqueryui/images/ui-bg_highlight-soft_100_c6c2c8_1x100.png HTTP/1.1" 404 1117
190.171.143.106 - - [16/Apr/2019:12:39:43 -0300] "GET /cormun/static/Shared/jqueryui/images/ui-icons_82798d_256x240.png HTTP/1.1" 404 1089
190.171.143.106 - - [16/Apr/2019:12:39:43 -0300] "GET /cormun/static/Shared/jqueryui/images/ui-bg_flat_55_fafafa_40x100.png HTTP/1.1" 404 1097
190.171.143.106 - - [16/Apr/2019:12:39:43 -0300] "GET /cormun/static/Shared/jqueryui/images/ui-icons_8d78a5_256x240.png HTTP/1.1" 404 1089
190.171.143.106 - - [16/Apr/2019:12:39:43 -0300] "POST /cormun/servlet/trsolicitudot?0d418325420f04669a64edd047fb00c9,gx-no-cache=1555428959179 HTTP/1.1" 200 6936
190.171.143.106 - - [16/Apr/2019:12:39:45 -0300] "POST /cormun/servlet/trsolicitudot?0d418325420f04669a64edd047fb00c9,gx-no-cache=1555428960673 HTTP/1.1" 200 6586
190.171.143.106 - - [16/Apr/2019:12:39:45 -0300] "POST /cormun/servlet/trsolicitudot?0d418325420f04669a64edd047fb00c9,gx-no-cache=1555428960977 HTTP/1.1" 200 6530
186.103.159.188 - - [16/Apr/2019:12:39:45 -0300] "POST /cormun/servlet/solicitudot?gx-no-cache=1555428961972 HTTP/1.1" 200 110
190.171.143.106 - - [16/Apr/2019:12:39:46 -0300] "POST /cormun/servlet/trsolicitudot?0d418325420f04669a64edd047fb00c9,gx-no-cache=1555428961800 HTTP/1.1" 200 6800
190.171.143.106 - - [16/Apr/2019:12:39:47 -0300] "POST /cormun/servlet/trsolicitudot?0d418325420f04669a64edd047fb00c9,gx-no-cache=1555428962850 HTTP/1.1" 200 6798
190.171.143.106 - - [16/Apr/2019:12:39:48 -0300] "POST /cormun/servlet/trsolicitudot?0d418325420f04669a64edd047fb00c9,gx-no-cache=1555428964447 HTTP/1.1" 200 6800
190.171.143.106 - - [16/Apr/2019:12:39:55 -0300] "POST /cormun/servlet/trsolicitudot?0d418325420f04669a64edd047fb00c9,gx-no-cache=1555428970730 HTTP/1.1" 200 6799
186.103.159.188 - - [16/Apr/2019:12:39:56 -0300] "GET /cormun/servlet/solicitudot?dcbab19926aa15e0459bcbcd2c5b3b5755f6d9dc492a7bcb8f8bedc6f577e3f33622e02af877a53e61244b98946de604b27f30ba4a63cccd40286a48f4b25d1ceb7ccc943fb1e91c31d4a7f7b32a6360,gx-no-cache=1555428972379 HTTP/1.1" 200 29
186.103.159.188 - - [16/Apr/2019:12:39:56 -0300] "GET /cormun/static/menuarrow.gif HTTP/1.1" 404 1015
190.171.143.106 - - [16/Apr/2019:12:39:57 -0300] "POST /cormun/servlet/trsolicitudot?0d418325420f04669a64edd047fb00c9,gx-no-cache=1555428972201 HTTP/1.1" 200 6799
186.103.159.188 - - [16/Apr/2019:12:40:02 -0300] "GET /cormun/servlet/solicitudot?dcbab19926aa15e0459bcbcd2c5b3b573efc919e9625b7aedf7e1028269d2c0fee967c4bfe2f6d9e6336a95acf630a2a,gx-no-cache=1555428978677 HTTP/1.1" 200 30
186.103.159.188 - - [16/Apr/2019:12:40:02 -0300] "POST /cormun/servlet/solicitudot?gx-no-cache=1555428978790 HTTP/1.1" 200 34
190.171.143.106 - - [16/Apr/2019:12:40:18 -0300] "GET /cormun/servlet/hlogin HTTP/1.1" 200 1716
186.103.159.188 - - [16/Apr/2019:12:40:31 -0300] "POST /cormun/servlet/solicitudot?gx-no-cache=1555429007531 HTTP/1.1" 200 3447
186.103.159.188 - - [16/Apr/2019:12:40:31 -0300] "POST /cormun/servlet/solicitudot?83a3f227a7f683821d4f4a8d37abd977,INS,0,0,,gx-no-cache=1555429007712 HTTP/1.1" 200 11737
186.103.159.188 - - [16/Apr/2019:12:40:32 -0300] "GET /cormun/servlet/solicitudot?dcbab19926aa15e0459bcbcd2c5b3b574ea279902ef348e4c5ed1563abbdc29cbaca4aa411150bd218f7a6beb665680d,gx-no-cache=1555429008271 HTTP/1.1" 200 30
190.171.143.106 - - [16/Apr/2019:12:40:46 -0300] "POST /cormun/servlet/hlogin?0d418325420f04669a64edd047fb00c9,gx-no-cache=1555429021673 HTTP/1.1" 200 90
190.171.143.106 - - [16/Apr/2019:12:40:46 -0300] "GET /cormun/servlet/hpexe_link HTTP/1.1" 200 945
190.171.143.106 - - [16/Apr/2019:12:40:46 -0300] "GET /cormun/servlet/hhome HTTP/1.1" 200 4319
190.171.143.106 - - [16/Apr/2019:12:40:47 -0300] "GET /cormun/servlet/hhome HTTP/1.1" 200 4319
190.171.143.106 - - [16/Apr/2019:12:40:47 -0300] "GET /cormun/static/SmoothNavMenu/resources/images/right.gif HTTP/1.1" 200 860
190.171.143.106 - - [16/Apr/2019:12:40:48 -0300] "GET /cormun/servlet/trsolicitudot? HTTP/1.1" 200 9726
190.171.143.106 - - [16/Apr/2019:12:40:49 -0300] "GET /cormun/servlet/trsolicitudot? HTTP/1.1" 200 9725
190.171.143.106 - - [16/Apr/2019:12:41:24 -0300] "POST /cormun/servlet/trsolicitudot?0d418325420f04669a64edd047fb00c9,,gx-no-cache=1555429059911 HTTP/1.1" 200 6286
190.171.143.106 - - [16/Apr/2019:12:41:24 -0300] "GET /cormun/static/Shared/jqueryui/images/ui-bg_highlight-soft_100_c6c2c8_1x100.png HTTP/1.1" 404 1117
190.171.143.106 - - [16/Apr/2019:12:41:24 -0300] "GET /cormun/static/Shared/jqueryui/images/ui-icons_82798d_256x240.png HTTP/1.1" 404 1089
190.171.143.106 - - [16/Apr/2019:12:41:24 -0300] "GET /cormun/static/Shared/jqueryui/images/ui-bg_flat_55_fafafa_40x100.png HTTP/1.1" 404 1097
190.171.143.106 - - [16/Apr/2019:12:41:24 -0300] "GET /cormun/static/Shared/jqueryui/images/ui-icons_8d78a5_256x240.png HTTP/1.1" 404 1089
190.171.143.106 - - [16/Apr/2019:12:41:24 -0300] "POST /cormun/servlet/trsolicitudot?0d418325420f04669a64edd047fb00c9,,gx-no-cache=1555429060386 HTTP/1.1" 200 6228
190.171.143.106 - - [16/Apr/2019:12:41:26 -0300] "POST /cormun/servlet/trsolicitudot?0d418325420f04669a64edd047fb00c9,,gx-no-cache=1555429061732 HTTP/1.1" 200 6499
190.171.143.106 - - [16/Apr/2019:12:41:28 -0300] "POST /cormun/servlet/trsolicitudot?0d418325420f04669a64edd047fb00c9,,gx-no-cache=1555429063850 HTTP/1.1" 200 6498
186.103.159.188 - - [16/Apr/2019:12:42:05 -0300] "POST /cormun/servlet/solicitudot?83a3f227a7f683821d4f4a8d37abd977,INS,0,0,,gx-no-cache=1555429101751 HTTP/1.1" 200 11878
186.103.159.188 - - [16/Apr/2019:12:42:06 -0300] "GET /cormun/static/Shared/jqueryui/images/ui-bg_flat_55_fafafa_40x100.png HTTP/1.1" 404 1097
186.103.159.188 - - [16/Apr/2019:12:42:06 -0300] "GET /cormun/static/Shared/jqueryui/images/ui-icons_8d78a5_256x240.png HTTP/1.1" 404 1089
186.103.159.188 - - [16/Apr/2019:12:42:09 -0300] "GET /cormun/servlet/solicitudot?dcbab19926aa15e0459bcbcd2c5b3b57bb36e5b8dcc26bd8451630cbf4caee58eee96725e6832f5c47f2f22883da56469c5313bb44da436847ce19b3676c123a,gx-no-cache=1555429105558 HTTP/1.1" 200 30
186.103.159.188 - - [16/Apr/2019:12:42:09 -0300] "GET /cormun/servlet/solicitudot?dcbab19926aa15e0459bcbcd2c5b3b575224292301d5895361c446f27c26b3a0,gx-no-cache=1555429105630 HTTP/1.1" 200 29
186.103.159.188 - - [16/Apr/2019:12:42:09 -0300] "POST /cormun/servlet/solicitudot?gx-no-cache=1555429105709 HTTP/1.1" 200 240
186.103.159.188 - - [16/Apr/2019:12:42:09 -0300] "GET /cormun/servlet/solicitudot?dcbab19926aa15e0459bcbcd2c5b3b57de7aa627c523f4850857f336f8f4cea06ba2f53bd3253303e1c0e05edcc9ccf41af2134d2854f339729313349518432a4d825d6f76c824cac7babcb62da7972db359fb40efd538f2abf3a7ab1ee35c2207eb39433dd9ab3b51759659edb4b188e4fbef79d5adaf44007568ed2a01bf0e6165e7228a4f82c72e260a9efa04ecb45c8bc192b286709e64bf3ed701bc5478782eb7ed95d7c55a5b0dc348614015b04becace0ad7dd85da40a169de958fe6177ba1842e34de314b7d6f04fb816a1f39d7ef5758c99b930be4a33a99e80f565317ce7904e0525ec9c79ea02df956d7f72bc27670eba3f3e698f2c45af12872211b2ad315db86529cc8d3e2238c607b6ebcdd24d57c8deb843b294350913d9a6768bc5a6a9b3ccc250f4308df0785382541aba34973795a7ded456108a0b5e75462b29771471cfd82ee0521929a6167042ec11b719a8d383eb6fc4bd28cde7cb8156cc43dc65a7d00c1317574cf543f46afdd6d343ca455b52e19b60a8a2aa73,gx-no-cache=1555429105797 HTTP/1.1" 200 30
186.103.159.188 - - [16/Apr/2019:12:42:09 -0300] "POST /cormun/servlet/solicitudot?gx-no-cache=1555429105832 HTTP/1.1" 200 30
186.103.159.188 - - [16/Apr/2019:12:42:10 -0300] "POST /cormun/servlet/solicitudot?gx-no-cache=1555429105893 HTTP/1.1" 200 1344
186.103.159.188 - - [16/Apr/2019:12:42:10 -0300] "POST /cormun/servlet/solicitudot?gx-no-cache=1555429106402 HTTP/1.1" 200 41
186.103.159.188 - - [16/Apr/2019:12:42:10 -0300] "GET /cormun/servlet/solicitudot?dcbab19926aa15e0459bcbcd2c5b3b575283a1643b067984f50a4ccfb49487e44ff5e0ef1eb7391c9f74c6570eb7b267a9e958165bd6d1fab412cf9eca4490d69faa3ddb67aa3a3f6945afc675150a45c498c5c140242039482d9935e0c32ddaeda6d7c4782b11b2381d5de0b3cdaca8,gx-no-cache=1555429106482 HTTP/1.1" 200 110
186.103.159.188 - - [16/Apr/2019:12:42:10 -0300] "POST /cormun/servlet/solicitudot?gx-no-cache=1555429106582 HTTP/1.1" 200 109
186.103.159.188 - - [16/Apr/2019:12:42:10 -0300] "GET /cormun/servlet/solicitudot?dcbab19926aa15e0459bcbcd2c5b3b5755f6d9dc492a7bcb8f8bedc6f577e3f33622e02af877a53e61244b98946de604748dda7f58e87d20820271ddffae7c754a15e5975e4bd546c7190d4584b7bb9348e8f21c34fa78cf7bd8c95a79722e6c9ac5149bbd657909e4db78df0eec2780b85a86a8385eb160fb77b0ee2f73591ece788f033d85e0e360a5d4bf27f37a4e0446c3c224c2fa46a504e95413eb7e1a,gx-no-cache=1555429106724 HTTP/1.1" 200 29
186.103.159.188 - - [16/Apr/2019:12:42:10 -0300] "GET /cormun/servlet/solicitudot?dcbab19926aa15e0459bcbcd2c5b3b573efc919e9625b7aedf7e1028269d2c0fee967c4bfe2f6d9e6336a95acf630a2a,gx-no-cache=1555429106853 HTTP/1.1" 200 30
186.103.159.188 - - [16/Apr/2019:12:42:10 -0300] "POST /cormun/servlet/solicitudot?gx-no-cache=1555429106942 HTTP/1.1" 200 34
186.103.159.188 - - [16/Apr/2019:12:42:11 -0300] "POST /cormun/servlet/solicitudot?83a3f227a7f683821d4f4a8d37abd977,INS,0,0,,gx-no-cache=1555429107048 HTTP/1.1" 200 93
186.103.159.188 - - [16/Apr/2019:12:42:11 -0300] "GET /cormun/servlet/hpexe_return? HTTP/1.1" 200 995
186.103.159.188 - - [16/Apr/2019:12:42:11 -0300] "GET /cormun/servlet/trsolicitudot HTTP/1.1" 200 9634
186.103.159.188 - - [16/Apr/2019:12:42:12 -0300] "GET /cormun/servlet/trsolicitudot HTTP/1.1" 200 9630
186.103.159.188 - - [16/Apr/2019:12:42:15 -0300] "POST /cormun/servlet/trsolicitudot?83a3f227a7f683821d4f4a8d37abd977,gx-no-cache=1555429111523 HTTP/1.1" 200 107
186.103.159.188 - - [16/Apr/2019:12:42:15 -0300] "GET /cormun/servlet/trsolicitudadjuntos?2019,15323, HTTP/1.1" 200 6139
186.103.159.188 - - [16/Apr/2019:12:42:15 -0300] "GET /cormun/servlet/trsolicitudadjuntos?2019,15323, HTTP/1.1" 200 6139
186.103.159.188 - - [16/Apr/2019:12:42:17 -0300] "GET /cormun/servlet/solicitudotadjuntos?INS,2019,15323,,1, HTTP/1.1" 200 6083
186.103.159.188 - - [16/Apr/2019:12:42:18 -0300] "GET /cormun/static/about:blank HTTP/1.1" 404 1011
186.103.159.188 - - [16/Apr/2019:12:42:18 -0300] "GET /cormun/servlet/solicitudotadjuntos?INS,2019,15323,,1, HTTP/1.1" 200 6077
186.103.159.188 - - [16/Apr/2019:12:42:18 -0300] "GET /cormun/servlet/solicitudotadjuntos?dcbab19926aa15e0459bcbcd2c5b3b57a74b6354368fd2d4e475e7756a3ecb7b6d5f9ff82ec90a64b3696f16d352ef63,gx-no-cache=1555429114773 HTTP/1.1" 200 30
186.103.159.188 - - [16/Apr/2019:12:42:18 -0300] "POST /cormun/servlet/solicitudotadjuntos?83a3f227a7f683821d4f4a8d37abd977,INS,2019,15323,,1,,gx-no-cache=1555429114847 HTTP/1.1" 200 3879
186.103.159.188 - - [16/Apr/2019:12:42:20 -0300] "POST /cormun/servlet/solicitudotadjuntos?gx-no-cache=1555429116752 HTTP/1.1" 200 26
186.103.159.188 - - [16/Apr/2019:12:42:32 -0300] "GET /cormun/servlet/solicitudotadjuntos?dcbab19926aa15e0459bcbcd2c5b3b57cfc1e5189606d0339f21324b3ec5e4f9,gx-no-cache=1555429128323 HTTP/1.1" 200 30
186.103.159.188 - - [16/Apr/2019:12:42:32 -0300] "GET /cormun/servlet/solicitudotadjuntos?dcbab19926aa15e0459bcbcd2c5b3b57cfc1e5189606d0339f21324b3ec5e4f9,gx-no-cache=1555429128347 HTTP/1.1" 200 30
186.103.159.188 - - [16/Apr/2019:12:42:33 -0300] "POST /cormun/servlet/solicitudotadjuntos?83a3f227a7f683821d4f4a8d37abd977,INS,2019,15323,,1, HTTP/1.1" 200 116
186.103.159.188 - - [16/Apr/2019:12:42:33 -0300] "GET /cormun/servlet/hpexe_return? HTTP/1.1" 200 1016
186.103.159.188 - - [16/Apr/2019:12:42:33 -0300] "GET /cormun/servlet/trsolicitudadjuntos?2019,15323, HTTP/1.1" 200 8736
186.103.159.188 - - [16/Apr/2019:12:42:33 -0300] "GET /cormun/servlet/trsolicitudadjuntos?2019,15323, HTTP/1.1" 200 8731
186.103.159.188 - - [16/Apr/2019:12:42:36 -0300] "GET /cormun/servlet/solicitudotadjuntos?INS,2019,15323,,1, HTTP/1.1" 200 6083
186.103.159.188 - - [16/Apr/2019:12:42:36 -0300] "GET /cormun/static/about:blank HTTP/1.1" 404 1011
186.103.159.188 - - [16/Apr/2019:12:42:36 -0300] "GET /cormun/servlet/solicitudotadjuntos?INS,2019,15323,,1, HTTP/1.1" 200 6077
186.103.159.188 - - [16/Apr/2019:12:42:37 -0300] "GET /cormun/servlet/solicitudotadjuntos?dcbab19926aa15e0459bcbcd2c5b3b57a74b6354368fd2d4e475e7756a3ecb7b6d5f9ff82ec90a64b3696f16d352ef63,gx-no-cache=1555429133179 HTTP/1.1" 200 30
186.103.159.188 - - [16/Apr/2019:12:42:37 -0300] "POST /cormun/servlet/solicitudotadjuntos?83a3f227a7f683821d4f4a8d37abd977,INS,2019,15323,,1,,gx-no-cache=1555429133338 HTTP/1.1" 200 3879
186.103.159.188 - - [16/Apr/2019:12:42:40 -0300] "POST /cormun/servlet/solicitudotadjuntos?gx-no-cache=1555429136258 HTTP/1.1" 200 26
186.103.159.188 - - [16/Apr/2019:12:42:44 -0300] "GET /cormun/servlet/solicitudotadjuntos?dcbab19926aa15e0459bcbcd2c5b3b57cfc1e5189606d0339f21324b3ec5e4f9,gx-no-cache=1555429140707 HTTP/1.1" 200 30
186.103.159.188 - - [16/Apr/2019:12:42:44 -0300] "GET /cormun/servlet/solicitudotadjuntos?dcbab19926aa15e0459bcbcd2c5b3b57cfc1e5189606d0339f21324b3ec5e4f9,gx-no-cache=1555429140726 HTTP/1.1" 200 30
186.103.159.188 - - [16/Apr/2019:12:42:45 -0300] "POST /cormun/servlet/solicitudotadjuntos?83a3f227a7f683821d4f4a8d37abd977,INS,2019,15323,,1, HTTP/1.1" 200 116
186.103.159.188 - - [16/Apr/2019:12:42:45 -0300] "GET /cormun/servlet/hpexe_return? HTTP/1.1" 200 1016
186.103.159.188 - - [16/Apr/2019:12:42:45 -0300] "GET /cormun/servlet/trsolicitudadjuntos?2019,15323, HTTP/1.1" 200 8956
186.103.159.188 - - [16/Apr/2019:12:42:45 -0300] "GET /cormun/servlet/trsolicitudadjuntos?2019,15323, HTTP/1.1" 200 8950
186.103.159.188 - - [16/Apr/2019:12:42:48 -0300] "GET /cormun/servlet/solicitudotadjuntos?INS,2019,15323,,1, HTTP/1.1" 200 6084
186.103.159.188 - - [16/Apr/2019:12:42:49 -0300] "GET /cormun/static/about:blank HTTP/1.1" 404 1011
186.103.159.188 - - [16/Apr/2019:12:42:49 -0300] "GET /cormun/servlet/solicitudotadjuntos?INS,2019,15323,,1, HTTP/1.1" 200 6078
186.103.159.188 - - [16/Apr/2019:12:42:49 -0300] "GET /cormun/servlet/solicitudotadjuntos?dcbab19926aa15e0459bcbcd2c5b3b57a74b6354368fd2d4e475e7756a3ecb7b6d5f9ff82ec90a64b3696f16d352ef63,gx-no-cache=1555429145577 HTTP/1.1" 200 30
186.103.159.188 - - [16/Apr/2019:12:42:50 -0300] "POST /cormun/servlet/solicitudotadjuntos?83a3f227a7f683821d4f4a8d37abd977,INS,2019,15323,,1,,gx-no-cache=1555429145694 HTTP/1.1" 200 3880
139.162.79.87 - - [16/Apr/2019:12:42:50 -0300] "GET / HTTP/1.1" 200 11217
186.103.159.188 - - [16/Apr/2019:12:42:52 -0300] "POST /cormun/servlet/solicitudotadjuntos?gx-no-cache=1555429148707 HTTP/1.1" 200 26
186.103.159.188 - - [16/Apr/2019:12:42:57 -0300] "GET /cormun/servlet/solicitudotadjuntos?dcbab19926aa15e0459bcbcd2c5b3b57cfc1e5189606d0339f21324b3ec5e4f9,gx-no-cache=1555429153187 HTTP/1.1" 200 30
186.103.159.188 - - [16/Apr/2019:12:42:57 -0300] "GET /cormun/servlet/solicitudotadjuntos?dcbab19926aa15e0459bcbcd2c5b3b57cfc1e5189606d0339f21324b3ec5e4f9,gx-no-cache=1555429153246 HTTP/1.1" 200 30
