186.103.159.188 - - [16/Apr/2019:09:42:31 -0300] "GET /cormun/static/about:blank HTTP/1.1" 404 1011
186.103.159.188 - - [16/Apr/2019:09:42:31 -0300] "GET /cormun/servlet/solicitudotadjuntos?INS,2019,15313,,1, HTTP/1.1" 200 6089
186.103.159.188 - - [16/Apr/2019:09:42:32 -0300] "GET /cormun/servlet/solicitudotadjuntos?6f89842073eea2866fa5d3c203945565d9bb636f7bfcaa80c0e2d3f3cfa2f606b351527a7e5064f9c7b9cda9de87f84c,gx-no-cache=1555418327845 HTTP/1.1" 200 30
186.103.159.188 - - [16/Apr/2019:09:42:32 -0300] "POST /cormun/servlet/solicitudotadjuntos?61dbe53f54ff965e28299dc6a800b32b,INS,2019,15313,,1,,gx-no-cache=1555418327970 HTTP/1.1" 200 3859
186.103.159.188 - - [16/Apr/2019:09:42:35 -0300] "POST /cormun/servlet/solicitudotadjuntos?gx-no-cache=1555418331758 HTTP/1.1" 200 26
186.103.159.188 - - [16/Apr/2019:09:42:41 -0300] "GET /cormun/servlet/solicitudotadjuntos?6f89842073eea2866fa5d3c2039455653b8d318a2c809e6c1c34034f293bb00d,gx-no-cache=1555418337262 HTTP/1.1" 200 30
186.103.159.188 - - [16/Apr/2019:09:42:41 -0300] "GET /cormun/servlet/solicitudotadjuntos?6f89842073eea2866fa5d3c2039455653b8d318a2c809e6c1c34034f293bb00d,gx-no-cache=1555418337407 HTTP/1.1" 200 30
186.103.159.188 - - [16/Apr/2019:09:42:42 -0300] "POST /cormun/servlet/solicitudotadjuntos?61dbe53f54ff965e28299dc6a800b32b,INS,2019,15313,,1, HTTP/1.1" 200 116
186.103.159.188 - - [16/Apr/2019:09:42:42 -0300] "GET /cormun/servlet/hpexe_return? HTTP/1.1" 200 1027
186.103.159.188 - - [16/Apr/2019:09:42:42 -0300] "GET /cormun/servlet/trsolicitudadjuntos?2019,15313, HTTP/1.1" 200 9184
186.103.159.188 - - [16/Apr/2019:09:42:43 -0300] "GET /cormun/servlet/trsolicitudadjuntos?2019,15313, HTTP/1.1" 200 9181
186.103.159.188 - - [16/Apr/2019:09:42:45 -0300] "GET /cormun/servlet/solicitudotadjuntos?INS,2019,15313,,1, HTTP/1.1" 200 6096
186.103.159.188 - - [16/Apr/2019:09:42:46 -0300] "GET /cormun/static/about:blank HTTP/1.1" 404 1011
186.103.159.188 - - [16/Apr/2019:09:42:46 -0300] "GET /cormun/servlet/solicitudotadjuntos?INS,2019,15313,,1, HTTP/1.1" 200 6090
186.103.159.188 - - [16/Apr/2019:09:42:46 -0300] "GET /cormun/servlet/solicitudotadjuntos?6f89842073eea2866fa5d3c203945565d9bb636f7bfcaa80c0e2d3f3cfa2f606b351527a7e5064f9c7b9cda9de87f84c,gx-no-cache=1555418342594 HTTP/1.1" 200 30
186.103.159.188 - - [16/Apr/2019:09:42:47 -0300] "POST /cormun/servlet/solicitudotadjuntos?61dbe53f54ff965e28299dc6a800b32b,INS,2019,15313,,1,,gx-no-cache=1555418342681 HTTP/1.1" 200 3860
186.103.159.188 - - [16/Apr/2019:09:42:56 -0300] "POST /cormun/servlet/solicitudotadjuntos?gx-no-cache=1555418352637 HTTP/1.1" 200 26
186.103.159.188 - - [16/Apr/2019:09:43:03 -0300] "GET /cormun/servlet/solicitudotadjuntos?6f89842073eea2866fa5d3c2039455653b8d318a2c809e6c1c34034f293bb00d,gx-no-cache=1555418359493 HTTP/1.1" 200 30
186.103.159.188 - - [16/Apr/2019:09:43:03 -0300] "GET /cormun/servlet/solicitudotadjuntos?6f89842073eea2866fa5d3c2039455653b8d318a2c809e6c1c34034f293bb00d,gx-no-cache=1555418359579 HTTP/1.1" 200 30
186.103.159.188 - - [16/Apr/2019:09:43:07 -0300] "POST /cormun/servlet/solicitudotadjuntos?61dbe53f54ff965e28299dc6a800b32b,INS,2019,15313,,1, HTTP/1.1" 200 116
186.103.159.188 - - [16/Apr/2019:09:43:07 -0300] "GET /cormun/servlet/hpexe_return? HTTP/1.1" 200 1027
186.103.159.188 - - [16/Apr/2019:09:43:07 -0300] "GET /cormun/servlet/trsolicitudadjuntos?2019,15313, HTTP/1.1" 200 9398
186.103.159.188 - - [16/Apr/2019:09:43:08 -0300] "GET /cormun/servlet/trsolicitudadjuntos?2019,15313, HTTP/1.1" 200 9394
186.103.159.46 - - [16/Apr/2019:09:43:08 -0300] "GET /cormun/servlet/solicitudot?dd99cf5129dfae650f22b98eb88bffb3771ccf5ecc4694754613ca7fc78815c9ab7b1880c412bb3e8b57921feec4c5d7,gx-no-cache=1555414762847 HTTP/1.1" 200 30
186.103.159.188 - - [16/Apr/2019:09:43:12 -0300] "GET /cormun/servlet/trsolicitudot? HTTP/1.1" 200 8629
186.103.159.188 - - [16/Apr/2019:09:43:12 -0300] "GET /cormun/servlet/trsolicitudot? HTTP/1.1" 200 8622
186.103.159.188 - - [16/Apr/2019:09:43:16 -0300] "POST /cormun/servlet/trsolicitudot?61dbe53f54ff965e28299dc6a800b32b,,gx-no-cache=1555418372426 HTTP/1.1" 200 106
186.103.159.188 - - [16/Apr/2019:09:43:16 -0300] "GET /cormun/servlet/solicitudot?UPD,2019,15313, HTTP/1.1" 200 15535
186.103.159.188 - - [16/Apr/2019:09:43:17 -0300] "GET /cormun/servlet/solicitudot?UPD,2019,15313, HTTP/1.1" 200 15544
186.103.159.188 - - [16/Apr/2019:09:43:18 -0300] "POST /cormun/servlet/solicitudot?gx-no-cache=1555418373666 HTTP/1.1" 200 3520
186.103.159.188 - - [16/Apr/2019:09:43:18 -0300] "POST /cormun/servlet/solicitudot?61dbe53f54ff965e28299dc6a800b32b,UPD,2019,15313,,gx-no-cache=1555418373999 HTTP/1.1" 200 11836
186.103.159.188 - - [16/Apr/2019:09:43:18 -0300] "GET /cormun/servlet/solicitudot?6f89842073eea2866fa5d3c20394556523c052ff0f2149094c1448d3b15d89509c448e27e53729939908f3a4f790c6b5,gx-no-cache=1555418374321 HTTP/1.1" 200 30
186.103.159.188 - - [16/Apr/2019:09:43:18 -0300] "GET /cormun/servlet/solicitudot?6f89842073eea2866fa5d3c20394556524d7caceec48deb0d8d69642370f028f3117c695ebafff8e5c62a1104af2ac30282c41141f254e3804941609cd63ed3d,gx-no-cache=1555418374354 HTTP/1.1" 200 30
186.103.159.188 - - [16/Apr/2019:09:43:18 -0300] "GET /cormun/servlet/solicitudot?6f89842073eea2866fa5d3c20394556572ae31fd7e0b606cb8b6a5b10a4a418e,gx-no-cache=1555418374402 HTTP/1.1" 200 29
186.103.159.188 - - [16/Apr/2019:09:43:18 -0300] "POST /cormun/servlet/solicitudot?gx-no-cache=1555418374517 HTTP/1.1" 200 297
186.103.159.188 - - [16/Apr/2019:09:43:19 -0300] "GET /cormun/servlet/solicitudot?6f89842073eea2866fa5d3c203945565285318961a220f65d50497cffa931b0829485ea4d8957ac061674d5c17631c5185d2f00041ab63386b2afccb56d3d8a0c27f8546a1bf53fb4f31808e880c56edb3e57718df91a7f15d818b8d1a441b7430baed6401607de4e3f70dfe38e2c8b2c41010afc1c4a8f930f03b66b67910c659d8eade6aaf7f7a20c7fdc769230f5eed1991871f580c185286b4096a45834528192d5651938ac0096bf8cf8e127f254abf14e27cf65d64e2b81bb78345de7cc6f691b6919be8d58778e61d4b871ea890a6aef02b7031766942ca0d5aaac9b8307a7bd2603dcaa20567477800fb151f9ed40fe7095921dd53465e2c72ef21141e2a4aeaf8251e089d6a38087c1d0bd93b413b955ece6d2cfb5335b6833ae193a9d9783ed172f708f17f26ccb29c371963875f3aadba283a5b7c4b75751da55fb0cb0e51144add7fd6db56bcdd8daeca77aa7de4c263a4d11738c7d6e3ae62860cae2b90359c41f53c7953b882cb09c212cd93d16b6e51a9c8d5efb98a26474b5bcef8cab129bb0c78b3372da6e532e4,gx-no-cache=1555418374616 HTTP/1.1" 200 30
186.103.159.188 - - [16/Apr/2019:09:43:19 -0300] "POST /cormun/servlet/solicitudot?gx-no-cache=1555418374976 HTTP/1.1" 200 30
186.103.159.188 - - [16/Apr/2019:09:43:19 -0300] "POST /cormun/servlet/solicitudot?gx-no-cache=1555418375081 HTTP/1.1" 200 1330
186.103.159.188 - - [16/Apr/2019:09:43:19 -0300] "POST /cormun/servlet/solicitudot?gx-no-cache=1555418375241 HTTP/1.1" 200 40
186.103.159.46 - - [16/Apr/2019:09:43:25 -0300] "GET /cormun/servlet/solicitudot?dd99cf5129dfae650f22b98eb88bffb3d9779e8622517701eff3d86d2c3bab203c7a40a02788561c5a5996c58c2e514fe445399be3918e52a5e07d301960f53db51f08ac84486170c90f27da9d58e3d1f731eab24c120aa638e35ffb87e378079e6e30587dff537050b01705be8e5da081fa3386950842a23dcc771d94eafde4a3601695869fb615e47f9c4517b5b98cb63f226b0b02723d4cf10089b71729b4522f825816e3b3e2330fa0f82681887dd2de1fcbcd658a331d36dee9d132d988d62988debe9634cceafff2e6163f2dd06478952836f6f92b031eb4503e1d9ebdbc75da50594c0d639cfd5c9f0fd608ec00da3f31c65fb1ebbc721e38e2b31200d24a132601d833384e80879eafa983f526240ef4db8cca96ab2a6097b64b4e46b8d49b753c5effaef18d6330abcf101c523516777324a27a83a1ead92c93de346b2c130dae20af91a6529696d9dc6d17e519728f0358f3ae0d79a1bff2464667c1e226cace90d8b420b29d938eac59b9fd27cda9db688b5f8c81763345162236a8d58c0eff8f5b6148840d0f474325e0,gx-no-cache=1555414780193 HTTP/1.1" 200 30
186.103.159.46 - - [16/Apr/2019:09:43:25 -0300] "POST /cormun/servlet/solicitudot?gx-no-cache=1555414780368 HTTP/1.1" 200 30
186.103.159.46 - - [16/Apr/2019:09:43:26 -0300] "POST /cormun/servlet/solicitudot?gx-no-cache=1555414780518 HTTP/1.1" 200 1328
186.103.159.46 - - [16/Apr/2019:09:43:26 -0300] "POST /cormun/servlet/solicitudot?gx-no-cache=1555414781093 HTTP/1.1" 200 40
186.103.159.46 - - [16/Apr/2019:09:43:26 -0300] "GET /cormun/servlet/solicitudot?dd99cf5129dfae650f22b98eb88bffb3d025a85f466a0a9cb23b2eb7bdb163ea9a6284467f69f1b180b780bf9cd01457916e7cf209f824fed6378f3790479904b2dd862029010c99eb2fe4c10a5b8ef55008651b5efac72c1f2bbdca4f69d7aade5ca16e8158ed68a20015649eae9bb6,gx-no-cache=1555414781206 HTTP/1.1" 200 110
186.103.159.46 - - [16/Apr/2019:09:43:26 -0300] "POST /cormun/servlet/solicitudot?gx-no-cache=1555414781295 HTTP/1.1" 200 64
186.103.159.46 - - [16/Apr/2019:09:43:27 -0300] "POST /cormun/servlet/solicitudot?gx-no-cache=1555414781450 HTTP/1.1" 200 30
186.103.159.46 - - [16/Apr/2019:09:43:27 -0300] "POST /cormun/servlet/solicitudot?6c34f25430bb7f14fe1fe1cddccc66cf,INS,0,0,,gx-no-cache=1555414781580 HTTP/1.1" 200 12048
186.103.159.46 - - [16/Apr/2019:09:43:28 -0300] "GET /cormun/static/Shared/jqueryui/images/ui-bg_highlight-soft_100_c6c2c8_1x100.png HTTP/1.1" 404 1117
186.103.159.46 - - [16/Apr/2019:09:43:28 -0300] "GET /cormun/static/Shared/jqueryui/images/ui-icons_82798d_256x240.png HTTP/1.1" 404 1089
186.103.159.46 - - [16/Apr/2019:09:43:28 -0300] "GET /cormun/static/Shared/jqueryui/images/ui-bg_flat_55_994d53_40x100.png HTTP/1.1" 404 1097
186.103.159.46 - - [16/Apr/2019:09:43:28 -0300] "GET /cormun/static/Shared/jqueryui/images/ui-icons_ebccce_256x240.png HTTP/1.1" 404 1089
190.171.149.90 - - [16/Apr/2019:09:43:28 -0300] "GET /cormun/servlet/prfichaempleado?,MD,,gxPopupLevel%3D0%3B HTTP/1.1" 200 9389
190.171.149.90 - - [16/Apr/2019:09:43:28 -0300] "GET /cormun/static/gxui/gxui-all.css?110300 HTTP/1.1" 200 2179
190.171.149.90 - - [16/Apr/2019:09:43:28 -0300] "GET /cormun/static/Resources/Spanish/PXTools.css?1155365 HTTP/1.1" 200 16384
190.171.149.90 - - [16/Apr/2019:09:43:41 -0300] "POST /cormun/servlet/prfichaempleado?6c7907bec8fcb7cbe07413d3f88ae2fa,,MD,,gxPopupLevel%3D0%3B,gx-no-cache=1555418396098 HTTP/1.1" 200 3799
186.103.159.46 - - [16/Apr/2019:09:43:45 -0300] "GET /cormun/servlet/solicitudot?dd99cf5129dfae650f22b98eb88bffb3d9779e8622517701eff3d86d2c3bab203c7a40a02788561c5a5996c58c2e514fe445399be3918e52a5e07d301960f53db51f08ac84486170c90f27da9d58e3d1f731eab24c120aa638e35ffb87e378079e6e30587dff537050b01705be8e5da081fa3386950842a23dcc771d94eafde4a3601695869fb615e47f9c4517b5b98cb63f226b0b02723d4cf10089b71729b4522f825816e3b3e2330fa0f82681887dd2de1fcbcd658a331d36dee9d132d988d62988debe9634cceafff2e6163f2dd06478952836f6f92b031eb4503e1d9ebdbc75da50594c0d639cfd5c9f0fd608ec00da3f31c65fb1ebbc721e38e2b31200d24a132601d833384e80879eafa983f526240ef4db8cca96ab2a6097b64b4e46b8d49b753c5effaef18d6330abcf101c523516777324a27a83a1ead92c93de346b2c130dae20af91a6529696d9dc6d17e519728f0358f3ae0d79a1bff2464667c1e226cace90d8b420b29d938eac59b9fd27cda9db688b5f8c81763345162236a8d58c0eff8f5b6148840d0f474325e0,gx-no-cache=1555414799406 HTTP/1.1" 200 30
186.103.159.46 - - [16/Apr/2019:09:43:45 -0300] "POST /cormun/servlet/solicitudot?gx-no-cache=1555414799838 HTTP/1.1" 200 30
186.103.159.46 - - [16/Apr/2019:09:43:45 -0300] "POST /cormun/servlet/solicitudot?gx-no-cache=1555414800064 HTTP/1.1" 200 1328
186.103.159.46 - - [16/Apr/2019:09:43:46 -0300] "POST /cormun/servlet/solicitudot?gx-no-cache=1555414800505 HTTP/1.1" 200 40
186.103.159.46 - - [16/Apr/2019:09:43:46 -0300] "GET /cormun/servlet/solicitudot?dd99cf5129dfae650f22b98eb88bffb3d025a85f466a0a9cb23b2eb7bdb163ea9a6284467f69f1b180b780bf9cd01457916e7cf209f824fed6378f3790479904b2dd862029010c99eb2fe4c10a5b8ef55008651b5efac72c1f2bbdca4f69d7aade5ca16e8158ed68a20015649eae9bb6,gx-no-cache=1555414800689 HTTP/1.1" 200 110
186.103.159.46 - - [16/Apr/2019:09:43:46 -0300] "POST /cormun/servlet/solicitudot?gx-no-cache=1555414800853 HTTP/1.1" 200 64
186.103.159.46 - - [16/Apr/2019:09:43:46 -0300] "GET /cormun/servlet/solicitudot?dd99cf5129dfae650f22b98eb88bffb3771ccf5ecc4694754613ca7fc78815c9ab7b1880c412bb3e8b57921feec4c5d7,gx-no-cache=1555414801180 HTTP/1.1" 200 30
186.103.159.46 - - [16/Apr/2019:09:43:47 -0300] "POST /cormun/servlet/solicitudot?gx-no-cache=1555414801327 HTTP/1.1" 200 30
186.103.159.46 - - [16/Apr/2019:09:43:47 -0300] "POST /cormun/servlet/solicitudot?6c34f25430bb7f14fe1fe1cddccc66cf,INS,0,0,,gx-no-cache=1555414801507 HTTP/1.1" 200 93
186.103.159.46 - - [16/Apr/2019:09:43:47 -0300] "GET /cormun/servlet/hpexe_return? HTTP/1.1" 200 1004
186.103.159.46 - - [16/Apr/2019:09:43:48 -0300] "GET /cormun/servlet/trsolicitudot HTTP/1.1" 200 8643
186.103.159.46 - - [16/Apr/2019:09:43:50 -0300] "GET /cormun/servlet/trsolicitudot HTTP/1.1" 200 8636
190.171.149.90 - - [16/Apr/2019:09:43:57 -0300] "GET /cormun/servlet/trpermisosgoce? HTTP/1.1" 200 9602
190.171.149.90 - - [16/Apr/2019:09:43:58 -0300] "GET /cormun/static/gxcfg.js?20177612163875 HTTP/1.1" 200 953
190.171.149.90 - - [16/Apr/2019:09:43:58 -0300] "GET /cormun/servlet/trpermisosgoce? HTTP/1.1" 200 9601
186.103.159.46 - - [16/Apr/2019:09:44:02 -0300] "POST /cormun/servlet/trsolicitudot?6c34f25430bb7f14fe1fe1cddccc66cf,gx-no-cache=1555414816287 HTTP/1.1" 200 107
186.103.159.46 - - [16/Apr/2019:09:44:02 -0300] "GET /cormun/servlet/trsolicitudadjuntos?2019,15314, HTTP/1.1" 200 6163
190.171.149.90 - - [16/Apr/2019:09:44:03 -0300] "GET /cormun/servlet/trcontratounov2? HTTP/1.1" 200 8132
190.171.149.90 - - [16/Apr/2019:09:44:03 -0300] "GET /cormun/static/Resources/Spanish/PXTools.css?11423723 HTTP/1.1" 304 -
190.171.149.90 - - [16/Apr/2019:09:44:03 -0300] "GET /cormun/static/gxcfg.js?201752512124396 HTTP/1.1" 200 953
190.171.149.90 - - [16/Apr/2019:09:44:03 -0300] "GET /cormun/static/trcontratounov2.js?201752512125146 HTTP/1.1" 304 -
190.171.149.90 - - [16/Apr/2019:09:44:03 -0300] "GET /cormun/static/Resources/PXToolsHeaderActionsLeft.png HTTP/1.1" 200 1118
190.171.149.90 - - [16/Apr/2019:09:44:03 -0300] "GET /cormun/static/Resources/PXToolsAddSelectedAction.png HTTP/1.1" 304 -
190.171.149.90 - - [16/Apr/2019:09:44:04 -0300] "GET /cormun/servlet/trcontratounov2? HTTP/1.1" 200 8132
186.103.159.46 - - [16/Apr/2019:09:44:04 -0300] "GET /cormun/servlet/trsolicitudadjuntos?2019,15314, HTTP/1.1" 200 6163
186.103.159.46 - - [16/Apr/2019:09:44:06 -0300] "GET /cormun/servlet/solicitudotadjuntos?INS,2019,15314,,1, HTTP/1.1" 200 6112
186.103.159.46 - - [16/Apr/2019:09:44:07 -0300] "GET /cormun/static/about:blank HTTP/1.1" 404 1011
186.103.159.46 - - [16/Apr/2019:09:44:08 -0300] "GET /cormun/servlet/solicitudotadjuntos?INS,2019,15314,,1, HTTP/1.1" 200 6106
186.103.159.46 - - [16/Apr/2019:09:44:08 -0300] "GET /cormun/servlet/solicitudotadjuntos?dd99cf5129dfae650f22b98eb88bffb37efa8acbf3d646fccae525b2171a4942dae8cfe5736e37a865dfa96261ef3f16,gx-no-cache=1555414823350 HTTP/1.1" 200 30
186.103.159.46 - - [16/Apr/2019:09:44:09 -0300] "POST /cormun/servlet/solicitudotadjuntos?6c34f25430bb7f14fe1fe1cddccc66cf,INS,2019,15314,,1,,gx-no-cache=1555414823516 HTTP/1.1" 200 3853
190.171.143.106 - - [16/Apr/2019:09:44:13 -0300] "GET /cormun/static/Resources/resize.gif HTTP/1.1" 200 77
190.171.143.106 - - [16/Apr/2019:09:44:13 -0300] "GET /cormun/servlet/prbanco?,MD,,gxPopupLevel%3D0%3B HTTP/1.1" 200 6653
190.171.143.106 - - [16/Apr/2019:09:44:13 -0300] "GET /cormun/static/gxcfg.js?20181161016094 HTTP/1.1" 200 953
190.171.143.106 - - [16/Apr/2019:09:44:13 -0300] "GET /cormun/static/Resources/PXToolsMenuSearch.png HTTP/1.1" 200 2914
190.171.143.106 - - [16/Apr/2019:09:44:13 -0300] "GET /cormun/static/Resources/PXToolsMenuSearchCancel.png HTTP/1.1" 200 2972
190.171.143.106 - - [16/Apr/2019:09:44:13 -0300] "GET /cormun/static/hmpwkw011.js?20177612121862 HTTP/1.1" 200 1968
190.171.143.106 - - [16/Apr/2019:09:44:13 -0300] "GET /cormun/static/prbanco.js?2018116101633 HTTP/1.1" 200 10693
190.171.143.106 - - [16/Apr/2019:09:44:13 -0300] "GET /cormun/static/menusearch.js?201610171694467 HTTP/1.1" 200 1424
186.103.159.46 - - [16/Apr/2019:09:44:14 -0300] "POST /cormun/servlet/solicitudotadjuntos?gx-no-cache=1555414828031 HTTP/1.1" 200 26
186.103.159.188 - - [16/Apr/2019:09:44:19 -0300] "POST /cormun/servlet/solicitudot?gx-no-cache=1555418434703 HTTP/1.1" 200 30
190.171.143.106 - - [16/Apr/2019:09:44:19 -0300] "GET /cormun/servlet/solicitudot?595e3841274ed4e14ca0bb68ba32776ee33c8ac418d897f18ad51e1c844f508c,gx-no-cache=1555418435557 HTTP/1.1" 200 94
190.171.143.106 - - [16/Apr/2019:09:44:21 -0300] "GET /cormun/servlet/solicitudot?595e3841274ed4e14ca0bb68ba32776ed3c01ddb3a9d3fccdb326793089e3e61,gx-no-cache=1555418436732 HTTP/1.1" 200 53
186.103.159.188 - - [16/Apr/2019:09:44:28 -0300] "POST /cormun/servlet/solicitudot?gx-no-cache=1555418444323 HTTP/1.1" 200 1330
186.103.159.188 - - [16/Apr/2019:09:44:28 -0300] "POST /cormun/servlet/solicitudot?gx-no-cache=1555418444650 HTTP/1.1" 200 40
186.103.159.188 - - [16/Apr/2019:09:44:29 -0300] "GET /cormun/servlet/solicitudot?6f89842073eea2866fa5d3c2039455659f6c6b4a2b3b86d6324c3ddec79505aff0c4f8c832c254b6b208bdd8a51e4e779c28443512e72e7e348144a5b56abf5e8948f79ec3637ea5375df3bf5617b462f53f536c36bf3dcf87c05cc32cc68ff49ade5b7b3748e134d70b5bd073354072,gx-no-cache=1555418444783 HTTP/1.1" 200 110
186.103.159.188 - - [16/Apr/2019:09:44:29 -0300] "POST /cormun/servlet/solicitudot?gx-no-cache=1555418444915 HTTP/1.1" 200 67
186.103.159.188 - - [16/Apr/2019:09:44:29 -0300] "GET /cormun/servlet/solicitudot?6f89842073eea2866fa5d3c203945565813e0b94e8746421b9de75fc7c4a834aa821da6710ade870b774394ea63bf58b9faa6829ec68e1dec815d6356ab3b155082222a96dde8a39e16016793b5865a063956210c903a545764e8c1b813f7720c57bd1c43b24a307905f65f89ee4cc71,gx-no-cache=1555418445148 HTTP/1.1" 200 29
186.103.159.188 - - [16/Apr/2019:09:44:29 -0300] "GET /cormun/servlet/solicitudot?6f89842073eea2866fa5d3c2039455650f2c74ae6a2a3b06c917b6a03dcb1807783e3b356c23c9fb53d4b79845ccd5d4,gx-no-cache=1555418445279 HTTP/1.1" 200 30
186.103.159.188 - - [16/Apr/2019:09:44:29 -0300] "POST /cormun/servlet/solicitudot?gx-no-cache=1555418445422 HTTP/1.1" 200 30
186.103.159.188 - - [16/Apr/2019:09:44:30 -0300] "POST /cormun/servlet/solicitudot?61dbe53f54ff965e28299dc6a800b32b,UPD,2019,15313,,gx-no-cache=1555418445564 HTTP/1.1" 200 93
186.103.159.188 - - [16/Apr/2019:09:44:30 -0300] "GET /cormun/servlet/hpexe_return? HTTP/1.1" 200 1014
186.103.159.188 - - [16/Apr/2019:09:44:30 -0300] "GET /cormun/servlet/trsolicitudot HTTP/1.1" 200 8627
186.103.159.188 - - [16/Apr/2019:09:44:31 -0300] "GET /cormun/servlet/trsolicitudot HTTP/1.1" 200 8623
186.103.159.188 - - [16/Apr/2019:09:44:35 -0300] "POST /cormun/servlet/trsolicitudot?61dbe53f54ff965e28299dc6a800b32b,gx-no-cache=1555418450558 HTTP/1.1" 200 107
186.103.159.188 - - [16/Apr/2019:09:44:36 -0300] "GET /cormun/servlet/trsolicitudadjuntos?2019,15313, HTTP/1.1" 200 9394
186.103.159.188 - - [16/Apr/2019:09:44:36 -0300] "GET /cormun/servlet/trsolicitudadjuntos?2019,15313, HTTP/1.1" 200 9395
186.103.159.188 - - [16/Apr/2019:09:44:48 -0300] "GET /cormun/servlet/trsolicitudot? HTTP/1.1" 200 8629
186.103.159.188 - - [16/Apr/2019:09:44:49 -0300] "GET /cormun/servlet/trsolicitudot? HTTP/1.1" 200 8623
186.103.159.188 - - [16/Apr/2019:09:45:02 -0300] "POST /cormun/servlet/trsolicitudot?61dbe53f54ff965e28299dc6a800b32b,,gx-no-cache=1555418477603 HTTP/1.1" 200 107
186.103.159.188 - - [16/Apr/2019:09:45:03 -0300] "GET /cormun/servlet/trsolicitudadjuntos?2019,15313, HTTP/1.1" 200 9392
186.103.159.188 - - [16/Apr/2019:09:45:03 -0300] "GET /cormun/servlet/trsolicitudadjuntos?2019,15313, HTTP/1.1" 200 9395
190.171.149.90 - - [16/Apr/2019:09:45:13 -0300] "GET /cormun/servlet/trpermisosgoce? HTTP/1.1" 200 9602
190.171.149.90 - - [16/Apr/2019:09:45:14 -0300] "GET /cormun/servlet/trpermisosgoce? HTTP/1.1" 200 9601
190.171.149.90 - - [16/Apr/2019:09:45:17 -0300] "GET /cormun/servlet/permisogoce?INS,0,,, HTTP/1.1" 200 7162
190.171.149.90 - - [16/Apr/2019:09:45:18 -0300] "GET /cormun/static/gxcfg.js?201776126440 HTTP/1.1" 200 953
190.171.149.90 - - [16/Apr/2019:09:45:18 -0300] "GET /cormun/servlet/permisogoce?INS,0,,, HTTP/1.1" 200 7161
186.103.159.204 - - [16/Apr/2019:09:45:28 -0300] "GET /cormun/servlet/hlogin HTTP/1.1" 200 1728
190.171.149.90 - - [16/Apr/2019:09:45:30 -0300] "GET /cormun/servlet/prfichaempleado?,MD,,gxPopupLevel%3D0%3B HTTP/1.1" 200 9389
190.171.143.106 - - [16/Apr/2019:09:45:32 -0300] "GET /cormun/servlet/solicitudot?595e3841274ed4e14ca0bb68ba32776e09e18f74f827cfb5e2b7ff2a2ff4a371866a622e545c0dbae1fb5e716693b0c55066d659ccee9a22045b5b91cfc509f0,gx-no-cache=1555418508234 HTTP/1.1" 200 30
186.103.159.204 - - [16/Apr/2019:09:45:32 -0300] "POST /cormun/servlet/hlogin?818cc1f627f2431e83cf6943e7b3b25d,gx-no-cache=1555418506083 HTTP/1.1" 200 90
186.103.159.204 - - [16/Apr/2019:09:45:32 -0300] "GET /cormun/servlet/hpexe_link HTTP/1.1" 200 955
186.103.159.204 - - [16/Apr/2019:09:45:32 -0300] "GET /cormun/servlet/hhome HTTP/1.1" 200 4021
186.103.159.204 - - [16/Apr/2019:09:45:33 -0300] "GET /cormun/servlet/hhome HTTP/1.1" 200 4016
186.103.159.204 - - [16/Apr/2019:09:45:41 -0300] "GET /cormun/servlet/trpermisosgoce? HTTP/1.1" 200 9337
186.103.159.204 - - [16/Apr/2019:09:45:41 -0300] "GET /cormun/static/gxcfg.js?20177612163875 HTTP/1.1" 200 953
186.103.159.204 - - [16/Apr/2019:09:45:41 -0300] "GET /cormun/static/trpermisosgoce.js?20177612164335 HTTP/1.1" 200 35904
186.103.159.204 - - [16/Apr/2019:09:45:42 -0300] "GET /cormun/servlet/trpermisosgoce? HTTP/1.1" 200 9335
190.171.149.90 - - [16/Apr/2019:09:45:50 -0300] "POST /cormun/servlet/prfichaempleado?6c7907bec8fcb7cbe07413d3f88ae2fa,,MD,,gxPopupLevel%3D0%3B,gx-no-cache=1555418525144 HTTP/1.1" 200 3199
190.171.149.90 - - [16/Apr/2019:09:45:51 -0300] "POST /cormun/servlet/prfichaempleado?6c7907bec8fcb7cbe07413d3f88ae2fa,,MD,,gxPopupLevel%3D0%3B,gx-no-cache=1555418526599 HTTP/1.1" 200 3199
190.171.149.90 - - [16/Apr/2019:09:45:52 -0300] "POST /cormun/servlet/prfichaempleado?6c7907bec8fcb7cbe07413d3f88ae2fa,,MD,,gxPopupLevel%3D0%3B,gx-no-cache=1555418527437 HTTP/1.1" 200 3199
186.103.159.46 - - [16/Apr/2019:09:45:53 -0300] "GET /cormun/servlet/solicitudotadjuntos?dd99cf5129dfae650f22b98eb88bffb3d242fed5e9330f9e380f524ab96f4967,gx-no-cache=1555414927604 HTTP/1.1" 200 30
190.171.143.106 - - [16/Apr/2019:09:45:53 -0300] "GET /cormun/servlet/solicitudot?595e3841274ed4e14ca0bb68ba32776ee88ff912f26c74aef11c3977d5f7d7170f04ce1016f2cae0c3c13dca1e99f1c95f50e58645eaaa5876082287a099cea32d7fec6599da45cf4ee9a38bf08f1d9da44711967e7255b2eb8ba83ae6a25c607ea8b3294b398ef5916b229d71bfb8369e17db18ec8f18885918fc25a83e2219438aaf1ff22dfec5019f8f6087adffa93c71b898445b0ce3c0cbfa1a39b24083ac60115582907811804f82bcb4b8a9d3dc12fd2ad9cadf4050291655a0f371eb6f2ac79e6b8b8142cbda5d718ab96af3cff5da7d705e96dc98cc9d4738187bcbfdc909414ff537a9e860a6a7da6e8815ce7687950baa4eceb4f78e73623de55db69fdd2eb4c3eace68cf271c6d8ad035950d77546d49bbbf7f4954a443081579fbb9350dc5cff53dcf482ed509528369adf8ceeec1f491e36b88d0088d8768178b4deb7b274de241101f5f3b5f0aa1fa,gx-no-cache=1555418529097 HTTP/1.1" 200 297
186.103.159.46 - - [16/Apr/2019:09:45:53 -0300] "GET /cormun/servlet/solicitudotadjuntos?dd99cf5129dfae650f22b98eb88bffb3d242fed5e9330f9e380f524ab96f4967,gx-no-cache=1555414927887 HTTP/1.1" 200 30
190.171.149.90 - - [16/Apr/2019:09:45:53 -0300] "POST /cormun/servlet/prfichaempleado?6c7907bec8fcb7cbe07413d3f88ae2fa,,MD,,gxPopupLevel%3D0%3B,gx-no-cache=1555418527857 HTTP/1.1" 200 3199
190.171.143.106 - - [16/Apr/2019:09:45:53 -0300] "GET /cormun/servlet/solicitudot?595e3841274ed4e14ca0bb68ba32776e7fc68f761754f356b88eac6a9696a17cb3c60a6c0283f781d7a66873791f5ba013cb997d98ddcc10ee8c4084abcc8d57e1ccb1b2904daab30dc6d8e9de4e3834bf1c35c901dc143b92c4cfe7320d21e298779d6236cb9d4b577285d46384133afdd4adecd3ba9844c4ede2c873e2c74f7bab4e27073cf865fc2545bff25cef9206d667441e757bd5b6160c1bd6fc182039f48d5f32b476cbc46b1d650b15e688772b85b6e9106b13bdca7c077f9e962d1b3a1fa0d2e8d596fd487403c31e446588711892c849f0f813c92957c2c2eded49762746b1b90f867af3d17b3098da126022fd32347eebaf4bba4d1d28acd4c7c9029cf84c57b912db9c630a2a4f4ac22a020a6829e9077f815c0b698336aa58c3a4415446d7ffcc5f731a41daf6ce2709ea4c30fde57571fbf0aa998972d0620fa6edaadea51607bd3b5eb42a220fac3d5675eaefeed0ddf4c8041f38f890de714012e50aefe8c8e4a211d5177ab8c49ea3d9d7a73fb2bac3f85bbc4e71f1960e24b78a8eba3fe17ad5691597f5f34b,gx-no-cache=1555418529364 HTTP/1.1" 200 30
186.103.159.204 - - [16/Apr/2019:09:45:55 -0300] "GET /cormun/static/menuarrow.gif HTTP/1.1" 404 1015
190.171.143.106 - - [16/Apr/2019:09:45:57 -0300] "POST /cormun/servlet/solicitudot?gx-no-cache=1555418533293 HTTP/1.1" 200 30
186.103.159.46 - - [16/Apr/2019:09:46:00 -0300] "POST /cormun/servlet/solicitudotadjuntos?6c34f25430bb7f14fe1fe1cddccc66cf,INS,2019,15314,,1, HTTP/1.1" 200 116
186.103.159.46 - - [16/Apr/2019:09:46:00 -0300] "GET /cormun/servlet/hpexe_return? HTTP/1.1" 200 1025
186.103.159.46 - - [16/Apr/2019:09:46:01 -0300] "GET /cormun/servlet/trsolicitudadjuntos?2019,15314, HTTP/1.1" 200 8774
186.103.159.46 - - [16/Apr/2019:09:46:03 -0300] "GET /cormun/servlet/trsolicitudadjuntos?2019,15314, HTTP/1.1" 200 8770
190.171.143.106 - - [16/Apr/2019:09:46:07 -0300] "GET /cormun/servlet/prlicenciaspermisos?0,L,,MD,,gxPopupLevel%3D0%3B HTTP/1.1" 200 5232
190.171.143.106 - - [16/Apr/2019:09:46:07 -0300] "GET /cormun/static/gxcfg.js?20176272053834 HTTP/1.1" 200 953
190.171.143.106 - - [16/Apr/2019:09:46:07 -0300] "GET /cormun/static/prlicenciaspermisos.js?20176272054050 HTTP/1.1" 200 13379
186.103.159.188 - - [16/Apr/2019:09:46:10 -0300] "GET /cormun/servlet/trsolicitudot? HTTP/1.1" 200 8629
186.103.159.188 - - [16/Apr/2019:09:46:11 -0300] "GET /cormun/servlet/trsolicitudot? HTTP/1.1" 200 8623
190.171.143.106 - - [16/Apr/2019:09:46:15 -0300] "POST /cormun/servlet/solicitudot?gx-no-cache=1555418551044 HTTP/1.1" 200 1406
190.171.143.106 - - [16/Apr/2019:09:46:17 -0300] "GET /cormun/servlet/prfichaempleado?,MD,,gxPopupLevel%3D0%3B HTTP/1.1" 200 9377
190.171.143.106 - - [16/Apr/2019:09:46:17 -0300] "GET /cormun/static/gxcfg.js?20177612134814 HTTP/1.1" 200 953
190.171.143.106 - - [16/Apr/2019:09:46:17 -0300] "GET /cormun/static/prfichaempleado.js?20177612134999 HTTP/1.1" 200 16006
190.171.143.106 - - [16/Apr/2019:09:46:26 -0300] "POST /cormun/servlet/prfichaempleado?1a3cbf430907b7dd6487a7b2877ed37e,,MD,,gxPopupLevel%3D0%3B,gx-no-cache=1555418562364 HTTP/1.1" 200 3416
186.103.159.46 - - [16/Apr/2019:09:46:27 -0300] "GET /cormun/servlet/solicitudotadjuntos?INS,2019,15314,,1, HTTP/1.1" 200 6113
186.103.159.46 - - [16/Apr/2019:09:46:28 -0300] "GET /cormun/static/about:blank HTTP/1.1" 404 1011
186.103.159.46 - - [16/Apr/2019:09:46:29 -0300] "GET /cormun/servlet/solicitudotadjuntos?INS,2019,15314,,1, HTTP/1.1" 200 6107
186.103.159.46 - - [16/Apr/2019:09:46:30 -0300] "GET /cormun/servlet/solicitudotadjuntos?dd99cf5129dfae650f22b98eb88bffb37efa8acbf3d646fccae525b2171a4942dae8cfe5736e37a865dfa96261ef3f16,gx-no-cache=1555414964715 HTTP/1.1" 200 30
186.103.159.46 - - [16/Apr/2019:09:46:30 -0300] "POST /cormun/servlet/solicitudotadjuntos?6c34f25430bb7f14fe1fe1cddccc66cf,INS,2019,15314,,1,,gx-no-cache=1555414964932 HTTP/1.1" 200 3853
186.103.159.46 - - [16/Apr/2019:09:46:33 -0300] "POST /cormun/servlet/solicitudotadjuntos?gx-no-cache=1555414968052 HTTP/1.1" 200 26
186.103.159.204 - - [16/Apr/2019:09:46:37 -0300] "GET /cormun/servlet/trsolicitudot? HTTP/1.1" 200 7242
186.103.159.204 - - [16/Apr/2019:09:46:37 -0300] "GET /cormun/servlet/trsolicitudot? HTTP/1.1" 200 7242
190.171.143.106 - - [16/Apr/2019:09:46:41 -0300] "GET /cormun/servlet/prlicenciaspermisos?12292074,L,,MD,,gxPopupLevel%3D0%3B HTTP/1.1" 200 5842
186.103.159.46 - - [16/Apr/2019:09:46:41 -0300] "GET /cormun/servlet/solicitudotadjuntos?dd99cf5129dfae650f22b98eb88bffb3d242fed5e9330f9e380f524ab96f4967,gx-no-cache=1555414976121 HTTP/1.1" 200 30
186.103.159.46 - - [16/Apr/2019:09:46:41 -0300] "GET /cormun/servlet/solicitudotadjuntos?dd99cf5129dfae650f22b98eb88bffb3d242fed5e9330f9e380f524ab96f4967,gx-no-cache=1555414976243 HTTP/1.1" 200 30
186.103.159.46 - - [16/Apr/2019:09:46:43 -0300] "POST /cormun/servlet/solicitudotadjuntos?6c34f25430bb7f14fe1fe1cddccc66cf,INS,2019,15314,,1, HTTP/1.1" 200 116
186.103.159.46 - - [16/Apr/2019:09:46:44 -0300] "GET /cormun/servlet/hpexe_return? HTTP/1.1" 200 1025
186.103.159.46 - - [16/Apr/2019:09:46:45 -0300] "GET /cormun/servlet/trsolicitudadjuntos?2019,15314, HTTP/1.1" 200 9006
186.103.159.204 - - [16/Apr/2019:09:46:47 -0300] "GET /cormun/static/menuarrow.gif HTTP/1.1" 404 1015
186.103.159.46 - - [16/Apr/2019:09:46:47 -0300] "GET /cormun/servlet/trsolicitudadjuntos?2019,15314, HTTP/1.1" 200 9004
190.171.143.106 - - [16/Apr/2019:09:46:48 -0300] "POST /cormun/servlet/solicitudot?gx-no-cache=1555418583728 HTTP/1.1" 200 1329
186.103.159.46 - - [16/Apr/2019:09:46:50 -0300] "GET /cormun/servlet/solicitudotadjuntos?INS,2019,15314,,1, HTTP/1.1" 200 6114
186.103.159.46 - - [16/Apr/2019:09:46:51 -0300] "GET /cormun/static/about:blank HTTP/1.1" 404 1011
186.103.159.46 - - [16/Apr/2019:09:46:52 -0300] "GET /cormun/servlet/solicitudotadjuntos?INS,2019,15314,,1, HTTP/1.1" 200 6108
186.103.159.46 - - [16/Apr/2019:09:46:52 -0300] "GET /cormun/servlet/solicitudotadjuntos?dd99cf5129dfae650f22b98eb88bffb37efa8acbf3d646fccae525b2171a4942dae8cfe5736e37a865dfa96261ef3f16,gx-no-cache=1555414987212 HTTP/1.1" 200 30
190.171.143.106 - - [16/Apr/2019:09:46:52 -0300] "POST /cormun/servlet/solicitudot?gx-no-cache=1555418588522 HTTP/1.1" 200 41
186.103.159.46 - - [16/Apr/2019:09:46:53 -0300] "POST /cormun/servlet/solicitudotadjuntos?6c34f25430bb7f14fe1fe1cddccc66cf,INS,2019,15314,,1,,gx-no-cache=1555414987358 HTTP/1.1" 200 3854
186.103.159.204 - - [16/Apr/2019:09:46:59 -0300] "GET /cormun/servlet/trpermisosgoce? HTTP/1.1" 200 9336
186.103.159.204 - - [16/Apr/2019:09:46:59 -0300] "GET /cormun/servlet/trpermisosgoce? HTTP/1.1" 200 9335
186.103.159.46 - - [16/Apr/2019:09:47:03 -0300] "POST /cormun/servlet/solicitudotadjuntos?6c34f25430bb7f14fe1fe1cddccc66cf,INS,2019,15314,,1,,gx-no-cache=1555414997808 HTTP/1.1" 200 93
186.103.159.46 - - [16/Apr/2019:09:47:03 -0300] "GET /cormun/servlet/hpexe_return? HTTP/1.1" 200 1025
186.103.159.46 - - [16/Apr/2019:09:47:04 -0300] "GET /cormun/servlet/trsolicitudadjuntos?2019,15314, HTTP/1.1" 200 9006
186.103.159.46 - - [16/Apr/2019:09:47:07 -0300] "GET /cormun/servlet/trsolicitudadjuntos?2019,15314, HTTP/1.1" 200 9004
186.103.159.204 - - [16/Apr/2019:09:47:07 -0300] "GET /cormun/servlet/permisogoce?INS,0,,, HTTP/1.1" 200 6862
186.103.159.204 - - [16/Apr/2019:09:47:07 -0300] "GET /cormun/static/gxcfg.js?201776126440 HTTP/1.1" 200 953
186.103.159.204 - - [16/Apr/2019:09:47:07 -0300] "GET /cormun/static/permisogoce.js?2017761264459 HTTP/1.1" 200 27897
186.103.159.204 - - [16/Apr/2019:09:47:08 -0300] "GET /cormun/servlet/permisogoce?INS,0,,, HTTP/1.1" 200 6862
186.103.159.46 - - [16/Apr/2019:09:47:12 -0300] "GET /cormun/servlet/solicitudotadjuntos?INS,2019,15314,,1, HTTP/1.1" 200 6114
186.103.159.46 - - [16/Apr/2019:09:47:14 -0300] "GET /cormun/static/about:blank HTTP/1.1" 404 1011
186.103.159.46 - - [16/Apr/2019:09:47:14 -0300] "GET /cormun/servlet/solicitudotadjuntos?dd99cf5129dfae650f22b98eb88bffb37efa8acbf3d646fccae525b2171a4942dae8cfe5736e37a865dfa96261ef3f16,gx-no-cache=1555415009203 HTTP/1.1" 200 30
186.103.159.46 - - [16/Apr/2019:09:47:14 -0300] "GET /cormun/servlet/solicitudotadjuntos?INS,2019,15314,,1, HTTP/1.1" 200 6108
186.103.159.46 - - [16/Apr/2019:09:47:15 -0300] "POST /cormun/servlet/solicitudotadjuntos?6c34f25430bb7f14fe1fe1cddccc66cf,INS,2019,15314,,1,,gx-no-cache=1555415009370 HTTP/1.1" 200 3854
190.171.143.106 - - [16/Apr/2019:09:47:15 -0300] "GET /cormun/servlet/solicitudot?595e3841274ed4e14ca0bb68ba32776e8dfa83f2c533027fe3d636981c4b34f2e787c33739b04d91c717a38855a89469149a1152c71cceb37fcde3d874a2938d3c6e132a67f5cb8b0f953f0daf0f0a077285e09e9df1087be1ba5c7c6265c8af6498e6e0276355a7aef3ec2acd0a9157,gx-no-cache=1555418610904 HTTP/1.1" 200 110
190.171.143.106 - - [16/Apr/2019:09:47:15 -0300] "POST /cormun/servlet/solicitudot?gx-no-cache=1555418611673 HTTP/1.1" 200 79
190.171.143.106 - - [16/Apr/2019:09:47:16 -0300] "GET /cormun/servlet/solicitudot?595e3841274ed4e14ca0bb68ba32776eae4e57f12e317a2074fa4d5ab9b5b3f8ce7687950baa4eceb4f78e73623de55db69fdd2eb4c3eace68cf271c6d8ad0359293020af9001933270edf527973be35,gx-no-cache=1555418611742 HTTP/1.1" 200 29
186.103.159.46 - - [16/Apr/2019:09:47:18 -0300] "POST /cormun/servlet/solicitudotadjuntos?gx-no-cache=1555415012488 HTTP/1.1" 200 26
186.103.159.204 - - [16/Apr/2019:09:47:18 -0300] "GET /cormun/servlet/prfichaempleado?,MD,,gxPopupLevel%3D0%3B HTTP/1.1" 200 9315
186.103.159.46 - - [16/Apr/2019:09:47:25 -0300] "GET /cormun/servlet/solicitudotadjuntos?dd99cf5129dfae650f22b98eb88bffb3d242fed5e9330f9e380f524ab96f4967,gx-no-cache=1555415019392 HTTP/1.1" 200 30
186.103.159.46 - - [16/Apr/2019:09:47:25 -0300] "GET /cormun/servlet/solicitudotadjuntos?dd99cf5129dfae650f22b98eb88bffb3d242fed5e9330f9e380f524ab96f4967,gx-no-cache=1555415019532 HTTP/1.1" 200 30
186.103.159.46 - - [16/Apr/2019:09:47:27 -0300] "POST /cormun/servlet/solicitudotadjuntos?6c34f25430bb7f14fe1fe1cddccc66cf,INS,2019,15314,,1, HTTP/1.1" 200 116
186.103.159.46 - - [16/Apr/2019:09:47:27 -0300] "GET /cormun/servlet/hpexe_return? HTTP/1.1" 200 1025
190.171.143.106 - - [16/Apr/2019:09:47:27 -0300] "GET /cormun/static/menuarrow.gif HTTP/1.1" 404 1015
186.103.159.46 - - [16/Apr/2019:09:47:28 -0300] "GET /cormun/servlet/trsolicitudadjuntos?2019,15314, HTTP/1.1" 200 9179
190.171.143.106 - - [16/Apr/2019:09:47:28 -0300] "GET /cormun/servlet/solicitudot?595e3841274ed4e14ca0bb68ba32776e8dfa83f2c533027fe3d636981c4b34f2e787c33739b04d91c717a38855a89469149a1152c71cceb37fcde3d874a2938d3c6e132a67f5cb8b0f953f0daf0f0a077285e09e9df1087be1ba5c7c6265c8af6498e6e0276355a7aef3ec2acd0a9157,gx-no-cache=1555418624459 HTTP/1.1" 200 110
186.103.159.46 - - [16/Apr/2019:09:47:31 -0300] "GET /cormun/servlet/trsolicitudadjuntos?2019,15314, HTTP/1.1" 200 9177
186.103.159.204 - - [16/Apr/2019:09:47:33 -0300] "POST /cormun/servlet/prfichaempleado?818cc1f627f2431e83cf6943e7b3b25d,,MD,,gxPopupLevel%3D0%3B,gx-no-cache=1555418626595 HTTP/1.1" 200 3197
186.103.159.46 - - [16/Apr/2019:09:47:34 -0300] "GET /cormun/servlet/solicitudotadjuntos?INS,2019,15314,,1, HTTP/1.1" 200 6114
186.103.159.46 - - [16/Apr/2019:09:47:35 -0300] "GET /cormun/static/about:blank HTTP/1.1" 404 1011
186.103.159.46 - - [16/Apr/2019:09:47:36 -0300] "GET /cormun/servlet/solicitudotadjuntos?INS,2019,15314,,1, HTTP/1.1" 200 6108
190.171.143.106 - - [16/Apr/2019:09:47:36 -0300] "GET /cormun/servlet/solicitudot?595e3841274ed4e14ca0bb68ba32776ef717e4e3ba98465418ebfbef1d21262dc1e256ba50060b2b5f0dec7c182c2be7,gx-no-cache=1555418632539 HTTP/1.1" 200 30
186.103.159.46 - - [16/Apr/2019:09:47:36 -0300] "GET /cormun/servlet/solicitudotadjuntos?dd99cf5129dfae650f22b98eb88bffb37efa8acbf3d646fccae525b2171a4942dae8cfe5736e37a865dfa96261ef3f16,gx-no-cache=1555415031280 HTTP/1.1" 200 30
190.171.143.106 - - [16/Apr/2019:09:47:36 -0300] "POST /cormun/servlet/solicitudot?gx-no-cache=1555418632633 HTTP/1.1" 200 34
186.103.159.46 - - [16/Apr/2019:09:47:37 -0300] "POST /cormun/servlet/solicitudotadjuntos?6c34f25430bb7f14fe1fe1cddccc66cf,INS,2019,15314,,1,,gx-no-cache=1555415031442 HTTP/1.1" 200 3854
186.103.159.204 - - [16/Apr/2019:09:47:37 -0300] "POST /cormun/servlet/prfichaempleado?818cc1f627f2431e83cf6943e7b3b25d,,MD,,gxPopupLevel%3D0%3B,gx-no-cache=1555418630889 HTTP/1.1" 200 3197
186.103.159.46 - - [16/Apr/2019:09:47:41 -0300] "POST /cormun/servlet/solicitudotadjuntos?gx-no-cache=1555415036239 HTTP/1.1" 200 26
186.103.159.46 - - [16/Apr/2019:09:47:48 -0300] "GET /cormun/servlet/solicitudotadjuntos?dd99cf5129dfae650f22b98eb88bffb3d242fed5e9330f9e380f524ab96f4967,gx-no-cache=1555415042655 HTTP/1.1" 200 30
186.103.159.46 - - [16/Apr/2019:09:47:48 -0300] "GET /cormun/servlet/solicitudotadjuntos?dd99cf5129dfae650f22b98eb88bffb3d242fed5e9330f9e380f524ab96f4967,gx-no-cache=1555415042805 HTTP/1.1" 200 30
200.54.103.162 - - [16/Apr/2019:09:47:50 -0300] "POST /cormun/servlet/trlicencias?13c4fcf22d103d2045ce7aa6e5728b6f,,gx-no-cache=1555418646080 HTTP/1.1" 200 10246
186.103.159.46 - - [16/Apr/2019:09:47:54 -0300] "POST /cormun/servlet/solicitudotadjuntos?6c34f25430bb7f14fe1fe1cddccc66cf,INS,2019,15314,,1, HTTP/1.1" 200 116
186.103.159.46 - - [16/Apr/2019:09:47:55 -0300] "GET /cormun/servlet/hpexe_return? HTTP/1.1" 200 1025
186.103.159.46 - - [16/Apr/2019:09:47:56 -0300] "GET /cormun/servlet/trsolicitudadjuntos?2019,15314, HTTP/1.1" 200 9407
186.103.159.46 - - [16/Apr/2019:09:47:59 -0300] "GET /cormun/servlet/trsolicitudadjuntos?2019,15314, HTTP/1.1" 200 9407
186.103.159.46 - - [16/Apr/2019:09:48:05 -0300] "GET /cormun/servlet/solicitudotadjuntos?INS,2019,15314,,1, HTTP/1.1" 200 6113
186.103.159.46 - - [16/Apr/2019:09:48:05 -0300] "GET /cormun/static/about:blank HTTP/1.1" 404 1011
186.103.159.46 - - [16/Apr/2019:09:48:07 -0300] "GET /cormun/servlet/solicitudotadjuntos?INS,2019,15314,,1, HTTP/1.1" 200 6107
186.103.159.46 - - [16/Apr/2019:09:48:07 -0300] "GET /cormun/servlet/solicitudotadjuntos?dd99cf5129dfae650f22b98eb88bffb37efa8acbf3d646fccae525b2171a4942dae8cfe5736e37a865dfa96261ef3f16,gx-no-cache=1555415062010 HTTP/1.1" 200 30
190.171.143.106 - - [16/Apr/2019:09:48:07 -0300] "POST /cormun/servlet/solicitudot?1a3cbf430907b7dd6487a7b2877ed37e,INS,0,0,,gx-no-cache=1555418660128 HTTP/1.1" 200 12172
186.103.159.46 - - [16/Apr/2019:09:48:07 -0300] "POST /cormun/servlet/solicitudotadjuntos?6c34f25430bb7f14fe1fe1cddccc66cf,INS,2019,15314,,1,,gx-no-cache=1555415062165 HTTP/1.1" 200 3853
186.103.159.46 - - [16/Apr/2019:09:48:12 -0300] "POST /cormun/servlet/solicitudotadjuntos?gx-no-cache=1555415066816 HTTP/1.1" 200 26
186.103.159.46 - - [16/Apr/2019:09:48:19 -0300] "GET /cormun/servlet/solicitudotadjuntos?dd99cf5129dfae650f22b98eb88bffb3d242fed5e9330f9e380f524ab96f4967,gx-no-cache=1555415073462 HTTP/1.1" 200 30
186.103.159.46 - - [16/Apr/2019:09:48:19 -0300] "GET /cormun/servlet/solicitudotadjuntos?dd99cf5129dfae650f22b98eb88bffb3d242fed5e9330f9e380f524ab96f4967,gx-no-cache=1555415073558 HTTP/1.1" 200 30
186.103.159.46 - - [16/Apr/2019:09:48:23 -0300] "POST /cormun/servlet/solicitudotadjuntos?6c34f25430bb7f14fe1fe1cddccc66cf,INS,2019,15314,,1, HTTP/1.1" 200 116
186.103.159.46 - - [16/Apr/2019:09:48:23 -0300] "GET /cormun/servlet/hpexe_return? HTTP/1.1" 200 1025
186.103.159.46 - - [16/Apr/2019:09:48:25 -0300] "GET /cormun/servlet/trsolicitudadjuntos?2019,15314, HTTP/1.1" 200 9663
186.103.159.46 - - [16/Apr/2019:09:48:27 -0300] "GET /cormun/servlet/trsolicitudadjuntos?2019,15314, HTTP/1.1" 200 9663
190.171.143.106 - - [16/Apr/2019:09:48:35 -0300] "POST /cormun/servlet/solicitudot?1a3cbf430907b7dd6487a7b2877ed37e,INS,0,0,,gx-no-cache=1555418690753 HTTP/1.1" 200 12222
190.171.149.90 - - [16/Apr/2019:09:48:43 -0300] "GET /cormun/servlet/permisogoce?INS,0,,, HTTP/1.1" 200 6089
190.171.149.90 - - [16/Apr/2019:09:48:43 -0300] "GET /cormun/static/calendar-system.css?75620 HTTP/1.1" 200 5572
190.171.149.90 - - [16/Apr/2019:09:48:43 -0300] "GET /cormun/static/scaMessage/css/jquery.pnotify.default.css?1716380 HTTP/1.1" 200 1707
190.171.149.90 - - [16/Apr/2019:09:48:43 -0300] "GET /cormun/static/SmoothNavMenu/resources/ddsmoothmenu-v.css?1012540 HTTP/1.1" 200 1188
190.171.149.90 - - [16/Apr/2019:09:48:43 -0300] "GET /cormun/static/SmoothNavMenu/resources/ddsmoothmenu.css?1012540 HTTP/1.1" 200 2223
190.171.149.90 - - [16/Apr/2019:09:48:43 -0300] "GET /cormun/static/Shared/jqueryui/jquery-ui.min.css?1245370 HTTP/1.1" 200 30288
190.171.149.90 - - [16/Apr/2019:09:48:43 -0300] "GET /cormun/static/gxcfg.js?201776126440 HTTP/1.1" 200 953
190.171.149.90 - - [16/Apr/2019:09:48:44 -0300] "GET /cormun/static/Resources/Spanish/PXTools.css?1155365 HTTP/1.1" 200 89042
190.171.149.90 - - [16/Apr/2019:09:48:44 -0300] "GET /cormun/static/calendar-setup.js?85251 HTTP/1.1" 200 2588
190.171.149.90 - - [16/Apr/2019:09:48:44 -0300] "GET /cormun/static/gxtimezone.js?85251 HTTP/1.1" 200 5781
190.171.149.90 - - [16/Apr/2019:09:48:44 -0300] "GET /cormun/static/calendar.js?85251 HTTP/1.1" 200 26246
190.171.149.90 - - [16/Apr/2019:09:48:44 -0300] "GET /cormun/static/RunJS/RunJS.js HTTP/1.1" 200 288
190.171.149.90 - - [16/Apr/2019:09:48:44 -0300] "GET /cormun/static/PXToolsJavascripts/pexe_autoreload.js HTTP/1.1" 200 1762
190.171.149.90 - - [16/Apr/2019:09:48:44 -0300] "GET /cormun/static/calendar-es.js?85251 HTTP/1.1" 200 1901
190.171.149.90 - - [16/Apr/2019:09:48:44 -0300] "GET /cormun/static/PXToolsJavascripts/pexe_cookies.js HTTP/1.1" 200 792
190.171.149.90 - - [16/Apr/2019:09:48:44 -0300] "GET /cormun/static/PXToolsJavascripts/pexe_windows.js HTTP/1.1" 200 15207
190.171.149.90 - - [16/Apr/2019:09:48:44 -0300] "GET /cormun/static/PXToolsJavascripts/pexe_grid.js HTTP/1.1" 200 7559
190.171.149.90 - - [16/Apr/2019:09:48:44 -0300] "GET /cormun/static/PXToolsJavascripts/pexe_griddivfix.js HTTP/1.1" 200 6644
190.171.149.90 - - [16/Apr/2019:09:48:44 -0300] "GET /cormun/static/PXToolsJavascripts/pexe_link.js HTTP/1.1" 200 5671
190.171.149.90 - - [16/Apr/2019:09:48:44 -0300] "GET /cormun/static/PXToolsJavascripts/pexe_menudivfix.js HTTP/1.1" 200 333
190.171.149.90 - - [16/Apr/2019:09:48:44 -0300] "GET /cormun/static/PXToolsJavascripts/pexe_menus.js HTTP/1.1" 200 1286
190.171.149.90 - - [16/Apr/2019:09:48:44 -0300] "GET /cormun/static/PXToolsJavascripts/pexe_oav.js HTTP/1.1" 200 645
190.171.149.90 - - [16/Apr/2019:09:48:44 -0300] "GET /cormun/static/PXToolsJavascripts/pexe_layers.js HTTP/1.1" 200 4114
190.171.149.90 - - [16/Apr/2019:09:48:44 -0300] "GET /cormun/static/PXToolsJavascripts/pexe_oavdivfix.js HTTP/1.1" 200 639
190.171.149.90 - - [16/Apr/2019:09:48:44 -0300] "GET /cormun/static/PXToolsJavascripts/pexe_picture.js HTTP/1.1" 200 689
190.171.149.90 - - [16/Apr/2019:09:48:44 -0300] "GET /cormun/static/PXToolsJavascripts/pexe_popup.js HTTP/1.1" 200 13458
190.171.149.90 - - [16/Apr/2019:09:48:44 -0300] "GET /cormun/static/PXToolsJavascripts/pexe_scrolldiv.js HTTP/1.1" 200 4138
190.171.149.90 - - [16/Apr/2019:09:48:44 -0300] "GET /cormun/static/PXToolsJavascripts/pexe_tabdivfix.js HTTP/1.1" 200 876
190.171.149.90 - - [16/Apr/2019:09:48:44 -0300] "GET /cormun/static/PXToolsJavascripts/pexe_tabs.js HTTP/1.1" 200 3748
190.171.149.90 - - [16/Apr/2019:09:48:44 -0300] "GET /cormun/static/PXToolsJavascripts/pexe_upload.js HTTP/1.1" 200 1423
190.171.149.90 - - [16/Apr/2019:09:48:44 -0300] "GET /cormun/static/PXToolsJavascripts/PXToolsJavascriptsRender.js HTTP/1.1" 200 367
190.171.149.90 - - [16/Apr/2019:09:48:44 -0300] "GET /cormun/static/gxgral.js?85251 HTTP/1.1" 200 384558
190.171.149.90 - - [16/Apr/2019:09:48:44 -0300] "GET /cormun/static/Shared/ext/locale/ext-lang-en.js HTTP/1.1" 200 10940
190.171.149.90 - - [16/Apr/2019:09:48:44 -0300] "GET /cormun/static/messages.spa.js?85251 HTTP/1.1" 200 30736
190.171.149.90 - - [16/Apr/2019:09:48:44 -0300] "GET /cormun/static/gxdec.js?85251 HTTP/1.1" 200 19579
190.171.149.90 - - [16/Apr/2019:09:48:44 -0300] "GET /cormun/static/permisogoce.js?2017761264459 HTTP/1.1" 200 27897
190.171.149.90 - - [16/Apr/2019:09:48:44 -0300] "GET /cormun/static/gxui/gxui-all.js HTTP/1.1" 200 107772
190.171.149.90 - - [16/Apr/2019:09:48:44 -0300] "GET /cormun/static/hwchdr01.js?201752511465785 HTTP/1.1" 200 1183
190.171.149.90 - - [16/Apr/2019:09:48:44 -0300] "GET /cormun/static/hpexe_messagecontroller.js?20177611595012 HTTP/1.1" 200 870
190.171.149.90 - - [16/Apr/2019:09:48:44 -0300] "GET /cormun/static/hpexe_scripts.js?201752511465715 HTTP/1.1" 200 1544
190.171.149.90 - - [16/Apr/2019:09:48:44 -0300] "GET /cormun/static/hpexe_recentlink.js?20177611595044 HTTP/1.1" 200 2144
190.171.149.90 - - [16/Apr/2019:09:48:44 -0300] "GET /cormun/static/hpexe_messagepopupcomponent.js?20161017169425 HTTP/1.1" 200 605
190.171.149.90 - - [16/Apr/2019:09:48:44 -0300] "GET /cormun/static/hpexe_messagegenexuscomponent.js?201752511465344 HTTP/1.1" 200 587
190.171.149.90 - - [16/Apr/2019:09:48:44 -0300] "GET /cormun/static/cmcontrolpreferences.js?201752511465670 HTTP/1.1" 200 1375
190.171.149.90 - - [16/Apr/2019:09:48:45 -0300] "GET /cormun/static/Shared/jquery/jquery-1.4.2.min.js HTTP/1.1" 200 72174
190.171.149.90 - - [16/Apr/2019:09:48:45 -0300] "GET /cormun/static/Shared/jquery/jquery-1.10.2.min.js HTTP/1.1" 200 273199
190.171.149.90 - - [16/Apr/2019:09:48:45 -0300] "GET /cormun/static/SmoothNavMenu/resources/ddsmoothmenu.js HTTP/1.1" 200 12712
190.171.149.90 - - [16/Apr/2019:09:48:45 -0300] "GET /cormun/static/SmoothNavMenu/resources/SmoothNavMenuRender.js HTTP/1.1" 200 5951
190.171.149.90 - - [16/Apr/2019:09:48:45 -0300] "GET /cormun/static/scaMessage/scaMessageRender.js HTTP/1.1" 200 11977
190.171.149.90 - - [16/Apr/2019:09:48:45 -0300] "GET /cormun/static/scaMessage/js/jquery.pnotify.min.js HTTP/1.1" 200 13038
190.171.149.90 - - [16/Apr/2019:09:48:45 -0300] "GET /cormun/static/Shared/ext/ext-all.js HTTP/1.1" 200 1289687
190.171.149.90 - - [16/Apr/2019:09:48:45 -0300] "GET /cormun/static/Resources/logo4.png HTTP/1.1" 200 6582
190.171.149.90 - - [16/Apr/2019:09:48:45 -0300] "GET /cormun/static/hmpwkw03.js?20189613443875 HTTP/1.1" 200 3965
190.171.149.90 - - [16/Apr/2019:09:48:45 -0300] "GET /cormun/static/Resources/PXToolsHeaderActionsLeft.png HTTP/1.1" 200 1118
190.171.149.90 - - [16/Apr/2019:09:48:45 -0300] "GET /cormun/static/Resources/PXToolsHeaderHome.png HTTP/1.1" 200 4147
190.171.149.90 - - [16/Apr/2019:09:48:45 -0300] "GET /cormun/static/Resources/PXToolsHeaderLogin.png HTTP/1.1" 200 4279
190.171.149.90 - - [16/Apr/2019:09:48:45 -0300] "GET /cormun/static/Resources/PXToolsHeaderPreferences.png HTTP/1.1" 200 4189
190.171.149.90 - - [16/Apr/2019:09:48:45 -0300] "GET /cormun/static/Resources/PXToolsHeaderSecurity.png HTTP/1.1" 200 4166
190.171.149.90 - - [16/Apr/2019:09:48:45 -0300] "GET /cormun/static/Resources/PXToolsHeaderActionsRight.png HTTP/1.1" 200 1201
190.171.149.90 - - [16/Apr/2019:09:48:45 -0300] "GET /cormun/static/Resources/PXTools/calendar.png HTTP/1.1" 200 1306
190.171.149.90 - - [16/Apr/2019:09:48:45 -0300] "GET /cormun/static/Resources/prompt.gif HTTP/1.1" 200 902
190.171.149.90 - - [16/Apr/2019:09:48:45 -0300] "GET /cormun/static/Shared/jqueryui/jquery-ui.min.js HTTP/1.1" 200 240427
190.171.149.90 - - [16/Apr/2019:09:48:46 -0300] "GET /cormun/static/Resources/PXToolsFooterBackground2.png HTTP/1.1" 200 1172
190.171.149.90 - - [16/Apr/2019:09:48:46 -0300] "GET /cormun/static/Resources/PXToolsHeaderActionsBackground.png HTTP/1.1" 200 484
190.171.149.90 - - [16/Apr/2019:09:48:46 -0300] "GET /cormun/static/Resources/PXToolsHeaderBackground2.png HTTP/1.1" 200 1174
190.171.149.90 - - [16/Apr/2019:09:48:46 -0300] "GET /cormun/static/Resources/PXToolsDataTitle.png HTTP/1.1" 200 1173
190.171.149.90 - - [16/Apr/2019:09:48:46 -0300] "GET /cormun/static/Resources/PXToolsButtonLeft21.png HTTP/1.1" 200 1287
190.171.149.90 - - [16/Apr/2019:09:48:46 -0300] "GET /cormun/static/Resources/PXToolsButtonRight21.png HTTP/1.1" 200 1283
190.171.149.90 - - [16/Apr/2019:09:48:46 -0300] "GET /cormun/static/Resources/indicator.gif HTTP/1.1" 200 1553
190.171.149.90 - - [16/Apr/2019:09:48:46 -0300] "GET /cormun/servlet/hlogin HTTP/1.1" 200 1748
190.171.149.90 - - [16/Apr/2019:09:48:46 -0300] "GET /cormun/servlet/permisogoce?INS,0,,, HTTP/1.1" 200 6097
190.171.149.90 - - [16/Apr/2019:09:48:46 -0300] "GET /cormun/servlet/permisogoce?INS,0,,, HTTP/1.1" 200 6094
190.171.149.90 - - [16/Apr/2019:09:48:46 -0300] "GET /cormun/static/Resources/PXToolsButtonBackground2.png HTTP/1.1" 200 1181
190.171.149.90 - - [16/Apr/2019:09:48:46 -0300] "GET /cormun/static/gxtimezone.js?85251 HTTP/1.1" 200 5781
190.171.149.90 - - [16/Apr/2019:09:48:46 -0300] "GET /cormun/static/gxcfg.js?20177612122725 HTTP/1.1" 200 953
190.171.149.90 - - [16/Apr/2019:09:48:46 -0300] "GET /cormun/static/hlogin.js?20177612122738 HTTP/1.1" 200 2136
190.171.149.90 - - [16/Apr/2019:09:48:46 -0300] "GET /cormun/static/messages.spa.js?85251 HTTP/1.1" 200 30736
190.171.149.90 - - [16/Apr/2019:09:48:46 -0300] "GET /cormun/static/gxgral.js?85251 HTTP/1.1" 200 384558
190.171.149.90 - - [16/Apr/2019:09:48:47 -0300] "GET /cormun/static/Resources/Spanish/PXTools.css?1155365 HTTP/1.1" 200 89042
190.171.149.90 - - [16/Apr/2019:09:48:47 -0300] "GET /cormun/static/Resources/ComunLogin.png HTTP/1.1" 200 17326
190.171.149.90 - - [16/Apr/2019:09:48:47 -0300] "GET /cormun/static/Resources/indicator.gif HTTP/1.1" 200 1553
190.171.149.90 - - [16/Apr/2019:09:48:47 -0300] "GET /cormun/static/Resources/PXToolsLoginTop.png HTTP/1.1" 200 1337
190.171.149.90 - - [16/Apr/2019:09:48:47 -0300] "GET /cormun/static/Resources/PXToolsLoginBackground.png HTTP/1.1" 200 1164
190.171.149.90 - - [16/Apr/2019:09:48:47 -0300] "GET /cormun/static/Resources/PXToolsButtonLeft21.png HTTP/1.1" 200 1287
190.171.149.90 - - [16/Apr/2019:09:48:47 -0300] "GET /cormun/static/Resources/PXToolsButtonRight21.png HTTP/1.1" 200 1283
190.171.149.90 - - [16/Apr/2019:09:48:47 -0300] "GET /cormun/static/Resources/PXToolsButtonBackground2.png HTTP/1.1" 200 1181
190.171.149.90 - - [16/Apr/2019:09:48:47 -0300] "GET /cormun/static/Resources/PXToolsLoginBottom.png HTTP/1.1" 200 1389
190.171.149.90 - - [16/Apr/2019:09:48:47 -0300] "GET /favicon.ico HTTP/1.1" 200 21630
190.171.143.106 - - [16/Apr/2019:09:49:10 -0300] "POST /cormun/servlet/solicitudot?1a3cbf430907b7dd6487a7b2877ed37e,INS,0,0,,gx-no-cache=1555418725318 HTTP/1.1" 200 93
190.171.143.106 - - [16/Apr/2019:09:49:10 -0300] "GET /cormun/servlet/hpexe_return? HTTP/1.1" 200 1002
190.171.143.106 - - [16/Apr/2019:09:49:10 -0300] "GET /cormun/static/gxcfg.js?2016101716175148 HTTP/1.1" 200 953
190.171.143.106 - - [16/Apr/2019:09:49:10 -0300] "GET /cormun/static/hpexe_return.js?2016101716175153 HTTP/1.1" 200 1633
190.171.143.106 - - [16/Apr/2019:09:49:11 -0300] "GET /cormun/static/Resources/Spanish/PXTools.css?167811 HTTP/1.1" 200 89042
190.171.143.106 - - [16/Apr/2019:09:49:11 -0300] "GET /cormun/servlet/trsolicitudot HTTP/1.1" 200 8702
190.171.143.106 - - [16/Apr/2019:09:49:12 -0300] "GET /cormun//static/Resources/PXToolsGridUpdate.png HTTP/1.1" 200 2984
190.171.143.106 - - [16/Apr/2019:09:49:12 -0300] "GET /cormun//static/Resources/PXToolsActionView.png HTTP/1.1" 200 2995
