186.103.159.188 - - [16/Apr/2019:09:35:59 -0300] "GET /cormun/servlet/solicitudot?6f89842073eea2866fa5d3c203945565285318961a220f65d50497cffa931b0829485ea4d8957ac061674d5c17631c5185d2f00041ab63386b2afccb56d3d8a0c27f8546a1bf53fb4f31808e880c56edb3e57718df91a7f15d818b8d1a441b7430baed6401607de4e3f70dfe38e2c8b2c41010afc1c4a8f930f03b66b67910c659d8eade6aaf7f7a20c7fdc769230f5eed1991871f580c185286b4096a45834528192d5651938ac0096bf8cf8e127f254abf14e27cf65d64e2b81bb78345de7cc6f691b6919be8d58778e61d4b871ea890a6aef02b7031766942ca0d5aaac9b8307a7bd2603dcaa20567477800fb151f9ed40fe7095921dd53465e2c72ef21141e2a4aeaf8251e089d6a38087c1d0bd93b413b955ece6d2cfb5335b6833ae193a9d9783ed172f708f17f26ccb29c371963875f3aadba283a5b7c4b75751da55fb0cb0e51144add7fd6db56bcdd8daeca77aa7de4c263a4d11738c7d6e3ae62860cae2b90359c41f53c7953b882cb09c212cd93d16b6e51a9c8d5efb98a26474b5bcef8cab129bb0c78b3372da6e532e4,gx-no-cache=1555417935309 HTTP/1.1" 200 30
186.103.159.188 - - [16/Apr/2019:09:36:00 -0300] "POST /cormun/servlet/solicitudot?gx-no-cache=1555417935836 HTTP/1.1" 200 30
186.103.159.188 - - [16/Apr/2019:09:36:00 -0300] "POST /cormun/servlet/solicitudot?gx-no-cache=1555417935965 HTTP/1.1" 200 1330
186.103.159.188 - - [16/Apr/2019:09:36:00 -0300] "POST /cormun/servlet/solicitudot?gx-no-cache=1555417936234 HTTP/1.1" 200 38
186.103.159.188 - - [16/Apr/2019:09:36:00 -0300] "GET /cormun/servlet/solicitudot?6f89842073eea2866fa5d3c2039455659f6c6b4a2b3b86d6324c3ddec79505aff0c4f8c832c254b6b208bdd8a51e4e779c28443512e72e7e348144a5b56abf5e8948f79ec3637ea5375df3bf5617b462f53f536c36bf3dcf87c05cc32cc68ff49ade5b7b3748e134d70b5bd073354072,gx-no-cache=1555417936320 HTTP/1.1" 200 110
186.103.159.188 - - [16/Apr/2019:09:36:00 -0300] "POST /cormun/servlet/solicitudot?gx-no-cache=1555417936417 HTTP/1.1" 200 67
186.103.159.188 - - [16/Apr/2019:09:36:00 -0300] "GET /cormun/servlet/solicitudot?6f89842073eea2866fa5d3c2039455650f2c74ae6a2a3b06c917b6a03dcb1807783e3b356c23c9fb53d4b79845ccd5d4,gx-no-cache=1555417936578 HTTP/1.1" 200 30
186.103.159.188 - - [16/Apr/2019:09:36:02 -0300] "GET /cormun/servlet/solicitudot?6f89842073eea2866fa5d3c203945565285318961a220f65d50497cffa931b0829485ea4d8957ac061674d5c17631c5185d2f00041ab63386b2afccb56d3d8a0c27f8546a1bf53fb4f31808e880c56edb3e57718df91a7f15d818b8d1a441b7430baed6401607de4e3f70dfe38e2c8b2c41010afc1c4a8f930f03b66b67910c659d8eade6aaf7f7a20c7fdc769230f5eed1991871f580c185286b4096a45834528192d5651938ac0096bf8cf8e127f254abf14e27cf65d64e2b81bb78345de7cc6f691b6919be8d58778e61d4b871ea890a6aef02b7031766942ca0d5aaac9b8307a7bd2603dcaa20567477800fb151f9ed40fe7095921dd53465e2c72ef21141e2a4aeaf8251e089d6a38087c1d0bd93b413b955ece6d2cfb5335b6833ae193a9d9783ed172f708f17f26ccb29c371963875f3aadba283a5b7c4b75751da55fb0cb0e51144add7fd6db56bcdd8daeca77aa7de4c263a4d11738c7d6e3ae62860cae2b90359c41f53c7953b882cb09c212cd93d16b6e51a9c8d5efb98a26474b5bcef8cab129bb0c78b3372da6e532e4,gx-no-cache=1555417938403 HTTP/1.1" 200 30
186.103.159.188 - - [16/Apr/2019:09:36:02 -0300] "POST /cormun/servlet/solicitudot?gx-no-cache=1555417938694 HTTP/1.1" 200 30
186.103.159.188 - - [16/Apr/2019:09:36:03 -0300] "POST /cormun/servlet/solicitudot?gx-no-cache=1555417938820 HTTP/1.1" 200 1330
186.103.159.188 - - [16/Apr/2019:09:36:03 -0300] "POST /cormun/servlet/solicitudot?gx-no-cache=1555417939151 HTTP/1.1" 200 38
186.103.159.188 - - [16/Apr/2019:09:36:03 -0300] "GET /cormun/servlet/solicitudot?6f89842073eea2866fa5d3c2039455659f6c6b4a2b3b86d6324c3ddec79505aff0c4f8c832c254b6b208bdd8a51e4e779c28443512e72e7e348144a5b56abf5e8948f79ec3637ea5375df3bf5617b462f53f536c36bf3dcf87c05cc32cc68ff49ade5b7b3748e134d70b5bd073354072,gx-no-cache=1555417939281 HTTP/1.1" 200 110
186.103.159.188 - - [16/Apr/2019:09:36:03 -0300] "POST /cormun/servlet/solicitudot?gx-no-cache=1555417939408 HTTP/1.1" 200 67
190.171.152.114 - - [16/Apr/2019:09:36:11 -0300] "POST /cormun/servlet/permisosadjuntos?fe0bc1867abcf07e049ba6fd428a3a23,INS,9021206,P,20190416102007,, HTTP/1.1" 200 116
190.171.152.114 - - [16/Apr/2019:09:36:11 -0300] "GET /cormun/servlet/hpexe_return? HTTP/1.1" 200 1031
190.171.152.114 - - [16/Apr/2019:09:36:11 -0300] "GET /cormun/servlet/trpermisosadjuntos?9021206,20190416102007,P, HTTP/1.1" 200 7089
190.171.152.114 - - [16/Apr/2019:09:36:14 -0300] "GET /cormun/PublicTempStorage/permiso_marcela_villalobos6644428.pdf HTTP/1.1" 200 432165
190.171.149.90 - - [16/Apr/2019:09:36:14 -0300] "GET /cormun/servlet/trsolicitudot? HTTP/1.1" 200 6409
190.171.149.90 - - [16/Apr/2019:09:36:14 -0300] "GET /cormun/static/gxui/gxui-all.css?120300 HTTP/1.1" 200 2179
190.171.149.90 - - [16/Apr/2019:09:36:14 -0300] "GET /cormun/static/calendar-system.css?85620 HTTP/1.1" 200 5572
190.171.149.90 - - [16/Apr/2019:09:36:15 -0300] "GET /cormun/static/Resources/Spanish/PXTools.css?1255365 HTTP/1.1" 200 89042
190.171.149.90 - - [16/Apr/2019:09:36:15 -0300] "GET /cormun/static/Shared/jqueryui/jquery-ui.min.css?1245370 HTTP/1.1" 200 30288
190.171.149.90 - - [16/Apr/2019:09:36:15 -0300] "GET /cormun/static/scaMessage/css/jquery.pnotify.default.css?1716380 HTTP/1.1" 200 1707
190.171.149.90 - - [16/Apr/2019:09:36:15 -0300] "GET /cormun/static/gxcfg.js?2017111422585916 HTTP/1.1" 200 953
190.171.149.90 - - [16/Apr/2019:09:36:15 -0300] "GET /cormun/static/PXToolsJavascripts/pexe_cookies.js HTTP/1.1" 200 792
190.171.149.90 - - [16/Apr/2019:09:36:15 -0300] "GET /cormun/static/PXToolsJavascripts/pexe_menudivfix.js HTTP/1.1" 200 333
190.171.149.90 - - [16/Apr/2019:09:36:15 -0300] "GET /cormun/static/RunJS/RunJS.js HTTP/1.1" 200 288
190.171.149.90 - - [16/Apr/2019:09:36:15 -0300] "GET /cormun/static/hpexe_messagecontroller.js?20177611595012 HTTP/1.1" 200 870
190.171.149.90 - - [16/Apr/2019:09:36:15 -0300] "GET /cormun/static/PXToolsJavascripts/pexe_oavdivfix.js HTTP/1.1" 200 639
190.171.149.90 - - [16/Apr/2019:09:36:15 -0300] "GET /cormun/static/PXToolsJavascripts/pexe_picture.js HTTP/1.1" 200 689
190.171.149.90 - - [16/Apr/2019:09:36:15 -0300] "GET /cormun/static/PXToolsJavascripts/pexe_oav.js HTTP/1.1" 200 645
190.171.149.90 - - [16/Apr/2019:09:36:15 -0300] "GET /cormun/static/PXToolsJavascripts/PXToolsJavascriptsRender.js HTTP/1.1" 200 367
190.171.149.90 - - [16/Apr/2019:09:36:15 -0300] "GET /cormun/static/PXToolsJavascripts/pexe_tabdivfix.js HTTP/1.1" 200 876
190.171.149.90 - - [16/Apr/2019:09:36:15 -0300] "GET /cormun/static/hpexe_messagegenexuscomponent.js?201752511465344 HTTP/1.1" 200 587
190.171.149.90 - - [16/Apr/2019:09:36:15 -0300] "GET /cormun/static/hpexe_messagepopupcomponent.js?20161017169425 HTTP/1.1" 200 605
190.171.149.90 - - [16/Apr/2019:09:36:15 -0300] "GET /cormun/static/Resources/PXToolsHeaderActionsLeft.png HTTP/1.1" 200 1118
190.171.149.90 - - [16/Apr/2019:09:36:15 -0300] "GET /cormun/static/Resources/PXToolsHeaderHome.png HTTP/1.1" 200 4147
190.171.149.90 - - [16/Apr/2019:09:36:15 -0300] "GET /cormun/static/Resources/PXToolsHeaderPreferences.png HTTP/1.1" 200 4189
190.171.149.90 - - [16/Apr/2019:09:36:15 -0300] "GET /cormun/static/Resources/PXToolsHeaderSecurity.png HTTP/1.1" 200 4166
190.171.149.90 - - [16/Apr/2019:09:36:15 -0300] "GET /cormun/static/Resources/logo4.png HTTP/1.1" 200 6582
190.171.149.90 - - [16/Apr/2019:09:36:15 -0300] "GET /cormun/static/Resources/PXToolsHeaderLogin.png HTTP/1.1" 200 4279
190.171.149.90 - - [16/Apr/2019:09:36:16 -0300] "GET /cormun/static/Resources/PXToolsGridNew.png HTTP/1.1" 200 2949
190.171.149.90 - - [16/Apr/2019:09:36:16 -0300] "GET /cormun/static/Resources/PXToolsHeaderActionsRight.png HTTP/1.1" 200 1201
190.171.149.90 - - [16/Apr/2019:09:36:16 -0300] "GET /cormun/static/Resources/PXTools/calendar.png HTTP/1.1" 200 1306
190.171.152.114 - - [16/Apr/2019:09:36:16 -0300] "GET /cormun/PublicTempStorage/permiso_marcela_villalobos6644428.pdf HTTP/1.1" 200 432165
190.171.149.90 - - [16/Apr/2019:09:36:17 -0300] "GET /cormun/static/Resources/PXToolsGridFirstDisabled.gif HTTP/1.1" 200 100
190.171.149.90 - - [16/Apr/2019:09:36:17 -0300] "GET /cormun/static/Resources/PXToolsGridLastDisabled.gif HTTP/1.1" 200 98
190.171.149.90 - - [16/Apr/2019:09:36:17 -0300] "GET /cormun/static/Resources/PXToolsDataSearch.png HTTP/1.1" 200 419
190.171.149.90 - - [16/Apr/2019:09:36:17 -0300] "GET /cormun/static/Resources/PXToolsGridNextDisabled.gif HTTP/1.1" 200 90
190.171.149.90 - - [16/Apr/2019:09:36:17 -0300] "GET /cormun/static/Resources/PXToolsGridPreviousDisabled.gif HTTP/1.1" 200 90
190.171.149.90 - - [16/Apr/2019:09:36:17 -0300] "GET /cormun/static/Resources/PXToolsGridPage.gif HTTP/1.1" 200 725
190.171.149.90 - - [16/Apr/2019:09:36:17 -0300] "GET /cormun/static/Resources/PXToolsActionExcel.png HTTP/1.1" 200 3187
186.103.159.188 - - [16/Apr/2019:09:36:17 -0300] "POST /cormun/servlet/solicitudot?gx-no-cache=1555417953481 HTTP/1.1" 200 30
190.171.149.90 - - [16/Apr/2019:09:36:17 -0300] "GET /cormun/static/Resources/PXToolsFooterBackground2.png HTTP/1.1" 200 1172
190.171.149.90 - - [16/Apr/2019:09:36:17 -0300] "GET /cormun/static/Resources/PXToolsHeaderBackground2.png HTTP/1.1" 200 1174
190.171.149.90 - - [16/Apr/2019:09:36:17 -0300] "GET /cormun/static/Resources/PXToolsHeaderActionsBackground.png HTTP/1.1" 200 484
190.171.149.90 - - [16/Apr/2019:09:36:17 -0300] "GET /cormun/static/Resources/PXToolsDataTitle.png HTTP/1.1" 200 1173
190.171.149.90 - - [16/Apr/2019:09:36:19 -0300] "GET /cormun/static/SmoothNavMenu/resources/ddsmoothmenu.css?1012540 HTTP/1.1" 200 2223
190.171.149.90 - - [16/Apr/2019:09:36:19 -0300] "GET /cormun/static/Resources/indicator.gif HTTP/1.1" 200 1553
190.171.149.90 - - [16/Apr/2019:09:36:19 -0300] "GET /cormun/static/Resources/asc.gif HTTP/1.1" 200 67
190.171.149.90 - - [16/Apr/2019:09:36:19 -0300] "GET /cormun/static/Resources/desc.gif HTTP/1.1" 200 65
190.171.149.90 - - [16/Apr/2019:09:36:19 -0300] "GET /cormun/servlet/trsolicitudot? HTTP/1.1" 200 6419
190.171.149.90 - - [16/Apr/2019:09:36:19 -0300] "GET /cormun/servlet/hlogin HTTP/1.1" 200 1742
190.171.152.114 - - [16/Apr/2019:09:36:20 -0300] "GET /cormun/servlet/trpermisosgoce? HTTP/1.1" 200 9857
190.171.149.90 - - [16/Apr/2019:09:36:20 -0300] "GET /cormun/static/Shared/ext/resources/themes/images/default/panel/bg-headersPanel.png HTTP/1.1" 200 255
190.171.149.90 - - [16/Apr/2019:09:36:20 -0300] "GET /cormun/static/Shared/ext/resources/themes/images/default/tools/tool-sprites.gif HTTP/1.1" 200 5434
190.171.149.90 - - [16/Apr/2019:09:36:21 -0300] "GET /cormun/static/gxcfg.js?20177612122725 HTTP/1.1" 200 953
190.171.149.90 - - [16/Apr/2019:09:36:21 -0300] "GET /cormun/static/Resources/Spanish/PXTools.css?1155365 HTTP/1.1" 200 49152
190.171.149.90 - - [16/Apr/2019:09:36:21 -0300] "GET /cormun/static/Resources/PXToolsLoginBackground.png HTTP/1.1" 200 1164
190.171.149.90 - - [16/Apr/2019:09:36:21 -0300] "GET /cormun/static/Resources/PXToolsButtonBackground2.png HTTP/1.1" 200 1181
190.171.149.90 - - [16/Apr/2019:09:36:21 -0300] "GET /cormun/static/Resources/PXToolsButtonRight21.png HTTP/1.1" 200 1283
190.171.149.90 - - [16/Apr/2019:09:36:21 -0300] "GET /cormun/static/Resources/PXToolsLoginTop.png HTTP/1.1" 200 1337
190.171.149.90 - - [16/Apr/2019:09:36:21 -0300] "GET /cormun/static/Resources/PXToolsButtonLeft21.png HTTP/1.1" 200 1287
190.171.149.90 - - [16/Apr/2019:09:36:21 -0300] "GET /cormun/static/Resources/PXToolsLoginBottom.png HTTP/1.1" 200 1389
190.171.149.90 - - [16/Apr/2019:09:36:21 -0300] "GET /favicon.ico HTTP/1.1" 200 21630
190.171.152.114 - - [16/Apr/2019:09:36:26 -0300] "POST /cormun/servlet/trpermisosgoce?fe0bc1867abcf07e049ba6fd428a3a23,,gx-no-cache=1555417962108 HTTP/1.1" 200 7034
190.171.152.114 - - [16/Apr/2019:09:36:27 -0300] "GET /cormun/static/Shared/jqueryui/images/ui-bg_highlight-soft_100_c6c2c8_1x100.png HTTP/1.1" 404 1117
190.171.152.114 - - [16/Apr/2019:09:36:27 -0300] "GET /cormun/static/Shared/jqueryui/images/ui-icons_82798d_256x240.png HTTP/1.1" 404 1089
190.171.152.114 - - [16/Apr/2019:09:36:27 -0300] "GET /cormun/static/Shared/jqueryui/images/ui-bg_flat_55_fafafa_40x100.png HTTP/1.1" 404 1097
190.171.152.114 - - [16/Apr/2019:09:36:27 -0300] "GET /cormun/static/Shared/jqueryui/images/ui-icons_8d78a5_256x240.png HTTP/1.1" 404 1089
190.171.152.114 - - [16/Apr/2019:09:36:29 -0300] "GET /cormun/servlet/trpermisosadjuntos?17476892,20190415172547,P, HTTP/1.1" 200 6579
190.171.152.114 - - [16/Apr/2019:09:36:33 -0300] "GET /cormun/servlet/permisosadjuntos?INS,17476892,P,20190415172547,, HTTP/1.1" 200 5907
190.171.152.114 - - [16/Apr/2019:09:36:34 -0300] "HEAD /cormun/static/about:blank HTTP/1.1" 404 -
190.171.149.90 - - [16/Apr/2019:09:36:34 -0300] "POST /cormun/servlet/hlogin?6c7907bec8fcb7cbe07413d3f88ae2fa,gx-no-cache=1555417969804 HTTP/1.1" 200 90
190.171.149.90 - - [16/Apr/2019:09:36:34 -0300] "GET /cormun/servlet/hpexe_link HTTP/1.1" 200 958
190.171.149.90 - - [16/Apr/2019:09:36:34 -0300] "GET /cormun/static/Resources/Spanish/PXTools.css?1155365 HTTP/1.1" 200 40960
190.171.149.90 - - [16/Apr/2019:09:36:34 -0300] "GET /cormun/servlet/trsolicitudot HTTP/1.1" 200 7337
190.171.149.90 - - [16/Apr/2019:09:36:34 -0300] "GET /favicon.ico HTTP/1.1" 200 21630
190.171.149.90 - - [16/Apr/2019:09:36:35 -0300] "GET /cormun/static/gxui/gxui-all.css?120300 HTTP/1.1" 200 2179
190.171.149.90 - - [16/Apr/2019:09:36:35 -0300] "GET /cormun/static/gxcfg.js?2017111422585916 HTTP/1.1" 200 953
190.171.149.90 - - [16/Apr/2019:09:36:35 -0300] "GET /cormun/static/SmoothNavMenu/resources/images/right.gif HTTP/1.1" 200 860
190.171.149.90 - - [16/Apr/2019:09:36:35 -0300] "GET /cormun/servlet/trsolicitudot HTTP/1.1" 200 7336
190.171.152.114 - - [16/Apr/2019:09:36:44 -0300] "POST /cormun/servlet/permisosadjuntos?fe0bc1867abcf07e049ba6fd428a3a23,INS,17476892,P,20190415172547,, HTTP/1.1" 200 116
190.171.152.114 - - [16/Apr/2019:09:36:44 -0300] "GET /cormun/servlet/hpexe_return? HTTP/1.1" 200 1033
190.171.152.114 - - [16/Apr/2019:09:36:45 -0300] "GET /cormun/servlet/trpermisosadjuntos?17476892,20190415172547,P, HTTP/1.1" 200 7083
190.171.152.114 - - [16/Apr/2019:09:36:47 -0300] "GET /cormun/PublicTempStorage/permiso_natalia_castro3262142.pdf HTTP/1.1" 200 431266
190.171.152.114 - - [16/Apr/2019:09:36:47 -0300] "GET /cormun/PublicTempStorage/permiso_natalia_castro3262142.pdf HTTP/1.1" 200 431266
190.171.152.114 - - [16/Apr/2019:09:36:50 -0300] "GET /cormun/servlet/trpermisosgoce? HTTP/1.1" 200 9840
190.171.149.90 - - [16/Apr/2019:09:36:53 -0300] "GET /cormun/servlet/trpermisosgoce? HTTP/1.1" 200 9602
190.171.149.90 - - [16/Apr/2019:09:36:53 -0300] "GET /cormun/static/gxui/gxui-all.css?110300 HTTP/1.1" 200 2179
190.171.149.90 - - [16/Apr/2019:09:36:53 -0300] "GET /cormun/static/calendar-system.css?75620 HTTP/1.1" 200 5572
190.171.149.90 - - [16/Apr/2019:09:36:53 -0300] "GET /cormun/static/Shared/ext/resources/css/ext-all.css?205870 HTTP/1.1" 304 -
190.171.149.90 - - [16/Apr/2019:09:36:54 -0300] "GET /cormun//static/Resources/PXToolsGridUpdate.png HTTP/1.1" 200 2984
190.171.149.90 - - [16/Apr/2019:09:36:54 -0300] "GET /cormun//static/Resources/PXToolsHeaderFavorites.png HTTP/1.1" 200 2744
190.171.149.90 - - [16/Apr/2019:09:36:54 -0300] "GET /cormun//static/Resources/PXToolsGridDisplay.png HTTP/1.1" 200 362
190.171.149.90 - - [16/Apr/2019:09:36:54 -0300] "GET /cormun//static/Resources/PXToolsGridDelete.png HTTP/1.1" 200 357
190.171.149.90 - - [16/Apr/2019:09:36:54 -0300] "GET /cormun//static/Resources/PXTools/ActionInsert.png HTTP/1.1" 200 1482
190.171.149.90 - - [16/Apr/2019:09:36:54 -0300] "GET /cormun//static/Resources/PXToolsActionPrint.png HTTP/1.1" 200 3317
190.171.149.90 - - [16/Apr/2019:09:36:54 -0300] "GET /cormun//static/Resources/PXToolsHeaderHelp.png HTTP/1.1" 200 4055
190.171.149.90 - - [16/Apr/2019:09:36:54 -0300] "GET /cormun//static/Resources/PXToolsActionDisabled.gif HTTP/1.1" 200 53
190.171.149.90 - - [16/Apr/2019:09:36:54 -0300] "GET /cormun/servlet/trpermisosgoce? HTTP/1.1" 200 9601
190.171.152.114 - - [16/Apr/2019:09:36:56 -0300] "POST /cormun/servlet/trpermisosgoce?fe0bc1867abcf07e049ba6fd428a3a23,,gx-no-cache=1555417990989 HTTP/1.1" 200 7003
190.171.152.114 - - [16/Apr/2019:09:36:56 -0300] "GET /cormun/static/Shared/jqueryui/images/ui-icons_82798d_256x240.png HTTP/1.1" 404 1089
190.171.152.114 - - [16/Apr/2019:09:36:56 -0300] "GET /cormun/static/Shared/jqueryui/images/ui-icons_8d78a5_256x240.png HTTP/1.1" 404 1089
190.171.152.114 - - [16/Apr/2019:09:36:56 -0300] "GET /cormun/static/Shared/jqueryui/images/ui-bg_highlight-soft_100_c6c2c8_1x100.png HTTP/1.1" 404 1117
190.171.152.114 - - [16/Apr/2019:09:36:56 -0300] "GET /cormun/static/Shared/jqueryui/images/ui-bg_flat_55_fafafa_40x100.png HTTP/1.1" 404 1097
190.171.149.90 - - [16/Apr/2019:09:36:58 -0300] "GET /cormun/servlet/permisogoce?INS,0,,, HTTP/1.1" 200 7162
190.171.149.90 - - [16/Apr/2019:09:36:58 -0300] "GET /cormun/static/calendar-system.css?75620 HTTP/1.1" 200 5572
190.171.149.90 - - [16/Apr/2019:09:36:58 -0300] "GET /cormun/static/gxcfg.js?201776126440 HTTP/1.1" 200 953
190.171.149.90 - - [16/Apr/2019:09:36:58 -0300] "GET /cormun/static/Resources/prompt.gif HTTP/1.1" 200 902
190.171.149.90 - - [16/Apr/2019:09:36:59 -0300] "GET /cormun/static/permisogoce.js?2017761264459 HTTP/1.1" 200 27897
190.171.149.90 - - [16/Apr/2019:09:36:59 -0300] "GET /cormun/servlet/permisogoce?INS,0,,, HTTP/1.1" 200 7162
186.103.159.188 - - [16/Apr/2019:09:37:03 -0300] "POST /cormun/servlet/solicitudot?61dbe53f54ff965e28299dc6a800b32b,INS,0,0,,gx-no-cache=1555417998815 HTTP/1.1" 200 93
186.103.159.188 - - [16/Apr/2019:09:37:03 -0300] "GET /cormun/servlet/hpexe_return? HTTP/1.1" 200 1008
186.103.159.188 - - [16/Apr/2019:09:37:04 -0300] "GET /cormun/servlet/trsolicitudot HTTP/1.1" 200 8627
186.103.159.188 - - [16/Apr/2019:09:37:04 -0300] "GET /cormun/servlet/trsolicitudot HTTP/1.1" 200 8623
186.103.159.188 - - [16/Apr/2019:09:37:07 -0300] "POST /cormun/servlet/trsolicitudot?61dbe53f54ff965e28299dc6a800b32b,gx-no-cache=1555418003701 HTTP/1.1" 200 107
186.103.159.188 - - [16/Apr/2019:09:37:08 -0300] "GET /cormun/servlet/trsolicitudadjuntos?2019,15313, HTTP/1.1" 200 6151
186.103.159.188 - - [16/Apr/2019:09:37:08 -0300] "GET /cormun/static/gxui/gxui-all.css?110300 HTTP/1.1" 304 -
186.103.159.188 - - [16/Apr/2019:09:37:08 -0300] "GET /cormun/servlet/trsolicitudadjuntos?2019,15313, HTTP/1.1" 200 6151
186.103.159.188 - - [16/Apr/2019:09:37:11 -0300] "GET /cormun/servlet/solicitudotadjuntos?INS,2019,15313,,1, HTTP/1.1" 200 6096
186.103.159.188 - - [16/Apr/2019:09:37:11 -0300] "GET /cormun/static/about:blank HTTP/1.1" 404 1011
186.103.159.188 - - [16/Apr/2019:09:37:11 -0300] "GET /cormun/servlet/solicitudotadjuntos?INS,2019,15313,,1, HTTP/1.1" 200 6090
186.103.159.188 - - [16/Apr/2019:09:37:12 -0300] "GET /cormun/servlet/solicitudotadjuntos?6f89842073eea2866fa5d3c203945565d9bb636f7bfcaa80c0e2d3f3cfa2f606b351527a7e5064f9c7b9cda9de87f84c,gx-no-cache=1555418008168 HTTP/1.1" 200 30
186.103.159.188 - - [16/Apr/2019:09:37:12 -0300] "POST /cormun/servlet/solicitudotadjuntos?61dbe53f54ff965e28299dc6a800b32b,INS,2019,15313,,1,,gx-no-cache=1555418008287 HTTP/1.1" 200 3860
190.171.149.90 - - [16/Apr/2019:09:37:17 -0300] "GET /cormun/servlet/trcontratounov2? HTTP/1.1" 200 17837
190.171.149.90 - - [16/Apr/2019:09:37:18 -0300] "GET /cormun/static/gxcfg.js?201752512124396 HTTP/1.1" 200 953
190.171.149.90 - - [16/Apr/2019:09:37:18 -0300] "GET /cormun/static/scaMessage/css/jquery.pnotify.default.css?1716380 HTTP/1.1" 200 1707
190.171.149.90 - - [16/Apr/2019:09:37:18 -0300] "GET /cormun/static/SmoothNavMenu/resources/ddsmoothmenu.css?1012540 HTTP/1.1" 200 2223
190.171.149.90 - - [16/Apr/2019:09:37:18 -0300] "GET /cormun/static/SmoothNavMenu/resources/ddsmoothmenu-v.css?1012540 HTTP/1.1" 200 1188
190.171.149.90 - - [16/Apr/2019:09:37:18 -0300] "GET /cormun/static/Shared/jqueryui/jquery-ui.min.css?1245370 HTTP/1.1" 200 16384
190.171.149.90 - - [16/Apr/2019:09:37:18 -0300] "GET /cormun/static/Resources/Spanish/PXTools.css?11423723 HTTP/1.1" 200 16384
190.171.149.90 - - [16/Apr/2019:09:37:18 -0300] "GET /cormun/static/Resources/logo4.png HTTP/1.1" 200 6582
190.171.149.90 - - [16/Apr/2019:09:37:18 -0300] "GET /cormun/static/Resources/PXToolsHeaderActionsLeft.png HTTP/1.1" 200 1118
190.171.149.90 - - [16/Apr/2019:09:37:18 -0300] "GET /cormun/static/Resources/PXToolsHeaderHome.png HTTP/1.1" 200 4147
190.171.149.90 - - [16/Apr/2019:09:37:18 -0300] "GET /cormun/static/Resources/PXToolsHeaderLogin.png HTTP/1.1" 200 4279
190.171.149.90 - - [16/Apr/2019:09:37:18 -0300] "GET /cormun/static/Resources/PXToolsHeaderPreferences.png HTTP/1.1" 200 4189
190.171.149.90 - - [16/Apr/2019:09:37:19 -0300] "GET /cormun/servlet/trcontratounov2? HTTP/1.1" 200 17839
190.171.149.90 - - [16/Apr/2019:09:37:32 -0300] "POST /cormun/servlet/trcontratounov2?6c7907bec8fcb7cbe07413d3f88ae2fa,,gx-no-cache=1555418027855 HTTP/1.1" 200 7529
190.171.149.90 - - [16/Apr/2019:09:37:49 -0300] "GET /cormun/servlet/trpermisosgoce? HTTP/1.1" 200 9602
186.103.159.188 - - [16/Apr/2019:09:37:49 -0300] "POST /cormun/servlet/solicitudotadjuntos?gx-no-cache=1555418045268 HTTP/1.1" 200 26
190.171.149.90 - - [16/Apr/2019:09:37:49 -0300] "GET /cormun/static/gxcfg.js?20177612163875 HTTP/1.1" 200 953
190.171.149.90 - - [16/Apr/2019:09:37:49 -0300] "GET /cormun/static/RunJS/RunJS.js HTTP/1.1" 200 288
190.171.149.90 - - [16/Apr/2019:09:37:49 -0300] "GET /cormun/static/Resources/PXToolsHeaderLogin.png HTTP/1.1" 200 4279
190.171.149.90 - - [16/Apr/2019:09:37:49 -0300] "GET /cormun/static/Resources/PXToolsHeaderPreferences.png HTTP/1.1" 200 4189
190.171.149.90 - - [16/Apr/2019:09:37:50 -0300] "GET /cormun//static/Resources/PXToolsHeaderFavorites.png HTTP/1.1" 304 -
186.103.159.46 - - [16/Apr/2019:09:37:50 -0300] "GET /cormun/servlet/hlogin HTTP/1.1" 200 1724
190.171.149.90 - - [16/Apr/2019:09:37:50 -0300] "GET /cormun/servlet/trpermisosgoce? HTTP/1.1" 200 9601
200.111.191.210 - - [16/Apr/2019:09:37:53 -0300] "GET /cormun/servlet/trlicencias? HTTP/1.1" 200 15381
190.171.149.90 - - [16/Apr/2019:09:37:53 -0300] "GET /cormun/servlet/permisogoce?INS,0,,, HTTP/1.1" 200 7162
190.171.149.90 - - [16/Apr/2019:09:37:53 -0300] "GET /cormun/static/gxcfg.js?201776126440 HTTP/1.1" 200 953
200.111.191.210 - - [16/Apr/2019:09:37:53 -0300] "GET /cormun/servlet/trlicencias? HTTP/1.1" 200 15379
200.111.191.210 - - [16/Apr/2019:09:37:54 -0300] "GET /cormun/servlet/trlicencias? HTTP/1.1" 200 15379
190.171.149.90 - - [16/Apr/2019:09:37:54 -0300] "GET /cormun/servlet/permisogoce?INS,0,,, HTTP/1.1" 200 7162
200.111.191.210 - - [16/Apr/2019:09:37:54 -0300] "GET /cormun/servlet/trlicencias? HTTP/1.1" 200 15379
186.103.159.46 - - [16/Apr/2019:09:37:58 -0300] "POST /cormun/servlet/hlogin?6c34f25430bb7f14fe1fe1cddccc66cf,gx-no-cache=1555414452484 HTTP/1.1" 200 90
186.103.159.46 - - [16/Apr/2019:09:37:58 -0300] "GET /cormun/servlet/hpexe_link HTTP/1.1" 200 949
186.103.159.46 - - [16/Apr/2019:09:37:59 -0300] "GET /cormun/servlet/hhome HTTP/1.1" 200 4058
186.103.159.46 - - [16/Apr/2019:09:38:02 -0300] "GET /cormun/servlet/hhome HTTP/1.1" 200 4054
186.103.159.46 - - [16/Apr/2019:09:38:05 -0300] "GET /cormun/servlet/trsolicitudot? HTTP/1.1" 200 7277
190.171.149.90 - - [16/Apr/2019:09:38:06 -0300] "GET /cormun/servlet/prfichaempleado?,MD,,gxPopupLevel%3D0%3B HTTP/1.1" 200 9389
190.171.149.90 - - [16/Apr/2019:09:38:06 -0300] "GET /cormun/static/gxui/gxui-all.css?110300 HTTP/1.1" 200 2179
190.171.149.90 - - [16/Apr/2019:09:38:06 -0300] "GET /cormun/static/gxcfg.js?20177612134814 HTTP/1.1" 200 953
190.171.149.90 - - [16/Apr/2019:09:38:07 -0300] "GET /cormun/static/Resources/logo4.png HTTP/1.1" 200 6582
190.171.149.90 - - [16/Apr/2019:09:38:07 -0300] "GET /cormun/static/Resources/PXToolsGridPage.gif HTTP/1.1" 200 725
190.171.149.90 - - [16/Apr/2019:09:38:07 -0300] "GET /cormun/static/Resources/PXToolsDataTitle.png HTTP/1.1" 200 1173
186.103.159.46 - - [16/Apr/2019:09:38:07 -0300] "GET /cormun/servlet/trsolicitudot? HTTP/1.1" 200 7276
186.103.159.46 - - [16/Apr/2019:09:38:11 -0300] "GET /cormun/servlet/solicitudot?INS,0,0, HTTP/1.1" 200 14949
186.103.159.46 - - [16/Apr/2019:09:38:14 -0300] "GET /cormun/servlet/solicitudot?INS,0,0, HTTP/1.1" 200 14954
200.54.103.162 - - [16/Apr/2019:09:38:17 -0300] "POST /cormun/servlet/trlicencias?13c4fcf22d103d2045ce7aa6e5728b6f,,gx-no-cache=1555418072715 HTTP/1.1" 200 9866
190.171.149.90 - - [16/Apr/2019:09:38:18 -0300] "POST /cormun/servlet/prfichaempleado?6c7907bec8fcb7cbe07413d3f88ae2fa,,MD,,gxPopupLevel%3D0%3B,gx-no-cache=1555418074289 HTTP/1.1" 200 3199
186.103.159.46 - - [16/Apr/2019:09:38:23 -0300] "POST /cormun/servlet/solicitudot?gx-no-cache=1555414477894 HTTP/1.1" 200 3450
186.103.159.46 - - [16/Apr/2019:09:38:24 -0300] "POST /cormun/servlet/solicitudot?6c34f25430bb7f14fe1fe1cddccc66cf,INS,0,0,,gx-no-cache=1555414478408 HTTP/1.1" 200 11678
186.103.159.46 - - [16/Apr/2019:09:38:31 -0300] "GET /cormun/servlet/solicitudot?dd99cf5129dfae650f22b98eb88bffb385f6b9f8c73d9bebc52dedc21f285e506c685c4023664aabdaa0cf3d50b86dda,gx-no-cache=1555414485811 HTTP/1.1" 200 30
190.171.149.90 - - [16/Apr/2019:09:38:42 -0300] "POST /cormun/servlet/prfichaempleado?6c7907bec8fcb7cbe07413d3f88ae2fa,,MD,,gxPopupLevel%3D0%3B,gx-no-cache=1555418097820 HTTP/1.1" 200 5444
200.54.103.162 - - [16/Apr/2019:09:38:44 -0300] "POST /cormun/servlet/trlicencias?13c4fcf22d103d2045ce7aa6e5728b6f,,gx-no-cache=1555418097439 HTTP/1.1" 200 9867
190.171.152.114 - - [16/Apr/2019:09:38:44 -0300] "GET /cormun/servlet/trpermisosingoce? HTTP/1.1" 200 8338
190.171.152.114 - - [16/Apr/2019:09:38:49 -0300] "GET /cormun/servlet/trpermisosingoceadjunto?373,9021206, HTTP/1.1" 200 6375
190.171.152.114 - - [16/Apr/2019:09:38:49 -0300] "GET /cormun/static/gxcfg.js?2017761217146 HTTP/1.1" 200 953
190.171.152.114 - - [16/Apr/2019:09:38:50 -0300] "GET /cormun/static/trpermisosingoceadjunto.js?20177612171634 HTTP/1.1" 200 16925
190.171.152.114 - - [16/Apr/2019:09:38:53 -0300] "GET /cormun/servlet/permisosingoceadjunto?INS,373,, HTTP/1.1" 200 5675
190.171.152.114 - - [16/Apr/2019:09:38:53 -0300] "GET /cormun/static/gxcfg.js?201752511552178 HTTP/1.1" 200 953
190.171.152.114 - - [16/Apr/2019:09:38:53 -0300] "GET /cormun/static/permisosingoceadjunto.js?201752511552188 HTTP/1.1" 200 6883
190.171.152.114 - - [16/Apr/2019:09:38:53 -0300] "HEAD /cormun/static/about:blank HTTP/1.1" 404 -
190.171.152.114 - - [16/Apr/2019:09:38:54 -0300] "GET /cormun/servlet/permisosingoceadjunto?caba4b72319afe6b342bb4b7c0b8e3c733ada1f491d050992e492c999020532a,gx-no-cache=1555418110431 HTTP/1.1" 200 26
190.171.149.90 - - [16/Apr/2019:09:38:55 -0300] "POST /cormun/servlet/prfichaempleado?6c7907bec8fcb7cbe07413d3f88ae2fa,,MD,,gxPopupLevel%3D0%3B,gx-no-cache=1555418110488 HTTP/1.1" 200 3199
200.54.103.162 - - [16/Apr/2019:09:38:55 -0300] "POST /cormun/servlet/trlicencias?13c4fcf22d103d2045ce7aa6e5728b6f,,gx-no-cache=1555418109815 HTTP/1.1" 200 9866
186.103.159.188 - - [16/Apr/2019:09:38:58 -0300] "GET /cormun/servlet/solicitudotadjuntos?6f89842073eea2866fa5d3c2039455653b8d318a2c809e6c1c34034f293bb00d,gx-no-cache=1555418114595 HTTP/1.1" 200 30
186.103.159.188 - - [16/Apr/2019:09:38:58 -0300] "GET /cormun/servlet/solicitudotadjuntos?6f89842073eea2866fa5d3c2039455653b8d318a2c809e6c1c34034f293bb00d,gx-no-cache=1555418114731 HTTP/1.1" 200 30
186.103.159.188 - - [16/Apr/2019:09:38:59 -0300] "POST /cormun/servlet/solicitudotadjuntos?61dbe53f54ff965e28299dc6a800b32b,INS,2019,15313,,1,,gx-no-cache=1555418114819 HTTP/1.1" 200 93
186.103.159.188 - - [16/Apr/2019:09:38:59 -0300] "GET /cormun/servlet/hpexe_return? HTTP/1.1" 200 1027
186.103.159.188 - - [16/Apr/2019:09:38:59 -0300] "GET /cormun/servlet/trsolicitudadjuntos?2019,15313, HTTP/1.1" 200 8635
186.103.159.188 - - [16/Apr/2019:09:39:00 -0300] "GET /cormun/servlet/trsolicitudadjuntos?2019,15313, HTTP/1.1" 200 8632
190.171.149.90 - - [16/Apr/2019:09:39:00 -0300] "POST /cormun/servlet/prfichaempleado?6c7907bec8fcb7cbe07413d3f88ae2fa,,MD,,gxPopupLevel%3D0%3B,gx-no-cache=1555418115976 HTTP/1.1" 200 3199
190.171.149.90 - - [16/Apr/2019:09:39:01 -0300] "POST /cormun/servlet/prfichaempleado?6c7907bec8fcb7cbe07413d3f88ae2fa,,MD,,gxPopupLevel%3D0%3B,gx-no-cache=1555418117004 HTTP/1.1" 200 3199
190.171.149.90 - - [16/Apr/2019:09:39:02 -0300] "POST /cormun/servlet/prfichaempleado?6c7907bec8fcb7cbe07413d3f88ae2fa,,MD,,gxPopupLevel%3D0%3B,gx-no-cache=1555418117533 HTTP/1.1" 200 3199
186.103.159.188 - - [16/Apr/2019:09:39:03 -0300] "GET /cormun/servlet/solicitudotadjuntos?INS,2019,15313,,2, HTTP/1.1" 200 6095
186.103.159.188 - - [16/Apr/2019:09:39:03 -0300] "GET /cormun/static/about:blank HTTP/1.1" 404 1011
186.103.159.188 - - [16/Apr/2019:09:39:03 -0300] "GET /cormun/servlet/solicitudotadjuntos?INS,2019,15313,,2, HTTP/1.1" 200 6089
190.171.152.114 - - [16/Apr/2019:09:39:04 -0300] "POST /cormun/servlet/permisosingoceadjunto?fe0bc1867abcf07e049ba6fd428a3a23,INS,373,, HTTP/1.1" 200 116
190.171.152.114 - - [16/Apr/2019:09:39:04 -0300] "GET /cormun/servlet/hpexe_return? HTTP/1.1" 200 1022
186.103.159.188 - - [16/Apr/2019:09:39:04 -0300] "GET /cormun/servlet/solicitudotadjuntos?6f89842073eea2866fa5d3c203945565d9bb636f7bfcaa80c0e2d3f3cfa2f606b351527a7e5064f9c7b9cda9de87f84c,gx-no-cache=1555418120229 HTTP/1.1" 200 30
190.171.152.114 - - [16/Apr/2019:09:39:04 -0300] "GET /cormun/servlet/trpermisosingoceadjunto?373,9021206, HTTP/1.1" 200 6798
186.103.159.188 - - [16/Apr/2019:09:39:04 -0300] "POST /cormun/servlet/solicitudotadjuntos?61dbe53f54ff965e28299dc6a800b32b,INS,2019,15313,,2,,gx-no-cache=1555418120315 HTTP/1.1" 200 4066
190.171.152.114 - - [16/Apr/2019:09:39:06 -0300] "GET /cormun/PublicTempStorage/permiso_marcela_villalobos_-sg9451374.pdf HTTP/1.1" 200 428213
190.171.152.114 - - [16/Apr/2019:09:39:07 -0300] "GET /cormun/PublicTempStorage/permiso_marcela_villalobos_-sg9451374.pdf HTTP/1.1" 200 428213
190.171.152.114 - - [16/Apr/2019:09:39:12 -0300] "GET /cormun/servlet/trpermisosingoce? HTTP/1.1" 200 8338
190.171.143.106 - - [16/Apr/2019:09:39:20 -0300] "GET /cormun/servlet/trsolicitudot? HTTP/1.1" 200 7286
190.171.143.106 - - [16/Apr/2019:09:39:20 -0300] "GET /cormun/static/gxui/gxui-all.css?120300 HTTP/1.1" 200 2179
190.171.143.106 - - [16/Apr/2019:09:39:20 -0300] "GET /cormun/static/calendar-system.css?85620 HTTP/1.1" 200 5572
190.171.143.106 - - [16/Apr/2019:09:39:20 -0300] "GET /cormun/static/gxcfg.js?2017111422585916 HTTP/1.1" 200 953
190.171.143.106 - - [16/Apr/2019:09:39:20 -0300] "GET /cormun/static/Resources/Spanish/PXTools.css?1255365 HTTP/1.1" 200 89042
190.171.143.106 - - [16/Apr/2019:09:39:20 -0300] "GET /cormun/static/trsolicitudot.js?201711142259839 HTTP/1.1" 200 54041
190.171.152.114 - - [16/Apr/2019:09:39:21 -0300] "POST /cormun/servlet/trpermisosingoce?fe0bc1867abcf07e049ba6fd428a3a23,,gx-no-cache=1555418136557 HTTP/1.1" 200 5541
190.171.143.106 - - [16/Apr/2019:09:39:21 -0300] "GET /cormun/static/Shared/ext/resources/css/ext-all.css?215870 HTTP/1.1" 200 416045
190.171.152.114 - - [16/Apr/2019:09:39:21 -0300] "GET /cormun/static/Shared/jqueryui/images/ui-icons_82798d_256x240.png HTTP/1.1" 404 1089
190.171.152.114 - - [16/Apr/2019:09:39:21 -0300] "GET /cormun/static/Shared/jqueryui/images/ui-bg_flat_55_fafafa_40x100.png HTTP/1.1" 404 1097
190.171.152.114 - - [16/Apr/2019:09:39:21 -0300] "GET /cormun/static/Shared/jqueryui/images/ui-bg_highlight-soft_100_c6c2c8_1x100.png HTTP/1.1" 404 1117
190.171.152.114 - - [16/Apr/2019:09:39:21 -0300] "GET /cormun/static/Shared/jqueryui/images/ui-icons_8d78a5_256x240.png HTTP/1.1" 404 1089
190.171.143.106 - - [16/Apr/2019:09:39:22 -0300] "GET /cormun/servlet/trsolicitudot? HTTP/1.1" 200 7286
190.171.152.114 - - [16/Apr/2019:09:39:29 -0300] "GET /cormun/servlet/trpermisosingoceautorizar? HTTP/1.1" 200 8100
190.171.152.114 - - [16/Apr/2019:09:39:29 -0300] "GET /cormun/static/gxcfg.js?20175251281010 HTTP/1.1" 200 953
157.55.39.57 - - [16/Apr/2019:09:39:29 -0300] "GET /cormun/servlet/solicitudot?UPD,2016,2672,&_escaped_fragment_= HTTP/1.1" 200 14613
190.171.152.114 - - [16/Apr/2019:09:39:29 -0300] "GET /cormun/static/trpermisosingoceautorizar.js?20175251281518 HTTP/1.1" 200 32551
190.171.152.114 - - [16/Apr/2019:09:39:37 -0300] "POST /cormun/servlet/trpermisosingoceautorizar?fe0bc1867abcf07e049ba6fd428a3a23,,gx-no-cache=1555418153212 HTTP/1.1" 200 5134
190.171.152.114 - - [16/Apr/2019:09:39:38 -0300] "GET /cormun/static/Shared/jqueryui/images/ui-icons_82798d_256x240.png HTTP/1.1" 404 1089
190.171.152.114 - - [16/Apr/2019:09:39:38 -0300] "GET /cormun/static/Shared/jqueryui/images/ui-icons_8d78a5_256x240.png HTTP/1.1" 404 1089
190.171.152.114 - - [16/Apr/2019:09:39:38 -0300] "GET /cormun/static/Shared/jqueryui/images/ui-bg_flat_55_fafafa_40x100.png HTTP/1.1" 404 1097
190.171.152.114 - - [16/Apr/2019:09:39:38 -0300] "GET /cormun/static/Shared/jqueryui/images/ui-bg_highlight-soft_100_c6c2c8_1x100.png HTTP/1.1" 404 1117
190.171.152.114 - - [16/Apr/2019:09:39:39 -0300] "POST /cormun/servlet/trpermisosingoceautorizar?fe0bc1867abcf07e049ba6fd428a3a23,,gx-no-cache=1555418154538 HTTP/1.1" 200 4388
190.171.152.114 - - [16/Apr/2019:09:39:43 -0300] "GET /cormun/servlet/trpermisosgoce? HTTP/1.1" 200 9805
186.103.159.188 - - [16/Apr/2019:09:39:45 -0300] "POST /cormun/servlet/solicitudotadjuntos?61dbe53f54ff965e28299dc6a800b32b,INS,2019,15313,,2,,gx-no-cache=1555418161012 HTTP/1.1" 200 93
186.103.159.188 - - [16/Apr/2019:09:39:45 -0300] "GET /cormun/servlet/hpexe_return? HTTP/1.1" 200 1027
186.103.159.188 - - [16/Apr/2019:09:39:45 -0300] "GET /cormun/servlet/trsolicitudadjuntos?2019,15313, HTTP/1.1" 200 8635
186.103.159.188 - - [16/Apr/2019:09:39:46 -0300] "GET /cormun/servlet/trsolicitudadjuntos?2019,15313, HTTP/1.1" 200 8632
186.103.159.188 - - [16/Apr/2019:09:39:49 -0300] "GET /cormun/servlet/solicitudotadjuntos?INS,2019,15313,,1, HTTP/1.1" 200 6096
186.103.159.188 - - [16/Apr/2019:09:39:49 -0300] "GET /cormun/static/about:blank HTTP/1.1" 404 1011
186.103.159.188 - - [16/Apr/2019:09:39:49 -0300] "GET /cormun/servlet/solicitudotadjuntos?INS,2019,15313,,1, HTTP/1.1" 200 6089
186.103.159.188 - - [16/Apr/2019:09:39:50 -0300] "GET /cormun/servlet/solicitudotadjuntos?6f89842073eea2866fa5d3c203945565d9bb636f7bfcaa80c0e2d3f3cfa2f606b351527a7e5064f9c7b9cda9de87f84c,gx-no-cache=1555418166051 HTTP/1.1" 200 30
186.103.159.188 - - [16/Apr/2019:09:39:50 -0300] "POST /cormun/servlet/solicitudotadjuntos?61dbe53f54ff965e28299dc6a800b32b,INS,2019,15313,,1,,gx-no-cache=1555418166140 HTTP/1.1" 200 3859
190.171.152.114 - - [16/Apr/2019:09:39:50 -0300] "GET /cormun/servlet/trautorizarpermisogoce? HTTP/1.1" 200 9662
190.171.152.114 - - [16/Apr/2019:09:39:50 -0300] "GET /cormun/static/gxcfg.js?20177612165975 HTTP/1.1" 200 953
190.171.152.114 - - [16/Apr/2019:09:39:50 -0300] "GET /cormun/static/trautorizarpermisogoce.js?2017761217384 HTTP/1.1" 200 34948
186.103.159.188 - - [16/Apr/2019:09:39:55 -0300] "POST /cormun/servlet/solicitudotadjuntos?gx-no-cache=1555418171458 HTTP/1.1" 200 26
190.171.143.106 - - [16/Apr/2019:09:39:55 -0300] "GET /cormun/servlet/trsolicitudot? HTTP/1.1" 200 7286
190.171.152.114 - - [16/Apr/2019:09:39:56 -0300] "POST /cormun/servlet/trautorizarpermisogoce?fe0bc1867abcf07e049ba6fd428a3a23,,gx-no-cache=1555418171443 HTTP/1.1" 200 6677
190.171.152.114 - - [16/Apr/2019:09:39:56 -0300] "GET /cormun/static/Shared/jqueryui/images/ui-bg_flat_55_fafafa_40x100.png HTTP/1.1" 404 1097
190.171.152.114 - - [16/Apr/2019:09:39:56 -0300] "GET /cormun/static/Shared/jqueryui/images/ui-bg_highlight-soft_100_c6c2c8_1x100.png HTTP/1.1" 404 1117
190.171.152.114 - - [16/Apr/2019:09:39:56 -0300] "GET /cormun/static/Shared/jqueryui/images/ui-icons_82798d_256x240.png HTTP/1.1" 404 1089
190.171.152.114 - - [16/Apr/2019:09:39:56 -0300] "GET /cormun/static/Shared/jqueryui/images/ui-icons_8d78a5_256x240.png HTTP/1.1" 404 1089
190.171.143.106 - - [16/Apr/2019:09:39:56 -0300] "GET /cormun/servlet/trsolicitudot? HTTP/1.1" 200 7286
190.171.152.114 - - [16/Apr/2019:09:39:57 -0300] "POST /cormun/servlet/trautorizarpermisogoce?fe0bc1867abcf07e049ba6fd428a3a23,,gx-no-cache=1555418172742 HTTP/1.1" 200 6443
190.171.152.114 - - [16/Apr/2019:09:39:58 -0300] "POST /cormun/servlet/trautorizarpermisogoce?fe0bc1867abcf07e049ba6fd428a3a23,,gx-no-cache=1555418174046 HTTP/1.1" 200 6204
190.171.152.114 - - [16/Apr/2019:09:40:00 -0300] "POST /cormun/servlet/trautorizarpermisogoce?fe0bc1867abcf07e049ba6fd428a3a23,,gx-no-cache=1555418176001 HTTP/1.1" 200 5937
190.171.152.114 - - [16/Apr/2019:09:40:01 -0300] "POST /cormun/servlet/trautorizarpermisogoce?fe0bc1867abcf07e049ba6fd428a3a23,,gx-no-cache=1555418177301 HTTP/1.1" 200 5735
190.171.152.114 - - [16/Apr/2019:09:40:03 -0300] "POST /cormun/servlet/trautorizarpermisogoce?fe0bc1867abcf07e049ba6fd428a3a23,,gx-no-cache=1555418178611 HTTP/1.1" 200 5480
190.171.143.106 - - [16/Apr/2019:09:40:03 -0300] "GET /cormun/servlet/solicitudot?INS,0,0, HTTP/1.1" 200 14971
190.171.143.106 - - [16/Apr/2019:09:40:03 -0300] "GET /cormun/static/gxcfg.js?20189101114418 HTTP/1.1" 200 953
190.171.143.106 - - [16/Apr/2019:09:40:03 -0300] "GET /cormun/static/Resources/prompt.gif HTTP/1.1" 200 902
190.171.143.106 - - [16/Apr/2019:09:40:04 -0300] "GET /cormun/static/solicitudot.js?20189101114718 HTTP/1.1" 200 71883
190.171.143.106 - - [16/Apr/2019:09:40:04 -0300] "GET /cormun/servlet/solicitudot?INS,0,0, HTTP/1.1" 200 14976
190.171.152.114 - - [16/Apr/2019:09:40:04 -0300] "POST /cormun/servlet/trautorizarpermisogoce?fe0bc1867abcf07e049ba6fd428a3a23,,gx-no-cache=1555418180223 HTTP/1.1" 200 5185
186.103.159.188 - - [16/Apr/2019:09:40:05 -0300] "GET /cormun/servlet/solicitudotadjuntos?6f89842073eea2866fa5d3c2039455653b8d318a2c809e6c1c34034f293bb00d,gx-no-cache=1555418181626 HTTP/1.1" 200 30
186.103.159.188 - - [16/Apr/2019:09:40:06 -0300] "GET /cormun/servlet/solicitudotadjuntos?6f89842073eea2866fa5d3c2039455653b8d318a2c809e6c1c34034f293bb00d,gx-no-cache=1555418181781 HTTP/1.1" 200 30
190.171.152.114 - - [16/Apr/2019:09:40:06 -0300] "POST /cormun/servlet/trautorizarpermisogoce?fe0bc1867abcf07e049ba6fd428a3a23,,gx-no-cache=1555418181760 HTTP/1.1" 200 4431
186.103.159.188 - - [16/Apr/2019:09:40:07 -0300] "POST /cormun/servlet/solicitudotadjuntos?61dbe53f54ff965e28299dc6a800b32b,INS,2019,15313,,1, HTTP/1.1" 200 6221
186.103.159.188 - - [16/Apr/2019:09:40:07 -0300] "GET /home/sistema/apache-tomcat-7.0.65/webapps/cormun/PrivateTempStorage/upload_00023579.pdf HTTP/1.1" 404 1135
186.103.159.188 - - [16/Apr/2019:09:40:07 -0300] "GET /cormun/static/Shared/jqueryui/images/ui-bg_highlight-soft_100_c6c2c8_1x100.png HTTP/1.1" 404 1117
186.103.159.188 - - [16/Apr/2019:09:40:07 -0300] "GET /cormun/static/Shared/jqueryui/images/ui-icons_ebccce_256x240.png HTTP/1.1" 404 1089
186.103.159.188 - - [16/Apr/2019:09:40:07 -0300] "GET /cormun/static/Shared/jqueryui/images/ui-icons_82798d_256x240.png HTTP/1.1" 404 1089
186.103.159.188 - - [16/Apr/2019:09:40:07 -0300] "GET /cormun/static/Shared/jqueryui/images/ui-bg_flat_55_994d53_40x100.png HTTP/1.1" 404 1097
186.103.159.188 - - [16/Apr/2019:09:40:08 -0300] "GET /cormun/PrivateTempStorage/upload_00023579.pdf HTTP/1.1" 200 238546
186.103.159.188 - - [16/Apr/2019:09:40:11 -0300] "GET /cormun/servlet/solicitudotadjuntos?6f89842073eea2866fa5d3c20394556539889e3e7194d2a551e3b135510e45545bcef8cab129bb0c78b3372da6e532e4,gx-no-cache=1555418186785 HTTP/1.1" 200 30
186.103.159.188 - - [16/Apr/2019:09:40:13 -0300] "POST /cormun/servlet/solicitudotadjuntos?61dbe53f54ff965e28299dc6a800b32b,INS,2019,15313,,1, HTTP/1.1" 200 6221
186.103.159.188 - - [16/Apr/2019:09:40:13 -0300] "GET /home/sistema/apache-tomcat-7.0.65/webapps/cormun/PrivateTempStorage/upload_00023591.pdf HTTP/1.1" 404 1135
186.103.159.188 - - [16/Apr/2019:09:40:13 -0300] "GET /cormun/PrivateTempStorage/upload_00023591.pdf HTTP/1.1" 200 16384
186.103.159.188 - - [16/Apr/2019:09:40:13 -0300] "GET /cormun/PrivateTempStorage/upload_00023591.pdf HTTP/1.1" 200 238546
186.103.159.188 - - [16/Apr/2019:09:40:19 -0300] "POST /cormun/servlet/solicitudotadjuntos?61dbe53f54ff965e28299dc6a800b32b,INS,2019,15313,,1, HTTP/1.1" 200 116
186.103.159.188 - - [16/Apr/2019:09:40:19 -0300] "GET /cormun/servlet/hpexe_return? HTTP/1.1" 200 1027
186.103.159.188 - - [16/Apr/2019:09:40:19 -0300] "GET /cormun/servlet/trsolicitudadjuntos?2019,15313, HTTP/1.1" 200 8635
186.103.159.188 - - [16/Apr/2019:09:40:19 -0300] "GET /cormun/servlet/trsolicitudadjuntos?2019,15313, HTTP/1.1" 200 8632
190.171.143.106 - - [16/Apr/2019:09:40:21 -0300] "POST /cormun/servlet/solicitudot?gx-no-cache=1555418196613 HTTP/1.1" 200 3664
190.171.143.106 - - [16/Apr/2019:09:40:21 -0300] "GET /cormun/static/Shared/jqueryui/images/ui-bg_highlight-soft_100_c6c2c8_1x100.png HTTP/1.1" 404 1117
190.171.143.106 - - [16/Apr/2019:09:40:21 -0300] "GET /cormun/static/Shared/jqueryui/images/ui-icons_82798d_256x240.png HTTP/1.1" 404 1089
190.171.143.106 - - [16/Apr/2019:09:40:21 -0300] "GET /cormun/static/Shared/jqueryui/images/ui-bg_flat_55_994d53_40x100.png HTTP/1.1" 404 1097
190.171.143.106 - - [16/Apr/2019:09:40:21 -0300] "GET /cormun/static/Shared/jqueryui/images/ui-icons_ebccce_256x240.png HTTP/1.1" 404 1089
190.171.143.106 - - [16/Apr/2019:09:40:24 -0300] "GET /cormun/servlet/solicitudot?595e3841274ed4e14ca0bb68ba32776e8425bb32b0544cce65857351b3164b0defb30866050f7b66252bd08a429b2819,gx-no-cache=1555418200153 HTTP/1.1" 200 111
190.171.143.106 - - [16/Apr/2019:09:40:28 -0300] "GET /cormun/servlet/solicitudot?595e3841274ed4e14ca0bb68ba32776e1f7287eea90c6d8c67424f60bff2eb8113f7f48597d31f70f152314757c868d9,gx-no-cache=1555418204489 HTTP/1.1" 200 30
186.103.159.188 - - [16/Apr/2019:09:40:29 -0300] "GET /cormun/servlet/solicitudotadjuntos?INS,2019,15313,,1, HTTP/1.1" 200 6096
186.103.159.188 - - [16/Apr/2019:09:40:30 -0300] "GET /cormun/static/about:blank HTTP/1.1" 404 1011
186.103.159.188 - - [16/Apr/2019:09:40:30 -0300] "GET /cormun/servlet/solicitudotadjuntos?INS,2019,15313,,1, HTTP/1.1" 200 6089
186.103.159.188 - - [16/Apr/2019:09:40:30 -0300] "GET /cormun/servlet/solicitudotadjuntos?6f89842073eea2866fa5d3c203945565d9bb636f7bfcaa80c0e2d3f3cfa2f606b351527a7e5064f9c7b9cda9de87f84c,gx-no-cache=1555418206519 HTTP/1.1" 200 30
186.103.159.188 - - [16/Apr/2019:09:40:30 -0300] "POST /cormun/servlet/solicitudotadjuntos?61dbe53f54ff965e28299dc6a800b32b,INS,2019,15313,,1,,gx-no-cache=1555418206619 HTTP/1.1" 200 3859
186.103.159.188 - - [16/Apr/2019:09:40:35 -0300] "POST /cormun/servlet/solicitudotadjuntos?gx-no-cache=1555418211652 HTTP/1.1" 200 26
186.103.159.188 - - [16/Apr/2019:09:40:40 -0300] "GET /cormun/servlet/solicitudotadjuntos?6f89842073eea2866fa5d3c2039455653b8d318a2c809e6c1c34034f293bb00d,gx-no-cache=1555418216402 HTTP/1.1" 200 30
186.103.159.188 - - [16/Apr/2019:09:40:40 -0300] "GET /cormun/servlet/solicitudotadjuntos?6f89842073eea2866fa5d3c2039455653b8d318a2c809e6c1c34034f293bb00d,gx-no-cache=1555418216481 HTTP/1.1" 200 30
186.103.159.188 - - [16/Apr/2019:09:40:41 -0300] "POST /cormun/servlet/solicitudotadjuntos?61dbe53f54ff965e28299dc6a800b32b,INS,2019,15313,,1, HTTP/1.1" 200 116
186.103.159.188 - - [16/Apr/2019:09:40:41 -0300] "GET /cormun/servlet/hpexe_return? HTTP/1.1" 200 1027
186.103.159.188 - - [16/Apr/2019:09:40:41 -0300] "GET /cormun/servlet/trsolicitudadjuntos?2019,15313, HTTP/1.1" 200 8914
186.103.159.188 - - [16/Apr/2019:09:40:42 -0300] "GET /cormun/servlet/trsolicitudadjuntos?2019,15313, HTTP/1.1" 200 8912
200.54.103.162 - - [16/Apr/2019:09:40:43 -0300] "POST /cormun/servlet/trlicencias?13c4fcf22d103d2045ce7aa6e5728b6f,,gx-no-cache=1555418218862 HTTP/1.1" 200 9867
35.212.253.255 - - [16/Apr/2019:09:40:44 -0300] "GET / HTTP/1.1" 200 11217
35.212.253.255 - - [16/Apr/2019:09:40:44 -0300] "GET /admin-scripts.asp HTTP/1.1" 404 995
186.103.159.188 - - [16/Apr/2019:09:40:51 -0300] "GET /cormun/servlet/solicitudotadjuntos?INS,2019,15313,,1, HTTP/1.1" 200 6096
186.103.159.188 - - [16/Apr/2019:09:40:51 -0300] "GET /cormun/static/about:blank HTTP/1.1" 404 1011
186.103.159.188 - - [16/Apr/2019:09:40:52 -0300] "GET /cormun/servlet/solicitudotadjuntos?6f89842073eea2866fa5d3c203945565d9bb636f7bfcaa80c0e2d3f3cfa2f606b351527a7e5064f9c7b9cda9de87f84c,gx-no-cache=1555418227974 HTTP/1.1" 200 30
186.103.159.188 - - [16/Apr/2019:09:40:52 -0300] "GET /cormun/servlet/solicitudotadjuntos?INS,2019,15313,,1, HTTP/1.1" 200 6090
186.103.159.188 - - [16/Apr/2019:09:40:52 -0300] "POST /cormun/servlet/solicitudotadjuntos?61dbe53f54ff965e28299dc6a800b32b,INS,2019,15313,,1,,gx-no-cache=1555418228105 HTTP/1.1" 200 3860
186.103.159.188 - - [16/Apr/2019:09:41:02 -0300] "POST /cormun/servlet/solicitudotadjuntos?gx-no-cache=1555418238577 HTTP/1.1" 200 26
186.103.159.46 - - [16/Apr/2019:09:41:13 -0300] "GET /cormun/servlet/solicitudot?dd99cf5129dfae650f22b98eb88bffb30ceac1cf87d71da557c8c9117cb925b5ba53af40612f8a44de1935a1f0ff6ffed809ab7b715162eccca74f794a3506f3,gx-no-cache=1555414647500 HTTP/1.1" 200 30
186.103.159.46 - - [16/Apr/2019:09:41:13 -0300] "GET /cormun/servlet/solicitudot?dd99cf5129dfae650f22b98eb88bffb3f350a87e2c82c66b7c59777aedd65b7f,gx-no-cache=1555414647773 HTTP/1.1" 200 29
186.103.159.188 - - [16/Apr/2019:09:41:15 -0300] "GET /cormun/servlet/solicitudotadjuntos?6f89842073eea2866fa5d3c2039455653b8d318a2c809e6c1c34034f293bb00d,gx-no-cache=1555418251282 HTTP/1.1" 200 30
186.103.159.188 - - [16/Apr/2019:09:41:15 -0300] "GET /cormun/servlet/solicitudotadjuntos?6f89842073eea2866fa5d3c2039455653b8d318a2c809e6c1c34034f293bb00d,gx-no-cache=1555418251379 HTTP/1.1" 200 30
186.103.159.188 - - [16/Apr/2019:09:41:18 -0300] "POST /cormun/servlet/solicitudotadjuntos?61dbe53f54ff965e28299dc6a800b32b,INS,2019,15313,,1, HTTP/1.1" 200 116
186.103.159.188 - - [16/Apr/2019:09:41:18 -0300] "GET /cormun/servlet/hpexe_return? HTTP/1.1" 200 1027
186.103.159.188 - - [16/Apr/2019:09:41:19 -0300] "GET /cormun/servlet/trsolicitudadjuntos?2019,15313, HTTP/1.1" 200 9145
186.103.159.188 - - [16/Apr/2019:09:41:19 -0300] "GET /cormun/servlet/trsolicitudadjuntos?2019,15313, HTTP/1.1" 200 9144
186.103.159.46 - - [16/Apr/2019:09:41:29 -0300] "POST /cormun/servlet/solicitudot?gx-no-cache=1555414663438 HTTP/1.1" 200 297
186.103.159.46 - - [16/Apr/2019:09:41:31 -0300] "GET /cormun/servlet/solicitudot?dd99cf5129dfae650f22b98eb88bffb3d9779e8622517701eff3d86d2c3bab203c7a40a02788561c5a5996c58c2e514fe445399be3918e52a5e07d301960f53db51f08ac84486170c90f27da9d58e3d1f731eab24c120aa638e35ffb87e378079e6e30587dff537050b01705be8e5da081fa3386950842a23dcc771d94eafde4a3601695869fb615e47f9c4517b5b98cb63f226b0b02723d4cf10089b71729b4522f825816e3b3e2330fa0f82681887dd2de1fcbcd658a331d36dee9d132d988d62988debe9634cceafff2e6163f2dd06478952836f6f92b031eb4503e1d9ebdbc75da50594c0d639cfd5c9f0fd608ec00da3f31c65fb1ebbc721e38e2b31200d24a132601d833384e80879eafa983f526240ef4db8cca96ab2a6097b64b4e46b8d49b753c5effaef18d6330abcf101c523516777324a27a83a1ead92c93de346b2c130dae20af91a6529696d9dc6d17e519728f0358f3ae0d79a1bff2464667c1e226cace90d8b420b29d938eac59b98c7fb933ccae7802d4605321fd20807ea8d58c0eff8f5b6148840d0f474325e0,gx-no-cache=1555414666176 HTTP/1.1" 200 30
186.103.159.46 - - [16/Apr/2019:09:41:33 -0300] "POST /cormun/servlet/solicitudot?gx-no-cache=1555414667930 HTTP/1.1" 200 30
186.103.159.46 - - [16/Apr/2019:09:41:35 -0300] "POST /cormun/servlet/solicitudot?gx-no-cache=1555414669496 HTTP/1.1" 200 1328
186.103.159.46 - - [16/Apr/2019:09:41:35 -0300] "POST /cormun/servlet/solicitudot?gx-no-cache=1555414669709 HTTP/1.1" 200 38
186.103.159.46 - - [16/Apr/2019:09:41:47 -0300] "GET /cormun/servlet/solicitudot?dd99cf5129dfae650f22b98eb88bffb3d025a85f466a0a9cb23b2eb7bdb163ea9a6284467f69f1b180b780bf9cd01457916e7cf209f824fed6378f3790479904b2dd862029010c99eb2fe4c10a5b8ef55008651b5efac72c1f2bbdca4f69d7aade5ca16e8158ed68a20015649eae9bb6,gx-no-cache=1555414681978 HTTP/1.1" 200 110
186.103.159.46 - - [16/Apr/2019:09:41:52 -0300] "POST /cormun/servlet/solicitudot?gx-no-cache=1555414686334 HTTP/1.1" 200 64
186.103.159.46 - - [16/Apr/2019:09:41:55 -0300] "GET /cormun/servlet/solicitudot?dd99cf5129dfae650f22b98eb88bffb39bd52ee6819c021dd91ff1d8e6ae84f7455ff5af02b68db2b35ee3e28381c4ecde8be78211ddf0223316b2daa5d169841e07bd3ccfab6833ac85d785f66bd3b98561755bed8593772a9afbc926ac3610d9cb381fcaf95bbe762e72d28a892fc7,gx-no-cache=1555414689779 HTTP/1.1" 200 29
186.103.159.46 - - [16/Apr/2019:09:41:55 -0300] "GET /cormun/servlet/solicitudot?dd99cf5129dfae650f22b98eb88bffb31f2bc9d15353c82af5ceec09aaf11599,gx-no-cache=1555414689889 HTTP/1.1" 200 30
186.103.159.46 - - [16/Apr/2019:09:41:55 -0300] "POST /cormun/servlet/solicitudot?gx-no-cache=1555414690027 HTTP/1.1" 200 30
186.103.159.46 - - [16/Apr/2019:09:41:59 -0300] "GET /cormun/static/menuarrow.gif HTTP/1.1" 404 1015
190.171.149.90 - - [16/Apr/2019:09:42:01 -0300] "POST /cormun/servlet/prfichaempleado?6c7907bec8fcb7cbe07413d3f88ae2fa,,MD,,gxPopupLevel%3D0%3B,gx-no-cache=1555418287043 HTTP/1.1" 200 3199
186.103.159.188 - - [16/Apr/2019:09:42:25 -0300] "GET /cormun/servlet/solicitudotadjuntos?DLT,2019,15313,CERTIF2,0, HTTP/1.1" 200 5970
186.103.159.188 - - [16/Apr/2019:09:42:25 -0300] "GET /cormun/static/about:blank HTTP/1.1" 404 1011
186.103.159.188 - - [16/Apr/2019:09:42:26 -0300] "GET /cormun/static/Shared/jqueryui/images/ui-icons_8d78a5_256x240.png HTTP/1.1" 404 1089
186.103.159.188 - - [16/Apr/2019:09:42:26 -0300] "GET /cormun/static/Shared/jqueryui/images/ui-bg_flat_55_fafafa_40x100.png HTTP/1.1" 404 1097
186.103.159.188 - - [16/Apr/2019:09:42:26 -0300] "GET /cormun/servlet/solicitudotadjuntos?DLT,2019,15313,CERTIF2,0, HTTP/1.1" 200 5964
186.103.159.188 - - [16/Apr/2019:09:42:28 -0300] "POST /cormun/servlet/solicitudotadjuntos?61dbe53f54ff965e28299dc6a800b32b,DLT,2019,15313,CERTIF2,0,,gx-no-cache=1555418323836 HTTP/1.1" 200 93
186.103.159.188 - - [16/Apr/2019:09:42:28 -0300] "GET /cormun/servlet/hpexe_return? HTTP/1.1" 200 1033
186.103.159.188 - - [16/Apr/2019:09:42:28 -0300] "GET /cormun/servlet/trsolicitudadjuntos?2019,15313, HTTP/1.1" 200 8977
186.103.159.188 - - [16/Apr/2019:09:42:29 -0300] "GET /cormun/servlet/trsolicitudadjuntos?2019,15313, HTTP/1.1" 200 8975
186.103.159.188 - - [16/Apr/2019:09:42:31 -0300] "GET /cormun/servlet/solicitudotadjuntos?INS,2019,15313,,1, HTTP/1.1" 200 6095
