190.171.143.106 - - [16/Apr/2019:12:13:02 -0300] "GET /cormun/static/gxcfg.js?20181161016094 HTTP/1.1" 200 953
190.171.143.106 - - [16/Apr/2019:12:13:02 -0300] "GET /cormun/static/prbanco.js?2018116101633 HTTP/1.1" 200 10693
190.171.143.106 - - [16/Apr/2019:12:13:07 -0300] "GET /cormun/servlet/solicitudot?d590130f2071a6502cf5c8b82bf3c00f6d912a2051ce7788d1f14178616e5e0a,gx-no-cache=1555427362598 HTTP/1.1" 200 94
190.171.143.106 - - [16/Apr/2019:12:13:07 -0300] "GET /cormun/static/Shared/jqueryui/images/ui-bg_highlight-soft_100_c6c2c8_1x100.png HTTP/1.1" 404 1117
190.171.143.106 - - [16/Apr/2019:12:13:07 -0300] "GET /cormun/static/Shared/jqueryui/images/ui-icons_82798d_256x240.png HTTP/1.1" 404 1089
190.171.143.106 - - [16/Apr/2019:12:13:07 -0300] "GET /cormun/static/Shared/jqueryui/images/ui-bg_flat_55_994d53_40x100.png HTTP/1.1" 404 1097
190.171.143.106 - - [16/Apr/2019:12:13:07 -0300] "GET /cormun/static/Shared/jqueryui/images/ui-icons_ebccce_256x240.png HTTP/1.1" 404 1089
190.171.143.106 - - [16/Apr/2019:12:13:08 -0300] "GET /cormun/servlet/solicitudot?d590130f2071a6502cf5c8b82bf3c00f682deca240a1442341051c282ec8b636,gx-no-cache=1555427364076 HTTP/1.1" 200 53
190.171.143.106 - - [16/Apr/2019:12:13:23 -0300] "POST /cormun/servlet/solicitudot?gx-no-cache=1555427379097 HTTP/1.1" 200 255
190.171.142.42 - - [16/Apr/2019:12:13:25 -0300] "POST /cormun/servlet/permisosadjuntos?7de3c547ed82cfe7b6dbe88c67786753,INS,19084563,P,20190416130515,, HTTP/1.1" 200 116
190.171.142.42 - - [16/Apr/2019:12:13:25 -0300] "GET /cormun/servlet/hpexe_return? HTTP/1.1" 200 1038
190.171.142.42 - - [16/Apr/2019:12:13:26 -0300] "GET /cormun/servlet/trpermisosadjuntos?19084563,20190416130515,P, HTTP/1.1" 200 7092
190.171.142.42 - - [16/Apr/2019:12:13:26 -0300] "GET /cormun/servlet/trpermisosadjuntos?19084563,20190416130515,P, HTTP/1.1" 200 7089
190.171.142.42 - - [16/Apr/2019:12:13:33 -0300] "GET /cormun/servlet/trpermisosgoce? HTTP/1.1" 200 11106
190.171.142.42 - - [16/Apr/2019:12:13:33 -0300] "GET /cormun/servlet/trpermisosgoce? HTTP/1.1" 200 11105
190.171.142.42 - - [16/Apr/2019:12:13:38 -0300] "GET /cormun/servlet/trpermisosadjuntos?19084563,20190416130515,P, HTTP/1.1" 200 7087
190.171.142.42 - - [16/Apr/2019:12:13:38 -0300] "GET /cormun/servlet/trpermisosadjuntos?19084563,20190416130515,P, HTTP/1.1" 200 7088
190.171.143.106 - - [16/Apr/2019:12:13:40 -0300] "GET /cormun/servlet/solicitudot?d590130f2071a6502cf5c8b82bf3c00f85b9f3f643848ce1fc34c85150762739b58c6d18152e9cd4d5cc9e806736abee6878344950fc6fc9247ab386a25d107b9359861617b16f4d6d601bd250bc59de3b69e8092544b24d7067ba529d27fc014f83c34c82635590223ea99c6a531d409d8790a09ca8b5362183aade25e0ba9f3cf3d48f95c4c51b280eae4508ae680679262759caf8cc47b1768ef565ae52f78dc9cac62aad5a3f07ebf534df7b2978d0360fe44d24a52d774d80809ffa26ecfd12d1f3fbdc6472b8e6034a4b64dcaaa88b3cb8c99d70038f672993ab06985a42fb274e68adf1e4a6c3e1d9a15d3399df81eb6466924426a77653f27e86cb1bdde2305a275cd14543ec4ebf15d3f67ac537777c922b03c1817d4e09cf36050b94aa7057dfa6ed63e57100f27e89603b0a8fd004aef107891777da94bd138d6589adc738e0c611b900c653284f7d2500675aea8b54c20db66f278ade46cae3c36c5338ea539d425f32dffede9afb9339431895c3f065eace87449bc3f5d3828b,gx-no-cache=1555427396113 HTTP/1.1" 200 30
190.171.142.42 - - [16/Apr/2019:12:13:45 -0300] "GET /cormun/servlet/trpermisosgoce? HTTP/1.1" 200 11106
190.171.142.42 - - [16/Apr/2019:12:13:45 -0300] "GET /cormun/servlet/trpermisosgoce? HTTP/1.1" 200 11105
190.171.143.106 - - [16/Apr/2019:12:13:51 -0300] "POST /cormun/servlet/solicitudot?gx-no-cache=1555427407217 HTTP/1.1" 200 256
190.171.142.42 - - [16/Apr/2019:12:13:52 -0300] "GET /cormun/servlet/trpermisosadjuntos?19084563,20190416130515,P, HTTP/1.1" 200 7086
190.171.142.42 - - [16/Apr/2019:12:13:53 -0300] "GET /cormun/servlet/trpermisosadjuntos?19084563,20190416130515,P, HTTP/1.1" 200 7088
190.171.143.106 - - [16/Apr/2019:12:13:53 -0300] "GET /cormun/servlet/solicitudot?d590130f2071a6502cf5c8b82bf3c00f85b9f3f643848ce1fc34c85150762739408b34a902cb69ae529713eaa41580fa6878344950fc6fc9247ab386a25d107b9359861617b16f4d6d601bd250bc59de3b69e8092544b24d7067ba529d27fc014f83c34c82635590223ea99c6a531d409d8790a09ca8b5362183aade25e0ba9f3cf3d48f95c4c51b280eae4508ae680679262759caf8cc47b1768ef565ae52f78dc9cac62aad5a3f07ebf534df7b2978d0360fe44d24a52d774d80809ffa26ecfd12d1f3fbdc6472b8e6034a4b64dcaaa88b3cb8c99d70038f672993ab06985a42fb274e68adf1e4a6c3e1d9a15d3399df81eb6466924426a77653f27e86cb1bdde2305a275cd14543ec4ebf15d3f67af73cd375f7a7837a5dcc760d0494ee9dcaccfdd5b28e2277539981e3f3fc26c361ef33be266538f2affb55f1ba428f1b7aec861f62c052e7b6518409a353f2c7f9134cf87e269c914f559c9f760105f754475dfe7aedb4bc4ae90eadc9c34ba6f9ac35226c8c3f9531093c83179c8210,gx-no-cache=1555427409112 HTTP/1.1" 200 30
190.171.142.42 - - [16/Apr/2019:12:13:59 -0300] "GET /cormun/servlet/trpermisosgoce? HTTP/1.1" 200 11106
190.171.142.42 - - [16/Apr/2019:12:13:59 -0300] "GET /cormun/servlet/trpermisosgoce? HTTP/1.1" 200 11105
190.171.143.106 - - [16/Apr/2019:12:14:02 -0300] "POST /cormun/servlet/solicitudot?gx-no-cache=1555427418112 HTTP/1.1" 200 257
190.171.142.42 - - [16/Apr/2019:12:14:03 -0300] "GET /cormun/servlet/trpermisosadjuntos?19084563,20190416130515,P, HTTP/1.1" 200 7088
190.171.142.42 - - [16/Apr/2019:12:14:03 -0300] "GET /cormun/servlet/trpermisosadjuntos?19084563,20190416130515,P, HTTP/1.1" 200 7089
190.171.143.106 - - [16/Apr/2019:12:14:04 -0300] "GET /cormun/servlet/solicitudot?d590130f2071a6502cf5c8b82bf3c00f85b9f3f643848ce1fc34c85150762739b58c6d18152e9cd4d5cc9e806736abee6878344950fc6fc9247ab386a25d107b9359861617b16f4d6d601bd250bc59de3b69e8092544b24d7067ba529d27fc014f83c34c82635590223ea99c6a531d409d8790a09ca8b5362183aade25e0ba9f3cf3d48f95c4c51b280eae4508ae680679262759caf8cc47b1768ef565ae52f78dc9cac62aad5a3f07ebf534df7b2978d0360fe44d24a52d774d80809ffa26ecfd12d1f3fbdc6472b8e6034a4b64dcaaa88b3cb8c99d70038f672993ab06985a42fb274e68adf1e4a6c3e1d9a15d3399df81eb6466924426a77653f27e86cb1bdde2305a275cd14543ec4ebf15d3f67ac537777c922b03c1817d4e09cf36050b94aa7057dfa6ed63e57100f27e89603b0a8fd004aef107891777da94bd138d6589adc738e0c611b900c653284f7d2500675aea8b54c20db66f278ade46cae3c36c5338ea539d425f32dffede9afb9339db981403ee5697c6aa397b3c2399494d,gx-no-cache=1555427419961 HTTP/1.1" 200 30
190.171.142.42 - - [16/Apr/2019:12:14:08 -0300] "GET /cormun/servlet/trpermisosgoce? HTTP/1.1" 200 11106
190.171.142.42 - - [16/Apr/2019:12:14:08 -0300] "GET /cormun/servlet/trpermisosgoce? HTTP/1.1" 200 11105
190.171.142.42 - - [16/Apr/2019:12:14:12 -0300] "POST /cormun/servlet/trpermisosgoce?7de3c547ed82cfe7b6dbe88c67786753,,gx-no-cache=1555427431208 HTTP/1.1" 200 8254
190.171.142.42 - - [16/Apr/2019:12:14:13 -0300] "GET /cormun/static/Shared/jqueryui/images/ui-icons_82798d_256x240.png HTTP/1.1" 404 1089
190.171.142.42 - - [16/Apr/2019:12:14:13 -0300] "GET /cormun/static/Shared/jqueryui/images/ui-bg_highlight-soft_100_c6c2c8_1x100.png HTTP/1.1" 404 1117
190.171.142.42 - - [16/Apr/2019:12:14:13 -0300] "GET /cormun/static/Shared/jqueryui/images/ui-bg_flat_55_fafafa_40x100.png HTTP/1.1" 404 1097
190.171.142.42 - - [16/Apr/2019:12:14:13 -0300] "GET /cormun/static/Shared/jqueryui/images/ui-icons_8d78a5_256x240.png HTTP/1.1" 404 1089
190.171.143.106 - - [16/Apr/2019:12:14:51 -0300] "POST /cormun/servlet/solicitudot?gx-no-cache=1555427467297 HTTP/1.1" 200 242
190.171.143.106 - - [16/Apr/2019:12:14:52 -0300] "GET /cormun/servlet/solicitudot?d590130f2071a6502cf5c8b82bf3c00f85b9f3f643848ce1fc34c8515076273968acd90253060dfc94da258ba05f0ab16878344950fc6fc9247ab386a25d107b9359861617b16f4d6d601bd250bc59de3b69e8092544b24d7067ba529d27fc014f83c34c82635590223ea99c6a531d409d8790a09ca8b5362183aade25e0ba9f3cf3d48f95c4c51b280eae4508ae680679262759caf8cc47b1768ef565ae52f78dc9cac62aad5a3f07ebf534df7b2978d0360fe44d24a52d774d80809ffa26ecfd12d1f3fbdc6472b8e6034a4b64dcaaa88b3cb8c99d70038f672993ab06985a42fb274e68adf1e4a6c3e1d9a15d3399df81eb6466924426a77653f27e86cb1bdde2305a275cd14543ec4ebf15d3f67af73cd375f7a7837a5dcc760d0494ee9dcaccfdd5b28e2277539981e3f3fc26c361ef33be266538f2affb55f1ba428f1b7aec861f62c052e7b6518409a353f2c7f9134cf87e269c914f559c9f760105f754475dfe7aedb4bc4ae90eadc9c34ba6f9ac35226c8c3f9531093c83179c8210,gx-no-cache=1555427468422 HTTP/1.1" 200 30
186.103.159.188 - - [16/Apr/2019:12:15:48 -0300] "POST /cormun/servlet/solicitudot?03ebf8e541cd0fd60f30101e7800fca1,INS,0,0,,gx-no-cache=1555427524184 HTTP/1.1" 200 11856
186.103.159.188 - - [16/Apr/2019:12:15:49 -0300] "GET /cormun/static/Shared/jqueryui/images/ui-icons_82798d_256x240.png HTTP/1.1" 404 1089
186.103.159.188 - - [16/Apr/2019:12:15:49 -0300] "GET /cormun/static/Shared/jqueryui/images/ui-bg_highlight-soft_100_c6c2c8_1x100.png HTTP/1.1" 404 1117
186.103.159.188 - - [16/Apr/2019:12:15:49 -0300] "GET /cormun/static/Shared/jqueryui/images/ui-icons_8d78a5_256x240.png HTTP/1.1" 404 1089
186.103.159.188 - - [16/Apr/2019:12:15:49 -0300] "GET /cormun/static/Shared/jqueryui/images/ui-bg_flat_55_fafafa_40x100.png HTTP/1.1" 404 1097
186.103.159.188 - - [16/Apr/2019:12:15:50 -0300] "GET /cormun/servlet/solicitudot?13fbbdc0f14d7cf13e0b80993e789988fd4764b53511e40226523cf1d36c757ae5dc20f599a5db670a0f5026cf9c1df3faabcf33611f20f4ee07559b7ba8b8d3,gx-no-cache=1555427526512 HTTP/1.1" 200 30
186.103.159.188 - - [16/Apr/2019:12:15:50 -0300] "GET /cormun/servlet/solicitudot?13fbbdc0f14d7cf13e0b80993e78998820e3cbd3d31b7b2d1105074ab1e2122c,gx-no-cache=1555427526551 HTTP/1.1" 200 29
186.103.159.188 - - [16/Apr/2019:12:15:56 -0300] "POST /cormun/servlet/solicitudot?gx-no-cache=1555427532085 HTTP/1.1" 200 256
186.103.159.188 - - [16/Apr/2019:12:15:59 -0300] "POST /cormun/servlet/solicitudot?gx-no-cache=1555427535109 HTTP/1.1" 200 298
200.54.103.162 - - [16/Apr/2019:12:16:27 -0300] "GET /cormun/servlet/trsolicitudot? HTTP/1.1" 200 7554
186.103.159.188 - - [16/Apr/2019:12:16:28 -0300] "GET /cormun/servlet/prbanco?,MD,,gxPopupLevel%3D0%3B HTTP/1.1" 200 6612
200.54.103.162 - - [16/Apr/2019:12:16:30 -0300] "GET /cormun/servlet/trsolicitudot? HTTP/1.1" 200 7552
200.54.103.162 - - [16/Apr/2019:12:16:33 -0300] "GET /cormun/servlet/solicitudot?INS,0,0, HTTP/1.1" 200 15244
186.103.159.188 - - [16/Apr/2019:12:16:33 -0300] "GET /cormun/servlet/solicitudot?13fbbdc0f14d7cf13e0b80993e7899886936674ba8293d0a3246d2fca0f02f14,gx-no-cache=1555427569525 HTTP/1.1" 200 53
200.54.103.162 - - [16/Apr/2019:12:16:35 -0300] "GET /cormun/servlet/solicitudot?INS,0,0, HTTP/1.1" 200 15249
190.171.141.82 - - [16/Apr/2019:12:16:57 -0300] "GET /cormun/servlet/hlogin HTTP/1.1" 200 1726
190.171.141.82 - - [16/Apr/2019:12:16:58 -0300] "GET /cormun/servlet/hlogin HTTP/1.1" 200 1730
200.54.103.162 - - [16/Apr/2019:12:16:59 -0300] "POST /cormun/servlet/solicitudot?gx-no-cache=1555427595242 HTTP/1.1" 200 3450
200.54.103.162 - - [16/Apr/2019:12:16:59 -0300] "POST /cormun/servlet/solicitudot?934a98a59f13f8bf5cc1f22fe4cbc4e0,INS,0,0,,gx-no-cache=1555427595532 HTTP/1.1" 200 11909
190.171.143.106 - - [16/Apr/2019:12:17:02 -0300] "POST /cormun/servlet/solicitudot?gx-no-cache=1555427597569 HTTP/1.1" 200 30
200.54.103.162 - - [16/Apr/2019:12:17:02 -0300] "GET /cormun/servlet/solicitudot?a34927432f1dfc92bf149368ab81f2138bac974c7e7ba86bf4cf3af4418586ec6154446ba96ff5f8550343fcdbb63234,gx-no-cache=1555427598679 HTTP/1.1" 200 30
190.171.141.82 - - [16/Apr/2019:12:17:06 -0300] "POST /cormun/servlet/hlogin?471278e0922dfe089a2038202c0a2717,gx-no-cache=1555427601376 HTTP/1.1" 200 90
190.171.141.82 - - [16/Apr/2019:12:17:06 -0300] "GET /cormun/servlet/hpexe_link HTTP/1.1" 200 951
190.171.141.82 - - [16/Apr/2019:12:17:07 -0300] "GET /cormun/servlet/hhome HTTP/1.1" 200 4342
190.171.141.82 - - [16/Apr/2019:12:17:08 -0300] "GET /cormun/servlet/hhome HTTP/1.1" 200 4338
186.103.159.188 - - [16/Apr/2019:12:17:09 -0300] "GET /cormun/servlet/solicitudot?13fbbdc0f14d7cf13e0b80993e7899880ca878702a8878d23f5eeb63cd5e589b1f45906950657b3c5c67ed232cd901833ecb5662fd88f40ce9e3aab679125129d309211fd692bd0f10474d65ec3ca69d398227b5eea8c907f0e1360d53b3c0579c3b46386607bca594bf71f079f6515e6b86147020187f0344a667aeba9c91e9676cc35b243afc84bc303eab592e6e804a4656678e861ac0344a718104590714b0aa15eb98a439abe0856acc23f9e55b7ab39caa728ad73d6c65d4d0d0eeebb3f473082d769c31d9cb5a7d087993aa50dbd2d4dbf5759fe1d94bd08b075f5b449b529ef24410c76453db93b6429273c05e6edf86732e92d2ee3d034e300aeebe9dc6d3cf0d386fcd94f24284a4da86faaac560ac7efa05556c29b36f30190256527b617c7f328fc75816960dfcffd49b72c98b6eefdc398057fe385f1948426406d9b2247c9783e2bf0c82bf5ea5807a612ad955a88a3e18e1e720c93f8c325cff532a963bc9f1ce92bac5937523532540eb8d5c61ad3f564572d5f5a2a27779e1b3180639e87f15dd7a26133e1251bf,gx-no-cache=1555427604755 HTTP/1.1" 200 30
186.103.159.188 - - [16/Apr/2019:12:17:12 -0300] "POST /cormun/servlet/solicitudot?gx-no-cache=1555427608272 HTTP/1.1" 200 30
186.103.159.188 - - [16/Apr/2019:12:17:14 -0300] "POST /cormun/servlet/solicitudot?gx-no-cache=1555427610571 HTTP/1.1" 200 1341
186.103.159.188 - - [16/Apr/2019:12:17:14 -0300] "POST /cormun/servlet/solicitudot?gx-no-cache=1555427610731 HTTP/1.1" 200 38
186.103.159.188 - - [16/Apr/2019:12:17:27 -0300] "GET /cormun/servlet/solicitudot?13fbbdc0f14d7cf13e0b80993e7899883a56c0196dafd68bd4da846130aedcf0ac5dfed8f360c809391146729d52b8523f370e59ce2df20af676ea83690a4f2dae1b8aedb90ba3dbf1878cdcb610701b63686fddc4d8603aaadccda4e24e75edea9eceaaa7d41fdf38ae9e01c4fa3555,gx-no-cache=1555427623192 HTTP/1.1" 200 110
186.103.159.188 - - [16/Apr/2019:12:17:40 -0300] "POST /cormun/servlet/solicitudot?gx-no-cache=1555427635796 HTTP/1.1" 200 64
186.103.159.188 - - [16/Apr/2019:12:17:49 -0300] "POST /cormun/servlet/solicitudot?gx-no-cache=1555427645155 HTTP/1.1" 200 72
186.103.159.188 - - [16/Apr/2019:12:17:56 -0300] "GET /cormun/servlet/solicitudot?13fbbdc0f14d7cf13e0b80993e789988c7139d73a674a93c203e4818fd4aa7aa511c3f374f158ae3d85e41da87df3b5983d5529f5b8c9325813dc9d9349820c3e8ca730567c923d39919765debaa33d7d6a81c0aad309c5ea273cf0f56695c398aeb8f1a69f8e563530532f33021537f,gx-no-cache=1555427652186 HTTP/1.1" 200 29
186.103.159.188 - - [16/Apr/2019:12:17:56 -0300] "GET /cormun/static/menuarrow.gif HTTP/1.1" 404 1015
186.103.159.188 - - [16/Apr/2019:12:18:00 -0300] "GET /cormun/servlet/solicitudot?13fbbdc0f14d7cf13e0b80993e7899888bf97ce4ee01ce267bd20e7057053c92b803edf5468cf3984f0b16b9a8893599,gx-no-cache=1555427656378 HTTP/1.1" 200 30
200.54.103.162 - - [16/Apr/2019:12:18:28 -0300] "GET /cormun/servlet/prbanco?,MD,,gxPopupLevel%3D0%3B HTTP/1.1" 200 6717
200.54.103.162 - - [16/Apr/2019:12:18:28 -0300] "GET /cormun/static/gxcfg.js?20181161016094 HTTP/1.1" 200 953
200.54.103.162 - - [16/Apr/2019:12:18:28 -0300] "GET /cormun/static/prbanco.js?2018116101633 HTTP/1.1" 200 10693
200.54.103.162 - - [16/Apr/2019:12:18:33 -0300] "GET /cormun/servlet/solicitudot?a34927432f1dfc92bf149368ab81f213e051651709c3756dc0867caae68b8c84b832a6bbeeeb5c55f3987988c66774f57b875d866ec8dad139abdb65d6f22836,gx-no-cache=1555427688990 HTTP/1.1" 200 30
200.54.103.162 - - [16/Apr/2019:12:18:33 -0300] "GET /cormun/servlet/solicitudot?a34927432f1dfc92bf149368ab81f21359a0bc90339ce02e646a8ee13b3176e9,gx-no-cache=1555427689720 HTTP/1.1" 200 53
190.171.143.106 - - [16/Apr/2019:12:18:39 -0300] "GET /cormun/servlet/prfichaempleado?,MD,,gxPopupLevel%3D0%3B HTTP/1.1" 200 9370
186.103.159.188 - - [16/Apr/2019:12:18:45 -0300] "GET /cormun/servlet/solicitudot?13fbbdc0f14d7cf13e0b80993e7899880ca878702a8878d23f5eeb63cd5e589b1f45906950657b3c5c67ed232cd901833ecb5662fd88f40ce9e3aab679125129d309211fd692bd0f10474d65ec3ca69d398227b5eea8c907f0e1360d53b3c0579c3b46386607bca594bf71f079f6515e6b86147020187f0344a667aeba9c91e9676cc35b243afc84bc303eab592e6e804a4656678e861ac0344a718104590714b0aa15eb98a439abe0856acc23f9e55b7ab39caa728ad73d6c65d4d0d0eeebb3f473082d769c31d9cb5a7d087993aa50dbd2d4dbf5759fe1d94bd08b075f5b449b529ef24410c76453db93b6429273c05e6edf86732e92d2ee3d034e300aeebe9dc6d3cf0d386fcd94f24284a4da86faaac560ac7efa05556c29b36f30190256527b617c7f328fc75816960dfcffd49b72c98b6eefdc398057fe385f1948426406d9b2247c9783e2bf0c82bf5ea5807a612ad955a88a3e18e1e720c93f8c325cff532a963bc9f1ce92bac593752353253c341807f643e1d9f0afe18988dd5b1ae1b3180639e87f15dd7a26133e1251bf,gx-no-cache=1555427700902 HTTP/1.1" 200 30
186.103.159.188 - - [16/Apr/2019:12:18:45 -0300] "POST /cormun/servlet/solicitudot?gx-no-cache=1555427701419 HTTP/1.1" 200 30
186.103.159.188 - - [16/Apr/2019:12:18:45 -0300] "POST /cormun/servlet/solicitudot?gx-no-cache=1555427701543 HTTP/1.1" 200 1343
186.103.159.188 - - [16/Apr/2019:12:18:45 -0300] "POST /cormun/servlet/solicitudot?gx-no-cache=1555427701764 HTTP/1.1" 200 41
186.103.159.188 - - [16/Apr/2019:12:18:45 -0300] "GET /cormun/servlet/solicitudot?13fbbdc0f14d7cf13e0b80993e7899883a56c0196dafd68bd4da846130aedcf0ac5dfed8f360c809391146729d52b8523f370e59ce2df20af676ea83690a4f2dae1b8aedb90ba3dbf1878cdcb610701b63686fddc4d8603aaadccda4e24e75edea9eceaaa7d41fdf38ae9e01c4fa3555,gx-no-cache=1555427701851 HTTP/1.1" 200 110
186.103.159.188 - - [16/Apr/2019:12:18:46 -0300] "POST /cormun/servlet/solicitudot?gx-no-cache=1555427701997 HTTP/1.1" 200 67
186.103.159.188 - - [16/Apr/2019:12:18:46 -0300] "POST /cormun/servlet/solicitudot?gx-no-cache=1555427702614 HTTP/1.1" 200 30
186.103.159.188 - - [16/Apr/2019:12:18:47 -0300] "POST /cormun/servlet/solicitudot?03ebf8e541cd0fd60f30101e7800fca1,INS,0,0,,gx-no-cache=1555427702850 HTTP/1.1" 200 93
186.103.159.188 - - [16/Apr/2019:12:18:47 -0300] "GET /cormun/servlet/hpexe_return? HTTP/1.1" 200 1006
186.103.159.188 - - [16/Apr/2019:12:18:47 -0300] "GET /cormun/servlet/trsolicitudot HTTP/1.1" 200 9080
186.103.159.188 - - [16/Apr/2019:12:18:48 -0300] "GET /cormun/servlet/trsolicitudot HTTP/1.1" 200 9076
186.103.159.188 - - [16/Apr/2019:12:18:52 -0300] "POST /cormun/servlet/trsolicitudot?03ebf8e541cd0fd60f30101e7800fca1,gx-no-cache=1555427708760 HTTP/1.1" 200 107
186.103.159.188 - - [16/Apr/2019:12:18:53 -0300] "GET /cormun/servlet/trsolicitudadjuntos?2019,15313, HTTP/1.1" 200 9391
186.103.159.188 - - [16/Apr/2019:12:18:54 -0300] "GET /cormun/servlet/trsolicitudadjuntos?2019,15313, HTTP/1.1" 200 9393
186.103.159.188 - - [16/Apr/2019:12:19:02 -0300] "GET /cormun/servlet/trsolicitudot? HTTP/1.1" 200 9083
186.103.159.188 - - [16/Apr/2019:12:19:03 -0300] "GET /cormun/servlet/trsolicitudot? HTTP/1.1" 200 9076
186.103.159.188 - - [16/Apr/2019:12:19:07 -0300] "POST /cormun/servlet/trsolicitudot?03ebf8e541cd0fd60f30101e7800fca1,,gx-no-cache=1555427722942 HTTP/1.1" 200 107
186.103.159.188 - - [16/Apr/2019:12:19:07 -0300] "GET /cormun/servlet/trsolicitudadjuntos?2019,15318, HTTP/1.1" 200 6150
186.103.159.188 - - [16/Apr/2019:12:19:07 -0300] "GET /cormun/servlet/trsolicitudadjuntos?2019,15318, HTTP/1.1" 200 6150
186.103.159.188 - - [16/Apr/2019:12:19:10 -0300] "GET /cormun/servlet/solicitudotadjuntos?INS,2019,15318,,1, HTTP/1.1" 200 6098
186.103.159.188 - - [16/Apr/2019:12:19:11 -0300] "GET /cormun/static/about:blank HTTP/1.1" 404 1011
186.103.159.188 - - [16/Apr/2019:12:19:11 -0300] "GET /cormun/servlet/solicitudotadjuntos?INS,2019,15318,,1, HTTP/1.1" 200 6092
186.103.159.188 - - [16/Apr/2019:12:19:12 -0300] "GET /cormun/servlet/solicitudotadjuntos?13fbbdc0f14d7cf13e0b80993e789988e82ee932b45996e8b509274efc7791886c01344c2357764345636a3f2f9b9774,gx-no-cache=1555427727926 HTTP/1.1" 200 30
186.103.159.188 - - [16/Apr/2019:12:19:12 -0300] "POST /cormun/servlet/solicitudotadjuntos?03ebf8e541cd0fd60f30101e7800fca1,INS,2019,15318,,1,,gx-no-cache=1555427728440 HTTP/1.1" 200 3860
186.103.159.188 - - [16/Apr/2019:12:19:14 -0300] "POST /cormun/servlet/solicitudotadjuntos?gx-no-cache=1555427730528 HTTP/1.1" 200 26
186.103.159.188 - - [16/Apr/2019:12:19:24 -0300] "GET /cormun/servlet/solicitudotadjuntos?13fbbdc0f14d7cf13e0b80993e789988c2930319a6d31944fdbc76453f1c2d2d,gx-no-cache=1555427740195 HTTP/1.1" 200 30
186.103.159.188 - - [16/Apr/2019:12:19:24 -0300] "GET /cormun/servlet/solicitudotadjuntos?13fbbdc0f14d7cf13e0b80993e789988c2930319a6d31944fdbc76453f1c2d2d,gx-no-cache=1555427740302 HTTP/1.1" 200 30
186.103.159.188 - - [16/Apr/2019:12:19:24 -0300] "POST /cormun/servlet/solicitudotadjuntos?03ebf8e541cd0fd60f30101e7800fca1,INS,2019,15318,,1, HTTP/1.1" 200 116
186.103.159.188 - - [16/Apr/2019:12:19:24 -0300] "GET /cormun/servlet/hpexe_return? HTTP/1.1" 200 1026
186.103.159.188 - - [16/Apr/2019:12:19:25 -0300] "GET /cormun/servlet/trsolicitudadjuntos?2019,15318, HTTP/1.1" 200 8745
186.103.159.188 - - [16/Apr/2019:12:19:25 -0300] "GET /cormun/servlet/trsolicitudadjuntos?2019,15318, HTTP/1.1" 200 8740
186.103.159.188 - - [16/Apr/2019:12:19:27 -0300] "GET /cormun/servlet/solicitudotadjuntos?INS,2019,15318,,1, HTTP/1.1" 200 6098
186.103.159.188 - - [16/Apr/2019:12:19:27 -0300] "GET /cormun/static/about:blank HTTP/1.1" 404 1011
186.103.159.188 - - [16/Apr/2019:12:19:27 -0300] "GET /cormun/servlet/solicitudotadjuntos?INS,2019,15318,,1, HTTP/1.1" 200 6092
186.103.159.188 - - [16/Apr/2019:12:19:28 -0300] "GET /cormun/servlet/solicitudotadjuntos?13fbbdc0f14d7cf13e0b80993e789988e82ee932b45996e8b509274efc7791886c01344c2357764345636a3f2f9b9774,gx-no-cache=1555427744268 HTTP/1.1" 200 30
186.103.159.188 - - [16/Apr/2019:12:19:28 -0300] "POST /cormun/servlet/solicitudotadjuntos?03ebf8e541cd0fd60f30101e7800fca1,INS,2019,15318,,1,,gx-no-cache=1555427744303 HTTP/1.1" 200 3860
186.103.159.188 - - [16/Apr/2019:12:19:31 -0300] "POST /cormun/servlet/solicitudotadjuntos?gx-no-cache=1555427746954 HTTP/1.1" 200 26
186.103.159.188 - - [16/Apr/2019:12:19:37 -0300] "GET /cormun/servlet/solicitudotadjuntos?13fbbdc0f14d7cf13e0b80993e789988c2930319a6d31944fdbc76453f1c2d2d,gx-no-cache=1555427753347 HTTP/1.1" 200 30
186.103.159.188 - - [16/Apr/2019:12:19:37 -0300] "GET /cormun/servlet/solicitudotadjuntos?13fbbdc0f14d7cf13e0b80993e789988c2930319a6d31944fdbc76453f1c2d2d,gx-no-cache=1555427753398 HTTP/1.1" 200 30
186.103.159.188 - - [16/Apr/2019:12:19:44 -0300] "POST /cormun/servlet/solicitudotadjuntos?03ebf8e541cd0fd60f30101e7800fca1,INS,2019,15318,,1, HTTP/1.1" 200 116
186.103.159.188 - - [16/Apr/2019:12:19:44 -0300] "GET /cormun/servlet/hpexe_return? HTTP/1.1" 200 1026
186.103.159.188 - - [16/Apr/2019:12:19:44 -0300] "GET /cormun/servlet/trsolicitudadjuntos?2019,15318, HTTP/1.1" 200 8963
186.103.159.188 - - [16/Apr/2019:12:19:45 -0300] "GET /cormun/servlet/trsolicitudadjuntos?2019,15318, HTTP/1.1" 200 8961
186.103.159.188 - - [16/Apr/2019:12:19:56 -0300] "GET /cormun/servlet/solicitudotadjuntos?INS,2019,15318,,1, HTTP/1.1" 200 6098
186.103.159.188 - - [16/Apr/2019:12:19:56 -0300] "GET /cormun/static/about:blank HTTP/1.1" 404 1011
186.103.159.188 - - [16/Apr/2019:12:19:56 -0300] "GET /cormun/servlet/solicitudotadjuntos?INS,2019,15318,,1, HTTP/1.1" 200 6092
186.103.159.188 - - [16/Apr/2019:12:19:56 -0300] "GET /cormun/servlet/solicitudotadjuntos?13fbbdc0f14d7cf13e0b80993e789988e82ee932b45996e8b509274efc7791886c01344c2357764345636a3f2f9b9774,gx-no-cache=1555427772870 HTTP/1.1" 200 30
186.103.159.188 - - [16/Apr/2019:12:19:56 -0300] "POST /cormun/servlet/solicitudotadjuntos?03ebf8e541cd0fd60f30101e7800fca1,INS,2019,15318,,1,,gx-no-cache=1555427772925 HTTP/1.1" 200 3860
186.103.159.188 - - [16/Apr/2019:12:19:59 -0300] "POST /cormun/servlet/solicitudotadjuntos?gx-no-cache=1555427775938 HTTP/1.1" 200 26
186.103.159.188 - - [16/Apr/2019:12:20:09 -0300] "GET /cormun/servlet/solicitudotadjuntos?13fbbdc0f14d7cf13e0b80993e789988c2930319a6d31944fdbc76453f1c2d2d,gx-no-cache=1555427785939 HTTP/1.1" 200 30
186.103.159.188 - - [16/Apr/2019:12:20:09 -0300] "GET /cormun/servlet/solicitudotadjuntos?13fbbdc0f14d7cf13e0b80993e789988c2930319a6d31944fdbc76453f1c2d2d,gx-no-cache=1555427785954 HTTP/1.1" 200 30
186.103.159.188 - - [16/Apr/2019:12:20:10 -0300] "POST /cormun/servlet/solicitudotadjuntos?03ebf8e541cd0fd60f30101e7800fca1,INS,2019,15318,,1, HTTP/1.1" 200 116
186.103.159.188 - - [16/Apr/2019:12:20:10 -0300] "GET /cormun/servlet/hpexe_return? HTTP/1.1" 200 1026
186.103.159.188 - - [16/Apr/2019:12:20:11 -0300] "GET /cormun/servlet/trsolicitudadjuntos?2019,15318, HTTP/1.1" 200 9136
186.103.159.188 - - [16/Apr/2019:12:20:11 -0300] "GET /cormun/servlet/trsolicitudadjuntos?2019,15318, HTTP/1.1" 200 9134
186.103.159.188 - - [16/Apr/2019:12:20:13 -0300] "GET /cormun/servlet/solicitudotadjuntos?INS,2019,15318,,1, HTTP/1.1" 200 6098
186.103.159.188 - - [16/Apr/2019:12:20:13 -0300] "GET /cormun/static/about:blank HTTP/1.1" 404 1011
186.103.159.188 - - [16/Apr/2019:12:20:13 -0300] "GET /cormun/servlet/solicitudotadjuntos?INS,2019,15318,,1, HTTP/1.1" 200 6092
186.103.159.188 - - [16/Apr/2019:12:20:14 -0300] "GET /cormun/servlet/solicitudotadjuntos?13fbbdc0f14d7cf13e0b80993e789988e82ee932b45996e8b509274efc7791886c01344c2357764345636a3f2f9b9774,gx-no-cache=1555427790162 HTTP/1.1" 200 30
186.103.159.188 - - [16/Apr/2019:12:20:14 -0300] "POST /cormun/servlet/solicitudotadjuntos?03ebf8e541cd0fd60f30101e7800fca1,INS,2019,15318,,1,,gx-no-cache=1555427790206 HTTP/1.1" 200 3860
186.103.159.188 - - [16/Apr/2019:12:20:17 -0300] "POST /cormun/servlet/solicitudotadjuntos?gx-no-cache=1555427793234 HTTP/1.1" 200 26
186.103.159.188 - - [16/Apr/2019:12:20:21 -0300] "GET /cormun/servlet/solicitudotadjuntos?13fbbdc0f14d7cf13e0b80993e789988c2930319a6d31944fdbc76453f1c2d2d,gx-no-cache=1555427797939 HTTP/1.1" 200 30
186.103.159.188 - - [16/Apr/2019:12:20:22 -0300] "GET /cormun/servlet/solicitudotadjuntos?13fbbdc0f14d7cf13e0b80993e789988c2930319a6d31944fdbc76453f1c2d2d,gx-no-cache=1555427797997 HTTP/1.1" 200 30
186.103.159.188 - - [16/Apr/2019:12:20:23 -0300] "POST /cormun/servlet/solicitudotadjuntos?03ebf8e541cd0fd60f30101e7800fca1,INS,2019,15318,,1, HTTP/1.1" 200 116
186.103.159.188 - - [16/Apr/2019:12:20:23 -0300] "GET /cormun/servlet/hpexe_return? HTTP/1.1" 200 1026
186.103.159.188 - - [16/Apr/2019:12:20:23 -0300] "GET /cormun/servlet/trsolicitudadjuntos?2019,15318, HTTP/1.1" 200 9335
186.103.159.188 - - [16/Apr/2019:12:20:24 -0300] "GET /cormun/servlet/trsolicitudadjuntos?2019,15318, HTTP/1.1" 200 9334
186.103.159.188 - - [16/Apr/2019:12:20:28 -0300] "GET /cormun/servlet/solicitudotadjuntos?INS,2019,15318,,1, HTTP/1.1" 200 6098
186.103.159.188 - - [16/Apr/2019:12:20:28 -0300] "GET /cormun/static/about:blank HTTP/1.1" 404 1011
190.171.143.106 - - [16/Apr/2019:12:20:28 -0300] "POST /cormun/servlet/prfichaempleado?0d418325420f04669a64edd047fb00c9,,MD,,gxPopupLevel%3D0%3B,gx-no-cache=1555427804120 HTTP/1.1" 200 3526
186.103.159.188 - - [16/Apr/2019:12:20:28 -0300] "GET /cormun/servlet/solicitudotadjuntos?INS,2019,15318,,1, HTTP/1.1" 200 6092
186.103.159.188 - - [16/Apr/2019:12:20:29 -0300] "GET /cormun/servlet/solicitudotadjuntos?13fbbdc0f14d7cf13e0b80993e789988e82ee932b45996e8b509274efc7791886c01344c2357764345636a3f2f9b9774,gx-no-cache=1555427805163 HTTP/1.1" 200 30
186.103.159.188 - - [16/Apr/2019:12:20:29 -0300] "POST /cormun/servlet/solicitudotadjuntos?03ebf8e541cd0fd60f30101e7800fca1,INS,2019,15318,,1,,gx-no-cache=1555427805201 HTTP/1.1" 200 3860
186.103.159.188 - - [16/Apr/2019:12:20:32 -0300] "POST /cormun/servlet/solicitudotadjuntos?gx-no-cache=1555427808450 HTTP/1.1" 200 26
190.171.143.106 - - [16/Apr/2019:12:20:33 -0300] "POST /cormun/servlet/solicitudot?gx-no-cache=1555427809092 HTTP/1.1" 200 1343
186.103.159.188 - - [16/Apr/2019:12:20:37 -0300] "GET /cormun/servlet/solicitudotadjuntos?13fbbdc0f14d7cf13e0b80993e789988c2930319a6d31944fdbc76453f1c2d2d,gx-no-cache=1555427813396 HTTP/1.1" 200 30
186.103.159.188 - - [16/Apr/2019:12:20:37 -0300] "GET /cormun/servlet/solicitudotadjuntos?13fbbdc0f14d7cf13e0b80993e789988c2930319a6d31944fdbc76453f1c2d2d,gx-no-cache=1555427813428 HTTP/1.1" 200 30
186.103.159.188 - - [16/Apr/2019:12:20:38 -0300] "POST /cormun/servlet/solicitudotadjuntos?03ebf8e541cd0fd60f30101e7800fca1,INS,2019,15318,,1, HTTP/1.1" 200 116
186.103.159.188 - - [16/Apr/2019:12:20:38 -0300] "GET /cormun/servlet/hpexe_return? HTTP/1.1" 200 1026
186.103.159.188 - - [16/Apr/2019:12:20:39 -0300] "GET /cormun/servlet/trsolicitudadjuntos?2019,15318, HTTP/1.1" 200 9606
186.103.159.188 - - [16/Apr/2019:12:20:39 -0300] "GET /cormun/servlet/trsolicitudadjuntos?2019,15318, HTTP/1.1" 200 9602
186.103.159.188 - - [16/Apr/2019:12:20:41 -0300] "GET /cormun/servlet/solicitudotadjuntos?INS,2019,15318,,1, HTTP/1.1" 200 6098
186.103.159.188 - - [16/Apr/2019:12:20:42 -0300] "GET /cormun/static/about:blank HTTP/1.1" 404 1011
186.103.159.188 - - [16/Apr/2019:12:20:42 -0300] "GET /cormun/servlet/solicitudotadjuntos?INS,2019,15318,,1, HTTP/1.1" 200 6092
186.103.159.188 - - [16/Apr/2019:12:20:42 -0300] "GET /cormun/servlet/solicitudotadjuntos?13fbbdc0f14d7cf13e0b80993e789988e82ee932b45996e8b509274efc7791886c01344c2357764345636a3f2f9b9774,gx-no-cache=1555427818703 HTTP/1.1" 200 30
186.103.159.188 - - [16/Apr/2019:12:20:43 -0300] "POST /cormun/servlet/solicitudotadjuntos?03ebf8e541cd0fd60f30101e7800fca1,INS,2019,15318,,1,,gx-no-cache=1555427818777 HTTP/1.1" 200 3860
190.171.141.82 - - [16/Apr/2019:12:20:45 -0300] "GET /cormun/servlet/trsolicitudot? HTTP/1.1" 200 9290
186.103.159.188 - - [16/Apr/2019:12:20:45 -0300] "POST /cormun/servlet/solicitudotadjuntos?gx-no-cache=1555427821874 HTTP/1.1" 200 26
190.171.141.82 - - [16/Apr/2019:12:20:46 -0300] "GET /cormun/servlet/trsolicitudot? HTTP/1.1" 200 9288
190.171.143.106 - - [16/Apr/2019:12:20:48 -0300] "GET /cormun/servlet/prlicenciaspermisos?11142576,L,,MD,,gxPopupLevel%3D0%3B HTTP/1.1" 200 7781
186.103.159.188 - - [16/Apr/2019:12:20:50 -0300] "GET /cormun/servlet/solicitudotadjuntos?13fbbdc0f14d7cf13e0b80993e789988c2930319a6d31944fdbc76453f1c2d2d,gx-no-cache=1555427826675 HTTP/1.1" 200 30
186.103.159.188 - - [16/Apr/2019:12:20:50 -0300] "GET /cormun/servlet/solicitudotadjuntos?13fbbdc0f14d7cf13e0b80993e789988c2930319a6d31944fdbc76453f1c2d2d,gx-no-cache=1555427826690 HTTP/1.1" 200 30
186.103.159.188 - - [16/Apr/2019:12:20:53 -0300] "POST /cormun/servlet/solicitudotadjuntos?03ebf8e541cd0fd60f30101e7800fca1,INS,2019,15318,,1, HTTP/1.1" 200 116
186.103.159.188 - - [16/Apr/2019:12:20:53 -0300] "GET /cormun/servlet/hpexe_return? HTTP/1.1" 200 1026
186.103.159.188 - - [16/Apr/2019:12:20:54 -0300] "GET /cormun/servlet/trsolicitudadjuntos?2019,15318, HTTP/1.1" 200 9826
186.103.159.188 - - [16/Apr/2019:12:20:55 -0300] "GET /cormun/servlet/trsolicitudadjuntos?2019,15318, HTTP/1.1" 200 9825
186.103.159.188 - - [16/Apr/2019:12:20:59 -0300] "GET /cormun/servlet/trsolicitudot? HTTP/1.1" 200 9083
186.103.159.188 - - [16/Apr/2019:12:20:59 -0300] "GET /cormun/servlet/trsolicitudot? HTTP/1.1" 200 9076
190.171.143.106 - - [16/Apr/2019:12:22:04 -0300] "POST /cormun/servlet/solicitudot?gx-no-cache=1555427900076 HTTP/1.1" 200 41
186.103.159.188 - - [16/Apr/2019:12:22:21 -0300] "GET /cormun/servlet/trlicencias? HTTP/1.1" 200 11093
186.103.159.188 - - [16/Apr/2019:12:22:22 -0300] "GET /cormun/servlet/trlicencias? HTTP/1.1" 200 11091
190.171.143.106 - - [16/Apr/2019:12:22:22 -0300] "GET /cormun/servlet/solicitudot?d590130f2071a6502cf5c8b82bf3c00f328404221d3bf934debf24964307b17b77ad61605e43c2ec2f34de2c4f9fb5dc7c5bb6bd33729dbad763adc1bff6b4c4dc7b3e7ad69aa1340ad6039db6625a91b87ab1581ec299eb1b86dd5e7cb691df5230c3680e1a173c7a0e5ae229bf7141,gx-no-cache=1555427918126 HTTP/1.1" 200 110
190.171.143.106 - - [16/Apr/2019:12:22:22 -0300] "POST /cormun/servlet/solicitudot?gx-no-cache=1555427918190 HTTP/1.1" 200 97
111.206.52.93 - - [16/Apr/2019:12:22:27 -0300] "GET / HTTP/1.1" 200 11217
190.171.143.106 - - [16/Apr/2019:12:22:42 -0300] "GET /cormun/servlet/solicitudot?d590130f2071a6502cf5c8b82bf3c00f315c5f12e6650c34de5140bd55d681dffae6f38a04a9759f89799500d8d00583f8b538aa32bebe8948ba7a61fbd9f93f76fa963af4baa3412b51c6f981884a6bd3983c0d640fcbca93d6792da55f07c3e26994eda30b82ec87a4fcc329873d36,gx-no-cache=1555427938137 HTTP/1.1" 200 29
190.171.143.106 - - [16/Apr/2019:12:22:42 -0300] "GET /cormun/static/menuarrow.gif HTTP/1.1" 404 1015
190.171.143.106 - - [16/Apr/2019:12:22:45 -0300] "GET /cormun/servlet/solicitudot?d590130f2071a6502cf5c8b82bf3c00f211af9ed8be7929863d9249b37b0f5b406c041149fae7c837dc84574076ee2da,gx-no-cache=1555427941390 HTTP/1.1" 200 30
190.171.143.106 - - [16/Apr/2019:12:22:45 -0300] "POST /cormun/servlet/solicitudot?gx-no-cache=1555427941442 HTTP/1.1" 200 34
186.103.159.188 - - [16/Apr/2019:12:23:07 -0300] "GET /cormun/servlet/trlicencias? HTTP/1.1" 200 11091
186.103.159.188 - - [16/Apr/2019:12:23:07 -0300] "GET /cormun/servlet/trlicencias? HTTP/1.1" 200 11091
186.103.159.188 - - [16/Apr/2019:12:23:13 -0300] "GET /cormun/servlet/licenciaspermisos?INS,0,,, HTTP/1.1" 200 7576
186.103.159.188 - - [16/Apr/2019:12:23:14 -0300] "GET /cormun/servlet/licenciaspermisos?INS,0,,, HTTP/1.1" 200 7584
190.171.143.106 - - [16/Apr/2019:12:23:16 -0300] "POST /cormun/servlet/solicitudot?0d418325420f04669a64edd047fb00c9,INS,0,0,,gx-no-cache=1555427971340 HTTP/1.1" 200 12083
186.103.159.188 - - [16/Apr/2019:12:23:30 -0300] "GET /cormun/servlet/licenciaspermisos?c081c90f23f52bed0445ad6331cbd5f21894c57f344f42494b7d380da5cab2f59f9117352edec0c5f9f86b2e60872709,gx-no-cache=1555427986510 HTTP/1.1" 200 101
186.103.159.188 - - [16/Apr/2019:12:23:30 -0300] "POST /cormun/servlet/licenciaspermisos?03ebf8e541cd0fd60f30101e7800fca1,INS,0,,,,gx-no-cache=1555427986657 HTTP/1.1" 200 4750
190.171.143.106 - - [16/Apr/2019:12:23:57 -0300] "GET /cormun/servlet/solicitudot?d590130f2071a6502cf5c8b82bf3c00fdb07f1a0ab956e97c74157421dc3b59f812830cb5efa267c8f42728f9b61a8886cc4ff658efa299d8c97dc54dfc93e68,gx-no-cache=1555428012863 HTTP/1.1" 200 30
190.171.143.106 - - [16/Apr/2019:12:23:57 -0300] "GET /cormun/servlet/solicitudot?d590130f2071a6502cf5c8b82bf3c00f85b9f3f643848ce1fc34c8515076273968acd90253060dfc94da258ba05f0ab16878344950fc6fc9247ab386a25d107b9359861617b16f4d6d601bd250bc59de3b69e8092544b24d7067ba529d27fc014f83c34c82635590223ea99c6a531d409d8790a09ca8b5362183aade25e0ba9f3cf3d48f95c4c51b280eae4508ae680679262759caf8cc47b1768ef565ae52f78dc9cac62aad5a3f07ebf534df7b2978d0360fe44d24a52d774d80809ffa26ecfd12d1f3fbdc6472b8e6034a4b64dcaaa88b3cb8c99d70038f672993ab06985a42fb274e68adf1e4a6c3e1d9a15d3399df81eb6466924426a77653f27e86cb1bdde2305a275cd14543ec4ebf15d3f67af73cd375f7a7837a5dcc760d0494ee9dcaccfdd5b28e2277539981e3f3fc26c361ef33be266538f2affb55f1ba428f1b7aec861f62c052e7b6518409a353f2c7f9134cf87e269c914f559c9f760105f754475dfe7aedb4bc4ae90eadc9c34ba6f9ac35226c8c3f9531093c83179c8210,gx-no-cache=1555428013251 HTTP/1.1" 200 30
190.171.143.106 - - [16/Apr/2019:12:23:57 -0300] "POST /cormun/servlet/solicitudot?gx-no-cache=1555428013281 HTTP/1.1" 200 30
190.171.143.106 - - [16/Apr/2019:12:23:57 -0300] "POST /cormun/servlet/solicitudot?gx-no-cache=1555428013314 HTTP/1.1" 200 1343
190.171.143.106 - - [16/Apr/2019:12:23:57 -0300] "POST /cormun/servlet/solicitudot?gx-no-cache=1555428013406 HTTP/1.1" 200 41
190.171.143.106 - - [16/Apr/2019:12:23:57 -0300] "GET /cormun/servlet/solicitudot?d590130f2071a6502cf5c8b82bf3c00f328404221d3bf934debf24964307b17b77ad61605e43c2ec2f34de2c4f9fb5dc7c5bb6bd33729dbad763adc1bff6b4c4dc7b3e7ad69aa1340ad6039db6625a91b87ab1581ec299eb1b86dd5e7cb691df5230c3680e1a173c7a0e5ae229bf7141,gx-no-cache=1555428013430 HTTP/1.1" 200 110
190.171.143.106 - - [16/Apr/2019:12:23:57 -0300] "POST /cormun/servlet/solicitudot?gx-no-cache=1555428013459 HTTP/1.1" 200 97
190.171.143.106 - - [16/Apr/2019:12:23:57 -0300] "GET /cormun/servlet/solicitudot?d590130f2071a6502cf5c8b82bf3c00f211af9ed8be7929863d9249b37b0f5b406c041149fae7c837dc84574076ee2da,gx-no-cache=1555428013486 HTTP/1.1" 200 30
190.171.143.106 - - [16/Apr/2019:12:23:57 -0300] "POST /cormun/servlet/solicitudot?gx-no-cache=1555428013514 HTTP/1.1" 200 34
190.171.143.106 - - [16/Apr/2019:12:23:58 -0300] "POST /cormun/servlet/solicitudot?0d418325420f04669a64edd047fb00c9,INS,0,0,,gx-no-cache=1555428013556 HTTP/1.1" 200 93
190.171.143.106 - - [16/Apr/2019:12:23:58 -0300] "GET /cormun/servlet/hpexe_return? HTTP/1.1" 200 1000
190.171.143.106 - - [16/Apr/2019:12:23:58 -0300] "GET /cormun/servlet/trsolicitudot HTTP/1.1" 200 9219
190.171.143.106 - - [16/Apr/2019:12:23:59 -0300] "GET /cormun/servlet/trsolicitudot HTTP/1.1" 200 9214
190.171.143.106 - - [16/Apr/2019:12:24:15 -0300] "GET /cormun/servlet/trlicencias? HTTP/1.1" 200 10104
190.171.143.106 - - [16/Apr/2019:12:24:15 -0300] "GET /cormun/servlet/trlicencias? HTTP/1.1" 200 10103
186.103.159.188 - - [16/Apr/2019:12:24:39 -0300] "GET /cormun/static/menuarrow.gif HTTP/1.1" 404 1015
190.171.143.106 - - [16/Apr/2019:12:25:04 -0300] "GET /cormun/servlet/trsolicitudot? HTTP/1.1" 200 9214
190.171.143.106 - - [16/Apr/2019:12:25:04 -0300] "GET /cormun/servlet/trsolicitudot? HTTP/1.1" 200 9214
190.171.143.106 - - [16/Apr/2019:12:25:16 -0300] "GET /cormun/servlet/solicitudot?INS,0,0, HTTP/1.1" 200 15046
190.171.143.106 - - [16/Apr/2019:12:25:17 -0300] "GET /cormun/servlet/solicitudot?INS,0,0, HTTP/1.1" 200 15051
190.171.143.106 - - [16/Apr/2019:12:25:23 -0300] "POST /cormun/servlet/solicitudot?gx-no-cache=1555428099513 HTTP/1.1" 200 3450
190.171.143.106 - - [16/Apr/2019:12:25:24 -0300] "POST /cormun/servlet/solicitudot?0d418325420f04669a64edd047fb00c9,INS,0,0,,gx-no-cache=1555428099664 HTTP/1.1" 200 11692
190.171.143.106 - - [16/Apr/2019:12:25:25 -0300] "GET /cormun/servlet/solicitudot?d590130f2071a6502cf5c8b82bf3c00f0370f3f6f8280f0850c7a6460acd4a3f2315cddba64ba4ff36bd7e4654751284,gx-no-cache=1555428101529 HTTP/1.1" 200 30
190.171.143.106 - - [16/Apr/2019:12:25:39 -0300] "GET /cormun/servlet/solicitudot?d590130f2071a6502cf5c8b82bf3c00f6d912a2051ce7788d1f14178616e5e0a,gx-no-cache=1555428115318 HTTP/1.1" 200 94
190.171.143.106 - - [16/Apr/2019:12:25:39 -0300] "GET /cormun/static/Shared/jqueryui/images/ui-bg_highlight-soft_100_c6c2c8_1x100.png HTTP/1.1" 404 1117
190.171.143.106 - - [16/Apr/2019:12:25:39 -0300] "GET /cormun/static/Shared/jqueryui/images/ui-icons_82798d_256x240.png HTTP/1.1" 404 1089
190.171.143.106 - - [16/Apr/2019:12:25:39 -0300] "GET /cormun/static/Shared/jqueryui/images/ui-bg_flat_55_994d53_40x100.png HTTP/1.1" 404 1097
190.171.143.106 - - [16/Apr/2019:12:25:39 -0300] "GET /cormun/static/Shared/jqueryui/images/ui-icons_ebccce_256x240.png HTTP/1.1" 404 1089
190.171.143.106 - - [16/Apr/2019:12:25:42 -0300] "GET /cormun/servlet/solicitudot?d590130f2071a6502cf5c8b82bf3c00f682deca240a1442341051c282ec8b636,gx-no-cache=1555428118121 HTTP/1.1" 200 53
186.103.159.188 - - [16/Apr/2019:12:25:54 -0300] "GET /cormun/servlet/licenciaspermisos?c081c90f23f52bed0445ad6331cbd5f20f390cc13a0e62c2d2ceea2490f3a97d5e6edf86732e92d2ee3d034e300aeebe9dc6d3cf0d386fcd94f24284a4da86faaf50bc8e62218a8d324fbb9309596a11dff8999a381899c0eb445d27b9c7920550c4d99becce6fb8b9d7d6425ae5190ec1b1be47e0ed3094bf3b301eaeb803f53ae74092cf8a0e4a65f534b7f220a8e5e14a702f20b3604b43a29f5e54c3080ae1b3180639e87f15dd7a26133e1251bf,gx-no-cache=1555428130163 HTTP/1.1" 200 30
186.103.159.188 - - [16/Apr/2019:12:25:54 -0300] "POST /cormun/servlet/licenciaspermisos?03ebf8e541cd0fd60f30101e7800fca1,INS,0,,,,gx-no-cache=1555428130214 HTTP/1.1" 200 4845
190.171.143.106 - - [16/Apr/2019:12:26:03 -0300] "GET /cormun/servlet/solicitudot?d590130f2071a6502cf5c8b82bf3c00fdb07f1a0ab956e97c74157421dc3b59f812830cb5efa267c8f42728f9b61a8886cc4ff658efa299d8c97dc54dfc93e68,gx-no-cache=1555428138838 HTTP/1.1" 200 30
190.171.143.106 - - [16/Apr/2019:12:26:04 -0300] "POST /cormun/servlet/solicitudot?gx-no-cache=1555428139825 HTTP/1.1" 200 240
190.171.143.106 - - [16/Apr/2019:12:26:07 -0300] "GET /cormun/servlet/solicitudot?d590130f2071a6502cf5c8b82bf3c00f85b9f3f643848ce1fc34c8515076273968acd90253060dfc94da258ba05f0ab16878344950fc6fc9247ab386a25d107b9359861617b16f4d6d601bd250bc59de3b69e8092544b24d7067ba529d27fc014f83c34c82635590223ea99c6a531d409d8790a09ca8b5362183aade25e0ba9f3cf3d48f95c4c51b280eae4508ae680679262759caf8cc47b1768ef565ae52f78dc9cac62aad5a3f07ebf534df7b2978d0360fe44d24a52d774d80809ffa26ecfd12d1f3fbdc6472b8e6034a4b64dcaaa88b3cb8c99d70038f672993ab06985a42fb274e68adf1e4a6c3e1d9a15d3399df81eb6466924426a77653f27e86cb1bdde2305a275cd14543ec4ebf15d3f67af73cd375f7a7837a5dcc760d0494ee9dcaccfdd5b28e2277539981e3f3fc26c361ef33be266538f2affb55f1ba428f1b7aec861f62c052e7b6518409a353f2c7f9134cf87e269c914f559c9f760105f754475dfe7aedb4bc4ae90eadc9c34ba6eab8b6226d1f4683bf323993e7cd740f,gx-no-cache=1555428142960 HTTP/1.1" 200 30
190.171.143.106 - - [16/Apr/2019:12:26:10 -0300] "POST /cormun/servlet/solicitudot?gx-no-cache=1555428145528 HTTP/1.1" 200 30
190.171.143.106 - - [16/Apr/2019:12:26:10 -0300] "POST /cormun/servlet/solicitudot?gx-no-cache=1555428146493 HTTP/1.1" 200 1341
190.171.143.106 - - [16/Apr/2019:12:26:10 -0300] "POST /cormun/servlet/solicitudot?gx-no-cache=1555428146576 HTTP/1.1" 200 38
186.103.159.188 - - [16/Apr/2019:12:26:12 -0300] "GET /cormun/servlet/licenciaspermisos?c081c90f23f52bed0445ad6331cbd5f21db9e4db47079b907ed714883853f09103d61ada7964a82091fbb67490d9479a227c422b61fe2b533128b3e173c50a9b7c387bdb46a633f5849676772628aa1a9fc8dc5fc975c7101ac845ff22be8ce99390991ad43a76cbbc64e096d2983d0594bbace0bb260f60a0422cfb3e50d4fe3718491ae1a7f004323eb62869682238891392ec8e522cef801c5df9856f0f8580e88e0f04ccc70e557d47f7ae363b06870d08a287e808267d2505141a83bd78e714370d08b61399302ba02b1e96932e738a35a5a4ae0fbf484072c57986268343d442f5d67f8fa7a5c31b8a647d6943,gx-no-cache=1555428148673 HTTP/1.1" 200 29
190.171.143.106 - - [16/Apr/2019:12:26:16 -0300] "GET /cormun/servlet/solicitudot?d590130f2071a6502cf5c8b82bf3c00f328404221d3bf934debf24964307b17b77ad61605e43c2ec2f34de2c4f9fb5dc7c5bb6bd33729dbad763adc1bff6b4c4dc7b3e7ad69aa1340ad6039db6625a91b87ab1581ec299eb1b86dd5e7cb691df5230c3680e1a173c7a0e5ae229bf7141,gx-no-cache=1555428151748 HTTP/1.1" 200 110
190.171.143.106 - - [16/Apr/2019:12:26:23 -0300] "POST /cormun/servlet/solicitudot?gx-no-cache=1555428159362 HTTP/1.1" 200 97
186.103.159.46 - - [16/Apr/2019:12:26:34 -0300] "GET /cormun/servlet/trautorizarsolicitud? HTTP/1.1" 200 7351
190.171.143.106 - - [16/Apr/2019:12:26:34 -0300] "GET /cormun/servlet/solicitudot?d590130f2071a6502cf5c8b82bf3c00f315c5f12e6650c34de5140bd55d681dffae6f38a04a9759f89799500d8d00583f8b538aa32bebe8948ba7a61fbd9f93f76fa963af4baa3412b51c6f981884a6bd3983c0d640fcbca93d6792da55f07c3e26994eda30b82ec87a4fcc329873d36,gx-no-cache=1555428170378 HTTP/1.1" 200 29
190.171.143.106 - - [16/Apr/2019:12:26:34 -0300] "GET /cormun/static/menuarrow.gif HTTP/1.1" 404 1015
186.103.159.46 - - [16/Apr/2019:12:26:34 -0300] "GET /cormun/servlet/trautorizarsolicitud? HTTP/1.1" 200 7350
186.103.159.46 - - [16/Apr/2019:12:26:34 -0300] "GET /favicon.ico HTTP/1.1" 200 21630
190.171.143.106 - - [16/Apr/2019:12:26:36 -0300] "GET /cormun/servlet/solicitudot?d590130f2071a6502cf5c8b82bf3c00f211af9ed8be7929863d9249b37b0f5b41661db17109ed3b31ff15e77a181428a,gx-no-cache=1555428172343 HTTP/1.1" 200 30
190.171.143.106 - - [16/Apr/2019:12:26:54 -0300] "POST /cormun/servlet/solicitudot?gx-no-cache=1555428190160 HTTP/1.1" 200 30
190.171.143.106 - - [16/Apr/2019:12:26:56 -0300] "GET /cormun/servlet/prfichaempleado?,MD,,gxPopupLevel%3D0%3B HTTP/1.1" 200 9370
190.171.143.106 - - [16/Apr/2019:12:27:05 -0300] "POST /cormun/servlet/prfichaempleado?0d418325420f04669a64edd047fb00c9,,MD,,gxPopupLevel%3D0%3B,gx-no-cache=1555428201008 HTTP/1.1" 200 3526
190.171.143.106 - - [16/Apr/2019:12:27:09 -0300] "GET /cormun/servlet/prlicenciaspermisos?11142576,L,,MD,,gxPopupLevel%3D0%3B HTTP/1.1" 200 7781
190.171.143.106 - - [16/Apr/2019:12:27:11 -0300] "POST /cormun/servlet/solicitudot?gx-no-cache=1555428207391 HTTP/1.1" 200 1343
190.171.143.106 - - [16/Apr/2019:12:27:17 -0300] "POST /cormun/servlet/solicitudot?gx-no-cache=1555428212596 HTTP/1.1" 200 41
190.171.143.106 - - [16/Apr/2019:12:27:17 -0300] "GET /cormun/servlet/solicitudot?d590130f2071a6502cf5c8b82bf3c00f328404221d3bf934debf24964307b17b77ad61605e43c2ec2f34de2c4f9fb5dc7c5bb6bd33729dbad763adc1bff6b4c4dc7b3e7ad69aa1340ad6039db6625a91b87ab1581ec299eb1b86dd5e7cb691df5230c3680e1a173c7a0e5ae229bf7141,gx-no-cache=1555428212680 HTTP/1.1" 200 110
190.171.143.106 - - [16/Apr/2019:12:27:17 -0300] "POST /cormun/servlet/solicitudot?gx-no-cache=1555428212739 HTTP/1.1" 200 97
190.171.143.106 - - [16/Apr/2019:12:27:17 -0300] "POST /cormun/servlet/solicitudot?gx-no-cache=1555428212822 HTTP/1.1" 200 34
190.171.143.106 - - [16/Apr/2019:12:27:25 -0300] "POST /cormun/servlet/solicitudot?0d418325420f04669a64edd047fb00c9,INS,0,0,,gx-no-cache=1555428221053 HTTP/1.1" 200 93
190.171.143.106 - - [16/Apr/2019:12:27:25 -0300] "GET /cormun/servlet/hpexe_return? HTTP/1.1" 200 1000
190.171.143.106 - - [16/Apr/2019:12:27:25 -0300] "GET /cormun/servlet/trsolicitudot HTTP/1.1" 200 9486
190.171.143.106 - - [16/Apr/2019:12:27:26 -0300] "GET /cormun/servlet/trsolicitudot HTTP/1.1" 200 9481
186.103.159.188 - - [16/Apr/2019:12:27:53 -0300] "GET /cormun/servlet/licenciaspermisos?c081c90f23f52bed0445ad6331cbd5f21db9e4db47079b907ed714883853f09103d61ada7964a82091fbb67490d9479a227c422b61fe2b533128b3e173c50a9b7c387bdb46a633f5849676772628aa1a9fc8dc5fc975c7101ac845ff22be8ce99390991ad43a76cbbc64e096d2983d0594bbace0bb260f60a0422cfb3e50d4fe3718491ae1a7f004323eb62869682238891392ec8e522cef801c5df9856f0f8580e88e0f04ccc70e557d47f7ae363b06870d08a287e808267d2505141a83bd78e714370d08b61399302ba02b1e96932e7f72ec1682b700159c5533e258b788e9,gx-no-cache=1555428249604 HTTP/1.1" 200 108
186.103.159.188 - - [16/Apr/2019:12:27:53 -0300] "GET /cormun/static/Shared/jqueryui/images/ui-bg_highlight-soft_100_c6c2c8_1x100.png HTTP/1.1" 404 1117
186.103.159.188 - - [16/Apr/2019:12:27:53 -0300] "GET /cormun/static/Shared/jqueryui/images/ui-icons_82798d_256x240.png HTTP/1.1" 404 1089
186.103.159.188 - - [16/Apr/2019:12:27:54 -0300] "GET /cormun/static/Shared/jqueryui/images/ui-icons_ebccce_256x240.png HTTP/1.1" 404 1089
186.103.159.188 - - [16/Apr/2019:12:27:54 -0300] "GET /cormun/static/Shared/jqueryui/images/ui-bg_flat_55_994d53_40x100.png HTTP/1.1" 404 1097
186.103.159.188 - - [16/Apr/2019:12:27:54 -0300] "POST /cormun/servlet/licenciaspermisos?03ebf8e541cd0fd60f30101e7800fca1,INS,0,,,,gx-no-cache=1555428249864 HTTP/1.1" 200 4943
186.103.159.188 - - [16/Apr/2019:12:28:01 -0300] "GET /cormun/servlet/licenciaspermisos?c081c90f23f52bed0445ad6331cbd5f20f390cc13a0e62c2d2ceea2490f3a97d7d46f4c9e39d9299f25c3dbf9e9d528f9dc6d3cf0d386fcd94f24284a4da86faaf50bc8e62218a8d324fbb9309596a11dff8999a381899c0eb445d27b9c7920555f733cd110c0ae8e5c7cb3e4592d890c1b1be47e0ed3094bf3b301eaeb803f5b80a0583e4faee2e521aa21184422f7782b745aeedfff0d52af59b32fe765d2cd13b289b5ad0c15d69bf1c651a3eb960b734651cb096a74fdd98cd6ce8e3085e4aa89799e82217e2bdc32dabece1626945cb36f1bb8c0423c2c29415345c8a2f,gx-no-cache=1555428257291 HTTP/1.1" 200 30
186.103.159.188 - - [16/Apr/2019:12:28:01 -0300] "POST /cormun/servlet/licenciaspermisos?03ebf8e541cd0fd60f30101e7800fca1,INS,0,,,,gx-no-cache=1555428257365 HTTP/1.1" 200 4843
186.103.159.188 - - [16/Apr/2019:12:28:08 -0300] "GET /cormun/servlet/licenciaspermisos?c081c90f23f52bed0445ad6331cbd5f21894c57f344f42494b7d380da5cab2f58d0557185b76f7a52ede5c0b2392f6ee3f45bf7db5ddebc5046bafa4f169c94917c4a6a0b371c27321b135d9de25246f1da0af3ded29968d183bd7f573cdbf023f45bf7db5ddebc5046bafa4f169c94917c4a6a0b371c27321b135d9de25246feae67965720bf4767a5120b6d0b8c7e4ee51d5a4a66dda188749fede391af908035b47907a487827488c0beef4363e7f7e9955097cdd261203a6492285e99267fc18983b13e7cda493d36689cf88d86d,gx-no-cache=1555428264250 HTTP/1.1" 200 94
186.103.159.188 - - [16/Apr/2019:12:28:08 -0300] "POST /cormun/servlet/licenciaspermisos?03ebf8e541cd0fd60f30101e7800fca1,INS,0,,,,gx-no-cache=1555428264340 HTTP/1.1" 200 4831
186.103.159.188 - - [16/Apr/2019:12:28:08 -0300] "GET /cormun/servlet/licenciaspermisos?c081c90f23f52bed0445ad6331cbd5f21db9e4db47079b907ed714883853f0913ace057db66d1987abaeebf98e13648d227c422b61fe2b533128b3e173c50a9b7c387bdb46a633f5849676772628aa1a9fc8dc5fc975c7101ac845ff22be8ce9cfc54fe39f788f330415fa7b28258d3394bbace0bb260f60a0422cfb3e50d4fee84602b13e777866e7475fc82366f44a69189d01a55de6fff47453d06fe5570543d442f5d67f8fa7a5c31b8a647d6943,gx-no-cache=1555428264506 HTTP/1.1" 200 29
186.103.159.188 - - [16/Apr/2019:12:28:08 -0300] "POST /cormun/servlet/licenciaspermisos?03ebf8e541cd0fd60f30101e7800fca1,INS,0,,,,gx-no-cache=1555428264535 HTTP/1.1" 200 93
186.103.159.188 - - [16/Apr/2019:12:28:08 -0300] "GET /cormun/servlet/hpexe_return? HTTP/1.1" 200 1011
186.103.159.188 - - [16/Apr/2019:12:28:08 -0300] "GET /cormun/servlet/trlicencias HTTP/1.1" 200 11463
186.103.159.188 - - [16/Apr/2019:12:28:09 -0300] "GET /cormun/servlet/trlicencias HTTP/1.1" 200 11458
190.171.143.106 - - [16/Apr/2019:12:28:11 -0300] "GET /cormun/servlet/trsolicitudot? HTTP/1.1" 200 9481
190.171.143.106 - - [16/Apr/2019:12:28:12 -0300] "GET /cormun/servlet/trsolicitudot? HTTP/1.1" 200 9481
186.103.159.188 - - [16/Apr/2019:12:28:14 -0300] "GET /cormun/servlet/trsolicitudot? HTTP/1.1" 200 9076
186.103.159.188 - - [16/Apr/2019:12:28:15 -0300] "GET /cormun/servlet/trsolicitudot? HTTP/1.1" 200 9076
186.103.159.188 - - [16/Apr/2019:12:28:18 -0300] "GET /cormun/servlet/solicitudot?INS,0,0, HTTP/1.1" 200 15020
186.103.159.188 - - [16/Apr/2019:12:28:19 -0300] "GET /cormun/servlet/solicitudot?INS,0,0, HTTP/1.1" 200 15025
186.103.159.188 - - [16/Apr/2019:12:28:30 -0300] "POST /cormun/servlet/solicitudot?gx-no-cache=1555428286464 HTTP/1.1" 200 3450
186.103.159.188 - - [16/Apr/2019:12:28:30 -0300] "POST /cormun/servlet/solicitudot?03ebf8e541cd0fd60f30101e7800fca1,INS,0,0,,gx-no-cache=1555428286839 HTTP/1.1" 200 11700
186.103.159.188 - - [16/Apr/2019:12:28:32 -0300] "GET /cormun/servlet/solicitudot?13fbbdc0f14d7cf13e0b80993e78998879197f97ae86544c2802e4b815a9ca82dd76f8ad15579601f472caa8883757ae,gx-no-cache=1555428288417 HTTP/1.1" 200 30
190.171.143.106 - - [16/Apr/2019:12:29:52 -0300] "GET /cormun/servlet/trsolicitudot? HTTP/1.1" 200 9481
190.171.143.106 - - [16/Apr/2019:12:29:52 -0300] "GET /cormun/servlet/trsolicitudot? HTTP/1.1" 200 9481
186.103.159.188 - - [16/Apr/2019:12:29:52 -0300] "POST /cormun/servlet/solicitudot?03ebf8e541cd0fd60f30101e7800fca1,INS,0,0,,gx-no-cache=1555428368573 HTTP/1.1" 200 11849
186.103.159.188 - - [16/Apr/2019:12:29:53 -0300] "GET /cormun/static/Shared/jqueryui/images/ui-bg_highlight-soft_100_c6c2c8_1x100.png HTTP/1.1" 404 1117
186.103.159.188 - - [16/Apr/2019:12:29:53 -0300] "GET /cormun/static/Shared/jqueryui/images/ui-bg_flat_55_fafafa_40x100.png HTTP/1.1" 404 1097
