200.54.107.2 - - [12/Apr/2019:10:38:00 -0300] "GET /cormun/servlet/veautorizarsolicitud?2019,15276,,SolicitudOTAdjuntos HTTP/1.1" 200 7530
200.54.107.2 - - [12/Apr/2019:10:38:00 -0300] "GET /cormun/pexe_scrolldiv.js HTTP/1.1" 404 1009
200.54.107.2 - - [12/Apr/2019:10:38:00 -0300] "GET /cormun/static/tbautorizarsolicitud02.js?2017111423391281 HTTP/1.1" 200 14747
200.54.107.2 - - [12/Apr/2019:10:38:00 -0300] "GET /cormun/pexe_scrolldiv.js HTTP/1.1" 404 1009
200.54.107.2 - - [12/Apr/2019:10:38:01 -0300] "GET /cormun/static/Resources/PXToolsTabUnselectedSelected.png HTTP/1.1" 200 1444
200.54.107.2 - - [12/Apr/2019:10:38:01 -0300] "GET /cormun/static/gxui/gxui-all.css HTTP/1.1" 200 2179
200.54.107.2 - - [12/Apr/2019:10:38:01 -0300] "GET /cormun/servlet/veautorizarsolicitud?2019,15276,,SolicitudOTAdjuntos HTTP/1.1" 200 7530
200.54.107.2 - - [12/Apr/2019:10:38:01 -0300] "GET /cormun/static/Resources/PXToolsTabFirstUnselected.png HTTP/1.1" 200 1264
200.54.107.2 - - [12/Apr/2019:10:38:01 -0300] "GET /cormun/static/Shared/ext/resources/css/ext-all.css HTTP/1.1" 200 416045
200.54.107.2 - - [12/Apr/2019:10:38:02 -0300] "POST /cormun/servlet/acontrolpreferencessavestate?None,PANDRADE,true HTTP/1.1" 200 35
192.168.10.94 - - [12/Apr/2019:10:38:05 -0300] "GET /cormun/servlet/hlogin HTTP/1.1" 200 1723
192.168.10.94 - - [12/Apr/2019:10:38:05 -0300] "GET /cormun/servlet/hlogin HTTP/1.1" 200 1734
200.54.107.2 - - [12/Apr/2019:10:38:06 -0300] "GET /cormun/servlet/veautorizarsolicitud?2019,15276,,SolicitudOTLog HTTP/1.1" 200 7508
200.54.107.2 - - [12/Apr/2019:10:38:06 -0300] "GET /cormun/pexe_scrolldiv.js HTTP/1.1" 404 1009
200.54.107.2 - - [12/Apr/2019:10:38:06 -0300] "GET /cormun/static/Resources/PXToolsTabLastSelected.png HTTP/1.1" 200 1262
200.54.107.2 - - [12/Apr/2019:10:38:06 -0300] "GET /cormun/pexe_scrolldiv.js HTTP/1.1" 404 1009
200.54.107.2 - - [12/Apr/2019:10:38:06 -0300] "GET /cormun/static/tbautorizarsolicitud03.js?2017761159755 HTTP/1.1" 200 13367
200.54.107.2 - - [12/Apr/2019:10:38:06 -0300] "GET /cormun/servlet/veautorizarsolicitud?2019,15276,,SolicitudOTLog HTTP/1.1" 200 7508
192.168.10.94 - - [12/Apr/2019:10:38:07 -0300] "POST /cormun/servlet/hlogin?4dfbf66dd50720c69d9721be0a8f65c9,gx-no-cache=1555083084861 HTTP/1.1" 200 90
192.168.10.94 - - [12/Apr/2019:10:38:07 -0300] "GET /cormun/servlet/hpexe_link HTTP/1.1" 200 953
192.168.10.94 - - [12/Apr/2019:10:38:07 -0300] "GET /cormun/servlet/hhome HTTP/1.1" 200 3415
200.54.107.2 - - [12/Apr/2019:10:38:07 -0300] "POST /cormun/servlet/acontrolpreferencessavestate?None,PANDRADE,true HTTP/1.1" 200 35
192.168.10.94 - - [12/Apr/2019:10:38:08 -0300] "GET /cormun/servlet/hhome HTTP/1.1" 200 3412
186.103.159.46 - - [12/Apr/2019:10:38:11 -0300] "POST /cormun/servlet/solicitudot?gx-no-cache=1555072467620 HTTP/1.1" 200 256
186.103.159.46 - - [12/Apr/2019:10:38:11 -0300] "GET /cormun/servlet/solicitudot?860d9ae989b843df8e5b893775b993cdde6e54f7cddf418e700b289561e121cd237400d6a29639ad2735dd046b18caecc6f644d1e625b45feaf55ac9396d233a1458d1e4b1cf272c6bb404425d849fc8986a04033542839fb334d3362b6bcadd0de5f5709d0b861d64e0139a325a0eb5922d9a8cb0548d269fbc7615d21da64acc0b045780eb0fc3dd87e35f6c27d8a740bce70f035902433ed15739af8899ad329a52860e23f55b6bacdb77598510698a8ccebaca0881ffc1613e546abde5c52de9a70f0280a200644375cf4022dc1bd8b7f6c20dd92b79905a83557da11fb68cee76cb44dfd0640d7e62ab72dd285193d47bed027ec006c65e695489541abf5659c5d6481566a6b7b6efd597d7872319aa22bd465f6c3b75b2f7380fcb853168d936f7563170ed753fff9d34ca1692090df563477c832791158bdda4153d04aab533c169a92117d10b9603b4f4e596579b97c1ff78479a41db9e8a7e95f7357a880899384e801be0bbe32951e01cde8a78ced015f107fbda15710f191f3cfb,gx-no-cache=1555072467827 HTTP/1.1" 200 30
200.54.107.2 - - [12/Apr/2019:10:38:12 -0300] "GET /cormun/servlet/trautorizarsolicitud? HTTP/1.1" 200 9302
200.54.107.2 - - [12/Apr/2019:10:38:13 -0300] "GET /cormun/servlet/trautorizarsolicitud? HTTP/1.1" 200 9297
186.103.159.46 - - [12/Apr/2019:10:38:16 -0300] "POST /cormun/servlet/solicitudot?gx-no-cache=1555072472501 HTTP/1.1" 200 30
186.103.159.46 - - [12/Apr/2019:10:38:20 -0300] "POST /cormun/servlet/solicitudot?gx-no-cache=1555072476212 HTTP/1.1" 200 1331
200.54.107.2 - - [12/Apr/2019:10:38:20 -0300] "POST /cormun/servlet/trautorizarsolicitud?6c338781df7e0cf6ffbba7f94e9986d1,,gx-no-cache=1555076077598 HTTP/1.1" 200 6393
186.103.159.46 - - [12/Apr/2019:10:38:20 -0300] "POST /cormun/servlet/solicitudot?gx-no-cache=1555072476481 HTTP/1.1" 200 40
186.103.159.46 - - [12/Apr/2019:10:38:20 -0300] "GET /cormun/servlet/solicitudot?860d9ae989b843df8e5b893775b993cd75b2abb11540edaf03e1bfd42a648cc58c3d58491212c84af6ec539065fe445321101634968fe7cad82d8cc49b02f5fad20caa7f4d370a84d6ae33483018e464b0e75dc708bc0491dfa4fb471b3a986a4907fb3381ad67197327c55937ada6a4,gx-no-cache=1555072476619 HTTP/1.1" 200 110
200.54.107.2 - - [12/Apr/2019:10:38:26 -0300] "POST /cormun/servlet/trautorizarsolicitud?6c338781df7e0cf6ffbba7f94e9986d1,,gx-no-cache=1555076084114 HTTP/1.1" 200 6393
186.103.159.46 - - [12/Apr/2019:10:38:30 -0300] "POST /cormun/servlet/solicitudot?gx-no-cache=1555072485991 HTTP/1.1" 200 79
200.54.107.2 - - [12/Apr/2019:10:38:33 -0300] "POST /cormun/servlet/trautorizarsolicitud?6c338781df7e0cf6ffbba7f94e9986d1,,gx-no-cache=1555076090882 HTTP/1.1" 200 4496
192.168.10.94 - - [12/Apr/2019:10:38:34 -0300] "GET /cormun/servlet/trprevencionistadiat? HTTP/1.1" 200 6146
192.168.10.94 - - [12/Apr/2019:10:38:35 -0300] "GET /cormun/servlet/trprevencionistadiat? HTTP/1.1" 200 6146
186.103.159.46 - - [12/Apr/2019:10:38:38 -0300] "GET /cormun/servlet/solicitudot?860d9ae989b843df8e5b893775b993cdcaff112b492c825a3d90a15f4dac3603d08beef7cd62bf62399c66dee7f120726730dbfc204b63831bf80bb5092bee682eb78a6f5e0b7964b859ae346ee12397ddd62e2563beb193c6fb91bd94a8d4e3ae28a0fe5aecf714d2d12f3b6556fba49712689ee9f2b2ab6510c396d92f130f9319599cd9ed5279433b5feefb3b9a8cff0c285d58da3fdf17e9d4d1ba001260,gx-no-cache=1555072494974 HTTP/1.1" 200 29
200.54.107.2 - - [12/Apr/2019:10:38:38 -0300] "POST /cormun/servlet/trautorizarsolicitud?6c338781df7e0cf6ffbba7f94e9986d1,,gx-no-cache=1555076096130 HTTP/1.1" 200 6351
186.103.159.46 - - [12/Apr/2019:10:38:38 -0300] "GET /cormun/servlet/solicitudot?860d9ae989b843df8e5b893775b993cd8c1df02a7bc86010227cfbf929aeb814d3f144b1e8c0ad4e6aa2beead76286bf,gx-no-cache=1555072495049 HTTP/1.1" 200 30
186.103.159.46 - - [12/Apr/2019:10:38:38 -0300] "POST /cormun/servlet/solicitudot?gx-no-cache=1555072495109 HTTP/1.1" 200 30
186.103.159.46 - - [12/Apr/2019:10:38:39 -0300] "POST /cormun/servlet/solicitudot?0f0922fd9b27b6cf75271975440f73af,UPD,2019,15256,,gx-no-cache=1555072495252 HTTP/1.1" 200 93
186.103.159.46 - - [12/Apr/2019:10:38:39 -0300] "GET /cormun/servlet/hpexe_return? HTTP/1.1" 200 1012
186.103.159.46 - - [12/Apr/2019:10:38:40 -0300] "GET /cormun/servlet/trsolicitudot HTTP/1.1" 200 8658
186.103.159.46 - - [12/Apr/2019:10:38:42 -0300] "GET /cormun/servlet/trsolicitudot HTTP/1.1" 200 8654
200.54.107.2 - - [12/Apr/2019:10:38:46 -0300] "POST /cormun/servlet/trautorizarsolicitud?6c338781df7e0cf6ffbba7f94e9986d1,,gx-no-cache=1555076103978 HTTP/1.1" 200 7555
192.168.10.94 - - [12/Apr/2019:10:38:46 -0300] "POST /cormun/servlet/trprevencionistadiat?4dfbf66dd50720c69d9721be0a8f65c9,,gx-no-cache=1555083124246 HTTP/1.1" 200 4528
186.103.159.46 - - [12/Apr/2019:10:38:46 -0300] "POST /cormun/servlet/trsolicitudot?0f0922fd9b27b6cf75271975440f73af,gx-no-cache=1555072502964 HTTP/1.1" 200 4537
186.103.159.46 - - [12/Apr/2019:10:38:47 -0300] "GET /cormun/static/Shared/jqueryui/images/ui-bg_highlight-soft_100_c6c2c8_1x100.png HTTP/1.1" 404 1117
186.103.159.46 - - [12/Apr/2019:10:38:47 -0300] "GET /cormun/static/Shared/jqueryui/images/ui-icons_82798d_256x240.png HTTP/1.1" 404 1089
186.103.159.46 - - [12/Apr/2019:10:38:47 -0300] "GET /cormun/static/Shared/jqueryui/images/ui-icons_8d78a5_256x240.png HTTP/1.1" 404 1089
186.103.159.46 - - [12/Apr/2019:10:38:47 -0300] "GET /cormun/static/Shared/jqueryui/images/ui-bg_flat_55_fafafa_40x100.png HTTP/1.1" 404 1097
186.103.159.46 - - [12/Apr/2019:10:38:47 -0300] "POST /cormun/servlet/trsolicitudot?0f0922fd9b27b6cf75271975440f73af,gx-no-cache=1555072503637 HTTP/1.1" 200 4310
192.168.10.94 - - [12/Apr/2019:10:38:59 -0300] "POST /cormun/servlet/trprevencionistadiat?4dfbf66dd50720c69d9721be0a8f65c9,,gx-no-cache=1555083137530 HTTP/1.1" 200 4528
200.54.107.2 - - [12/Apr/2019:10:39:12 -0300] "POST /cormun/servlet/trautorizarsolicitud?6c338781df7e0cf6ffbba7f94e9986d1,,gx-no-cache=1555076129867 HTTP/1.1" 200 12534
200.54.107.2 - - [12/Apr/2019:10:39:35 -0300] "GET /cormun/static/menuarrow.gif HTTP/1.1" 404 1015
200.54.107.2 - - [12/Apr/2019:10:39:41 -0300] "POST /cormun/servlet/trautorizarsolicitud?6c338781df7e0cf6ffbba7f94e9986d1,,gx-no-cache=1555076158372 HTTP/1.1" 200 13429
190.171.153.50 - - [12/Apr/2019:10:41:26 -0300] "POST /cormun/servlet/solicitudot?gx-no-cache=1555076264571 HTTP/1.1" 200 3567
190.171.153.50 - - [12/Apr/2019:10:41:26 -0300] "POST /cormun/servlet/solicitudot?77b6716844f5776a24119cf1ea1f4906,INS,0,0,,gx-no-cache=1555076264731 HTTP/1.1" 200 12028
192.168.10.96 - - [12/Apr/2019:10:41:38 -0300] "GET /cormun/servlet/trsolicitudgral? HTTP/1.1" 200 9283
192.168.10.96 - - [12/Apr/2019:10:41:38 -0300] "GET /cormun/servlet/trsolicitudgral? HTTP/1.1" 200 9283
190.171.153.50 - - [12/Apr/2019:10:41:48 -0300] "GET /cormun/servlet/solicitudot?a8667ff929c82d6e74a15caba99883fb76f2e01d1dffa289a1f712d95d95d487d5b2cddf5bf1052f8b6d67d02ac96429,gx-no-cache=1555076286597 HTTP/1.1" 200 30
190.171.153.50 - - [12/Apr/2019:10:41:48 -0300] "GET /cormun/servlet/solicitudot?a8667ff929c82d6e74a15caba99883fbdb1e2d111a9a201c85f36b2d1038589a30765fce91fd3bc71cc4b9fce68377c58117a973e34ac041d1dc4fd9a17da1bd,gx-no-cache=1555076286652 HTTP/1.1" 200 30
190.171.153.50 - - [12/Apr/2019:10:41:48 -0300] "GET /cormun/servlet/solicitudot?a8667ff929c82d6e74a15caba99883fbcdb549b823b760ab8451c8d730e58343,gx-no-cache=1555076286682 HTTP/1.1" 200 70
190.171.153.50 - - [12/Apr/2019:10:41:48 -0300] "POST /cormun/servlet/solicitudot?gx-no-cache=1555076286713 HTTP/1.1" 200 255
190.171.153.50 - - [12/Apr/2019:10:41:48 -0300] "GET /cormun/servlet/solicitudot?a8667ff929c82d6e74a15caba99883fbd7c38651dd1d325fc556b96d784b6371a7a16ded74a01fd84145bd243e9b5fa73b04bb58a4a524380d66cec72a453bf4fb4d0615b41692dc45ba092d77aa284035eb4994d84088369cb1c80f8654483ae89543797fcdceeb6bd1c0ea89dc8baf945057ab9ac7a8b33967a79f608244aed6b893a6be93f83a1690f7e3682bfd7585a697df30b7f1741fc87531b24b7e29650a30a78bbdffc215a82938f144555eaa92431710889b1f86fb40eec92e3e80b025edb0fe0bdfefa274927322dc99f495062d6e41a7b40643d59dae3602ada1218242b74923149b8a47177bcafe4187bca3b2ad4ff8ee586982af239a1e6c04254717fd5ed12e6a9b33a242e9f814a4edc3c8c7dcc50cfb4d89fe4090c00e1482e1cc73f7f468ca9ac5d076c8fa72d63dbddafa62c72cb40a7d4da0df7a46c021f456d288f4de7aa4bb8fe1599ec59175a609d1c0735eb0e720fa8a87bac9556c64a1d4f7cd4b20b76a5f6f0e28a47322a8cbe228beeff7a5f8484474dfc52f,gx-no-cache=1555076286745 HTTP/1.1" 200 30
192.168.10.96 - - [12/Apr/2019:10:41:49 -0300] "POST /cormun/servlet/trsolicitudgral?255dbb5d1843e272a9489b97b3ebb733,,gx-no-cache=1555083306940 HTTP/1.1" 200 5959
190.171.153.50 - - [12/Apr/2019:10:41:52 -0300] "POST /cormun/servlet/solicitudot?gx-no-cache=1555076290633 HTTP/1.1" 200 30
192.168.10.96 - - [12/Apr/2019:10:41:53 -0300] "POST /cormun/servlet/trsolicitudgral?255dbb5d1843e272a9489b97b3ebb733,,gx-no-cache=1555083311297 HTTP/1.1" 200 7787
192.168.10.96 - - [12/Apr/2019:10:41:57 -0300] "POST /cormun/servlet/trsolicitudgral?255dbb5d1843e272a9489b97b3ebb733,,gx-no-cache=1555083315146 HTTP/1.1" 200 7804
192.168.10.96 - - [12/Apr/2019:10:42:01 -0300] "POST /cormun/servlet/trsolicitudgral?255dbb5d1843e272a9489b97b3ebb733,,gx-no-cache=1555083318810 HTTP/1.1" 200 5956
192.168.10.96 - - [12/Apr/2019:10:42:04 -0300] "POST /cormun/servlet/trsolicitudgral?255dbb5d1843e272a9489b97b3ebb733,,gx-no-cache=1555083321618 HTTP/1.1" 200 7786
192.168.10.96 - - [12/Apr/2019:10:42:11 -0300] "POST /cormun/servlet/trsolicitudgral?255dbb5d1843e272a9489b97b3ebb733,,gx-no-cache=1555083328603 HTTP/1.1" 200 5959
192.168.10.96 - - [12/Apr/2019:10:42:11 -0300] "POST /cormun/servlet/trsolicitudgral?255dbb5d1843e272a9489b97b3ebb733,,gx-no-cache=1555083329063 HTTP/1.1" 200 5959
192.168.10.96 - - [12/Apr/2019:10:42:14 -0300] "POST /cormun/servlet/trsolicitudgral?255dbb5d1843e272a9489b97b3ebb733,,gx-no-cache=1555083331856 HTTP/1.1" 200 7804
192.168.10.96 - - [12/Apr/2019:10:42:20 -0300] "POST /cormun/servlet/trsolicitudgral?255dbb5d1843e272a9489b97b3ebb733,,gx-no-cache=1555083338408 HTTP/1.1" 200 5955
190.171.143.82 - - [12/Apr/2019:10:42:23 -0300] "GET /cormun/servlet/hhome HTTP/1.1" 200 3411
190.171.143.82 - - [12/Apr/2019:10:42:24 -0300] "GET /cormun/servlet/hhome HTTP/1.1" 200 3421
190.171.143.82 - - [12/Apr/2019:10:42:24 -0300] "GET /cormun/servlet/hlogin HTTP/1.1" 200 1725
192.168.10.96 - - [12/Apr/2019:10:42:24 -0300] "POST /cormun/servlet/trsolicitudgral?255dbb5d1843e272a9489b97b3ebb733,,gx-no-cache=1555083342537 HTTP/1.1" 200 7786
192.168.10.96 - - [12/Apr/2019:10:42:29 -0300] "POST /cormun/servlet/trsolicitudgral?255dbb5d1843e272a9489b97b3ebb733,,gx-no-cache=1555083347296 HTTP/1.1" 200 5956
192.168.10.96 - - [12/Apr/2019:10:42:35 -0300] "POST /cormun/servlet/trsolicitudgral?255dbb5d1843e272a9489b97b3ebb733,,gx-no-cache=1555083352911 HTTP/1.1" 200 5957
192.168.10.96 - - [12/Apr/2019:10:42:36 -0300] "POST /cormun/servlet/trsolicitudgral?255dbb5d1843e272a9489b97b3ebb733,,gx-no-cache=1555083353615 HTTP/1.1" 200 5957
192.168.10.96 - - [12/Apr/2019:10:42:36 -0300] "POST /cormun/servlet/trsolicitudgral?255dbb5d1843e272a9489b97b3ebb733,,gx-no-cache=1555083353814 HTTP/1.1" 200 5957
190.171.143.82 - - [12/Apr/2019:10:42:42 -0300] "POST /cormun/servlet/hlogin?2d5027801ef38dbb6e8e6c6f17b9f194,gx-no-cache=1555080532843 HTTP/1.1" 200 90
190.171.143.82 - - [12/Apr/2019:10:42:42 -0300] "GET /cormun/servlet/hpexe_link HTTP/1.1" 200 944
192.168.10.96 - - [12/Apr/2019:10:42:42 -0300] "POST /cormun/servlet/trsolicitudgral?255dbb5d1843e272a9489b97b3ebb733,,gx-no-cache=1555083360469 HTTP/1.1" 200 8216
190.171.143.82 - - [12/Apr/2019:10:42:43 -0300] "GET /cormun/servlet/hhome HTTP/1.1" 200 4054
190.171.143.82 - - [12/Apr/2019:10:42:43 -0300] "GET /cormun/servlet/hhome HTTP/1.1" 200 4052
190.171.143.82 - - [12/Apr/2019:10:42:46 -0300] "GET /cormun/servlet/trlicencias? HTTP/1.1" 200 11066
190.171.143.82 - - [12/Apr/2019:10:42:48 -0300] "GET /cormun/servlet/trlicencias? HTTP/1.1" 200 11063
192.168.10.96 - - [12/Apr/2019:10:42:49 -0300] "GET /cormun/servlet/solicitudgral2?UPD,2019,14613, HTTP/1.1" 200 13536
192.168.10.96 - - [12/Apr/2019:10:42:50 -0300] "GET /cormun/servlet/solicitudgral2?UPD,2019,14613, HTTP/1.1" 200 13545
192.168.10.96 - - [12/Apr/2019:10:42:51 -0300] "POST /cormun/servlet/solicitudgral2?gx-no-cache=1555083368499 HTTP/1.1" 200 4075
192.168.10.96 - - [12/Apr/2019:10:42:51 -0300] "GET /cormun/servlet/solicitudgral2?460c11dfa21bae07c5ab1a1bd9d6c0e2021accc06ea44b5150abeed9b2e746c51e1cae751d3959052067c11b8a1b7d5f08285657cb22452ab6290a1f6f4356913ad472990b6b0291256a23204e686b364bf445d3175bf37a9e0def7f0eb35e21a65e1c515baa453245bf96eba0f38aa5d07460b426f75fc84da55f0faad35cd99c69a47de7eab2345fd16452ab67688664d33cc2a82186fcf5ff463333529c63dd5c0dba206a5826142a8905e3c454c7c0714a93236f9112362894fc9a2e1da73e9b51eb49ac3866776d61ef9f39cfdf48ffff1bf27e81120db6d76b3bb4c339858ed62173a0ad72b5fbc4974eab480e31b278d412fdd64ee811a4b82391694a9a1b8ca830548a8bba2feaa6a10d4cfb763209470bc135f00e232c6d48ddee0c9fc876b68ee76d9df8d569c71683edf243ff899514c15551d91e16ee2a866f5a5bff96b98704606d95d0b3762eff8144,gx-no-cache=1555083368834 HTTP/1.1" 200 297
192.168.10.96 - - [12/Apr/2019:10:42:51 -0300] "GET /cormun/servlet/solicitudgral2?460c11dfa21bae07c5ab1a1bd9d6c0e2bebe66cbc8cf1422c2e3168b2b624f341dc954cf50c94abc228e0af67c78b7ead9474f991b9fd9e09eb67720417f768f14106d31b38105a21bd16f2665b164ddda8b4cbd454f5203cc47c476fe80429e,gx-no-cache=1555083368857 HTTP/1.1" 200 33
192.168.10.96 - - [12/Apr/2019:10:42:51 -0300] "GET /cormun/servlet/solicitudgral2?460c11dfa21bae07c5ab1a1bd9d6c0e269d388347246977bd4f4ef73e5225a0319f8bfd13c16a8c5371ad10349dfb71c3eb7ca9631e8bc409729e40d4e6c7202c37f228e01ad79be4f5dbfebfc30ac88c78076765e593bfd253d5ec5eb0ccb3aef3fff6dfc401cde4f7844f5e4c101f8,gx-no-cache=1555083368887 HTTP/1.1" 200 40
192.168.10.96 - - [12/Apr/2019:10:42:53 -0300] "GET /cormun/servlet/solicitudgral2?460c11dfa21bae07c5ab1a1bd9d6c0e23b1d70337c2bd89ca5fee746966f44b269a5c9840ca5940e2ba57671ccc1c53a08285657cb22452ab6290a1f6f43569165a4a48c4da6e82130327f4e123e920b56f843bcbf4b5ac2065739d62a8ee08f,gx-no-cache=1555083370677 HTTP/1.1" 200 30
192.168.10.96 - - [12/Apr/2019:10:42:53 -0300] "POST /cormun/servlet/solicitudgral2?gx-no-cache=1555083370702 HTTP/1.1" 200 109
192.168.10.96 - - [12/Apr/2019:10:42:55 -0300] "POST /cormun/servlet/solicitudgral2?255dbb5d1843e272a9489b97b3ebb733,UPD,2019,14613,,gx-no-cache=1555083373078 HTTP/1.1" 200 12253
192.168.10.96 - - [12/Apr/2019:10:42:55 -0300] "GET /cormun/servlet/solicitudgral2?460c11dfa21bae07c5ab1a1bd9d6c0e2926084adeba4d0da641566df9465b3703fab7d584a0630efc67ae85f5fd16b80bf04428723f3850dc6d6014591686dd8cb9fab0aa8da2bc06d4ea5f100b97c304ec327e90dd80a7f4b8375eec195bf0a15533c9a3c5ad6b5680df6f0ea3a0a31,gx-no-cache=1555083373308 HTTP/1.1" 200 29
192.168.10.96 - - [12/Apr/2019:10:42:55 -0300] "GET /cormun/servlet/solicitudgral2?460c11dfa21bae07c5ab1a1bd9d6c0e2b3f8825f48b28355a6b761999dc46f8a76ea06be2c596d7d5d362c2a86368190d8796f4fcc1ef83806a98b82d99a23f409ce45691fba2ed87a3eb7f98d124552eb59104a9a0a91b218698cf4276a6cb83aa4ab0c94ef6765efb59c86e5f01fbd53324b880a2ea504884b1c0d096818f8,gx-no-cache=1555083373381 HTTP/1.1" 200 30
192.168.10.96 - - [12/Apr/2019:10:42:55 -0300] "POST /cormun/servlet/solicitudgral2?255dbb5d1843e272a9489b97b3ebb733,UPD,2019,14613,,gx-no-cache=1555083373409 HTTP/1.1" 200 93
192.168.10.96 - - [12/Apr/2019:10:42:55 -0300] "GET /cormun/servlet/hpexe_return? HTTP/1.1" 200 1018
192.168.10.96 - - [12/Apr/2019:10:42:56 -0300] "GET /cormun/servlet/trsolicitudgral? HTTP/1.1" 200 11499
192.168.10.96 - - [12/Apr/2019:10:42:56 -0300] "GET /cormun/servlet/trsolicitudgral? HTTP/1.1" 200 11494
192.168.10.96 - - [12/Apr/2019:10:42:58 -0300] "GET /cormun/servlet/solicitudgral2?UPD,2019,14613, HTTP/1.1" 200 13547
192.168.10.96 - - [12/Apr/2019:10:42:59 -0300] "GET /cormun/servlet/solicitudgral2?UPD,2019,14613, HTTP/1.1" 200 13558
192.168.10.96 - - [12/Apr/2019:10:42:59 -0300] "POST /cormun/servlet/solicitudgral2?gx-no-cache=1555083377433 HTTP/1.1" 200 4075
192.168.10.96 - - [12/Apr/2019:10:42:59 -0300] "GET /cormun/servlet/solicitudgral2?460c11dfa21bae07c5ab1a1bd9d6c0e2021accc06ea44b5150abeed9b2e746c51e1cae751d3959052067c11b8a1b7d5f08285657cb22452ab6290a1f6f4356913ad472990b6b0291256a23204e686b364bf445d3175bf37a9e0def7f0eb35e21a65e1c515baa453245bf96eba0f38aa5d07460b426f75fc84da55f0faad35cd99c69a47de7eab2345fd16452ab67688664d33cc2a82186fcf5ff463333529c63dd5c0dba206a5826142a8905e3c454c7c0714a93236f9112362894fc9a2e1da73e9b51eb49ac3866776d61ef9f39cfdf48ffff1bf27e81120db6d76b3bb4c339858ed62173a0ad72b5fbc4974eab480e31b278d412fdd64ee811a4b82391694a9a1b8ca830548a8bba2feaa6a10d4cfb763209470bc135f00e232c6d48ddee0c9fc876b68ee76d9df8d569c71683edf243ff899514c15551d91e16ee2a866f5a5bff96b98704606d95d0b3762eff8144,gx-no-cache=1555083377574 HTTP/1.1" 200 297
192.168.10.96 - - [12/Apr/2019:10:42:59 -0300] "GET /cormun/servlet/solicitudgral2?460c11dfa21bae07c5ab1a1bd9d6c0e2bebe66cbc8cf1422c2e3168b2b624f341dc954cf50c94abc228e0af67c78b7ead9474f991b9fd9e09eb67720417f768f14106d31b38105a21bd16f2665b164ddda8b4cbd454f5203cc47c476fe80429e,gx-no-cache=1555083377593 HTTP/1.1" 200 33
192.168.10.96 - - [12/Apr/2019:10:42:59 -0300] "GET /cormun/servlet/solicitudgral2?460c11dfa21bae07c5ab1a1bd9d6c0e269d388347246977bd4f4ef73e5225a0319f8bfd13c16a8c5371ad10349dfb71c3eb7ca9631e8bc409729e40d4e6c7202c37f228e01ad79be4f5dbfebfc30ac88c78076765e593bfd253d5ec5eb0ccb3aef3fff6dfc401cde4f7844f5e4c101f8,gx-no-cache=1555083377625 HTTP/1.1" 200 40
192.168.10.96 - - [12/Apr/2019:10:43:01 -0300] "GET /cormun/servlet/solicitudgral2?460c11dfa21bae07c5ab1a1bd9d6c0e23b1d70337c2bd89ca5fee746966f44b269a5c9840ca5940e2ba57671ccc1c53a08285657cb22452ab6290a1f6f43569165a4a48c4da6e82130327f4e123e920b56f843bcbf4b5ac2065739d62a8ee08f,gx-no-cache=1555083379400 HTTP/1.1" 200 30
192.168.10.96 - - [12/Apr/2019:10:43:01 -0300] "POST /cormun/servlet/solicitudgral2?gx-no-cache=1555083379418 HTTP/1.1" 200 109
192.168.10.96 - - [12/Apr/2019:10:43:01 -0300] "POST /cormun/servlet/solicitudgral2?255dbb5d1843e272a9489b97b3ebb733,UPD,2019,14613,,gx-no-cache=1555083379443 HTTP/1.1" 200 12274
192.168.10.96 - - [12/Apr/2019:10:43:01 -0300] "GET /cormun/servlet/solicitudgral2?460c11dfa21bae07c5ab1a1bd9d6c0e2926084adeba4d0da641566df9465b3703fab7d584a0630efc67ae85f5fd16b80bf04428723f3850dc6d6014591686dd8cb9fab0aa8da2bc06d4ea5f100b97c304ec327e90dd80a7f4b8375eec195bf0a15533c9a3c5ad6b5680df6f0ea3a0a31,gx-no-cache=1555083379608 HTTP/1.1" 200 29
192.168.10.96 - - [12/Apr/2019:10:43:07 -0300] "GET /cormun/servlet/solicitudgral2?460c11dfa21bae07c5ab1a1bd9d6c0e2b3f8825f48b28355a6b761999dc46f8a08479b09f088b8ff207bd21f841f43ffd8796f4fcc1ef83806a98b82d99a23f409ce45691fba2ed87a3eb7f98d124552eb59104a9a0a91b218698cf4276a6cb83aa4ab0c94ef6765efb59c86e5f01fbd53324b880a2ea504884b1c0d096818f8,gx-no-cache=1555083385164 HTTP/1.1" 200 30
192.168.10.96 - - [12/Apr/2019:10:43:07 -0300] "POST /cormun/servlet/solicitudgral2?255dbb5d1843e272a9489b97b3ebb733,UPD,2019,14613,,gx-no-cache=1555083385180 HTTP/1.1" 200 93
192.168.10.96 - - [12/Apr/2019:10:43:07 -0300] "GET /cormun/servlet/hpexe_return? HTTP/1.1" 200 1017
192.168.10.96 - - [12/Apr/2019:10:43:07 -0300] "GET /cormun/servlet/trsolicitudgral HTTP/1.1" 200 11501
192.168.10.96 - - [12/Apr/2019:10:43:08 -0300] "GET /cormun/servlet/trsolicitudgral HTTP/1.1" 200 11497
192.168.10.96 - - [12/Apr/2019:10:43:11 -0300] "POST /cormun/servlet/trsolicitudgral?255dbb5d1843e272a9489b97b3ebb733,gx-no-cache=1555083389210 HTTP/1.1" 200 7821
192.168.10.96 - - [12/Apr/2019:10:43:11 -0300] "GET /cormun/static/Shared/jqueryui/images/ui-bg_highlight-soft_100_c6c2c8_1x100.png HTTP/1.1" 404 1117
192.168.10.96 - - [12/Apr/2019:10:43:11 -0300] "GET /cormun/static/Shared/jqueryui/images/ui-icons_82798d_256x240.png HTTP/1.1" 404 1089
192.168.10.96 - - [12/Apr/2019:10:43:11 -0300] "GET /cormun/static/Shared/jqueryui/images/ui-icons_8d78a5_256x240.png HTTP/1.1" 404 1089
192.168.10.96 - - [12/Apr/2019:10:43:11 -0300] "GET /cormun/static/Shared/jqueryui/images/ui-bg_flat_55_fafafa_40x100.png HTTP/1.1" 404 1097
190.171.153.50 - - [12/Apr/2019:10:44:01 -0300] "POST /cormun/servlet/solicitudot?gx-no-cache=1555076420034 HTTP/1.1" 200 1332
190.171.153.50 - - [12/Apr/2019:10:44:01 -0300] "POST /cormun/servlet/solicitudot?gx-no-cache=1555076420135 HTTP/1.1" 200 38
190.171.153.50 - - [12/Apr/2019:10:44:01 -0300] "GET /cormun/servlet/solicitudot?a8667ff929c82d6e74a15caba99883fb79de5e1b725a4c8646180b165b204fafa66a8f25aa50ef602713e3bb8f9a92aa63f52255f7b5412518b46c64122c4cc7a3126e0050ff8e47cc21bc8cb9392e611bddfd935da689c8357063cf936150cf7964ae92935f3516a7e23ddab95fb1b3,gx-no-cache=1555076420158 HTTP/1.1" 200 110
190.171.153.50 - - [12/Apr/2019:10:44:03 -0300] "POST /cormun/servlet/solicitudot?gx-no-cache=1555076422291 HTTP/1.1" 200 69
190.171.153.50 - - [12/Apr/2019:10:44:24 -0300] "POST /cormun/servlet/solicitudot?gx-no-cache=1555076442754 HTTP/1.1" 200 64
190.171.153.50 - - [12/Apr/2019:10:47:59 -0300] "POST /cormun/servlet/solicitudot?gx-no-cache=1555076657964 HTTP/1.1" 200 1332
190.171.153.50 - - [12/Apr/2019:10:47:59 -0300] "POST /cormun/servlet/solicitudot?gx-no-cache=1555076658032 HTTP/1.1" 200 38
190.171.153.50 - - [12/Apr/2019:10:47:59 -0300] "GET /cormun/servlet/solicitudot?a8667ff929c82d6e74a15caba99883fb79de5e1b725a4c8646180b165b204fafa66a8f25aa50ef602713e3bb8f9a92aa63f52255f7b5412518b46c64122c4cc7a3126e0050ff8e47cc21bc8cb9392e611bddfd935da689c8357063cf936150cf7964ae92935f3516a7e23ddab95fb1b3,gx-no-cache=1555076658060 HTTP/1.1" 200 110
190.171.153.50 - - [12/Apr/2019:10:47:59 -0300] "POST /cormun/servlet/solicitudot?gx-no-cache=1555076658121 HTTP/1.1" 200 102
190.171.153.50 - - [12/Apr/2019:10:47:59 -0300] "GET /cormun/servlet/solicitudot?a8667ff929c82d6e74a15caba99883fb8fa25d8809a75d636e6de4e4cdea58efaefd5279c1ddb6cba1ccc7acaf7442b959d00842312853be1a39c83e731ffc2b6b37a7f869eb195ce26fe3cfaaeed6235616513e471b17f381821514ea66f982e3e8e30b9acefeee869c6e85af761c6f0208d7d9f1ee53b9ea5b6793d8893f829825d0393efb457d1bfd8ca1bee9713e22ca324bf6da97a795e236231ec7d14e,gx-no-cache=1555076658157 HTTP/1.1" 200 29
190.171.153.50 - - [12/Apr/2019:10:48:02 -0300] "GET /cormun/static/menuarrow.gif HTTP/1.1" 404 1015
190.171.153.50 - - [12/Apr/2019:10:48:04 -0300] "POST /cormun/servlet/solicitudot?gx-no-cache=1555076662650 HTTP/1.1" 200 1332
190.171.153.50 - - [12/Apr/2019:10:48:04 -0300] "POST /cormun/servlet/solicitudot?gx-no-cache=1555076662698 HTTP/1.1" 200 38
190.171.153.50 - - [12/Apr/2019:10:48:04 -0300] "GET /cormun/servlet/solicitudot?a8667ff929c82d6e74a15caba99883fb79de5e1b725a4c8646180b165b204fafa66a8f25aa50ef602713e3bb8f9a92aa63f52255f7b5412518b46c64122c4cc7a3126e0050ff8e47cc21bc8cb9392e611bddfd935da689c8357063cf936150cf7964ae92935f3516a7e23ddab95fb1b3,gx-no-cache=1555076662726 HTTP/1.1" 200 110
190.171.153.50 - - [12/Apr/2019:10:48:04 -0300] "POST /cormun/servlet/solicitudot?gx-no-cache=1555076662750 HTTP/1.1" 200 97
190.171.153.50 - - [12/Apr/2019:10:48:05 -0300] "GET /cormun/servlet/solicitudot?a8667ff929c82d6e74a15caba99883fba3ea0d49f537a2ac9cdb07b0d520d652bd35eeafc0ed511f0a1e5c88f544e680,gx-no-cache=1555076664312 HTTP/1.1" 200 30
190.171.153.50 - - [12/Apr/2019:10:48:18 -0300] "POST /cormun/servlet/solicitudot?gx-no-cache=1555076677289 HTTP/1.1" 200 30
190.171.153.50 - - [12/Apr/2019:10:51:35 -0300] "POST /cormun/servlet/solicitudot?gx-no-cache=1555076874406 HTTP/1.1" 200 30
190.171.153.50 - - [12/Apr/2019:10:51:36 -0300] "POST /cormun/servlet/solicitudot?gx-no-cache=1555076874458 HTTP/1.1" 200 1332
190.171.153.50 - - [12/Apr/2019:10:51:36 -0300] "POST /cormun/servlet/solicitudot?gx-no-cache=1555076874511 HTTP/1.1" 200 41
190.171.153.50 - - [12/Apr/2019:10:51:36 -0300] "GET /cormun/servlet/solicitudot?a8667ff929c82d6e74a15caba99883fb79de5e1b725a4c8646180b165b204fafa66a8f25aa50ef602713e3bb8f9a92aa63f52255f7b5412518b46c64122c4cc7a3126e0050ff8e47cc21bc8cb9392e611bddfd935da689c8357063cf936150cf7964ae92935f3516a7e23ddab95fb1b3,gx-no-cache=1555076874536 HTTP/1.1" 200 110
192.168.10.94 - - [12/Apr/2019:10:52:21 -0300] "GET /cormun/servlet/hlogin HTTP/1.1" 200 1746
190.171.153.50 - - [12/Apr/2019:10:53:26 -0300] "POST /cormun/servlet/solicitudot?gx-no-cache=1555076984449 HTTP/1.1" 200 256
190.171.153.50 - - [12/Apr/2019:10:53:26 -0300] "GET /cormun/servlet/solicitudot?a8667ff929c82d6e74a15caba99883fbd7c38651dd1d325fc556b96d784b6371a7a16ded74a01fd84145bd243e9b5fa73b04bb58a4a524380d66cec72a453bf4fb4d0615b41692dc45ba092d77aa284035eb4994d84088369cb1c80f8654483ae89543797fcdceeb6bd1c0ea89dc8baf945057ab9ac7a8b33967a79f608244aed6b893a6be93f83a1690f7e3682bfd7585a697df30b7f1741fc87531b24b7e29650a30a78bbdffc215a82938f144555eaa92431710889b1f86fb40eec92e3e80b025edb0fe0bdfefa274927322dc99f495062d6e41a7b40643d59dae3602ada1218242b74923149b8a47177bcafe4187bca3b2ad4ff8ee586982af239a1e6c04254717fd5ed12e6a9b33a242e9f814a4edc3c8c7dcc50cfb4d89fe4090c00e1482e1cc73f7f468ca9ac5d076c8fa72d63dbddafa62c72cb40a7d4da0df7a46c021f456d288f4de7aa4bb8fe1599ec59175a609d1c0735eb0e720fa8a87bac9556c64a1d4f7cd4b20b76a5f6f0e28a47302db46e75e6905efa31e3c923f3b723c,gx-no-cache=1555076984498 HTTP/1.1" 200 30
190.171.153.50 - - [12/Apr/2019:10:53:26 -0300] "POST /cormun/servlet/solicitudot?gx-no-cache=1555076984526 HTTP/1.1" 200 30
190.171.153.50 - - [12/Apr/2019:10:53:26 -0300] "POST /cormun/servlet/solicitudot?gx-no-cache=1555076984561 HTTP/1.1" 200 1332
190.171.153.50 - - [12/Apr/2019:10:53:26 -0300] "POST /cormun/servlet/solicitudot?gx-no-cache=1555076984606 HTTP/1.1" 200 41
190.171.153.50 - - [12/Apr/2019:10:53:26 -0300] "GET /cormun/servlet/solicitudot?a8667ff929c82d6e74a15caba99883fb79de5e1b725a4c8646180b165b204fafa66a8f25aa50ef602713e3bb8f9a92aa63f52255f7b5412518b46c64122c4cc7a3126e0050ff8e47cc21bc8cb9392e611bddfd935da689c8357063cf936150cf7964ae92935f3516a7e23ddab95fb1b3,gx-no-cache=1555076984630 HTTP/1.1" 200 110
190.171.153.50 - - [12/Apr/2019:10:53:26 -0300] "POST /cormun/servlet/solicitudot?gx-no-cache=1555076984661 HTTP/1.1" 200 97
190.171.153.50 - - [12/Apr/2019:10:53:26 -0300] "GET /cormun/servlet/solicitudot?a8667ff929c82d6e74a15caba99883fba3ea0d49f537a2ac9cdb07b0d520d652bd35eeafc0ed511f0a1e5c88f544e680,gx-no-cache=1555076984694 HTTP/1.1" 200 30
190.171.153.50 - - [12/Apr/2019:10:53:30 -0300] "POST /cormun/servlet/solicitudot?gx-no-cache=1555076989392 HTTP/1.1" 200 256
190.171.153.50 - - [12/Apr/2019:10:53:30 -0300] "GET /cormun/servlet/solicitudot?a8667ff929c82d6e74a15caba99883fbd7c38651dd1d325fc556b96d784b6371a7a16ded74a01fd84145bd243e9b5fa73b04bb58a4a524380d66cec72a453bf4fb4d0615b41692dc45ba092d77aa284035eb4994d84088369cb1c80f8654483ae89543797fcdceeb6bd1c0ea89dc8baf945057ab9ac7a8b33967a79f608244aed6b893a6be93f83a1690f7e3682bfd7585a697df30b7f1741fc87531b24b7e29650a30a78bbdffc215a82938f144555eaa92431710889b1f86fb40eec92e3e80b025edb0fe0bdfefa274927322dc99f495062d6e41a7b40643d59dae3602ada1218242b74923149b8a47177bcafe4187bca3b2ad4ff8ee586982af239a1e6c04254717fd5ed12e6a9b33a242e9f814a4edc3c8c7dcc50cfb4d89fe4090c00e1482e1cc73f7f468ca9ac5d076c8fa72d63dbddafa62c72cb40a7d4da0df7a46c021f456d288f4de7aa4bb8fe1599ec59175a609d1c0735eb0e720fa8a87bac9556c64a1d4f7cd4b20b76a5f6f0e28a47302db46e75e6905efa31e3c923f3b723c,gx-no-cache=1555076989441 HTTP/1.1" 200 30
190.171.153.50 - - [12/Apr/2019:10:53:31 -0300] "POST /cormun/servlet/solicitudot?gx-no-cache=1555076989468 HTTP/1.1" 200 30
190.171.153.50 - - [12/Apr/2019:10:53:31 -0300] "POST /cormun/servlet/solicitudot?gx-no-cache=1555076989507 HTTP/1.1" 200 1332
190.171.153.50 - - [12/Apr/2019:10:53:31 -0300] "POST /cormun/servlet/solicitudot?gx-no-cache=1555076989542 HTTP/1.1" 200 41
190.171.153.50 - - [12/Apr/2019:10:53:31 -0300] "GET /cormun/servlet/solicitudot?a8667ff929c82d6e74a15caba99883fb79de5e1b725a4c8646180b165b204fafa66a8f25aa50ef602713e3bb8f9a92aa63f52255f7b5412518b46c64122c4cc7a3126e0050ff8e47cc21bc8cb9392e611bddfd935da689c8357063cf936150cf7964ae92935f3516a7e23ddab95fb1b3,gx-no-cache=1555076989562 HTTP/1.1" 200 110
190.171.153.50 - - [12/Apr/2019:10:53:31 -0300] "POST /cormun/servlet/solicitudot?gx-no-cache=1555076989589 HTTP/1.1" 200 97
190.171.153.50 - - [12/Apr/2019:10:54:14 -0300] "GET /cormun/static/Resources/resize.gif HTTP/1.1" 200 77
190.171.153.50 - - [12/Apr/2019:10:54:15 -0300] "GET /cormun/servlet/prcontratosol?15936719,,,,,MD,,gxPopupLevel%3D0%3B HTTP/1.1" 200 8471
190.171.153.50 - - [12/Apr/2019:10:54:15 -0300] "GET /cormun/static/gxcfg.js?201761413223964 HTTP/1.1" 200 953
190.171.153.50 - - [12/Apr/2019:10:54:15 -0300] "GET /cormun/static/Resources/PXToolsMenuSearchCancel.png HTTP/1.1" 200 2972
190.171.153.50 - - [12/Apr/2019:10:54:15 -0300] "GET /cormun/static/Resources/PXToolsMenuSearch.png HTTP/1.1" 200 2914
190.171.153.50 - - [12/Apr/2019:10:54:15 -0300] "GET /cormun/static/menusearch.js?201610171694467 HTTP/1.1" 200 1424
190.171.153.50 - - [12/Apr/2019:10:54:15 -0300] "GET /cormun/static/hmpwkw011.js?20177612121862 HTTP/1.1" 200 1968
190.171.153.50 - - [12/Apr/2019:10:54:15 -0300] "GET /cormun/static/prcontratosol.js?201761413224174 HTTP/1.1" 200 15806
190.171.153.50 - - [12/Apr/2019:10:54:26 -0300] "POST /cormun/servlet/solicitudot?gx-no-cache=1555077045366 HTTP/1.1" 200 1332
190.171.153.50 - - [12/Apr/2019:10:54:26 -0300] "POST /cormun/servlet/solicitudot?gx-no-cache=1555077045399 HTTP/1.1" 200 41
190.171.153.50 - - [12/Apr/2019:10:54:26 -0300] "GET /cormun/servlet/solicitudot?a8667ff929c82d6e74a15caba99883fb79de5e1b725a4c8646180b165b204fafa66a8f25aa50ef602713e3bb8f9a92aa63f52255f7b5412518b46c64122c4cc7a3126e0050ff8e47cc21bc8cb9392e611bddfd935da689c8357063cf936150cf7964ae92935f3516a7e23ddab95fb1b3,gx-no-cache=1555077045419 HTTP/1.1" 200 110
190.171.153.50 - - [12/Apr/2019:10:54:26 -0300] "POST /cormun/servlet/solicitudot?gx-no-cache=1555077045442 HTTP/1.1" 200 97
190.171.153.50 - - [12/Apr/2019:10:54:27 -0300] "GET /cormun/servlet/solicitudot?a8667ff929c82d6e74a15caba99883fb1d2566a634a801c0a1dbd66089412d8cbd35eeafc0ed511f0a1e5c88f544e680,gx-no-cache=1555077045467 HTTP/1.1" 200 134
190.171.153.50 - - [12/Apr/2019:10:54:27 -0300] "GET /cormun/static/Shared/jqueryui/images/ui-bg_highlight-soft_100_c6c2c8_1x100.png HTTP/1.1" 404 1117
190.171.153.50 - - [12/Apr/2019:10:54:27 -0300] "GET /cormun/static/Shared/jqueryui/images/ui-icons_82798d_256x240.png HTTP/1.1" 404 1089
190.171.153.50 - - [12/Apr/2019:10:54:27 -0300] "GET /cormun/static/Shared/jqueryui/images/ui-bg_flat_55_994d53_40x100.png HTTP/1.1" 404 1097
190.171.153.50 - - [12/Apr/2019:10:54:27 -0300] "GET /cormun/static/Shared/jqueryui/images/ui-icons_ebccce_256x240.png HTTP/1.1" 404 1089
190.171.153.50 - - [12/Apr/2019:10:54:40 -0300] "GET /cormun/servlet/solicitudot?a8667ff929c82d6e74a15caba99883fba3ea0d49f537a2ac9cdb07b0d520d652bd35eeafc0ed511f0a1e5c88f544e680,gx-no-cache=1555077059296 HTTP/1.1" 200 30
190.171.153.50 - - [12/Apr/2019:10:55:25 -0300] "POST /cormun/servlet/solicitudot?gx-no-cache=1555077103538 HTTP/1.1" 200 76
190.171.153.50 - - [12/Apr/2019:10:55:32 -0300] "POST /cormun/servlet/solicitudot?gx-no-cache=1555077110552 HTTP/1.1" 200 33
190.171.153.50 - - [12/Apr/2019:10:55:32 -0300] "POST /cormun/servlet/solicitudot?77b6716844f5776a24119cf1ea1f4906,INS,0,0,,gx-no-cache=1555077110619 HTTP/1.1" 200 93
190.171.153.50 - - [12/Apr/2019:10:55:32 -0300] "GET /cormun/servlet/hpexe_return? HTTP/1.1" 200 1009
190.171.153.50 - - [12/Apr/2019:10:55:33 -0300] "GET /cormun/servlet/trsolicitudot HTTP/1.1" 200 9417
190.171.153.50 - - [12/Apr/2019:10:55:33 -0300] "GET /cormun/servlet/trsolicitudot HTTP/1.1" 200 9413
190.171.153.50 - - [12/Apr/2019:10:55:39 -0300] "GET /cormun/servlet/solicitudot?INS,0,0, HTTP/1.1" 200 15245
190.171.153.50 - - [12/Apr/2019:10:55:39 -0300] "GET /cormun/servlet/solicitudot?INS,0,0, HTTP/1.1" 200 15250
190.171.153.50 - - [12/Apr/2019:10:55:58 -0300] "POST /cormun/servlet/solicitudot?gx-no-cache=1555077136736 HTTP/1.1" 200 3540
190.171.153.50 - - [12/Apr/2019:10:55:58 -0300] "POST /cormun/servlet/solicitudot?77b6716844f5776a24119cf1ea1f4906,INS,0,0,,gx-no-cache=1555077137026 HTTP/1.1" 200 11988
190.171.153.50 - - [12/Apr/2019:10:56:01 -0300] "GET /cormun/servlet/solicitudot?a8667ff929c82d6e74a15caba99883fb7f79d5183964aafb277a6d332c036d459809cd7f376a6a96035ff5928e3e721f,gx-no-cache=1555077140029 HTTP/1.1" 200 30
190.171.153.50 - - [12/Apr/2019:10:56:01 -0300] "GET /cormun/servlet/solicitudot?a8667ff929c82d6e74a15caba99883fb998d9aaadd272f69bfc4f45599e068f1,gx-no-cache=1555077140074 HTTP/1.1" 200 103
190.171.153.50 - - [12/Apr/2019:10:56:01 -0300] "GET /cormun/static/Shared/jqueryui/images/ui-bg_highlight-soft_100_c6c2c8_1x100.png HTTP/1.1" 404 1117
190.171.153.50 - - [12/Apr/2019:10:56:01 -0300] "GET /cormun/static/Shared/jqueryui/images/ui-icons_ebccce_256x240.png HTTP/1.1" 404 1089
190.171.153.50 - - [12/Apr/2019:10:56:01 -0300] "GET /cormun/static/Shared/jqueryui/images/ui-bg_flat_55_994d53_40x100.png HTTP/1.1" 404 1097
190.171.153.50 - - [12/Apr/2019:10:56:01 -0300] "GET /cormun/servlet/solicitudot?a8667ff929c82d6e74a15caba99883fbd8ebd690f31d84f48966a8b471bd9305,gx-no-cache=1555077140130 HTTP/1.1" 200 51
190.171.153.50 - - [12/Apr/2019:10:56:01 -0300] "GET /cormun/static/Shared/jqueryui/images/ui-icons_82798d_256x240.png HTTP/1.1" 404 1089
190.171.153.50 - - [12/Apr/2019:10:56:01 -0300] "POST /cormun/servlet/solicitudot?gx-no-cache=1555077140156 HTTP/1.1" 200 255
190.171.153.50 - - [12/Apr/2019:10:56:01 -0300] "GET /cormun/servlet/solicitudot?a8667ff929c82d6e74a15caba99883fbd7c38651dd1d325fc556b96d784b6371a7a16ded74a01fd84145bd243e9b5fa73b04bb58a4a524380d66cec72a453bf4fb4d0615b41692dc45ba092d77aa284035eb4994d84088369cb1c80f8654483ae89543797fcdceeb6bd1c0ea89dc8baf945057ab9ac7a8b33967a79f608244aed6b893a6be93f83a1690f7e3682bfd7585a697df30b7f1741fc87531b24b7e29650a30a78bbdffc215a82938f144555eaa92431710889b1f86fb40eec92e3e80b025edb0fe0bdfefa274927322dc99f495062d6e41a7b40643d59dae3602ada1218242b74923149b8a47177bcafe4187bca3b2ad4ff8ee586982af239a1e6c04254717fd5ed12e6a9b33a242e9f814a4edc3c8c7dcc50cfb4d89fe4090c00e1482e1cc73f7f468ca9ac5d076c8fa72d63dbddafa62c72cb40a7d4da0df7a46c021f456d288f4de7aa4bb8fe1599ec59175a609d1c0735eb0e720fa8a87bac9556c64a1d4f7cd4b20b76a5f6f0e28a47322a8cbe228beeff7a5f8484474dfc52f,gx-no-cache=1555077140185 HTTP/1.1" 200 30
190.171.153.50 - - [12/Apr/2019:10:56:03 -0300] "POST /cormun/servlet/solicitudot?gx-no-cache=1555077142063 HTTP/1.1" 200 30
190.171.153.50 - - [12/Apr/2019:10:56:05 -0300] "GET /cormun/servlet/prcontratosol?9189399,,,,,MD,,gxPopupLevel%3D0%3B HTTP/1.1" 200 8248
190.171.153.50 - - [12/Apr/2019:10:56:08 -0300] "POST /cormun/servlet/solicitudot?gx-no-cache=1555077147168 HTTP/1.1" 200 1332
190.171.153.50 - - [12/Apr/2019:10:56:08 -0300] "POST /cormun/servlet/solicitudot?gx-no-cache=1555077147325 HTTP/1.1" 200 38
190.171.153.50 - - [12/Apr/2019:10:56:09 -0300] "GET /cormun/servlet/solicitudot?a8667ff929c82d6e74a15caba99883fb79de5e1b725a4c8646180b165b204fafa66a8f25aa50ef602713e3bb8f9a92aa63f52255f7b5412518b46c64122c4cc7a3126e0050ff8e47cc21bc8cb9392e611bddfd935da689c8357063cf936150cf7964ae92935f3516a7e23ddab95fb1b3,gx-no-cache=1555077147457 HTTP/1.1" 200 110
190.171.153.50 - - [12/Apr/2019:10:56:09 -0300] "POST /cormun/servlet/solicitudot?gx-no-cache=1555077147569 HTTP/1.1" 200 97
190.171.153.50 - - [12/Apr/2019:10:56:09 -0300] "GET /cormun/servlet/solicitudot?a8667ff929c82d6e74a15caba99883fb8fa25d8809a75d636e6de4e4cdea58efaefd5279c1ddb6cba1ccc7acaf7442b959d00842312853be1a39c83e731ffc2b6b37a7f869eb195ce26fe3cfaaeed6235616513e471b17f381821514ea66f982e3e8e30b9acefeee869c6e85af761c6f0208d7d9f1ee53b9ea5b6793d8893f829825d0393efb457d1bfd8ca1bee9713e22ca324bf6da97a795e236231ec7d14e,gx-no-cache=1555077147703 HTTP/1.1" 200 29
190.171.153.50 - - [12/Apr/2019:10:56:09 -0300] "GET /cormun/servlet/solicitudot?a8667ff929c82d6e74a15caba99883fb49129963cf013845dcc9810edc5ac8adbd35eeafc0ed511f0a1e5c88f544e680,gx-no-cache=1555077147799 HTTP/1.1" 200 134
207.46.13.40 - - [12/Apr/2019:10:57:23 -0300] "GET /cormun/servlet/trsolicitudot HTTP/1.1" 200 6402
190.171.153.50 - - [12/Apr/2019:10:57:54 -0300] "POST /cormun/servlet/solicitudot?gx-no-cache=1555077253099 HTTP/1.1" 200 69
190.171.153.50 - - [12/Apr/2019:10:58:00 -0300] "GET /cormun/static/menuarrow.gif HTTP/1.1" 404 1015
190.171.153.50 - - [12/Apr/2019:10:58:10 -0300] "GET /cormun/servlet/solicitudot?a8667ff929c82d6e74a15caba99883fba3ea0d49f537a2ac9cdb07b0d520d652bd35eeafc0ed511f0a1e5c88f544e680,gx-no-cache=1555077268752 HTTP/1.1" 200 30
190.171.153.50 - - [12/Apr/2019:10:58:23 -0300] "POST /cormun/servlet/solicitudot?gx-no-cache=1555077282156 HTTP/1.1" 200 33
190.171.153.50 - - [12/Apr/2019:10:58:29 -0300] "POST /cormun/servlet/solicitudot?77b6716844f5776a24119cf1ea1f4906,INS,0,0,,gx-no-cache=1555077287983 HTTP/1.1" 200 12353
190.171.153.50 - - [12/Apr/2019:10:58:54 -0300] "GET /cormun/servlet/solicitudot?a8667ff929c82d6e74a15caba99883fb0948651d3b7217691a14cfe5549fbeaff2a8f4b9ed0b024895639d5b15eedc81d5b2cddf5bf1052f8b6d67d02ac96429,gx-no-cache=1555077312447 HTTP/1.1" 200 30
190.171.153.50 - - [12/Apr/2019:10:58:54 -0300] "POST /cormun/servlet/solicitudot?gx-no-cache=1555077312533 HTTP/1.1" 200 256
190.171.153.50 - - [12/Apr/2019:10:58:54 -0300] "GET /cormun/servlet/solicitudot?a8667ff929c82d6e74a15caba99883fbd7c38651dd1d325fc556b96d784b6371a7a16ded74a01fd84145bd243e9b5fa73b04bb58a4a524380d66cec72a453bf4fb4d0615b41692dc45ba092d77aa284035eb4994d84088369cb1c80f8654483ae89543797fcdceeb6bd1c0ea89dc8baf945057ab9ac7a8b33967a79f608244aed6b893a6be93f83a1690f7e3682bfd7585a697df30b7f1741fc87531b24b7e29650a30a78bbdffc215a82938f144555eaa92431710889b1f86fb40eec92e3e80b025edb0fe0bdfefa274927322dc99f495062d6e41a7b40643d59dae3602ada1218242b74923149b8a47177bcafe4187bca3b2ad4ff8ee586982af239a1e6c04254717fd5ed12e6a9b33a242e9f814a4edc3c8c7dcc50cfb4d89fe4090c00e1482e1cc73f7f468ca9ac5d076c8fa72d63dbddafa62c72cb40a7d4da0df7a46c021f456d288f4de7aa4bb8fe1599ec59175a609d1c0735eb0e720fa8a87bac9556c64a1d4f7cd4b20b76a5f6f0e28a47302db46e75e6905efa31e3c923f3b723c,gx-no-cache=1555077312610 HTTP/1.1" 200 30
190.171.153.50 - - [12/Apr/2019:10:58:54 -0300] "POST /cormun/servlet/solicitudot?gx-no-cache=1555077312645 HTTP/1.1" 200 30
190.171.153.50 - - [12/Apr/2019:10:58:54 -0300] "POST /cormun/servlet/solicitudot?gx-no-cache=1555077312716 HTTP/1.1" 200 1332
190.171.153.50 - - [12/Apr/2019:10:58:54 -0300] "POST /cormun/servlet/solicitudot?gx-no-cache=1555077312816 HTTP/1.1" 200 41
190.171.153.50 - - [12/Apr/2019:10:58:54 -0300] "GET /cormun/servlet/solicitudot?a8667ff929c82d6e74a15caba99883fb79de5e1b725a4c8646180b165b204fafa66a8f25aa50ef602713e3bb8f9a92aa63f52255f7b5412518b46c64122c4cc7a3126e0050ff8e47cc21bc8cb9392e611bddfd935da689c8357063cf936150cf7964ae92935f3516a7e23ddab95fb1b3,gx-no-cache=1555077312874 HTTP/1.1" 200 110
190.171.153.50 - - [12/Apr/2019:10:58:54 -0300] "POST /cormun/servlet/solicitudot?gx-no-cache=1555077312941 HTTP/1.1" 200 97
190.171.153.50 - - [12/Apr/2019:10:58:54 -0300] "GET /cormun/servlet/solicitudot?a8667ff929c82d6e74a15caba99883fba3ea0d49f537a2ac9cdb07b0d520d652bd35eeafc0ed511f0a1e5c88f544e680,gx-no-cache=1555077313007 HTTP/1.1" 200 30
190.171.153.50 - - [12/Apr/2019:10:58:54 -0300] "POST /cormun/servlet/solicitudot?gx-no-cache=1555077313070 HTTP/1.1" 200 33
190.171.153.50 - - [12/Apr/2019:10:58:54 -0300] "POST /cormun/servlet/solicitudot?77b6716844f5776a24119cf1ea1f4906,INS,0,0,,gx-no-cache=1555077313140 HTTP/1.1" 200 12415
190.171.153.50 - - [12/Apr/2019:10:59:15 -0300] "GET /cormun/servlet/solicitudot?a8667ff929c82d6e74a15caba99883fb0948651d3b7217691a14cfe5549fbeaff2a8f4b9ed0b024895639d5b15eedc81d5b2cddf5bf1052f8b6d67d02ac96429,gx-no-cache=1555077333807 HTTP/1.1" 200 30
190.171.153.50 - - [12/Apr/2019:10:59:15 -0300] "POST /cormun/servlet/solicitudot?gx-no-cache=1555077333919 HTTP/1.1" 200 256
190.171.153.50 - - [12/Apr/2019:10:59:16 -0300] "GET /cormun/servlet/solicitudot?a8667ff929c82d6e74a15caba99883fbd7c38651dd1d325fc556b96d784b6371a7a16ded74a01fd84145bd243e9b5fa73b04bb58a4a524380d66cec72a453bf4fb4d0615b41692dc45ba092d77aa284035eb4994d84088369cb1c80f8654483ae89543797fcdceeb6bd1c0ea89dc8baf945057ab9ac7a8b33967a79f608244aed6b893a6be93f83a1690f7e3682bfd7585a697df30b7f1741fc87531b24b7e29650a30a78bbdffc215a82938f144555eaa92431710889b1f86fb40eec92e3e80b025edb0fe0bdfefa274927322dc99f495062d6e41a7b40643d59dae3602ada1218242b74923149b8a47177bcafe4187bca3b2ad4ff8ee586982af239a1e6c04254717fd5ed12e6a9b33a242e9f814a4edc3c8c7dcc50cfb4d89fe4090c00e1482e1cc73f7f468ca9ac5d076c8fa72d63dbddafa62c72cb40a7d4da0df7a46c021f456d288f4de7aa4bb8fe1599ec59175a609d1c0735eb0e720fa8a87bac9556c64a1d4f7cd4b20b76a5f6f0e28a47302db46e75e6905efa31e3c923f3b723c,gx-no-cache=1555077334017 HTTP/1.1" 200 30
190.171.153.50 - - [12/Apr/2019:10:59:16 -0300] "POST /cormun/servlet/solicitudot?gx-no-cache=1555077334514 HTTP/1.1" 200 30
190.171.153.50 - - [12/Apr/2019:10:59:16 -0300] "POST /cormun/servlet/solicitudot?gx-no-cache=1555077334598 HTTP/1.1" 200 1332
190.171.153.50 - - [12/Apr/2019:10:59:16 -0300] "POST /cormun/servlet/solicitudot?gx-no-cache=1555077334735 HTTP/1.1" 200 41
190.171.153.50 - - [12/Apr/2019:10:59:16 -0300] "GET /cormun/servlet/solicitudot?a8667ff929c82d6e74a15caba99883fb79de5e1b725a4c8646180b165b204fafa66a8f25aa50ef602713e3bb8f9a92aa63f52255f7b5412518b46c64122c4cc7a3126e0050ff8e47cc21bc8cb9392e611bddfd935da689c8357063cf936150cf7964ae92935f3516a7e23ddab95fb1b3,gx-no-cache=1555077334819 HTTP/1.1" 200 110
190.171.153.50 - - [12/Apr/2019:10:59:16 -0300] "POST /cormun/servlet/solicitudot?gx-no-cache=1555077334925 HTTP/1.1" 200 97
190.171.153.50 - - [12/Apr/2019:10:59:16 -0300] "GET /cormun/servlet/solicitudot?a8667ff929c82d6e74a15caba99883fba3ea0d49f537a2ac9cdb07b0d520d652bd35eeafc0ed511f0a1e5c88f544e680,gx-no-cache=1555077335021 HTTP/1.1" 200 30
190.171.153.50 - - [12/Apr/2019:10:59:16 -0300] "POST /cormun/servlet/solicitudot?gx-no-cache=1555077335184 HTTP/1.1" 200 33
190.171.153.50 - - [12/Apr/2019:10:59:17 -0300] "POST /cormun/servlet/solicitudot?77b6716844f5776a24119cf1ea1f4906,INS,0,0,,gx-no-cache=1555077335338 HTTP/1.1" 200 12461
190.171.153.50 - - [12/Apr/2019:10:59:24 -0300] "GET /cormun/servlet/solicitudot?a8667ff929c82d6e74a15caba99883fb6d135bd69b5b047d9e4131af9db6bcd3,gx-no-cache=1555077342542 HTTP/1.1" 200 94
190.171.153.50 - - [12/Apr/2019:10:59:24 -0300] "POST /cormun/servlet/solicitudot?gx-no-cache=1555077342646 HTTP/1.1" 200 256
190.171.153.50 - - [12/Apr/2019:10:59:24 -0300] "GET /cormun/servlet/solicitudot?a8667ff929c82d6e74a15caba99883fbd7c38651dd1d325fc556b96d784b6371a7a16ded74a01fd84145bd243e9b5fa73b04bb58a4a524380d66cec72a453bf4fb4d0615b41692dc45ba092d77aa284035eb4994d84088369cb1c80f8654483ae89543797fcdceeb6bd1c0ea89dc8baf945057ab9ac7a8b33967a79f608244aed6b893a6be93f83a1690f7e3682bfd7585a697df30b7f1741fc87531b24b7e29650a30a78bbdffc215a82938f144555eaa92431710889b1f86fb40eec92e3e80b025edb0fe0bdfefa274927322dc99f495062d6e41a7b40643d59dae3602ada1218242b74923149b8a47177bcafe4187bca3b2ad4ff8ee586982af239a1e6c04254717fd5ed12e6a9b33a242e9f814a4edc3c8c7dcc50cfb4d89fe4090c00e1482e1cc73f7f468ca9ac5d076c8fa72d63dbddafa62c72cb40a7d4da0df7a46c021f456d288f4de7aa4bb8fe1599ec59175a609d1c0735eb0e720fa8a87bac9556c64a1d4f7cd4b20b76a5f6f0e28a47302db46e75e6905efa31e3c923f3b723c,gx-no-cache=1555077342762 HTTP/1.1" 200 30
190.171.153.50 - - [12/Apr/2019:10:59:24 -0300] "POST /cormun/servlet/solicitudot?gx-no-cache=1555077342820 HTTP/1.1" 200 30
190.171.153.50 - - [12/Apr/2019:10:59:24 -0300] "POST /cormun/servlet/solicitudot?gx-no-cache=1555077342911 HTTP/1.1" 200 1332
190.171.153.50 - - [12/Apr/2019:10:59:24 -0300] "POST /cormun/servlet/solicitudot?gx-no-cache=1555077343029 HTTP/1.1" 200 41
190.171.153.50 - - [12/Apr/2019:10:59:24 -0300] "GET /cormun/servlet/solicitudot?a8667ff929c82d6e74a15caba99883fb79de5e1b725a4c8646180b165b204fafa66a8f25aa50ef602713e3bb8f9a92aa63f52255f7b5412518b46c64122c4cc7a3126e0050ff8e47cc21bc8cb9392e611bddfd935da689c8357063cf936150cf7964ae92935f3516a7e23ddab95fb1b3,gx-no-cache=1555077343128 HTTP/1.1" 200 110
190.171.153.50 - - [12/Apr/2019:10:59:24 -0300] "POST /cormun/servlet/solicitudot?gx-no-cache=1555077343225 HTTP/1.1" 200 97
190.171.153.50 - - [12/Apr/2019:10:59:24 -0300] "GET /cormun/servlet/solicitudot?a8667ff929c82d6e74a15caba99883fba3ea0d49f537a2ac9cdb07b0d520d652bd35eeafc0ed511f0a1e5c88f544e680,gx-no-cache=1555077343337 HTTP/1.1" 200 30
190.171.153.50 - - [12/Apr/2019:10:59:25 -0300] "POST /cormun/servlet/solicitudot?gx-no-cache=1555077343426 HTTP/1.1" 200 33
190.171.153.50 - - [12/Apr/2019:10:59:25 -0300] "POST /cormun/servlet/solicitudot?77b6716844f5776a24119cf1ea1f4906,INS,0,0,,gx-no-cache=1555077343550 HTTP/1.1" 200 12532
190.171.153.50 - - [12/Apr/2019:10:59:50 -0300] "GET /cormun/servlet/solicitudot?a8667ff929c82d6e74a15caba99883fb0948651d3b7217691a14cfe5549fbeaff2a8f4b9ed0b024895639d5b15eedc81d5b2cddf5bf1052f8b6d67d02ac96429,gx-no-cache=1555077368432 HTTP/1.1" 200 30
190.171.153.50 - - [12/Apr/2019:10:59:50 -0300] "POST /cormun/servlet/solicitudot?gx-no-cache=1555077368581 HTTP/1.1" 200 256
190.171.153.50 - - [12/Apr/2019:10:59:50 -0300] "GET /cormun/servlet/solicitudot?a8667ff929c82d6e74a15caba99883fbd7c38651dd1d325fc556b96d784b6371a7a16ded74a01fd84145bd243e9b5fa73b04bb58a4a524380d66cec72a453bf4fb4d0615b41692dc45ba092d77aa284035eb4994d84088369cb1c80f8654483ae89543797fcdceeb6bd1c0ea89dc8baf945057ab9ac7a8b33967a79f608244aed6b893a6be93f83a1690f7e3682bfd7585a697df30b7f1741fc87531b24b7e29650a30a78bbdffc215a82938f144555eaa92431710889b1f86fb40eec92e3e80b025edb0fe0bdfefa274927322dc99f495062d6e41a7b40643d59dae3602ada1218242b74923149b8a47177bcafe4187bca3b2ad4ff8ee586982af239a1e6c04254717fd5ed12e6a9b33a242e9f814a4edc3c8c7dcc50cfb4d89fe4090c00e1482e1cc73f7f468ca9ac5d076c8fa72d63dbddafa62c72cb40a7d4da0df7a46c021f456d288f4de7aa4bb8fe1599ec59175a609d1c0735eb0e720fa8a87bac9556c64a1d4f7cd4b20b76a5f6f0e28a47302db46e75e6905efa31e3c923f3b723c,gx-no-cache=1555077368670 HTTP/1.1" 200 30
190.171.153.50 - - [12/Apr/2019:10:59:50 -0300] "POST /cormun/servlet/solicitudot?gx-no-cache=1555077368753 HTTP/1.1" 200 30
190.171.153.50 - - [12/Apr/2019:10:59:50 -0300] "POST /cormun/servlet/solicitudot?gx-no-cache=1555077368872 HTTP/1.1" 200 1332
190.171.153.50 - - [12/Apr/2019:10:59:50 -0300] "POST /cormun/servlet/solicitudot?gx-no-cache=1555077368999 HTTP/1.1" 200 41
190.171.153.50 - - [12/Apr/2019:10:59:50 -0300] "GET /cormun/servlet/solicitudot?a8667ff929c82d6e74a15caba99883fb79de5e1b725a4c8646180b165b204fafa66a8f25aa50ef602713e3bb8f9a92aa63f52255f7b5412518b46c64122c4cc7a3126e0050ff8e47cc21bc8cb9392e611bddfd935da689c8357063cf936150cf7964ae92935f3516a7e23ddab95fb1b3,gx-no-cache=1555077369102 HTTP/1.1" 200 110
190.171.153.50 - - [12/Apr/2019:10:59:50 -0300] "POST /cormun/servlet/solicitudot?gx-no-cache=1555077369178 HTTP/1.1" 200 97
190.171.153.50 - - [12/Apr/2019:10:59:50 -0300] "GET /cormun/servlet/solicitudot?a8667ff929c82d6e74a15caba99883fba3ea0d49f537a2ac9cdb07b0d520d652bd35eeafc0ed511f0a1e5c88f544e680,gx-no-cache=1555077369240 HTTP/1.1" 200 30
190.171.153.50 - - [12/Apr/2019:10:59:50 -0300] "POST /cormun/servlet/solicitudot?gx-no-cache=1555077369295 HTTP/1.1" 200 33
190.171.153.50 - - [12/Apr/2019:10:59:51 -0300] "POST /cormun/servlet/solicitudot?77b6716844f5776a24119cf1ea1f4906,INS,0,0,,gx-no-cache=1555077369398 HTTP/1.1" 200 12602
190.171.141.106 - - [12/Apr/2019:11:00:45 -0300] "GET /cormun/servlet/hlogin HTTP/1.1" 200 1723
