190.171.153.50 - - [12/Apr/2019:11:00:46 -0300] "GET /cormun/servlet/solicitudot?a8667ff929c82d6e74a15caba99883fb0948651d3b7217691a14cfe5549fbeaff2a8f4b9ed0b024895639d5b15eedc81d5b2cddf5bf1052f8b6d67d02ac96429,gx-no-cache=1555077424669 HTTP/1.1" 200 30
190.171.153.50 - - [12/Apr/2019:11:00:46 -0300] "POST /cormun/servlet/solicitudot?gx-no-cache=1555077424748 HTTP/1.1" 200 256
190.171.153.50 - - [12/Apr/2019:11:00:46 -0300] "GET /cormun/servlet/solicitudot?a8667ff929c82d6e74a15caba99883fbd7c38651dd1d325fc556b96d784b6371a7a16ded74a01fd84145bd243e9b5fa73b04bb58a4a524380d66cec72a453bf4fb4d0615b41692dc45ba092d77aa284035eb4994d84088369cb1c80f8654483ae89543797fcdceeb6bd1c0ea89dc8baf945057ab9ac7a8b33967a79f608244aed6b893a6be93f83a1690f7e3682bfd7585a697df30b7f1741fc87531b24b7e29650a30a78bbdffc215a82938f144555eaa92431710889b1f86fb40eec92e3e80b025edb0fe0bdfefa274927322dc99f495062d6e41a7b40643d59dae3602ada1218242b74923149b8a47177bcafe4187bca3b2ad4ff8ee586982af239a1e6c04254717fd5ed12e6a9b33a242e9f814a4edc3c8c7dcc50cfb4d89fe4090c00e1482e1cc73f7f468ca9ac5d076c8fa72d63dbddafa62c72cb40a7d4da0df7a46c021f456d288f4de7aa4bb8fe1599ec59175a609d1c0735eb0e720fa8a87bac9556c64a1d4f7cd4b20b76a5f6f0e28a47302db46e75e6905efa31e3c923f3b723c,gx-no-cache=1555077424802 HTTP/1.1" 200 30
190.171.153.50 - - [12/Apr/2019:11:00:46 -0300] "POST /cormun/servlet/solicitudot?gx-no-cache=1555077424844 HTTP/1.1" 200 30
190.171.153.50 - - [12/Apr/2019:11:00:46 -0300] "POST /cormun/servlet/solicitudot?gx-no-cache=1555077424877 HTTP/1.1" 200 1332
190.171.153.50 - - [12/Apr/2019:11:00:46 -0300] "POST /cormun/servlet/solicitudot?gx-no-cache=1555077424976 HTTP/1.1" 200 41
190.171.141.106 - - [12/Apr/2019:11:00:46 -0300] "GET /cormun/servlet/hlogin HTTP/1.1" 200 1734
190.171.153.50 - - [12/Apr/2019:11:00:46 -0300] "GET /cormun/servlet/solicitudot?a8667ff929c82d6e74a15caba99883fb79de5e1b725a4c8646180b165b204fafa66a8f25aa50ef602713e3bb8f9a92aa63f52255f7b5412518b46c64122c4cc7a3126e0050ff8e47cc21bc8cb9392e611bddfd935da689c8357063cf936150cf7964ae92935f3516a7e23ddab95fb1b3,gx-no-cache=1555077425072 HTTP/1.1" 200 110
190.171.141.106 - - [12/Apr/2019:11:00:48 -0300] "POST /cormun/servlet/hlogin?5445d2396f346f3fa4c79f84333701f4,gx-no-cache=1555073823509 HTTP/1.1" 200 90
190.171.141.106 - - [12/Apr/2019:11:00:48 -0300] "GET /cormun/servlet/hpexe_link HTTP/1.1" 200 952
190.171.141.106 - - [12/Apr/2019:11:00:49 -0300] "GET /cormun/servlet/hhome HTTP/1.1" 200 4004
190.171.141.106 - - [12/Apr/2019:11:00:49 -0300] "GET /cormun/static/PXToolsJavascripts/pexe_tabdivfix.js HTTP/1.1" 304 -
190.171.141.106 - - [12/Apr/2019:11:00:51 -0300] "GET /cormun/servlet/hhome HTTP/1.1" 200 4000
190.171.153.50 - - [12/Apr/2019:11:00:52 -0300] "POST /cormun/servlet/solicitudot?gx-no-cache=1555077430817 HTTP/1.1" 200 76
190.171.141.106 - - [12/Apr/2019:11:00:54 -0300] "GET /cormun/servlet/trsolicitudot? HTTP/1.1" 200 7216
190.171.141.106 - - [12/Apr/2019:11:00:54 -0300] "GET /cormun/static/gxcfg.js?2017111422585916 HTTP/1.1" 304 -
190.171.141.106 - - [12/Apr/2019:11:00:55 -0300] "GET /cormun/servlet/trsolicitudot? HTTP/1.1" 200 7216
190.171.153.50 - - [12/Apr/2019:11:00:56 -0300] "GET /cormun/servlet/solicitudot?a8667ff929c82d6e74a15caba99883fba3ea0d49f537a2ac9cdb07b0d520d652bd35eeafc0ed511f0a1e5c88f544e680,gx-no-cache=1555077435321 HTTP/1.1" 200 30
190.171.153.50 - - [12/Apr/2019:11:00:56 -0300] "POST /cormun/servlet/solicitudot?gx-no-cache=1555077435394 HTTP/1.1" 200 33
190.171.153.50 - - [12/Apr/2019:11:00:57 -0300] "POST /cormun/servlet/solicitudot?77b6716844f5776a24119cf1ea1f4906,INS,0,0,,gx-no-cache=1555077435480 HTTP/1.1" 200 12650
190.171.153.50 - - [12/Apr/2019:11:01:04 -0300] "GET /cormun/servlet/solicitudot?a8667ff929c82d6e74a15caba99883fb6d135bd69b5b047d9e4131af9db6bcd3,gx-no-cache=1555077442893 HTTP/1.1" 200 94
190.171.153.50 - - [12/Apr/2019:11:01:04 -0300] "POST /cormun/servlet/solicitudot?gx-no-cache=1555077442963 HTTP/1.1" 200 256
190.171.153.50 - - [12/Apr/2019:11:01:04 -0300] "GET /cormun/servlet/solicitudot?a8667ff929c82d6e74a15caba99883fbd7c38651dd1d325fc556b96d784b6371a7a16ded74a01fd84145bd243e9b5fa73b04bb58a4a524380d66cec72a453bf4fb4d0615b41692dc45ba092d77aa284035eb4994d84088369cb1c80f8654483ae89543797fcdceeb6bd1c0ea89dc8baf945057ab9ac7a8b33967a79f608244aed6b893a6be93f83a1690f7e3682bfd7585a697df30b7f1741fc87531b24b7e29650a30a78bbdffc215a82938f144555eaa92431710889b1f86fb40eec92e3e80b025edb0fe0bdfefa274927322dc99f495062d6e41a7b40643d59dae3602ada1218242b74923149b8a47177bcafe4187bca3b2ad4ff8ee586982af239a1e6c04254717fd5ed12e6a9b33a242e9f814a4edc3c8c7dcc50cfb4d89fe4090c00e1482e1cc73f7f468ca9ac5d076c8fa72d63dbddafa62c72cb40a7d4da0df7a46c021f456d288f4de7aa4bb8fe1599ec59175a609d1c0735eb0e720fa8a87bac9556c64a1d4f7cd4b20b76a5f6f0e28a47302db46e75e6905efa31e3c923f3b723c,gx-no-cache=1555077443013 HTTP/1.1" 200 30
190.171.153.50 - - [12/Apr/2019:11:01:04 -0300] "POST /cormun/servlet/solicitudot?gx-no-cache=1555077443064 HTTP/1.1" 200 30
190.171.153.50 - - [12/Apr/2019:11:01:04 -0300] "POST /cormun/servlet/solicitudot?gx-no-cache=1555077443113 HTTP/1.1" 200 1332
190.171.153.50 - - [12/Apr/2019:11:01:04 -0300] "POST /cormun/servlet/solicitudot?gx-no-cache=1555077443190 HTTP/1.1" 200 41
190.171.153.50 - - [12/Apr/2019:11:01:04 -0300] "GET /cormun/servlet/solicitudot?a8667ff929c82d6e74a15caba99883fb79de5e1b725a4c8646180b165b204fafa66a8f25aa50ef602713e3bb8f9a92aa63f52255f7b5412518b46c64122c4cc7a3126e0050ff8e47cc21bc8cb9392e611bddfd935da689c8357063cf936150cf7964ae92935f3516a7e23ddab95fb1b3,gx-no-cache=1555077443236 HTTP/1.1" 200 110
190.171.153.50 - - [12/Apr/2019:11:01:08 -0300] "POST /cormun/servlet/solicitudot?gx-no-cache=1555077446929 HTTP/1.1" 200 76
190.171.153.50 - - [12/Apr/2019:11:01:13 -0300] "GET /cormun/servlet/solicitudot?a8667ff929c82d6e74a15caba99883fba3ea0d49f537a2ac9cdb07b0d520d652bd35eeafc0ed511f0a1e5c88f544e680,gx-no-cache=1555077452338 HTTP/1.1" 200 30
190.171.153.50 - - [12/Apr/2019:11:01:13 -0300] "POST /cormun/servlet/solicitudot?gx-no-cache=1555077452359 HTTP/1.1" 200 33
190.171.153.50 - - [12/Apr/2019:11:01:14 -0300] "POST /cormun/servlet/solicitudot?77b6716844f5776a24119cf1ea1f4906,INS,0,0,,gx-no-cache=1555077452417 HTTP/1.1" 200 12692
190.171.141.106 - - [12/Apr/2019:11:01:20 -0300] "GET /cormun/servlet/solicitudot?INS,0,0, HTTP/1.1" 200 14898
190.171.141.106 - - [12/Apr/2019:11:01:20 -0300] "GET /cormun/static/gxcfg.js?20189101114418 HTTP/1.1" 304 -
190.171.141.106 - - [12/Apr/2019:11:01:21 -0300] "GET /cormun/servlet/solicitudot?INS,0,0, HTTP/1.1" 200 14903
190.171.141.106 - - [12/Apr/2019:11:01:42 -0300] "POST /cormun/servlet/solicitudot?gx-no-cache=1555073876868 HTTP/1.1" 200 3580
190.171.141.106 - - [12/Apr/2019:11:01:42 -0300] "POST /cormun/servlet/solicitudot?5445d2396f346f3fa4c79f84333701f4,INS,0,0,,gx-no-cache=1555073877061 HTTP/1.1" 200 11818
190.171.153.50 - - [12/Apr/2019:11:01:49 -0300] "GET /cormun/servlet/solicitudot?a8667ff929c82d6e74a15caba99883fb998d9aaadd272f69bfc4f45599e068f1,gx-no-cache=1555077487541 HTTP/1.1" 200 103
190.171.153.50 - - [12/Apr/2019:11:01:49 -0300] "POST /cormun/servlet/solicitudot?gx-no-cache=1555077487702 HTTP/1.1" 200 256
190.171.153.50 - - [12/Apr/2019:11:01:49 -0300] "GET /cormun/servlet/solicitudot?a8667ff929c82d6e74a15caba99883fbd7c38651dd1d325fc556b96d784b6371a7a16ded74a01fd84145bd243e9b5fa73b04bb58a4a524380d66cec72a453bf4fb4d0615b41692dc45ba092d77aa284035eb4994d84088369cb1c80f8654483ae89543797fcdceeb6bd1c0ea89dc8baf945057ab9ac7a8b33967a79f608244aed6b893a6be93f83a1690f7e3682bfd7585a697df30b7f1741fc87531b24b7e29650a30a78bbdffc215a82938f144555eaa92431710889b1f86fb40eec92e3e80b025edb0fe0bdfefa274927322dc99f495062d6e41a7b40643d59dae3602ada1218242b74923149b8a47177bcafe4187bca3b2ad4ff8ee586982af239a1e6c04254717fd5ed12e6a9b33a242e9f814a4edc3c8c7dcc50cfb4d89fe4090c00e1482e1cc73f7f468ca9ac5d076c8fa72d63dbddafa62c72cb40a7d4da0df7a46c021f456d288f4de7aa4bb8fe1599ec59175a609d1c0735eb0e720fa8a87bac9556c64a1d4f7cd4b20b76a5f6f0e28a47302db46e75e6905efa31e3c923f3b723c,gx-no-cache=1555077487766 HTTP/1.1" 200 30
190.171.153.50 - - [12/Apr/2019:11:01:49 -0300] "POST /cormun/servlet/solicitudot?gx-no-cache=1555077487813 HTTP/1.1" 200 30
190.171.153.50 - - [12/Apr/2019:11:01:50 -0300] "POST /cormun/servlet/solicitudot?gx-no-cache=1555077487871 HTTP/1.1" 200 1332
190.171.153.50 - - [12/Apr/2019:11:01:50 -0300] "POST /cormun/servlet/solicitudot?gx-no-cache=1555077488729 HTTP/1.1" 200 41
190.171.153.50 - - [12/Apr/2019:11:01:50 -0300] "GET /cormun/servlet/solicitudot?a8667ff929c82d6e74a15caba99883fb79de5e1b725a4c8646180b165b204fafa66a8f25aa50ef602713e3bb8f9a92aa63f52255f7b5412518b46c64122c4cc7a3126e0050ff8e47cc21bc8cb9392e611bddfd935da689c8357063cf936150cf7964ae92935f3516a7e23ddab95fb1b3,gx-no-cache=1555077489352 HTTP/1.1" 200 110
190.171.141.106 - - [12/Apr/2019:11:01:54 -0300] "GET /cormun/servlet/solicitudot?d38a9666b201e60d16d835354330fe4be894d909a9f240e04af35c431eb5dd92fc77c3b2769e84dda16bc4136d709d5d,gx-no-cache=1555073889652 HTTP/1.1" 200 30
190.171.141.106 - - [12/Apr/2019:11:01:54 -0300] "GET /cormun/servlet/solicitudot?d38a9666b201e60d16d835354330fe4bab94f2a4197ecf5ba2c6f1af916977cf22b7d0030a2757ca22ce3b664d2fb3d4d1e7a4e4717ba83b4b3bd00744d6c996,gx-no-cache=1555073889718 HTTP/1.1" 200 30
190.171.141.106 - - [12/Apr/2019:11:01:54 -0300] "GET /cormun/servlet/solicitudot?d38a9666b201e60d16d835354330fe4bf73ea5e4ebb0173a6ba3d39d5375c6d9,gx-no-cache=1555073889764 HTTP/1.1" 200 53
190.171.141.106 - - [12/Apr/2019:11:01:54 -0300] "POST /cormun/servlet/solicitudot?gx-no-cache=1555073889859 HTTP/1.1" 200 297
190.171.141.106 - - [12/Apr/2019:11:01:54 -0300] "GET /cormun/servlet/solicitudot?d38a9666b201e60d16d835354330fe4be03a4f287dc3612892d2e94cd99ef3f24477772889cfa76fbca46f40448793800da266596eebd34a20fd171d5fb67ed7f86639eef98d363efb37f60086833d1617f64c858cb59e3e90c4c168f0a9030f5ec068edcbe7d1afe6a6757747dfe852093f50525db6c1d0590f71182cc2fa8ac1f9a88ba1dfc6afc066b293cb7170a5e235dab7baf4f140c9880b92ecf08d9258ae1dc730124eeed42b3b0870de13854369e10cbcf40e95c9b65249d8e56cd51b9c2e18e765a47bc7f341adcb8bfc6181a0a924507b4ecd7a178f15c0e73d59bdac93b07f87e7abd9f2e99a1803029c013408c470aa3f2d06dcc6e8a9f4ffe685a704ecae01d606a2c49c4aceb3a40b4fe2a13ec54ac8c25171987c51cd99bf6b33d1e8c5f35832b3668efae9cf43b512e8c321c807841da8704a754bcae4c813516d0169acd219617761261bed35bbde10d06073029edb2d2956c5169214b5d494c924dc8883a0a3b0a583dfabd5e38eae39842faa8cc725a318177cf651012ed1a0c0e4df61db886e41270d311432,gx-no-cache=1555073889913 HTTP/1.1" 200 30
190.171.153.50 - - [12/Apr/2019:11:01:56 -0300] "POST /cormun/servlet/solicitudot?gx-no-cache=1555077494682 HTTP/1.1" 200 76
190.171.141.106 - - [12/Apr/2019:11:02:00 -0300] "POST /cormun/servlet/solicitudot?gx-no-cache=1555073895751 HTTP/1.1" 200 30
190.171.153.50 - - [12/Apr/2019:11:02:17 -0300] "GET /cormun/servlet/solicitudot?a8667ff929c82d6e74a15caba99883fb0948651d3b7217691a14cfe5549fbeaff2a8f4b9ed0b024895639d5b15eedc81d5b2cddf5bf1052f8b6d67d02ac96429,gx-no-cache=1555077516164 HTTP/1.1" 200 30
190.171.153.50 - - [12/Apr/2019:11:02:17 -0300] "POST /cormun/servlet/solicitudot?gx-no-cache=1555077516308 HTTP/1.1" 200 256
190.171.153.50 - - [12/Apr/2019:11:02:18 -0300] "GET /cormun/servlet/solicitudot?a8667ff929c82d6e74a15caba99883fbd7c38651dd1d325fc556b96d784b6371a7a16ded74a01fd84145bd243e9b5fa73b04bb58a4a524380d66cec72a453bf4fb4d0615b41692dc45ba092d77aa284035eb4994d84088369cb1c80f8654483ae89543797fcdceeb6bd1c0ea89dc8baf945057ab9ac7a8b33967a79f608244aed6b893a6be93f83a1690f7e3682bfd7585a697df30b7f1741fc87531b24b7e29650a30a78bbdffc215a82938f144555eaa92431710889b1f86fb40eec92e3e80b025edb0fe0bdfefa274927322dc99f495062d6e41a7b40643d59dae3602ada1218242b74923149b8a47177bcafe4187bca3b2ad4ff8ee586982af239a1e6c04254717fd5ed12e6a9b33a242e9f814a4edc3c8c7dcc50cfb4d89fe4090c00e1482e1cc73f7f468ca9ac5d076c8fa72d63dbddafa62c72cb40a7d4da0df7a46c021f456d288f4de7aa4bb8fe1599ec59175a609d1c0735eb0e720fa8a87bac9556c64a1d4f7cd4b20b76a5f6f0e28a47302db46e75e6905efa31e3c923f3b723c,gx-no-cache=1555077516440 HTTP/1.1" 200 30
190.171.141.106 - - [12/Apr/2019:11:02:19 -0300] "POST /cormun/servlet/solicitudot?gx-no-cache=1555073914509 HTTP/1.1" 200 1331
190.171.141.106 - - [12/Apr/2019:11:02:19 -0300] "POST /cormun/servlet/solicitudot?gx-no-cache=1555073914829 HTTP/1.1" 200 38
190.171.141.106 - - [12/Apr/2019:11:02:20 -0300] "GET /cormun/servlet/solicitudot?d38a9666b201e60d16d835354330fe4b6632fd18a1307b89d47529150c430372146a2e623c24cd33cb3aa2612ce47cfbdfa4862cf61960015af3ff00dce33a1b870a249588de6e131bcfa57bd4b723970769feba0d9de33276024430bd2a046630c3454630ad9d8195a3b75ab58d41d7,gx-no-cache=1555073914981 HTTP/1.1" 200 110
190.171.153.50 - - [12/Apr/2019:11:02:24 -0300] "POST /cormun/servlet/solicitudot?gx-no-cache=1555077522840 HTTP/1.1" 200 30
190.171.153.50 - - [12/Apr/2019:11:02:25 -0300] "POST /cormun/servlet/solicitudot?gx-no-cache=1555077522960 HTTP/1.1" 200 1332
190.171.153.50 - - [12/Apr/2019:11:02:25 -0300] "POST /cormun/servlet/solicitudot?gx-no-cache=1555077523848 HTTP/1.1" 200 41
190.171.153.50 - - [12/Apr/2019:11:02:25 -0300] "GET /cormun/servlet/solicitudot?a8667ff929c82d6e74a15caba99883fb79de5e1b725a4c8646180b165b204fafa66a8f25aa50ef602713e3bb8f9a92aa63f52255f7b5412518b46c64122c4cc7a3126e0050ff8e47cc21bc8cb9392e611bddfd935da689c8357063cf936150cf7964ae92935f3516a7e23ddab95fb1b3,gx-no-cache=1555077523979 HTTP/1.1" 200 110
190.171.153.50 - - [12/Apr/2019:11:02:25 -0300] "POST /cormun/servlet/solicitudot?gx-no-cache=1555077524114 HTTP/1.1" 200 102
190.171.153.50 - - [12/Apr/2019:11:02:26 -0300] "GET /cormun/servlet/solicitudot?a8667ff929c82d6e74a15caba99883fba3ea0d49f537a2ac9cdb07b0d520d652bd35eeafc0ed511f0a1e5c88f544e680,gx-no-cache=1555077524245 HTTP/1.1" 200 30
190.171.153.50 - - [12/Apr/2019:11:02:26 -0300] "POST /cormun/servlet/solicitudot?gx-no-cache=1555077524663 HTTP/1.1" 200 33
190.171.153.50 - - [12/Apr/2019:11:02:26 -0300] "POST /cormun/servlet/solicitudot?77b6716844f5776a24119cf1ea1f4906,INS,0,0,,gx-no-cache=1555077524815 HTTP/1.1" 200 12747
190.171.141.106 - - [12/Apr/2019:11:02:26 -0300] "POST /cormun/servlet/solicitudot?gx-no-cache=1555073921783 HTTP/1.1" 200 97
192.168.10.96 - - [12/Apr/2019:11:02:27 -0300] "GET /cormun/servlet/trsolicitudgral? HTTP/1.1" 200 11081
192.168.10.96 - - [12/Apr/2019:11:02:28 -0300] "GET /cormun/servlet/trsolicitudgral? HTTP/1.1" 200 11081
192.168.10.96 - - [12/Apr/2019:11:02:33 -0300] "POST /cormun/servlet/trsolicitudgral?255dbb5d1843e272a9489b97b3ebb733,,gx-no-cache=1555084551021 HTTP/1.1" 200 7787
192.168.10.96 - - [12/Apr/2019:11:02:33 -0300] "POST /cormun/servlet/trsolicitudgral?255dbb5d1843e272a9489b97b3ebb733,,gx-no-cache=1555084551242 HTTP/1.1" 200 7787
192.168.10.96 - - [12/Apr/2019:11:02:33 -0300] "POST /cormun/servlet/trsolicitudgral?255dbb5d1843e272a9489b97b3ebb733,,gx-no-cache=1555084551474 HTTP/1.1" 200 7787
190.171.153.50 - - [12/Apr/2019:11:02:33 -0300] "GET /cormun/servlet/solicitudot?a8667ff929c82d6e74a15caba99883fb6d135bd69b5b047d9e4131af9db6bcd3,gx-no-cache=1555077532324 HTTP/1.1" 200 94
190.171.153.50 - - [12/Apr/2019:11:02:34 -0300] "POST /cormun/servlet/solicitudot?gx-no-cache=1555077532451 HTTP/1.1" 200 256
190.171.153.50 - - [12/Apr/2019:11:02:34 -0300] "GET /cormun/servlet/solicitudot?a8667ff929c82d6e74a15caba99883fbd7c38651dd1d325fc556b96d784b6371a7a16ded74a01fd84145bd243e9b5fa73b04bb58a4a524380d66cec72a453bf4fb4d0615b41692dc45ba092d77aa284035eb4994d84088369cb1c80f8654483ae89543797fcdceeb6bd1c0ea89dc8baf945057ab9ac7a8b33967a79f608244aed6b893a6be93f83a1690f7e3682bfd7585a697df30b7f1741fc87531b24b7e29650a30a78bbdffc215a82938f144555eaa92431710889b1f86fb40eec92e3e80b025edb0fe0bdfefa274927322dc99f495062d6e41a7b40643d59dae3602ada1218242b74923149b8a47177bcafe4187bca3b2ad4ff8ee586982af239a1e6c04254717fd5ed12e6a9b33a242e9f814a4edc3c8c7dcc50cfb4d89fe4090c00e1482e1cc73f7f468ca9ac5d076c8fa72d63dbddafa62c72cb40a7d4da0df7a46c021f456d288f4de7aa4bb8fe1599ec59175a609d1c0735eb0e720fa8a87bac9556c64a1d4f7cd4b20b76a5f6f0e28a47302db46e75e6905efa31e3c923f3b723c,gx-no-cache=1555077532573 HTTP/1.1" 200 30
192.168.10.96 - - [12/Apr/2019:11:02:34 -0300] "POST /cormun/servlet/trsolicitudgral?255dbb5d1843e272a9489b97b3ebb733,,gx-no-cache=1555084551794 HTTP/1.1" 200 7787
190.171.153.50 - - [12/Apr/2019:11:02:34 -0300] "POST /cormun/servlet/solicitudot?gx-no-cache=1555077532671 HTTP/1.1" 200 30
190.171.153.50 - - [12/Apr/2019:11:02:34 -0300] "POST /cormun/servlet/solicitudot?gx-no-cache=1555077532781 HTTP/1.1" 200 1332
190.171.153.50 - - [12/Apr/2019:11:02:34 -0300] "POST /cormun/servlet/solicitudot?gx-no-cache=1555077532906 HTTP/1.1" 200 41
192.168.10.96 - - [12/Apr/2019:11:02:34 -0300] "POST /cormun/servlet/trsolicitudgral?255dbb5d1843e272a9489b97b3ebb733,,gx-no-cache=1555084552090 HTTP/1.1" 200 7786
190.171.153.50 - - [12/Apr/2019:11:02:34 -0300] "GET /cormun/servlet/solicitudot?a8667ff929c82d6e74a15caba99883fb79de5e1b725a4c8646180b165b204fafa66a8f25aa50ef602713e3bb8f9a92aa63f52255f7b5412518b46c64122c4cc7a3126e0050ff8e47cc21bc8cb9392e611bddfd935da689c8357063cf936150cf7964ae92935f3516a7e23ddab95fb1b3,gx-no-cache=1555077533015 HTTP/1.1" 200 110
190.171.141.106 - - [12/Apr/2019:11:02:38 -0300] "GET /cormun/servlet/solicitudot?d38a9666b201e60d16d835354330fe4b13b910188da2892e46f2e0cde5a1a9a849b3193530f7632bd8a02059849eda32d78005c3fbe959542fda50643e75fd4d6039da084008240bb41303adc2a31f0c51c01147c1dbf8e8ec0b09f3875c7ac21d1db7c7c1764decd637558643d1abe9,gx-no-cache=1555073932826 HTTP/1.1" 200 29
192.168.10.96 - - [12/Apr/2019:11:02:39 -0300] "POST /cormun/servlet/trsolicitudgral?255dbb5d1843e272a9489b97b3ebb733,,gx-no-cache=1555084556933 HTTP/1.1" 200 6182
192.168.10.96 - - [12/Apr/2019:11:02:39 -0300] "GET /cormun/static/Shared/jqueryui/images/ui-icons_8d78a5_256x240.png HTTP/1.1" 404 1089
192.168.10.96 - - [12/Apr/2019:11:02:39 -0300] "GET /cormun/static/Shared/jqueryui/images/ui-bg_highlight-soft_100_c6c2c8_1x100.png HTTP/1.1" 404 1117
192.168.10.96 - - [12/Apr/2019:11:02:39 -0300] "GET /cormun/static/Shared/jqueryui/images/ui-icons_82798d_256x240.png HTTP/1.1" 404 1089
192.168.10.96 - - [12/Apr/2019:11:02:39 -0300] "GET /cormun/static/Shared/jqueryui/images/ui-bg_flat_55_fafafa_40x100.png HTTP/1.1" 404 1097
190.171.153.50 - - [12/Apr/2019:11:02:40 -0300] "POST /cormun/servlet/solicitudot?gx-no-cache=1555077538815 HTTP/1.1" 200 76
192.168.10.96 - - [12/Apr/2019:11:02:46 -0300] "POST /cormun/servlet/trsolicitudgral?255dbb5d1843e272a9489b97b3ebb733,,gx-no-cache=1555084564114 HTTP/1.1" 200 5956
192.168.10.96 - - [12/Apr/2019:11:02:50 -0300] "POST /cormun/servlet/trsolicitudgral?255dbb5d1843e272a9489b97b3ebb733,,gx-no-cache=1555084567777 HTTP/1.1" 200 5955
190.171.141.106 - - [12/Apr/2019:11:02:52 -0300] "GET /cormun/servlet/solicitudot?d38a9666b201e60d16d835354330fe4b0cf06e6818c7b0cdddc4a6d73e1c4bcf5f00f9941e2bbe00d32a4812e97a92db,gx-no-cache=1555073946757 HTTP/1.1" 200 30
192.168.10.96 - - [12/Apr/2019:11:02:52 -0300] "POST /cormun/servlet/trsolicitudgral?255dbb5d1843e272a9489b97b3ebb733,,gx-no-cache=1555084570041 HTTP/1.1" 200 7804
190.171.141.106 - - [12/Apr/2019:11:03:00 -0300] "POST /cormun/servlet/solicitudot?gx-no-cache=1555073955374 HTTP/1.1" 200 30
192.168.10.96 - - [12/Apr/2019:11:03:06 -0300] "GET /cormun/servlet/solicitudgral?UPD,2019,15276, HTTP/1.1" 200 13465
192.168.10.96 - - [12/Apr/2019:11:03:07 -0300] "GET /cormun/servlet/solicitudgral?UPD,2019,15276, HTTP/1.1" 200 13474
192.168.10.96 - - [12/Apr/2019:11:03:07 -0300] "POST /cormun/servlet/solicitudgral?gx-no-cache=1555084585125 HTTP/1.1" 200 4043
192.168.10.96 - - [12/Apr/2019:11:03:07 -0300] "GET /cormun/servlet/solicitudgral?460c11dfa21bae07c5ab1a1bd9d6c0e2021accc06ea44b5150abeed9b2e746c569a5c9840ca5940e2ba57671ccc1c53a08285657cb22452ab6290a1f6f4356913ad472990b6b0291256a23204e686b364bf445d3175bf37a9e0def7f0eb35e21a65e1c515baa453245bf96eba0f38aa5d07460b426f75fc84da55f0faad35cd99c69a47de7eab2345fd16452ab67688664d33cc2a82186fcf5ff463333529c63dd5c0dba206a5826142a8905e3c454c7c0714a93236f9112362894fc9a2e1da73e9b51eb49ac3866776d61ef9f39cfdf48ffff1bf27e81120db6d76b3bb4c339858ed62173a0ad72b5fbc4974eab480e31b278d412fdd64ee811a4b82391694a9a1b8ca830548a8bba2feaa6a10d4cfb763209470bc135f00e232c6d48ddee0c9fc876b68ee76d9df8d569c71683edf243ff899514c15551d91e16ee2a866f5a5bff96b98704606d95d0b3762eff8144,gx-no-cache=1555084585398 HTTP/1.1" 200 255
192.168.10.96 - - [12/Apr/2019:11:03:11 -0300] "GET /cormun/servlet/solicitudgral?460c11dfa21bae07c5ab1a1bd9d6c0e23b1d70337c2bd89ca5fee746966f44b269a5c9840ca5940e2ba57671ccc1c53a08285657cb22452ab6290a1f6f43569165a4a48c4da6e82130327f4e123e920b56f843bcbf4b5ac2065739d62a8ee08f,gx-no-cache=1555084588764 HTTP/1.1" 200 30
192.168.10.96 - - [12/Apr/2019:11:03:11 -0300] "POST /cormun/servlet/solicitudgral?gx-no-cache=1555084588794 HTTP/1.1" 200 97
192.168.10.96 - - [12/Apr/2019:11:03:14 -0300] "POST /cormun/servlet/solicitudgral?gx-no-cache=1555084592546 HTTP/1.1" 200 76
190.171.153.50 - - [12/Apr/2019:11:03:15 -0300] "GET /cormun/servlet/solicitudot?a8667ff929c82d6e74a15caba99883fbb32ad71e067470e269e3d0a90a735dfcbb3d25682093de37204d63bc0aec870b4d2ddcea08b496279a9c1789412b795c,gx-no-cache=1555077573831 HTTP/1.1" 200 30
190.171.153.50 - - [12/Apr/2019:11:03:15 -0300] "POST /cormun/servlet/solicitudot?gx-no-cache=1555077573999 HTTP/1.1" 200 256
190.171.153.50 - - [12/Apr/2019:11:03:15 -0300] "GET /cormun/servlet/solicitudot?a8667ff929c82d6e74a15caba99883fbd7c38651dd1d325fc556b96d784b6371a7a16ded74a01fd84145bd243e9b5fa73b04bb58a4a524380d66cec72a453bf4fb4d0615b41692dc45ba092d77aa284035eb4994d84088369cb1c80f8654483ae89543797fcdceeb6bd1c0ea89dc8baf945057ab9ac7a8b33967a79f608244aed6b893a6be93f83a1690f7e3682bfd7585a697df30b7f1741fc87531b24b7e29650a30a78bbdffc215a82938f144555eaa92431710889b1f86fb40eec92e3e80b025edb0fe0bdfefa274927322dc99f495062d6e41a7b40643d59dae3602ada1218242b74923149b8a47177bcafe4187bca3b2ad4ff8ee586982af239a1e6c04254717fd5ed12e6a9b33a242e9f814a4edc3c8c7dcc50cfb4d89fe4090c00e1482e1cc73f7f468ca9ac5d076c8fa72d63dbddafa62c72cb40a7d4da0df7a46c021f456d288f4de7aa4bb8fe1599ec59175a609d1c0735eb0e720fa8a87bac9556c64a1d4f7cd4b20b76a5f6f0e28a47302db46e75e6905efa31e3c923f3b723c,gx-no-cache=1555077574049 HTTP/1.1" 200 30
190.171.153.50 - - [12/Apr/2019:11:03:15 -0300] "POST /cormun/servlet/solicitudot?gx-no-cache=1555077574139 HTTP/1.1" 200 30
190.171.153.50 - - [12/Apr/2019:11:03:15 -0300] "POST /cormun/servlet/solicitudot?gx-no-cache=1555077574183 HTTP/1.1" 200 1332
190.171.153.50 - - [12/Apr/2019:11:03:15 -0300] "POST /cormun/servlet/solicitudot?gx-no-cache=1555077574225 HTTP/1.1" 200 41
190.171.153.50 - - [12/Apr/2019:11:03:15 -0300] "GET /cormun/servlet/solicitudot?a8667ff929c82d6e74a15caba99883fb79de5e1b725a4c8646180b165b204fafa66a8f25aa50ef602713e3bb8f9a92aa63f52255f7b5412518b46c64122c4cc7a3126e0050ff8e47cc21bc8cb9392e611bddfd935da689c8357063cf936150cf7964ae92935f3516a7e23ddab95fb1b3,gx-no-cache=1555077574251 HTTP/1.1" 200 110
190.171.153.50 - - [12/Apr/2019:11:03:15 -0300] "POST /cormun/servlet/solicitudot?gx-no-cache=1555077574284 HTTP/1.1" 200 102
190.171.153.50 - - [12/Apr/2019:11:03:15 -0300] "GET /cormun/servlet/solicitudot?a8667ff929c82d6e74a15caba99883fba3ea0d49f537a2ac9cdb07b0d520d652bd35eeafc0ed511f0a1e5c88f544e680,gx-no-cache=1555077574323 HTTP/1.1" 200 30
190.171.153.50 - - [12/Apr/2019:11:03:15 -0300] "POST /cormun/servlet/solicitudot?gx-no-cache=1555077574358 HTTP/1.1" 200 33
190.171.153.50 - - [12/Apr/2019:11:03:16 -0300] "POST /cormun/servlet/solicitudot?77b6716844f5776a24119cf1ea1f4906,INS,0,0,,gx-no-cache=1555077574422 HTTP/1.1" 200 12784
192.168.10.96 - - [12/Apr/2019:11:03:17 -0300] "GET /cormun/servlet/solicitudgral?460c11dfa21bae07c5ab1a1bd9d6c0e2fd0d1cfa1c2b155af790842b19cfcb8c63ac3af20fa4d00da8450ff3d4af76e39a1b8ca830548a8bba2feaa6a10d4cfbb0d583a3cf0af9ad4edadafc1e30a102eb30c1080e89e7a44114b64441a6d7f191a0d9441d969294e8f7ce77dd6ff592,gx-no-cache=1555084594916 HTTP/1.1" 200 49
192.168.10.96 - - [12/Apr/2019:11:03:17 -0300] "POST /cormun/servlet/solicitudgral?255dbb5d1843e272a9489b97b3ebb733,UPD,2019,15276,,gx-no-cache=1555084594936 HTTP/1.1" 200 12137
192.168.10.96 - - [12/Apr/2019:11:03:17 -0300] "GET /cormun/servlet/solicitudgral?460c11dfa21bae07c5ab1a1bd9d6c0e2926084adeba4d0da641566df9465b3703fab7d584a0630efc67ae85f5fd16b80bf04428723f3850dc6d6014591686dd8cb9fab0aa8da2bc06d4ea5f100b97c30376597a5d31fe48c7dbe2470d3eae180419a146759fc488dd467f55462a5e1a84a941bc25a976d1daddcef09092f9b5911a0f94c5c80736c3431ba78bbd410439285b0eb67dfaa07cf1e1a962cd98305,gx-no-cache=1555084595152 HTTP/1.1" 200 29
192.168.10.96 - - [12/Apr/2019:11:03:17 -0300] "POST /cormun/servlet/solicitudgral?255dbb5d1843e272a9489b97b3ebb733,UPD,2019,15276,,gx-no-cache=1555084595174 HTTP/1.1" 200 93
192.168.10.96 - - [12/Apr/2019:11:03:17 -0300] "GET /cormun/servlet/hpexe_return? HTTP/1.1" 200 1016
192.168.10.96 - - [12/Apr/2019:11:03:17 -0300] "GET /cormun/servlet/trsolicitudgral? HTTP/1.1" 200 11096
192.168.10.96 - - [12/Apr/2019:11:03:18 -0300] "GET /cormun/servlet/trsolicitudgral? HTTP/1.1" 200 11092
200.54.107.2 - - [12/Apr/2019:11:03:24 -0300] "GET /cormun/servlet/trautorizarsolicitud? HTTP/1.1" 200 16152
200.54.107.2 - - [12/Apr/2019:11:03:25 -0300] "GET /cormun/servlet/trautorizarsolicitud? HTTP/1.1" 200 16152
200.54.107.2 - - [12/Apr/2019:11:03:33 -0300] "POST /cormun/servlet/trautorizarsolicitud?6c338781df7e0cf6ffbba7f94e9986d1,,gx-no-cache=1555077590494 HTTP/1.1" 200 6350
192.168.10.96 - - [12/Apr/2019:11:03:36 -0300] "GET /cormun/servlet/hlogin HTTP/1.1" 200 1740
200.54.107.2 - - [12/Apr/2019:11:03:40 -0300] "POST /cormun/servlet/trautorizarsolicitud?6c338781df7e0cf6ffbba7f94e9986d1,,gx-no-cache=1555077597532 HTTP/1.1" 200 6362
200.54.107.2 - - [12/Apr/2019:11:03:40 -0300] "GET /cormun/static/Shared/jqueryui/images/ui-bg_highlight-soft_100_c6c2c8_1x100.png HTTP/1.1" 404 1117
200.54.107.2 - - [12/Apr/2019:11:03:40 -0300] "GET /cormun/static/Shared/jqueryui/images/ui-icons_82798d_256x240.png HTTP/1.1" 404 1089
200.54.107.2 - - [12/Apr/2019:11:03:40 -0300] "GET /cormun/static/Shared/jqueryui/images/ui-bg_flat_55_fafafa_40x100.png HTTP/1.1" 404 1097
200.54.107.2 - - [12/Apr/2019:11:03:40 -0300] "GET /cormun/static/Shared/jqueryui/images/ui-icons_8d78a5_256x240.png HTTP/1.1" 404 1089
190.171.153.50 - - [12/Apr/2019:11:03:51 -0300] "POST /cormun/servlet/solicitudot?gx-no-cache=1555077609976 HTTP/1.1" 200 3552
190.171.153.50 - - [12/Apr/2019:11:03:51 -0300] "POST /cormun/servlet/solicitudot?77b6716844f5776a24119cf1ea1f4906,INS,0,0,,gx-no-cache=1555077610204 HTTP/1.1" 200 12694
190.171.141.106 - - [12/Apr/2019:11:03:53 -0300] "POST /cormun/servlet/solicitudot?5445d2396f346f3fa4c79f84333701f4,INS,0,0,,gx-no-cache=1555074007814 HTTP/1.1" 200 93
190.171.141.106 - - [12/Apr/2019:11:03:53 -0300] "GET /cormun/servlet/hpexe_return? HTTP/1.1" 200 1007
190.171.141.106 - - [12/Apr/2019:11:03:53 -0300] "GET /cormun/static/gxcfg.js?2016101716175148 HTTP/1.1" 304 -
190.171.141.106 - - [12/Apr/2019:11:03:54 -0300] "GET /cormun/servlet/trsolicitudot HTTP/1.1" 200 8578
192.168.10.96 - - [12/Apr/2019:11:03:54 -0300] "POST /cormun/servlet/hlogin?255dbb5d1843e272a9489b97b3ebb733,gx-no-cache=1555084632202 HTTP/1.1" 200 90
192.168.10.96 - - [12/Apr/2019:11:03:54 -0300] "GET /cormun/servlet/hpexe_link HTTP/1.1" 200 952
192.168.10.96 - - [12/Apr/2019:11:03:54 -0300] "GET /cormun/servlet/hhome HTTP/1.1" 200 4305
190.171.141.106 - - [12/Apr/2019:11:03:54 -0300] "GET /cormun/servlet/trsolicitudot HTTP/1.1" 200 8574
190.171.141.106 - - [12/Apr/2019:11:03:55 -0300] "GET /cormun//static/Resources/PXToolsGridDelete.png HTTP/1.1" 304 -
190.171.141.106 - - [12/Apr/2019:11:03:55 -0300] "GET /cormun//static/Resources/PXToolsGridUpdate.png HTTP/1.1" 304 -
192.168.10.96 - - [12/Apr/2019:11:03:55 -0300] "GET /cormun/servlet/hhome HTTP/1.1" 200 4302
192.168.10.96 - - [12/Apr/2019:11:03:56 -0300] "GET /cormun/servlet/trsolicitudot? HTTP/1.1" 200 9395
192.168.10.96 - - [12/Apr/2019:11:03:56 -0300] "GET /cormun/servlet/trsolicitudot? HTTP/1.1" 200 9393
190.171.153.50 - - [12/Apr/2019:11:04:00 -0300] "GET /cormun/servlet/solicitudot?a8667ff929c82d6e74a15caba99883fb8c2c54f4587d91e4a3bdcf689039fd12d5b4224ff6179add32390bfd16a5d4ad,gx-no-cache=1555077619261 HTTP/1.1" 200 30
190.171.153.50 - - [12/Apr/2019:11:04:00 -0300] "GET /cormun/servlet/solicitudot?a8667ff929c82d6e74a15caba99883fb885dca54075c2de723f5563cf48b82ba00346798912f00c3e82ec67714703eec9e27b252f519b39f3e748aa75ac763ca,gx-no-cache=1555077619302 HTTP/1.1" 200 30
190.171.153.50 - - [12/Apr/2019:11:04:00 -0300] "GET /cormun/servlet/solicitudot?a8667ff929c82d6e74a15caba99883fb03f8d0d579f4a9d1650356b5b216fc583c5d2f9f9238c3fde2a3693d6141b49388f625aa4fcbfeea453e814171fa05a1cd7cf0913cda9c6bb7fb77bc0e1dcad932ac290fa88e02499302b990757ad1ded6cfe7cc92765d44b1b4681001be4a16,gx-no-cache=1555077619325 HTTP/1.1" 200 51
190.171.153.50 - - [12/Apr/2019:11:04:00 -0300] "POST /cormun/servlet/solicitudot?gx-no-cache=1555077619359 HTTP/1.1" 200 256
190.171.153.50 - - [12/Apr/2019:11:04:00 -0300] "GET /cormun/servlet/solicitudot?a8667ff929c82d6e74a15caba99883fbd7c38651dd1d325fc556b96d784b6371a7a16ded74a01fd84145bd243e9b5fa73b04bb58a4a524380d66cec72a453bf4fb4d0615b41692dc45ba092d77aa284035eb4994d84088369cb1c80f8654483ae89543797fcdceeb6bd1c0ea89dc8baf945057ab9ac7a8b33967a79f608244aed6b893a6be93f83a1690f7e3682bfd7585a697df30b7f1741fc87531b24b7e29650a30a78bbdffc215a82938f144555eaa92431710889b1f86fb40eec92e3e80b025edb0fe0bdfefa274927322dc99f495062d6e41a7b40643d59dae3602ada1218242b74923149b8a47177bcafe4187bca3b2ad4ff8ee586982af239a1e6c04254717fd5ed12e6a9b33a242e9f814a4edc3c8c7dcc50cfb4d89fe4090c00e1482e1cc73f7f468ca9ac5d076c8fa72d63dbddafa62c72cb40a7d4da0df7a46c021f456d288f4de7aa4bb8fe1599ec59175a609d1c0735eb0e720fa8a87bac9556c64a1d4f7cd4b20b76a5f6f0e28a47302db46e75e6905efa31e3c923f3b723c,gx-no-cache=1555077619391 HTTP/1.1" 200 30
190.171.153.50 - - [12/Apr/2019:11:04:03 -0300] "POST /cormun/servlet/solicitudot?gx-no-cache=1555077621750 HTTP/1.1" 200 30
190.171.153.50 - - [12/Apr/2019:11:04:03 -0300] "POST /cormun/servlet/solicitudot?gx-no-cache=1555077621802 HTTP/1.1" 200 1332
190.171.153.50 - - [12/Apr/2019:11:04:03 -0300] "POST /cormun/servlet/solicitudot?gx-no-cache=1555077621846 HTTP/1.1" 200 41
190.171.153.50 - - [12/Apr/2019:11:04:03 -0300] "GET /cormun/servlet/solicitudot?a8667ff929c82d6e74a15caba99883fb79de5e1b725a4c8646180b165b204fafa66a8f25aa50ef602713e3bb8f9a92aa63f52255f7b5412518b46c64122c4cc7a3126e0050ff8e47cc21bc8cb9392e611bddfd935da689c8357063cf936150cf7964ae92935f3516a7e23ddab95fb1b3,gx-no-cache=1555077621866 HTTP/1.1" 200 110
192.168.10.96 - - [12/Apr/2019:11:04:05 -0300] "POST /cormun/servlet/trsolicitudot?255dbb5d1843e272a9489b97b3ebb733,,gx-no-cache=1555084643191 HTTP/1.1" 200 5964
192.168.10.96 - - [12/Apr/2019:11:04:05 -0300] "GET /cormun/static/Shared/jqueryui/images/ui-icons_82798d_256x240.png HTTP/1.1" 404 1089
192.168.10.96 - - [12/Apr/2019:11:04:05 -0300] "GET /cormun/static/Shared/jqueryui/images/ui-bg_highlight-soft_100_c6c2c8_1x100.png HTTP/1.1" 404 1117
192.168.10.96 - - [12/Apr/2019:11:04:05 -0300] "GET /cormun/static/Shared/jqueryui/images/ui-icons_8d78a5_256x240.png HTTP/1.1" 404 1089
192.168.10.96 - - [12/Apr/2019:11:04:05 -0300] "GET /cormun/static/Shared/jqueryui/images/ui-bg_flat_55_fafafa_40x100.png HTTP/1.1" 404 1097
192.168.10.96 - - [12/Apr/2019:11:04:05 -0300] "POST /cormun/servlet/trsolicitudot?255dbb5d1843e272a9489b97b3ebb733,,gx-no-cache=1555084643478 HTTP/1.1" 200 5905
190.171.153.50 - - [12/Apr/2019:11:04:07 -0300] "GET /cormun/servlet/prcontratosol?12365982,,,,,MD,,gxPopupLevel%3D0%3B HTTP/1.1" 200 8250
200.54.107.2 - - [12/Apr/2019:11:04:10 -0300] "POST /cormun/servlet/trautorizarsolicitud?6c338781df7e0cf6ffbba7f94e9986d1,,gx-no-cache=1555077627882 HTTP/1.1" 200 4477
190.171.153.50 - - [12/Apr/2019:11:04:11 -0300] "POST /cormun/servlet/solicitudot?gx-no-cache=1555077629482 HTTP/1.1" 200 1332
190.171.153.50 - - [12/Apr/2019:11:04:11 -0300] "POST /cormun/servlet/solicitudot?gx-no-cache=1555077629513 HTTP/1.1" 200 41
190.171.153.50 - - [12/Apr/2019:11:04:11 -0300] "GET /cormun/servlet/solicitudot?a8667ff929c82d6e74a15caba99883fb79de5e1b725a4c8646180b165b204fafa66a8f25aa50ef602713e3bb8f9a92aa63f52255f7b5412518b46c64122c4cc7a3126e0050ff8e47cc21bc8cb9392e611bddfd935da689c8357063cf936150cf7964ae92935f3516a7e23ddab95fb1b3,gx-no-cache=1555077629532 HTTP/1.1" 200 110
190.171.153.50 - - [12/Apr/2019:11:04:11 -0300] "POST /cormun/servlet/solicitudot?gx-no-cache=1555077629554 HTTP/1.1" 200 97
190.171.153.50 - - [12/Apr/2019:11:04:11 -0300] "GET /cormun/servlet/solicitudot?a8667ff929c82d6e74a15caba99883fb1d2566a634a801c0a1dbd66089412d8cbd35eeafc0ed511f0a1e5c88f544e680,gx-no-cache=1555077629588 HTTP/1.1" 200 134
192.168.10.96 - - [12/Apr/2019:11:04:15 -0300] "GET /cormun/servlet/trautorizarsolicitud? HTTP/1.1" 200 8796
192.168.10.96 - - [12/Apr/2019:11:04:16 -0300] "GET /cormun/servlet/trautorizarsolicitud? HTTP/1.1" 200 8796
192.168.10.96 - - [12/Apr/2019:11:04:18 -0300] "POST /cormun/servlet/trautorizarsolicitud?255dbb5d1843e272a9489b97b3ebb733,,gx-no-cache=1555084656228 HTTP/1.1" 200 4701
192.168.10.96 - - [12/Apr/2019:11:04:18 -0300] "GET /cormun/static/Shared/jqueryui/images/ui-bg_highlight-soft_100_c6c2c8_1x100.png HTTP/1.1" 404 1117
192.168.10.96 - - [12/Apr/2019:11:04:18 -0300] "GET /cormun/static/Shared/jqueryui/images/ui-icons_82798d_256x240.png HTTP/1.1" 404 1089
192.168.10.96 - - [12/Apr/2019:11:04:18 -0300] "GET /cormun/static/Shared/jqueryui/images/ui-icons_8d78a5_256x240.png HTTP/1.1" 404 1089
192.168.10.96 - - [12/Apr/2019:11:04:18 -0300] "GET /cormun/static/Shared/jqueryui/images/ui-bg_flat_55_fafafa_40x100.png HTTP/1.1" 404 1097
192.168.10.96 - - [12/Apr/2019:11:04:18 -0300] "POST /cormun/servlet/trautorizarsolicitud?255dbb5d1843e272a9489b97b3ebb733,,gx-no-cache=1555084656428 HTTP/1.1" 200 4471
192.168.10.96 - - [12/Apr/2019:11:04:27 -0300] "GET /cormun/servlet/hlogin HTTP/1.1" 200 1743
200.54.107.2 - - [12/Apr/2019:11:04:29 -0300] "POST /cormun/servlet/trautorizarsolicitud?6c338781df7e0cf6ffbba7f94e9986d1,,gx-no-cache=1555077646851 HTTP/1.1" 200 5860
192.168.10.96 - - [12/Apr/2019:11:04:36 -0300] "POST /cormun/servlet/hlogin?255dbb5d1843e272a9489b97b3ebb733,gx-no-cache=1555084674370 HTTP/1.1" 200 90
192.168.10.96 - - [12/Apr/2019:11:04:36 -0300] "GET /cormun/servlet/hpexe_link HTTP/1.1" 200 952
192.168.10.96 - - [12/Apr/2019:11:04:36 -0300] "GET /cormun/servlet/hhome HTTP/1.1" 200 4773
190.171.153.50 - - [12/Apr/2019:11:04:37 -0300] "GET /cormun/servlet/solicitudot?a8667ff929c82d6e74a15caba99883fba3ea0d49f537a2ac9cdb07b0d520d652bd35eeafc0ed511f0a1e5c88f544e680,gx-no-cache=1555077655424 HTTP/1.1" 200 30
192.168.10.96 - - [12/Apr/2019:11:04:37 -0300] "GET /cormun/servlet/hhome HTTP/1.1" 200 4769
192.168.10.96 - - [12/Apr/2019:11:04:39 -0300] "GET /cormun/servlet/trsolicitudgral? HTTP/1.1" 200 10653
192.168.10.96 - - [12/Apr/2019:11:04:39 -0300] "GET /cormun/servlet/trsolicitudgral? HTTP/1.1" 200 10650
192.168.10.96 - - [12/Apr/2019:11:04:43 -0300] "POST /cormun/servlet/trsolicitudgral?255dbb5d1843e272a9489b97b3ebb733,,gx-no-cache=1555084681411 HTTP/1.1" 200 7321
192.168.10.96 - - [12/Apr/2019:11:04:51 -0300] "POST /cormun/servlet/trsolicitudgral?255dbb5d1843e272a9489b97b3ebb733,,gx-no-cache=1555084688611 HTTP/1.1" 200 6167
192.168.10.96 - - [12/Apr/2019:11:04:51 -0300] "GET /cormun/static/Shared/jqueryui/images/ui-icons_82798d_256x240.png HTTP/1.1" 404 1089
192.168.10.96 - - [12/Apr/2019:11:04:51 -0300] "GET /cormun/static/Shared/jqueryui/images/ui-bg_highlight-soft_100_c6c2c8_1x100.png HTTP/1.1" 404 1117
192.168.10.96 - - [12/Apr/2019:11:04:51 -0300] "GET /cormun/static/Shared/jqueryui/images/ui-bg_flat_55_fafafa_40x100.png HTTP/1.1" 404 1097
192.168.10.96 - - [12/Apr/2019:11:04:51 -0300] "GET /cormun/static/Shared/jqueryui/images/ui-icons_8d78a5_256x240.png HTTP/1.1" 404 1089
190.171.153.50 - - [12/Apr/2019:11:05:17 -0300] "POST /cormun/servlet/solicitudot?77b6716844f5776a24119cf1ea1f4906,INS,0,0,,gx-no-cache=1555077695596 HTTP/1.1" 200 93
190.171.153.50 - - [12/Apr/2019:11:05:17 -0300] "GET /cormun/servlet/hpexe_return? HTTP/1.1" 200 1009
190.171.153.50 - - [12/Apr/2019:11:05:17 -0300] "GET /cormun/servlet/trsolicitudot HTTP/1.1" 200 9417
190.171.153.50 - - [12/Apr/2019:11:05:17 -0300] "GET /cormun/servlet/trsolicitudot HTTP/1.1" 200 9413
190.171.153.50 - - [12/Apr/2019:11:05:22 -0300] "GET /cormun/servlet/solicitudot?INS,0,0, HTTP/1.1" 200 15244
190.171.153.50 - - [12/Apr/2019:11:05:22 -0300] "GET /cormun/servlet/solicitudot?INS,0,0, HTTP/1.1" 200 15250
190.171.153.50 - - [12/Apr/2019:11:05:29 -0300] "POST /cormun/servlet/solicitudot?gx-no-cache=1555077707276 HTTP/1.1" 200 3546
190.171.153.50 - - [12/Apr/2019:11:05:29 -0300] "POST /cormun/servlet/solicitudot?77b6716844f5776a24119cf1ea1f4906,INS,0,0,,gx-no-cache=1555077707605 HTTP/1.1" 200 11996
190.171.153.50 - - [12/Apr/2019:11:05:32 -0300] "GET /cormun/servlet/solicitudot?a8667ff929c82d6e74a15caba99883fb8c2c54f4587d91e4a3bdcf689039fd12d5b2cddf5bf1052f8b6d67d02ac96429,gx-no-cache=1555077710855 HTTP/1.1" 200 30
190.171.153.50 - - [12/Apr/2019:11:05:32 -0300] "GET /cormun/servlet/solicitudot?a8667ff929c82d6e74a15caba99883fb885dca54075c2de723f5563cf48b82ba00346798912f00c3e82ec67714703eec9e27b252f519b39f3e748aa75ac763ca,gx-no-cache=1555077710901 HTTP/1.1" 200 30
190.171.153.50 - - [12/Apr/2019:11:05:32 -0300] "GET /cormun/servlet/solicitudot?a8667ff929c82d6e74a15caba99883fbe4dc8f2d282542b6fc40d4669154f087,gx-no-cache=1555077710928 HTTP/1.1" 200 123
190.171.153.50 - - [12/Apr/2019:11:05:32 -0300] "GET /cormun/static/Shared/jqueryui/images/ui-bg_highlight-soft_100_c6c2c8_1x100.png HTTP/1.1" 404 1117
190.171.153.50 - - [12/Apr/2019:11:05:32 -0300] "GET /cormun/static/Shared/jqueryui/images/ui-icons_82798d_256x240.png HTTP/1.1" 404 1089
190.171.153.50 - - [12/Apr/2019:11:05:32 -0300] "GET /cormun/static/Shared/jqueryui/images/ui-bg_flat_55_994d53_40x100.png HTTP/1.1" 404 1097
190.171.153.50 - - [12/Apr/2019:11:05:32 -0300] "GET /cormun/static/Shared/jqueryui/images/ui-icons_ebccce_256x240.png HTTP/1.1" 404 1089
190.171.153.50 - - [12/Apr/2019:11:05:32 -0300] "POST /cormun/servlet/solicitudot?gx-no-cache=1555077711034 HTTP/1.1" 200 255
190.171.153.50 - - [12/Apr/2019:11:05:32 -0300] "GET /cormun/servlet/solicitudot?a8667ff929c82d6e74a15caba99883fbd7c38651dd1d325fc556b96d784b6371a7a16ded74a01fd84145bd243e9b5fa73b04bb58a4a524380d66cec72a453bf4fb4d0615b41692dc45ba092d77aa284035eb4994d84088369cb1c80f8654483ae89543797fcdceeb6bd1c0ea89dc8baf945057ab9ac7a8b33967a79f608244aed6b893a6be93f83a1690f7e3682bfd7585a697df30b7f1741fc87531b24b7e29650a30a78bbdffc215a82938f144555eaa92431710889b1f86fb40eec92e3e80b025edb0fe0bdfefa274927322dc99f495062d6e41a7b40643d59dae3602ada1218242b74923149b8a47177bcafe4187bca3b2ad4ff8ee586982af239a1e6c04254717fd5ed12e6a9b33a242e9f814a4edc3c8c7dcc50cfb4d89fe4090c00e1482e1cc73f7f468ca9ac5d076c8fa72d63dbddafa62c72cb40a7d4da0df7a46c021f456d288f4de7aa4bb8fe1599ec59175a609d1c0735eb0e720fa8a87bac9556c64a1d4f7cd4b20b76a5f6f0e28a47322a8cbe228beeff7a5f8484474dfc52f,gx-no-cache=1555077711076 HTTP/1.1" 200 30
190.171.153.50 - - [12/Apr/2019:11:05:34 -0300] "POST /cormun/servlet/solicitudot?gx-no-cache=1555077712912 HTTP/1.1" 200 30
190.171.153.50 - - [12/Apr/2019:11:05:46 -0300] "GET /cormun/servlet/prcontratosol?12365982,,,,,MD,,gxPopupLevel%3D0%3B HTTP/1.1" 200 8250
190.171.153.50 - - [12/Apr/2019:11:05:48 -0300] "POST /cormun/servlet/solicitudot?gx-no-cache=1555077726741 HTTP/1.1" 200 256
190.171.153.50 - - [12/Apr/2019:11:05:48 -0300] "GET /cormun/servlet/solicitudot?a8667ff929c82d6e74a15caba99883fbd7c38651dd1d325fc556b96d784b6371a7a16ded74a01fd84145bd243e9b5fa73b04bb58a4a524380d66cec72a453bf4fb4d0615b41692dc45ba092d77aa284035eb4994d84088369cb1c80f8654483ae89543797fcdceeb6bd1c0ea89dc8baf945057ab9ac7a8b33967a79f608244aed6b893a6be93f83a1690f7e3682bfd7585a697df30b7f1741fc87531b24b7e29650a30a78bbdffc215a82938f144555eaa92431710889b1f86fb40eec92e3e80b025edb0fe0bdfefa274927322dc99f495062d6e41a7b40643d59dae3602ada1218242b74923149b8a47177bcafe4187bca3b2ad4ff8ee586982af239a1e6c04254717fd5ed12e6a9b33a242e9f814a4edc3c8c7dcc50cfb4d89fe4090c00e1482e1cc73f7f468ca9ac5d076c8fa72d63dbddafa62c72cb40a7d4da0df7a46c021f456d288f4de7aa4bb8fe1599ec59175a609d1c0735eb0e720fa8a87bac9556c64a1d4f7cd4b20b76a5f6f0e28a47302db46e75e6905efa31e3c923f3b723c,gx-no-cache=1555077726770 HTTP/1.1" 200 30
190.171.153.50 - - [12/Apr/2019:11:05:48 -0300] "POST /cormun/servlet/solicitudot?gx-no-cache=1555077726794 HTTP/1.1" 200 30
190.171.153.50 - - [12/Apr/2019:11:05:48 -0300] "POST /cormun/servlet/solicitudot?gx-no-cache=1555077726836 HTTP/1.1" 200 1332
190.171.153.50 - - [12/Apr/2019:11:05:48 -0300] "POST /cormun/servlet/solicitudot?gx-no-cache=1555077726907 HTTP/1.1" 200 38
190.171.153.50 - - [12/Apr/2019:11:05:48 -0300] "GET /cormun/servlet/solicitudot?a8667ff929c82d6e74a15caba99883fb79de5e1b725a4c8646180b165b204fafa66a8f25aa50ef602713e3bb8f9a92aa63f52255f7b5412518b46c64122c4cc7a3126e0050ff8e47cc21bc8cb9392e611bddfd935da689c8357063cf936150cf7964ae92935f3516a7e23ddab95fb1b3,gx-no-cache=1555077726937 HTTP/1.1" 200 110
190.171.153.50 - - [12/Apr/2019:11:05:48 -0300] "POST /cormun/servlet/solicitudot?gx-no-cache=1555077726975 HTTP/1.1" 200 97
190.171.153.50 - - [12/Apr/2019:11:05:48 -0300] "GET /cormun/servlet/solicitudot?a8667ff929c82d6e74a15caba99883fb8fa25d8809a75d636e6de4e4cdea58efaefd5279c1ddb6cba1ccc7acaf7442b959d00842312853be1a39c83e731ffc2b6b37a7f869eb195ce26fe3cfaaeed6235616513e471b17f381821514ea66f982e3e8e30b9acefeee869c6e85af761c6f0208d7d9f1ee53b9ea5b6793d8893f829825d0393efb457d1bfd8ca1bee9713e22ca324bf6da97a795e236231ec7d14e,gx-no-cache=1555077727019 HTTP/1.1" 200 29
190.171.153.50 - - [12/Apr/2019:11:05:48 -0300] "GET /cormun/servlet/solicitudot?a8667ff929c82d6e74a15caba99883fb1d2566a634a801c0a1dbd66089412d8cbd35eeafc0ed511f0a1e5c88f544e680,gx-no-cache=1555077727044 HTTP/1.1" 200 134
190.171.153.50 - - [12/Apr/2019:11:05:54 -0300] "POST /cormun/servlet/solicitudot?gx-no-cache=1555077733385 HTTP/1.1" 200 69
190.171.153.50 - - [12/Apr/2019:11:06:01 -0300] "GET /cormun/static/menuarrow.gif HTTP/1.1" 404 1015
190.171.153.50 - - [12/Apr/2019:11:06:06 -0300] "GET /cormun/servlet/solicitudot?a8667ff929c82d6e74a15caba99883fba3ea0d49f537a2ac9cdb07b0d520d652bd35eeafc0ed511f0a1e5c88f544e680,gx-no-cache=1555077745023 HTTP/1.1" 200 30
190.171.153.50 - - [12/Apr/2019:11:06:11 -0300] "POST /cormun/servlet/solicitudot?gx-no-cache=1555077749463 HTTP/1.1" 200 33
190.171.153.50 - - [12/Apr/2019:11:06:16 -0300] "POST /cormun/servlet/solicitudot?77b6716844f5776a24119cf1ea1f4906,INS,0,0,,gx-no-cache=1555077754620 HTTP/1.1" 200 12346
200.54.107.2 - - [12/Apr/2019:11:06:21 -0300] "GET /cormun/servlet/trpermisosgoce? HTTP/1.1" 200 9096
200.54.107.2 - - [12/Apr/2019:11:06:22 -0300] "GET /cormun/servlet/trpermisosgoce? HTTP/1.1" 200 9094
190.171.153.50 - - [12/Apr/2019:11:06:26 -0300] "GET /cormun/servlet/prbanco?,MD,,gxPopupLevel%3D0%3B HTTP/1.1" 200 6740
190.171.153.50 - - [12/Apr/2019:11:06:26 -0300] "GET /cormun/static/gxcfg.js?20181161016094 HTTP/1.1" 200 953
190.171.153.50 - - [12/Apr/2019:11:06:26 -0300] "GET /cormun/static/prbanco.js?2018116101633 HTTP/1.1" 200 10693
190.171.153.50 - - [12/Apr/2019:11:06:37 -0300] "GET /cormun/servlet/solicitudot?a8667ff929c82d6e74a15caba99883fbc0ac09f5550e335ef28c429a2cd26db5,gx-no-cache=1555077775750 HTTP/1.1" 200 29
190.171.153.50 - - [12/Apr/2019:11:06:37 -0300] "POST /cormun/servlet/solicitudot?gx-no-cache=1555077775788 HTTP/1.1" 200 256
190.171.153.50 - - [12/Apr/2019:11:06:37 -0300] "GET /cormun/servlet/solicitudot?a8667ff929c82d6e74a15caba99883fbd7c38651dd1d325fc556b96d784b6371a7a16ded74a01fd84145bd243e9b5fa73b04bb58a4a524380d66cec72a453bf4fb4d0615b41692dc45ba092d77aa284035eb4994d84088369cb1c80f8654483ae89543797fcdceeb6bd1c0ea89dc8baf945057ab9ac7a8b33967a79f608244aed6b893a6be93f83a1690f7e3682bfd7585a697df30b7f1741fc87531b24b7e29650a30a78bbdffc215a82938f144555eaa92431710889b1f86fb40eec92e3e80b025edb0fe0bdfefa274927322dc99f495062d6e41a7b40643d59dae3602ada1218242b74923149b8a47177bcafe4187bca3b2ad4ff8ee586982af239a1e6c04254717fd5ed12e6a9b33a242e9f814a4edc3c8c7dcc50cfb4d89fe4090c00e1482e1cc73f7f468ca9ac5d076c8fa72d63dbddafa62c72cb40a7d4da0df7a46c021f456d288f4de7aa4bb8fe1599ec59175a609d1c0735eb0e720fa8a87bac9556c64a1d4f7cd4b20b76a5f6f0e28a47302db46e75e6905efa31e3c923f3b723c,gx-no-cache=1555077775832 HTTP/1.1" 200 30
190.171.153.50 - - [12/Apr/2019:11:06:37 -0300] "POST /cormun/servlet/solicitudot?gx-no-cache=1555077775854 HTTP/1.1" 200 30
190.171.153.50 - - [12/Apr/2019:11:06:37 -0300] "POST /cormun/servlet/solicitudot?gx-no-cache=1555077775885 HTTP/1.1" 200 1332
190.171.153.50 - - [12/Apr/2019:11:06:37 -0300] "POST /cormun/servlet/solicitudot?gx-no-cache=1555077775936 HTTP/1.1" 200 41
190.171.153.50 - - [12/Apr/2019:11:06:37 -0300] "GET /cormun/servlet/solicitudot?a8667ff929c82d6e74a15caba99883fb79de5e1b725a4c8646180b165b204fafa66a8f25aa50ef602713e3bb8f9a92aa63f52255f7b5412518b46c64122c4cc7a3126e0050ff8e47cc21bc8cb9392e611bddfd935da689c8357063cf936150cf7964ae92935f3516a7e23ddab95fb1b3,gx-no-cache=1555077775958 HTTP/1.1" 200 110
190.171.153.50 - - [12/Apr/2019:11:06:41 -0300] "POST /cormun/servlet/solicitudot?gx-no-cache=1555077780298 HTTP/1.1" 200 76
190.171.153.50 - - [12/Apr/2019:11:06:47 -0300] "GET /cormun/servlet/solicitudot?a8667ff929c82d6e74a15caba99883fba3ea0d49f537a2ac9cdb07b0d520d652bd35eeafc0ed511f0a1e5c88f544e680,gx-no-cache=1555077785680 HTTP/1.1" 200 30
190.171.153.50 - - [12/Apr/2019:11:06:47 -0300] "POST /cormun/servlet/solicitudot?gx-no-cache=1555077785704 HTTP/1.1" 200 33
190.171.153.50 - - [12/Apr/2019:11:06:47 -0300] "POST /cormun/servlet/solicitudot?77b6716844f5776a24119cf1ea1f4906,INS,0,0,,gx-no-cache=1555077785776 HTTP/1.1" 200 93
190.171.153.50 - - [12/Apr/2019:11:06:47 -0300] "GET /cormun/servlet/hpexe_return? HTTP/1.1" 200 1009
190.171.153.50 - - [12/Apr/2019:11:06:47 -0300] "GET /cormun/servlet/trsolicitudot HTTP/1.1" 200 9769
190.171.153.50 - - [12/Apr/2019:11:06:48 -0300] "GET /cormun/servlet/trsolicitudot HTTP/1.1" 200 9767
190.171.153.50 - - [12/Apr/2019:11:06:51 -0300] "GET /cormun/servlet/solicitudot?INS,0,0, HTTP/1.1" 200 15243
190.171.153.50 - - [12/Apr/2019:11:06:51 -0300] "GET /cormun/servlet/solicitudot?INS,0,0, HTTP/1.1" 200 15249
190.171.141.106 - - [12/Apr/2019:11:07:01 -0300] "POST /cormun/servlet/trsolicitudot?5445d2396f346f3fa4c79f84333701f4,gx-no-cache=1555074196402 HTTP/1.1" 200 4543
190.171.141.106 - - [12/Apr/2019:11:07:01 -0300] "GET /cormun/static/Shared/jqueryui/images/ui-icons_8d78a5_256x240.png HTTP/1.1" 404 1089
190.171.141.106 - - [12/Apr/2019:11:07:01 -0300] "GET /cormun/static/Shared/jqueryui/images/ui-bg_highlight-soft_100_c6c2c8_1x100.png HTTP/1.1" 404 1117
190.171.141.106 - - [12/Apr/2019:11:07:01 -0300] "GET /cormun/static/Shared/jqueryui/images/ui-bg_flat_55_fafafa_40x100.png HTTP/1.1" 404 1097
190.171.141.106 - - [12/Apr/2019:11:07:01 -0300] "GET /cormun/static/Shared/jqueryui/images/ui-icons_82798d_256x240.png HTTP/1.1" 404 1089
190.171.141.106 - - [12/Apr/2019:11:07:02 -0300] "POST /cormun/servlet/trsolicitudot?5445d2396f346f3fa4c79f84333701f4,gx-no-cache=1555074196876 HTTP/1.1" 200 4317
190.171.153.50 - - [12/Apr/2019:11:07:09 -0300] "POST /cormun/servlet/solicitudot?gx-no-cache=1555077807801 HTTP/1.1" 200 3540
190.171.153.50 - - [12/Apr/2019:11:07:09 -0300] "POST /cormun/servlet/solicitudot?77b6716844f5776a24119cf1ea1f4906,INS,0,0,,gx-no-cache=1555077807990 HTTP/1.1" 200 11986
190.171.153.50 - - [12/Apr/2019:11:07:13 -0300] "GET /cormun/servlet/solicitudot?a8667ff929c82d6e74a15caba99883fb7f79d5183964aafb277a6d332c036d459809cd7f376a6a96035ff5928e3e721f,gx-no-cache=1555077812138 HTTP/1.1" 200 30
200.54.107.2 - - [12/Apr/2019:11:07:33 -0300] "GET /cormun/servlet/trpermisosgoce? HTTP/1.1" 200 9094
200.54.107.2 - - [12/Apr/2019:11:07:34 -0300] "GET /cormun/servlet/trpermisosgoce? HTTP/1.1" 200 9094
200.54.107.2 - - [12/Apr/2019:11:07:36 -0300] "GET /cormun/servlet/permisogoce?INS,0,,, HTTP/1.1" 200 7172
200.54.107.2 - - [12/Apr/2019:11:07:37 -0300] "GET /cormun/servlet/permisogoce?INS,0,,, HTTP/1.1" 200 7171
190.171.153.50 - - [12/Apr/2019:11:08:13 -0300] "GET /cormun/servlet/solicitudot?a8667ff929c82d6e74a15caba99883fb0948651d3b7217691a14cfe5549fbeaff2a8f4b9ed0b024895639d5b15eedc81d5b2cddf5bf1052f8b6d67d02ac96429,gx-no-cache=1555077871698 HTTP/1.1" 200 30
190.171.153.50 - - [12/Apr/2019:11:08:13 -0300] "GET /cormun/servlet/solicitudot?a8667ff929c82d6e74a15caba99883fbd8ebd690f31d84f48966a8b471bd9305,gx-no-cache=1555077871746 HTTP/1.1" 200 51
190.171.153.50 - - [12/Apr/2019:11:08:13 -0300] "POST /cormun/servlet/solicitudot?gx-no-cache=1555077871786 HTTP/1.1" 200 255
190.171.153.50 - - [12/Apr/2019:11:08:13 -0300] "GET /cormun/servlet/solicitudot?a8667ff929c82d6e74a15caba99883fbd7c38651dd1d325fc556b96d784b6371a7a16ded74a01fd84145bd243e9b5fa73b04bb58a4a524380d66cec72a453bf4fb4d0615b41692dc45ba092d77aa284035eb4994d84088369cb1c80f8654483ae89543797fcdceeb6bd1c0ea89dc8baf945057ab9ac7a8b33967a79f608244aed6b893a6be93f83a1690f7e3682bfd7585a697df30b7f1741fc87531b24b7e29650a30a78bbdffc215a82938f144555eaa92431710889b1f86fb40eec92e3e80b025edb0fe0bdfefa274927322dc99f495062d6e41a7b40643d59dae3602ada1218242b74923149b8a47177bcafe4187bca3b2ad4ff8ee586982af239a1e6c04254717fd5ed12e6a9b33a242e9f814a4edc3c8c7dcc50cfb4d89fe4090c00e1482e1cc73f7f468ca9ac5d076c8fa72d63dbddafa62c72cb40a7d4da0df7a46c021f456d288f4de7aa4bb8fe1599ec59175a609d1c0735eb0e720fa8a87bac9556c64a1d4f7cd4b20b76a5f6f0e28a47322a8cbe228beeff7a5f8484474dfc52f,gx-no-cache=1555077871820 HTTP/1.1" 200 30
190.171.141.106 - - [12/Apr/2019:11:08:13 -0300] "GET /cormun/servlet/hlogin HTTP/1.1" 200 1725
190.171.153.50 - - [12/Apr/2019:11:08:15 -0300] "POST /cormun/servlet/solicitudot?gx-no-cache=1555077874448 HTTP/1.1" 200 30
190.171.153.50 - - [12/Apr/2019:11:08:18 -0300] "GET /cormun/servlet/prcontratosol?9189399,,,,,MD,,gxPopupLevel%3D0%3B HTTP/1.1" 200 8248
190.171.141.106 - - [12/Apr/2019:11:08:18 -0300] "GET /cormun/static/messages.spa.js?85251 HTTP/1.1" 304 -
