200.111.191.210 - - [11/Apr/2019:16:49:48 -0300] "GET /cormun/servlet/hhome HTTP/1.1" 200 4027
200.111.191.210 - - [11/Apr/2019:16:49:51 -0300] "GET /cormun/servlet/trsolicitudot? HTTP/1.1" 200 7247
200.111.191.210 - - [11/Apr/2019:16:49:51 -0300] "GET /cormun/servlet/trsolicitudot? HTTP/1.1" 200 7246
200.111.191.210 - - [11/Apr/2019:16:54:01 -0300] "GET /cormun/servlet/solicitudot?INS,0,0, HTTP/1.1" 200 14919
200.111.191.210 - - [11/Apr/2019:16:54:01 -0300] "GET /cormun/servlet/solicitudot?INS,0,0, HTTP/1.1" 200 14924
200.111.191.210 - - [11/Apr/2019:16:54:05 -0300] "POST /cormun/servlet/solicitudot?gx-no-cache=1555012280551 HTTP/1.1" 200 3450
200.111.191.210 - - [11/Apr/2019:16:54:06 -0300] "POST /cormun/servlet/solicitudot?2c024061194e1024a445ad9791526c07,INS,0,0,,gx-no-cache=1555012280719 HTTP/1.1" 200 11685
200.111.191.210 - - [11/Apr/2019:16:54:06 -0300] "GET /cormun/servlet/solicitudot?6f71459b2481548b5dbac9f184f7d9a38d8ab7758a003d1e139b91a12b39d5d34dd4a94171c3aef64ed1aacc3dd29fbf,gx-no-cache=1555012281707 HTTP/1.1" 200 30
190.171.141.114 - - [11/Apr/2019:16:54:30 -0300] "GET /cormun/servlet/hlogin HTTP/1.1" 200 1720
190.171.141.114 - - [11/Apr/2019:16:54:39 -0300] "POST /cormun/servlet/hlogin?9bf885cec0b01436f4421b90e33343b8,gx-no-cache=1555012256774 HTTP/1.1" 200 90
190.171.141.114 - - [11/Apr/2019:16:54:39 -0300] "GET /cormun/servlet/hpexe_link HTTP/1.1" 200 951
190.171.141.114 - - [11/Apr/2019:16:54:39 -0300] "GET /cormun/servlet/hhome HTTP/1.1" 200 4057
190.171.141.114 - - [11/Apr/2019:16:54:42 -0300] "GET /cormun/servlet/hhome HTTP/1.1" 200 4053
190.171.152.138 - - [11/Apr/2019:16:54:44 -0300] "GET /cormun/servlet/hhome HTTP/1.1" 200 3420
190.171.141.114 - - [11/Apr/2019:16:54:44 -0300] "GET /cormun/servlet/trsolicitudot? HTTP/1.1" 200 8656
190.171.152.138 - - [11/Apr/2019:16:54:44 -0300] "GET /cormun/servlet/hlogin HTTP/1.1" 200 1733
190.171.152.138 - - [11/Apr/2019:16:54:44 -0300] "GET /cormun/servlet/hhome HTTP/1.1" 200 3430
190.171.141.114 - - [11/Apr/2019:16:54:46 -0300] "GET /cormun/servlet/trsolicitudot? HTTP/1.1" 200 8651
190.171.141.114 - - [11/Apr/2019:16:54:49 -0300] "POST /cormun/servlet/trsolicitudot?9bf885cec0b01436f4421b90e33343b8,,gx-no-cache=1555012267420 HTTP/1.1" 200 107
190.171.141.114 - - [11/Apr/2019:16:54:50 -0300] "GET /cormun/servlet/trsolicitudadjuntos?2019,15213, HTTP/1.1" 200 9684
190.171.141.114 - - [11/Apr/2019:16:54:52 -0300] "GET /cormun/servlet/trsolicitudadjuntos?2019,15213, HTTP/1.1" 200 9685
190.171.141.114 - - [11/Apr/2019:16:54:54 -0300] "GET /cormun/servlet/solicitudotadjuntos?INS,2019,15213,,1, HTTP/1.1" 200 6106
190.171.141.114 - - [11/Apr/2019:16:54:55 -0300] "GET /cormun/static/about:blank HTTP/1.1" 404 1011
190.171.141.114 - - [11/Apr/2019:16:54:55 -0300] "GET /cormun/servlet/solicitudotadjuntos?INS,2019,15213,,1, HTTP/1.1" 200 6100
190.171.141.114 - - [11/Apr/2019:16:54:56 -0300] "GET /cormun/servlet/solicitudotadjuntos?6836fd73645b9ade50bf5d5d339c60618e8dc409e92e06f3e8c0f6fe85142fd4c6d3d33d875812260a45455c6f0d7b2f,gx-no-cache=1555012274007 HTTP/1.1" 200 30
190.171.141.114 - - [11/Apr/2019:16:54:56 -0300] "POST /cormun/servlet/solicitudotadjuntos?9bf885cec0b01436f4421b90e33343b8,INS,2019,15213,,1,,gx-no-cache=1555012274059 HTTP/1.1" 200 3852
190.171.141.114 - - [11/Apr/2019:16:54:59 -0300] "POST /cormun/servlet/solicitudotadjuntos?gx-no-cache=1555012277096 HTTP/1.1" 200 26
190.171.152.138 - - [11/Apr/2019:16:55:01 -0300] "POST /cormun/servlet/hlogin?5d918a7a808192f483f5ca213ae185ca,gx-no-cache=1555012270820 HTTP/1.1" 200 90
190.171.152.138 - - [11/Apr/2019:16:55:01 -0300] "GET /cormun/servlet/hpexe_link HTTP/1.1" 200 950
190.171.152.138 - - [11/Apr/2019:16:55:01 -0300] "GET /cormun/servlet/hhome HTTP/1.1" 200 3954
190.171.152.138 - - [11/Apr/2019:16:55:02 -0300] "GET /cormun/servlet/hhome HTTP/1.1" 200 3950
200.111.191.210 - - [11/Apr/2019:16:55:04 -0300] "GET /cormun/servlet/solicitudot?6f71459b2481548b5dbac9f184f7d9a3e40a1c508b28af26a5970f3e3067e717308b0f40d0d30bc4da1f488663a2993996111aa70561ade4f53315371b0d4578,gx-no-cache=1555012339556 HTTP/1.1" 200 30
190.171.141.114 - - [11/Apr/2019:16:55:06 -0300] "GET /cormun/servlet/solicitudotadjuntos?6836fd73645b9ade50bf5d5d339c6061147a48c465ba0520bb507442b3847559,gx-no-cache=1555012284120 HTTP/1.1" 200 30
190.171.141.114 - - [11/Apr/2019:16:55:06 -0300] "GET /cormun/servlet/solicitudotadjuntos?6836fd73645b9ade50bf5d5d339c6061147a48c465ba0520bb507442b3847559,gx-no-cache=1555012284226 HTTP/1.1" 200 30
190.171.141.114 - - [11/Apr/2019:16:55:06 -0300] "POST /cormun/servlet/solicitudotadjuntos?9bf885cec0b01436f4421b90e33343b8,INS,2019,15213,,1, HTTP/1.1" 200 116
190.171.141.114 - - [11/Apr/2019:16:55:07 -0300] "GET /cormun/servlet/hpexe_return? HTTP/1.1" 200 1026
190.171.141.114 - - [11/Apr/2019:16:55:07 -0300] "GET /cormun/servlet/trsolicitudadjuntos?2019,15213, HTTP/1.1" 200 9955
190.171.152.138 - - [11/Apr/2019:16:55:08 -0300] "GET /cormun/servlet/trlicencias? HTTP/1.1" 200 10971
200.111.191.210 - - [11/Apr/2019:16:55:09 -0300] "GET /cormun/servlet/prbanco?,MD,,gxPopupLevel%3D0%3B HTTP/1.1" 200 6607
200.111.191.210 - - [11/Apr/2019:16:55:09 -0300] "GET /cormun/static/gxcfg.js?20181161016094 HTTP/1.1" 200 953
200.111.191.210 - - [11/Apr/2019:16:55:09 -0300] "GET /cormun/static/prbanco.js?2018116101633 HTTP/1.1" 200 10693
190.171.141.114 - - [11/Apr/2019:16:55:09 -0300] "GET /cormun/servlet/trsolicitudadjuntos?2019,15213, HTTP/1.1" 200 9949
190.171.152.138 - - [11/Apr/2019:16:55:09 -0300] "GET /cormun/servlet/trlicencias? HTTP/1.1" 200 10969
200.111.191.210 - - [11/Apr/2019:16:55:12 -0300] "GET /cormun/servlet/solicitudot?6f71459b2481548b5dbac9f184f7d9a3ba4864dd0136fb6b31c57941e9eb7f69,gx-no-cache=1555012347632 HTTP/1.1" 200 53
190.171.141.114 - - [11/Apr/2019:16:55:14 -0300] "POST /cormun/servlet/trsolicitudadjuntos?9bf885cec0b01436f4421b90e33343b8,2019,15213,,gx-no-cache=1555012292095 HTTP/1.1" 200 90
190.171.141.114 - - [11/Apr/2019:16:55:14 -0300] "GET /cormun/servlet/hpexe_link HTTP/1.1" 200 969
190.171.141.114 - - [11/Apr/2019:16:55:14 -0300] "GET /cormun/servlet/trsolicitudot HTTP/1.1" 200 8652
190.171.141.114 - - [11/Apr/2019:16:55:16 -0300] "GET /cormun/servlet/trsolicitudot HTTP/1.1" 200 8651
200.111.191.210 - - [11/Apr/2019:16:55:20 -0300] "POST /cormun/servlet/solicitudot?gx-no-cache=1555012355068 HTTP/1.1" 200 297
190.171.141.114 - - [11/Apr/2019:16:55:21 -0300] "POST /cormun/servlet/trsolicitudot?9bf885cec0b01436f4421b90e33343b8,gx-no-cache=1555012298813 HTTP/1.1" 200 4552
190.171.141.114 - - [11/Apr/2019:16:55:21 -0300] "GET /cormun/static/Shared/jqueryui/images/ui-bg_highlight-soft_100_c6c2c8_1x100.png HTTP/1.1" 404 1117
190.171.141.114 - - [11/Apr/2019:16:55:21 -0300] "GET /cormun/static/Shared/jqueryui/images/ui-icons_82798d_256x240.png HTTP/1.1" 404 1089
190.171.141.114 - - [11/Apr/2019:16:55:21 -0300] "GET /cormun/static/Shared/jqueryui/images/ui-bg_flat_55_fafafa_40x100.png HTTP/1.1" 404 1097
190.171.141.114 - - [11/Apr/2019:16:55:21 -0300] "GET /cormun/static/Shared/jqueryui/images/ui-icons_8d78a5_256x240.png HTTP/1.1" 404 1089
190.171.141.114 - - [11/Apr/2019:16:55:21 -0300] "POST /cormun/servlet/trsolicitudot?9bf885cec0b01436f4421b90e33343b8,gx-no-cache=1555012299264 HTTP/1.1" 200 4310
200.111.191.210 - - [11/Apr/2019:16:55:24 -0300] "GET /cormun/servlet/solicitudot?6f71459b2481548b5dbac9f184f7d9a395e185ea9d928dc526b7aab90e899ea0f174a57529e0ff4c5ce0e0ada2c81dc2310a781cbb4809aa04fc03f904e5f6a11900dd30f82e9a0ac310850c244da288121e442526984b3ec690e5572d8492e94d236132abc8907af2f1a5ed5391551213f4aae3c1003436b7f7ffc577c55157dfc238ac166799111521866297d51baedef848adb8e5191e97d2a41ed67baa3f31ef832cc1c97e72e24c3754b25efa097edd2b98600ab8ca763e1d6064b8b1a60cc22f78fa1bec9a9e084df50848940ed442ddb256f8a269fa161d0d14df44dcc43a32b63c3d43bd459218a117a3ef5ef079d5d390a2798862faaf5eaa3e635ac939f7c1074edf868f7cf08328f1c9201d1a5a97f39ce28ebc2880f93ceaa080673a4b25eb26c9acc8e515cdbda89657000f5795e1a153fe9da915a063b8be081d5248c60c785cc3ce9b6696feb74964a8525aa8c2d6ce4351e8d6590366d487c8200fe7a55d9ec0dec8c171b49c6e10b7bb2ef5e1eea3fa26f9545cb3d5eb8721c8de946039033ede1ccadbbce1533d,gx-no-cache=1555012358851 HTTP/1.1" 200 30
200.111.191.210 - - [11/Apr/2019:16:55:25 -0300] "POST /cormun/servlet/solicitudot?gx-no-cache=1555012360316 HTTP/1.1" 200 30
200.111.191.210 - - [11/Apr/2019:16:55:26 -0300] "POST /cormun/servlet/solicitudot?gx-no-cache=1555012361623 HTTP/1.1" 200 1328
200.111.191.210 - - [11/Apr/2019:16:55:26 -0300] "POST /cormun/servlet/solicitudot?gx-no-cache=1555012361649 HTTP/1.1" 200 38
190.171.141.114 - - [11/Apr/2019:16:55:31 -0300] "GET /cormun/servlet/hlogin HTTP/1.1" 200 1720
200.111.191.210 - - [11/Apr/2019:16:55:35 -0300] "GET /cormun/servlet/solicitudot?6f71459b2481548b5dbac9f184f7d9a3be12c14e2bb08da44b3b673f7a4477e1f1b8a2e5565fcf86a0cadcc5ebe22b9b56b0ed5223f9df5e8db8f2f348c7e925664f288b4bbef86424e5207b555dc4b57d54b9d1904d0240deaec3990589beb14265440a3077b5630a346c6ee5fa477d,gx-no-cache=1555012370033 HTTP/1.1" 200 110
200.111.191.210 - - [11/Apr/2019:16:55:38 -0300] "POST /cormun/servlet/solicitudot?gx-no-cache=1555012373033 HTTP/1.1" 200 64
200.111.191.210 - - [11/Apr/2019:16:55:38 -0300] "POST /cormun/servlet/solicitudot?gx-no-cache=1555012373338 HTTP/1.1" 200 72
200.111.191.210 - - [11/Apr/2019:16:55:38 -0300] "POST /cormun/servlet/solicitudot?gx-no-cache=1555012373724 HTTP/1.1" 200 67
200.111.191.210 - - [11/Apr/2019:16:55:39 -0300] "POST /cormun/servlet/solicitudot?gx-no-cache=1555012374156 HTTP/1.1" 200 67
200.111.191.210 - - [11/Apr/2019:16:55:39 -0300] "POST /cormun/servlet/solicitudot?gx-no-cache=1555012374813 HTTP/1.1" 200 67
200.111.191.210 - - [11/Apr/2019:16:55:40 -0300] "POST /cormun/servlet/solicitudot?gx-no-cache=1555012375403 HTTP/1.1" 200 67
200.111.191.210 - - [11/Apr/2019:16:55:41 -0300] "POST /cormun/servlet/solicitudot?gx-no-cache=1555012375900 HTTP/1.1" 200 72
190.171.141.114 - - [11/Apr/2019:16:55:43 -0300] "POST /cormun/servlet/hlogin?9bf885cec0b01436f4421b90e33343b8,gx-no-cache=1555012321532 HTTP/1.1" 200 90
190.171.141.114 - - [11/Apr/2019:16:55:43 -0300] "GET /cormun/servlet/hpexe_link HTTP/1.1" 200 951
190.171.141.114 - - [11/Apr/2019:16:55:44 -0300] "GET /cormun/servlet/hhome HTTP/1.1" 200 4293
190.171.141.114 - - [11/Apr/2019:16:55:46 -0300] "GET /cormun/servlet/hhome HTTP/1.1" 200 4289
200.111.191.210 - - [11/Apr/2019:16:55:54 -0300] "GET /cormun/servlet/solicitudot?6f71459b2481548b5dbac9f184f7d9a382af92a2fb10894e4bd13f784d5d3847b264c74dd6336e190c8912178fd85da2006e259ddd236702e1ae70abf7ab98de3fab4e87c4f04d4b638ad6f312d848746507a69c66ed42b5b8c6e566f1fdbd452fb7b667f7003a5baf63db39deabb2b9,gx-no-cache=1555012389418 HTTP/1.1" 200 29
200.111.191.210 - - [11/Apr/2019:16:56:01 -0300] "GET /cormun/servlet/solicitudot?6f71459b2481548b5dbac9f184f7d9a3a0cc2978a87d32d0775d8c4475b81e765fb60057d8c61505f37498e1ad5f6919,gx-no-cache=1555012396428 HTTP/1.1" 200 30
200.111.191.210 - - [11/Apr/2019:16:56:03 -0300] "POST /cormun/servlet/solicitudot?gx-no-cache=1555012397827 HTTP/1.1" 200 30
200.111.191.210 - - [11/Apr/2019:16:56:11 -0300] "POST /cormun/servlet/solicitudot?2c024061194e1024a445ad9791526c07,INS,0,0,,gx-no-cache=1555012405809 HTTP/1.1" 200 93
200.111.191.210 - - [11/Apr/2019:16:56:11 -0300] "GET /cormun/servlet/hpexe_return? HTTP/1.1" 200 1009
200.111.191.210 - - [11/Apr/2019:16:56:11 -0300] "GET /cormun/servlet/trsolicitudot HTTP/1.1" 200 8605
200.111.191.210 - - [11/Apr/2019:16:56:11 -0300] "GET /cormun/servlet/trsolicitudot HTTP/1.1" 200 8601
200.111.191.210 - - [11/Apr/2019:16:56:13 -0300] "POST /cormun/servlet/trsolicitudot?2c024061194e1024a445ad9791526c07,gx-no-cache=1555012408091 HTTP/1.1" 200 107
200.111.191.210 - - [11/Apr/2019:16:56:13 -0300] "GET /cormun/servlet/trsolicitudadjuntos?2019,15269, HTTP/1.1" 200 6135
200.111.191.210 - - [11/Apr/2019:16:56:13 -0300] "GET /cormun/static/gxcfg.js?20177612135366 HTTP/1.1" 200 953
200.111.191.210 - - [11/Apr/2019:16:56:13 -0300] "GET /cormun/static/trsolicitudadjuntos.js?20177612135632 HTTP/1.1" 200 17922
200.111.191.210 - - [11/Apr/2019:16:56:13 -0300] "GET /cormun/servlet/trsolicitudadjuntos?2019,15269, HTTP/1.1" 200 6135
190.171.141.114 - - [11/Apr/2019:16:56:13 -0300] "GET /cormun/servlet/trsolicitudot? HTTP/1.1" 200 7509
200.111.191.210 - - [11/Apr/2019:16:56:15 -0300] "GET /cormun/servlet/solicitudotadjuntos?INS,2019,15269,,1, HTTP/1.1" 200 6082
200.111.191.210 - - [11/Apr/2019:16:56:15 -0300] "GET /cormun/static/about:blank HTTP/1.1" 404 1011
200.111.191.210 - - [11/Apr/2019:16:56:15 -0300] "GET /cormun/servlet/solicitudotadjuntos?INS,2019,15269,,1, HTTP/1.1" 200 6076
190.171.141.114 - - [11/Apr/2019:16:56:15 -0300] "GET /cormun/servlet/trsolicitudot? HTTP/1.1" 200 7509
200.111.191.210 - - [11/Apr/2019:16:56:15 -0300] "GET /cormun/servlet/solicitudotadjuntos?6f71459b2481548b5dbac9f184f7d9a34aec1a955891919d891596319d006ad4c77c9eb6e9facb53368ea0250ec2d80b,gx-no-cache=1555012410714 HTTP/1.1" 200 30
200.111.191.210 - - [11/Apr/2019:16:56:15 -0300] "POST /cormun/servlet/solicitudotadjuntos?2c024061194e1024a445ad9791526c07,INS,2019,15269,,1,,gx-no-cache=1555012410726 HTTP/1.1" 200 3852
200.111.191.210 - - [11/Apr/2019:16:56:17 -0300] "POST /cormun/servlet/solicitudotadjuntos?gx-no-cache=1555012412746 HTTP/1.1" 200 26
190.171.141.114 - - [11/Apr/2019:16:56:19 -0300] "GET /cormun/servlet/trautorizarsolicitud? HTTP/1.1" 200 8780
190.171.141.114 - - [11/Apr/2019:16:56:20 -0300] "GET /cormun/servlet/trautorizarsolicitud? HTTP/1.1" 200 8780
190.171.141.114 - - [11/Apr/2019:16:56:25 -0300] "POST /cormun/servlet/trautorizarsolicitud?9bf885cec0b01436f4421b90e33343b8,,gx-no-cache=1555012362954 HTTP/1.1" 200 4709
190.171.141.114 - - [11/Apr/2019:16:56:25 -0300] "GET /cormun/static/Shared/jqueryui/images/ui-bg_highlight-soft_100_c6c2c8_1x100.png HTTP/1.1" 404 1117
190.171.141.114 - - [11/Apr/2019:16:56:25 -0300] "GET /cormun/static/Shared/jqueryui/images/ui-icons_82798d_256x240.png HTTP/1.1" 404 1089
200.111.191.210 - - [11/Apr/2019:16:56:25 -0300] "GET /cormun/servlet/solicitudotadjuntos?6f71459b2481548b5dbac9f184f7d9a3d04e291d71644dd36a0bdf2b83814d1a,gx-no-cache=1555012420418 HTTP/1.1" 200 30
190.171.141.114 - - [11/Apr/2019:16:56:25 -0300] "GET /cormun/static/Shared/jqueryui/images/ui-bg_flat_55_fafafa_40x100.png HTTP/1.1" 404 1097
190.171.141.114 - - [11/Apr/2019:16:56:25 -0300] "GET /cormun/static/Shared/jqueryui/images/ui-icons_8d78a5_256x240.png HTTP/1.1" 404 1089
200.111.191.210 - - [11/Apr/2019:16:56:25 -0300] "GET /cormun/servlet/solicitudotadjuntos?6f71459b2481548b5dbac9f184f7d9a3d04e291d71644dd36a0bdf2b83814d1a,gx-no-cache=1555012420443 HTTP/1.1" 200 30
190.171.141.114 - - [11/Apr/2019:16:56:26 -0300] "POST /cormun/servlet/trautorizarsolicitud?9bf885cec0b01436f4421b90e33343b8,,gx-no-cache=1555012363359 HTTP/1.1" 200 4465
200.111.191.210 - - [11/Apr/2019:16:56:26 -0300] "POST /cormun/servlet/solicitudotadjuntos?2c024061194e1024a445ad9791526c07,INS,2019,15269,,1, HTTP/1.1" 200 116
200.111.191.210 - - [11/Apr/2019:16:56:26 -0300] "GET /cormun/servlet/hpexe_return? HTTP/1.1" 200 1030
200.111.191.210 - - [11/Apr/2019:16:56:26 -0300] "GET /cormun/servlet/trsolicitudadjuntos?2019,15269, HTTP/1.1" 200 8713
200.111.191.210 - - [11/Apr/2019:16:56:26 -0300] "GET /cormun/servlet/trsolicitudadjuntos?2019,15269, HTTP/1.1" 200 8710
200.111.191.210 - - [11/Apr/2019:16:56:28 -0300] "GET /cormun/servlet/solicitudotadjuntos?INS,2019,15269,,1, HTTP/1.1" 200 6082
200.111.191.210 - - [11/Apr/2019:16:56:28 -0300] "GET /cormun/static/about:blank HTTP/1.1" 404 1011
200.111.191.210 - - [11/Apr/2019:16:56:28 -0300] "GET /cormun/servlet/solicitudotadjuntos?INS,2019,15269,,1, HTTP/1.1" 200 6076
200.111.191.210 - - [11/Apr/2019:16:56:29 -0300] "GET /cormun/servlet/solicitudotadjuntos?6f71459b2481548b5dbac9f184f7d9a34aec1a955891919d891596319d006ad4c77c9eb6e9facb53368ea0250ec2d80b,gx-no-cache=1555012423981 HTTP/1.1" 200 30
200.111.191.210 - - [11/Apr/2019:16:56:29 -0300] "POST /cormun/servlet/solicitudotadjuntos?2c024061194e1024a445ad9791526c07,INS,2019,15269,,1,,gx-no-cache=1555012424010 HTTP/1.1" 200 3852
200.111.191.210 - - [11/Apr/2019:16:56:30 -0300] "POST /cormun/servlet/solicitudotadjuntos?gx-no-cache=1555012425310 HTTP/1.1" 200 26
200.111.191.210 - - [11/Apr/2019:16:56:36 -0300] "GET /cormun/servlet/solicitudotadjuntos?6f71459b2481548b5dbac9f184f7d9a3d04e291d71644dd36a0bdf2b83814d1a,gx-no-cache=1555012431530 HTTP/1.1" 200 30
200.111.191.210 - - [11/Apr/2019:16:56:36 -0300] "GET /cormun/servlet/solicitudotadjuntos?6f71459b2481548b5dbac9f184f7d9a3d04e291d71644dd36a0bdf2b83814d1a,gx-no-cache=1555012431539 HTTP/1.1" 200 30
200.111.191.210 - - [11/Apr/2019:16:56:37 -0300] "POST /cormun/servlet/solicitudotadjuntos?2c024061194e1024a445ad9791526c07,INS,2019,15269,,1, HTTP/1.1" 200 116
200.111.191.210 - - [11/Apr/2019:16:56:37 -0300] "GET /cormun/servlet/hpexe_return? HTTP/1.1" 200 1030
200.111.191.210 - - [11/Apr/2019:16:56:37 -0300] "GET /cormun/servlet/trsolicitudadjuntos?2019,15269, HTTP/1.1" 200 8928
200.111.191.210 - - [11/Apr/2019:16:56:38 -0300] "GET /cormun/servlet/trsolicitudadjuntos?2019,15269, HTTP/1.1" 200 8926
190.171.141.114 - - [11/Apr/2019:16:56:39 -0300] "POST /cormun/servlet/trautorizarsolicitud?9bf885cec0b01436f4421b90e33343b8,,gx-no-cache=1555012376965 HTTP/1.1" 200 90
190.171.141.114 - - [11/Apr/2019:16:56:39 -0300] "GET /cormun/servlet/hpexe_link HTTP/1.1" 200 963
200.111.191.210 - - [11/Apr/2019:16:56:39 -0300] "GET /cormun/servlet/solicitudotadjuntos?INS,2019,15269,,1, HTTP/1.1" 200 6082
190.171.141.114 - - [11/Apr/2019:16:56:39 -0300] "GET /cormun/servlet/trsolicitudot HTTP/1.1" 200 7510
200.111.191.210 - - [11/Apr/2019:16:56:39 -0300] "GET /cormun/static/about:blank HTTP/1.1" 404 1011
200.111.191.210 - - [11/Apr/2019:16:56:39 -0300] "GET /cormun/servlet/solicitudotadjuntos?INS,2019,15269,,1, HTTP/1.1" 200 6076
200.111.191.210 - - [11/Apr/2019:16:56:40 -0300] "GET /cormun/servlet/solicitudotadjuntos?6f71459b2481548b5dbac9f184f7d9a34aec1a955891919d891596319d006ad4c77c9eb6e9facb53368ea0250ec2d80b,gx-no-cache=1555012435140 HTTP/1.1" 200 30
200.111.191.210 - - [11/Apr/2019:16:56:40 -0300] "POST /cormun/servlet/solicitudotadjuntos?2c024061194e1024a445ad9791526c07,INS,2019,15269,,1,,gx-no-cache=1555012435157 HTTP/1.1" 200 3852
190.171.141.114 - - [11/Apr/2019:16:56:41 -0300] "GET /cormun/servlet/trsolicitudot HTTP/1.1" 200 7509
200.111.191.210 - - [11/Apr/2019:16:56:42 -0300] "POST /cormun/servlet/solicitudotadjuntos?gx-no-cache=1555012437194 HTTP/1.1" 200 26
200.111.191.210 - - [11/Apr/2019:16:56:46 -0300] "GET /cormun/servlet/solicitudotadjuntos?6f71459b2481548b5dbac9f184f7d9a3d04e291d71644dd36a0bdf2b83814d1a,gx-no-cache=1555012441230 HTTP/1.1" 200 30
200.111.191.210 - - [11/Apr/2019:16:56:46 -0300] "GET /cormun/servlet/solicitudotadjuntos?6f71459b2481548b5dbac9f184f7d9a3d04e291d71644dd36a0bdf2b83814d1a,gx-no-cache=1555012441251 HTTP/1.1" 200 30
190.171.141.114 - - [11/Apr/2019:16:56:46 -0300] "POST /cormun/servlet/trsolicitudot?9bf885cec0b01436f4421b90e33343b8,gx-no-cache=1555012384268 HTTP/1.1" 200 13638
200.111.191.210 - - [11/Apr/2019:16:56:47 -0300] "POST /cormun/servlet/solicitudotadjuntos?2c024061194e1024a445ad9791526c07,INS,2019,15269,,1, HTTP/1.1" 200 116
200.111.191.210 - - [11/Apr/2019:16:56:47 -0300] "GET /cormun/servlet/hpexe_return? HTTP/1.1" 200 1030
200.111.191.210 - - [11/Apr/2019:16:56:47 -0300] "GET /cormun/servlet/trsolicitudadjuntos?2019,15269, HTTP/1.1" 200 9107
200.111.191.210 - - [11/Apr/2019:16:56:48 -0300] "GET /cormun/servlet/trsolicitudadjuntos?2019,15269, HTTP/1.1" 200 9107
200.111.191.210 - - [11/Apr/2019:16:56:49 -0300] "GET /cormun/servlet/solicitudotadjuntos?INS,2019,15269,,1, HTTP/1.1" 200 6082
200.111.191.210 - - [11/Apr/2019:16:56:49 -0300] "GET /cormun/static/about:blank HTTP/1.1" 404 1011
200.111.191.210 - - [11/Apr/2019:16:56:49 -0300] "GET /cormun/servlet/solicitudotadjuntos?INS,2019,15269,,1, HTTP/1.1" 200 6076
200.111.191.210 - - [11/Apr/2019:16:56:50 -0300] "GET /cormun/servlet/solicitudotadjuntos?6f71459b2481548b5dbac9f184f7d9a34aec1a955891919d891596319d006ad4c77c9eb6e9facb53368ea0250ec2d80b,gx-no-cache=1555012444852 HTTP/1.1" 200 30
200.111.191.210 - - [11/Apr/2019:16:56:50 -0300] "POST /cormun/servlet/solicitudotadjuntos?2c024061194e1024a445ad9791526c07,INS,2019,15269,,1,,gx-no-cache=1555012444863 HTTP/1.1" 200 3853
200.111.191.210 - - [11/Apr/2019:16:56:51 -0300] "POST /cormun/servlet/solicitudotadjuntos?gx-no-cache=1555012446822 HTTP/1.1" 200 26
200.111.191.210 - - [11/Apr/2019:16:56:55 -0300] "GET /cormun/servlet/solicitudotadjuntos?6f71459b2481548b5dbac9f184f7d9a3d04e291d71644dd36a0bdf2b83814d1a,gx-no-cache=1555012450787 HTTP/1.1" 200 30
200.111.191.210 - - [11/Apr/2019:16:56:55 -0300] "GET /cormun/servlet/solicitudotadjuntos?6f71459b2481548b5dbac9f184f7d9a3d04e291d71644dd36a0bdf2b83814d1a,gx-no-cache=1555012450794 HTTP/1.1" 200 30
200.111.191.210 - - [11/Apr/2019:16:56:56 -0300] "POST /cormun/servlet/solicitudotadjuntos?2c024061194e1024a445ad9791526c07,INS,2019,15269,,1, HTTP/1.1" 200 116
200.111.191.210 - - [11/Apr/2019:16:56:56 -0300] "GET /cormun/servlet/hpexe_return? HTTP/1.1" 200 1030
200.111.191.210 - - [11/Apr/2019:16:56:57 -0300] "GET /cormun/servlet/trsolicitudadjuntos?2019,15269, HTTP/1.1" 200 9336
200.111.191.210 - - [11/Apr/2019:16:56:57 -0300] "GET /cormun/servlet/trsolicitudadjuntos?2019,15269, HTTP/1.1" 200 9335
200.111.191.210 - - [11/Apr/2019:16:56:59 -0300] "GET /cormun/servlet/solicitudotadjuntos?INS,2019,15269,,1, HTTP/1.1" 200 6082
200.111.191.210 - - [11/Apr/2019:16:56:59 -0300] "GET /cormun/static/about:blank HTTP/1.1" 404 1011
200.111.191.210 - - [11/Apr/2019:16:56:59 -0300] "GET /cormun/servlet/solicitudotadjuntos?INS,2019,15269,,1, HTTP/1.1" 200 6076
200.111.191.210 - - [11/Apr/2019:16:56:59 -0300] "GET /cormun/servlet/solicitudotadjuntos?6f71459b2481548b5dbac9f184f7d9a34aec1a955891919d891596319d006ad4c77c9eb6e9facb53368ea0250ec2d80b,gx-no-cache=1555012454682 HTTP/1.1" 200 30
200.111.191.210 - - [11/Apr/2019:16:56:59 -0300] "POST /cormun/servlet/solicitudotadjuntos?2c024061194e1024a445ad9791526c07,INS,2019,15269,,1,,gx-no-cache=1555012454694 HTTP/1.1" 200 3853
200.111.191.210 - - [11/Apr/2019:16:57:01 -0300] "POST /cormun/servlet/solicitudotadjuntos?gx-no-cache=1555012456571 HTTP/1.1" 200 26
200.111.191.210 - - [11/Apr/2019:16:57:05 -0300] "GET /cormun/servlet/solicitudotadjuntos?6f71459b2481548b5dbac9f184f7d9a3d04e291d71644dd36a0bdf2b83814d1a,gx-no-cache=1555012460499 HTTP/1.1" 200 30
200.111.191.210 - - [11/Apr/2019:16:57:05 -0300] "GET /cormun/servlet/solicitudotadjuntos?6f71459b2481548b5dbac9f184f7d9a3d04e291d71644dd36a0bdf2b83814d1a,gx-no-cache=1555012460506 HTTP/1.1" 200 30
200.111.191.210 - - [11/Apr/2019:16:57:06 -0300] "POST /cormun/servlet/solicitudotadjuntos?2c024061194e1024a445ad9791526c07,INS,2019,15269,,1, HTTP/1.1" 200 116
200.111.191.210 - - [11/Apr/2019:16:57:06 -0300] "GET /cormun/servlet/hpexe_return? HTTP/1.1" 200 1030
200.111.191.210 - - [11/Apr/2019:16:57:07 -0300] "GET /cormun/servlet/trsolicitudadjuntos?2019,15269, HTTP/1.1" 200 9567
200.111.191.210 - - [11/Apr/2019:16:57:08 -0300] "GET /cormun/servlet/trsolicitudadjuntos?2019,15269, HTTP/1.1" 200 9565
200.111.191.210 - - [11/Apr/2019:16:57:09 -0300] "GET /cormun/servlet/solicitudotadjuntos?INS,2019,15269,,1, HTTP/1.1" 200 6082
200.111.191.210 - - [11/Apr/2019:16:57:09 -0300] "GET /cormun/static/about:blank HTTP/1.1" 404 1011
200.111.191.210 - - [11/Apr/2019:16:57:09 -0300] "GET /cormun/servlet/solicitudotadjuntos?INS,2019,15269,,1, HTTP/1.1" 200 6076
200.111.191.210 - - [11/Apr/2019:16:57:10 -0300] "GET /cormun/servlet/solicitudotadjuntos?6f71459b2481548b5dbac9f184f7d9a34aec1a955891919d891596319d006ad4c77c9eb6e9facb53368ea0250ec2d80b,gx-no-cache=1555012464862 HTTP/1.1" 200 30
200.111.191.210 - - [11/Apr/2019:16:57:10 -0300] "POST /cormun/servlet/solicitudotadjuntos?2c024061194e1024a445ad9791526c07,INS,2019,15269,,1,,gx-no-cache=1555012464874 HTTP/1.1" 200 3853
200.111.191.210 - - [11/Apr/2019:16:57:12 -0300] "POST /cormun/servlet/solicitudotadjuntos?gx-no-cache=1555012467210 HTTP/1.1" 200 26
200.111.191.210 - - [11/Apr/2019:16:57:17 -0300] "GET /cormun/servlet/solicitudotadjuntos?6f71459b2481548b5dbac9f184f7d9a3d04e291d71644dd36a0bdf2b83814d1a,gx-no-cache=1555012472179 HTTP/1.1" 200 30
200.111.191.210 - - [11/Apr/2019:16:57:17 -0300] "GET /cormun/servlet/solicitudotadjuntos?6f71459b2481548b5dbac9f184f7d9a3d04e291d71644dd36a0bdf2b83814d1a,gx-no-cache=1555012472193 HTTP/1.1" 200 30
200.111.191.210 - - [11/Apr/2019:16:57:19 -0300] "POST /cormun/servlet/solicitudotadjuntos?2c024061194e1024a445ad9791526c07,INS,2019,15269,,1, HTTP/1.1" 200 116
200.111.191.210 - - [11/Apr/2019:16:57:19 -0300] "GET /cormun/servlet/hpexe_return? HTTP/1.1" 200 1030
200.111.191.210 - - [11/Apr/2019:16:57:20 -0300] "GET /cormun/servlet/trsolicitudadjuntos?2019,15269, HTTP/1.1" 200 9765
200.111.191.210 - - [11/Apr/2019:16:57:21 -0300] "GET /cormun/servlet/trsolicitudadjuntos?2019,15269, HTTP/1.1" 200 9756
200.111.191.210 - - [11/Apr/2019:16:57:22 -0300] "GET /cormun/servlet/trsolicitudot? HTTP/1.1" 200 8607
200.111.191.210 - - [11/Apr/2019:16:57:22 -0300] "GET /cormun/servlet/trsolicitudot? HTTP/1.1" 200 8601
200.111.191.210 - - [11/Apr/2019:16:57:24 -0300] "POST /cormun/servlet/trsolicitudot?2c024061194e1024a445ad9791526c07,,gx-no-cache=1555012479466 HTTP/1.1" 200 4547
200.111.191.210 - - [11/Apr/2019:16:57:24 -0300] "GET /cormun/static/Shared/jqueryui/images/ui-icons_82798d_256x240.png HTTP/1.1" 404 1089
200.111.191.210 - - [11/Apr/2019:16:57:24 -0300] "GET /cormun/static/Shared/jqueryui/images/ui-bg_highlight-soft_100_c6c2c8_1x100.png HTTP/1.1" 404 1117
200.111.191.210 - - [11/Apr/2019:16:57:24 -0300] "GET /cormun/static/Shared/jqueryui/images/ui-icons_8d78a5_256x240.png HTTP/1.1" 404 1089
200.111.191.210 - - [11/Apr/2019:16:57:24 -0300] "GET /cormun/static/Shared/jqueryui/images/ui-bg_flat_55_fafafa_40x100.png HTTP/1.1" 404 1097
200.111.191.210 - - [11/Apr/2019:16:57:24 -0300] "POST /cormun/servlet/trsolicitudot?2c024061194e1024a445ad9791526c07,,gx-no-cache=1555012479673 HTTP/1.1" 200 4328
200.111.191.210 - - [11/Apr/2019:16:57:27 -0300] "GET /cormun/servlet/trsolicitudot? HTTP/1.1" 200 7246
200.111.191.210 - - [11/Apr/2019:16:57:27 -0300] "GET /cormun/servlet/trsolicitudot? HTTP/1.1" 200 7246
200.111.191.210 - - [11/Apr/2019:16:57:28 -0300] "GET /cormun/servlet/hlogin HTTP/1.1" 200 1743
190.171.141.114 - - [11/Apr/2019:16:57:34 -0300] "POST /cormun/servlet/trsolicitudot?9bf885cec0b01436f4421b90e33343b8,gx-no-cache=1555012431404 HTTP/1.1" 200 13605
200.111.191.210 - - [11/Apr/2019:16:57:35 -0300] "POST /cormun/servlet/hlogin?2c024061194e1024a445ad9791526c07,gx-no-cache=1555012490495 HTTP/1.1" 200 455
200.111.191.210 - - [11/Apr/2019:16:57:45 -0300] "POST /cormun/servlet/hlogin?2c024061194e1024a445ad9791526c07,gx-no-cache=1555012500307 HTTP/1.1" 200 456
200.111.191.210 - - [11/Apr/2019:16:57:54 -0300] "POST /cormun/servlet/hlogin?2c024061194e1024a445ad9791526c07,gx-no-cache=1555012509154 HTTP/1.1" 200 90
200.111.191.210 - - [11/Apr/2019:16:57:54 -0300] "GET /cormun/servlet/hpexe_link HTTP/1.1" 200 953
200.111.191.210 - - [11/Apr/2019:16:57:54 -0300] "GET /cormun/servlet/hhome HTTP/1.1" 200 4324
200.111.191.210 - - [11/Apr/2019:16:57:54 -0300] "GET /cormun/servlet/hhome HTTP/1.1" 200 4321
200.111.191.210 - - [11/Apr/2019:16:57:57 -0300] "GET /cormun/servlet/trautorizarsolicitud? HTTP/1.1" 200 8776
200.111.191.210 - - [11/Apr/2019:16:57:57 -0300] "GET /cormun/servlet/trautorizarsolicitud? HTTP/1.1" 200 8774
200.111.191.210 - - [11/Apr/2019:16:58:13 -0300] "POST /cormun/servlet/trautorizarsolicitud?2c024061194e1024a445ad9791526c07,,gx-no-cache=1555012528439 HTTP/1.1" 200 4678
200.111.191.210 - - [11/Apr/2019:16:58:13 -0300] "GET /cormun/static/Shared/jqueryui/images/ui-bg_highlight-soft_100_c6c2c8_1x100.png HTTP/1.1" 404 1117
200.111.191.210 - - [11/Apr/2019:16:58:13 -0300] "GET /cormun/static/Shared/jqueryui/images/ui-icons_8d78a5_256x240.png HTTP/1.1" 404 1089
200.111.191.210 - - [11/Apr/2019:16:58:13 -0300] "GET /cormun/static/Shared/jqueryui/images/ui-bg_flat_55_fafafa_40x100.png HTTP/1.1" 404 1097
200.111.191.210 - - [11/Apr/2019:16:58:13 -0300] "GET /cormun/static/Shared/jqueryui/images/ui-icons_82798d_256x240.png HTTP/1.1" 404 1089
200.111.191.210 - - [11/Apr/2019:16:58:13 -0300] "POST /cormun/servlet/trautorizarsolicitud?2c024061194e1024a445ad9791526c07,,gx-no-cache=1555012528582 HTTP/1.1" 200 4455
40.77.167.98 - - [11/Apr/2019:16:59:29 -0300] "GET /cormun/servlet/trlicenciaspermisosadjuntos?18446441,20190115000000,L,_escaped_fragment_%3D&_escaped_fragment_= HTTP/1.1" 200 5449
190.171.141.114 - - [11/Apr/2019:17:00:57 -0300] "POST /cormun/servlet/trsolicitudot?9bf885cec0b01436f4421b90e33343b8,gx-no-cache=1555012634715 HTTP/1.1" 200 13606
190.171.141.114 - - [11/Apr/2019:17:01:07 -0300] "POST /cormun/servlet/trsolicitudot?9bf885cec0b01436f4421b90e33343b8,gx-no-cache=1555012645271 HTTP/1.1" 200 13606
200.54.107.2 - - [11/Apr/2019:17:02:12 -0300] "GET /cormun/servlet/hlogin HTTP/1.1" 200 1723
200.54.107.2 - - [11/Apr/2019:17:02:13 -0300] "GET /cormun/static/messages.spa.js?85251 HTTP/1.1" 304 -
200.54.107.2 - - [11/Apr/2019:17:02:13 -0300] "GET /cormun/static/gxgral.js?85251 HTTP/1.1" 304 -
200.54.107.2 - - [11/Apr/2019:17:02:13 -0300] "GET /cormun/servlet/hlogin HTTP/1.1" 200 1729
200.54.107.2 - - [11/Apr/2019:17:02:16 -0300] "POST /cormun/servlet/hlogin?62981b7cc2053145d15fe77bd89b5817,gx-no-cache=1555012713724 HTTP/1.1" 200 90
200.54.107.2 - - [11/Apr/2019:17:02:16 -0300] "GET /cormun/servlet/hpexe_link HTTP/1.1" 200 949
200.54.107.2 - - [11/Apr/2019:17:02:16 -0300] "GET /cormun/servlet/hhome HTTP/1.1" 200 4304
200.54.107.2 - - [11/Apr/2019:17:02:17 -0300] "GET /cormun/static/gxcfg.js?20175251212442 HTTP/1.1" 304 -
200.54.107.2 - - [11/Apr/2019:17:02:17 -0300] "GET /cormun/static/hmpwkw03.js?20189613443875 HTTP/1.1" 304 -
200.54.107.2 - - [11/Apr/2019:17:02:17 -0300] "GET /cormun/servlet/hhome HTTP/1.1" 200 4300
200.54.107.2 - - [11/Apr/2019:17:02:21 -0300] "GET /cormun/servlet/trpermisosgoce? HTTP/1.1" 200 8872
200.54.107.2 - - [11/Apr/2019:17:02:22 -0300] "GET /cormun/servlet/trpermisosgoce? HTTP/1.1" 200 8871
200.54.107.2 - - [11/Apr/2019:17:02:25 -0300] "GET /cormun/servlet/permisogoce?INS,0,,, HTTP/1.1" 200 7175
200.54.107.2 - - [11/Apr/2019:17:02:25 -0300] "GET /cormun/static/gxcfg.js?201776126440 HTTP/1.1" 304 -
200.54.107.2 - - [11/Apr/2019:17:02:25 -0300] "GET /cormun/servlet/permisogoce?INS,0,,, HTTP/1.1" 200 7175
200.54.107.2 - - [11/Apr/2019:17:02:47 -0300] "GET /cormun/servlet/permisogoce?0eccfa408dd9abf34671ddca9e80054f1e8c6a8fbeb3b7e58022c6776de0e22d2f1f84b8e5d3b485c0efc232b4e1baaee52d2dd660aef3e3895d2ae78ebe7144,gx-no-cache=1555012744347 HTTP/1.1" 200 73
200.54.107.2 - - [11/Apr/2019:17:02:49 -0300] "GET /cormun/static/menuarrow.gif HTTP/1.1" 404 1015
200.54.107.2 - - [11/Apr/2019:17:02:58 -0300] "GET /cormun/servlet/permisogoce?0eccfa408dd9abf34671ddca9e80054f0656808bbedaa6ddb27ad57d2abc8da6f37815081d5cb8e36db190f5c2d4efd7becc7728fc1efb743331da879f927c06,gx-no-cache=1555012755786 HTTP/1.1" 200 47
200.54.107.2 - - [11/Apr/2019:17:03:37 -0300] "GET /cormun/servlet/permisogoce?0eccfa408dd9abf34671ddca9e80054f0656808bbedaa6ddb27ad57d2abc8da627aca933bdb1ce01dc36f97a84dddda858c9106dd75565b94bc491a5bcd49bb8,gx-no-cache=1555012794248 HTTP/1.1" 200 47
200.54.107.2 - - [11/Apr/2019:17:03:37 -0300] "POST /cormun/servlet/permisogoce?62981b7cc2053145d15fe77bd89b5817,INS,0,,,,gx-no-cache=1555012794346 HTTP/1.1" 200 93
200.54.107.2 - - [11/Apr/2019:17:03:37 -0300] "GET /cormun/servlet/hpexe_return? HTTP/1.1" 200 1008
200.54.107.2 - - [11/Apr/2019:17:03:37 -0300] "GET /cormun/static/gxcfg.js?2016101716175148 HTTP/1.1" 304 -
200.54.107.2 - - [11/Apr/2019:17:03:38 -0300] "GET /cormun/servlet/trpermisosgoce HTTP/1.1" 200 9144
200.54.107.2 - - [11/Apr/2019:17:03:38 -0300] "GET /cormun/servlet/trpermisosgoce HTTP/1.1" 200 9141
200.54.107.2 - - [11/Apr/2019:17:03:41 -0300] "GET /cormun/servlet/apermisogoceprn?13663861,P,20190411175543,PU HTTP/1.1" 200 1654
190.171.152.138 - - [11/Apr/2019:17:04:11 -0300] "GET /cormun/servlet/hlogin HTTP/1.1" 200 1737
200.54.107.2 - - [11/Apr/2019:17:04:49 -0300] "GET /cormun/servlet/apermisogoceprn?13663861,P,20190411175543,PU HTTP/1.1" 200 1658
200.54.107.2 - - [11/Apr/2019:17:05:48 -0300] "GET /cormun/servlet/apermisogoceprn?13663861,P,20190411175543,PU HTTP/1.1" 200 1658
200.111.191.210 - - [11/Apr/2019:17:06:09 -0300] "GET /cormun/servlet/trpermisosgoce? HTTP/1.1" 200 18687
200.111.191.210 - - [11/Apr/2019:17:06:09 -0300] "GET /cormun/servlet/trpermisosgoce? HTTP/1.1" 200 18704
200.111.191.210 - - [11/Apr/2019:17:06:13 -0300] "GET /cormun/servlet/trpermisosadjuntos?10999910,20190411095320,P, HTTP/1.1" 200 6637
200.111.191.210 - - [11/Apr/2019:17:06:13 -0300] "GET /cormun/servlet/trpermisosadjuntos?10999910,20190411095320,P, HTTP/1.1" 200 6637
200.111.191.210 - - [11/Apr/2019:17:06:14 -0300] "GET /cormun/servlet/permisosadjuntos?INS,10999910,P,20190411095320,, HTTP/1.1" 200 5971
200.111.191.210 - - [11/Apr/2019:17:06:15 -0300] "GET /cormun/static/about:blank HTTP/1.1" 404 1011
200.111.191.210 - - [11/Apr/2019:17:06:15 -0300] "GET /cormun/servlet/permisosadjuntos?INS,10999910,P,20190411095320,, HTTP/1.1" 200 5961
200.111.191.210 - - [11/Apr/2019:17:06:30 -0300] "POST /cormun/servlet/permisosadjuntos?2c024061194e1024a445ad9791526c07,INS,10999910,P,20190411095320,, HTTP/1.1" 200 116
200.111.191.210 - - [11/Apr/2019:17:06:30 -0300] "GET /cormun/servlet/hpexe_return? HTTP/1.1" 200 1040
200.111.191.210 - - [11/Apr/2019:17:06:30 -0300] "GET /cormun/servlet/trpermisosadjuntos?10999910,20190411095320,P, HTTP/1.1" 200 7131
200.111.191.210 - - [11/Apr/2019:17:06:30 -0300] "GET /cormun/servlet/trpermisosadjuntos?10999910,20190411095320,P, HTTP/1.1" 200 7127
200.111.191.210 - - [11/Apr/2019:17:06:36 -0300] "GET /cormun/servlet/trpermisosgoce? HTTP/1.1" 200 18710
200.111.191.210 - - [11/Apr/2019:17:06:37 -0300] "GET /cormun/servlet/trpermisosgoce? HTTP/1.1" 200 18697
200.111.191.210 - - [11/Apr/2019:17:06:39 -0300] "POST /cormun/servlet/trpermisosgoce?2c024061194e1024a445ad9791526c07,,gx-no-cache=1555013033681 HTTP/1.1" 200 15791
200.111.191.210 - - [11/Apr/2019:17:06:39 -0300] "GET /cormun/static/Shared/jqueryui/images/ui-bg_highlight-soft_100_c6c2c8_1x100.png HTTP/1.1" 404 1117
200.111.191.210 - - [11/Apr/2019:17:06:39 -0300] "GET /cormun/static/Shared/jqueryui/images/ui-icons_82798d_256x240.png HTTP/1.1" 404 1089
200.111.191.210 - - [11/Apr/2019:17:06:39 -0300] "GET /cormun/static/Shared/jqueryui/images/ui-icons_8d78a5_256x240.png HTTP/1.1" 404 1089
200.111.191.210 - - [11/Apr/2019:17:06:39 -0300] "GET /cormun/static/Shared/jqueryui/images/ui-bg_flat_55_fafafa_40x100.png HTTP/1.1" 404 1097
200.111.191.210 - - [11/Apr/2019:17:06:41 -0300] "GET /cormun/servlet/trpermisosadjuntos?13598462,20190410132618,P, HTTP/1.1" 200 6638
200.111.191.210 - - [11/Apr/2019:17:06:41 -0300] "GET /cormun/servlet/trpermisosadjuntos?13598462,20190410132618,P, HTTP/1.1" 200 6639
200.111.191.210 - - [11/Apr/2019:17:06:43 -0300] "GET /cormun/servlet/permisosadjuntos?INS,13598462,P,20190410132618,, HTTP/1.1" 200 5968
200.111.191.210 - - [11/Apr/2019:17:06:43 -0300] "GET /cormun/static/about:blank HTTP/1.1" 404 1011
200.111.191.210 - - [11/Apr/2019:17:06:43 -0300] "GET /cormun/servlet/permisosadjuntos?INS,13598462,P,20190410132618,, HTTP/1.1" 200 5957
200.111.191.210 - - [11/Apr/2019:17:06:48 -0300] "POST /cormun/servlet/permisosadjuntos?2c024061194e1024a445ad9791526c07,INS,13598462,P,20190410132618,, HTTP/1.1" 200 116
200.111.191.210 - - [11/Apr/2019:17:06:48 -0300] "GET /cormun/servlet/hpexe_return? HTTP/1.1" 200 1041
200.111.191.210 - - [11/Apr/2019:17:06:49 -0300] "GET /cormun/servlet/trpermisosadjuntos?13598462,20190410132618,P, HTTP/1.1" 200 7130
200.111.191.210 - - [11/Apr/2019:17:06:49 -0300] "GET /cormun/servlet/trpermisosadjuntos?13598462,20190410132618,P, HTTP/1.1" 200 7126
200.111.191.210 - - [11/Apr/2019:17:06:52 -0300] "GET /cormun/servlet/trpermisosgoce? HTTP/1.1" 200 18693
200.111.191.210 - - [11/Apr/2019:17:06:52 -0300] "GET /cormun/servlet/trpermisosgoce? HTTP/1.1" 200 18657
200.111.191.210 - - [11/Apr/2019:17:06:56 -0300] "POST /cormun/servlet/trpermisosgoce?2c024061194e1024a445ad9791526c07,,gx-no-cache=1555013050340 HTTP/1.1" 200 15770
200.111.191.210 - - [11/Apr/2019:17:06:58 -0300] "GET /cormun/servlet/trpermisosadjuntos?7907301,20190410124546,P, HTTP/1.1" 200 6642
200.111.191.210 - - [11/Apr/2019:17:06:58 -0300] "GET /cormun/servlet/trpermisosadjuntos?7907301,20190410124546,P, HTTP/1.1" 200 6643
200.111.191.210 - - [11/Apr/2019:17:06:59 -0300] "GET /cormun/servlet/permisosadjuntos?INS,7907301,P,20190410124546,, HTTP/1.1" 200 5970
200.111.191.210 - - [11/Apr/2019:17:06:59 -0300] "GET /cormun/static/about:blank HTTP/1.1" 404 1011
200.111.191.210 - - [11/Apr/2019:17:06:59 -0300] "GET /cormun/servlet/permisosadjuntos?INS,7907301,P,20190410124546,, HTTP/1.1" 200 5959
192.168.10.89 - - [11/Apr/2019:17:07:02 -0300] "GET /digitalizacion/servlet/wbadjunto?52259,PU HTTP/1.1" 302 -
192.168.10.89 - - [11/Apr/2019:17:07:02 -0300] "GET /digitalizacion/PublicTempStorage/3528321.tmp HTTP/1.1" 200 515078
200.111.191.210 - - [11/Apr/2019:17:07:04 -0300] "POST /cormun/servlet/permisosadjuntos?2c024061194e1024a445ad9791526c07,INS,7907301,P,20190410124546,, HTTP/1.1" 200 116
200.111.191.210 - - [11/Apr/2019:17:07:04 -0300] "GET /cormun/servlet/hpexe_return? HTTP/1.1" 200 1040
200.111.191.210 - - [11/Apr/2019:17:07:05 -0300] "GET /cormun/servlet/trpermisosadjuntos?7907301,20190410124546,P, HTTP/1.1" 200 7137
200.111.191.210 - - [11/Apr/2019:17:07:05 -0300] "GET /cormun/servlet/trpermisosadjuntos?7907301,20190410124546,P, HTTP/1.1" 200 7135
192.168.10.89 - - [11/Apr/2019:17:07:06 -0300] "GET /digitalizacion/servlet/wbadjunto?52260,PU HTTP/1.1" 302 -
192.168.10.89 - - [11/Apr/2019:17:07:06 -0300] "GET /digitalizacion/PublicTempStorage/7753651.tmp HTTP/1.1" 200 476673
200.111.191.210 - - [11/Apr/2019:17:07:07 -0300] "GET /cormun/servlet/trpermisosgoce? HTTP/1.1" 200 18649
200.111.191.210 - - [11/Apr/2019:17:07:08 -0300] "GET /cormun/servlet/trpermisosgoce? HTTP/1.1" 200 18669
192.168.10.89 - - [11/Apr/2019:17:07:11 -0300] "GET /digitalizacion/servlet/wbadjunto?52259,PU HTTP/1.1" 302 -
192.168.10.89 - - [11/Apr/2019:17:07:11 -0300] "GET /digitalizacion/PublicTempStorage/8653461.tmp HTTP/1.1" 200 515078
200.111.191.210 - - [11/Apr/2019:17:07:11 -0300] "POST /cormun/servlet/trpermisosgoce?2c024061194e1024a445ad9791526c07,,gx-no-cache=1555013066125 HTTP/1.1" 200 15774
200.111.191.210 - - [11/Apr/2019:17:07:13 -0300] "GET /cormun/servlet/trpermisosadjuntos?12692226,20190410125801,P, HTTP/1.1" 200 6639
200.111.191.210 - - [11/Apr/2019:17:07:13 -0300] "GET /cormun/servlet/trpermisosadjuntos?12692226,20190410125801,P, HTTP/1.1" 200 6639
200.111.191.210 - - [11/Apr/2019:17:07:14 -0300] "GET /cormun/servlet/permisosadjuntos?INS,12692226,P,20190410125801,, HTTP/1.1" 200 5967
200.111.191.210 - - [11/Apr/2019:17:07:14 -0300] "GET /cormun/static/about:blank HTTP/1.1" 404 1011
200.111.191.210 - - [11/Apr/2019:17:07:15 -0300] "GET /cormun/servlet/permisosadjuntos?INS,12692226,P,20190410125801,, HTTP/1.1" 200 5957
192.168.10.89 - - [11/Apr/2019:17:07:18 -0300] "GET /digitalizacion/servlet/wblogin? HTTP/1.1" 200 2364
200.111.191.210 - - [11/Apr/2019:17:07:21 -0300] "POST /cormun/servlet/permisosadjuntos?2c024061194e1024a445ad9791526c07,INS,12692226,P,20190410125801,, HTTP/1.1" 200 116
200.111.191.210 - - [11/Apr/2019:17:07:21 -0300] "GET /cormun/servlet/hpexe_return? HTTP/1.1" 200 1041
200.111.191.210 - - [11/Apr/2019:17:07:21 -0300] "GET /cormun/servlet/trpermisosadjuntos?12692226,20190410125801,P, HTTP/1.1" 200 7133
200.111.191.210 - - [11/Apr/2019:17:07:21 -0300] "GET /cormun/servlet/trpermisosadjuntos?12692226,20190410125801,P, HTTP/1.1" 200 7130
200.111.191.210 - - [11/Apr/2019:17:07:23 -0300] "GET /cormun/servlet/trpermisosgoce? HTTP/1.1" 200 18682
200.111.191.210 - - [11/Apr/2019:17:07:24 -0300] "GET /cormun/servlet/trpermisosgoce? HTTP/1.1" 200 18663
200.111.191.210 - - [11/Apr/2019:17:07:27 -0300] "POST /cormun/servlet/trpermisosgoce?2c024061194e1024a445ad9791526c07,,gx-no-cache=1555013081584 HTTP/1.1" 200 15776
200.111.191.210 - - [11/Apr/2019:17:07:28 -0300] "GET /cormun/servlet/trpermisosadjuntos?17522124,20190410115222,P, HTTP/1.1" 200 6643
200.111.191.210 - - [11/Apr/2019:17:07:28 -0300] "GET /cormun/servlet/trpermisosadjuntos?17522124,20190410115222,P, HTTP/1.1" 200 6643
200.111.191.210 - - [11/Apr/2019:17:07:29 -0300] "GET /cormun/servlet/permisosadjuntos?INS,17522124,P,20190410115222,, HTTP/1.1" 200 5972
200.111.191.210 - - [11/Apr/2019:17:07:29 -0300] "GET /cormun/static/about:blank HTTP/1.1" 404 1011
200.111.191.210 - - [11/Apr/2019:17:07:29 -0300] "GET /cormun/servlet/permisosadjuntos?INS,17522124,P,20190410115222,, HTTP/1.1" 200 5962
200.111.191.210 - - [11/Apr/2019:17:07:35 -0300] "POST /cormun/servlet/permisosadjuntos?2c024061194e1024a445ad9791526c07,INS,17522124,P,20190410115222,, HTTP/1.1" 200 116
200.111.191.210 - - [11/Apr/2019:17:07:35 -0300] "GET /cormun/servlet/hpexe_return? HTTP/1.1" 200 1040
200.111.191.210 - - [11/Apr/2019:17:07:35 -0300] "GET /cormun/servlet/trpermisosadjuntos?17522124,20190410115222,P, HTTP/1.1" 200 7137
200.111.191.210 - - [11/Apr/2019:17:07:35 -0300] "GET /cormun/servlet/trpermisosadjuntos?17522124,20190410115222,P, HTTP/1.1" 200 7132
200.111.191.210 - - [11/Apr/2019:17:07:38 -0300] "GET /cormun/servlet/trpermisosgoce? HTTP/1.1" 200 18643
200.111.191.210 - - [11/Apr/2019:17:07:39 -0300] "GET /cormun/servlet/trpermisosgoce? HTTP/1.1" 200 18650
200.111.191.210 - - [11/Apr/2019:17:07:40 -0300] "POST /cormun/servlet/trpermisosgoce?2c024061194e1024a445ad9791526c07,,gx-no-cache=1555013095285 HTTP/1.1" 200 15761
200.111.191.210 - - [11/Apr/2019:17:07:43 -0300] "GET /cormun/servlet/trautorizarpermisogoce? HTTP/1.1" 200 13144
200.111.191.210 - - [11/Apr/2019:17:07:44 -0300] "GET /cormun/static/gxcfg.js?20177612165975 HTTP/1.1" 200 953
200.111.191.210 - - [11/Apr/2019:17:07:44 -0300] "GET /cormun/static/trautorizarpermisogoce.js?2017761217384 HTTP/1.1" 200 34948
200.111.191.210 - - [11/Apr/2019:17:07:44 -0300] "GET /cormun/servlet/trautorizarpermisogoce? HTTP/1.1" 200 13143
200.111.191.210 - - [11/Apr/2019:17:07:46 -0300] "POST /cormun/servlet/trautorizarpermisogoce?2c024061194e1024a445ad9791526c07,,gx-no-cache=1555013100620 HTTP/1.1" 200 10013
200.111.191.210 - - [11/Apr/2019:17:07:46 -0300] "POST /cormun/servlet/trautorizarpermisogoce?2c024061194e1024a445ad9791526c07,,gx-no-cache=1555013101450 HTTP/1.1" 200 9781
200.111.191.210 - - [11/Apr/2019:17:07:47 -0300] "POST /cormun/servlet/trautorizarpermisogoce?2c024061194e1024a445ad9791526c07,,gx-no-cache=1555013102097 HTTP/1.1" 200 9508
200.111.191.210 - - [11/Apr/2019:17:07:48 -0300] "POST /cormun/servlet/trautorizarpermisogoce?2c024061194e1024a445ad9791526c07,,gx-no-cache=1555013102751 HTTP/1.1" 200 9275
200.111.191.210 - - [11/Apr/2019:17:07:48 -0300] "POST /cormun/servlet/trautorizarpermisogoce?2c024061194e1024a445ad9791526c07,,gx-no-cache=1555013103285 HTTP/1.1" 200 9001
200.111.191.210 - - [11/Apr/2019:17:07:49 -0300] "POST /cormun/servlet/trautorizarpermisogoce?2c024061194e1024a445ad9791526c07,,gx-no-cache=1555013103908 HTTP/1.1" 200 8544
200.111.191.210 - - [11/Apr/2019:17:07:50 -0300] "POST /cormun/servlet/trautorizarpermisogoce?2c024061194e1024a445ad9791526c07,,gx-no-cache=1555013104533 HTTP/1.1" 200 8305
200.111.191.210 - - [11/Apr/2019:17:07:50 -0300] "POST /cormun/servlet/trautorizarpermisogoce?2c024061194e1024a445ad9791526c07,,gx-no-cache=1555013105193 HTTP/1.1" 200 8086
200.111.191.210 - - [11/Apr/2019:17:07:51 -0300] "POST /cormun/servlet/trautorizarpermisogoce?2c024061194e1024a445ad9791526c07,,gx-no-cache=1555013105681 HTTP/1.1" 200 7874
200.111.191.210 - - [11/Apr/2019:17:07:51 -0300] "POST /cormun/servlet/trautorizarpermisogoce?2c024061194e1024a445ad9791526c07,,gx-no-cache=1555013106434 HTTP/1.1" 200 7621
200.111.191.210 - - [11/Apr/2019:17:07:52 -0300] "POST /cormun/servlet/trautorizarpermisogoce?2c024061194e1024a445ad9791526c07,,gx-no-cache=1555013107136 HTTP/1.1" 200 7388
200.111.191.210 - - [11/Apr/2019:17:07:53 -0300] "POST /cormun/servlet/trautorizarpermisogoce?2c024061194e1024a445ad9791526c07,,gx-no-cache=1555013107873 HTTP/1.1" 200 7089
200.111.191.210 - - [11/Apr/2019:17:07:53 -0300] "POST /cormun/servlet/trautorizarpermisogoce?2c024061194e1024a445ad9791526c07,,gx-no-cache=1555013108612 HTTP/1.1" 200 6872
200.111.191.210 - - [11/Apr/2019:17:07:54 -0300] "POST /cormun/servlet/trautorizarpermisogoce?2c024061194e1024a445ad9791526c07,,gx-no-cache=1555013109237 HTTP/1.1" 200 6653
200.111.191.210 - - [11/Apr/2019:17:07:55 -0300] "POST /cormun/servlet/trautorizarpermisogoce?2c024061194e1024a445ad9791526c07,,gx-no-cache=1555013109828 HTTP/1.1" 200 6466
200.111.191.210 - - [11/Apr/2019:17:07:55 -0300] "POST /cormun/servlet/trautorizarpermisogoce?2c024061194e1024a445ad9791526c07,,gx-no-cache=1555013110436 HTTP/1.1" 200 6263
200.111.191.210 - - [11/Apr/2019:17:07:56 -0300] "POST /cormun/servlet/trautorizarpermisogoce?2c024061194e1024a445ad9791526c07,,gx-no-cache=1555013111017 HTTP/1.1" 200 6035
200.111.191.210 - - [11/Apr/2019:17:07:56 -0300] "POST /cormun/servlet/trautorizarpermisogoce?2c024061194e1024a445ad9791526c07,,gx-no-cache=1555013111608 HTTP/1.1" 200 5755
200.111.191.210 - - [11/Apr/2019:17:07:57 -0300] "POST /cormun/servlet/trautorizarpermisogoce?2c024061194e1024a445ad9791526c07,,gx-no-cache=1555013112216 HTTP/1.1" 200 5512
200.111.191.210 - - [11/Apr/2019:17:07:58 -0300] "POST /cormun/servlet/trautorizarpermisogoce?2c024061194e1024a445ad9791526c07,,gx-no-cache=1555013112992 HTTP/1.1" 200 5232
200.111.191.210 - - [11/Apr/2019:17:07:59 -0300] "POST /cormun/servlet/trautorizarpermisogoce?2c024061194e1024a445ad9791526c07,,gx-no-cache=1555013113696 HTTP/1.1" 200 4479
200.111.191.210 - - [11/Apr/2019:17:08:01 -0300] "GET /cormun/servlet/trsolicitudot? HTTP/1.1" 200 7547
200.111.191.210 - - [11/Apr/2019:17:08:01 -0300] "GET /cormun/servlet/trsolicitudot? HTTP/1.1" 200 7547
186.103.159.187 - - [11/Apr/2019:17:12:19 -0300] "POST /cormun/servlet/solicitudot?gx-no-cache=1555013445518 HTTP/1.1" 200 121
186.103.159.187 - - [11/Apr/2019:17:12:19 -0300] "GET /cormun/servlet/solicitudot?287ea7ccf99b3cbd0168923c2a6ac3d7239403a51f56fe3c7e2722a0f636f22b38cb09fd8c2686a0ee0c1290f10d955b3d3964db0e6d308fecaed419c4403106a7040b241437326ef49416c38614f4e92c2cf504883be26cf56972039407fcd803c07eb7393898496c0afd560363c879,gx-no-cache=1555013445619 HTTP/1.1" 200 110
186.103.159.187 - - [11/Apr/2019:17:12:19 -0300] "POST /cormun/servlet/solicitudot?gx-no-cache=1555013445656 HTTP/1.1" 200 97
190.171.141.114 - - [11/Apr/2019:17:12:28 -0300] "GET /cormun/servlet/solicitudot?INS,0,0, HTTP/1.1" 200 15182
190.171.141.114 - - [11/Apr/2019:17:12:31 -0300] "GET /cormun/servlet/solicitudot?INS,0,0, HTTP/1.1" 200 15187
186.103.159.187 - - [11/Apr/2019:17:12:41 -0300] "GET /cormun/servlet/solicitudot?287ea7ccf99b3cbd0168923c2a6ac3d76ea7ca1f59ff10c744909fc82d6aa8c71ef4c1533922f674b28287c11213e47e,gx-no-cache=1555013467807 HTTP/1.1" 200 30
190.171.141.114 - - [11/Apr/2019:17:12:44 -0300] "POST /cormun/servlet/solicitudot?gx-no-cache=1555013342299 HTTP/1.1" 200 3556
190.171.141.114 - - [11/Apr/2019:17:12:45 -0300] "POST /cormun/servlet/solicitudot?9bf885cec0b01436f4421b90e33343b8,INS,0,0,,gx-no-cache=1555013342745 HTTP/1.1" 200 12013
190.171.141.114 - - [11/Apr/2019:17:12:48 -0300] "GET /cormun/servlet/solicitudot?6836fd73645b9ade50bf5d5d339c60611fc2765639eb006029353776712cb0ebc41dbe89b1f91cf3c4b132ad38a73834,gx-no-cache=1555013346310 HTTP/1.1" 200 30
190.171.141.114 - - [11/Apr/2019:17:12:48 -0300] "GET /cormun/servlet/solicitudot?6836fd73645b9ade50bf5d5d339c60618231e80fb9fe9d220d22f65599fceeab77079b12364826d737470265dd9da3dfc41dbe89b1f91cf3c4b132ad38a73834,gx-no-cache=1555013346451 HTTP/1.1" 200 30
190.171.141.114 - - [11/Apr/2019:17:12:48 -0300] "GET /cormun/servlet/solicitudot?6836fd73645b9ade50bf5d5d339c606141045b00e956e44cbbdb5f6e1754e26b,gx-no-cache=1555013346583 HTTP/1.1" 200 53
190.171.141.114 - - [11/Apr/2019:17:12:48 -0300] "POST /cormun/servlet/solicitudot?gx-no-cache=1555013346649 HTTP/1.1" 200 255
190.171.141.114 - - [11/Apr/2019:17:12:49 -0300] "GET /cormun/servlet/solicitudot?6836fd73645b9ade50bf5d5d339c60611ebd480e45a8fd750e7b161ded4bc3386189a2fe2f26aa0e34ef7e0b03e9be9394c7402e9d5da61f03f9508ad6eacbce98d646f2463146d37d7ac6713a73093a7381a7ece62b874f233a5881fd19f98014fbe4e65c6f324518f3a77ff5153d2556c352f25f8e52ea9438e177b00c38b7b2e886c3702ad7f8009aab3a7e73e895ef9eef5cf669b66f7a830c3db2fbf6f46f9b9c961f9cf1d30d1c15e49827ab4cbbf4749568c270d0462f609d2705244e10a3a8ede0994accd6bd0f964b1744dcb88f30b7a465f73ca569f143e7e0f80242f5fdead7e83b76dc119340148cce41e9d383c112e398594393b49ce817b3677ae3916e193b6c0c60b9bb0259da95088df84a287f44921c05dcd0bcc619dab84fa32616ebc840b186e786f9339d57cb4bb947e32fb1628820f77f1b142c0271e535346185108c841975f02ca4224b16fc5d8aa64f02a09b30bdd656adcd616b933e08a8ea889b73c807539473c27c1b068e401bccae7ce538e0b0eb3f2efef9,gx-no-cache=1555013346711 HTTP/1.1" 200 30
190.171.141.114 - - [11/Apr/2019:17:12:51 -0300] "POST /cormun/servlet/solicitudot?gx-no-cache=1555013349578 HTTP/1.1" 200 30
190.171.141.114 - - [11/Apr/2019:17:12:53 -0300] "GET /cormun/servlet/prcontratosol?16816825,,,,,MD,,gxPopupLevel%3D0%3B HTTP/1.1" 200 8601
190.171.141.114 - - [11/Apr/2019:17:12:57 -0300] "POST /cormun/servlet/solicitudot?gx-no-cache=1555013355172 HTTP/1.1" 200 1332
190.171.141.114 - - [11/Apr/2019:17:12:57 -0300] "POST /cormun/servlet/solicitudot?gx-no-cache=1555013355256 HTTP/1.1" 200 38
