190.171.149.90 - - [10/Apr/2019:10:06:02 -0300] "GET /cormun/servlet/solicitudotcontratos?67df253b5486ea08f64eed77201967565b167c28f86a6a218d15e424aa18177f2082ccc9c61ba59f8f3fa2d928a49eeeb49d5af6cf405e070779e474c09a39e774f7b34379359a2c1954587b1bde5c216ed3ba81000d0e32298bf58f127b218e8e5f57bf10ee0340fd7f8816d4aaa826f4646239d4074183d6dca478543c3a10,gx-no-cache=1554901338180 HTTP/1.1" 200 48
190.171.149.90 - - [10/Apr/2019:10:06:02 -0300] "GET /cormun/servlet/solicitudotcontratos?67df253b5486ea08f64eed7720196756625b6adff60d162710a89852d516ad01a1790ba91a7959fa8ceddb49409d7748,gx-no-cache=1554901338309 HTTP/1.1" 200 30
190.171.149.90 - - [10/Apr/2019:10:06:02 -0300] "GET /cormun/servlet/solicitudotcontratos?67df253b5486ea08f64eed77201967564005abc7a035afa24981abbf918965373d5fabdf5d6c1a18dc90615a75bc4974d8410877538daeee0e34c19b0688367a9b4440f74f45a6cf63ea93fdbe6da1cd829981d982d87dc8835be30dea002053709cad3cc36838227e6378a797dc69c9,gx-no-cache=1554901338364 HTTP/1.1" 200 30
190.171.149.90 - - [10/Apr/2019:10:06:02 -0300] "GET /cormun/servlet/solicitudotcontratos?67df253b5486ea08f64eed772019675623d2c3094949c5bf24fb5662fd02dee654c1c37e2ae08691328828233ae2c41bd8410877538daeee0e34c19b0688367a9f954dc510872ab91882a36d982d3b2d240ba71d4d18f598cde2430fe29dcb1bba50bf4484d715e000db7d7a2f941401,gx-no-cache=1554901338424 HTTP/1.1" 200 110
190.171.149.90 - - [10/Apr/2019:10:06:02 -0300] "POST /cormun/servlet/solicitudotcontratos?gx-no-cache=1554901338477 HTTP/1.1" 200 97
190.171.149.90 - - [10/Apr/2019:10:06:02 -0300] "GET /cormun/servlet/solicitudotcontratos?67df253b5486ea08f64eed7720196756dd5c94c76ce0f37856c136f56a76b6511f4c6cfd0968bcf8d149d5b5268c162be827b17b68b77eb8170d6accfe343cb0124a45afef677abe0f466de5325cf8a0d57eae3344c56d66a3f9f1b8571a984314cf9248aff21269825ae173de6761532211c2e0e62d24f57f557faa02deb43e17e33dfa521a25658e095350bf1e6883a458e7b0e01eb07b6a539c6fdfb4ad40b14d8a3cc35a92a91cbdd04483baf7d0a6e0a08105937e7d2a695c2af00738c02c2334501a71b14bbb14c24c126d4061,gx-no-cache=1554901338521 HTTP/1.1" 200 73
190.171.149.90 - - [10/Apr/2019:10:06:26 -0300] "POST /cormun/servlet/solicitudotcontratos?81f02f23c5a5076b350c94d50a6260dc,INS,2019,0,10054303,6,2,2019,4824,NADA,201903,37,B,,gx-no-cache=1554901362306 HTTP/1.1" 200 93
190.171.149.90 - - [10/Apr/2019:10:06:26 -0300] "GET /cormun/servlet/hpexe_return? HTTP/1.1" 200 1040
190.171.149.90 - - [10/Apr/2019:10:06:26 -0300] "GET /cormun/servlet/trcontratosolicitud? HTTP/1.1" 200 7620
190.171.149.90 - - [10/Apr/2019:10:06:27 -0300] "GET /cormun/servlet/trcontratosolicitud? HTTP/1.1" 200 7616
190.171.149.90 - - [10/Apr/2019:10:06:50 -0300] "GET /cormun/servlet/solicitudotcontratos?INS,2019,0,10054303,6,2,2019,4824,NADA,201903,37,B, HTTP/1.1" 200 10074
190.171.149.90 - - [10/Apr/2019:10:06:51 -0300] "GET /cormun/servlet/solicitudotcontratos?INS,2019,0,10054303,6,2,2019,4824,NADA,201903,37,B, HTTP/1.1" 200 10105
190.171.149.90 - - [10/Apr/2019:10:06:51 -0300] "GET /cormun/servlet/solicitudotcontratos?67df253b5486ea08f64eed772019675625aa0c94e0ce6cec5362bcf876095d9f8d72939fc6251e8abe05659e3c9246a0,gx-no-cache=1554901388171 HTTP/1.1" 200 30
190.171.149.90 - - [10/Apr/2019:10:06:51 -0300] "GET /cormun/servlet/solicitudotcontratos?67df253b5486ea08f64eed7720196756a96405424d46ba21cbe5da75956e85ad043a85ffdc226fae74eebf0562d2cb07,gx-no-cache=1554901388213 HTTP/1.1" 200 30
190.171.149.90 - - [10/Apr/2019:10:06:51 -0300] "GET /cormun/servlet/solicitudotcontratos?67df253b5486ea08f64eed77201967565b167c28f86a6a218d15e424aa18177f2082ccc9c61ba59f8f3fa2d928a49eeeb49d5af6cf405e070779e474c09a39e774f7b34379359a2c1954587b1bde5c216ed3ba81000d0e32298bf58f127b218e8e5f57bf10ee0340fd7f8816d4aaa826f4646239d4074183d6dca478543c3a10,gx-no-cache=1554901388239 HTTP/1.1" 200 48
190.171.149.90 - - [10/Apr/2019:10:06:52 -0300] "GET /cormun/servlet/solicitudotcontratos?67df253b5486ea08f64eed7720196756625b6adff60d162710a89852d516ad01a1790ba91a7959fa8ceddb49409d7748,gx-no-cache=1554901388269 HTTP/1.1" 200 30
190.171.149.90 - - [10/Apr/2019:10:06:52 -0300] "GET /cormun/servlet/solicitudotcontratos?67df253b5486ea08f64eed77201967564005abc7a035afa24981abbf918965373d5fabdf5d6c1a18dc90615a75bc4974d8410877538daeee0e34c19b0688367a9b4440f74f45a6cf63ea93fdbe6da1cd829981d982d87dc8835be30dea002053709cad3cc36838227e6378a797dc69c9,gx-no-cache=1554901388307 HTTP/1.1" 200 30
190.171.149.90 - - [10/Apr/2019:10:06:52 -0300] "GET /cormun/servlet/solicitudotcontratos?67df253b5486ea08f64eed772019675623d2c3094949c5bf24fb5662fd02dee654c1c37e2ae08691328828233ae2c41bd8410877538daeee0e34c19b0688367a9f954dc510872ab91882a36d982d3b2d240ba71d4d18f598cde2430fe29dcb1bba50bf4484d715e000db7d7a2f941401,gx-no-cache=1554901388381 HTTP/1.1" 200 110
190.171.149.90 - - [10/Apr/2019:10:06:52 -0300] "POST /cormun/servlet/solicitudotcontratos?gx-no-cache=1554901388501 HTTP/1.1" 200 97
190.171.149.90 - - [10/Apr/2019:10:06:52 -0300] "GET /cormun/servlet/solicitudotcontratos?67df253b5486ea08f64eed7720196756dd5c94c76ce0f37856c136f56a76b6511f4c6cfd0968bcf8d149d5b5268c162be827b17b68b77eb8170d6accfe343cb0124a45afef677abe0f466de5325cf8a0d57eae3344c56d66a3f9f1b8571a984314cf9248aff21269825ae173de6761532211c2e0e62d24f57f557faa02deb43e17e33dfa521a25658e095350bf1e6883a458e7b0e01eb07b6a539c6fdfb4ad40b14d8a3cc35a92a91cbdd04483baf7d0a6e0a08105937e7d2a695c2af00738c02c2334501a71b14bbb14c24c126d4061,gx-no-cache=1554901388638 HTTP/1.1" 200 73
190.171.143.106 - - [10/Apr/2019:10:07:00 -0300] "GET /cormun/servlet/hlogin HTTP/1.1" 200 1723
190.171.143.106 - - [10/Apr/2019:10:07:05 -0300] "POST /cormun/servlet/hlogin?52c3c1e7a22b25a65192ccf1f0b6e7e2,gx-no-cache=1554901403279 HTTP/1.1" 200 90
190.171.143.106 - - [10/Apr/2019:10:07:05 -0300] "GET /cormun/servlet/hpexe_link HTTP/1.1" 200 951
190.171.143.106 - - [10/Apr/2019:10:07:05 -0300] "GET /cormun/servlet/hhome HTTP/1.1" 200 4076
190.171.143.106 - - [10/Apr/2019:10:07:06 -0300] "GET /cormun/servlet/hhome HTTP/1.1" 200 4072
190.171.141.82 - - [10/Apr/2019:10:07:22 -0300] "POST /cormun/servlet/solicitudot?cff0121be2581edb84b15f25e60fbbf7,INS,0,0,,gx-no-cache=1554901417144 HTTP/1.1" 200 11832
190.171.141.82 - - [10/Apr/2019:10:07:22 -0300] "GET /cormun/static/Shared/jqueryui/images/ui-bg_highlight-soft_100_c6c2c8_1x100.png HTTP/1.1" 404 1117
190.171.141.82 - - [10/Apr/2019:10:07:23 -0300] "GET /cormun/static/Shared/jqueryui/images/ui-bg_flat_55_fafafa_40x100.png HTTP/1.1" 404 1097
190.171.141.82 - - [10/Apr/2019:10:07:23 -0300] "GET /cormun/static/Shared/jqueryui/images/ui-icons_82798d_256x240.png HTTP/1.1" 404 1089
190.171.141.82 - - [10/Apr/2019:10:07:23 -0300] "GET /cormun/static/Shared/jqueryui/images/ui-icons_8d78a5_256x240.png HTTP/1.1" 404 1089
190.171.143.106 - - [10/Apr/2019:10:07:23 -0300] "GET /cormun/servlet/trlicencias? HTTP/1.1" 200 9862
190.171.143.106 - - [10/Apr/2019:10:07:24 -0300] "GET /cormun/servlet/trlicencias? HTTP/1.1" 200 9860
190.171.149.90 - - [10/Apr/2019:10:07:25 -0300] "GET /cormun/servlet/trcontratosolicitud? HTTP/1.1" 200 7606
190.171.141.82 - - [10/Apr/2019:10:07:26 -0300] "GET /cormun/servlet/solicitudot?c91e426d60f476bcd633a7a8afbc6af42a86dc7147c690d3b7b3281162d6821c5f7eb46fd03d57a59a9b781b684c67c4f9ef244183286bdadd178b153812f243,gx-no-cache=1554901418609 HTTP/1.1" 200 30
190.171.141.82 - - [10/Apr/2019:10:07:26 -0300] "GET /cormun/servlet/solicitudot?c91e426d60f476bcd633a7a8afbc6af4f929ea022302818b23dc12d1030e4119,gx-no-cache=1554901421046 HTTP/1.1" 200 29
190.171.149.90 - - [10/Apr/2019:10:07:26 -0300] "GET /cormun/servlet/trcontratosolicitud? HTTP/1.1" 200 7616
190.171.149.90 - - [10/Apr/2019:10:07:29 -0300] "GET /cormun/servlet/trsolicitudot? HTTP/1.1" 200 7499
190.171.149.90 - - [10/Apr/2019:10:07:30 -0300] "GET /cormun/servlet/trsolicitudot? HTTP/1.1" 200 7498
190.171.141.82 - - [10/Apr/2019:10:07:47 -0300] "POST /cormun/servlet/solicitudot?gx-no-cache=1554901442264 HTTP/1.1" 200 297
190.171.141.82 - - [10/Apr/2019:10:07:49 -0300] "GET /cormun/servlet/solicitudot?c91e426d60f476bcd633a7a8afbc6af45f36c4b6763b498b0ab78c66095ba1d937091236984e93b84c5d58688cb6bb0ad11579836dc8e560d82b61da7d977afdac2a1f62a3c0b8b7b44b6a86d5835a4d4a6517df430bcc986b22ac79baf406d624c3b8975ed5dde2e55ea17c5997f4ec4dec60e19bddfa7a0f446fadf838e0b8e41949173658d17328365012f75fac87ebe1bf898eec84e9f5fb95c4937bcb6c88800380d2c6ec18459035c6847fb616d8c5cef827437c6efcc2800b559f70807b9b17a139676d6b456f6e01c5d5b1caa61c529d488187fe8764e4138f8c3f5d982e6d1a9156a14d3fd9401324458863eca1bab181faeb449d2edc89bfc804c066259d7e7a270c3cebd44d256140203260b363fff030bb86965a725f423441783a40075cd68554e97b2f92f7a99aa97a7e017d6d6dba4de9d80614bf766c691dec2edf7895143f1a3a91cb87c5d4a5d6c8e66e2b85adcfc057f93e95c79bf3e9fd0deaa40c81c37c5413ef784285ebdc95958d4436fabd6f08034bf5017b35d1198105b89571bea55f344523fdb00252,gx-no-cache=1554901443904 HTTP/1.1" 200 30
190.171.149.90 - - [10/Apr/2019:10:07:49 -0300] "POST /cormun/servlet/trsolicitudot?81f02f23c5a5076b350c94d50a6260dc,,gx-no-cache=1554901445683 HTTP/1.1" 200 4563
190.171.141.82 - - [10/Apr/2019:10:07:50 -0300] "POST /cormun/servlet/solicitudot?gx-no-cache=1554901445296 HTTP/1.1" 200 30
190.171.141.82 - - [10/Apr/2019:10:07:51 -0300] "POST /cormun/servlet/solicitudot?gx-no-cache=1554901446243 HTTP/1.1" 200 1331
190.171.141.82 - - [10/Apr/2019:10:07:51 -0300] "POST /cormun/servlet/solicitudot?gx-no-cache=1554901446285 HTTP/1.1" 200 38
190.171.149.90 - - [10/Apr/2019:10:07:51 -0300] "POST /cormun/servlet/trsolicitudot?81f02f23c5a5076b350c94d50a6260dc,,gx-no-cache=1554901447755 HTTP/1.1" 200 4563
190.171.149.90 - - [10/Apr/2019:10:07:53 -0300] "GET /cormun/servlet/solicitudot?INS,0,0, HTTP/1.1" 200 15188
190.171.149.90 - - [10/Apr/2019:10:07:54 -0300] "GET /cormun/servlet/solicitudot?INS,0,0, HTTP/1.1" 200 15193
190.171.149.90 - - [10/Apr/2019:10:07:58 -0300] "POST /cormun/servlet/solicitudot?gx-no-cache=1554901454783 HTTP/1.1" 200 3508
190.171.149.90 - - [10/Apr/2019:10:07:58 -0300] "GET /cormun/static/Shared/jqueryui/images/ui-bg_highlight-soft_100_c6c2c8_1x100.png HTTP/1.1" 404 1117
190.171.149.90 - - [10/Apr/2019:10:07:58 -0300] "GET /cormun/static/Shared/jqueryui/images/ui-icons_82798d_256x240.png HTTP/1.1" 404 1089
190.171.149.90 - - [10/Apr/2019:10:07:58 -0300] "GET /cormun/static/Shared/jqueryui/images/ui-icons_ebccce_256x240.png HTTP/1.1" 404 1089
190.171.149.90 - - [10/Apr/2019:10:07:58 -0300] "GET /cormun/servlet/solicitudot?67df253b5486ea08f64eed772019675631c410cf4323cd384be17b03a628d51b,gx-no-cache=1554901454949 HTTP/1.1" 200 111
190.171.149.90 - - [10/Apr/2019:10:07:58 -0300] "GET /cormun/static/Shared/jqueryui/images/ui-bg_flat_55_994d53_40x100.png HTTP/1.1" 404 1097
190.171.149.90 - - [10/Apr/2019:10:08:08 -0300] "GET /cormun/servlet/trcontratounov2? HTTP/1.1" 200 8137
190.171.149.90 - - [10/Apr/2019:10:08:09 -0300] "GET /cormun/static/Resources/PXToolsAddSelectedAction.png HTTP/1.1" 200 3660
190.171.149.90 - - [10/Apr/2019:10:08:09 -0300] "GET /cormun/servlet/trcontratounov2? HTTP/1.1" 200 8131
190.171.141.82 - - [10/Apr/2019:10:08:19 -0300] "GET /cormun/servlet/solicitudot?c91e426d60f476bcd633a7a8afbc6af49bdfd47991eeba26c026cf27038082a52f3e14a6726b9de7d266a71c1e22cac7c94f4e8956cc1f0df645797438b85c9e8ab97b9a21e211c7834a5f504c1678013ae4684401d670a4027a35c3afd0abe6c2539275ce2fb482d965d1c6989df622,gx-no-cache=1554901473784 HTTP/1.1" 200 110
190.171.149.90 - - [10/Apr/2019:10:08:26 -0300] "POST /cormun/servlet/trcontratounov2?81f02f23c5a5076b350c94d50a6260dc,,gx-no-cache=1554901482169 HTTP/1.1" 200 5660
190.171.141.82 - - [10/Apr/2019:10:09:04 -0300] "POST /cormun/servlet/solicitudot?gx-no-cache=1554901518858 HTTP/1.1" 200 69
190.171.141.82 - - [10/Apr/2019:10:09:16 -0300] "GET /cormun/servlet/solicitudot?c91e426d60f476bcd633a7a8afbc6af4a3a67bffb47da127e971ac14b3055c34fdaf501ff773730afd577f000a6ef4ece11bc7bc9f2b4cf9f65107d1adc0ca18df32721233e878f8b2eb2caaefc9a282edc9266745e76b8129e65b50594fa3d157229635dd57ed9c690a500853fbd342,gx-no-cache=1554901531352 HTTP/1.1" 200 29
190.171.141.82 - - [10/Apr/2019:10:09:16 -0300] "GET /cormun/static/menuarrow.gif HTTP/1.1" 404 1015
190.171.141.82 - - [10/Apr/2019:10:09:18 -0300] "GET /cormun/servlet/solicitudot?c91e426d60f476bcd633a7a8afbc6af42f2b717b3525bdc89e4b6f0f0cc7a1ab7e3f06bdcc4d933aee98c5b05fa66269,gx-no-cache=1554901533670 HTTP/1.1" 200 30
190.171.142.18 - - [10/Apr/2019:10:09:21 -0300] "GET /cormun/servlet/trsolicitudot HTTP/1.1" 200 6413
190.171.149.90 - - [10/Apr/2019:10:09:23 -0300] "GET /cormun/servlet/trsolicitudot? HTTP/1.1" 200 7520
190.171.149.90 - - [10/Apr/2019:10:09:24 -0300] "GET /cormun/servlet/trsolicitudot? HTTP/1.1" 200 7519
190.171.142.18 - - [10/Apr/2019:10:09:29 -0300] "GET /cormun/servlet/trsolicitudot HTTP/1.1" 200 6411
190.171.142.18 - - [10/Apr/2019:10:09:29 -0300] "GET /cormun/servlet/hlogin HTTP/1.1" 200 1732
190.171.149.90 - - [10/Apr/2019:10:09:38 -0300] "POST /cormun/servlet/trsolicitudot?81f02f23c5a5076b350c94d50a6260dc,,gx-no-cache=1554901554198 HTTP/1.1" 200 4564
190.171.141.82 - - [10/Apr/2019:10:09:38 -0300] "POST /cormun/servlet/solicitudot?gx-no-cache=1554901553344 HTTP/1.1" 200 30
190.171.149.90 - - [10/Apr/2019:10:09:40 -0300] "GET /cormun/servlet/trsolicitudot? HTTP/1.1" 200 7533
190.171.149.90 - - [10/Apr/2019:10:09:41 -0300] "GET /cormun/servlet/trsolicitudot? HTTP/1.1" 200 7533
190.171.142.18 - - [10/Apr/2019:10:09:42 -0300] "POST /cormun/servlet/hlogin?50f2b4c4e443814135b42e3e2ca5414e,gx-no-cache=1554901735534 HTTP/1.1" 200 90
190.171.142.18 - - [10/Apr/2019:10:09:42 -0300] "GET /cormun/servlet/hpexe_link HTTP/1.1" 200 949
190.171.142.18 - - [10/Apr/2019:10:09:42 -0300] "GET /cormun/servlet/trsolicitudot HTTP/1.1" 200 8869
190.171.142.18 - - [10/Apr/2019:10:09:42 -0300] "GET /cormun/servlet/trsolicitudot HTTP/1.1" 200 8868
190.171.141.82 - - [10/Apr/2019:10:09:46 -0300] "POST /cormun/servlet/solicitudot?cff0121be2581edb84b15f25e60fbbf7,INS,0,0,,gx-no-cache=1554901560898 HTTP/1.1" 200 93
190.171.141.82 - - [10/Apr/2019:10:09:46 -0300] "GET /cormun/servlet/hpexe_return? HTTP/1.1" 200 1008
190.171.141.82 - - [10/Apr/2019:10:09:46 -0300] "GET /cormun/servlet/hhome HTTP/1.1" 200 4347
190.171.141.82 - - [10/Apr/2019:10:09:47 -0300] "GET /cormun/servlet/hhome HTTP/1.1" 200 4341
190.171.149.90 - - [10/Apr/2019:10:09:48 -0300] "POST /cormun/servlet/trsolicitudot?81f02f23c5a5076b350c94d50a6260dc,,gx-no-cache=1554901564184 HTTP/1.1" 200 4562
190.171.149.90 - - [10/Apr/2019:10:09:50 -0300] "GET /cormun/servlet/solicitudot?INS,0,0, HTTP/1.1" 200 15188
190.171.149.90 - - [10/Apr/2019:10:09:51 -0300] "GET /cormun/servlet/solicitudot?INS,0,0, HTTP/1.1" 200 15193
190.171.141.82 - - [10/Apr/2019:10:10:03 -0300] "GET /cormun/servlet/trsolicitudot? HTTP/1.1" 200 9642
190.171.141.82 - - [10/Apr/2019:10:10:04 -0300] "GET /cormun/servlet/trsolicitudot? HTTP/1.1" 200 9640
190.171.141.82 - - [10/Apr/2019:10:10:11 -0300] "POST /cormun/servlet/trsolicitudot?cff0121be2581edb84b15f25e60fbbf7,,gx-no-cache=1554901586199 HTTP/1.1" 200 107
190.171.141.82 - - [10/Apr/2019:10:10:11 -0300] "GET /cormun/servlet/trsolicitudadjuntos?2019,15240, HTTP/1.1" 200 6443
190.171.141.82 - - [10/Apr/2019:10:10:12 -0300] "GET /cormun/servlet/trsolicitudadjuntos?2019,15240, HTTP/1.1" 200 6443
190.171.149.90 - - [10/Apr/2019:10:10:23 -0300] "GET /cormun/static/Resources/resize.gif HTTP/1.1" 200 77
190.171.149.90 - - [10/Apr/2019:10:10:24 -0300] "GET /cormun/servlet/prfichaempleado?,MD,,gxPopupLevel%3D0%3B HTTP/1.1" 200 9377
190.171.149.90 - - [10/Apr/2019:10:10:24 -0300] "GET /cormun/static/gxcfg.js?20177612134814 HTTP/1.1" 200 953
190.171.149.90 - - [10/Apr/2019:10:10:24 -0300] "GET /cormun/static/hmpwkw011.js?20177612121862 HTTP/1.1" 304 -
190.171.149.90 - - [10/Apr/2019:10:10:24 -0300] "GET /cormun/static/Resources/PXToolsMenuSearch.png HTTP/1.1" 200 2914
190.171.149.90 - - [10/Apr/2019:10:10:24 -0300] "GET /cormun/static/Resources/PXToolsMenuSearchCancel.png HTTP/1.1" 200 2972
190.171.141.82 - - [10/Apr/2019:10:10:35 -0300] "GET /cormun/servlet/solicitudotadjuntos?INS,2019,15240,,1, HTTP/1.1" 200 6388
190.171.141.82 - - [10/Apr/2019:10:10:35 -0300] "GET /cormun/static/about:blank HTTP/1.1" 404 1011
190.171.141.82 - - [10/Apr/2019:10:10:35 -0300] "GET /cormun/servlet/solicitudotadjuntos?INS,2019,15240,,1, HTTP/1.1" 200 6380
190.171.141.82 - - [10/Apr/2019:10:10:36 -0300] "GET /cormun/servlet/solicitudotadjuntos?c91e426d60f476bcd633a7a8afbc6af4d6940a3ba219940b73c93ee551c99b08d075e05d7090e68b595951d23fb2fc0a,gx-no-cache=1554901611101 HTTP/1.1" 200 30
190.171.141.82 - - [10/Apr/2019:10:10:36 -0300] "POST /cormun/servlet/solicitudotadjuntos?cff0121be2581edb84b15f25e60fbbf7,INS,2019,15240,,1,,gx-no-cache=1554901611125 HTTP/1.1" 200 4066
190.171.141.82 - - [10/Apr/2019:10:10:37 -0300] "POST /cormun/servlet/solicitudotadjuntos?gx-no-cache=1554901612563 HTTP/1.1" 200 26
190.171.149.90 - - [10/Apr/2019:10:10:38 -0300] "POST /cormun/servlet/prfichaempleado?81f02f23c5a5076b350c94d50a6260dc,,MD,,gxPopupLevel%3D0%3B,gx-no-cache=1554901614364 HTTP/1.1" 200 3413
190.171.141.82 - - [10/Apr/2019:10:10:40 -0300] "GET /cormun/servlet/solicitudotadjuntos?c91e426d60f476bcd633a7a8afbc6af4fb111e807da5dab0cdfe89d072861d44,gx-no-cache=1554901615633 HTTP/1.1" 200 30
190.171.141.82 - - [10/Apr/2019:10:10:40 -0300] "GET /cormun/servlet/solicitudotadjuntos?c91e426d60f476bcd633a7a8afbc6af4fb111e807da5dab0cdfe89d072861d44,gx-no-cache=1554901615649 HTTP/1.1" 200 30
190.171.141.82 - - [10/Apr/2019:10:10:41 -0300] "POST /cormun/servlet/solicitudotadjuntos?cff0121be2581edb84b15f25e60fbbf7,INS,2019,15240,,1, HTTP/1.1" 200 116
190.171.141.82 - - [10/Apr/2019:10:10:41 -0300] "GET /cormun/servlet/hpexe_return? HTTP/1.1" 200 1028
190.171.141.82 - - [10/Apr/2019:10:10:41 -0300] "GET /cormun/servlet/trsolicitudadjuntos?2019,15240, HTTP/1.1" 200 9109
190.171.141.82 - - [10/Apr/2019:10:10:41 -0300] "GET /cormun/servlet/trsolicitudadjuntos?2019,15240, HTTP/1.1" 200 9107
190.171.149.90 - - [10/Apr/2019:10:10:41 -0300] "POST /cormun/servlet/solicitudot?gx-no-cache=1554901618108 HTTP/1.1" 200 3555
190.171.149.90 - - [10/Apr/2019:10:10:42 -0300] "POST /cormun/servlet/solicitudot?81f02f23c5a5076b350c94d50a6260dc,INS,0,0,,gx-no-cache=1554901618278 HTTP/1.1" 200 12002
190.171.149.90 - - [10/Apr/2019:10:10:42 -0300] "GET /cormun/servlet/solicitudot?67df253b5486ea08f64eed7720196756a96405424d46ba21cbe5da75956e85ad709cad3cc36838227e6378a797dc69c9,gx-no-cache=1554901618505 HTTP/1.1" 200 30
190.171.141.82 - - [10/Apr/2019:10:10:44 -0300] "GET /cormun/servlet/solicitudotadjuntos?INS,2019,15240,,1, HTTP/1.1" 200 6388
190.171.141.82 - - [10/Apr/2019:10:10:44 -0300] "GET /cormun/static/about:blank HTTP/1.1" 404 1011
190.171.141.82 - - [10/Apr/2019:10:10:44 -0300] "GET /cormun/servlet/solicitudotadjuntos?INS,2019,15240,,1, HTTP/1.1" 200 6380
190.171.141.82 - - [10/Apr/2019:10:10:44 -0300] "GET /cormun/servlet/solicitudotadjuntos?c91e426d60f476bcd633a7a8afbc6af4d6940a3ba219940b73c93ee551c99b08d075e05d7090e68b595951d23fb2fc0a,gx-no-cache=1554901619552 HTTP/1.1" 200 30
190.171.141.82 - - [10/Apr/2019:10:10:44 -0300] "POST /cormun/servlet/solicitudotadjuntos?cff0121be2581edb84b15f25e60fbbf7,INS,2019,15240,,1,,gx-no-cache=1554901619573 HTTP/1.1" 200 4066
190.171.141.82 - - [10/Apr/2019:10:10:46 -0300] "POST /cormun/servlet/solicitudotadjuntos?gx-no-cache=1554901621127 HTTP/1.1" 200 26
190.171.149.90 - - [10/Apr/2019:10:10:48 -0300] "GET /cormun/servlet/solicitudot?67df253b5486ea08f64eed7720196756d18719b235e7ff3dd326bb3e833a56cde27969f302b481c20fba87976194888b81a4de5d479c34f0b188ef5f64e77761,gx-no-cache=1554901625063 HTTP/1.1" 200 30
190.171.149.90 - - [10/Apr/2019:10:10:48 -0300] "GET /cormun/servlet/solicitudot?67df253b5486ea08f64eed7720196756f1df8425c4cc1b2fe0a479970ce24bd0,gx-no-cache=1554901625174 HTTP/1.1" 200 123
190.171.149.90 - - [10/Apr/2019:10:10:49 -0300] "GET /cormun/static/Shared/jqueryui/images/ui-bg_highlight-soft_100_c6c2c8_1x100.png HTTP/1.1" 404 1117
190.171.149.90 - - [10/Apr/2019:10:10:49 -0300] "GET /cormun/static/Shared/jqueryui/images/ui-icons_82798d_256x240.png HTTP/1.1" 404 1089
190.171.149.90 - - [10/Apr/2019:10:10:49 -0300] "POST /cormun/servlet/solicitudot?gx-no-cache=1554901625313 HTTP/1.1" 200 255
190.171.149.90 - - [10/Apr/2019:10:10:49 -0300] "GET /cormun/static/Shared/jqueryui/images/ui-bg_flat_55_994d53_40x100.png HTTP/1.1" 404 1097
190.171.149.90 - - [10/Apr/2019:10:10:49 -0300] "GET /cormun/static/Shared/jqueryui/images/ui-icons_ebccce_256x240.png HTTP/1.1" 404 1089
190.171.149.90 - - [10/Apr/2019:10:10:49 -0300] "GET /cormun/servlet/solicitudot?67df253b5486ea08f64eed77201967566abdfd9609da4ada536eef31eb90a3b37ea0b1758c724916d61a64d88d1deae629532272783b261b775287c0af3f09398417ff3f410a691ee37af9603ab582585e2c6649b4653f92a17855df19d72569390a1eeea7ee802924f4bfdceb1f6d9cc8c1dd9d06c6b6d08597b69f95d4cc88993af463b4dabe3b475d62e7fcc9dbeb5aba4e9e538404c2d4b9584b0416361b364533aa1e59c11cbc6878eaf5776bb9aa0d9a2f2d5af8244309518c43b0178e96ebb8e607a126c8f098ed55a7a4e571f7603f7540db44589028a0b25c2091294119329a8d2322cc99c709b7bf4fe60ea8e55e60e78a3df77fdc568e9ef76e745536f6c18b6341866133cd47b179f481bbc414270570e4e11d8eb60a6eb60c4f609aa4cd688694213c89bc9ffa82deac2fafb7e1d461d46763ba89221e4a45c7effa3769900bbe6fae338e0077ed166f36615fa15546be5cbe434da29472fc686c65171f1ab43c14bff354772881ac4efe7d2cfdc6167fe51d4ad9f4f122c68f,gx-no-cache=1554901625517 HTTP/1.1" 200 30
190.171.141.82 - - [10/Apr/2019:10:10:54 -0300] "POST /cormun/servlet/solicitudotadjuntos?cff0121be2581edb84b15f25e60fbbf7,INS,2019,15240,,1,,gx-no-cache=1554901628977 HTTP/1.1" 200 93
190.171.141.82 - - [10/Apr/2019:10:10:54 -0300] "GET /cormun/servlet/hpexe_return? HTTP/1.1" 200 1028
190.171.141.82 - - [10/Apr/2019:10:10:54 -0300] "GET /cormun/servlet/trsolicitudadjuntos?2019,15240, HTTP/1.1" 200 9108
190.171.141.82 - - [10/Apr/2019:10:10:55 -0300] "GET /cormun/servlet/trsolicitudadjuntos?2019,15240, HTTP/1.1" 200 9107
190.171.141.82 - - [10/Apr/2019:10:10:57 -0300] "GET /cormun/servlet/solicitudotadjuntos?DLT,2019,15240,CARNET,0, HTTP/1.1" 200 6384
190.171.141.82 - - [10/Apr/2019:10:10:58 -0300] "GET /cormun/static/Shared/jqueryui/images/ui-bg_highlight-soft_100_c6c2c8_1x100.png HTTP/1.1" 404 1117
190.171.141.82 - - [10/Apr/2019:10:10:59 -0300] "GET /cormun/static/Shared/jqueryui/images/ui-icons_82798d_256x240.png HTTP/1.1" 404 1089
190.171.141.82 - - [10/Apr/2019:10:10:59 -0300] "GET /cormun/static/Shared/jqueryui/images/ui-bg_flat_55_fafafa_40x100.png HTTP/1.1" 404 1097
190.171.141.82 - - [10/Apr/2019:10:10:59 -0300] "GET /cormun/static/Shared/jqueryui/images/ui-icons_8d78a5_256x240.png HTTP/1.1" 404 1089
190.171.141.82 - - [10/Apr/2019:10:10:59 -0300] "GET /cormun/PublicTempStorage/carmen_gloria_herrera_miranda_-_carnet3101721.pdf HTTP/1.1" 200 208088
190.171.149.90 - - [10/Apr/2019:10:10:59 -0300] "POST /cormun/servlet/solicitudot?gx-no-cache=1554901635738 HTTP/1.1" 200 30
190.171.141.82 - - [10/Apr/2019:10:10:59 -0300] "GET /cormun/servlet/solicitudotadjuntos?DLT,2019,15240,CARNET,0, HTTP/1.1" 200 6379
190.171.141.82 - - [10/Apr/2019:10:11:00 -0300] "POST /cormun/servlet/solicitudotadjuntos?cff0121be2581edb84b15f25e60fbbf7,DLT,2019,15240,CARNET,0,,gx-no-cache=1554901635098 HTTP/1.1" 200 93
190.171.141.82 - - [10/Apr/2019:10:11:00 -0300] "GET /cormun/servlet/hpexe_return? HTTP/1.1" 200 1032
190.171.141.82 - - [10/Apr/2019:10:11:00 -0300] "GET /cormun/servlet/trsolicitudadjuntos?2019,15240, HTTP/1.1" 200 6446
190.171.141.82 - - [10/Apr/2019:10:11:01 -0300] "GET /cormun/servlet/trsolicitudadjuntos?2019,15240, HTTP/1.1" 200 6443
190.171.141.82 - - [10/Apr/2019:10:11:02 -0300] "GET /cormun/servlet/solicitudotadjuntos?INS,2019,15240,,1, HTTP/1.1" 200 6388
190.171.141.82 - - [10/Apr/2019:10:11:02 -0300] "GET /cormun/static/about:blank HTTP/1.1" 404 1011
190.171.141.82 - - [10/Apr/2019:10:11:03 -0300] "GET /cormun/servlet/solicitudotadjuntos?c91e426d60f476bcd633a7a8afbc6af4d6940a3ba219940b73c93ee551c99b08d075e05d7090e68b595951d23fb2fc0a,gx-no-cache=1554901638243 HTTP/1.1" 200 30
190.171.141.82 - - [10/Apr/2019:10:11:03 -0300] "GET /cormun/servlet/solicitudotadjuntos?INS,2019,15240,,1, HTTP/1.1" 200 6380
190.171.141.82 - - [10/Apr/2019:10:11:03 -0300] "POST /cormun/servlet/solicitudotadjuntos?cff0121be2581edb84b15f25e60fbbf7,INS,2019,15240,,1,,gx-no-cache=1554901638587 HTTP/1.1" 200 4066
190.171.141.82 - - [10/Apr/2019:10:11:05 -0300] "POST /cormun/servlet/solicitudotadjuntos?gx-no-cache=1554901640213 HTTP/1.1" 200 26
190.171.149.90 - - [10/Apr/2019:10:11:05 -0300] "POST /cormun/servlet/solicitudot?gx-no-cache=1554901641859 HTTP/1.1" 200 1335
190.171.149.90 - - [10/Apr/2019:10:11:05 -0300] "POST /cormun/servlet/solicitudot?gx-no-cache=1554901642027 HTTP/1.1" 200 38
190.171.149.90 - - [10/Apr/2019:10:11:05 -0300] "GET /cormun/servlet/solicitudot?67df253b5486ea08f64eed772019675623d2c3094949c5bf24fb5662fd02dee654c1c37e2ae08691328828233ae2c41bd8410877538daeee0e34c19b0688367a9f954dc510872ab91882a36d982d3b2d240ba71d4d18f598cde2430fe29dcb1bba50bf4484d715e000db7d7a2f941401,gx-no-cache=1554901642169 HTTP/1.1" 200 110
190.171.149.90 - - [10/Apr/2019:10:11:06 -0300] "POST /cormun/servlet/solicitudot?gx-no-cache=1554901642266 HTTP/1.1" 200 97
190.171.142.18 - - [10/Apr/2019:10:11:07 -0300] "GET /cormun/servlet/trlicencias? HTTP/1.1" 200 9703
190.171.142.18 - - [10/Apr/2019:10:11:07 -0300] "GET /cormun/static/gxcfg.js?20176272054169 HTTP/1.1" 200 953
190.171.142.18 - - [10/Apr/2019:10:11:07 -0300] "GET /cormun/static/trlicencias.js?20176272054837 HTTP/1.1" 200 41883
190.171.142.18 - - [10/Apr/2019:10:11:07 -0300] "GET /cormun//static/Resources/PXToolsActionDisabled.gif HTTP/1.1" 200 53
190.171.142.18 - - [10/Apr/2019:10:11:07 -0300] "GET /cormun//static/Resources/PXToolsGridDisplay.png HTTP/1.1" 200 362
190.171.142.18 - - [10/Apr/2019:10:11:07 -0300] "GET /cormun//static/Resources/PXToolsActionPrint.png HTTP/1.1" 200 3317
190.171.142.18 - - [10/Apr/2019:10:11:07 -0300] "GET /cormun//static/Resources/PXToolsHeaderFavorites.png HTTP/1.1" 200 2744
190.171.142.18 - - [10/Apr/2019:10:11:07 -0300] "GET /cormun//static/Resources/PXToolsHeaderHelp.png HTTP/1.1" 200 4055
190.171.142.18 - - [10/Apr/2019:10:11:07 -0300] "GET /cormun/servlet/trlicencias? HTTP/1.1" 200 9702
190.171.142.18 - - [10/Apr/2019:10:11:14 -0300] "GET /cormun/servlet/licenciaspermisos?INS,0,,, HTTP/1.1" 200 7866
190.171.142.18 - - [10/Apr/2019:10:11:14 -0300] "GET /cormun/static/gxcfg.js?201762917281167 HTTP/1.1" 200 953
190.171.142.18 - - [10/Apr/2019:10:11:14 -0300] "GET /cormun/static/licenciaspermisos.js?201762917281260 HTTP/1.1" 200 37491
190.171.142.18 - - [10/Apr/2019:10:11:14 -0300] "GET /cormun/servlet/licenciaspermisos?INS,0,,, HTTP/1.1" 200 7874
190.171.142.18 - - [10/Apr/2019:10:11:30 -0300] "GET /cormun/servlet/licenciaspermisos?9d38b31d2f2a470dae175a654580939705a4ee38db5598e99c27d339e534287cdaa33a6d518bbed915b58eec002c0a1b,gx-no-cache=1554901843984 HTTP/1.1" 200 90
190.171.142.18 - - [10/Apr/2019:10:11:31 -0300] "POST /cormun/servlet/licenciaspermisos?50f2b4c4e443814135b42e3e2ca5414e,INS,0,,,,gx-no-cache=1554901844417 HTTP/1.1" 200 4946
190.171.141.82 - - [10/Apr/2019:10:11:40 -0300] "POST /cormun/servlet/solicitudotadjuntos?cff0121be2581edb84b15f25e60fbbf7,INS,2019,15240,,1, HTTP/1.1" 200 116
190.171.141.82 - - [10/Apr/2019:10:11:40 -0300] "GET /cormun/servlet/hpexe_return? HTTP/1.1" 200 1028
190.171.141.82 - - [10/Apr/2019:10:11:40 -0300] "GET /cormun/servlet/trsolicitudadjuntos?2019,15240, HTTP/1.1" 200 6446
190.171.141.82 - - [10/Apr/2019:10:11:41 -0300] "GET /cormun/servlet/trsolicitudadjuntos?2019,15240, HTTP/1.1" 200 6443
190.171.141.82 - - [10/Apr/2019:10:11:42 -0300] "GET /cormun/servlet/solicitudotadjuntos?INS,2019,15240,,1, HTTP/1.1" 200 6388
190.171.141.82 - - [10/Apr/2019:10:11:42 -0300] "GET /cormun/static/about:blank HTTP/1.1" 404 1011
190.171.142.18 - - [10/Apr/2019:10:11:42 -0300] "GET /cormun/static/menuarrow.gif HTTP/1.1" 404 1015
190.171.141.82 - - [10/Apr/2019:10:11:42 -0300] "GET /cormun/servlet/solicitudotadjuntos?INS,2019,15240,,1, HTTP/1.1" 200 6380
190.171.141.82 - - [10/Apr/2019:10:11:43 -0300] "GET /cormun/servlet/solicitudotadjuntos?c91e426d60f476bcd633a7a8afbc6af4d6940a3ba219940b73c93ee551c99b08d075e05d7090e68b595951d23fb2fc0a,gx-no-cache=1554901678081 HTTP/1.1" 200 30
190.171.141.82 - - [10/Apr/2019:10:11:43 -0300] "POST /cormun/servlet/solicitudotadjuntos?cff0121be2581edb84b15f25e60fbbf7,INS,2019,15240,,1,,gx-no-cache=1554901678109 HTTP/1.1" 200 4066
190.171.141.82 - - [10/Apr/2019:10:11:45 -0300] "POST /cormun/servlet/solicitudotadjuntos?gx-no-cache=1554901679940 HTTP/1.1" 200 26
190.171.141.82 - - [10/Apr/2019:10:11:48 -0300] "GET /cormun/servlet/solicitudotadjuntos?c91e426d60f476bcd633a7a8afbc6af4fb111e807da5dab0cdfe89d072861d44,gx-no-cache=1554901683599 HTTP/1.1" 200 30
190.171.141.82 - - [10/Apr/2019:10:11:49 -0300] "GET /cormun/servlet/solicitudotadjuntos?c91e426d60f476bcd633a7a8afbc6af4fb111e807da5dab0cdfe89d072861d44,gx-no-cache=1554901683697 HTTP/1.1" 200 30
190.171.141.82 - - [10/Apr/2019:10:11:49 -0300] "POST /cormun/servlet/solicitudotadjuntos?cff0121be2581edb84b15f25e60fbbf7,INS,2019,15240,,1, HTTP/1.1" 200 116
190.171.141.82 - - [10/Apr/2019:10:11:49 -0300] "GET /cormun/servlet/hpexe_return? HTTP/1.1" 200 1028
190.171.141.82 - - [10/Apr/2019:10:11:49 -0300] "GET /cormun/servlet/trsolicitudadjuntos?2019,15240, HTTP/1.1" 200 9120
190.171.141.82 - - [10/Apr/2019:10:11:50 -0300] "GET /cormun/servlet/trsolicitudadjuntos?2019,15240, HTTP/1.1" 200 9120
190.171.141.82 - - [10/Apr/2019:10:11:51 -0300] "GET /cormun/servlet/solicitudotadjuntos?INS,2019,15240,,1, HTTP/1.1" 200 6388
190.171.141.82 - - [10/Apr/2019:10:11:52 -0300] "GET /cormun/static/about:blank HTTP/1.1" 404 1011
190.171.141.82 - - [10/Apr/2019:10:11:52 -0300] "GET /cormun/servlet/solicitudotadjuntos?INS,2019,15240,,1, HTTP/1.1" 200 6380
190.171.141.82 - - [10/Apr/2019:10:11:52 -0300] "GET /cormun/servlet/solicitudotadjuntos?c91e426d60f476bcd633a7a8afbc6af4d6940a3ba219940b73c93ee551c99b08d075e05d7090e68b595951d23fb2fc0a,gx-no-cache=1554901687451 HTTP/1.1" 200 30
190.171.141.82 - - [10/Apr/2019:10:11:52 -0300] "POST /cormun/servlet/solicitudotadjuntos?cff0121be2581edb84b15f25e60fbbf7,INS,2019,15240,,1,,gx-no-cache=1554901687471 HTTP/1.1" 200 4066
190.171.141.82 - - [10/Apr/2019:10:11:53 -0300] "POST /cormun/servlet/solicitudotadjuntos?gx-no-cache=1554901688568 HTTP/1.1" 200 26
190.171.141.82 - - [10/Apr/2019:10:11:58 -0300] "GET /cormun/servlet/solicitudotadjuntos?c91e426d60f476bcd633a7a8afbc6af4fb111e807da5dab0cdfe89d072861d44,gx-no-cache=1554901693503 HTTP/1.1" 200 30
190.171.141.82 - - [10/Apr/2019:10:11:58 -0300] "GET /cormun/servlet/solicitudotadjuntos?c91e426d60f476bcd633a7a8afbc6af4fb111e807da5dab0cdfe89d072861d44,gx-no-cache=1554901693519 HTTP/1.1" 200 30
190.171.141.82 - - [10/Apr/2019:10:11:59 -0300] "POST /cormun/servlet/solicitudotadjuntos?cff0121be2581edb84b15f25e60fbbf7,INS,2019,15240,,1, HTTP/1.1" 200 116
190.171.141.82 - - [10/Apr/2019:10:11:59 -0300] "GET /cormun/servlet/hpexe_return? HTTP/1.1" 200 1028
190.171.141.82 - - [10/Apr/2019:10:11:59 -0300] "GET /cormun/servlet/trsolicitudadjuntos?2019,15240, HTTP/1.1" 200 9343
190.171.141.82 - - [10/Apr/2019:10:12:00 -0300] "GET /cormun/servlet/trsolicitudadjuntos?2019,15240, HTTP/1.1" 200 9342
190.171.141.82 - - [10/Apr/2019:10:12:04 -0300] "GET /cormun/servlet/solicitudotadjuntos?INS,2019,15240,,1, HTTP/1.1" 200 6388
190.171.141.82 - - [10/Apr/2019:10:12:04 -0300] "GET /cormun/static/about:blank HTTP/1.1" 404 1011
190.171.141.82 - - [10/Apr/2019:10:12:05 -0300] "GET /cormun/servlet/solicitudotadjuntos?INS,2019,15240,,1, HTTP/1.1" 200 6380
190.171.141.82 - - [10/Apr/2019:10:12:05 -0300] "GET /cormun/servlet/solicitudotadjuntos?c91e426d60f476bcd633a7a8afbc6af4d6940a3ba219940b73c93ee551c99b08d075e05d7090e68b595951d23fb2fc0a,gx-no-cache=1554901700247 HTTP/1.1" 200 30
190.171.141.82 - - [10/Apr/2019:10:12:05 -0300] "POST /cormun/servlet/solicitudotadjuntos?cff0121be2581edb84b15f25e60fbbf7,INS,2019,15240,,1,,gx-no-cache=1554901700266 HTTP/1.1" 200 4066
190.171.141.82 - - [10/Apr/2019:10:12:07 -0300] "POST /cormun/servlet/solicitudotadjuntos?gx-no-cache=1554901701815 HTTP/1.1" 200 26
190.171.141.82 - - [10/Apr/2019:10:12:12 -0300] "GET /cormun/servlet/solicitudotadjuntos?c91e426d60f476bcd633a7a8afbc6af4fb111e807da5dab0cdfe89d072861d44,gx-no-cache=1554901706776 HTTP/1.1" 200 30
190.171.141.82 - - [10/Apr/2019:10:12:12 -0300] "GET /cormun/servlet/solicitudotadjuntos?c91e426d60f476bcd633a7a8afbc6af4fb111e807da5dab0cdfe89d072861d44,gx-no-cache=1554901706792 HTTP/1.1" 200 30
190.171.141.82 - - [10/Apr/2019:10:12:12 -0300] "POST /cormun/servlet/solicitudotadjuntos?cff0121be2581edb84b15f25e60fbbf7,INS,2019,15240,,1, HTTP/1.1" 200 116
190.171.141.82 - - [10/Apr/2019:10:12:12 -0300] "GET /cormun/servlet/hpexe_return? HTTP/1.1" 200 1028
190.171.141.82 - - [10/Apr/2019:10:12:13 -0300] "GET /cormun/servlet/trsolicitudadjuntos?2019,15240, HTTP/1.1" 200 9527
190.171.141.82 - - [10/Apr/2019:10:12:13 -0300] "GET /cormun/servlet/trsolicitudadjuntos?2019,15240, HTTP/1.1" 200 9525
190.171.141.82 - - [10/Apr/2019:10:12:15 -0300] "GET /cormun/servlet/solicitudotadjuntos?INS,2019,15240,,1, HTTP/1.1" 200 6388
190.171.141.82 - - [10/Apr/2019:10:12:15 -0300] "GET /cormun/static/about:blank HTTP/1.1" 404 1011
190.171.141.82 - - [10/Apr/2019:10:12:15 -0300] "GET /cormun/servlet/solicitudotadjuntos?INS,2019,15240,,1, HTTP/1.1" 200 6380
190.171.141.82 - - [10/Apr/2019:10:12:15 -0300] "GET /cormun/servlet/solicitudotadjuntos?c91e426d60f476bcd633a7a8afbc6af4d6940a3ba219940b73c93ee551c99b08d075e05d7090e68b595951d23fb2fc0a,gx-no-cache=1554901710741 HTTP/1.1" 200 30
190.171.141.82 - - [10/Apr/2019:10:12:16 -0300] "POST /cormun/servlet/solicitudotadjuntos?cff0121be2581edb84b15f25e60fbbf7,INS,2019,15240,,1,,gx-no-cache=1554901710760 HTTP/1.1" 200 4066
190.171.141.82 - - [10/Apr/2019:10:12:20 -0300] "POST /cormun/servlet/solicitudotadjuntos?gx-no-cache=1554901715191 HTTP/1.1" 200 26
190.171.141.82 - - [10/Apr/2019:10:12:23 -0300] "GET /cormun/servlet/solicitudotadjuntos?c91e426d60f476bcd633a7a8afbc6af4fb111e807da5dab0cdfe89d072861d44,gx-no-cache=1554901718591 HTTP/1.1" 200 30
190.171.141.82 - - [10/Apr/2019:10:12:23 -0300] "GET /cormun/servlet/solicitudotadjuntos?c91e426d60f476bcd633a7a8afbc6af4fb111e807da5dab0cdfe89d072861d44,gx-no-cache=1554901718607 HTTP/1.1" 200 30
190.171.141.82 - - [10/Apr/2019:10:12:24 -0300] "POST /cormun/servlet/solicitudotadjuntos?cff0121be2581edb84b15f25e60fbbf7,INS,2019,15240,,1, HTTP/1.1" 200 116
190.171.141.82 - - [10/Apr/2019:10:12:24 -0300] "GET /cormun/servlet/hpexe_return? HTTP/1.1" 200 1028
190.171.141.82 - - [10/Apr/2019:10:12:24 -0300] "GET /cormun/servlet/trsolicitudadjuntos?2019,15240, HTTP/1.1" 200 9728
190.171.141.82 - - [10/Apr/2019:10:12:25 -0300] "GET /cormun/servlet/trsolicitudadjuntos?2019,15240, HTTP/1.1" 200 9724
190.171.142.18 - - [10/Apr/2019:10:12:26 -0300] "GET /cormun/servlet/licenciaspermisos?9d38b31d2f2a470dae175a65458093975feabe7acdb48c4b75a453d73559c0f892c78ad58cc204e8d655e16983ec939fabfe289ab4aea55430142fa5850ece6236e5c5807f1d03ec3ec43a99551b585593576c876a660e7778786339420c0d90d01d8eaf3640061dd9f7a9d4e8502a8d2297daf19dae78b4f65c77bd6b2fcc22a62badf227423cec6ff0d6100daffd894380feb9d90f149c2b36d5ab1cb96c4c7d3e3dea20f23f58b6cf501c852ee9b2,gx-no-cache=1554901899774 HTTP/1.1" 200 30
190.171.142.18 - - [10/Apr/2019:10:12:26 -0300] "GET /cormun/servlet/licenciaspermisos?9d38b31d2f2a470dae175a6545809397acfa3bb2287715d049436252dca9708704ff5856d120d278c9a19829a21f86b2242a392b1328dcb9ae6d9f983e0f9664f99769e037610f55ed08473c8c0dba22fb805fdf7c993cfdee8932963ced52e1008423fcc13f3b04e3a43defb830dd0d289717faf384221dd513f00ed43a565e2d6be1710d470b4c8c740cf5025642ff4a214fe59a879c0ad00675b221b28f412b5c76e7e18b399a20491b14d9694faa,gx-no-cache=1554901899813 HTTP/1.1" 200 29
190.171.142.18 - - [10/Apr/2019:10:12:26 -0300] "POST /cormun/servlet/licenciaspermisos?50f2b4c4e443814135b42e3e2ca5414e,INS,0,,,,gx-no-cache=1554901899838 HTTP/1.1" 200 5115
190.171.141.82 - - [10/Apr/2019:10:12:26 -0300] "GET /cormun/servlet/solicitudotadjuntos?INS,2019,15240,,1, HTTP/1.1" 200 6388
190.171.141.82 - - [10/Apr/2019:10:12:26 -0300] "GET /cormun/static/about:blank HTTP/1.1" 404 1011
190.171.142.18 - - [10/Apr/2019:10:12:26 -0300] "GET /cormun/static/Shared/jqueryui/images/ui-bg_flat_55_994d53_40x100.png HTTP/1.1" 404 1097
190.171.142.18 - - [10/Apr/2019:10:12:26 -0300] "GET /cormun/static/Shared/jqueryui/images/ui-icons_ebccce_256x240.png HTTP/1.1" 404 1089
190.171.142.18 - - [10/Apr/2019:10:12:26 -0300] "GET /cormun/static/Shared/jqueryui/images/ui-icons_82798d_256x240.png HTTP/1.1" 404 1089
190.171.142.18 - - [10/Apr/2019:10:12:26 -0300] "GET /cormun/static/Shared/jqueryui/images/ui-bg_highlight-soft_100_c6c2c8_1x100.png HTTP/1.1" 404 1117
190.171.141.82 - - [10/Apr/2019:10:12:27 -0300] "GET /cormun/servlet/solicitudotadjuntos?c91e426d60f476bcd633a7a8afbc6af4d6940a3ba219940b73c93ee551c99b08d075e05d7090e68b595951d23fb2fc0a,gx-no-cache=1554901722060 HTTP/1.1" 200 30
190.171.141.82 - - [10/Apr/2019:10:12:27 -0300] "GET /cormun/servlet/solicitudotadjuntos?INS,2019,15240,,1, HTTP/1.1" 200 6380
190.171.141.82 - - [10/Apr/2019:10:12:27 -0300] "POST /cormun/servlet/solicitudotadjuntos?cff0121be2581edb84b15f25e60fbbf7,INS,2019,15240,,1,,gx-no-cache=1554901722090 HTTP/1.1" 200 4066
190.171.141.82 - - [10/Apr/2019:10:12:28 -0300] "POST /cormun/servlet/solicitudotadjuntos?gx-no-cache=1554901723559 HTTP/1.1" 200 26
190.171.142.18 - - [10/Apr/2019:10:12:32 -0300] "GET /cormun/servlet/licenciaspermisos?9d38b31d2f2a470dae175a65458093975feabe7acdb48c4b75a453d73559c0f892c78ad58cc204e8d655e16983ec939fabfe289ab4aea55430142fa5850ece6236e5c5807f1d03ec3ec43a99551b585593576c876a660e7778786339420c0d90a9af740146666195291fc2166eb1d0782297daf19dae78b4f65c77bd6b2fcc223bb757805d3c370941fb6920267df31b8559e2a2ff8eaa939146170bafce38fc0f2643a3d35a0296342787f9806456cc372f866b2383b78ba068b86d0be3876df4d613d99ccb93bc5b5e64766ab8751022f1713a58af6b6f851353ebaaab8739,gx-no-cache=1554901905627 HTTP/1.1" 200 30
190.171.142.18 - - [10/Apr/2019:10:12:32 -0300] "GET /cormun/servlet/licenciaspermisos?9d38b31d2f2a470dae175a6545809397acfa3bb2287715d049436252dca9708704ff5856d120d278c9a19829a21f86b2242a392b1328dcb9ae6d9f983e0f9664f99769e037610f55ed08473c8c0dba22fb805fdf7c993cfdee8932963ced52e1b45493d546cc1c82630ac40625314bd0289717faf384221dd513f00ed43a565e49836b3a01073ea88c42ff4b2d29aeaeac44ea681647b56de6f66bd6140b2529489a28a1080dd8f12209d505decca79c799e32bb25c15812eb0cf27cdc3c4355d2c36b50b53b779891e342eaadffb60386ebcd53c96b42574fc0d9afbb4ff05b,gx-no-cache=1554901905653 HTTP/1.1" 200 29
190.171.142.18 - - [10/Apr/2019:10:12:32 -0300] "POST /cormun/servlet/licenciaspermisos?50f2b4c4e443814135b42e3e2ca5414e,INS,0,,,,gx-no-cache=1554901905676 HTTP/1.1" 200 93
190.171.141.82 - - [10/Apr/2019:10:12:33 -0300] "GET /cormun/servlet/solicitudotadjuntos?c91e426d60f476bcd633a7a8afbc6af4fb111e807da5dab0cdfe89d072861d44,gx-no-cache=1554901727777 HTTP/1.1" 200 30
190.171.141.82 - - [10/Apr/2019:10:12:33 -0300] "GET /cormun/servlet/solicitudotadjuntos?c91e426d60f476bcd633a7a8afbc6af4fb111e807da5dab0cdfe89d072861d44,gx-no-cache=1554901727809 HTTP/1.1" 200 30
190.171.141.82 - - [10/Apr/2019:10:12:33 -0300] "POST /cormun/servlet/solicitudotadjuntos?cff0121be2581edb84b15f25e60fbbf7,INS,2019,15240,,1, HTTP/1.1" 200 116
190.171.141.82 - - [10/Apr/2019:10:12:33 -0300] "GET /cormun/servlet/hpexe_return? HTTP/1.1" 200 1028
190.171.142.18 - - [10/Apr/2019:10:12:33 -0300] "GET /cormun/servlet/hpexe_return? HTTP/1.1" 200 1004
190.171.141.82 - - [10/Apr/2019:10:12:33 -0300] "GET /cormun/servlet/trsolicitudadjuntos?2019,15240, HTTP/1.1" 200 9999
190.171.141.82 - - [10/Apr/2019:10:12:34 -0300] "GET /cormun/servlet/trsolicitudadjuntos?2019,15240, HTTP/1.1" 200 9991
190.171.142.18 - - [10/Apr/2019:10:12:34 -0300] "GET /cormun/servlet/trlicencias HTTP/1.1" 200 10180
190.171.142.18 - - [10/Apr/2019:10:12:35 -0300] "GET /cormun/servlet/trlicencias HTTP/1.1" 200 10175
190.171.141.82 - - [10/Apr/2019:10:12:36 -0300] "GET /cormun/servlet/solicitudotadjuntos?INS,2019,15240,,1, HTTP/1.1" 200 6388
190.171.141.82 - - [10/Apr/2019:10:12:36 -0300] "GET /cormun/static/about:blank HTTP/1.1" 404 1011
190.171.141.82 - - [10/Apr/2019:10:12:36 -0300] "GET /cormun/servlet/solicitudotadjuntos?INS,2019,15240,,1, HTTP/1.1" 200 6380
190.171.141.82 - - [10/Apr/2019:10:12:36 -0300] "GET /cormun/servlet/solicitudotadjuntos?c91e426d60f476bcd633a7a8afbc6af4d6940a3ba219940b73c93ee551c99b08d075e05d7090e68b595951d23fb2fc0a,gx-no-cache=1554901731512 HTTP/1.1" 200 30
190.171.141.82 - - [10/Apr/2019:10:12:36 -0300] "POST /cormun/servlet/solicitudotadjuntos?cff0121be2581edb84b15f25e60fbbf7,INS,2019,15240,,1,,gx-no-cache=1554901731532 HTTP/1.1" 200 4066
190.171.141.82 - - [10/Apr/2019:10:12:39 -0300] "POST /cormun/servlet/solicitudotadjuntos?gx-no-cache=1554901733727 HTTP/1.1" 200 26
190.171.141.82 - - [10/Apr/2019:10:12:43 -0300] "GET /cormun/servlet/solicitudotadjuntos?c91e426d60f476bcd633a7a8afbc6af4fb111e807da5dab0cdfe89d072861d44,gx-no-cache=1554901738023 HTTP/1.1" 200 30
190.171.141.82 - - [10/Apr/2019:10:12:43 -0300] "GET /cormun/servlet/solicitudotadjuntos?c91e426d60f476bcd633a7a8afbc6af4fb111e807da5dab0cdfe89d072861d44,gx-no-cache=1554901738039 HTTP/1.1" 200 30
190.171.141.82 - - [10/Apr/2019:10:12:43 -0300] "POST /cormun/servlet/solicitudotadjuntos?cff0121be2581edb84b15f25e60fbbf7,INS,2019,15240,,1, HTTP/1.1" 200 116
190.171.141.82 - - [10/Apr/2019:10:12:43 -0300] "GET /cormun/servlet/hpexe_return? HTTP/1.1" 200 1028
190.171.141.82 - - [10/Apr/2019:10:12:44 -0300] "GET /cormun/servlet/trsolicitudadjuntos?2019,15240, HTTP/1.1" 200 10204
190.171.141.82 - - [10/Apr/2019:10:12:45 -0300] "GET /cormun/servlet/trsolicitudadjuntos?2019,15240, HTTP/1.1" 200 10203
190.171.141.82 - - [10/Apr/2019:10:12:52 -0300] "POST /cormun/servlet/trsolicitudadjuntos?cff0121be2581edb84b15f25e60fbbf7,2019,15240,,gx-no-cache=1554901746851 HTTP/1.1" 200 90
190.171.141.82 - - [10/Apr/2019:10:12:52 -0300] "GET /cormun/servlet/hpexe_link HTTP/1.1" 200 970
190.171.141.82 - - [10/Apr/2019:10:12:52 -0300] "GET /cormun/servlet/trsolicitudot HTTP/1.1" 200 9641
190.171.141.82 - - [10/Apr/2019:10:12:53 -0300] "GET /cormun/servlet/trsolicitudot HTTP/1.1" 200 9640
190.171.142.18 - - [10/Apr/2019:10:13:21 -0300] "GET /cormun/servlet/trlicenciaspermisosadjuntos?15804866,20190410000000,L, HTTP/1.1" 200 6674
190.171.142.18 - - [10/Apr/2019:10:13:21 -0300] "GET /cormun/static/gxcfg.js?20177612163414 HTTP/1.1" 200 953
190.171.142.18 - - [10/Apr/2019:10:13:21 -0300] "GET /cormun/static/trlicenciaspermisosadjuntos.js?20177612163719 HTTP/1.1" 200 21036
190.171.142.18 - - [10/Apr/2019:10:13:22 -0300] "GET /cormun/servlet/trlicenciaspermisosadjuntos?15804866,20190410000000,L, HTTP/1.1" 200 6674
190.171.142.18 - - [10/Apr/2019:10:13:25 -0300] "GET /cormun/servlet/licenciaspermisosadjuntos?INS,15804866,L,20190410000000,, HTTP/1.1" 200 5974
190.171.142.18 - - [10/Apr/2019:10:13:25 -0300] "GET /cormun/static/gxcfg.js?2017761263592 HTTP/1.1" 200 953
190.171.142.18 - - [10/Apr/2019:10:13:25 -0300] "GET /cormun/static/licenciaspermisosadjuntos.js?201776126362 HTTP/1.1" 200 8760
190.171.142.18 - - [10/Apr/2019:10:13:25 -0300] "GET /cormun/static/about:blank HTTP/1.1" 404 1011
190.171.142.18 - - [10/Apr/2019:10:13:26 -0300] "GET /cormun/servlet/licenciaspermisosadjuntos?INS,15804866,L,20190410000000,, HTTP/1.1" 200 5963
200.54.103.162 - - [10/Apr/2019:10:14:07 -0300] "GET /cormun/servlet/trlicencias? HTTP/1.1" 200 12497
200.54.103.162 - - [10/Apr/2019:10:14:08 -0300] "GET /cormun/servlet/trlicencias? HTTP/1.1" 200 12495
190.171.152.138 - - [10/Apr/2019:10:14:08 -0300] "GET /cormun/servlet/hhome HTTP/1.1" 200 3420
190.171.152.138 - - [10/Apr/2019:10:14:09 -0300] "GET /cormun/servlet/hhome HTTP/1.1" 200 3430
190.171.152.138 - - [10/Apr/2019:10:14:09 -0300] "GET /cormun/servlet/hlogin HTTP/1.1" 200 1735
190.171.142.18 - - [10/Apr/2019:10:14:20 -0300] "POST /cormun/servlet/licenciaspermisosadjuntos?50f2b4c4e443814135b42e3e2ca5414e,INS,15804866,L,20190410000000,, HTTP/1.1" 200 116
190.171.142.18 - - [10/Apr/2019:10:14:22 -0300] "GET /cormun/servlet/hpexe_return? HTTP/1.1" 200 1035
190.171.142.18 - - [10/Apr/2019:10:14:22 -0300] "GET /cormun/servlet/trlicenciaspermisosadjuntos?15804866,20190410000000,L, HTTP/1.1" 200 7193
190.171.142.18 - - [10/Apr/2019:10:14:22 -0300] "GET /cormun/servlet/trlicenciaspermisosadjuntos?15804866,20190410000000,L, HTTP/1.1" 200 7191
190.171.142.18 - - [10/Apr/2019:10:14:25 -0300] "POST /cormun/servlet/trlicenciaspermisosadjuntos?50f2b4c4e443814135b42e3e2ca5414e,15804866,20190410000000,L,,gx-no-cache=1554902018608 HTTP/1.1" 200 90
190.171.142.18 - - [10/Apr/2019:10:14:25 -0300] "GET /cormun/servlet/hpexe_link HTTP/1.1" 200 976
190.171.142.18 - - [10/Apr/2019:10:14:25 -0300] "GET /cormun/servlet/trlicencias HTTP/1.1" 200 10177
190.171.142.18 - - [10/Apr/2019:10:14:25 -0300] "GET /cormun/servlet/trlicencias HTTP/1.1" 200 10175
190.171.152.114 - - [10/Apr/2019:10:14:27 -0300] "GET /cormun/servlet/hlogin HTTP/1.1" 200 1722
190.171.152.114 - - [10/Apr/2019:10:14:27 -0300] "GET /cormun/servlet/hlogin HTTP/1.1" 200 1732
190.171.142.18 - - [10/Apr/2019:10:14:32 -0300] "POST /cormun/servlet/trlicencias?50f2b4c4e443814135b42e3e2ca5414e,gx-no-cache=1554902025934 HTTP/1.1" 200 7415
190.171.142.18 - - [10/Apr/2019:10:14:32 -0300] "GET /cormun/static/Shared/jqueryui/images/ui-bg_highlight-soft_100_c6c2c8_1x100.png HTTP/1.1" 404 1117
190.171.142.18 - - [10/Apr/2019:10:14:32 -0300] "GET /cormun/static/Shared/jqueryui/images/ui-icons_82798d_256x240.png HTTP/1.1" 404 1089
5.188.210.101 - - [10/Apr/2019:10:14:32 -0300] "GET /echo.php HTTP/1.1" 404 977
190.171.142.18 - - [10/Apr/2019:10:14:32 -0300] "GET /cormun/static/Shared/jqueryui/images/ui-bg_flat_55_fafafa_40x100.png HTTP/1.1" 404 1097
190.171.142.18 - - [10/Apr/2019:10:14:33 -0300] "GET /cormun/static/Shared/jqueryui/images/ui-icons_8d78a5_256x240.png HTTP/1.1" 404 1089
190.171.152.138 - - [10/Apr/2019:10:14:35 -0300] "POST /cormun/servlet/hlogin?c4bc8df26403ffebe49d652bd271ae84,gx-no-cache=1554901847211 HTTP/1.1" 200 90
190.171.152.138 - - [10/Apr/2019:10:14:35 -0300] "GET /cormun/servlet/hpexe_link HTTP/1.1" 200 953
190.171.152.138 - - [10/Apr/2019:10:14:35 -0300] "GET /cormun/servlet/hhome HTTP/1.1" 200 3952
190.171.152.138 - - [10/Apr/2019:10:14:36 -0300] "GET /cormun/servlet/hhome HTTP/1.1" 200 3949
190.171.152.138 - - [10/Apr/2019:10:14:39 -0300] "GET /cormun/servlet/trpermisosgoce? HTTP/1.1" 200 9998
190.171.152.138 - - [10/Apr/2019:10:14:40 -0300] "GET /cormun/servlet/trpermisosgoce? HTTP/1.1" 200 9999
190.171.152.138 - - [10/Apr/2019:10:14:50 -0300] "GET /cormun/servlet/trlicencias? HTTP/1.1" 200 10544
190.171.152.138 - - [10/Apr/2019:10:14:50 -0300] "GET /cormun/servlet/trlicencias? HTTP/1.1" 200 10543
190.171.152.114 - - [10/Apr/2019:10:14:53 -0300] "POST /cormun/servlet/hlogin?ba917214f2e51fec9d5c0f03e02062ab,gx-no-cache=1554901870854 HTTP/1.1" 200 90
190.171.152.114 - - [10/Apr/2019:10:14:53 -0300] "GET /cormun/servlet/hpexe_link HTTP/1.1" 200 950
190.171.152.114 - - [10/Apr/2019:10:14:53 -0300] "GET /cormun/servlet/hhome HTTP/1.1" 200 4270
190.171.152.114 - - [10/Apr/2019:10:15:03 -0300] "GET /cormun/servlet/trlicencias? HTTP/1.1" 200 12099
190.171.152.114 - - [10/Apr/2019:10:15:03 -0300] "GET /cormun/static/gxcfg.js?20176272054169 HTTP/1.1" 200 953
190.171.152.114 - - [10/Apr/2019:10:15:03 -0300] "GET /cormun/static/trlicencias.js?20176272054837 HTTP/1.1" 200 41883
190.171.152.114 - - [10/Apr/2019:10:15:07 -0300] "GET /cormun/servlet/licenciaspermisos?INS,0,,, HTTP/1.1" 200 7812
190.171.152.114 - - [10/Apr/2019:10:15:07 -0300] "GET /cormun/static/gxcfg.js?201762917281167 HTTP/1.1" 200 953
190.171.152.114 - - [10/Apr/2019:10:15:07 -0300] "GET /cormun/static/Resources/prompt.gif HTTP/1.1" 200 902
190.171.152.114 - - [10/Apr/2019:10:15:07 -0300] "GET /cormun/static/licenciaspermisos.js?201762917281260 HTTP/1.1" 200 37491
190.171.152.138 - - [10/Apr/2019:10:15:22 -0300] "GET /cormun/servlet/alicenciaprn?6941302,L,20190409000000,PU HTTP/1.1" 200 1558
190.171.152.138 - - [10/Apr/2019:10:16:13 -0300] "GET /cormun/servlet/licenciaspermisos?INS,0,,, HTTP/1.1" 200 7481
190.171.152.138 - - [10/Apr/2019:10:16:13 -0300] "GET /cormun/static/gxcfg.js?201762917281167 HTTP/1.1" 304 -
190.171.152.138 - - [10/Apr/2019:10:16:13 -0300] "GET /cormun/servlet/licenciaspermisos?INS,0,,, HTTP/1.1" 200 7480
190.171.142.18 - - [10/Apr/2019:10:16:28 -0300] "GET /cormun/servlet/hlogin HTTP/1.1" 200 1724
190.171.142.18 - - [10/Apr/2019:10:16:29 -0300] "GET /cormun/servlet/hlogin HTTP/1.1" 200 1729
190.171.152.138 - - [10/Apr/2019:10:16:29 -0300] "GET /cormun/servlet/licenciaspermisos?e9a3a6c51bf714492bdb30829a78385e1c4e7072f7b210639ff32844d684577123d9d5df3fba34d4695600ba8812a62e,gx-no-cache=1554901961565 HTTP/1.1" 200 98
190.171.152.138 - - [10/Apr/2019:10:16:30 -0300] "POST /cormun/servlet/licenciaspermisos?c4bc8df26403ffebe49d652bd271ae84,INS,0,,,,gx-no-cache=1554901961624 HTTP/1.1" 200 4749
190.171.142.18 - - [10/Apr/2019:10:16:35 -0300] "POST /cormun/servlet/hlogin?5066fd40d0481f55d4907fd39c032e66,gx-no-cache=1554902178727 HTTP/1.1" 200 90
190.171.142.18 - - [10/Apr/2019:10:16:35 -0300] "GET /cormun/servlet/hpexe_link HTTP/1.1" 200 950
190.171.142.18 - - [10/Apr/2019:10:16:35 -0300] "GET /cormun/servlet/hhome HTTP/1.1" 200 4342
190.171.142.18 - - [10/Apr/2019:10:16:36 -0300] "GET /cormun/servlet/hhome HTTP/1.1" 200 4338
190.171.142.18 - - [10/Apr/2019:10:16:46 -0300] "GET /cormun/servlet/trlicencias? HTTP/1.1" 200 10080
190.171.142.18 - - [10/Apr/2019:10:16:46 -0300] "GET /cormun/static/gxcfg.js?20176272054169 HTTP/1.1" 200 953
190.171.142.18 - - [10/Apr/2019:10:16:46 -0300] "GET /cormun/static/Resources/Spanish/PXTools.css?17315867 HTTP/1.1" 200 89042
190.171.142.18 - - [10/Apr/2019:10:16:46 -0300] "GET /cormun/static/trlicencias.js?20176272054837 HTTP/1.1" 200 41883
190.171.142.18 - - [10/Apr/2019:10:16:46 -0300] "GET /cormun//static/Resources/PXToolsActionDisabled.gif HTTP/1.1" 200 53
