190.171.142.18 - - [10/Apr/2019:10:16:46 -0300] "GET /cormun/servlet/trlicencias? HTTP/1.1" 200 10078
186.103.156.166 - - [10/Apr/2019:10:16:54 -0300] "POST /cormun/servlet/hlogin?08f3df8b763e753b7026d4cca2d3ede6,gx-no-cache=1554901992014 HTTP/1.1" 200 90
186.103.156.166 - - [10/Apr/2019:10:16:54 -0300] "GET /cormun/servlet/hpexe_link HTTP/1.1" 200 948
186.103.156.166 - - [10/Apr/2019:10:16:54 -0300] "GET /cormun/servlet/hhome HTTP/1.1" 200 4293
186.103.156.166 - - [10/Apr/2019:10:16:55 -0300] "GET /cormun/servlet/hhome HTTP/1.1" 200 4290
190.171.142.18 - - [10/Apr/2019:10:16:56 -0300] "GET /cormun/servlet/alicenciaprn?15804866,L,20190410000000,PU HTTP/1.1" 200 1521
190.171.152.138 - - [10/Apr/2019:10:17:10 -0300] "GET /cormun/static/menuarrow.gif HTTP/1.1" 404 1015
190.171.152.114 - - [10/Apr/2019:10:17:13 -0300] "GET /cormun/servlet/licenciaspermisos?b57fe792ea69111099a0c6b9f1f2ecf2264807e7afafdb654d320c717939ec5783bda79a19b99eae0b5ccc3092a2aa78,gx-no-cache=1554902010941 HTTP/1.1" 200 89
190.171.152.114 - - [10/Apr/2019:10:17:13 -0300] "POST /cormun/servlet/licenciaspermisos?ba917214f2e51fec9d5c0f03e02062ab,INS,0,,,,gx-no-cache=1554902011015 HTTP/1.1" 200 4959
200.54.103.162 - - [10/Apr/2019:10:17:32 -0300] "GET /cormun/servlet/trcontratosolicitud? HTTP/1.1" 200 14731
200.54.103.162 - - [10/Apr/2019:10:17:32 -0300] "GET /cormun/static/gxcfg.js?20177612214014 HTTP/1.1" 200 953
200.54.103.162 - - [10/Apr/2019:10:17:33 -0300] "GET /cormun/static/trcontratosolicitud.js?20177612214349 HTTP/1.1" 200 28237
200.54.103.162 - - [10/Apr/2019:10:17:33 -0300] "GET /cormun//static/Resources/PXToolsGridNew.png HTTP/1.1" 200 2949
200.54.103.162 - - [10/Apr/2019:10:17:33 -0300] "GET /cormun/servlet/trcontratosolicitud? HTTP/1.1" 200 14740
186.103.156.166 - - [10/Apr/2019:10:17:36 -0300] "GET /cormun/servlet/trautorizarsolicitud? HTTP/1.1" 200 7406
186.103.156.166 - - [10/Apr/2019:10:17:37 -0300] "GET /cormun/servlet/trautorizarsolicitud? HTTP/1.1" 200 7406
186.103.156.166 - - [10/Apr/2019:10:17:41 -0300] "GET /cormun/servlet/trvisualizadoreventos? HTTP/1.1" 200 7053
186.103.156.166 - - [10/Apr/2019:10:17:42 -0300] "GET /cormun/servlet/trvisualizadoreventos? HTTP/1.1" 200 7053
186.103.156.166 - - [10/Apr/2019:10:17:45 -0300] "GET /cormun/servlet/trsolicitudot? HTTP/1.1" 200 9264
186.103.156.166 - - [10/Apr/2019:10:17:45 -0300] "GET /cormun/servlet/trsolicitudot? HTTP/1.1" 200 9263
186.103.156.166 - - [10/Apr/2019:10:17:55 -0300] "POST /cormun/servlet/trsolicitudot?08f3df8b763e753b7026d4cca2d3ede6,,gx-no-cache=1554902053170 HTTP/1.1" 200 107
186.103.156.166 - - [10/Apr/2019:10:17:55 -0300] "GET /cormun/servlet/trsolicitudadjuntos?2019,15153, HTTP/1.1" 200 6392
186.103.156.166 - - [10/Apr/2019:10:17:55 -0300] "GET /cormun/static/gxcfg.js?20177612135366 HTTP/1.1" 200 953
186.103.156.166 - - [10/Apr/2019:10:17:55 -0300] "GET /cormun/static/trsolicitudadjuntos.js?20177612135632 HTTP/1.1" 200 17922
186.103.156.166 - - [10/Apr/2019:10:17:56 -0300] "GET /cormun/servlet/trsolicitudadjuntos?2019,15153, HTTP/1.1" 200 6392
190.171.152.114 - - [10/Apr/2019:10:17:57 -0300] "GET /cormun/static/menuarrow.gif HTTP/1.1" 404 1015
186.103.156.166 - - [10/Apr/2019:10:17:58 -0300] "GET /cormun/servlet/solicitudotadjuntos?INS,2019,15153,,1, HTTP/1.1" 200 6340
186.103.156.166 - - [10/Apr/2019:10:17:58 -0300] "GET /cormun/static/gxcfg.js?2017761244068 HTTP/1.1" 200 953
186.103.156.166 - - [10/Apr/2019:10:17:58 -0300] "GET /cormun/static/solicitudotadjuntos.js?2017761244086 HTTP/1.1" 200 11771
186.103.156.166 - - [10/Apr/2019:10:17:58 -0300] "GET /cormun/static/about:blank HTTP/1.1" 404 1011
186.103.156.166 - - [10/Apr/2019:10:17:59 -0300] "GET /cormun/servlet/solicitudotadjuntos?INS,2019,15153,,1, HTTP/1.1" 200 6333
186.103.156.166 - - [10/Apr/2019:10:17:59 -0300] "GET /cormun/servlet/solicitudotadjuntos?dc344eeba979f7f5a1caaa232a5d51549453a88faced648e6fc0d47eea3658afd861a0dd85aee2df0017ae34b37f749d,gx-no-cache=1554902057567 HTTP/1.1" 200 30
186.103.156.166 - - [10/Apr/2019:10:18:00 -0300] "POST /cormun/servlet/solicitudotadjuntos?08f3df8b763e753b7026d4cca2d3ede6,INS,2019,15153,,1,,gx-no-cache=1554902057701 HTTP/1.1" 200 4055
186.103.156.166 - - [10/Apr/2019:10:18:05 -0300] "POST /cormun/servlet/solicitudotadjuntos?gx-no-cache=1554902063153 HTTP/1.1" 200 26
186.103.156.166 - - [10/Apr/2019:10:18:17 -0300] "GET /cormun/servlet/solicitudotadjuntos?dc344eeba979f7f5a1caaa232a5d5154fdafbdb7db7313f165a330425015fe11,gx-no-cache=1554902075693 HTTP/1.1" 200 30
186.103.156.166 - - [10/Apr/2019:10:18:17 -0300] "GET /cormun/servlet/solicitudotadjuntos?dc344eeba979f7f5a1caaa232a5d5154fdafbdb7db7313f165a330425015fe11,gx-no-cache=1554902075789 HTTP/1.1" 200 30
186.103.156.166 - - [10/Apr/2019:10:18:19 -0300] "POST /cormun/servlet/solicitudotadjuntos?08f3df8b763e753b7026d4cca2d3ede6,INS,2019,15153,,1, HTTP/1.1" 200 116
186.103.156.166 - - [10/Apr/2019:10:18:19 -0300] "GET /cormun/servlet/hpexe_return? HTTP/1.1" 200 1023
186.103.156.166 - - [10/Apr/2019:10:18:19 -0300] "GET /cormun/servlet/trsolicitudadjuntos?2019,15153, HTTP/1.1" 200 8984
186.103.156.166 - - [10/Apr/2019:10:18:20 -0300] "GET /cormun/servlet/trsolicitudadjuntos?2019,15153, HTTP/1.1" 200 8983
186.103.156.166 - - [10/Apr/2019:10:18:26 -0300] "GET /cormun/servlet/solicitudotadjuntos?INS,2019,15153,,1, HTTP/1.1" 200 6340
186.103.156.166 - - [10/Apr/2019:10:18:26 -0300] "GET /cormun/static/about:blank HTTP/1.1" 404 1011
186.103.156.166 - - [10/Apr/2019:10:18:26 -0300] "GET /cormun/servlet/solicitudotadjuntos?INS,2019,15153,,1, HTTP/1.1" 200 6333
186.103.156.166 - - [10/Apr/2019:10:18:27 -0300] "GET /cormun/servlet/solicitudotadjuntos?dc344eeba979f7f5a1caaa232a5d51549453a88faced648e6fc0d47eea3658afd861a0dd85aee2df0017ae34b37f749d,gx-no-cache=1554902085371 HTTP/1.1" 200 30
186.103.156.166 - - [10/Apr/2019:10:18:27 -0300] "POST /cormun/servlet/solicitudotadjuntos?08f3df8b763e753b7026d4cca2d3ede6,INS,2019,15153,,1,,gx-no-cache=1554902085508 HTTP/1.1" 200 4055
186.103.156.166 - - [10/Apr/2019:10:18:30 -0300] "POST /cormun/servlet/solicitudotadjuntos?gx-no-cache=1554902088010 HTTP/1.1" 200 26
186.103.156.166 - - [10/Apr/2019:10:18:36 -0300] "GET /cormun/servlet/solicitudotadjuntos?dc344eeba979f7f5a1caaa232a5d5154fdafbdb7db7313f165a330425015fe11,gx-no-cache=1554902093914 HTTP/1.1" 200 30
186.103.156.166 - - [10/Apr/2019:10:18:36 -0300] "GET /cormun/servlet/solicitudotadjuntos?dc344eeba979f7f5a1caaa232a5d5154fdafbdb7db7313f165a330425015fe11,gx-no-cache=1554902093989 HTTP/1.1" 200 30
186.103.156.166 - - [10/Apr/2019:10:18:37 -0300] "POST /cormun/servlet/solicitudotadjuntos?08f3df8b763e753b7026d4cca2d3ede6,INS,2019,15153,,1, HTTP/1.1" 200 116
186.103.156.166 - - [10/Apr/2019:10:18:37 -0300] "GET /cormun/servlet/hpexe_return? HTTP/1.1" 200 1023
186.103.156.166 - - [10/Apr/2019:10:18:37 -0300] "GET /cormun/servlet/trsolicitudadjuntos?2019,15153, HTTP/1.1" 200 9209
186.103.156.166 - - [10/Apr/2019:10:18:38 -0300] "GET /cormun/servlet/trsolicitudadjuntos?2019,15153, HTTP/1.1" 200 9209
186.103.156.166 - - [10/Apr/2019:10:18:40 -0300] "GET /cormun/servlet/solicitudotadjuntos?INS,2019,15153,,1, HTTP/1.1" 200 6340
186.103.156.166 - - [10/Apr/2019:10:18:40 -0300] "GET /cormun/static/about:blank HTTP/1.1" 404 1011
186.103.156.166 - - [10/Apr/2019:10:18:41 -0300] "GET /cormun/servlet/solicitudotadjuntos?INS,2019,15153,,1, HTTP/1.1" 200 6334
186.103.156.166 - - [10/Apr/2019:10:18:41 -0300] "GET /cormun/servlet/solicitudotadjuntos?dc344eeba979f7f5a1caaa232a5d51549453a88faced648e6fc0d47eea3658afd861a0dd85aee2df0017ae34b37f749d,gx-no-cache=1554902099599 HTTP/1.1" 200 30
186.103.156.166 - - [10/Apr/2019:10:18:41 -0300] "POST /cormun/servlet/solicitudotadjuntos?08f3df8b763e753b7026d4cca2d3ede6,INS,2019,15153,,1,,gx-no-cache=1554902099734 HTTP/1.1" 200 4055
186.103.156.166 - - [10/Apr/2019:10:18:44 -0300] "POST /cormun/servlet/solicitudotadjuntos?gx-no-cache=1554902102272 HTTP/1.1" 200 26
186.103.156.166 - - [10/Apr/2019:10:18:52 -0300] "GET /cormun/servlet/solicitudotadjuntos?dc344eeba979f7f5a1caaa232a5d5154fdafbdb7db7313f165a330425015fe11,gx-no-cache=1554902110049 HTTP/1.1" 200 30
186.103.156.166 - - [10/Apr/2019:10:18:52 -0300] "GET /cormun/servlet/solicitudotadjuntos?dc344eeba979f7f5a1caaa232a5d5154fdafbdb7db7313f165a330425015fe11,gx-no-cache=1554902110125 HTTP/1.1" 200 30
186.103.156.166 - - [10/Apr/2019:10:18:53 -0300] "POST /cormun/servlet/solicitudotadjuntos?08f3df8b763e753b7026d4cca2d3ede6,INS,2019,15153,,1, HTTP/1.1" 200 116
186.103.156.166 - - [10/Apr/2019:10:18:53 -0300] "GET /cormun/servlet/hpexe_return? HTTP/1.1" 200 1023
186.103.156.166 - - [10/Apr/2019:10:18:53 -0300] "GET /cormun/servlet/trsolicitudadjuntos?2019,15153, HTTP/1.1" 200 9390
186.103.156.166 - - [10/Apr/2019:10:18:54 -0300] "GET /cormun/servlet/trsolicitudadjuntos?2019,15153, HTTP/1.1" 200 9388
186.103.156.166 - - [10/Apr/2019:10:18:58 -0300] "GET /cormun/servlet/solicitudotadjuntos?INS,2019,15153,,1, HTTP/1.1" 200 6341
186.103.156.166 - - [10/Apr/2019:10:18:58 -0300] "GET /cormun/static/about:blank HTTP/1.1" 404 1011
186.103.156.166 - - [10/Apr/2019:10:18:58 -0300] "GET /cormun/servlet/solicitudotadjuntos?INS,2019,15153,,1, HTTP/1.1" 200 6334
186.103.156.166 - - [10/Apr/2019:10:18:59 -0300] "GET /cormun/servlet/solicitudotadjuntos?dc344eeba979f7f5a1caaa232a5d51549453a88faced648e6fc0d47eea3658afd861a0dd85aee2df0017ae34b37f749d,gx-no-cache=1554902117105 HTTP/1.1" 200 30
186.103.156.166 - - [10/Apr/2019:10:18:59 -0300] "POST /cormun/servlet/solicitudotadjuntos?08f3df8b763e753b7026d4cca2d3ede6,INS,2019,15153,,1,,gx-no-cache=1554902117170 HTTP/1.1" 200 4057
186.103.156.166 - - [10/Apr/2019:10:19:02 -0300] "POST /cormun/servlet/solicitudotadjuntos?gx-no-cache=1554902120458 HTTP/1.1" 200 26
186.103.156.166 - - [10/Apr/2019:10:19:08 -0300] "GET /cormun/servlet/solicitudotadjuntos?dc344eeba979f7f5a1caaa232a5d5154fdafbdb7db7313f165a330425015fe11,gx-no-cache=1554902126874 HTTP/1.1" 200 30
186.103.156.166 - - [10/Apr/2019:10:19:08 -0300] "GET /cormun/servlet/solicitudotadjuntos?dc344eeba979f7f5a1caaa232a5d5154fdafbdb7db7313f165a330425015fe11,gx-no-cache=1554902126893 HTTP/1.1" 200 30
186.103.156.166 - - [10/Apr/2019:10:19:09 -0300] "POST /cormun/servlet/solicitudotadjuntos?08f3df8b763e753b7026d4cca2d3ede6,INS,2019,15153,,1, HTTP/1.1" 200 116
186.103.156.166 - - [10/Apr/2019:10:19:09 -0300] "GET /cormun/servlet/hpexe_return? HTTP/1.1" 200 1023
186.103.156.166 - - [10/Apr/2019:10:19:09 -0300] "GET /cormun/servlet/trsolicitudadjuntos?2019,15153, HTTP/1.1" 200 9610
186.103.156.166 - - [10/Apr/2019:10:19:10 -0300] "GET /cormun/servlet/trsolicitudadjuntos?2019,15153, HTTP/1.1" 200 9603
186.103.156.166 - - [10/Apr/2019:10:19:13 -0300] "GET /cormun/servlet/solicitudotadjuntos?INS,2019,15153,,1, HTTP/1.1" 200 6341
186.103.156.166 - - [10/Apr/2019:10:19:13 -0300] "GET /cormun/static/about:blank HTTP/1.1" 404 1011
186.103.156.166 - - [10/Apr/2019:10:19:14 -0300] "GET /cormun/servlet/solicitudotadjuntos?INS,2019,15153,,1, HTTP/1.1" 200 6334
186.103.156.166 - - [10/Apr/2019:10:19:14 -0300] "GET /cormun/servlet/solicitudotadjuntos?dc344eeba979f7f5a1caaa232a5d51549453a88faced648e6fc0d47eea3658afd861a0dd85aee2df0017ae34b37f749d,gx-no-cache=1554902132489 HTTP/1.1" 200 30
186.103.156.166 - - [10/Apr/2019:10:19:14 -0300] "POST /cormun/servlet/solicitudotadjuntos?08f3df8b763e753b7026d4cca2d3ede6,INS,2019,15153,,1,,gx-no-cache=1554902132588 HTTP/1.1" 200 4057
186.103.156.166 - - [10/Apr/2019:10:19:18 -0300] "POST /cormun/servlet/solicitudotadjuntos?gx-no-cache=1554902136864 HTTP/1.1" 200 26
186.103.156.166 - - [10/Apr/2019:10:19:24 -0300] "GET /cormun/servlet/solicitudotadjuntos?dc344eeba979f7f5a1caaa232a5d5154fdafbdb7db7313f165a330425015fe11,gx-no-cache=1554902142768 HTTP/1.1" 200 30
186.103.156.166 - - [10/Apr/2019:10:19:24 -0300] "GET /cormun/servlet/solicitudotadjuntos?dc344eeba979f7f5a1caaa232a5d5154fdafbdb7db7313f165a330425015fe11,gx-no-cache=1554902142787 HTTP/1.1" 200 30
186.103.156.166 - - [10/Apr/2019:10:19:25 -0300] "POST /cormun/servlet/solicitudotadjuntos?08f3df8b763e753b7026d4cca2d3ede6,INS,2019,15153,,1, HTTP/1.1" 200 116
186.103.156.166 - - [10/Apr/2019:10:19:25 -0300] "GET /cormun/servlet/hpexe_return? HTTP/1.1" 200 1023
186.103.156.166 - - [10/Apr/2019:10:19:25 -0300] "GET /cormun/servlet/trsolicitudadjuntos?2019,15153, HTTP/1.1" 200 9852
186.103.156.166 - - [10/Apr/2019:10:19:26 -0300] "GET /cormun/servlet/trsolicitudadjuntos?2019,15153, HTTP/1.1" 200 9850
190.171.141.138 - - [10/Apr/2019:10:19:34 -0300] "GET /cormun/servlet/hlogin HTTP/1.1" 200 1722
190.171.141.138 - - [10/Apr/2019:10:19:36 -0300] "POST /cormun/servlet/hlogin?11e8e4a4ddda5fa4d17a7e3c87f92068,gx-no-cache=1554898552564 HTTP/1.1" 200 90
190.171.141.138 - - [10/Apr/2019:10:19:36 -0300] "GET /cormun/servlet/hpexe_link HTTP/1.1" 200 952
190.171.141.138 - - [10/Apr/2019:10:19:36 -0300] "GET /cormun/servlet/hhome HTTP/1.1" 200 4467
190.171.141.138 - - [10/Apr/2019:10:19:37 -0300] "GET /cormun/servlet/hhome HTTP/1.1" 200 4463
190.171.141.138 - - [10/Apr/2019:10:19:40 -0300] "GET /cormun/servlet/trlicencias? HTTP/1.1" 200 12797
190.171.141.138 - - [10/Apr/2019:10:19:41 -0300] "GET /cormun/servlet/trlicencias? HTTP/1.1" 200 12794
190.171.152.138 - - [10/Apr/2019:10:20:45 -0300] "GET /cormun/servlet/licenciaspermisos?e9a3a6c51bf714492bdb30829a78385e5c253b325a81fd29e9d109527f6463cfb23b592f01e90b72134529448a118bed925b3e701f84ae93cfdd63e920243cb777691f9b9e444d3c234b1a604b3ee293a27628b09c186978c0943254ffea2a210e6b272c5a666f62f7535aeec155b93e6ce50018bd316566b7af31e4970c31422b859a417fcc510eca70d80590b5ed1d1eec253f26bb0e378aeedb458910e1231d30fc2f9d5908eb59f3e1e0a9a5ae2603c1477bd7e4c5b045124bd1a360f58e449ac07e616620cd592cc2fef4420506781ab5b61140a414dc57227dc402b720,gx-no-cache=1554902217020 HTTP/1.1" 200 30
190.171.152.138 - - [10/Apr/2019:10:20:45 -0300] "GET /cormun/servlet/licenciaspermisos?e9a3a6c51bf714492bdb30829a78385ef0aafa9a470cb84abd4078d30ce2602e61c68b7ab669c7431095929d16a7255855a7e807601dbfe8b6db4ff54763b67b0c786faccb1335ba075a7397ff06a0bc6b4180af3deb20c090f9665ce42204a4ca8c8546bdbfc109be3260ff72ca0af6400a4e7b2ea747ece601e10d6762f9b5bf4a8b1f261d675179599009bbd204f075fa95a42e26b349721ea2a8448d06dcec20a9b902fc747a048d26955dd3e2c00ac97e7620b4ba12b56ac8b4cb8288b6564e07358a14d50feb7f15a8b847b71b233747e0315c5244dd66b1d639e1c015,gx-no-cache=1554902217066 HTTP/1.1" 200 29
190.171.152.138 - - [10/Apr/2019:10:20:45 -0300] "POST /cormun/servlet/licenciaspermisos?c4bc8df26403ffebe49d652bd271ae84,INS,0,,,,gx-no-cache=1554902217096 HTTP/1.1" 200 93
190.171.152.138 - - [10/Apr/2019:10:20:45 -0300] "GET /cormun/servlet/hpexe_return? HTTP/1.1" 200 1014
190.171.152.138 - - [10/Apr/2019:10:20:46 -0300] "GET /cormun/servlet/trlicencias HTTP/1.1" 200 11097
186.103.156.166 - - [10/Apr/2019:10:20:46 -0300] "GET /cormun/servlet/solicitudotadjuntos?INS,2019,15153,,1, HTTP/1.1" 200 6341
190.171.152.138 - - [10/Apr/2019:10:20:46 -0300] "GET /cormun/servlet/trlicencias HTTP/1.1" 200 11092
186.103.156.166 - - [10/Apr/2019:10:20:47 -0300] "GET /cormun/static/about:blank HTTP/1.1" 404 1011
186.103.156.166 - - [10/Apr/2019:10:20:47 -0300] "GET /cormun/servlet/solicitudotadjuntos?INS,2019,15153,,1, HTTP/1.1" 200 6334
186.103.156.166 - - [10/Apr/2019:10:20:48 -0300] "GET /cormun/servlet/solicitudotadjuntos?dc344eeba979f7f5a1caaa232a5d51549453a88faced648e6fc0d47eea3658afd861a0dd85aee2df0017ae34b37f749d,gx-no-cache=1554902225999 HTTP/1.1" 200 30
186.103.156.166 - - [10/Apr/2019:10:20:48 -0300] "POST /cormun/servlet/solicitudotadjuntos?08f3df8b763e753b7026d4cca2d3ede6,INS,2019,15153,,1,,gx-no-cache=1554902226049 HTTP/1.1" 200 4057
186.103.156.166 - - [10/Apr/2019:10:20:51 -0300] "POST /cormun/servlet/solicitudotadjuntos?gx-no-cache=1554902229014 HTTP/1.1" 200 26
190.171.152.138 - - [10/Apr/2019:10:20:56 -0300] "GET /cormun/servlet/alicenciaprn?17138296,L,20190410000000,PU HTTP/1.1" 200 1559
186.103.156.166 - - [10/Apr/2019:10:20:56 -0300] "GET /cormun/servlet/solicitudotadjuntos?dc344eeba979f7f5a1caaa232a5d5154fdafbdb7db7313f165a330425015fe11,gx-no-cache=1554902234677 HTTP/1.1" 200 30
186.103.156.166 - - [10/Apr/2019:10:20:56 -0300] "GET /cormun/servlet/solicitudotadjuntos?dc344eeba979f7f5a1caaa232a5d5154fdafbdb7db7313f165a330425015fe11,gx-no-cache=1554902234759 HTTP/1.1" 200 30
186.103.156.166 - - [10/Apr/2019:10:20:57 -0300] "POST /cormun/servlet/solicitudotadjuntos?08f3df8b763e753b7026d4cca2d3ede6,INS,2019,15153,,1, HTTP/1.1" 200 116
186.103.156.166 - - [10/Apr/2019:10:20:57 -0300] "GET /cormun/servlet/hpexe_return? HTTP/1.1" 200 1023
186.103.156.166 - - [10/Apr/2019:10:20:59 -0300] "GET /cormun/servlet/trsolicitudadjuntos?2019,15153, HTTP/1.1" 200 10064
186.103.156.166 - - [10/Apr/2019:10:21:00 -0300] "GET /cormun/servlet/trsolicitudadjuntos?2019,15153, HTTP/1.1" 200 10065
186.103.156.166 - - [10/Apr/2019:10:21:04 -0300] "POST /cormun/servlet/trsolicitudadjuntos?08f3df8b763e753b7026d4cca2d3ede6,2019,15153,,gx-no-cache=1554902242070 HTTP/1.1" 200 90
186.103.156.166 - - [10/Apr/2019:10:21:04 -0300] "GET /cormun/servlet/hpexe_link HTTP/1.1" 200 967
186.103.156.166 - - [10/Apr/2019:10:21:04 -0300] "GET /cormun/servlet/trsolicitudot HTTP/1.1" 200 9265
186.103.156.166 - - [10/Apr/2019:10:21:05 -0300] "GET /cormun/servlet/trsolicitudot HTTP/1.1" 200 9263
186.103.156.166 - - [10/Apr/2019:10:21:09 -0300] "POST /cormun/servlet/trsolicitudot?08f3df8b763e753b7026d4cca2d3ede6,gx-no-cache=1554902247755 HTTP/1.1" 200 107
186.103.156.166 - - [10/Apr/2019:10:21:10 -0300] "GET /cormun/servlet/trsolicitudadjuntos?2019,15150, HTTP/1.1" 200 9857
186.103.156.166 - - [10/Apr/2019:10:21:11 -0300] "GET /cormun/servlet/trsolicitudadjuntos?2019,15150, HTTP/1.1" 200 9856
186.103.156.166 - - [10/Apr/2019:10:21:18 -0300] "GET /cormun/servlet/solicitudotadjuntos?INS,2019,15150,,1, HTTP/1.1" 200 6341
186.103.156.166 - - [10/Apr/2019:10:21:18 -0300] "GET /cormun/static/about:blank HTTP/1.1" 404 1011
186.103.156.166 - - [10/Apr/2019:10:21:18 -0300] "GET /cormun/servlet/solicitudotadjuntos?INS,2019,15150,,1, HTTP/1.1" 200 6335
186.103.156.166 - - [10/Apr/2019:10:21:19 -0300] "GET /cormun/servlet/solicitudotadjuntos?dc344eeba979f7f5a1caaa232a5d5154843cecea215e3442d391eb1e950004d1d861a0dd85aee2df0017ae34b37f749d,gx-no-cache=1554902257290 HTTP/1.1" 200 30
186.103.156.166 - - [10/Apr/2019:10:21:19 -0300] "POST /cormun/servlet/solicitudotadjuntos?08f3df8b763e753b7026d4cca2d3ede6,INS,2019,15150,,1,,gx-no-cache=1554902257345 HTTP/1.1" 200 4058
186.103.156.166 - - [10/Apr/2019:10:21:22 -0300] "POST /cormun/servlet/solicitudotadjuntos?gx-no-cache=1554902260765 HTTP/1.1" 200 26
186.103.156.166 - - [10/Apr/2019:10:21:27 -0300] "GET /cormun/servlet/solicitudotadjuntos?dc344eeba979f7f5a1caaa232a5d5154fdafbdb7db7313f165a330425015fe11,gx-no-cache=1554902264976 HTTP/1.1" 200 30
186.103.156.166 - - [10/Apr/2019:10:21:27 -0300] "GET /cormun/servlet/solicitudotadjuntos?dc344eeba979f7f5a1caaa232a5d5154fdafbdb7db7313f165a330425015fe11,gx-no-cache=1554902264994 HTTP/1.1" 200 30
186.103.156.166 - - [10/Apr/2019:10:21:27 -0300] "POST /cormun/servlet/solicitudotadjuntos?08f3df8b763e753b7026d4cca2d3ede6,INS,2019,15150,,1, HTTP/1.1" 200 6468
186.103.156.166 - - [10/Apr/2019:10:21:27 -0300] "GET /home/sistema/apache-tomcat-7.0.65/webapps/cormun/PrivateTempStorage/upload_00021262.pdf HTTP/1.1" 404 1135
186.103.156.166 - - [10/Apr/2019:10:21:27 -0300] "GET /home/sistema/apache-tomcat-7.0.65/webapps/cormun/PrivateTempStorage/upload_00021262.pdf HTTP/1.1" 404 1135
186.103.156.166 - - [10/Apr/2019:10:21:27 -0300] "GET /cormun/static/Shared/jqueryui/images/ui-icons_82798d_256x240.png HTTP/1.1" 404 1089
186.103.156.166 - - [10/Apr/2019:10:21:27 -0300] "GET /cormun/static/Shared/jqueryui/images/ui-bg_highlight-soft_100_c6c2c8_1x100.png HTTP/1.1" 404 1117
186.103.156.166 - - [10/Apr/2019:10:21:27 -0300] "GET /cormun/static/Shared/jqueryui/images/ui-bg_flat_55_994d53_40x100.png HTTP/1.1" 404 1097
186.103.156.166 - - [10/Apr/2019:10:21:27 -0300] "GET /cormun/PrivateTempStorage/upload_00021262.pdf HTTP/1.1" 200 16384
186.103.156.166 - - [10/Apr/2019:10:21:27 -0300] "GET /cormun/static/Shared/jqueryui/images/ui-icons_ebccce_256x240.png HTTP/1.1" 404 1089
186.103.156.166 - - [10/Apr/2019:10:21:27 -0300] "GET /cormun/PrivateTempStorage/upload_00021262.pdf HTTP/1.1" 200 249669
190.171.152.114 - - [10/Apr/2019:10:21:28 -0300] "GET /cormun/servlet/licenciaspermisos?b57fe792ea69111099a0c6b9f1f2ecf22ff02ed511be424929b8f1e4e3d94a74d60c8182968f11114969e7ba2a1a17310d97637fd2f83828648401f493bf73ff449a351c70e93419fe7ad5a5a8b94e1f61e93f1bbf47556d9956f4d4962fa8a888981d4c9bc720e576f426e846b657bc586b70e24ed365d97ce4b1f283a019ca3d0d87bf24d8989cb7c080bd2979a3aa06a36050fa909f18c0211c88d7e912e04231a06f525e1fb8b280072c2203be95cee06e76a17a0d0a72d3fa1183d557ad2d050f15dd14c56cede9e151e6fad8de2065e9d522c031027237fd038706cbe1,gx-no-cache=1554902265812 HTTP/1.1" 200 30
190.171.152.114 - - [10/Apr/2019:10:21:28 -0300] "POST /cormun/servlet/licenciaspermisos?ba917214f2e51fec9d5c0f03e02062ab,INS,0,,,,gx-no-cache=1554902265904 HTTP/1.1" 200 5022
190.171.141.82 - - [10/Apr/2019:10:21:37 -0300] "POST /cormun/servlet/trsolicitudot?cff0121be2581edb84b15f25e60fbbf7,gx-no-cache=1554902271728 HTTP/1.1" 200 107
190.171.141.82 - - [10/Apr/2019:10:21:37 -0300] "GET /cormun/servlet/trsolicitudadjuntos?2019,15240, HTTP/1.1" 200 10198
190.171.141.82 - - [10/Apr/2019:10:21:38 -0300] "GET /cormun/servlet/trsolicitudadjuntos?2019,15240, HTTP/1.1" 200 10201
186.103.156.166 - - [10/Apr/2019:10:21:38 -0300] "POST /cormun/servlet/solicitudotadjuntos?08f3df8b763e753b7026d4cca2d3ede6,INS,2019,15150,,1, HTTP/1.1" 200 116
186.103.156.166 - - [10/Apr/2019:10:21:38 -0300] "GET /cormun/servlet/hpexe_return? HTTP/1.1" 200 1023
186.103.156.166 - - [10/Apr/2019:10:21:39 -0300] "GET /cormun/servlet/trsolicitudadjuntos?2019,15150, HTTP/1.1" 200 9859
190.171.141.82 - - [10/Apr/2019:10:21:40 -0300] "POST /cormun/servlet/trsolicitudadjuntos?cff0121be2581edb84b15f25e60fbbf7,2019,15240,,gx-no-cache=1554902274990 HTTP/1.1" 200 90
190.171.141.82 - - [10/Apr/2019:10:21:40 -0300] "GET /cormun/servlet/hpexe_link HTTP/1.1" 200 970
186.103.156.166 - - [10/Apr/2019:10:21:40 -0300] "GET /cormun/servlet/trsolicitudadjuntos?2019,15150, HTTP/1.1" 200 9857
190.171.141.82 - - [10/Apr/2019:10:21:40 -0300] "GET /cormun/servlet/trsolicitudot HTTP/1.1" 200 9641
190.171.141.82 - - [10/Apr/2019:10:21:40 -0300] "GET /cormun/servlet/trsolicitudot HTTP/1.1" 200 9640
190.171.152.114 - - [10/Apr/2019:10:21:41 -0300] "GET /cormun/servlet/licenciaspermisos?b57fe792ea69111099a0c6b9f1f2ecf250974459c32c14c877e66a1c80e07805dcd0f5934986eaec7901370f073ae26a395efc016900d3ad73d138d3f738d32961e1a85c7eb8bd369d9707dd8cc2f209efe88094b33f3fcac4c54d0c57a1e5891f561f1b05cb728f6786ee5121a357fda450f3831c7049d1af78b5aafb194ccbf208b5732b4d84a5d98bf6bdeebb487f395f68c05e259e6b80013243b26f8aece0e90d9ea8dc3233ab3066204936c7d94d49a1bddd1d2bd6dd0815e71305c879c566902a7b5b9a2a77b4194984691ad3dc03f6aff3b16dbe59ac683dc1ae560413ec9fa2cea566ad5e8d3e2fb1b6dca2,gx-no-cache=1554902278724 HTTP/1.1" 200 66
190.171.141.82 - - [10/Apr/2019:10:21:44 -0300] "POST /cormun/servlet/trsolicitudot?cff0121be2581edb84b15f25e60fbbf7,gx-no-cache=1554902279165 HTTP/1.1" 200 6322
190.171.141.82 - - [10/Apr/2019:10:21:44 -0300] "GET /cormun/static/Shared/jqueryui/images/ui-icons_82798d_256x240.png HTTP/1.1" 404 1089
190.171.141.82 - - [10/Apr/2019:10:21:44 -0300] "GET /cormun/static/Shared/jqueryui/images/ui-bg_highlight-soft_100_c6c2c8_1x100.png HTTP/1.1" 404 1117
190.171.141.82 - - [10/Apr/2019:10:21:44 -0300] "GET /cormun/static/Shared/jqueryui/images/ui-bg_flat_55_fafafa_40x100.png HTTP/1.1" 404 1097
186.103.156.166 - - [10/Apr/2019:10:21:45 -0300] "POST /cormun/servlet/trsolicitudadjuntos?08f3df8b763e753b7026d4cca2d3ede6,2019,15150,,gx-no-cache=1554902283374 HTTP/1.1" 200 90
186.103.156.166 - - [10/Apr/2019:10:21:45 -0300] "GET /cormun/servlet/hpexe_link HTTP/1.1" 200 967
186.103.156.166 - - [10/Apr/2019:10:21:45 -0300] "GET /cormun/servlet/trsolicitudot HTTP/1.1" 200 9265
190.171.141.82 - - [10/Apr/2019:10:21:46 -0300] "GET /cormun/static/Shared/jqueryui/images/ui-icons_8d78a5_256x240.png HTTP/1.1" 404 1089
186.103.156.166 - - [10/Apr/2019:10:21:46 -0300] "GET /cormun/servlet/trsolicitudot HTTP/1.1" 200 9263
190.171.141.82 - - [10/Apr/2019:10:21:48 -0300] "POST /cormun/servlet/trsolicitudot?cff0121be2581edb84b15f25e60fbbf7,gx-no-cache=1554902279432 HTTP/1.1" 200 6260
192.168.10.96 - - [10/Apr/2019:10:21:48 -0300] "GET /digitalizacion/servlet/hhome HTTP/1.1" 200 2609
192.168.10.96 - - [10/Apr/2019:10:21:49 -0300] "GET /digitalizacion/servlet/hhome HTTP/1.1" 200 2624
192.168.10.96 - - [10/Apr/2019:10:21:49 -0300] "GET /digitalizacion/servlet/hlogin HTTP/1.1" 302 -
192.168.10.96 - - [10/Apr/2019:10:21:49 -0300] "GET /digitalizacion/servlet/wblogin? HTTP/1.1" 200 2333
190.171.152.114 - - [10/Apr/2019:10:21:49 -0300] "POST /cormun/servlet/licenciaspermisos?ba917214f2e51fec9d5c0f03e02062ab,INS,0,,,,gx-no-cache=1554902286929 HTTP/1.1" 200 93
190.171.152.114 - - [10/Apr/2019:10:21:49 -0300] "GET /cormun/servlet/hpexe_return? HTTP/1.1" 200 1013
190.171.152.114 - - [10/Apr/2019:10:21:50 -0300] "GET /cormun/servlet/trlicencias HTTP/1.1" 200 12667
190.171.141.82 - - [10/Apr/2019:10:21:50 -0300] "GET /cormun/servlet/trautorizarsolicitud? HTTP/1.1" 200 9230
186.103.156.166 - - [10/Apr/2019:10:21:50 -0300] "POST /cormun/servlet/trsolicitudot?08f3df8b763e753b7026d4cca2d3ede6,gx-no-cache=1554902288789 HTTP/1.1" 200 107
190.171.141.82 - - [10/Apr/2019:10:21:51 -0300] "GET /cormun/servlet/trautorizarsolicitud? HTTP/1.1" 200 9229
186.103.156.166 - - [10/Apr/2019:10:21:51 -0300] "GET /cormun/servlet/trsolicitudadjuntos?2019,15150, HTTP/1.1" 200 9855
186.103.156.166 - - [10/Apr/2019:10:21:52 -0300] "GET /cormun/servlet/trsolicitudadjuntos?2019,15150, HTTP/1.1" 200 9854
190.171.152.114 - - [10/Apr/2019:10:21:54 -0300] "GET /cormun/servlet/trlicenciaspermisosadjuntos?20086578,20190410000000,L, HTTP/1.1" 200 6604
190.171.152.114 - - [10/Apr/2019:10:21:54 -0300] "GET /cormun/static/gxcfg.js?20177612163414 HTTP/1.1" 200 953
190.171.152.114 - - [10/Apr/2019:10:21:54 -0300] "GET /cormun/static/trlicenciaspermisosadjuntos.js?20177612163719 HTTP/1.1" 200 21036
190.171.152.114 - - [10/Apr/2019:10:21:56 -0300] "GET /cormun/servlet/licenciaspermisosadjuntos?INS,20086578,L,20190410000000,, HTTP/1.1" 200 5905
190.171.152.114 - - [10/Apr/2019:10:21:57 -0300] "GET /cormun/static/gxcfg.js?2017761263592 HTTP/1.1" 200 953
190.171.152.114 - - [10/Apr/2019:10:21:57 -0300] "GET /cormun/static/licenciaspermisosadjuntos.js?201776126362 HTTP/1.1" 200 8760
190.171.152.114 - - [10/Apr/2019:10:21:57 -0300] "HEAD /cormun/static/about:blank HTTP/1.1" 404 -
186.103.156.166 - - [10/Apr/2019:10:21:58 -0300] "GET /cormun/servlet/solicitudotadjuntos?DLT,2019,15150,CARNET,0, HTTP/1.1" 200 6306
186.103.156.166 - - [10/Apr/2019:10:21:59 -0300] "GET /cormun/static/Shared/jqueryui/images/ui-bg_flat_55_fafafa_40x100.png HTTP/1.1" 404 1097
186.103.156.166 - - [10/Apr/2019:10:21:59 -0300] "GET /cormun/static/Shared/jqueryui/images/ui-icons_8d78a5_256x240.png HTTP/1.1" 404 1089
190.171.152.138 - - [10/Apr/2019:10:21:59 -0300] "GET /cormun/servlet/trlicenciaspermisosadjuntos?17138296,20190410000000,L, HTTP/1.1" 200 6303
186.103.156.166 - - [10/Apr/2019:10:21:59 -0300] "GET /cormun/servlet/solicitudotadjuntos?DLT,2019,15150,CARNET,0, HTTP/1.1" 200 6299
190.171.152.138 - - [10/Apr/2019:10:21:59 -0300] "GET /cormun/static/gxcfg.js?20177612163414 HTTP/1.1" 304 -
186.103.156.166 - - [10/Apr/2019:10:21:59 -0300] "GET /cormun/PublicTempStorage/nacimiento3642873.pdf HTTP/1.1" 200 648707
190.171.152.138 - - [10/Apr/2019:10:22:00 -0300] "GET /cormun/servlet/trlicenciaspermisosadjuntos?17138296,20190410000000,L, HTTP/1.1" 200 6303
190.171.141.82 - - [10/Apr/2019:10:22:01 -0300] "POST /cormun/servlet/trautorizarsolicitud?cff0121be2581edb84b15f25e60fbbf7,,gx-no-cache=1554902295774 HTTP/1.1" 200 107
190.171.141.82 - - [10/Apr/2019:10:22:01 -0300] "GET /cormun/servlet/trsolicitudadjuntos?2019,15124, HTTP/1.1" 200 10104
192.168.10.96 - - [10/Apr/2019:10:22:02 -0300] "POST /digitalizacion/servlet/wblogin?d397b3d9d34ee847fbf475f281e1ee15,,gx-no-cache=1554909320311 HTTP/1.1" 200 65
192.168.10.96 - - [10/Apr/2019:10:22:02 -0300] "GET /digitalizacion/servlet/hhome HTTP/1.1" 200 2820
192.168.10.96 - - [10/Apr/2019:10:22:02 -0300] "GET /digitalizacion/servlet/hhome HTTP/1.1" 200 2819
190.171.141.82 - - [10/Apr/2019:10:22:03 -0300] "GET /cormun/servlet/trsolicitudadjuntos?2019,15124, HTTP/1.1" 200 10110
186.103.156.166 - - [10/Apr/2019:10:22:05 -0300] "POST /cormun/servlet/solicitudotadjuntos?08f3df8b763e753b7026d4cca2d3ede6,DLT,2019,15150,CARNET,0,,gx-no-cache=1554902303208 HTTP/1.1" 200 93
190.171.141.82 - - [10/Apr/2019:10:22:05 -0300] "POST /cormun/servlet/trsolicitudadjuntos?cff0121be2581edb84b15f25e60fbbf7,2019,15124,,gx-no-cache=1554902300116 HTTP/1.1" 200 90
190.171.141.82 - - [10/Apr/2019:10:22:05 -0300] "GET /cormun/servlet/hpexe_link HTTP/1.1" 200 977
186.103.156.166 - - [10/Apr/2019:10:22:05 -0300] "GET /cormun/servlet/hpexe_return? HTTP/1.1" 200 1029
190.171.141.82 - - [10/Apr/2019:10:22:05 -0300] "GET /cormun/servlet/trautorizarsolicitud HTTP/1.1" 200 9230
186.103.156.166 - - [10/Apr/2019:10:22:05 -0300] "GET /cormun/servlet/trsolicitudadjuntos?2019,15150, HTTP/1.1" 200 9600
190.171.141.82 - - [10/Apr/2019:10:22:06 -0300] "GET /cormun/servlet/trautorizarsolicitud HTTP/1.1" 200 9229
190.171.152.138 - - [10/Apr/2019:10:22:06 -0300] "GET /cormun/servlet/licenciaspermisosadjuntos?INS,17138296,L,20190410000000,, HTTP/1.1" 200 5600
186.103.156.166 - - [10/Apr/2019:10:22:07 -0300] "GET /cormun/servlet/trsolicitudadjuntos?2019,15150, HTTP/1.1" 200 9604
190.171.152.138 - - [10/Apr/2019:10:22:07 -0300] "GET /cormun/static/gxcfg.js?2017761263592 HTTP/1.1" 304 -
190.171.152.138 - - [10/Apr/2019:10:22:07 -0300] "GET /cormun/static/about:blank HTTP/1.1" 404 1011
190.171.152.138 - - [10/Apr/2019:10:22:07 -0300] "GET /cormun/servlet/licenciaspermisosadjuntos?INS,17138296,L,20190410000000,, HTTP/1.1" 200 5589
190.171.141.82 - - [10/Apr/2019:10:22:08 -0300] "POST /cormun/servlet/trautorizarsolicitud?cff0121be2581edb84b15f25e60fbbf7,gx-no-cache=1554902302996 HTTP/1.1" 200 5854
190.171.141.82 - - [10/Apr/2019:10:22:08 -0300] "POST /cormun/servlet/trautorizarsolicitud?cff0121be2581edb84b15f25e60fbbf7,gx-no-cache=1554902303220 HTTP/1.1" 200 5798
190.171.141.82 - - [10/Apr/2019:10:22:09 -0300] "POST /cormun/servlet/trautorizarsolicitud?cff0121be2581edb84b15f25e60fbbf7,gx-no-cache=1554902304347 HTTP/1.1" 200 4682
190.171.141.82 - - [10/Apr/2019:10:22:09 -0300] "POST /cormun/servlet/trautorizarsolicitud?cff0121be2581edb84b15f25e60fbbf7,gx-no-cache=1554902304537 HTTP/1.1" 200 4459
192.168.10.96 - - [10/Apr/2019:10:22:10 -0300] "GET /digitalizacion/servlet/trdocumentos? HTTP/1.1" 200 9871
192.168.10.96 - - [10/Apr/2019:10:22:11 -0300] "POST /digitalizacion/servlet/trdocumentos?gx-no-cache=1554909329580 HTTP/1.1" 200 449
192.168.10.96 - - [10/Apr/2019:10:22:11 -0300] "GET /digitalizacion/servlet/trdocumentos? HTTP/1.1" 200 9868
192.168.10.96 - - [10/Apr/2019:10:22:11 -0300] "POST /digitalizacion/servlet/trdocumentos?gx-no-cache=1554909329912 HTTP/1.1" 200 78
190.171.152.114 - - [10/Apr/2019:10:22:12 -0300] "POST /cormun/servlet/licenciaspermisosadjuntos?ba917214f2e51fec9d5c0f03e02062ab,INS,20086578,L,20190410000000,, HTTP/1.1" 200 116
190.171.152.114 - - [10/Apr/2019:10:22:12 -0300] "GET /cormun/servlet/hpexe_return? HTTP/1.1" 200 1040
190.171.152.114 - - [10/Apr/2019:10:22:13 -0300] "GET /cormun/servlet/trlicenciaspermisosadjuntos?20086578,20190410000000,L, HTTP/1.1" 200 7127
190.171.141.82 - - [10/Apr/2019:10:22:13 -0300] "GET /cormun/servlet/trsolicitudot? HTTP/1.1" 200 9291
190.171.141.82 - - [10/Apr/2019:10:22:13 -0300] "GET /cormun/servlet/trsolicitudot? HTTP/1.1" 200 9291
190.171.152.114 - - [10/Apr/2019:10:22:14 -0300] "GET /cormun/PublicTempStorage/licencia_medica_ruth_fuentes878006.pdf HTTP/1.1" 200 1730100
190.171.152.114 - - [10/Apr/2019:10:22:16 -0300] "GET /cormun/PublicTempStorage/licencia_medica_ruth_fuentes878006.pdf HTTP/1.1" 200 1730100
192.168.10.96 - - [10/Apr/2019:10:22:16 -0300] "POST /digitalizacion/servlet/trdocumentos?d397b3d9d34ee847fbf475f281e1ee15,,gx-no-cache=1554909334366 HTTP/1.1" 200 4267
192.168.10.96 - - [10/Apr/2019:10:22:27 -0300] "POST /digitalizacion/servlet/trdocumentos?d397b3d9d34ee847fbf475f281e1ee15,,gx-no-cache=1554909345716 HTTP/1.1" 200 3726
190.171.152.114 - - [10/Apr/2019:10:22:30 -0300] "GET /cormun/servlet/trlicencias? HTTP/1.1" 200 12662
192.168.10.96 - - [10/Apr/2019:10:22:30 -0300] "GET /digitalizacion/servlet/wbadjunto?81,PU HTTP/1.1" 302 -
192.168.10.96 - - [10/Apr/2019:10:22:31 -0300] "GET /digitalizacion/PublicTempStorage/9320758.tmp HTTP/1.1" 200 515000
186.103.156.166 - - [10/Apr/2019:10:22:35 -0300] "GET /cormun/servlet/solicitudotadjuntos?INS,2019,15150,,1, HTTP/1.1" 200 6341
190.171.152.114 - - [10/Apr/2019:10:22:35 -0300] "GET /cormun/servlet/alicenciaprn?20086578,L,20190410000000,PU HTTP/1.1" 200 1604
186.103.156.166 - - [10/Apr/2019:10:22:35 -0300] "GET /cormun/static/about:blank HTTP/1.1" 404 1011
186.103.156.166 - - [10/Apr/2019:10:22:35 -0300] "GET /cormun/servlet/solicitudotadjuntos?INS,2019,15150,,1, HTTP/1.1" 200 6335
186.103.156.166 - - [10/Apr/2019:10:22:36 -0300] "GET /cormun/servlet/solicitudotadjuntos?dc344eeba979f7f5a1caaa232a5d5154843cecea215e3442d391eb1e950004d1d861a0dd85aee2df0017ae34b37f749d,gx-no-cache=1554902334046 HTTP/1.1" 200 30
186.103.156.166 - - [10/Apr/2019:10:22:36 -0300] "POST /cormun/servlet/solicitudotadjuntos?08f3df8b763e753b7026d4cca2d3ede6,INS,2019,15150,,1,,gx-no-cache=1554902334077 HTTP/1.1" 200 4058
186.103.156.166 - - [10/Apr/2019:10:22:49 -0300] "POST /cormun/servlet/solicitudotadjuntos?gx-no-cache=1554902347181 HTTP/1.1" 200 26
200.54.103.162 - - [10/Apr/2019:10:22:54 -0300] "GET /cormun/servlet/trfichaempleado? HTTP/1.1" 200 14907
192.168.10.96 - - [10/Apr/2019:10:22:55 -0300] "GET /digitalizacion/servlet/wbadjunto?81,PU HTTP/1.1" 302 -
192.168.10.96 - - [10/Apr/2019:10:22:55 -0300] "GET /digitalizacion/PublicTempStorage/5607512.tmp HTTP/1.1" 200 515000
186.103.156.166 - - [10/Apr/2019:10:23:02 -0300] "GET /cormun/servlet/solicitudotadjuntos?dc344eeba979f7f5a1caaa232a5d5154fdafbdb7db7313f165a330425015fe11,gx-no-cache=1554902360181 HTTP/1.1" 200 30
186.103.156.166 - - [10/Apr/2019:10:23:02 -0300] "GET /cormun/servlet/solicitudotadjuntos?dc344eeba979f7f5a1caaa232a5d5154fdafbdb7db7313f165a330425015fe11,gx-no-cache=1554902360259 HTTP/1.1" 200 30
186.103.156.166 - - [10/Apr/2019:10:23:02 -0300] "POST /cormun/servlet/solicitudotadjuntos?08f3df8b763e753b7026d4cca2d3ede6,INS,2019,15150,,1, HTTP/1.1" 200 116
186.103.156.166 - - [10/Apr/2019:10:23:02 -0300] "GET /cormun/servlet/hpexe_return? HTTP/1.1" 200 1023
186.103.156.166 - - [10/Apr/2019:10:23:03 -0300] "GET /cormun/servlet/trsolicitudadjuntos?2019,15150, HTTP/1.1" 200 9849
186.103.156.166 - - [10/Apr/2019:10:23:04 -0300] "GET /cormun/servlet/trsolicitudadjuntos?2019,15150, HTTP/1.1" 200 9848
192.168.10.96 - - [10/Apr/2019:10:23:06 -0300] "GET /digitalizacion/servlet/wbadjunto?82,PU HTTP/1.1" 302 -
192.168.10.96 - - [10/Apr/2019:10:23:06 -0300] "GET /digitalizacion/PublicTempStorage/5978931.tmp HTTP/1.1" 200 1028493
190.171.141.82 - - [10/Apr/2019:10:23:12 -0300] "GET /cormun/servlet/trsolicitudot? HTTP/1.1" 200 9291
190.171.141.82 - - [10/Apr/2019:10:23:12 -0300] "GET /cormun/servlet/trsolicitudot? HTTP/1.1" 200 9291
190.171.141.82 - - [10/Apr/2019:10:23:15 -0300] "GET /cormun/servlet/solicitudot?INS,0,0, HTTP/1.1" 200 15236
186.103.156.166 - - [10/Apr/2019:10:23:16 -0300] "GET /cormun/servlet/solicitudotadjuntos?INS,2019,15150,,1, HTTP/1.1" 200 6342
190.171.141.82 - - [10/Apr/2019:10:23:16 -0300] "GET /cormun/servlet/solicitudot?INS,0,0, HTTP/1.1" 200 15243
186.103.156.166 - - [10/Apr/2019:10:23:17 -0300] "GET /cormun/static/about:blank HTTP/1.1" 404 1011
186.103.156.166 - - [10/Apr/2019:10:23:17 -0300] "GET /cormun/servlet/solicitudotadjuntos?INS,2019,15150,,1, HTTP/1.1" 200 6335
186.103.156.166 - - [10/Apr/2019:10:23:18 -0300] "GET /cormun/servlet/solicitudotadjuntos?dc344eeba979f7f5a1caaa232a5d5154843cecea215e3442d391eb1e950004d1d861a0dd85aee2df0017ae34b37f749d,gx-no-cache=1554902376264 HTTP/1.1" 200 30
186.103.156.166 - - [10/Apr/2019:10:23:18 -0300] "POST /cormun/servlet/solicitudotadjuntos?08f3df8b763e753b7026d4cca2d3ede6,INS,2019,15150,,1,,gx-no-cache=1554902376592 HTTP/1.1" 200 4058
190.171.141.82 - - [10/Apr/2019:10:23:20 -0300] "GET /cormun/servlet/prfichaempleado?,MD,,gxPopupLevel%3D0%3B HTTP/1.1" 200 9436
186.103.156.166 - - [10/Apr/2019:10:23:32 -0300] "POST /cormun/servlet/solicitudotadjuntos?gx-no-cache=1554902390008 HTTP/1.1" 200 26
190.171.141.82 - - [10/Apr/2019:10:23:32 -0300] "POST /cormun/servlet/prfichaempleado?cff0121be2581edb84b15f25e60fbbf7,,MD,,gxPopupLevel%3D0%3B,gx-no-cache=1554902387125 HTTP/1.1" 200 3400
186.103.156.166 - - [10/Apr/2019:10:23:39 -0300] "GET /cormun/servlet/solicitudotadjuntos?dc344eeba979f7f5a1caaa232a5d5154fdafbdb7db7313f165a330425015fe11,gx-no-cache=1554902397431 HTTP/1.1" 200 30
186.103.156.166 - - [10/Apr/2019:10:23:39 -0300] "GET /cormun/servlet/solicitudotadjuntos?dc344eeba979f7f5a1caaa232a5d5154fdafbdb7db7313f165a330425015fe11,gx-no-cache=1554902397450 HTTP/1.1" 200 30
186.103.156.166 - - [10/Apr/2019:10:23:39 -0300] "POST /cormun/servlet/solicitudotadjuntos?08f3df8b763e753b7026d4cca2d3ede6,INS,2019,15150,,1, HTTP/1.1" 200 116
186.103.156.166 - - [10/Apr/2019:10:23:39 -0300] "GET /cormun/servlet/hpexe_return? HTTP/1.1" 200 1023
186.103.156.166 - - [10/Apr/2019:10:23:40 -0300] "GET /cormun/servlet/trsolicitudadjuntos?2019,15150, HTTP/1.1" 200 10076
186.103.156.166 - - [10/Apr/2019:10:23:41 -0300] "GET /cormun/servlet/trsolicitudadjuntos?2019,15150, HTTP/1.1" 200 10074
190.171.141.82 - - [10/Apr/2019:10:23:43 -0300] "POST /cormun/servlet/solicitudot?gx-no-cache=1554902397852 HTTP/1.1" 200 3543
190.171.141.82 - - [10/Apr/2019:10:23:43 -0300] "POST /cormun/servlet/solicitudot?cff0121be2581edb84b15f25e60fbbf7,INS,0,0,,gx-no-cache=1554902397988 HTTP/1.1" 200 12004
186.103.156.166 - - [10/Apr/2019:10:23:45 -0300] "GET /cormun/PublicTempStorage/certificado_de_estudio5299533.pdf HTTP/1.1" 200 222223
186.103.156.166 - - [10/Apr/2019:10:23:53 -0300] "GET /cormun/servlet/trsolicitudadjuntos?2019,15150, HTTP/1.1" 200 10073
186.103.156.166 - - [10/Apr/2019:10:23:54 -0300] "GET /cormun/servlet/trsolicitudadjuntos?2019,15150, HTTP/1.1" 200 10073
186.103.156.166 - - [10/Apr/2019:10:24:02 -0300] "POST /cormun/servlet/trsolicitudadjuntos?08f3df8b763e753b7026d4cca2d3ede6,2019,15150,,gx-no-cache=1554902420809 HTTP/1.1" 200 90
186.103.156.166 - - [10/Apr/2019:10:24:02 -0300] "GET /cormun/servlet/hpexe_link HTTP/1.1" 200 967
186.103.156.166 - - [10/Apr/2019:10:24:03 -0300] "GET /cormun/servlet/trsolicitudot HTTP/1.1" 200 9265
186.103.156.166 - - [10/Apr/2019:10:24:04 -0300] "GET /cormun/servlet/trsolicitudot HTTP/1.1" 200 9263
190.171.141.82 - - [10/Apr/2019:10:24:25 -0300] "GET /cormun/servlet/solicitudot?c91e426d60f476bcd633a7a8afbc6af471b294291780a7152751b4c5d59b23c31a2ae918dcc8209ae5552a67d5c5cd3d,gx-no-cache=1554902440169 HTTP/1.1" 200 30
190.171.141.82 - - [10/Apr/2019:10:24:26 -0300] "GET /cormun/servlet/solicitudot?c91e426d60f476bcd633a7a8afbc6af4ed1b5773d8b583313d9f22cdcbffea6fd1b72cdb86eca7e65fe269a7e5746ac8,gx-no-cache=1554902440749 HTTP/1.1" 200 103
190.171.141.82 - - [10/Apr/2019:10:24:26 -0300] "GET /cormun/servlet/solicitudot?c91e426d60f476bcd633a7a8afbc6af45a98a37be0d79fe5a577f9b64143c0eb,gx-no-cache=1554902440796 HTTP/1.1" 200 53
190.171.141.82 - - [10/Apr/2019:10:24:26 -0300] "GET /cormun/static/Shared/jqueryui/images/ui-bg_flat_55_994d53_40x100.png HTTP/1.1" 404 1097
190.171.141.82 - - [10/Apr/2019:10:24:26 -0300] "GET /cormun/static/Shared/jqueryui/images/ui-icons_ebccce_256x240.png HTTP/1.1" 404 1089
190.171.141.82 - - [10/Apr/2019:10:24:26 -0300] "POST /cormun/servlet/solicitudot?gx-no-cache=1554902440841 HTTP/1.1" 200 256
190.171.141.82 - - [10/Apr/2019:10:24:26 -0300] "GET /cormun/servlet/solicitudot?c91e426d60f476bcd633a7a8afbc6af45f36c4b6763b498b0ab78c66095ba1d9a3f37d62cd36a6ede46f301c7bc4422ad11579836dc8e560d82b61da7d977afdac2a1f62a3c0b8b7b44b6a86d5835a4d4a6517df430bcc986b22ac79baf406d624c3b8975ed5dde2e55ea17c5997f4ec4dec60e19bddfa7a0f446fadf838e0b8e41949173658d17328365012f75fac87ebe1bf898eec84e9f5fb95c4937bcb6c88800380d2c6ec18459035c6847fb616d8c5cef827437c6efcc2800b559f70807b9b17a139676d6b456f6e01c5d5b1caa61c529d488187fe8764e4138f8c3f5d982e6d1a9156a14d3fd9401324458863aa52a3b1dc7520b3111fd33de705fff866259d7e7a270c3cebd44d256140203260b363fff030bb86965a725f423441783a40075cd68554e97b2f92f7a99aa97a7e017d6d6dba4de9d80614bf766c691d8e45d7dc92e33c64bece7e903b18517826bfb9e7f16c5aa6620ea32fa8e808a14fc09863ad0378e7f76ed522e463a39bdc9736b46c7cfe50043f9bccb11b337d,gx-no-cache=1554902440908 HTTP/1.1" 200 30
190.171.141.82 - - [10/Apr/2019:10:24:30 -0300] "POST /cormun/servlet/solicitudot?gx-no-cache=1554902444945 HTTP/1.1" 200 30
190.171.141.82 - - [10/Apr/2019:10:24:33 -0300] "POST /cormun/servlet/solicitudot?gx-no-cache=1554902448688 HTTP/1.1" 200 1334
190.171.141.82 - - [10/Apr/2019:10:24:33 -0300] "POST /cormun/servlet/solicitudot?gx-no-cache=1554902448728 HTTP/1.1" 200 38
190.171.141.82 - - [10/Apr/2019:10:24:34 -0300] "GET /cormun/servlet/solicitudot?c91e426d60f476bcd633a7a8afbc6af49bdfd47991eeba26c026cf27038082a52f3e14a6726b9de7d266a71c1e22cac7c94f4e8956cc1f0df645797438b85c9e8ab97b9a21e211c7834a5f504c1678013ae4684401d670a4027a35c3afd0abe6c2539275ce2fb482d965d1c6989df622,gx-no-cache=1554902448769 HTTP/1.1" 200 110
190.171.141.82 - - [10/Apr/2019:10:24:38 -0300] "POST /cormun/servlet/solicitudot?gx-no-cache=1554902453618 HTTP/1.1" 200 69
190.171.141.82 - - [10/Apr/2019:10:24:45 -0300] "GET /cormun/servlet/solicitudot?c91e426d60f476bcd633a7a8afbc6af4a3a67bffb47da127e971ac14b3055c34fdaf501ff773730afd577f000a6ef4ecb9eb54506b088f170d3a1a607edf88a3aafeb0a1164805e72e709b79b69376236437bd118bc88f906945302bbac2c92bcc1fbaa2a4cfc25e6adc4e2ef65bc6653b4d272ebe80a689d47916ff6df10a4484b05a5ab526be2bb9fd089f6312d45923e7a5b1d55fc9dd0de051464a451be9,gx-no-cache=1554902460724 HTTP/1.1" 200 29
190.171.141.82 - - [10/Apr/2019:10:24:47 -0300] "GET /cormun/static/menuarrow.gif HTTP/1.1" 404 1015
190.171.141.82 - - [10/Apr/2019:10:24:49 -0300] "GET /cormun/servlet/solicitudot?c91e426d60f476bcd633a7a8afbc6af42f2b717b3525bdc89e4b6f0f0cc7a1ab7e3f06bdcc4d933aee98c5b05fa66269,gx-no-cache=1554902464264 HTTP/1.1" 200 30
186.103.156.166 - - [10/Apr/2019:10:24:50 -0300] "POST /cormun/servlet/trsolicitudot?08f3df8b763e753b7026d4cca2d3ede6,gx-no-cache=1554902467975 HTTP/1.1" 200 106
186.103.156.166 - - [10/Apr/2019:10:24:50 -0300] "GET /cormun/servlet/solicitudot?UPD,2019,15150, HTTP/1.1" 200 15830
186.103.156.166 - - [10/Apr/2019:10:24:51 -0300] "GET /cormun/servlet/solicitudot?UPD,2019,15150, HTTP/1.1" 200 15840
186.103.156.166 - - [10/Apr/2019:10:24:51 -0300] "POST /cormun/servlet/solicitudot?gx-no-cache=1554902469609 HTTP/1.1" 200 3536
186.103.156.166 - - [10/Apr/2019:10:24:51 -0300] "POST /cormun/servlet/solicitudot?08f3df8b763e753b7026d4cca2d3ede6,UPD,2019,15150,,gx-no-cache=1554902469786 HTTP/1.1" 200 12071
186.103.156.166 - - [10/Apr/2019:10:24:52 -0300] "GET /cormun/servlet/solicitudot?dc344eeba979f7f5a1caaa232a5d51546fe009001551964221b6e5f450c7ff70a218f46283ea538f7b91dd4cf1669b9d,gx-no-cache=1554902470045 HTTP/1.1" 200 30
186.103.156.166 - - [10/Apr/2019:10:24:52 -0300] "GET /cormun/servlet/solicitudot?dc344eeba979f7f5a1caaa232a5d515425dd5274e8754137f9b6cd09070a565fdd8b3b05d7c63f9d854840e296095a9ed0f02492490287eb7426c34381434127,gx-no-cache=1554902470091 HTTP/1.1" 200 30
186.103.156.166 - - [10/Apr/2019:10:24:52 -0300] "GET /cormun/servlet/solicitudot?dc344eeba979f7f5a1caaa232a5d5154fad21d0547971619d6cb928bc67b087a3b5395d3163a7a4ab4a580edb01fbf787340d7ba22c3f305a3e07cbd23696964,gx-no-cache=1554902470120 HTTP/1.1" 200 53
186.103.156.166 - - [10/Apr/2019:10:24:52 -0300] "POST /cormun/servlet/solicitudot?gx-no-cache=1554902470193 HTTP/1.1" 200 297
186.103.156.166 - - [10/Apr/2019:10:24:52 -0300] "GET /cormun/servlet/solicitudot?dc344eeba979f7f5a1caaa232a5d5154cab3377a972fe0dbbe0925488c32ce17eb4d2db6836602dbf0a77895741ba1b1676adfe39402494136d9e7581587aebe0a06648db767ecb1ee57613973b134e8eccea823a3988a4fb2614d26fd597a13a26256f8c2ee345082e5a280fd43623febe3e974ff6a4618427ee2f05963b0555ed09be97326b34d87b700dafeceed960e18303408fa915860ae9a970a1aa332c066cb0c18ad4cbef6caf8c14e0a32333dfc9913b37d8ff9963bad341509aa3436937173d5de82e2334133f3a80d2bff76e917ec3e6f434f9ff949c73b7d98d881c520354adfe307a7911f9ac9412d9186be6f8efce6185aa216088cfadb7c2f135eb5de4af5109d43e51ec8ac76906af875ddfd09e109116168c205bfd312e60d6359dc8a320c3f05ac283f155650eb7a1fb48c64ae456c89ab66587da5c8bd5b661f2c92a1b3d2710d591d9a07af7b914b891ff6dccf59a469acfbe87e15cb272a240d546363091d9b7202131bec05fcedd808e281ae612a39e504326010b2b84277ca26e55dc0c401ca3d6aa001d0,gx-no-cache=1554902470247 HTTP/1.1" 200 30
186.103.156.166 - - [10/Apr/2019:10:24:52 -0300] "POST /cormun/servlet/solicitudot?gx-no-cache=1554902470581 HTTP/1.1" 200 30
186.103.156.166 - - [10/Apr/2019:10:24:52 -0300] "POST /cormun/servlet/solicitudot?gx-no-cache=1554902470620 HTTP/1.1" 200 1334
186.103.156.166 - - [10/Apr/2019:10:24:52 -0300] "POST /cormun/servlet/solicitudot?gx-no-cache=1554902470685 HTTP/1.1" 200 41
186.103.156.166 - - [10/Apr/2019:10:24:58 -0300] "GET /cormun/servlet/solicitudot?dc344eeba979f7f5a1caaa232a5d5154ac05cc25deeb5fe42c759b7d60700a737c1c15226ce2bd1df9b8a8d04a8126d344fd384f486746ee4e0877d29f3fc8f44dff2e070cd4dc5e013433b63b6c7317c04f7b275862b1b69bcb8a1d371741c0eca3f1b30f1556ca6fe0fbb4ebe5d054,gx-no-cache=1554902476146 HTTP/1.1" 200 110
186.103.156.166 - - [10/Apr/2019:10:24:58 -0300] "POST /cormun/servlet/solicitudot?gx-no-cache=1554902476183 HTTP/1.1" 200 79
186.103.156.166 - - [10/Apr/2019:10:24:58 -0300] "GET /cormun/servlet/solicitudot?dc344eeba979f7f5a1caaa232a5d5154ce11160c65954cceede7f44db5c97d7596622fd9acd5c699285b5fd6fb71ad220a331d6aece24200df86508e32fd22803a9337acc8c4e2dbdb613d3934b2cfd4d59b5f0fe80ae0a300ea9cea0d613574e7ad3442cbb4915dd8101576e1620318,gx-no-cache=1554902476221 HTTP/1.1" 200 29
186.103.156.166 - - [10/Apr/2019:10:24:58 -0300] "GET /cormun/static/menuarrow.gif HTTP/1.1" 404 1015
190.171.141.82 - - [10/Apr/2019:10:25:06 -0300] "POST /cormun/servlet/solicitudot?gx-no-cache=1554902480730 HTTP/1.1" 200 30
190.171.141.82 - - [10/Apr/2019:10:25:06 -0300] "POST /cormun/servlet/solicitudot?cff0121be2581edb84b15f25e60fbbf7,INS,0,0,,gx-no-cache=1554902480821 HTTP/1.1" 200 12300
186.103.156.166 - - [10/Apr/2019:10:25:07 -0300] "GET /cormun/servlet/solicitudot?dc344eeba979f7f5a1caaa232a5d5154ac05cc25deeb5fe42c759b7d60700a737c1c15226ce2bd1df9b8a8d04a8126d344fd384f486746ee4e0877d29f3fc8f44dff2e070cd4dc5e013433b63b6c7317c04f7b275862b1b69bcb8a1d371741c0eca3f1b30f1556ca6fe0fbb4ebe5d054,gx-no-cache=1554902485551 HTTP/1.1" 200 110
186.103.156.166 - - [10/Apr/2019:10:25:07 -0300] "GET /cormun/servlet/solicitudot?dc344eeba979f7f5a1caaa232a5d51545499ce62fdd11e8eb29c17d50af304b50d0b4df03395b34157fbfd44e3ccb79d,gx-no-cache=1554902485674 HTTP/1.1" 200 30
186.103.156.166 - - [10/Apr/2019:10:25:07 -0300] "POST /cormun/servlet/solicitudot?gx-no-cache=1554902485797 HTTP/1.1" 200 30
186.103.156.166 - - [10/Apr/2019:10:25:08 -0300] "POST /cormun/servlet/solicitudot?08f3df8b763e753b7026d4cca2d3ede6,UPD,2019,15150,,gx-no-cache=1554902485884 HTTP/1.1" 200 93
186.103.156.166 - - [10/Apr/2019:10:25:08 -0300] "GET /cormun/servlet/hpexe_return? HTTP/1.1" 200 1011
186.103.156.166 - - [10/Apr/2019:10:25:08 -0300] "GET /cormun/servlet/trsolicitudot HTTP/1.1" 200 9267
186.103.156.166 - - [10/Apr/2019:10:25:09 -0300] "GET /cormun/servlet/trsolicitudot HTTP/1.1" 200 9263
186.103.156.166 - - [10/Apr/2019:10:25:15 -0300] "POST /cormun/servlet/trsolicitudot?08f3df8b763e753b7026d4cca2d3ede6,gx-no-cache=1554902493092 HTTP/1.1" 200 5922
186.103.156.166 - - [10/Apr/2019:10:25:15 -0300] "POST /cormun/servlet/trsolicitudot?08f3df8b763e753b7026d4cca2d3ede6,gx-no-cache=1554902493361 HTTP/1.1" 200 5865
186.103.156.166 - - [10/Apr/2019:10:25:17 -0300] "POST /cormun/servlet/trsolicitudot?08f3df8b763e753b7026d4cca2d3ede6,gx-no-cache=1554902495725 HTTP/1.1" 200 4746
186.103.156.166 - - [10/Apr/2019:10:25:18 -0300] "POST /cormun/servlet/trsolicitudot?08f3df8b763e753b7026d4cca2d3ede6,gx-no-cache=1554902495951 HTTP/1.1" 200 4521
190.171.141.82 - - [10/Apr/2019:10:25:18 -0300] "GET /cormun/servlet/solicitudot?c91e426d60f476bcd633a7a8afbc6af401888a911dc30ee950ce15c16c10353a96d7440323281e1c95defaee19ee57b33cdefab92cc1e615e8a22d16fdd08471,gx-no-cache=1554902493177 HTTP/1.1" 200 30
190.171.141.82 - - [10/Apr/2019:10:25:18 -0300] "POST /cormun/servlet/solicitudot?gx-no-cache=1554902493200 HTTP/1.1" 200 255
190.171.141.82 - - [10/Apr/2019:10:25:18 -0300] "GET /cormun/servlet/solicitudot?c91e426d60f476bcd633a7a8afbc6af45f36c4b6763b498b0ab78c66095ba1d9a3f37d62cd36a6ede46f301c7bc4422ad11579836dc8e560d82b61da7d977afdac2a1f62a3c0b8b7b44b6a86d5835a4d4a6517df430bcc986b22ac79baf406d624c3b8975ed5dde2e55ea17c5997f4ec4dec60e19bddfa7a0f446fadf838e0b8e41949173658d17328365012f75fac87ebe1bf898eec84e9f5fb95c4937bcb6c88800380d2c6ec18459035c6847fb616d8c5cef827437c6efcc2800b559f70807b9b17a139676d6b456f6e01c5d5b1caa61c529d488187fe8764e4138f8c3f5d982e6d1a9156a14d3fd9401324458863aa52a3b1dc7520b3111fd33de705fff866259d7e7a270c3cebd44d256140203260b363fff030bb86965a725f423441783a40075cd68554e97b2f92f7a99aa97a7e017d6d6dba4de9d80614bf766c691d8e45d7dc92e33c64bece7e903b18517826bfb9e7f16c5aa6620ea32fa8e808a14fc09863ad0378e7f76ed522e463a39b59b70b163925e2b2de7cdbdb30296d77,gx-no-cache=1554902493234 HTTP/1.1" 200 30
190.171.141.82 - - [10/Apr/2019:10:25:18 -0300] "POST /cormun/servlet/solicitudot?gx-no-cache=1554902493258 HTTP/1.1" 200 30
