190.171.153.26 - - [09/Apr/2019:13:37:56 -0300] "GET /cormun/static/calendar-setup.js?85251 HTTP/1.1" 200 2588
190.171.153.26 - - [09/Apr/2019:13:37:56 -0300] "GET /cormun/static/gxui/gxui-all.css?110300 HTTP/1.1" 200 2179
190.171.153.26 - - [09/Apr/2019:13:37:56 -0300] "GET /cormun/static/calendar-es.js?85251 HTTP/1.1" 200 1901
190.171.153.26 - - [09/Apr/2019:13:37:56 -0300] "GET /cormun/static/trpermisosgoce.js?20177612164335 HTTP/1.1" 200 35904
190.171.153.26 - - [09/Apr/2019:13:37:57 -0300] "GET /cormun/static/gxdec.js?85251 HTTP/1.1" 200 19579
190.171.153.26 - - [09/Apr/2019:13:37:57 -0300] "GET /cormun/static/Shared/ext/resources/css/ext-all.css?205870 HTTP/1.1" 200 416045
190.171.153.26 - - [09/Apr/2019:13:37:58 -0300] "GET /cormun/static/Resources/PXTools/calendar.png HTTP/1.1" 200 1306
186.103.159.188 - - [09/Apr/2019:13:37:58 -0300] "GET /cormun/servlet/solicitudot?35d36e618e7c89a1bf78f580c7d989ce3af7ab81de8e13a6ded206b26d1383fa763b2cb2f88f0d336f6a68ac430a7986fe12e1157ef9c429506588ca4fb5af13cf9a6b2e8c27e4016636002ecde39dab1e6cfe2c73b254128a13078a1067838b4b88cf26734027a0ae08eccb6343ee72,gx-no-cache=1554827654814 HTTP/1.1" 200 110
190.171.153.26 - - [09/Apr/2019:13:37:58 -0300] "GET /cormun/static/Resources/PXToolsGridNew.png HTTP/1.1" 200 2949
190.171.153.26 - - [09/Apr/2019:13:37:58 -0300] "GET /cormun/static/Resources/PXToolsDataSearch.png HTTP/1.1" 200 419
190.171.153.26 - - [09/Apr/2019:13:37:58 -0300] "GET /cormun/static/Resources/PXToolsGridFirstDisabled.gif HTTP/1.1" 200 100
190.171.153.26 - - [09/Apr/2019:13:37:58 -0300] "GET /cormun/static/Resources/PXToolsGridNextDisabled.gif HTTP/1.1" 200 90
190.171.153.26 - - [09/Apr/2019:13:37:58 -0300] "GET /cormun/static/Resources/PXToolsGridLastDisabled.gif HTTP/1.1" 200 98
190.171.153.26 - - [09/Apr/2019:13:37:58 -0300] "GET /cormun/static/Resources/PXToolsGridPreviousDisabled.gif HTTP/1.1" 200 90
190.171.153.26 - - [09/Apr/2019:13:37:58 -0300] "GET /cormun/static/Resources/PXToolsGridPage.gif HTTP/1.1" 200 725
190.171.153.26 - - [09/Apr/2019:13:37:58 -0300] "GET /cormun/static/Resources/PXToolsActionExcel.png HTTP/1.1" 200 3187
190.171.153.26 - - [09/Apr/2019:13:37:58 -0300] "GET /cormun/static/Resources/asc.gif HTTP/1.1" 200 67
190.171.153.26 - - [09/Apr/2019:13:37:58 -0300] "GET /cormun/static/Resources/desc.gif HTTP/1.1" 200 65
190.171.153.26 - - [09/Apr/2019:13:37:58 -0300] "GET /cormun//static/Resources/PXToolsGridUpdate.png HTTP/1.1" 200 2984
190.171.153.26 - - [09/Apr/2019:13:37:58 -0300] "GET /cormun//static/Resources/PXToolsGridDisplay.png HTTP/1.1" 200 362
190.171.153.26 - - [09/Apr/2019:13:37:58 -0300] "GET /cormun//static/Resources/PXTools/ActionInsert.png HTTP/1.1" 200 1482
190.171.153.26 - - [09/Apr/2019:13:37:58 -0300] "GET /cormun//static/Resources/PXToolsGridDelete.png HTTP/1.1" 200 357
190.171.153.26 - - [09/Apr/2019:13:37:58 -0300] "GET /cormun//static/Resources/PXToolsActionPrint.png HTTP/1.1" 200 3317
190.171.153.26 - - [09/Apr/2019:13:37:58 -0300] "GET /cormun//static/Resources/PXToolsActionDisabled.gif HTTP/1.1" 200 53
190.171.153.26 - - [09/Apr/2019:13:37:58 -0300] "GET /cormun//static/Resources/PXToolsHeaderHelp.png HTTP/1.1" 200 4055
190.171.153.26 - - [09/Apr/2019:13:37:58 -0300] "GET /cormun//static/Resources/PXToolsHeaderFavorites.png HTTP/1.1" 200 2744
190.171.153.26 - - [09/Apr/2019:13:37:58 -0300] "GET /cormun/servlet/trpermisosgoce? HTTP/1.1" 200 8373
190.171.153.26 - - [09/Apr/2019:13:37:59 -0300] "GET /cormun/static/Shared/ext/resources/themes/images/default/tools/tool-sprites.gif HTTP/1.1" 200 5434
190.171.153.26 - - [09/Apr/2019:13:37:59 -0300] "GET /cormun/static/Shared/ext/resources/themes/images/default/panel/bg-headersPanel.png HTTP/1.1" 200 255
190.171.153.26 - - [09/Apr/2019:13:38:14 -0300] "GET /cormun/servlet/trpermisosadjuntos?14284689,20190408174121,P, HTTP/1.1" 200 6320
190.171.153.26 - - [09/Apr/2019:13:38:15 -0300] "GET /cormun/static/gxcfg.js?201762817193957 HTTP/1.1" 200 953
190.171.153.26 - - [09/Apr/2019:13:38:15 -0300] "GET /cormun/static/Resources/Spanish/PXTools.css?17315867 HTTP/1.1" 200 89042
190.171.153.26 - - [09/Apr/2019:13:38:15 -0300] "GET /cormun/static/trpermisosadjuntos.js?201762817194366 HTTP/1.1" 200 20158
190.171.153.26 - - [09/Apr/2019:13:38:15 -0300] "GET /cormun/servlet/trpermisosadjuntos?14284689,20190408174121,P, HTTP/1.1" 200 6321
190.171.153.26 - - [09/Apr/2019:13:38:21 -0300] "GET /cormun/servlet/permisosadjuntos?INS,14284689,P,20190408174121,, HTTP/1.1" 200 5644
190.171.153.26 - - [09/Apr/2019:13:38:21 -0300] "GET /cormun/static/gxcfg.js?201762717441171 HTTP/1.1" 200 953
190.171.153.26 - - [09/Apr/2019:13:38:21 -0300] "GET /cormun/static/permisosadjuntos.js?201762717441184 HTTP/1.1" 200 8724
190.171.153.26 - - [09/Apr/2019:13:38:21 -0300] "GET /cormun/static/about:blank HTTP/1.1" 404 1011
190.171.153.26 - - [09/Apr/2019:13:38:22 -0300] "GET /cormun/servlet/permisosadjuntos?INS,14284689,P,20190408174121,, HTTP/1.1" 200 5635
186.103.159.188 - - [09/Apr/2019:13:38:44 -0300] "POST /cormun/servlet/solicitudot?gx-no-cache=1554827701423 HTTP/1.1" 200 72
190.171.153.26 - - [09/Apr/2019:13:38:53 -0300] "POST /cormun/servlet/permisosadjuntos?e5555f4357f2e67160085a4e35cc7b16,INS,14284689,P,20190408174121,, HTTP/1.1" 200 116
190.171.153.26 - - [09/Apr/2019:13:38:53 -0300] "GET /cormun/servlet/hpexe_return? HTTP/1.1" 200 1041
190.171.153.26 - - [09/Apr/2019:13:38:53 -0300] "GET /cormun/static/Resources/Spanish/PXTools.css?167811 HTTP/1.1" 200 89042
190.171.153.26 - - [09/Apr/2019:13:38:53 -0300] "GET /cormun/static/gxcfg.js?2016101716175148 HTTP/1.1" 200 953
190.171.153.26 - - [09/Apr/2019:13:38:53 -0300] "GET /cormun/static/hpexe_return.js?2016101716175153 HTTP/1.1" 200 1633
190.171.153.26 - - [09/Apr/2019:13:38:53 -0300] "GET /cormun/servlet/trpermisosadjuntos?14284689,20190408174121,P, HTTP/1.1" 200 6797
190.171.153.26 - - [09/Apr/2019:13:38:54 -0300] "GET /cormun/servlet/trpermisosadjuntos?14284689,20190408174121,P, HTTP/1.1" 200 6793
190.171.153.26 - - [09/Apr/2019:13:38:54 -0300] "GET /cormun/PublicTempStorage/giovanya_contreras8009774.pdf HTTP/1.1" 200 314838
186.103.159.188 - - [09/Apr/2019:13:38:57 -0300] "GET /cormun/servlet/solicitudot?35d36e618e7c89a1bf78f580c7d989ceed7ba08bbdc3347bacebe742392e928a94e8e8c050ee98e396d001eb46e7c52d848d8bad1e07167293971f28ba2dc88919ee3324e6be6d4b1a9244addf854fd60ce3792b5938d24c6a987ab9af9193a7dbd8806b580d4e581772b954631738aa,gx-no-cache=1554827713845 HTTP/1.1" 200 29
186.103.159.188 - - [09/Apr/2019:13:38:57 -0300] "GET /cormun/static/menuarrow.gif HTTP/1.1" 404 1015
186.103.159.188 - - [09/Apr/2019:13:39:01 -0300] "GET /cormun/servlet/solicitudot?35d36e618e7c89a1bf78f580c7d989ce371383695e38003b4e3fe3440f4d5dfdc0f8b1b0597505bd256466cbc54cce30,gx-no-cache=1554827717932 HTTP/1.1" 200 30
186.103.159.188 - - [09/Apr/2019:13:39:12 -0300] "POST /cormun/servlet/solicitudot?gx-no-cache=1554827729336 HTTP/1.1" 200 30
186.103.159.188 - - [09/Apr/2019:13:39:12 -0300] "POST /cormun/servlet/solicitudot?aa50cf10c72a7d4229f6089ef76bb5e2,INS,0,0,,gx-no-cache=1554827729365 HTTP/1.1" 200 12061
190.171.153.26 - - [09/Apr/2019:13:39:34 -0300] "GET /cormun/servlet/hpexe_return? HTTP/1.1" 200 1036
190.171.153.26 - - [09/Apr/2019:13:39:35 -0300] "GET /cormun/servlet/trpermisosgoce HTTP/1.1" 200 8377
190.171.153.26 - - [09/Apr/2019:13:39:36 -0300] "GET /cormun/servlet/trpermisosgoce HTTP/1.1" 200 8373
190.171.153.26 - - [09/Apr/2019:13:39:49 -0300] "POST /cormun/servlet/trpermisosgoce?e5555f4357f2e67160085a4e35cc7b16,gx-no-cache=1554824159726 HTTP/1.1" 200 5586
190.171.153.26 - - [09/Apr/2019:13:39:49 -0300] "GET /cormun/static/Shared/jqueryui/images/ui-bg_highlight-soft_100_c6c2c8_1x100.png HTTP/1.1" 404 1117
190.171.153.26 - - [09/Apr/2019:13:39:49 -0300] "GET /cormun/static/Shared/jqueryui/images/ui-icons_82798d_256x240.png HTTP/1.1" 404 1089
190.171.153.26 - - [09/Apr/2019:13:39:49 -0300] "GET /cormun/static/Shared/jqueryui/images/ui-icons_8d78a5_256x240.png HTTP/1.1" 404 1089
190.171.153.26 - - [09/Apr/2019:13:39:49 -0300] "GET /cormun/static/Shared/jqueryui/images/ui-bg_flat_55_fafafa_40x100.png HTTP/1.1" 404 1097
186.103.159.188 - - [09/Apr/2019:13:40:09 -0300] "GET /cormun/servlet/solicitudot?35d36e618e7c89a1bf78f580c7d989ce53233ba45f92b1f87b1789fb322e90f6b47caf43e11a12fe0298a0d2a3779139c4013a73310265b317661a9ac16558f7,gx-no-cache=1554827785831 HTTP/1.1" 200 30
186.103.159.188 - - [09/Apr/2019:13:40:09 -0300] "GET /cormun/servlet/solicitudot?35d36e618e7c89a1bf78f580c7d989ce509aed8f9d73aa26c1a6665d389fa5b4d3502fdfd73ec31727fc7e5bbfde0ea5c9d30e409b2bfd4b1453cc45eb19cfdab110e652782cb55d7c8163a9f890ff033708fa679c2661f00bf50d10accdd8c8332064e5e76461dda5aa1d08cd77272045a7d9cd1cd17a285ac5853111a5ba0749f8bb0ab3c646f1cee36a23ff88d970e70a9d65612c1ff3dced66020d1857cf8980f710de97c7f15671f8bcbadfa580f5455bb52be636e65379ee49a3f7efdc57fd74eb4dcfb057874d2e1891cd0b29832dbb352aecdd946b82dee4d8018bf5fbe50acfcb32bca086ca3f23c7909170146ae4419e7f693b877a23793f9cdefb3320aa71a640a9319a65c60011bc9196b96a5bf67fe2c48c50d4ddaf42a741beaa36cd12c772b0831372d177ed1b4675906def8bab0edb04f89676145d0714eca7108791d3ac3aeac14eb5d47349dea0e7e2613b7926a9899a359591d5b5738acd96e84416a95662586b2551b25045767afec578f86d8d9c995ba33f61cf83e3124e3b43b6aa0affb29b40042785cdf1,gx-no-cache=1554827785867 HTTP/1.1" 200 30
186.103.159.188 - - [09/Apr/2019:13:40:09 -0300] "POST /cormun/servlet/solicitudot?gx-no-cache=1554827786263 HTTP/1.1" 200 30
186.103.159.188 - - [09/Apr/2019:13:40:09 -0300] "POST /cormun/servlet/solicitudot?gx-no-cache=1554827786319 HTTP/1.1" 200 1333
186.103.159.188 - - [09/Apr/2019:13:40:09 -0300] "POST /cormun/servlet/solicitudot?gx-no-cache=1554827786436 HTTP/1.1" 200 40
186.103.159.188 - - [09/Apr/2019:13:40:09 -0300] "GET /cormun/servlet/solicitudot?35d36e618e7c89a1bf78f580c7d989ce3af7ab81de8e13a6ded206b26d1383fa763b2cb2f88f0d336f6a68ac430a7986fe12e1157ef9c429506588ca4fb5af13cf9a6b2e8c27e4016636002ecde39dab1e6cfe2c73b254128a13078a1067838b4b88cf26734027a0ae08eccb6343ee72,gx-no-cache=1554827786464 HTTP/1.1" 200 110
186.103.159.188 - - [09/Apr/2019:13:40:09 -0300] "POST /cormun/servlet/solicitudot?gx-no-cache=1554827786504 HTTP/1.1" 200 67
186.103.159.188 - - [09/Apr/2019:13:40:09 -0300] "GET /cormun/servlet/solicitudot?35d36e618e7c89a1bf78f580c7d989ce371383695e38003b4e3fe3440f4d5dfdc0f8b1b0597505bd256466cbc54cce30,gx-no-cache=1554827786556 HTTP/1.1" 200 30
186.103.159.188 - - [09/Apr/2019:13:40:09 -0300] "POST /cormun/servlet/solicitudot?gx-no-cache=1554827786592 HTTP/1.1" 200 30
186.103.159.188 - - [09/Apr/2019:13:40:10 -0300] "POST /cormun/servlet/solicitudot?aa50cf10c72a7d4229f6089ef76bb5e2,INS,0,0,,gx-no-cache=1554827786642 HTTP/1.1" 200 93
186.103.159.188 - - [09/Apr/2019:13:40:10 -0300] "GET /cormun/servlet/hpexe_return? HTTP/1.1" 200 1007
186.103.159.188 - - [09/Apr/2019:13:40:10 -0300] "GET /cormun/servlet/trsolicitudot HTTP/1.1" 200 9396
186.103.159.188 - - [09/Apr/2019:13:40:11 -0300] "GET /cormun/servlet/trsolicitudot HTTP/1.1" 200 9392
186.103.159.188 - - [09/Apr/2019:13:40:21 -0300] "POST /cormun/servlet/trsolicitudot?aa50cf10c72a7d4229f6089ef76bb5e2,gx-no-cache=1554827797888 HTTP/1.1" 200 107
186.103.159.188 - - [09/Apr/2019:13:40:21 -0300] "GET /cormun/servlet/trsolicitudadjuntos?2019,15227, HTTP/1.1" 200 6151
186.103.159.188 - - [09/Apr/2019:13:40:21 -0300] "GET /cormun/static/gxcfg.js?20177612135366 HTTP/1.1" 304 -
186.103.159.188 - - [09/Apr/2019:13:40:22 -0300] "GET /cormun/servlet/trsolicitudadjuntos?2019,15227, HTTP/1.1" 200 6151
186.103.159.188 - - [09/Apr/2019:13:40:26 -0300] "GET /cormun/servlet/solicitudotadjuntos?INS,2019,15227,,1, HTTP/1.1" 200 6098
186.103.159.188 - - [09/Apr/2019:13:40:26 -0300] "GET /cormun/static/gxcfg.js?2017761244068 HTTP/1.1" 304 -
186.103.159.188 - - [09/Apr/2019:13:40:26 -0300] "GET /cormun/static/about:blank HTTP/1.1" 404 1011
186.103.159.188 - - [09/Apr/2019:13:40:26 -0300] "GET /cormun/servlet/solicitudotadjuntos?INS,2019,15227,,1, HTTP/1.1" 200 6092
186.103.159.188 - - [09/Apr/2019:13:40:27 -0300] "GET /cormun/servlet/solicitudotadjuntos?35d36e618e7c89a1bf78f580c7d989ceba43694cade1d72c17ea43fed418e32214bcf0a0a17e03d54b2597751b71a39f,gx-no-cache=1554827804069 HTTP/1.1" 200 30
186.103.159.188 - - [09/Apr/2019:13:40:27 -0300] "POST /cormun/servlet/solicitudotadjuntos?aa50cf10c72a7d4229f6089ef76bb5e2,INS,2019,15227,,1,,gx-no-cache=1554827804104 HTTP/1.1" 200 3859
186.103.159.188 - - [09/Apr/2019:13:40:30 -0300] "POST /cormun/servlet/solicitudotadjuntos?gx-no-cache=1554827806684 HTTP/1.1" 200 26
186.103.159.188 - - [09/Apr/2019:13:40:41 -0300] "GET /cormun/servlet/solicitudotadjuntos?35d36e618e7c89a1bf78f580c7d989ce999744fef0787c6a6a9689e611a9ac96,gx-no-cache=1554827818264 HTTP/1.1" 200 30
186.103.159.188 - - [09/Apr/2019:13:40:41 -0300] "GET /cormun/servlet/solicitudotadjuntos?35d36e618e7c89a1bf78f580c7d989ce999744fef0787c6a6a9689e611a9ac96,gx-no-cache=1554827818333 HTTP/1.1" 200 30
186.103.159.188 - - [09/Apr/2019:13:40:42 -0300] "POST /cormun/servlet/solicitudotadjuntos?aa50cf10c72a7d4229f6089ef76bb5e2,INS,2019,15227,,1, HTTP/1.1" 200 116
186.103.159.188 - - [09/Apr/2019:13:40:42 -0300] "GET /cormun/servlet/hpexe_return? HTTP/1.1" 200 1027
186.103.159.188 - - [09/Apr/2019:13:40:43 -0300] "GET /cormun/servlet/trsolicitudadjuntos?2019,15227, HTTP/1.1" 200 8752
186.103.159.188 - - [09/Apr/2019:13:40:43 -0300] "GET /cormun/servlet/trsolicitudadjuntos?2019,15227, HTTP/1.1" 200 8747
186.103.159.46 - - [09/Apr/2019:13:40:45 -0300] "GET /cormun/servlet/trsolicitudot? HTTP/1.1" 200 6424
186.103.159.188 - - [09/Apr/2019:13:40:45 -0300] "GET /cormun/servlet/solicitudotadjuntos?INS,2019,15227,,1, HTTP/1.1" 200 6099
186.103.159.188 - - [09/Apr/2019:13:40:46 -0300] "GET /cormun/static/about:blank HTTP/1.1" 404 1011
186.103.159.188 - - [09/Apr/2019:13:40:46 -0300] "GET /cormun/servlet/solicitudotadjuntos?INS,2019,15227,,1, HTTP/1.1" 200 6092
186.103.159.46 - - [09/Apr/2019:13:40:46 -0300] "GET /cormun/static/gxui/gxui-all.css?120300 HTTP/1.1" 200 2179
186.103.159.46 - - [09/Apr/2019:13:40:46 -0300] "GET /cormun/static/calendar-system.css?85620 HTTP/1.1" 200 5572
186.103.159.46 - - [09/Apr/2019:13:40:46 -0300] "GET /cormun/static/Resources/Spanish/PXTools.css?1255365 HTTP/1.1" 200 89042
186.103.159.46 - - [09/Apr/2019:13:40:46 -0300] "GET /cormun/static/gxcfg.js?2017111422585916 HTTP/1.1" 200 953
186.103.159.46 - - [09/Apr/2019:13:40:46 -0300] "GET /cormun/static/Shared/ext/resources/css/ext-all.css?215870 HTTP/1.1" 200 416045
186.103.159.188 - - [09/Apr/2019:13:40:46 -0300] "GET /cormun/servlet/solicitudotadjuntos?35d36e618e7c89a1bf78f580c7d989ceba43694cade1d72c17ea43fed418e32214bcf0a0a17e03d54b2597751b71a39f,gx-no-cache=1554827823368 HTTP/1.1" 200 30
186.103.159.188 - - [09/Apr/2019:13:40:46 -0300] "POST /cormun/servlet/solicitudotadjuntos?aa50cf10c72a7d4229f6089ef76bb5e2,INS,2019,15227,,1,,gx-no-cache=1554827823397 HTTP/1.1" 200 3859
186.103.159.46 - - [09/Apr/2019:13:40:47 -0300] "GET /cormun/static/trsolicitudot.js?201711142259839 HTTP/1.1" 200 54041
186.103.159.46 - - [09/Apr/2019:13:40:49 -0300] "GET /cormun/servlet/trsolicitudot? HTTP/1.1" 200 6422
186.103.159.46 - - [09/Apr/2019:13:40:49 -0300] "GET /cormun/servlet/hlogin HTTP/1.1" 200 1745
186.103.159.188 - - [09/Apr/2019:13:40:49 -0300] "POST /cormun/servlet/solicitudotadjuntos?gx-no-cache=1554827825999 HTTP/1.1" 200 26
186.103.159.188 - - [09/Apr/2019:13:40:58 -0300] "GET /cormun/servlet/solicitudotadjuntos?35d36e618e7c89a1bf78f580c7d989ce999744fef0787c6a6a9689e611a9ac96,gx-no-cache=1554827835577 HTTP/1.1" 200 30
186.103.159.188 - - [09/Apr/2019:13:40:58 -0300] "GET /cormun/servlet/solicitudotadjuntos?35d36e618e7c89a1bf78f580c7d989ce999744fef0787c6a6a9689e611a9ac96,gx-no-cache=1554827835592 HTTP/1.1" 200 30
186.103.159.188 - - [09/Apr/2019:13:40:59 -0300] "POST /cormun/servlet/solicitudotadjuntos?aa50cf10c72a7d4229f6089ef76bb5e2,INS,2019,15227,,1, HTTP/1.1" 200 116
186.103.159.188 - - [09/Apr/2019:13:40:59 -0300] "GET /cormun/servlet/hpexe_return? HTTP/1.1" 200 1027
186.103.159.188 - - [09/Apr/2019:13:41:00 -0300] "GET /cormun/servlet/trsolicitudadjuntos?2019,15227, HTTP/1.1" 200 8962
186.103.159.188 - - [09/Apr/2019:13:41:00 -0300] "GET /cormun/servlet/trsolicitudadjuntos?2019,15227, HTTP/1.1" 200 8961
186.103.159.46 - - [09/Apr/2019:13:41:00 -0300] "POST /cormun/servlet/hlogin?a46cf6b6876b83b6e8c8436d1a421165,gx-no-cache=1554824234960 HTTP/1.1" 200 90
186.103.159.46 - - [09/Apr/2019:13:41:01 -0300] "GET /cormun/servlet/hpexe_link HTTP/1.1" 200 963
186.103.159.46 - - [09/Apr/2019:13:41:01 -0300] "GET /cormun/servlet/trsolicitudot HTTP/1.1" 200 8577
186.103.159.46 - - [09/Apr/2019:13:41:04 -0300] "GET /cormun//static/Resources/PXToolsActionView.png HTTP/1.1" 200 2995
186.103.159.46 - - [09/Apr/2019:13:41:04 -0300] "GET /cormun//static/Resources/PXToolsRemoveAllAction.png HTTP/1.1" 200 3558
186.103.159.46 - - [09/Apr/2019:13:41:04 -0300] "GET /cormun/servlet/trsolicitudot HTTP/1.1" 200 8576
186.103.159.188 - - [09/Apr/2019:13:41:05 -0300] "GET /cormun/servlet/solicitudotadjuntos?INS,2019,15227,,1, HTTP/1.1" 200 6099
186.103.159.188 - - [09/Apr/2019:13:41:05 -0300] "GET /cormun/static/about:blank HTTP/1.1" 404 1011
186.103.159.188 - - [09/Apr/2019:13:41:05 -0300] "GET /cormun/servlet/solicitudotadjuntos?INS,2019,15227,,1, HTTP/1.1" 200 6092
186.103.159.188 - - [09/Apr/2019:13:41:06 -0300] "GET /cormun/servlet/solicitudotadjuntos?35d36e618e7c89a1bf78f580c7d989ceba43694cade1d72c17ea43fed418e32214bcf0a0a17e03d54b2597751b71a39f,gx-no-cache=1554827843108 HTTP/1.1" 200 30
186.103.159.188 - - [09/Apr/2019:13:41:06 -0300] "POST /cormun/servlet/solicitudotadjuntos?aa50cf10c72a7d4229f6089ef76bb5e2,INS,2019,15227,,1,,gx-no-cache=1554827843146 HTTP/1.1" 200 3859
186.103.159.188 - - [09/Apr/2019:13:41:09 -0300] "POST /cormun/servlet/solicitudotadjuntos?gx-no-cache=1554827846513 HTTP/1.1" 200 26
186.103.159.188 - - [09/Apr/2019:13:41:14 -0300] "GET /cormun/servlet/solicitudotadjuntos?35d36e618e7c89a1bf78f580c7d989ce999744fef0787c6a6a9689e611a9ac96,gx-no-cache=1554827851281 HTTP/1.1" 200 30
186.103.159.46 - - [09/Apr/2019:13:41:14 -0300] "GET /cormun/servlet/solicitudot?INS,0,0, HTTP/1.1" 200 14964
186.103.159.188 - - [09/Apr/2019:13:41:14 -0300] "GET /cormun/servlet/solicitudotadjuntos?35d36e618e7c89a1bf78f580c7d989ce999744fef0787c6a6a9689e611a9ac96,gx-no-cache=1554827851395 HTTP/1.1" 200 30
186.103.159.46 - - [09/Apr/2019:13:41:15 -0300] "GET /cormun/static/gxcfg.js?20189101114418 HTTP/1.1" 200 953
186.103.159.46 - - [09/Apr/2019:13:41:15 -0300] "GET /cormun/static/solicitudot.js?20189101114718 HTTP/1.1" 200 71883
186.103.159.188 - - [09/Apr/2019:13:41:15 -0300] "POST /cormun/servlet/solicitudotadjuntos?aa50cf10c72a7d4229f6089ef76bb5e2,INS,2019,15227,,1, HTTP/1.1" 200 116
186.103.159.188 - - [09/Apr/2019:13:41:15 -0300] "GET /cormun/servlet/hpexe_return? HTTP/1.1" 200 1027
186.103.159.188 - - [09/Apr/2019:13:41:15 -0300] "GET /cormun/servlet/trsolicitudadjuntos?2019,15227, HTTP/1.1" 200 9136
186.103.159.188 - - [09/Apr/2019:13:41:16 -0300] "GET /cormun/servlet/trsolicitudadjuntos?2019,15227, HTTP/1.1" 200 9132
186.103.159.46 - - [09/Apr/2019:13:41:17 -0300] "GET /cormun/servlet/solicitudot?INS,0,0, HTTP/1.1" 200 14969
186.103.159.188 - - [09/Apr/2019:13:41:19 -0300] "GET /cormun/servlet/solicitudotadjuntos?INS,2019,15227,,1, HTTP/1.1" 200 6099
186.103.159.188 - - [09/Apr/2019:13:41:19 -0300] "GET /cormun/static/about:blank HTTP/1.1" 404 1011
186.103.159.188 - - [09/Apr/2019:13:41:19 -0300] "GET /cormun/servlet/solicitudotadjuntos?INS,2019,15227,,1, HTTP/1.1" 200 6092
186.103.159.188 - - [09/Apr/2019:13:41:20 -0300] "GET /cormun/servlet/solicitudotadjuntos?35d36e618e7c89a1bf78f580c7d989ceba43694cade1d72c17ea43fed418e32214bcf0a0a17e03d54b2597751b71a39f,gx-no-cache=1554827856789 HTTP/1.1" 200 30
186.103.159.188 - - [09/Apr/2019:13:41:20 -0300] "POST /cormun/servlet/solicitudotadjuntos?aa50cf10c72a7d4229f6089ef76bb5e2,INS,2019,15227,,1,,gx-no-cache=1554827856838 HTTP/1.1" 200 3859
186.103.159.188 - - [09/Apr/2019:13:41:23 -0300] "POST /cormun/servlet/solicitudotadjuntos?gx-no-cache=1554827860345 HTTP/1.1" 200 26
200.112.233.47 - - [09/Apr/2019:13:41:24 -0300] "POST /cormun/servlet/permisosadjuntos?d89ce3cde695ad26cc2b42e8d8ae7a1e,INS,7448903,P,20190409142352,, HTTP/1.1" 200 116
200.112.233.47 - - [09/Apr/2019:13:41:24 -0300] "GET /cormun/servlet/hpexe_return? HTTP/1.1" 200 1034
200.112.233.47 - - [09/Apr/2019:13:41:24 -0300] "GET /cormun/servlet/trpermisosadjuntos?7448903,20190409142352,P, HTTP/1.1" 200 7150
200.112.233.47 - - [09/Apr/2019:13:41:25 -0300] "GET /cormun/servlet/trpermisosadjuntos?7448903,20190409142352,P, HTTP/1.1" 200 7147
186.103.159.188 - - [09/Apr/2019:13:41:31 -0300] "GET /cormun/servlet/solicitudotadjuntos?35d36e618e7c89a1bf78f580c7d989ce999744fef0787c6a6a9689e611a9ac96,gx-no-cache=1554827868609 HTTP/1.1" 200 30
186.103.159.188 - - [09/Apr/2019:13:41:31 -0300] "GET /cormun/servlet/solicitudotadjuntos?35d36e618e7c89a1bf78f580c7d989ce999744fef0787c6a6a9689e611a9ac96,gx-no-cache=1554827868625 HTTP/1.1" 200 30
186.103.159.188 - - [09/Apr/2019:13:41:32 -0300] "POST /cormun/servlet/solicitudotadjuntos?aa50cf10c72a7d4229f6089ef76bb5e2,INS,2019,15227,,1, HTTP/1.1" 200 116
186.103.159.188 - - [09/Apr/2019:13:41:32 -0300] "GET /cormun/servlet/hpexe_return? HTTP/1.1" 200 1027
186.103.159.188 - - [09/Apr/2019:13:41:32 -0300] "GET /cormun/servlet/trsolicitudadjuntos?2019,15227, HTTP/1.1" 200 9328
186.103.159.188 - - [09/Apr/2019:13:41:33 -0300] "GET /cormun/servlet/trsolicitudadjuntos?2019,15227, HTTP/1.1" 200 9328
186.103.159.46 - - [09/Apr/2019:13:41:55 -0300] "POST /cormun/servlet/solicitudot?gx-no-cache=1554824289829 HTTP/1.1" 200 3450
186.103.159.46 - - [09/Apr/2019:13:41:56 -0300] "POST /cormun/servlet/solicitudot?a46cf6b6876b83b6e8c8436d1a421165,INS,0,0,,gx-no-cache=1554824290258 HTTP/1.1" 200 11687
186.103.159.46 - - [09/Apr/2019:13:42:28 -0300] "GET /cormun/servlet/solicitudot?4526de6e71b1ffa9f1dc7b50eec52742d8ef62ae4e60c45d2220829e1171179f64d11389dfde26c54d2ef290d7c785c1,gx-no-cache=1554824322327 HTTP/1.1" 200 30
186.103.159.188 - - [09/Apr/2019:13:42:33 -0300] "GET /cormun/servlet/solicitudotadjuntos?INS,2019,15227,,1, HTTP/1.1" 200 6097
186.103.159.188 - - [09/Apr/2019:13:42:34 -0300] "GET /cormun/static/about:blank HTTP/1.1" 404 1011
186.103.159.188 - - [09/Apr/2019:13:42:34 -0300] "GET /cormun/servlet/solicitudotadjuntos?INS,2019,15227,,1, HTTP/1.1" 200 6091
186.103.159.188 - - [09/Apr/2019:13:42:35 -0300] "GET /cormun/servlet/solicitudotadjuntos?35d36e618e7c89a1bf78f580c7d989ceba43694cade1d72c17ea43fed418e32214bcf0a0a17e03d54b2597751b71a39f,gx-no-cache=1554827931569 HTTP/1.1" 200 30
186.103.159.188 - - [09/Apr/2019:13:42:35 -0300] "POST /cormun/servlet/solicitudotadjuntos?aa50cf10c72a7d4229f6089ef76bb5e2,INS,2019,15227,,1,,gx-no-cache=1554827931751 HTTP/1.1" 200 3859
186.103.159.188 - - [09/Apr/2019:13:42:47 -0300] "POST /cormun/servlet/solicitudotadjuntos?gx-no-cache=1554827944047 HTTP/1.1" 200 26
186.103.159.188 - - [09/Apr/2019:13:43:03 -0300] "GET /cormun/servlet/solicitudotadjuntos?35d36e618e7c89a1bf78f580c7d989ce999744fef0787c6a6a9689e611a9ac96,gx-no-cache=1554827959931 HTTP/1.1" 200 30
186.103.159.188 - - [09/Apr/2019:13:43:03 -0300] "GET /cormun/servlet/solicitudotadjuntos?35d36e618e7c89a1bf78f580c7d989ce999744fef0787c6a6a9689e611a9ac96,gx-no-cache=1554827959948 HTTP/1.1" 200 30
186.103.159.188 - - [09/Apr/2019:13:43:05 -0300] "POST /cormun/servlet/solicitudotadjuntos?aa50cf10c72a7d4229f6089ef76bb5e2,INS,2019,15227,,1, HTTP/1.1" 200 116
186.103.159.188 - - [09/Apr/2019:13:43:06 -0300] "GET /cormun/servlet/hpexe_return? HTTP/1.1" 200 1027
186.103.159.188 - - [09/Apr/2019:13:43:06 -0300] "GET /cormun/servlet/trsolicitudadjuntos?2019,15227, HTTP/1.1" 200 9605
186.103.159.188 - - [09/Apr/2019:13:43:07 -0300] "GET /cormun/servlet/trsolicitudadjuntos?2019,15227, HTTP/1.1" 200 9600
186.103.159.188 - - [09/Apr/2019:13:43:10 -0300] "GET /cormun/servlet/solicitudotadjuntos?INS,2019,15227,,1, HTTP/1.1" 200 6099
186.103.159.188 - - [09/Apr/2019:13:43:10 -0300] "GET /cormun/static/about:blank HTTP/1.1" 404 1011
186.103.159.188 - - [09/Apr/2019:13:43:10 -0300] "GET /cormun/servlet/solicitudotadjuntos?INS,2019,15227,,1, HTTP/1.1" 200 6092
186.103.159.188 - - [09/Apr/2019:13:43:11 -0300] "GET /cormun/servlet/solicitudotadjuntos?35d36e618e7c89a1bf78f580c7d989ceba43694cade1d72c17ea43fed418e32214bcf0a0a17e03d54b2597751b71a39f,gx-no-cache=1554827968029 HTTP/1.1" 200 30
186.103.159.188 - - [09/Apr/2019:13:43:11 -0300] "POST /cormun/servlet/solicitudotadjuntos?aa50cf10c72a7d4229f6089ef76bb5e2,INS,2019,15227,,1,,gx-no-cache=1554827968078 HTTP/1.1" 200 3860
186.103.159.188 - - [09/Apr/2019:13:43:13 -0300] "POST /cormun/servlet/solicitudotadjuntos?gx-no-cache=1554827970267 HTTP/1.1" 200 26
186.103.159.188 - - [09/Apr/2019:13:43:19 -0300] "GET /cormun/servlet/solicitudotadjuntos?35d36e618e7c89a1bf78f580c7d989ce999744fef0787c6a6a9689e611a9ac96,gx-no-cache=1554827976083 HTTP/1.1" 200 30
186.103.159.188 - - [09/Apr/2019:13:43:19 -0300] "GET /cormun/servlet/solicitudotadjuntos?35d36e618e7c89a1bf78f580c7d989ce999744fef0787c6a6a9689e611a9ac96,gx-no-cache=1554827976108 HTTP/1.1" 200 30
186.103.159.188 - - [09/Apr/2019:13:43:20 -0300] "POST /cormun/servlet/solicitudotadjuntos?aa50cf10c72a7d4229f6089ef76bb5e2,INS,2019,15227,,1, HTTP/1.1" 200 116
186.103.159.188 - - [09/Apr/2019:13:43:20 -0300] "GET /cormun/servlet/hpexe_return? HTTP/1.1" 200 1027
186.103.159.188 - - [09/Apr/2019:13:43:21 -0300] "GET /cormun/servlet/trsolicitudadjuntos?2019,15227, HTTP/1.1" 200 9828
186.103.159.188 - - [09/Apr/2019:13:43:21 -0300] "GET /cormun/servlet/trsolicitudadjuntos?2019,15227, HTTP/1.1" 200 9828
186.103.159.188 - - [09/Apr/2019:13:43:29 -0300] "GET /cormun/servlet/trsolicitudot? HTTP/1.1" 200 9399
186.103.159.188 - - [09/Apr/2019:13:43:29 -0300] "GET /cormun/servlet/trsolicitudot? HTTP/1.1" 200 9392
186.103.159.188 - - [09/Apr/2019:13:43:58 -0300] "POST /cormun/servlet/trsolicitudot?aa50cf10c72a7d4229f6089ef76bb5e2,,gx-no-cache=1554828014671 HTTP/1.1" 200 107
186.103.159.188 - - [09/Apr/2019:13:43:58 -0300] "GET /cormun/servlet/trsolicitudadjuntos?2019,15226, HTTP/1.1" 200 6151
186.103.159.188 - - [09/Apr/2019:13:43:58 -0300] "GET /cormun/servlet/trsolicitudadjuntos?2019,15226, HTTP/1.1" 200 6151
186.103.159.188 - - [09/Apr/2019:13:44:01 -0300] "GET /cormun/servlet/solicitudotadjuntos?INS,2019,15226,,1, HTTP/1.1" 200 6099
186.103.159.188 - - [09/Apr/2019:13:44:01 -0300] "GET /cormun/static/about:blank HTTP/1.1" 404 1011
186.103.159.188 - - [09/Apr/2019:13:44:01 -0300] "GET /cormun/servlet/solicitudotadjuntos?INS,2019,15226,,1, HTTP/1.1" 200 6092
186.103.159.188 - - [09/Apr/2019:13:44:02 -0300] "GET /cormun/servlet/solicitudotadjuntos?35d36e618e7c89a1bf78f580c7d989ceb156937f60cfdb67576aab2ff35aaf0314bcf0a0a17e03d54b2597751b71a39f,gx-no-cache=1554828019056 HTTP/1.1" 200 30
186.103.159.188 - - [09/Apr/2019:13:44:02 -0300] "POST /cormun/servlet/solicitudotadjuntos?aa50cf10c72a7d4229f6089ef76bb5e2,INS,2019,15226,,1,,gx-no-cache=1554828019087 HTTP/1.1" 200 3860
186.103.159.188 - - [09/Apr/2019:13:44:04 -0300] "POST /cormun/servlet/solicitudotadjuntos?gx-no-cache=1554828021416 HTTP/1.1" 200 26
200.112.233.47 - - [09/Apr/2019:13:44:17 -0300] "GET /cormun/servlet/trpermisosgoce? HTTP/1.1" 200 8551
186.103.159.188 - - [09/Apr/2019:13:44:17 -0300] "GET /cormun/servlet/solicitudotadjuntos?35d36e618e7c89a1bf78f580c7d989ce999744fef0787c6a6a9689e611a9ac96,gx-no-cache=1554828033854 HTTP/1.1" 200 30
186.103.159.188 - - [09/Apr/2019:13:44:17 -0300] "GET /cormun/servlet/solicitudotadjuntos?35d36e618e7c89a1bf78f580c7d989ce999744fef0787c6a6a9689e611a9ac96,gx-no-cache=1554828033934 HTTP/1.1" 200 30
200.112.233.47 - - [09/Apr/2019:13:44:18 -0300] "GET /cormun/servlet/trpermisosgoce? HTTP/1.1" 200 8550
186.103.159.188 - - [09/Apr/2019:13:44:18 -0300] "POST /cormun/servlet/solicitudotadjuntos?aa50cf10c72a7d4229f6089ef76bb5e2,INS,2019,15226,,1, HTTP/1.1" 200 116
186.103.159.188 - - [09/Apr/2019:13:44:18 -0300] "GET /cormun/servlet/hpexe_return? HTTP/1.1" 200 1027
186.103.159.188 - - [09/Apr/2019:13:44:18 -0300] "GET /cormun/servlet/trsolicitudadjuntos?2019,15226, HTTP/1.1" 200 8752
186.103.159.188 - - [09/Apr/2019:13:44:19 -0300] "GET /cormun/servlet/trsolicitudadjuntos?2019,15226, HTTP/1.1" 200 8748
186.103.159.188 - - [09/Apr/2019:13:44:21 -0300] "GET /cormun/servlet/solicitudotadjuntos?INS,2019,15226,,1, HTTP/1.1" 200 6099
186.103.159.188 - - [09/Apr/2019:13:44:21 -0300] "GET /cormun/static/about:blank HTTP/1.1" 404 1011
186.103.159.188 - - [09/Apr/2019:13:44:21 -0300] "GET /cormun/servlet/solicitudotadjuntos?INS,2019,15226,,1, HTTP/1.1" 200 6092
186.103.159.188 - - [09/Apr/2019:13:44:22 -0300] "GET /cormun/servlet/solicitudotadjuntos?35d36e618e7c89a1bf78f580c7d989ceb156937f60cfdb67576aab2ff35aaf0314bcf0a0a17e03d54b2597751b71a39f,gx-no-cache=1554828038677 HTTP/1.1" 200 30
186.103.159.188 - - [09/Apr/2019:13:44:22 -0300] "POST /cormun/servlet/solicitudotadjuntos?aa50cf10c72a7d4229f6089ef76bb5e2,INS,2019,15226,,1,,gx-no-cache=1554828038715 HTTP/1.1" 200 3860
200.112.233.47 - - [09/Apr/2019:13:44:22 -0300] "POST /cormun/servlet/trpermisosgoce?d89ce3cde695ad26cc2b42e8d8ae7a1e,,gx-no-cache=1554828038260 HTTP/1.1" 200 5582
200.112.233.47 - - [09/Apr/2019:13:44:22 -0300] "GET /cormun/static/Shared/jqueryui/images/ui-bg_highlight-soft_100_c6c2c8_1x100.png HTTP/1.1" 404 1117
200.112.233.47 - - [09/Apr/2019:13:44:22 -0300] "GET /cormun/static/Shared/jqueryui/images/ui-icons_82798d_256x240.png HTTP/1.1" 404 1089
200.112.233.47 - - [09/Apr/2019:13:44:22 -0300] "GET /cormun/static/Shared/jqueryui/images/ui-icons_8d78a5_256x240.png HTTP/1.1" 404 1089
200.112.233.47 - - [09/Apr/2019:13:44:22 -0300] "GET /cormun/static/Shared/jqueryui/images/ui-bg_flat_55_fafafa_40x100.png HTTP/1.1" 404 1097
186.103.159.188 - - [09/Apr/2019:13:44:24 -0300] "POST /cormun/servlet/solicitudotadjuntos?gx-no-cache=1554828041061 HTTP/1.1" 200 26
200.112.233.47 - - [09/Apr/2019:13:44:27 -0300] "GET /cormun/servlet/trautorizarpermisogoce? HTTP/1.1" 200 7176
200.112.233.47 - - [09/Apr/2019:13:44:27 -0300] "GET /cormun/servlet/trautorizarpermisogoce? HTTP/1.1" 200 7176
186.103.159.188 - - [09/Apr/2019:13:44:32 -0300] "GET /cormun/servlet/solicitudotadjuntos?35d36e618e7c89a1bf78f580c7d989ce999744fef0787c6a6a9689e611a9ac96,gx-no-cache=1554828049624 HTTP/1.1" 200 30
186.103.159.188 - - [09/Apr/2019:13:44:32 -0300] "GET /cormun/servlet/solicitudotadjuntos?35d36e618e7c89a1bf78f580c7d989ce999744fef0787c6a6a9689e611a9ac96,gx-no-cache=1554828049639 HTTP/1.1" 200 30
200.112.233.47 - - [09/Apr/2019:13:44:33 -0300] "GET /cormun/servlet/trautorizarpermisogoce? HTTP/1.1" 200 7176
200.112.233.47 - - [09/Apr/2019:13:44:33 -0300] "GET /cormun/servlet/trautorizarpermisogoce? HTTP/1.1" 200 7176
186.103.159.188 - - [09/Apr/2019:13:44:33 -0300] "POST /cormun/servlet/solicitudotadjuntos?aa50cf10c72a7d4229f6089ef76bb5e2,INS,2019,15226,,1, HTTP/1.1" 200 116
186.103.159.188 - - [09/Apr/2019:13:44:33 -0300] "GET /cormun/servlet/hpexe_return? HTTP/1.1" 200 1027
186.103.159.188 - - [09/Apr/2019:13:44:34 -0300] "GET /cormun/servlet/trsolicitudadjuntos?2019,15226, HTTP/1.1" 200 8982
186.103.159.188 - - [09/Apr/2019:13:44:34 -0300] "GET /cormun/servlet/trsolicitudadjuntos?2019,15226, HTTP/1.1" 200 8979
200.112.233.47 - - [09/Apr/2019:13:44:37 -0300] "GET /cormun/servlet/trpermisosgoce? HTTP/1.1" 200 8550
186.103.159.188 - - [09/Apr/2019:13:44:37 -0300] "GET /cormun/servlet/solicitudotadjuntos?INS,2019,15226,,1, HTTP/1.1" 200 6099
186.103.159.188 - - [09/Apr/2019:13:44:37 -0300] "GET /cormun/static/about:blank HTTP/1.1" 404 1011
200.112.233.47 - - [09/Apr/2019:13:44:37 -0300] "GET /cormun/servlet/trpermisosgoce? HTTP/1.1" 200 8563
186.103.159.188 - - [09/Apr/2019:13:44:37 -0300] "GET /cormun/servlet/solicitudotadjuntos?INS,2019,15226,,1, HTTP/1.1" 200 6092
186.103.159.188 - - [09/Apr/2019:13:44:38 -0300] "GET /cormun/servlet/solicitudotadjuntos?35d36e618e7c89a1bf78f580c7d989ceb156937f60cfdb67576aab2ff35aaf0314bcf0a0a17e03d54b2597751b71a39f,gx-no-cache=1554828054789 HTTP/1.1" 200 30
186.103.159.188 - - [09/Apr/2019:13:44:38 -0300] "POST /cormun/servlet/solicitudotadjuntos?aa50cf10c72a7d4229f6089ef76bb5e2,INS,2019,15226,,1,,gx-no-cache=1554828054824 HTTP/1.1" 200 3860
186.103.159.188 - - [09/Apr/2019:13:44:41 -0300] "POST /cormun/servlet/solicitudotadjuntos?gx-no-cache=1554828057757 HTTP/1.1" 200 26
186.103.159.188 - - [09/Apr/2019:13:44:45 -0300] "GET /cormun/servlet/solicitudotadjuntos?35d36e618e7c89a1bf78f580c7d989ce999744fef0787c6a6a9689e611a9ac96,gx-no-cache=1554828062574 HTTP/1.1" 200 30
186.103.159.188 - - [09/Apr/2019:13:44:46 -0300] "GET /cormun/servlet/solicitudotadjuntos?35d36e618e7c89a1bf78f580c7d989ce999744fef0787c6a6a9689e611a9ac96,gx-no-cache=1554828062679 HTTP/1.1" 200 30
186.103.159.188 - - [09/Apr/2019:13:44:47 -0300] "POST /cormun/servlet/solicitudotadjuntos?aa50cf10c72a7d4229f6089ef76bb5e2,INS,2019,15226,,1, HTTP/1.1" 200 116
186.103.159.188 - - [09/Apr/2019:13:44:47 -0300] "GET /cormun/servlet/hpexe_return? HTTP/1.1" 200 1027
200.112.233.47 - - [09/Apr/2019:13:44:48 -0300] "POST /cormun/servlet/trpermisosgoce?d89ce3cde695ad26cc2b42e8d8ae7a1e,,gx-no-cache=1554828063905 HTTP/1.1" 200 5597
200.112.233.47 - - [09/Apr/2019:13:44:48 -0300] "GET /cormun/static/Shared/jqueryui/images/ui-bg_highlight-soft_100_c6c2c8_1x100.png HTTP/1.1" 404 1117
200.112.233.47 - - [09/Apr/2019:13:44:48 -0300] "GET /cormun/static/Shared/jqueryui/images/ui-icons_82798d_256x240.png HTTP/1.1" 404 1089
200.112.233.47 - - [09/Apr/2019:13:44:48 -0300] "GET /cormun/static/Shared/jqueryui/images/ui-icons_8d78a5_256x240.png HTTP/1.1" 404 1089
200.112.233.47 - - [09/Apr/2019:13:44:48 -0300] "GET /cormun/static/Shared/jqueryui/images/ui-bg_flat_55_fafafa_40x100.png HTTP/1.1" 404 1097
186.103.159.188 - - [09/Apr/2019:13:44:48 -0300] "GET /cormun/servlet/trsolicitudadjuntos?2019,15226, HTTP/1.1" 200 9161
186.103.159.188 - - [09/Apr/2019:13:44:48 -0300] "GET /cormun/servlet/trsolicitudadjuntos?2019,15226, HTTP/1.1" 200 9159
186.103.159.188 - - [09/Apr/2019:13:44:51 -0300] "GET /cormun/servlet/solicitudotadjuntos?INS,2019,15226,,1, HTTP/1.1" 200 6099
186.103.159.188 - - [09/Apr/2019:13:44:51 -0300] "GET /cormun/static/about:blank HTTP/1.1" 404 1011
186.103.159.188 - - [09/Apr/2019:13:44:51 -0300] "GET /cormun/servlet/solicitudotadjuntos?INS,2019,15226,,1, HTTP/1.1" 200 6092
186.103.159.188 - - [09/Apr/2019:13:44:51 -0300] "GET /cormun/servlet/solicitudotadjuntos?35d36e618e7c89a1bf78f580c7d989ceb156937f60cfdb67576aab2ff35aaf0314bcf0a0a17e03d54b2597751b71a39f,gx-no-cache=1554828068573 HTTP/1.1" 200 30
186.103.159.188 - - [09/Apr/2019:13:44:52 -0300] "POST /cormun/servlet/solicitudotadjuntos?aa50cf10c72a7d4229f6089ef76bb5e2,INS,2019,15226,,1,,gx-no-cache=1554828068677 HTTP/1.1" 200 3859
186.103.159.188 - - [09/Apr/2019:13:44:54 -0300] "POST /cormun/servlet/solicitudotadjuntos?gx-no-cache=1554828071269 HTTP/1.1" 200 26
186.103.159.188 - - [09/Apr/2019:13:44:59 -0300] "GET /cormun/servlet/solicitudotadjuntos?35d36e618e7c89a1bf78f580c7d989ce999744fef0787c6a6a9689e611a9ac96,gx-no-cache=1554828076343 HTTP/1.1" 200 30
186.103.159.188 - - [09/Apr/2019:13:44:59 -0300] "GET /cormun/servlet/solicitudotadjuntos?35d36e618e7c89a1bf78f580c7d989ce999744fef0787c6a6a9689e611a9ac96,gx-no-cache=1554828076358 HTTP/1.1" 200 30
186.103.159.188 - - [09/Apr/2019:13:45:00 -0300] "POST /cormun/servlet/solicitudotadjuntos?aa50cf10c72a7d4229f6089ef76bb5e2,INS,2019,15226,,1, HTTP/1.1" 200 116
186.103.159.188 - - [09/Apr/2019:13:45:00 -0300] "GET /cormun/servlet/hpexe_return? HTTP/1.1" 200 1027
186.103.159.188 - - [09/Apr/2019:13:45:00 -0300] "GET /cormun/servlet/trsolicitudadjuntos?2019,15226, HTTP/1.1" 200 9362
186.103.159.188 - - [09/Apr/2019:13:45:01 -0300] "GET /cormun/servlet/trsolicitudadjuntos?2019,15226, HTTP/1.1" 200 9358
186.103.159.188 - - [09/Apr/2019:13:45:03 -0300] "GET /cormun/servlet/solicitudotadjuntos?INS,2019,15226,,1, HTTP/1.1" 200 6099
186.103.159.188 - - [09/Apr/2019:13:45:03 -0300] "GET /cormun/static/about:blank HTTP/1.1" 404 1011
186.103.159.188 - - [09/Apr/2019:13:45:03 -0300] "GET /cormun/servlet/solicitudotadjuntos?INS,2019,15226,,1, HTTP/1.1" 200 6092
186.103.159.188 - - [09/Apr/2019:13:45:04 -0300] "GET /cormun/servlet/solicitudotadjuntos?35d36e618e7c89a1bf78f580c7d989ceb156937f60cfdb67576aab2ff35aaf0314bcf0a0a17e03d54b2597751b71a39f,gx-no-cache=1554828080958 HTTP/1.1" 200 30
186.103.159.188 - - [09/Apr/2019:13:45:04 -0300] "POST /cormun/servlet/solicitudotadjuntos?aa50cf10c72a7d4229f6089ef76bb5e2,INS,2019,15226,,1,,gx-no-cache=1554828081052 HTTP/1.1" 200 3859
200.112.233.47 - - [09/Apr/2019:13:45:05 -0300] "GET /cormun/servlet/trpermisosadjuntos?7448903,20190409142352,P, HTTP/1.1" 200 7147
200.112.233.47 - - [09/Apr/2019:13:45:05 -0300] "GET /cormun/servlet/trpermisosadjuntos?7448903,20190409142352,P, HTTP/1.1" 200 7147
186.103.159.188 - - [09/Apr/2019:13:45:08 -0300] "POST /cormun/servlet/solicitudotadjuntos?gx-no-cache=1554828085436 HTTP/1.1" 200 26
200.112.233.47 - - [09/Apr/2019:13:45:11 -0300] "GET /cormun/servlet/permisosadjuntos?INS,7448903,P,20190409142352,, HTTP/1.1" 200 5980
200.112.233.47 - - [09/Apr/2019:13:45:11 -0300] "GET /cormun/static/about:blank HTTP/1.1" 404 1011
200.112.233.47 - - [09/Apr/2019:13:45:12 -0300] "GET /cormun/servlet/permisosadjuntos?INS,7448903,P,20190409142352,, HTTP/1.1" 200 5970
186.103.159.188 - - [09/Apr/2019:13:45:13 -0300] "GET /cormun/servlet/solicitudotadjuntos?35d36e618e7c89a1bf78f580c7d989ce999744fef0787c6a6a9689e611a9ac96,gx-no-cache=1554828090092 HTTP/1.1" 200 30
186.103.159.188 - - [09/Apr/2019:13:45:13 -0300] "GET /cormun/servlet/solicitudotadjuntos?35d36e618e7c89a1bf78f580c7d989ce999744fef0787c6a6a9689e611a9ac96,gx-no-cache=1554828090174 HTTP/1.1" 200 30
186.103.159.188 - - [09/Apr/2019:13:45:14 -0300] "POST /cormun/servlet/solicitudotadjuntos?aa50cf10c72a7d4229f6089ef76bb5e2,INS,2019,15226,,1, HTTP/1.1" 200 116
186.103.159.188 - - [09/Apr/2019:13:45:14 -0300] "GET /cormun/servlet/hpexe_return? HTTP/1.1" 200 1027
186.103.159.188 - - [09/Apr/2019:13:45:14 -0300] "GET /cormun/servlet/trsolicitudadjuntos?2019,15226, HTTP/1.1" 200 9630
186.103.159.188 - - [09/Apr/2019:13:45:15 -0300] "GET /cormun/servlet/trsolicitudadjuntos?2019,15226, HTTP/1.1" 200 9631
186.103.159.188 - - [09/Apr/2019:13:45:17 -0300] "GET /cormun/servlet/solicitudotadjuntos?INS,2019,15226,,1, HTTP/1.1" 200 6099
186.103.159.188 - - [09/Apr/2019:13:45:17 -0300] "GET /cormun/static/about:blank HTTP/1.1" 404 1011
186.103.159.188 - - [09/Apr/2019:13:45:18 -0300] "GET /cormun/servlet/solicitudotadjuntos?INS,2019,15226,,1, HTTP/1.1" 200 6092
186.103.159.188 - - [09/Apr/2019:13:45:18 -0300] "GET /cormun/servlet/solicitudotadjuntos?35d36e618e7c89a1bf78f580c7d989ceb156937f60cfdb67576aab2ff35aaf0314bcf0a0a17e03d54b2597751b71a39f,gx-no-cache=1554828095186 HTTP/1.1" 200 30
186.103.159.188 - - [09/Apr/2019:13:45:18 -0300] "POST /cormun/servlet/solicitudotadjuntos?aa50cf10c72a7d4229f6089ef76bb5e2,INS,2019,15226,,1,,gx-no-cache=1554828095330 HTTP/1.1" 200 3859
186.103.159.188 - - [09/Apr/2019:13:45:20 -0300] "POST /cormun/servlet/solicitudotadjuntos?gx-no-cache=1554828096822 HTTP/1.1" 200 26
200.112.233.47 - - [09/Apr/2019:13:45:23 -0300] "POST /cormun/servlet/permisosadjuntos?d89ce3cde695ad26cc2b42e8d8ae7a1e,INS,7448903,P,20190409142352,, HTTP/1.1" 200 116
200.112.233.47 - - [09/Apr/2019:13:45:24 -0300] "GET /cormun/servlet/hpexe_return? HTTP/1.1" 200 1034
200.112.233.47 - - [09/Apr/2019:13:45:24 -0300] "GET /cormun/servlet/trpermisosadjuntos?7448903,20190409142352,P, HTTP/1.1" 200 7253
190.171.153.26 - - [09/Apr/2019:13:45:24 -0300] "GET /cormun/servlet/hlogin HTTP/1.1" 200 1744
200.112.233.47 - - [09/Apr/2019:13:45:24 -0300] "GET /cormun/servlet/trpermisosadjuntos?7448903,20190409142352,P, HTTP/1.1" 200 7247
186.103.159.188 - - [09/Apr/2019:13:45:32 -0300] "GET /cormun/servlet/solicitudotadjuntos?35d36e618e7c89a1bf78f580c7d989ce999744fef0787c6a6a9689e611a9ac96,gx-no-cache=1554828109421 HTTP/1.1" 200 30
186.103.159.188 - - [09/Apr/2019:13:45:32 -0300] "GET /cormun/servlet/solicitudotadjuntos?35d36e618e7c89a1bf78f580c7d989ce999744fef0787c6a6a9689e611a9ac96,gx-no-cache=1554828109435 HTTP/1.1" 200 30
186.103.159.188 - - [09/Apr/2019:13:45:33 -0300] "POST /cormun/servlet/solicitudotadjuntos?aa50cf10c72a7d4229f6089ef76bb5e2,INS,2019,15226,,1, HTTP/1.1" 200 6189
186.103.159.188 - - [09/Apr/2019:13:45:33 -0300] "GET /cormun/static/Shared/jqueryui/images/ui-icons_82798d_256x240.png HTTP/1.1" 404 1089
186.103.159.188 - - [09/Apr/2019:13:45:33 -0300] "GET /cormun/static/Shared/jqueryui/images/ui-bg_highlight-soft_100_c6c2c8_1x100.png HTTP/1.1" 404 1117
186.103.159.188 - - [09/Apr/2019:13:45:33 -0300] "GET /cormun/static/Shared/jqueryui/images/ui-bg_flat_55_994d53_40x100.png HTTP/1.1" 404 1097
186.103.159.188 - - [09/Apr/2019:13:45:33 -0300] "GET /cormun/static/Shared/jqueryui/images/ui-icons_ebccce_256x240.png HTTP/1.1" 404 1089
186.103.159.188 - - [09/Apr/2019:13:45:33 -0300] "GET /home/sistema/apache-tomcat-7.0.65/webapps/cormun/PrivateTempStorage/upload_00020576.pdf HTTP/1.1" 404 1135
186.103.159.188 - - [09/Apr/2019:13:45:33 -0300] "GET /home/sistema/apache-tomcat-7.0.65/webapps/cormun/PrivateTempStorage/upload_00020576.pdf HTTP/1.1" 404 1135
186.103.159.188 - - [09/Apr/2019:13:45:33 -0300] "GET /cormun/PrivateTempStorage/upload_00020576.pdf HTTP/1.1" 200 49152
186.103.159.188 - - [09/Apr/2019:13:45:33 -0300] "GET /cormun/PrivateTempStorage/upload_00020576.pdf HTTP/1.1" 200 280686
200.112.233.47 - - [09/Apr/2019:13:45:36 -0300] "GET /cormun/servlet/permisosadjuntos?DLT,7448903,P,20190409142352,20190409142851, HTTP/1.1" 200 6005
200.112.233.47 - - [09/Apr/2019:13:45:36 -0300] "GET /cormun/static/Shared/jqueryui/images/ui-bg_highlight-soft_100_c6c2c8_1x100.png HTTP/1.1" 404 1117
200.112.233.47 - - [09/Apr/2019:13:45:36 -0300] "GET /cormun/static/Shared/jqueryui/images/ui-icons_82798d_256x240.png HTTP/1.1" 404 1089
200.112.233.47 - - [09/Apr/2019:13:45:36 -0300] "GET /cormun/static/Shared/jqueryui/images/ui-bg_flat_55_fafafa_40x100.png HTTP/1.1" 404 1097
200.112.233.47 - - [09/Apr/2019:13:45:36 -0300] "GET /cormun/static/Shared/jqueryui/images/ui-icons_8d78a5_256x240.png HTTP/1.1" 404 1089
200.112.233.47 - - [09/Apr/2019:13:45:36 -0300] "GET /cormun/servlet/permisosadjuntos?DLT,7448903,P,20190409142352,20190409142851, HTTP/1.1" 200 5994
200.112.233.47 - - [09/Apr/2019:13:45:39 -0300] "POST /cormun/servlet/permisosadjuntos?d89ce3cde695ad26cc2b42e8d8ae7a1e,DLT,7448903,P,20190409142352,20190409142851,,gx-no-cache=1554828115192 HTTP/1.1" 200 93
200.112.233.47 - - [09/Apr/2019:13:45:39 -0300] "GET /cormun/servlet/hpexe_return? HTTP/1.1" 200 1039
200.112.233.47 - - [09/Apr/2019:13:45:39 -0300] "GET /cormun/PublicTempStorage/1._10_abril8851847.pdf HTTP/1.1" 200 139264
200.112.233.47 - - [09/Apr/2019:13:45:39 -0300] "GET /cormun/servlet/trpermisosadjuntos?7448903,20190409142352,P, HTTP/1.1" 200 7254
200.112.233.47 - - [09/Apr/2019:13:45:39 -0300] "GET /cormun/servlet/trpermisosadjuntos?7448903,20190409142352,P, HTTP/1.1" 200 7249
186.103.159.188 - - [09/Apr/2019:13:45:41 -0300] "GET /cormun/servlet/solicitudotadjuntos?35d36e618e7c89a1bf78f580c7d989cec55a405931de9ac4bdf20ee54809ed5e124e3b43b6aa0affb29b40042785cdf1,gx-no-cache=1554828118011 HTTP/1.1" 200 30
186.103.159.188 - - [09/Apr/2019:13:45:42 -0300] "POST /cormun/servlet/solicitudotadjuntos?aa50cf10c72a7d4229f6089ef76bb5e2,INS,2019,15226,,1, HTTP/1.1" 200 6189
186.103.159.188 - - [09/Apr/2019:13:45:42 -0300] "GET /home/sistema/apache-tomcat-7.0.65/webapps/cormun/PrivateTempStorage/upload_00020588.pdf HTTP/1.1" 404 1135
186.103.159.188 - - [09/Apr/2019:13:45:42 -0300] "GET /cormun/PrivateTempStorage/upload_00020588.pdf HTTP/1.1" 200 40960
186.103.159.188 - - [09/Apr/2019:13:45:42 -0300] "GET /cormun/PrivateTempStorage/upload_00020588.pdf HTTP/1.1" 200 280686
200.112.233.47 - - [09/Apr/2019:13:45:49 -0300] "GET /cormun/servlet/trautorizarpermisogoce? HTTP/1.1" 200 7200
200.112.233.47 - - [09/Apr/2019:13:45:50 -0300] "GET /cormun/servlet/trautorizarpermisogoce? HTTP/1.1" 200 7174
186.103.159.188 - - [09/Apr/2019:13:45:52 -0300] "POST /cormun/servlet/solicitudotadjuntos?aa50cf10c72a7d4229f6089ef76bb5e2,INS,2019,15226,,1, HTTP/1.1" 200 116
186.103.159.188 - - [09/Apr/2019:13:45:52 -0300] "GET /cormun/servlet/hpexe_return? HTTP/1.1" 200 1027
186.103.159.188 - - [09/Apr/2019:13:45:53 -0300] "GET /cormun/servlet/trsolicitudadjuntos?2019,15226, HTTP/1.1" 200 9632
200.112.233.47 - - [09/Apr/2019:13:45:53 -0300] "GET /cormun/servlet/trpermisosgoce? HTTP/1.1" 200 8550
186.103.159.188 - - [09/Apr/2019:13:45:54 -0300] "GET /cormun/servlet/trsolicitudadjuntos?2019,15226, HTTP/1.1" 200 9628
200.112.233.47 - - [09/Apr/2019:13:45:54 -0300] "GET /cormun/servlet/trpermisosgoce? HTTP/1.1" 200 8550
186.103.159.188 - - [09/Apr/2019:13:45:57 -0300] "GET /cormun/servlet/solicitudotadjuntos?INS,2019,15226,,1, HTTP/1.1" 200 6099
186.103.159.188 - - [09/Apr/2019:13:45:58 -0300] "GET /cormun/static/about:blank HTTP/1.1" 404 1011
186.103.159.188 - - [09/Apr/2019:13:45:58 -0300] "GET /cormun/servlet/solicitudotadjuntos?INS,2019,15226,,1, HTTP/1.1" 200 6092
186.103.159.188 - - [09/Apr/2019:13:45:58 -0300] "GET /cormun/servlet/solicitudotadjuntos?35d36e618e7c89a1bf78f580c7d989ceb156937f60cfdb67576aab2ff35aaf0314bcf0a0a17e03d54b2597751b71a39f,gx-no-cache=1554828135242 HTTP/1.1" 200 30
186.103.159.188 - - [09/Apr/2019:13:45:58 -0300] "POST /cormun/servlet/solicitudotadjuntos?aa50cf10c72a7d4229f6089ef76bb5e2,INS,2019,15226,,1,,gx-no-cache=1554828135272 HTTP/1.1" 200 3859
186.103.159.188 - - [09/Apr/2019:13:46:01 -0300] "POST /cormun/servlet/solicitudotadjuntos?gx-no-cache=1554828138180 HTTP/1.1" 200 26
200.112.233.47 - - [09/Apr/2019:13:46:06 -0300] "POST /cormun/servlet/trpermisosgoce?d89ce3cde695ad26cc2b42e8d8ae7a1e,,gx-no-cache=1554828142361 HTTP/1.1" 200 5586
200.112.233.47 - - [09/Apr/2019:13:46:06 -0300] "GET /cormun/static/Shared/jqueryui/images/ui-bg_highlight-soft_100_c6c2c8_1x100.png HTTP/1.1" 404 1117
200.112.233.47 - - [09/Apr/2019:13:46:06 -0300] "GET /cormun/static/Shared/jqueryui/images/ui-bg_flat_55_fafafa_40x100.png HTTP/1.1" 404 1097
200.112.233.47 - - [09/Apr/2019:13:46:06 -0300] "GET /cormun/static/Shared/jqueryui/images/ui-icons_8d78a5_256x240.png HTTP/1.1" 404 1089
200.112.233.47 - - [09/Apr/2019:13:46:06 -0300] "GET /cormun/static/Shared/jqueryui/images/ui-icons_82798d_256x240.png HTTP/1.1" 404 1089
186.103.159.188 - - [09/Apr/2019:13:46:08 -0300] "GET /cormun/servlet/solicitudotadjuntos?35d36e618e7c89a1bf78f580c7d989ce999744fef0787c6a6a9689e611a9ac96,gx-no-cache=1554828144815 HTTP/1.1" 200 30
186.103.159.188 - - [09/Apr/2019:13:46:08 -0300] "GET /cormun/servlet/solicitudotadjuntos?35d36e618e7c89a1bf78f580c7d989ce999744fef0787c6a6a9689e611a9ac96,gx-no-cache=1554828144831 HTTP/1.1" 200 30
186.103.159.188 - - [09/Apr/2019:13:46:09 -0300] "POST /cormun/servlet/solicitudotadjuntos?aa50cf10c72a7d4229f6089ef76bb5e2,INS,2019,15226,,1, HTTP/1.1" 200 116
186.103.159.188 - - [09/Apr/2019:13:46:09 -0300] "GET /cormun/servlet/hpexe_return? HTTP/1.1" 200 1027
186.103.159.188 - - [09/Apr/2019:13:46:09 -0300] "GET /cormun/servlet/trsolicitudadjuntos?2019,15226, HTTP/1.1" 200 9850
186.103.159.188 - - [09/Apr/2019:13:46:10 -0300] "GET /cormun/servlet/trsolicitudadjuntos?2019,15226, HTTP/1.1" 200 9851
186.103.159.188 - - [09/Apr/2019:13:46:15 -0300] "GET /cormun/servlet/trsolicitudot? HTTP/1.1" 200 9399
186.103.159.188 - - [09/Apr/2019:13:46:15 -0300] "GET /cormun/servlet/trsolicitudot? HTTP/1.1" 200 9392
200.112.233.47 - - [09/Apr/2019:13:46:17 -0300] "GET /cormun/servlet/trautorizarpermisogoce? HTTP/1.1" 200 8002
200.112.233.47 - - [09/Apr/2019:13:46:18 -0300] "GET /cormun/servlet/trautorizarpermisogoce? HTTP/1.1" 200 8001
200.112.233.47 - - [09/Apr/2019:13:46:22 -0300] "POST /cormun/servlet/trautorizarpermisogoce?d89ce3cde695ad26cc2b42e8d8ae7a1e,,gx-no-cache=1554828158248 HTTP/1.1" 200 4435
186.103.159.188 - - [09/Apr/2019:13:46:30 -0300] "POST /cormun/servlet/trsolicitudot?aa50cf10c72a7d4229f6089ef76bb5e2,,gx-no-cache=1554828167553 HTTP/1.1" 200 107
186.103.159.188 - - [09/Apr/2019:13:46:31 -0300] "GET /cormun/servlet/trsolicitudadjuntos?2019,15225, HTTP/1.1" 200 6151
186.103.159.188 - - [09/Apr/2019:13:46:31 -0300] "GET /cormun/servlet/trsolicitudadjuntos?2019,15225, HTTP/1.1" 200 6151
186.103.159.46 - - [09/Apr/2019:13:46:32 -0300] "GET /cormun/servlet/solicitudot?4526de6e71b1ffa9f1dc7b50eec52742b986b4cec1cef934ebf8b1d054da79abe88bd8aaaefa66741b2949e7aa13f1e8fd6e844ae9269c05a4e5b9301b8b6740,gx-no-cache=1554824567028 HTTP/1.1" 200 30
186.103.159.46 - - [09/Apr/2019:13:46:32 -0300] "GET /cormun/servlet/solicitudot?4526de6e71b1ffa9f1dc7b50eec52742c0287c718f67fd7e9e5583d13d961d26,gx-no-cache=1554824567125 HTTP/1.1" 200 29
186.103.159.188 - - [09/Apr/2019:13:46:34 -0300] "GET /cormun/servlet/solicitudotadjuntos?INS,2019,15225,,1, HTTP/1.1" 200 6098
186.103.159.188 - - [09/Apr/2019:13:46:35 -0300] "GET /cormun/static/about:blank HTTP/1.1" 404 1011
186.103.159.188 - - [09/Apr/2019:13:46:35 -0300] "GET /cormun/servlet/solicitudotadjuntos?INS,2019,15225,,1, HTTP/1.1" 200 6091
186.103.159.188 - - [09/Apr/2019:13:46:35 -0300] "GET /cormun/servlet/solicitudotadjuntos?35d36e618e7c89a1bf78f580c7d989ce66537b80445337ff66da42fcce37b7ca14bcf0a0a17e03d54b2597751b71a39f,gx-no-cache=1554828172421 HTTP/1.1" 200 30
186.103.159.188 - - [09/Apr/2019:13:46:35 -0300] "POST /cormun/servlet/solicitudotadjuntos?aa50cf10c72a7d4229f6089ef76bb5e2,INS,2019,15225,,1,,gx-no-cache=1554828172506 HTTP/1.1" 200 3860
186.103.159.188 - - [09/Apr/2019:13:46:38 -0300] "POST /cormun/servlet/solicitudotadjuntos?gx-no-cache=1554828174681 HTTP/1.1" 200 26
186.103.159.46 - - [09/Apr/2019:13:46:45 -0300] "POST /cormun/servlet/solicitudot?gx-no-cache=1554824579872 HTTP/1.1" 200 255
