190.171.142.42 - - [09/Apr/2019:12:52:10 -0300] "GET /cormun/static/Shared/jqueryui/images/ui-bg_highlight-soft_100_c6c2c8_1x100.png HTTP/1.1" 404 1117
190.171.142.42 - - [09/Apr/2019:12:52:11 -0300] "GET /cormun/static/Shared/jqueryui/images/ui-icons_ebccce_256x240.png HTTP/1.1" 404 1089
190.171.142.42 - - [09/Apr/2019:12:52:11 -0300] "GET /cormun/static/Shared/jqueryui/images/ui-bg_flat_55_994d53_40x100.png HTTP/1.1" 404 1097
190.171.142.42 - - [09/Apr/2019:12:52:11 -0300] "GET /cormun/static/Shared/jqueryui/images/ui-icons_82798d_256x240.png HTTP/1.1" 404 1089
190.171.142.42 - - [09/Apr/2019:12:52:11 -0300] "POST /cormun/servlet/solicitudot?gx-no-cache=1554824910981 HTTP/1.1" 200 121
190.171.142.42 - - [09/Apr/2019:12:52:11 -0300] "GET /cormun/servlet/solicitudot?7ed359e648b779f73b10c8943020f35bd1c754ced6907bcec736b61f2b6576ae324f4db6fdd7085056364e0af4f4ab6016353ac8b3fb3f7e7da3e545003636cf1e04879258687422b4ca8aa44bd354153e3123b3f7017eb261240b62f8c560b87c21d58c709fcd34e533dc438426c110,gx-no-cache=1554824911187 HTTP/1.1" 200 110
190.171.142.42 - - [09/Apr/2019:12:52:11 -0300] "GET /cormun/servlet/solicitudot?7ed359e648b779f73b10c8943020f35bd86bd948e01f4ad15e699ac9a333472c9084cd8654ad01afc1216def6c516253,gx-no-cache=1554824911282 HTTP/1.1" 200 134
186.103.159.186 - - [09/Apr/2019:12:52:11 -0300] "POST /cormun/servlet/solicitudot?4b81987ec5fd88f6b4bbfd7b1ab68b78,INS,0,0,,gx-no-cache=1554824909465 HTTP/1.1" 200 93
186.103.159.186 - - [09/Apr/2019:12:52:11 -0300] "GET /cormun/servlet/hpexe_return? HTTP/1.1" 200 1002
186.103.159.186 - - [09/Apr/2019:12:52:11 -0300] "GET /cormun/servlet/trsolicitudot HTTP/1.1" 200 8634
186.103.159.186 - - [09/Apr/2019:12:52:13 -0300] "GET /cormun/servlet/trsolicitudot HTTP/1.1" 200 8630
190.171.142.42 - - [09/Apr/2019:12:52:41 -0300] "GET /cormun/servlet/prlicenciaspermisos?7122287,L,,MD,,gxPopupLevel%3D0%3B HTTP/1.1" 200 7819
190.171.142.42 - - [09/Apr/2019:12:52:41 -0300] "GET /cormun/static/gxcfg.js?20176272053834 HTTP/1.1" 200 953
190.171.142.42 - - [09/Apr/2019:12:52:41 -0300] "GET /cormun/static/prlicenciaspermisos.js?20176272054050 HTTP/1.1" 200 13379
190.171.142.42 - - [09/Apr/2019:12:53:07 -0300] "POST /cormun/servlet/solicitudot?gx-no-cache=1554824967827 HTTP/1.1" 200 1332
190.171.142.42 - - [09/Apr/2019:12:53:19 -0300] "POST /cormun/servlet/solicitudot?gx-no-cache=1554824979363 HTTP/1.1" 200 41
190.171.142.42 - - [09/Apr/2019:12:53:19 -0300] "GET /cormun/servlet/solicitudot?7ed359e648b779f73b10c8943020f35bd1c754ced6907bcec736b61f2b6576ae324f4db6fdd7085056364e0af4f4ab6016353ac8b3fb3f7e7da3e545003636cf1e04879258687422b4ca8aa44bd354153e3123b3f7017eb261240b62f8c560b87c21d58c709fcd34e533dc438426c110,gx-no-cache=1554824979394 HTTP/1.1" 200 110
190.171.142.42 - - [09/Apr/2019:12:53:19 -0300] "POST /cormun/servlet/solicitudot?gx-no-cache=1554824979425 HTTP/1.1" 200 64
190.171.142.42 - - [09/Apr/2019:12:53:24 -0300] "GET /cormun/servlet/solicitudot?7ed359e648b779f73b10c8943020f35bd1c754ced6907bcec736b61f2b6576ae324f4db6fdd7085056364e0af4f4ab6016353ac8b3fb3f7e7da3e545003636cf1e04879258687422b4ca8aa44bd354153e3123b3f7017eb261240b62f8c560b87c21d58c709fcd34e533dc438426c110,gx-no-cache=1554824984629 HTTP/1.1" 200 110
200.54.103.162 - - [09/Apr/2019:12:53:30 -0300] "GET /cormun/servlet/hlogin HTTP/1.1" 200 1729
190.171.142.42 - - [09/Apr/2019:12:53:47 -0300] "GET /cormun/servlet/solicitudot?7ed359e648b779f73b10c8943020f35ba4853a2813b0e865565f3580df670b337fe11fed8c2e7fd93be1972f77b2dddb,gx-no-cache=1554825008067 HTTP/1.1" 200 30
200.54.103.162 - - [09/Apr/2019:12:53:54 -0300] "POST /cormun/servlet/hlogin?fbaf97c56bf70a46ed5ed4037923f962,gx-no-cache=1554825012323 HTTP/1.1" 200 90
200.54.103.162 - - [09/Apr/2019:12:53:54 -0300] "GET /cormun/servlet/hpexe_link HTTP/1.1" 200 955
200.54.103.162 - - [09/Apr/2019:12:53:54 -0300] "GET /cormun/servlet/hhome HTTP/1.1" 200 4341
200.54.103.162 - - [09/Apr/2019:12:53:55 -0300] "GET /cormun/servlet/hhome HTTP/1.1" 200 4337
190.171.154.42 - - [09/Apr/2019:12:53:56 -0300] "GET /cormun/servlet/hlogin HTTP/1.1" 200 1721
186.103.159.186 - - [09/Apr/2019:12:53:56 -0300] "POST /cormun/servlet/trsolicitudot?4b81987ec5fd88f6b4bbfd7b1ab68b78,gx-no-cache=1554825015127 HTTP/1.1" 200 4543
186.103.159.186 - - [09/Apr/2019:12:53:56 -0300] "GET /cormun/static/Shared/jqueryui/images/ui-bg_flat_55_fafafa_40x100.png HTTP/1.1" 404 1097
186.103.159.186 - - [09/Apr/2019:12:53:56 -0300] "GET /cormun/static/Shared/jqueryui/images/ui-icons_82798d_256x240.png HTTP/1.1" 404 1089
186.103.159.186 - - [09/Apr/2019:12:53:56 -0300] "GET /cormun/static/Shared/jqueryui/images/ui-icons_8d78a5_256x240.png HTTP/1.1" 404 1089
186.103.159.186 - - [09/Apr/2019:12:53:57 -0300] "POST /cormun/servlet/trsolicitudot?4b81987ec5fd88f6b4bbfd7b1ab68b78,gx-no-cache=1554825015526 HTTP/1.1" 200 4312
186.103.159.186 - - [09/Apr/2019:12:53:57 -0300] "GET /cormun/static/Shared/jqueryui/images/ui-bg_highlight-soft_100_c6c2c8_1x100.png HTTP/1.1" 404 1117
200.54.103.162 - - [09/Apr/2019:12:54:04 -0300] "GET /cormun/servlet/trautorizarsolicitud? HTTP/1.1" 200 7452
200.54.103.162 - - [09/Apr/2019:12:54:04 -0300] "GET /cormun/servlet/trautorizarsolicitud? HTTP/1.1" 200 7450
200.54.103.162 - - [09/Apr/2019:12:54:09 -0300] "GET /cormun/servlet/trlicencias? HTTP/1.1" 200 12473
200.54.103.162 - - [09/Apr/2019:12:54:10 -0300] "GET /cormun/servlet/trlicencias? HTTP/1.1" 200 12472
190.171.154.42 - - [09/Apr/2019:12:54:10 -0300] "POST /cormun/servlet/hlogin?f011b0bbc9d6676fa7b7a3e602b2c662,gx-no-cache=1554825026000 HTTP/1.1" 200 90
190.171.154.42 - - [09/Apr/2019:12:54:11 -0300] "GET /cormun/servlet/hpexe_link HTTP/1.1" 200 952
190.171.154.42 - - [09/Apr/2019:12:54:11 -0300] "GET /cormun/servlet/hhome HTTP/1.1" 200 4324
190.171.154.42 - - [09/Apr/2019:12:54:14 -0300] "GET /cormun/servlet/hhome HTTP/1.1" 200 4321
190.171.141.114 - - [09/Apr/2019:12:54:15 -0300] "GET /cormun/servlet/hlogin HTTP/1.1" 200 1721
190.171.141.114 - - [09/Apr/2019:12:54:18 -0300] "GET /cormun/servlet/hlogin HTTP/1.1" 200 1731
190.171.141.114 - - [09/Apr/2019:12:54:18 -0300] "GET /favicon.ico HTTP/1.1" 200 21630
190.171.154.42 - - [09/Apr/2019:12:54:18 -0300] "GET /cormun/servlet/trlicencias? HTTP/1.1" 200 9714
190.171.154.42 - - [09/Apr/2019:12:54:20 -0300] "GET /cormun/servlet/trlicencias? HTTP/1.1" 200 9711
190.171.141.114 - - [09/Apr/2019:12:54:26 -0300] "POST /cormun/servlet/hlogin?317bd573253aa389d324242dce47cfc1,gx-no-cache=1554825043540 HTTP/1.1" 200 90
190.171.141.114 - - [09/Apr/2019:12:54:26 -0300] "GET /cormun/servlet/hpexe_link HTTP/1.1" 200 953
190.171.141.114 - - [09/Apr/2019:12:54:26 -0300] "GET /cormun/servlet/hhome HTTP/1.1" 200 4059
190.171.141.114 - - [09/Apr/2019:12:54:29 -0300] "GET /cormun/servlet/hhome HTTP/1.1" 200 4055
190.171.141.114 - - [09/Apr/2019:12:54:33 -0300] "GET /cormun/servlet/trpermisosgoce? HTTP/1.1" 200 9741
190.171.141.114 - - [09/Apr/2019:12:54:36 -0300] "GET /cormun/servlet/trpermisosgoce? HTTP/1.1" 200 9740
190.171.141.114 - - [09/Apr/2019:12:54:40 -0300] "GET /cormun/servlet/permisogoce?INS,0,,, HTTP/1.1" 200 6903
190.171.141.114 - - [09/Apr/2019:12:54:40 -0300] "GET /cormun/static/gxcfg.js?201776126440 HTTP/1.1" 200 953
190.171.141.114 - - [09/Apr/2019:12:54:40 -0300] "GET /cormun/static/permisogoce.js?2017761264459 HTTP/1.1" 200 27897
190.171.141.114 - - [09/Apr/2019:12:54:40 -0300] "GET /cormun/static/Resources/prompt.gif HTTP/1.1" 200 902
190.171.141.114 - - [09/Apr/2019:12:54:42 -0300] "GET /cormun/servlet/permisogoce?INS,0,,, HTTP/1.1" 200 6903
190.171.141.114 - - [09/Apr/2019:12:54:49 -0300] "GET /cormun/servlet/permisogoce?a3fb5db82ca64b7a52b34794994af56a0aa602c044b47f978d4348c8b2b9acb9fb0c9d3a4c4e46914f26969231fdf575ddd8404f41807c2ddf59373027cd6885,gx-no-cache=1554825067186 HTTP/1.1" 200 84
190.171.141.114 - - [09/Apr/2019:12:54:51 -0300] "GET /cormun/static/menuarrow.gif HTTP/1.1" 404 1015
190.171.141.90 - - [09/Apr/2019:12:54:55 -0300] "GET /cormun/servlet/trsolicitudadjuntos?2019,14649, HTTP/1.1" 200 10064
190.171.141.90 - - [09/Apr/2019:12:54:56 -0300] "GET /cormun/servlet/trsolicitudadjuntos?2019,14649, HTTP/1.1" 200 10052
190.171.141.114 - - [09/Apr/2019:12:54:58 -0300] "GET /cormun/servlet/permisogoce?a3fb5db82ca64b7a52b34794994af56a50f61090756693c19226200733f29a0a691282b355677e5dcbf51e1fd8b6fef3e78ec22f2df0231184f4ab3188481209,gx-no-cache=1554825075607 HTTP/1.1" 200 47
190.171.141.90 - - [09/Apr/2019:12:54:58 -0300] "GET /cormun/servlet/trlicencias? HTTP/1.1" 200 12742
190.171.141.90 - - [09/Apr/2019:12:54:59 -0300] "GET /cormun/servlet/trlicencias? HTTP/1.1" 200 12730
190.171.141.114 - - [09/Apr/2019:12:55:01 -0300] "POST /cormun/servlet/permisogoce?317bd573253aa389d324242dce47cfc1,INS,0,,,,gx-no-cache=1554825077740 HTTP/1.1" 200 93
190.171.141.114 - - [09/Apr/2019:12:55:01 -0300] "GET /cormun/servlet/hpexe_return? HTTP/1.1" 200 1011
190.171.141.114 - - [09/Apr/2019:12:55:01 -0300] "GET /cormun/static/gxcfg.js?2016101716175148 HTTP/1.1" 200 953
190.171.141.114 - - [09/Apr/2019:12:55:01 -0300] "GET /cormun/static/hpexe_return.js?2016101716175153 HTTP/1.1" 200 1633
190.171.141.114 - - [09/Apr/2019:12:55:01 -0300] "GET /cormun/static/Resources/Spanish/PXTools.css?167811 HTTP/1.1" 200 89042
190.171.141.114 - - [09/Apr/2019:12:55:01 -0300] "GET /cormun/servlet/trpermisosgoce HTTP/1.1" 200 9971
190.171.141.114 - - [09/Apr/2019:12:55:03 -0300] "GET /cormun/servlet/trpermisosgoce HTTP/1.1" 200 9966
190.171.141.114 - - [09/Apr/2019:12:55:14 -0300] "GET /cormun/servlet/apermisogoceprn?15105259,P,20190409134758,PU HTTP/1.1" 200 1664
186.103.159.186 - - [09/Apr/2019:12:56:19 -0300] "GET /cormun/servlet/hlogin HTTP/1.1" 200 1719
190.171.142.42 - - [09/Apr/2019:12:56:20 -0300] "POST /cormun/servlet/solicitudot?c5edb696d1a5c0a6a7373da91f48baec,INS,0,0,,gx-no-cache=1554825160904 HTTP/1.1" 200 93
190.171.142.42 - - [09/Apr/2019:12:56:21 -0300] "GET /cormun/servlet/hpexe_return? HTTP/1.1" 200 1012
190.171.142.42 - - [09/Apr/2019:12:56:21 -0300] "GET /cormun/static/gxcfg.js?2016101716175148 HTTP/1.1" 200 953
190.171.142.42 - - [09/Apr/2019:12:56:21 -0300] "GET /cormun/static/hpexe_return.js?2016101716175153 HTTP/1.1" 200 1633
190.171.142.42 - - [09/Apr/2019:12:56:21 -0300] "GET /cormun/static/Resources/Spanish/PXTools.css?167811 HTTP/1.1" 200 89042
190.171.142.42 - - [09/Apr/2019:12:56:21 -0300] "GET /cormun/servlet/trsolicitudot HTTP/1.1" 200 7514
190.171.142.42 - - [09/Apr/2019:12:56:21 -0300] "GET /cormun/servlet/trsolicitudot HTTP/1.1" 200 7511
190.171.142.42 - - [09/Apr/2019:12:56:24 -0300] "GET /cormun/servlet/solicitudot?INS,0,0, HTTP/1.1" 200 15186
190.171.142.42 - - [09/Apr/2019:12:56:24 -0300] "GET /cormun/servlet/solicitudot?INS,0,0, HTTP/1.1" 200 15191
186.103.159.186 - - [09/Apr/2019:12:56:26 -0300] "POST /cormun/servlet/hlogin?4b81987ec5fd88f6b4bbfd7b1ab68b78,gx-no-cache=1554825165212 HTTP/1.1" 200 90
186.103.159.186 - - [09/Apr/2019:12:56:26 -0300] "GET /cormun/servlet/hpexe_link HTTP/1.1" 200 948
186.103.159.186 - - [09/Apr/2019:12:56:27 -0300] "GET /cormun/servlet/hhome HTTP/1.1" 200 4205
186.103.159.186 - - [09/Apr/2019:12:56:28 -0300] "GET /cormun/servlet/hhome HTTP/1.1" 200 4201
190.171.142.42 - - [09/Apr/2019:12:56:29 -0300] "GET /cormun/servlet/prfichaempleado?,MD,,gxPopupLevel%3D0%3B HTTP/1.1" 200 9385
186.103.159.186 - - [09/Apr/2019:12:56:31 -0300] "GET /cormun/servlet/trautorizarsolicitud? HTTP/1.1" 200 8692
186.103.159.186 - - [09/Apr/2019:12:56:32 -0300] "GET /cormun/servlet/trautorizarsolicitud? HTTP/1.1" 200 8690
186.103.159.186 - - [09/Apr/2019:12:56:46 -0300] "POST /cormun/servlet/trautorizarsolicitud?4b81987ec5fd88f6b4bbfd7b1ab68b78,,gx-no-cache=1554825184828 HTTP/1.1" 200 4683
186.103.159.186 - - [09/Apr/2019:12:56:46 -0300] "GET /cormun/static/Shared/jqueryui/images/ui-bg_highlight-soft_100_c6c2c8_1x100.png HTTP/1.1" 404 1117
186.103.159.186 - - [09/Apr/2019:12:56:46 -0300] "GET /cormun/static/Shared/jqueryui/images/ui-icons_82798d_256x240.png HTTP/1.1" 404 1089
186.103.159.186 - - [09/Apr/2019:12:56:46 -0300] "GET /cormun/static/Shared/jqueryui/images/ui-bg_flat_55_fafafa_40x100.png HTTP/1.1" 404 1097
186.103.159.186 - - [09/Apr/2019:12:56:46 -0300] "GET /cormun/static/Shared/jqueryui/images/ui-icons_8d78a5_256x240.png HTTP/1.1" 404 1089
186.103.159.186 - - [09/Apr/2019:12:56:47 -0300] "POST /cormun/servlet/trautorizarsolicitud?4b81987ec5fd88f6b4bbfd7b1ab68b78,,gx-no-cache=1554825185238 HTTP/1.1" 200 4453
190.171.142.42 - - [09/Apr/2019:12:56:49 -0300] "POST /cormun/servlet/prfichaempleado?c5edb696d1a5c0a6a7373da91f48baec,,MD,,gxPopupLevel%3D0%3B,gx-no-cache=1554825189716 HTTP/1.1" 200 3539
190.171.142.42 - - [09/Apr/2019:12:56:53 -0300] "POST /cormun/servlet/solicitudot?gx-no-cache=1554825193398 HTTP/1.1" 200 3595
190.171.142.42 - - [09/Apr/2019:12:56:53 -0300] "POST /cormun/servlet/solicitudot?c5edb696d1a5c0a6a7373da91f48baec,INS,0,0,,gx-no-cache=1554825193588 HTTP/1.1" 200 12014
190.171.152.138 - - [09/Apr/2019:12:56:53 -0300] "GET /cormun/servlet/hlogin HTTP/1.1" 200 1740
192.168.10.89 - - [09/Apr/2019:12:56:55 -0300] "GET /cormun/servlet/hlogin HTTP/1.1" 200 1714
192.168.10.89 - - [09/Apr/2019:12:56:55 -0300] "GET /cormun/servlet/hlogin HTTP/1.1" 200 1725
190.171.142.42 - - [09/Apr/2019:12:57:00 -0300] "GET /cormun/servlet/solicitudot?7ed359e648b779f73b10c8943020f35b513cf648bd9adb6e18692a6b460dc3c5f78f002cc48147641a48cfa4ed7a3f93,gx-no-cache=1554825200413 HTTP/1.1" 200 30
190.171.142.42 - - [09/Apr/2019:12:57:00 -0300] "GET /cormun/servlet/solicitudot?7ed359e648b779f73b10c8943020f35bcfd7bcddc63118784ea23a9d878e9f650b30affa80cab58153d0d525c024c340c897fd3f9e5ebda4001bd44b21aafaf7,gx-no-cache=1554825200497 HTTP/1.1" 200 30
190.171.142.42 - - [09/Apr/2019:12:57:00 -0300] "GET /cormun/servlet/solicitudot?7ed359e648b779f73b10c8943020f35bb8d306605cccd6d9f63d1d6932a97a60,gx-no-cache=1554825200564 HTTP/1.1" 200 53
190.171.142.42 - - [09/Apr/2019:12:57:00 -0300] "POST /cormun/servlet/solicitudot?gx-no-cache=1554825200645 HTTP/1.1" 200 240
190.171.142.42 - - [09/Apr/2019:12:57:00 -0300] "GET /cormun/servlet/solicitudot?7ed359e648b779f73b10c8943020f35b8e2b1defb3295dee8480681a6586f49b8731d32f3b6495a2b7f7b1f6fae2779a2d4185bbaa27d20b5f3dba4d89c66dfcab8c524d17262e2e741fb3db534825d68c64926294acef407e72f36b74289c9473be467798ef21e174434323208f5122c4a66dc1c15075008199669917bb8f982eeec9cdc14d562e6d8d56b6db11bbabcd8b3c718877888fff15e3c722552148bf2431557aa7737a33daf8255a86aad45fbe7fc74b6a88fdcc986387dc43df10cbeb8d9a942ef549838c41f7d436ddcb9b7ac131b73c88e069e3c158cd384f862fadba0fb1787b243ae09c087e2fbaec77e16e8d1591e07d6dd86d5cb79de3b436632f546b6be1dc9fef0d0ff76cbf502bf10bbee31c08c15005c31e81d1dfb8d0c6497b3bca95e0dc42260f8952aa1cd4ba8a4019811a36b2b96ec830d7e9b9ddf18b819a5432241cf4bcc06cee2a2d4cb1e23ef8117b301d5df797186229dfc028a611a9a4452ab5868db5b9bb778d88db19dfd831cf93658ee4c83ed4bd4b,gx-no-cache=1554825200740 HTTP/1.1" 200 30
192.168.10.89 - - [09/Apr/2019:12:57:04 -0300] "POST /cormun/servlet/hlogin?b8985c5ccd823e3d9247d65646a0a527,gx-no-cache=1554832222837 HTTP/1.1" 200 90
192.168.10.89 - - [09/Apr/2019:12:57:04 -0300] "GET /cormun/servlet/hpexe_link HTTP/1.1" 200 946
192.168.10.89 - - [09/Apr/2019:12:57:04 -0300] "GET /cormun/servlet/hhome HTTP/1.1" 200 3860
190.171.142.42 - - [09/Apr/2019:12:57:04 -0300] "POST /cormun/servlet/solicitudot?gx-no-cache=1554825204785 HTTP/1.1" 200 30
192.168.10.89 - - [09/Apr/2019:12:57:09 -0300] "GET /cormun/servlet/trsolicitudgral? HTTP/1.1" 200 27750
190.171.142.42 - - [09/Apr/2019:12:57:23 -0300] "POST /cormun/servlet/solicitudot?gx-no-cache=1554825224041 HTTP/1.1" 200 1332
192.168.10.89 - - [09/Apr/2019:12:57:26 -0300] "POST /cormun/servlet/trsolicitudgral?b8985c5ccd823e3d9247d65646a0a527,,gx-no-cache=1554832245038 HTTP/1.1" 200 7499
190.171.142.42 - - [09/Apr/2019:12:57:26 -0300] "GET /cormun/static/menuarrow.gif HTTP/1.1" 404 1015
190.171.142.42 - - [09/Apr/2019:12:57:37 -0300] "POST /cormun/servlet/solicitudot?gx-no-cache=1554825237812 HTTP/1.1" 200 238
190.171.142.42 - - [09/Apr/2019:12:57:37 -0300] "GET /cormun/servlet/solicitudot?7ed359e648b779f73b10c8943020f35b8e2b1defb3295dee8480681a6586f49b8731d32f3b6495a2b7f7b1f6fae2779a2d4185bbaa27d20b5f3dba4d89c66dfcab8c524d17262e2e741fb3db534825d68c64926294acef407e72f36b74289c9473be467798ef21e174434323208f5122c4a66dc1c15075008199669917bb8f982eeec9cdc14d562e6d8d56b6db11bbabcd8b3c718877888fff15e3c722552148bf2431557aa7737a33daf8255a86aad45fbe7fc74b6a88fdcc986387dc43df10cbeb8d9a942ef549838c41f7d436ddcb9b7ac131b73c88e069e3c158cd384f862fadba0fb1787b243ae09c087e2fbaec77e16e8d1591e07d6dd86d5cb79de3b436632f546b6be1dc9fef0d0ff76cbf502bf10bbee31c08c15005c31e81d1dfb8d0c6497b3bca95e0dc42260f8952aa1cd4ba8a4019811a36b2b96ec830d7e9b9ddf18b819a5432241cf4bcc06cee2a2d4cb1e23ef8117b301d5df797186229dfc028a611a9a4452ab5868db5b9bb778d80d1904b525953ca181201745739e676,gx-no-cache=1554825237856 HTTP/1.1" 200 30
190.171.142.42 - - [09/Apr/2019:12:57:37 -0300] "POST /cormun/servlet/solicitudot?gx-no-cache=1554825237886 HTTP/1.1" 200 30
190.171.142.42 - - [09/Apr/2019:12:57:37 -0300] "POST /cormun/servlet/solicitudot?gx-no-cache=1554825237925 HTTP/1.1" 200 1332
190.171.142.42 - - [09/Apr/2019:12:57:37 -0300] "POST /cormun/servlet/solicitudot?gx-no-cache=1554825238007 HTTP/1.1" 200 41
190.171.142.42 - - [09/Apr/2019:12:57:37 -0300] "GET /cormun/servlet/solicitudot?7ed359e648b779f73b10c8943020f35bd1c754ced6907bcec736b61f2b6576ae324f4db6fdd7085056364e0af4f4ab6016353ac8b3fb3f7e7da3e545003636cf1e04879258687422b4ca8aa44bd354153e3123b3f7017eb261240b62f8c560b87c21d58c709fcd34e533dc438426c110,gx-no-cache=1554825238039 HTTP/1.1" 200 110
190.171.142.42 - - [09/Apr/2019:12:57:37 -0300] "POST /cormun/servlet/solicitudot?gx-no-cache=1554825238070 HTTP/1.1" 200 64
192.168.10.89 - - [09/Apr/2019:12:57:38 -0300] "GET /cormun/servlet/hlogin HTTP/1.1" 200 1734
190.171.142.42 - - [09/Apr/2019:12:57:42 -0300] "GET /cormun/servlet/solicitudot?7ed359e648b779f73b10c8943020f35b5b1f32f12ead2b3c96a46bb4c907e36dba99e20db1616683e0890b84a0c6fcf1173e4c1b24959c9415754ba62b6a9b22c41177f05ad6eda1b771599cc12a478c6b20f027fff1c4150d72b10eae9fc6203e6fb158da991f299eea65f4da49ba30,gx-no-cache=1554825242468 HTTP/1.1" 200 29
190.171.142.42 - - [09/Apr/2019:12:57:48 -0300] "GET /cormun/servlet/solicitudot?7ed359e648b779f73b10c8943020f35ba4853a2813b0e865565f3580df670b337fe11fed8c2e7fd93be1972f77b2dddb,gx-no-cache=1554825249082 HTTP/1.1" 200 30
190.171.142.42 - - [09/Apr/2019:12:57:49 -0300] "POST /cormun/servlet/solicitudot?gx-no-cache=1554825249110 HTTP/1.1" 200 34
190.171.142.42 - - [09/Apr/2019:12:57:56 -0300] "POST /cormun/servlet/solicitudot?c5edb696d1a5c0a6a7373da91f48baec,INS,0,0,,gx-no-cache=1554825255770 HTTP/1.1" 200 93
190.171.142.42 - - [09/Apr/2019:12:57:56 -0300] "GET /cormun/servlet/hpexe_return? HTTP/1.1" 200 1012
190.171.142.42 - - [09/Apr/2019:12:57:56 -0300] "GET /cormun/servlet/trsolicitudot HTTP/1.1" 200 8946
190.171.142.42 - - [09/Apr/2019:12:57:57 -0300] "GET /cormun//static/Resources/PXToolsActionView.png HTTP/1.1" 200 2995
190.171.142.42 - - [09/Apr/2019:12:57:57 -0300] "GET /cormun//static/Resources/PXToolsGridUpdate.png HTTP/1.1" 200 2984
190.171.142.42 - - [09/Apr/2019:12:57:57 -0300] "GET /cormun//static/Resources/PXToolsGridDelete.png HTTP/1.1" 200 357
190.171.142.42 - - [09/Apr/2019:12:57:57 -0300] "GET /cormun//static/Resources/PXToolsRemoveAllAction.png HTTP/1.1" 200 3558
190.171.142.42 - - [09/Apr/2019:12:57:57 -0300] "GET /cormun/servlet/trsolicitudot HTTP/1.1" 200 8942
190.171.142.42 - - [09/Apr/2019:12:58:01 -0300] "POST /cormun/servlet/trsolicitudot?c5edb696d1a5c0a6a7373da91f48baec,gx-no-cache=1554825261675 HTTP/1.1" 200 4804
190.171.142.42 - - [09/Apr/2019:12:58:01 -0300] "GET /cormun/static/Shared/jqueryui/images/ui-bg_highlight-soft_100_c6c2c8_1x100.png HTTP/1.1" 404 1117
190.171.142.42 - - [09/Apr/2019:12:58:01 -0300] "GET /cormun/static/Shared/jqueryui/images/ui-icons_82798d_256x240.png HTTP/1.1" 404 1089
190.171.142.42 - - [09/Apr/2019:12:58:01 -0300] "GET /cormun/static/Shared/jqueryui/images/ui-bg_flat_55_fafafa_40x100.png HTTP/1.1" 404 1097
190.171.142.42 - - [09/Apr/2019:12:58:01 -0300] "GET /cormun/static/Shared/jqueryui/images/ui-icons_8d78a5_256x240.png HTTP/1.1" 404 1089
190.171.154.42 - - [09/Apr/2019:12:58:01 -0300] "GET /cormun/servlet/licenciaspermisos?DSP,14337438,L,20190408000000, HTTP/1.1" 200 7412
190.171.142.42 - - [09/Apr/2019:12:58:01 -0300] "POST /cormun/servlet/trsolicitudot?c5edb696d1a5c0a6a7373da91f48baec,gx-no-cache=1554825261861 HTTP/1.1" 200 4532
190.171.154.42 - - [09/Apr/2019:12:58:03 -0300] "GET /cormun/servlet/licenciaspermisos?DSP,14337438,L,20190408000000, HTTP/1.1" 200 7412
190.171.142.42 - - [09/Apr/2019:12:58:07 -0300] "GET /cormun/servlet/trautorizarsolicitud? HTTP/1.1" 200 8836
190.171.142.42 - - [09/Apr/2019:12:58:07 -0300] "GET /cormun/static/gxcfg.js?2017111423403364 HTTP/1.1" 200 953
190.171.142.42 - - [09/Apr/2019:12:58:07 -0300] "GET /cormun/static/trautorizarsolicitud.js?201711142340425 HTTP/1.1" 200 53910
190.171.142.42 - - [09/Apr/2019:12:58:08 -0300] "GET /cormun/servlet/trautorizarsolicitud? HTTP/1.1" 200 8836
190.171.142.42 - - [09/Apr/2019:12:58:11 -0300] "POST /cormun/servlet/trautorizarsolicitud?c5edb696d1a5c0a6a7373da91f48baec,,gx-no-cache=1554825271261 HTTP/1.1" 200 4734
190.171.142.42 - - [09/Apr/2019:12:58:11 -0300] "POST /cormun/servlet/trautorizarsolicitud?c5edb696d1a5c0a6a7373da91f48baec,,gx-no-cache=1554825271460 HTTP/1.1" 200 4465
190.171.154.42 - - [09/Apr/2019:12:58:18 -0300] "POST /cormun/servlet/licenciaspermisos?f011b0bbc9d6676fa7b7a3e602b2c662,DSP,14337438,L,20190408000000,,gx-no-cache=1554825273476 HTTP/1.1" 200 93
190.171.154.42 - - [09/Apr/2019:12:58:18 -0300] "GET /cormun/servlet/hpexe_return? HTTP/1.1" 200 1030
190.171.154.42 - - [09/Apr/2019:12:58:19 -0300] "GET /cormun/servlet/trlicencias HTTP/1.1" 200 9716
190.171.154.42 - - [09/Apr/2019:12:58:20 -0300] "GET /cormun/servlet/trlicencias HTTP/1.1" 200 9711
200.111.191.210 - - [09/Apr/2019:13:02:05 -0300] "GET /cormun/servlet/trpermisosgoce? HTTP/1.1" 200 17648
200.111.191.210 - - [09/Apr/2019:13:02:05 -0300] "GET /cormun/servlet/trpermisosgoce? HTTP/1.1" 200 17651
200.111.191.210 - - [09/Apr/2019:13:02:14 -0300] "GET /cormun/servlet/trlicencias? HTTP/1.1" 200 7985
200.111.191.210 - - [09/Apr/2019:13:02:14 -0300] "GET /cormun/servlet/trlicencias? HTTP/1.1" 200 7983
200.111.191.210 - - [09/Apr/2019:13:02:20 -0300] "POST /cormun/servlet/trlicencias?b1dadbc5537515bf3b4e2d7324c77f98,,gx-no-cache=1554825574577 HTTP/1.1" 200 5419
190.171.154.42 - - [09/Apr/2019:13:03:38 -0300] "GET /cormun/servlet/hlogin HTTP/1.1" 200 1740
40.77.189.33 - - [09/Apr/2019:13:12:58 -0300] "GET /cormun/static/Resources/PXToolsDataTitle.png HTTP/1.1" 200 1173
40.77.189.33 - - [09/Apr/2019:13:12:58 -0300] "GET /cormun/static/Resources/PXToolsButtonLeft21.png HTTP/1.1" 200 1287
40.77.188.212 - - [09/Apr/2019:13:12:59 -0300] "GET /cormun/static/Resources/PXToolsButtonRight21.png HTTP/1.1" 200 1283
40.77.189.190 - - [09/Apr/2019:13:13:00 -0300] "GET /cormun/static/Resources/PXToolsButtonBackground2.png HTTP/1.1" 200 1181
40.77.189.184 - - [09/Apr/2019:13:13:01 -0300] "GET /cormun/static/Resources/asc.gif HTTP/1.1" 200 67
40.77.188.251 - - [09/Apr/2019:13:13:01 -0300] "GET /cormun/static/Resources/desc.gif HTTP/1.1" 200 65
40.77.188.251 - - [09/Apr/2019:13:13:03 -0300] "GET /cormun/static/Resources/ComunLogin.png HTTP/1.1" 200 17326
40.77.189.184 - - [09/Apr/2019:13:13:03 -0300] "GET /cormun/static/Resources/PXToolsLoginBackground.png HTTP/1.1" 200 1164
190.171.141.114 - - [09/Apr/2019:13:14:35 -0300] "POST /cormun/servlet/trautorizarsolicitud?ddd0671b77d0793bedca93d8edf1439a,,gx-no-cache=1554826254863 HTTP/1.1" 440 972
190.171.141.114 - - [09/Apr/2019:13:14:36 -0300] "GET /cormun/servlet/trautorizarsolicitud? HTTP/1.1" 200 6313
190.171.141.114 - - [09/Apr/2019:13:14:39 -0300] "GET /cormun/servlet/trautorizarsolicitud? HTTP/1.1" 200 6313
190.171.141.114 - - [09/Apr/2019:13:14:39 -0300] "GET /cormun/servlet/hlogin HTTP/1.1" 200 1740
190.171.141.114 - - [09/Apr/2019:13:14:50 -0300] "POST /cormun/servlet/hlogin?5fee9ac57d22661a6362e9843c9d125d,gx-no-cache=1554826270511 HTTP/1.1" 200 90
190.171.141.114 - - [09/Apr/2019:13:14:50 -0300] "GET /cormun/servlet/hpexe_link HTTP/1.1" 200 960
190.171.141.114 - - [09/Apr/2019:13:14:51 -0300] "GET /cormun/servlet/trautorizarsolicitud HTTP/1.1" 200 8637
190.171.141.114 - - [09/Apr/2019:13:14:52 -0300] "GET /cormun/servlet/trautorizarsolicitud HTTP/1.1" 200 8636
190.171.141.114 - - [09/Apr/2019:13:14:57 -0300] "POST /cormun/servlet/trautorizarsolicitud?5fee9ac57d22661a6362e9843c9d125d,gx-no-cache=1554826276682 HTTP/1.1" 200 4425
190.171.141.114 - - [09/Apr/2019:13:14:57 -0300] "GET /cormun/static/Shared/jqueryui/images/ui-bg_highlight-soft_100_c6c2c8_1x100.png HTTP/1.1" 404 1117
190.171.141.114 - - [09/Apr/2019:13:14:57 -0300] "GET /cormun/static/Shared/jqueryui/images/ui-icons_82798d_256x240.png HTTP/1.1" 404 1089
190.171.141.114 - - [09/Apr/2019:13:14:57 -0300] "GET /cormun/static/Shared/jqueryui/images/ui-bg_flat_55_fafafa_40x100.png HTTP/1.1" 404 1097
190.171.141.114 - - [09/Apr/2019:13:14:57 -0300] "GET /cormun/static/Shared/jqueryui/images/ui-icons_8d78a5_256x240.png HTTP/1.1" 404 1089
190.171.141.114 - - [09/Apr/2019:13:14:57 -0300] "POST /cormun/servlet/trautorizarsolicitud?5fee9ac57d22661a6362e9843c9d125d,gx-no-cache=1554826277115 HTTP/1.1" 200 4186
200.112.233.47 - - [09/Apr/2019:13:15:30 -0300] "GET /cormun/servlet/trpermisosgoce? HTTP/1.1" 200 6112
200.112.233.47 - - [09/Apr/2019:13:15:31 -0300] "GET /cormun/servlet/hlogin HTTP/1.1" 200 1738
200.112.233.47 - - [09/Apr/2019:13:15:31 -0300] "GET /cormun/servlet/trpermisosgoce? HTTP/1.1" 200 6112
200.112.233.47 - - [09/Apr/2019:13:15:45 -0300] "POST /cormun/servlet/hlogin?d89ce3cde695ad26cc2b42e8d8ae7a1e,gx-no-cache=1554826321093 HTTP/1.1" 200 453
200.112.233.47 - - [09/Apr/2019:13:15:56 -0300] "POST /cormun/servlet/hlogin?d89ce3cde695ad26cc2b42e8d8ae7a1e,gx-no-cache=1554826332779 HTTP/1.1" 200 453
186.103.159.204 - - [09/Apr/2019:13:17:01 -0300] "GET /cormun/servlet/hlogin HTTP/1.1" 200 1726
186.103.159.204 - - [09/Apr/2019:13:17:01 -0300] "GET /cormun/servlet/hlogin HTTP/1.1" 200 1729
186.103.159.204 - - [09/Apr/2019:13:17:02 -0300] "POST /cormun/servlet/hlogin?ac205f9958b00f72dcb613247102b6b4,gx-no-cache=1554822796699 HTTP/1.1" 200 90
186.103.159.204 - - [09/Apr/2019:13:17:02 -0300] "GET /cormun/servlet/hpexe_link HTTP/1.1" 200 949
186.103.159.204 - - [09/Apr/2019:13:17:02 -0300] "GET /cormun/servlet/hhome HTTP/1.1" 200 4018
186.103.159.204 - - [09/Apr/2019:13:17:03 -0300] "GET /cormun/servlet/hhome HTTP/1.1" 200 4014
186.103.159.204 - - [09/Apr/2019:13:17:06 -0300] "GET /cormun/servlet/trlicencias? HTTP/1.1" 200 9243
186.103.159.204 - - [09/Apr/2019:13:17:07 -0300] "GET /cormun/servlet/trlicencias? HTTP/1.1" 200 9240
190.171.142.42 - - [09/Apr/2019:13:17:18 -0300] "GET /cormun/servlet/trsolicitudot? HTTP/1.1" 200 7511
190.171.142.42 - - [09/Apr/2019:13:17:19 -0300] "GET /cormun/servlet/trsolicitudot? HTTP/1.1" 200 7511
190.171.142.42 - - [09/Apr/2019:13:17:21 -0300] "GET /cormun/servlet/solicitudot?INS,0,0, HTTP/1.1" 200 15186
190.171.142.42 - - [09/Apr/2019:13:17:21 -0300] "GET /cormun/servlet/solicitudot?INS,0,0, HTTP/1.1" 200 15191
190.171.142.42 - - [09/Apr/2019:13:17:24 -0300] "GET /cormun/servlet/prfichaempleado?,MD,,gxPopupLevel%3D0%3B HTTP/1.1" 200 9385
190.171.142.42 - - [09/Apr/2019:13:17:45 -0300] "POST /cormun/servlet/prfichaempleado?c5edb696d1a5c0a6a7373da91f48baec,,MD,,gxPopupLevel%3D0%3B,gx-no-cache=1554826445685 HTTP/1.1" 200 3422
190.171.142.42 - - [09/Apr/2019:13:17:49 -0300] "POST /cormun/servlet/solicitudot?gx-no-cache=1554826449560 HTTP/1.1" 200 3574
190.171.142.42 - - [09/Apr/2019:13:17:49 -0300] "POST /cormun/servlet/solicitudot?c5edb696d1a5c0a6a7373da91f48baec,INS,0,0,,gx-no-cache=1554826449714 HTTP/1.1" 200 12037
190.171.142.42 - - [09/Apr/2019:13:17:55 -0300] "GET /cormun/servlet/solicitudot?7ed359e648b779f73b10c8943020f35be62c4a7ef5f33ef02a45ef0240992884f78f002cc48147641a48cfa4ed7a3f93,gx-no-cache=1554826455614 HTTP/1.1" 200 30
190.171.142.42 - - [09/Apr/2019:13:17:55 -0300] "GET /cormun/servlet/solicitudot?7ed359e648b779f73b10c8943020f35bb54b470151fb2e5272f53631299b03f96e597d6c040f8430c475279b1f62c1c7c897fd3f9e5ebda4001bd44b21aafaf7,gx-no-cache=1554826455660 HTTP/1.1" 200 30
190.171.142.42 - - [09/Apr/2019:13:17:55 -0300] "GET /cormun/servlet/solicitudot?7ed359e648b779f73b10c8943020f35b23e53e8f63201a329b4c65ce47b68b3c,gx-no-cache=1554826455687 HTTP/1.1" 200 61
190.171.142.42 - - [09/Apr/2019:13:17:55 -0300] "POST /cormun/servlet/solicitudot?gx-no-cache=1554826455713 HTTP/1.1" 200 255
190.171.142.42 - - [09/Apr/2019:13:17:55 -0300] "GET /cormun/servlet/solicitudot?7ed359e648b779f73b10c8943020f35b8e2b1defb3295dee8480681a6586f49b73cfa529a57419e9397e799fd342545a2d4185bbaa27d20b5f3dba4d89c66dfcab8c524d17262e2e741fb3db534825d68c64926294acef407e72f36b74289c9473be467798ef21e174434323208f5122c4a66dc1c15075008199669917bb8f982eeec9cdc14d562e6d8d56b6db11bbabcd8b3c718877888fff15e3c722552148bf2431557aa7737a33daf8255a86aad45fbe7fc74b6a88fdcc986387dc43df10cbeb8d9a942ef549838c41f7d436ddcb9b7ac131b73c88e069e3c158cd384f862fadba0fb1787b243ae09c087e2fbaec98d1eadab272b0eecdf8d4aede9edea536632f546b6be1dc9fef0d0ff76cbf50671b01187727e93a4f55150f3ed867f8d36fd62b5569015377c98e0e3503ef81eae8d024cc0be6290648477b6b34be29831edc95d4b8d537964600d139d2a71261cf6b0e0ea777a6d4b207b6ba8d8d8bdc979ca5e5db8c80086c402b24369ee8b1f827a569edcd8bc9f4eb3e733af245,gx-no-cache=1554826455744 HTTP/1.1" 200 30
190.171.142.42 - - [09/Apr/2019:13:17:55 -0300] "POST /cormun/servlet/solicitudot?gx-no-cache=1554826455767 HTTP/1.1" 200 30
190.171.142.42 - - [09/Apr/2019:13:17:55 -0300] "POST /cormun/servlet/solicitudot?gx-no-cache=1554826455797 HTTP/1.1" 200 1335
190.171.142.42 - - [09/Apr/2019:13:17:55 -0300] "POST /cormun/servlet/solicitudot?gx-no-cache=1554826455834 HTTP/1.1" 200 38
190.171.142.42 - - [09/Apr/2019:13:17:55 -0300] "GET /cormun/servlet/solicitudot?7ed359e648b779f73b10c8943020f35bd1c754ced6907bcec736b61f2b6576ae324f4db6fdd7085056364e0af4f4ab6016353ac8b3fb3f7e7da3e545003636cf1e04879258687422b4ca8aa44bd354153e3123b3f7017eb261240b62f8c560b87c21d58c709fcd34e533dc438426c110,gx-no-cache=1554826455858 HTTP/1.1" 200 110
190.171.142.42 - - [09/Apr/2019:13:18:08 -0300] "POST /cormun/servlet/solicitudot?gx-no-cache=1554826468778 HTTP/1.1" 200 30
190.171.142.42 - - [09/Apr/2019:13:18:13 -0300] "POST /cormun/servlet/solicitudot?gx-no-cache=1554826473140 HTTP/1.1" 200 1335
190.171.142.42 - - [09/Apr/2019:13:18:13 -0300] "POST /cormun/servlet/solicitudot?gx-no-cache=1554826473209 HTTP/1.1" 200 38
190.171.142.42 - - [09/Apr/2019:13:18:13 -0300] "GET /cormun/servlet/solicitudot?7ed359e648b779f73b10c8943020f35bd1c754ced6907bcec736b61f2b6576ae324f4db6fdd7085056364e0af4f4ab6016353ac8b3fb3f7e7da3e545003636cf1e04879258687422b4ca8aa44bd354153e3123b3f7017eb261240b62f8c560b87c21d58c709fcd34e533dc438426c110,gx-no-cache=1554826473257 HTTP/1.1" 200 110
190.171.142.42 - - [09/Apr/2019:13:18:13 -0300] "POST /cormun/servlet/solicitudot?gx-no-cache=1554826473317 HTTP/1.1" 200 97
190.171.142.42 - - [09/Apr/2019:13:18:22 -0300] "GET /cormun/servlet/solicitudot?7ed359e648b779f73b10c8943020f35b5b1f32f12ead2b3c96a46bb4c907e36dba99e20db1616683e0890b84a0c6fcf1c974718847f3f8b5d9054104c2bb34823e707e4526c6b9e279460d325cf22a09754e12ffe4b4f8c52f24849e06b0d8bafba3b18f45e53e2bf64c398ac496321cbb1e3ba855981f216628270ecbbf2350be21354e742ca9f21c4a6571f42011bfeacc0be2b6a2c550d8e2f22b82048ca7,gx-no-cache=1554826482954 HTTP/1.1" 200 29
190.171.142.42 - - [09/Apr/2019:13:18:22 -0300] "GET /cormun/static/menuarrow.gif HTTP/1.1" 404 1015
190.171.142.42 - - [09/Apr/2019:13:18:27 -0300] "GET /cormun/servlet/solicitudot?7ed359e648b779f73b10c8943020f35ba4853a2813b0e865565f3580df670b339084cd8654ad01afc1216def6c516253,gx-no-cache=1554826487333 HTTP/1.1" 200 30
190.171.142.42 - - [09/Apr/2019:13:18:48 -0300] "POST /cormun/servlet/solicitudot?gx-no-cache=1554826508288 HTTP/1.1" 200 30
190.171.154.42 - - [09/Apr/2019:13:19:13 -0300] "POST /cormun/servlet/hlogin?f011b0bbc9d6676fa7b7a3e602b2c662,gx-no-cache=1554826528486 HTTP/1.1" 200 90
190.171.154.42 - - [09/Apr/2019:13:19:13 -0300] "GET /cormun/servlet/hpexe_link HTTP/1.1" 200 957
190.171.154.42 - - [09/Apr/2019:13:19:13 -0300] "GET /cormun/servlet/hpexe_link HTTP/1.1" 200 955
190.171.154.42 - - [09/Apr/2019:13:19:14 -0300] "GET /cormun/servlet/trlicencias HTTP/1.1" 200 9713
190.171.154.42 - - [09/Apr/2019:13:19:17 -0300] "GET /cormun/servlet/trlicencias HTTP/1.1" 200 9711
190.171.142.42 - - [09/Apr/2019:13:19:20 -0300] "POST /cormun/servlet/solicitudot?gx-no-cache=1554826541055 HTTP/1.1" 200 30
190.171.142.42 - - [09/Apr/2019:13:19:21 -0300] "POST /cormun/servlet/solicitudot?gx-no-cache=1554826541106 HTTP/1.1" 200 1335
190.171.142.42 - - [09/Apr/2019:13:19:21 -0300] "POST /cormun/servlet/solicitudot?gx-no-cache=1554826541162 HTTP/1.1" 200 40
190.171.142.42 - - [09/Apr/2019:13:19:21 -0300] "GET /cormun/servlet/solicitudot?7ed359e648b779f73b10c8943020f35bd1c754ced6907bcec736b61f2b6576ae324f4db6fdd7085056364e0af4f4ab6016353ac8b3fb3f7e7da3e545003636cf1e04879258687422b4ca8aa44bd354153e3123b3f7017eb261240b62f8c560b87c21d58c709fcd34e533dc438426c110,gx-no-cache=1554826541190 HTTP/1.1" 200 110
190.171.142.42 - - [09/Apr/2019:13:19:21 -0300] "POST /cormun/servlet/solicitudot?gx-no-cache=1554826541226 HTTP/1.1" 200 97
190.171.142.42 - - [09/Apr/2019:13:19:21 -0300] "GET /cormun/servlet/solicitudot?7ed359e648b779f73b10c8943020f35ba4853a2813b0e865565f3580df670b339084cd8654ad01afc1216def6c516253,gx-no-cache=1554826541256 HTTP/1.1" 200 30
190.171.142.42 - - [09/Apr/2019:13:19:21 -0300] "POST /cormun/servlet/solicitudot?gx-no-cache=1554826541292 HTTP/1.1" 200 30
190.171.142.42 - - [09/Apr/2019:13:19:21 -0300] "POST /cormun/servlet/solicitudot?c5edb696d1a5c0a6a7373da91f48baec,INS,0,0,,gx-no-cache=1554826541356 HTTP/1.1" 200 93
190.171.142.42 - - [09/Apr/2019:13:19:21 -0300] "GET /cormun/servlet/hpexe_return? HTTP/1.1" 200 1012
190.171.142.42 - - [09/Apr/2019:13:19:21 -0300] "GET /cormun/servlet/trsolicitudot HTTP/1.1" 200 8885
190.171.154.42 - - [09/Apr/2019:13:19:22 -0300] "GET /cormun/servlet/trpermisosgoce? HTTP/1.1" 200 9815
190.171.142.42 - - [09/Apr/2019:13:19:22 -0300] "GET /cormun/servlet/trsolicitudot HTTP/1.1" 200 8880
190.171.154.42 - - [09/Apr/2019:13:19:23 -0300] "GET /cormun/servlet/trpermisosgoce? HTTP/1.1" 200 9817
190.171.142.42 - - [09/Apr/2019:13:19:26 -0300] "POST /cormun/servlet/trsolicitudot?c5edb696d1a5c0a6a7373da91f48baec,gx-no-cache=1554826546145 HTTP/1.1" 200 4758
190.171.142.42 - - [09/Apr/2019:13:19:26 -0300] "GET /cormun/static/Shared/jqueryui/images/ui-bg_highlight-soft_100_c6c2c8_1x100.png HTTP/1.1" 404 1117
190.171.142.42 - - [09/Apr/2019:13:19:26 -0300] "GET /cormun/static/Shared/jqueryui/images/ui-icons_82798d_256x240.png HTTP/1.1" 404 1089
190.171.142.42 - - [09/Apr/2019:13:19:26 -0300] "GET /cormun/static/Shared/jqueryui/images/ui-bg_flat_55_fafafa_40x100.png HTTP/1.1" 404 1097
190.171.142.42 - - [09/Apr/2019:13:19:26 -0300] "GET /cormun/static/Shared/jqueryui/images/ui-icons_8d78a5_256x240.png HTTP/1.1" 404 1089
190.171.142.42 - - [09/Apr/2019:13:19:26 -0300] "POST /cormun/servlet/trsolicitudot?c5edb696d1a5c0a6a7373da91f48baec,gx-no-cache=1554826546334 HTTP/1.1" 200 4533
190.171.142.42 - - [09/Apr/2019:13:19:29 -0300] "GET /cormun/servlet/trautorizarsolicitud? HTTP/1.1" 200 8777
190.171.142.42 - - [09/Apr/2019:13:19:29 -0300] "GET /cormun/servlet/trautorizarsolicitud? HTTP/1.1" 200 8776
190.171.142.42 - - [09/Apr/2019:13:19:33 -0300] "POST /cormun/servlet/trautorizarsolicitud?c5edb696d1a5c0a6a7373da91f48baec,,gx-no-cache=1554826553991 HTTP/1.1" 200 4688
190.171.142.42 - - [09/Apr/2019:13:19:34 -0300] "POST /cormun/servlet/trautorizarsolicitud?c5edb696d1a5c0a6a7373da91f48baec,,gx-no-cache=1554826554191 HTTP/1.1" 200 4463
190.171.154.42 - - [09/Apr/2019:13:19:40 -0300] "GET /cormun/servlet/permisogoce?INS,0,,, HTTP/1.1" 200 7192
190.171.154.42 - - [09/Apr/2019:13:19:41 -0300] "GET /cormun/servlet/permisogoce?INS,0,,, HTTP/1.1" 200 7192
190.171.154.42 - - [09/Apr/2019:13:19:45 -0300] "GET /cormun/servlet/prfichaempleado?,MD,,gxPopupLevel%3D0%3B HTTP/1.1" 200 9423
190.171.142.42 - - [09/Apr/2019:13:19:49 -0300] "GET /cormun/servlet/trsolicitudot? HTTP/1.1" 200 7511
190.171.142.42 - - [09/Apr/2019:13:19:49 -0300] "GET /cormun/servlet/trsolicitudot? HTTP/1.1" 200 7511
190.171.142.42 - - [09/Apr/2019:13:19:52 -0300] "GET /cormun/servlet/solicitudot?INS,0,0, HTTP/1.1" 200 15187
190.171.142.42 - - [09/Apr/2019:13:19:52 -0300] "GET /cormun/servlet/solicitudot?INS,0,0, HTTP/1.1" 200 15192
190.171.154.42 - - [09/Apr/2019:13:19:59 -0300] "POST /cormun/servlet/prfichaempleado?f011b0bbc9d6676fa7b7a3e602b2c662,,MD,,gxPopupLevel%3D0%3B,gx-no-cache=1554826574136 HTTP/1.1" 200 3602
190.171.154.42 - - [09/Apr/2019:13:20:05 -0300] "GET /cormun/servlet/permisogoce?7a9c6e19936808bd4ae984ea9fdcf8b0e2b5285a148a238a981ce510fbe007440b16c0070c72d15d25326e06d9e92955089f0ef92670f26ad9eeafc127728e43,gx-no-cache=1554826580458 HTTP/1.1" 200 79
190.171.154.42 - - [09/Apr/2019:13:20:05 -0300] "GET /cormun/static/menuarrow.gif HTTP/1.1" 404 1015
190.171.154.42 - - [09/Apr/2019:13:20:13 -0300] "GET /cormun/servlet/permisogoce?7a9c6e19936808bd4ae984ea9fdcf8b09d9dbb4edd5d6c7e4377859c4ff1254cba5e4979ef836c46d4a37bdd1a13ebdb03202dcc542395cd1a6b17035cebd164,gx-no-cache=1554826588531 HTTP/1.1" 200 47
190.171.142.42 - - [09/Apr/2019:13:20:23 -0300] "GET /cormun/servlet/prfichaempleado?,MD,,gxPopupLevel%3D0%3B HTTP/1.1" 200 9385
190.171.154.42 - - [09/Apr/2019:13:20:30 -0300] "POST /cormun/servlet/permisogoce?f011b0bbc9d6676fa7b7a3e602b2c662,INS,0,,,,gx-no-cache=1554826605676 HTTP/1.1" 200 93
190.171.154.42 - - [09/Apr/2019:13:20:30 -0300] "GET /cormun/servlet/hpexe_return? HTTP/1.1" 200 1011
190.171.154.42 - - [09/Apr/2019:13:20:31 -0300] "GET /cormun/servlet/trpermisosgoce HTTP/1.1" 200 10048
190.171.154.42 - - [09/Apr/2019:13:20:32 -0300] "GET /cormun/servlet/trpermisosgoce HTTP/1.1" 200 10041
190.171.142.42 - - [09/Apr/2019:13:20:36 -0300] "POST /cormun/servlet/prfichaempleado?c5edb696d1a5c0a6a7373da91f48baec,,MD,,gxPopupLevel%3D0%3B,gx-no-cache=1554826616968 HTTP/1.1" 200 3564
190.171.154.42 - - [09/Apr/2019:13:20:40 -0300] "GET /cormun/servlet/apermisogoceprn?11067723,P,20190409141259,PU HTTP/1.1" 200 1650
190.171.142.42 - - [09/Apr/2019:13:20:49 -0300] "POST /cormun/servlet/solicitudot?gx-no-cache=1554826629249 HTTP/1.1" 200 3566
190.171.142.42 - - [09/Apr/2019:13:20:49 -0300] "POST /cormun/servlet/solicitudot?c5edb696d1a5c0a6a7373da91f48baec,INS,0,0,,gx-no-cache=1554826629392 HTTP/1.1" 200 12039
190.171.142.42 - - [09/Apr/2019:13:21:26 -0300] "GET /cormun/servlet/solicitudot?7ed359e648b779f73b10c8943020f35ba36320dcb5c6cf1bb6177c523b567edaf78f002cc48147641a48cfa4ed7a3f93,gx-no-cache=1554826666461 HTTP/1.1" 200 30
190.171.142.42 - - [09/Apr/2019:13:21:26 -0300] "GET /cormun/servlet/solicitudot?7ed359e648b779f73b10c8943020f35b85007b17ffa6fba0306f9f4f8abf71d60e74e3e121d67968e1e572fbbfd5075fc897fd3f9e5ebda4001bd44b21aafaf7,gx-no-cache=1554826666512 HTTP/1.1" 200 30
190.171.142.42 - - [09/Apr/2019:13:21:26 -0300] "GET /cormun/servlet/solicitudot?7ed359e648b779f73b10c8943020f35b2c341e079c29b2d56dec155b6bd3540e,gx-no-cache=1554826666541 HTTP/1.1" 200 51
190.171.142.42 - - [09/Apr/2019:13:21:26 -0300] "POST /cormun/servlet/solicitudot?gx-no-cache=1554826666576 HTTP/1.1" 200 255
190.171.142.42 - - [09/Apr/2019:13:21:26 -0300] "GET /cormun/servlet/solicitudot?7ed359e648b779f73b10c8943020f35b8e2b1defb3295dee8480681a6586f49b73cfa529a57419e9397e799fd342545a2d4185bbaa27d20b5f3dba4d89c66dfcab8c524d17262e2e741fb3db534825d68c64926294acef407e72f36b74289c9473be467798ef21e174434323208f5122c4a66dc1c15075008199669917bb8f982eeec9cdc14d562e6d8d56b6db11bbabcd8b3c718877888fff15e3c722552148bf2431557aa7737a33daf8255a86aad45fbe7fc74b6a88fdcc986387dc43df10cbeb8d9a942ef549838c41f7d436ddcb9b7ac131b73c88e069e3c158cd384f862fadba0fb1787b243ae09c087e2fbaec98d1eadab272b0eecdf8d4aede9edea536632f546b6be1dc9fef0d0ff76cbf50671b01187727e93a4f55150f3ed867f8d36fd62b5569015377c98e0e3503ef81eae8d024cc0be6290648477b6b34be29831edc95d4b8d537964600d139d2a71261cf6b0e0ea777a6d4b207b6ba8d8d8bdc979ca5e5db8c80086c402b24369ee8b1f827a569edcd8bc9f4eb3e733af245,gx-no-cache=1554826666622 HTTP/1.1" 200 30
190.171.142.42 - - [09/Apr/2019:13:21:33 -0300] "POST /cormun/servlet/solicitudot?gx-no-cache=1554826673737 HTTP/1.1" 200 30
189.79.111.210 - - [09/Apr/2019:13:21:36 -0300] "GET / HTTP/1.1" 200 11217
190.171.142.42 - - [09/Apr/2019:13:21:39 -0300] "POST /cormun/servlet/solicitudot?gx-no-cache=1554826679292 HTTP/1.1" 200 1335
190.171.142.42 - - [09/Apr/2019:13:21:39 -0300] "POST /cormun/servlet/solicitudot?gx-no-cache=1554826679393 HTTP/1.1" 200 38
190.171.142.42 - - [09/Apr/2019:13:21:39 -0300] "GET /cormun/servlet/solicitudot?7ed359e648b779f73b10c8943020f35bd1c754ced6907bcec736b61f2b6576ae324f4db6fdd7085056364e0af4f4ab6016353ac8b3fb3f7e7da3e545003636cf1e04879258687422b4ca8aa44bd354153e3123b3f7017eb261240b62f8c560b87c21d58c709fcd34e533dc438426c110,gx-no-cache=1554826679461 HTTP/1.1" 200 110
190.171.154.42 - - [09/Apr/2019:13:22:55 -0300] "GET /cormun/servlet/hlogin HTTP/1.1" 200 1742
190.171.142.42 - - [09/Apr/2019:13:24:24 -0300] "POST /cormun/servlet/solicitudot?gx-no-cache=1554826844246 HTTP/1.1" 200 97
190.171.142.42 - - [09/Apr/2019:13:24:34 -0300] "GET /cormun/servlet/solicitudot?7ed359e648b779f73b10c8943020f35b5b1f32f12ead2b3c96a46bb4c907e36dba99e20db1616683e0890b84a0c6fcf1c974718847f3f8b5d9054104c2bb34823e707e4526c6b9e279460d325cf22a09754e12ffe4b4f8c52f24849e06b0d8bafba3b18f45e53e2bf64c398ac496321cbb1e3ba855981f216628270ecbbf2350be21354e742ca9f21c4a6571f42011bfeacc0be2b6a2c550d8e2f22b82048ca7,gx-no-cache=1554826854621 HTTP/1.1" 200 29
190.171.142.42 - - [09/Apr/2019:13:24:34 -0300] "GET /cormun/static/menuarrow.gif HTTP/1.1" 404 1015
190.171.142.42 - - [09/Apr/2019:13:24:38 -0300] "GET /cormun/servlet/solicitudot?7ed359e648b779f73b10c8943020f35ba4853a2813b0e865565f3580df670b339084cd8654ad01afc1216def6c516253,gx-no-cache=1554826858865 HTTP/1.1" 200 30
190.171.142.42 - - [09/Apr/2019:13:24:53 -0300] "POST /cormun/servlet/solicitudot?gx-no-cache=1554826873820 HTTP/1.1" 200 30
200.111.191.210 - - [09/Apr/2019:13:25:40 -0300] "POST /cormun/servlet/trlicencias?b1dadbc5537515bf3b4e2d7324c77f98,,gx-no-cache=1554826974789 HTTP/1.1" 200 5154
190.171.142.42 - - [09/Apr/2019:13:25:44 -0300] "POST /cormun/servlet/solicitudot?gx-no-cache=1554826924525 HTTP/1.1" 200 69
192.168.10.96 - - [09/Apr/2019:13:25:47 -0300] "GET /cormun/servlet/trsolicitudgral? HTTP/1.1" 500 10
192.168.10.96 - - [09/Apr/2019:13:25:54 -0300] "GET /cormun/servlet/hlogin HTTP/1.1" 200 1718
192.168.10.96 - - [09/Apr/2019:13:26:05 -0300] "POST /cormun/servlet/hlogin?4c35e1b2626fdb741a3a05bff9fde9ea,gx-no-cache=1554833963663 HTTP/1.1" 200 90
192.168.10.96 - - [09/Apr/2019:13:26:05 -0300] "GET /cormun/servlet/hpexe_link HTTP/1.1" 200 950
192.168.10.96 - - [09/Apr/2019:13:26:05 -0300] "GET /cormun/servlet/hhome HTTP/1.1" 200 4770
192.168.10.96 - - [09/Apr/2019:13:26:06 -0300] "GET /cormun/servlet/hhome HTTP/1.1" 200 4767
192.168.10.96 - - [09/Apr/2019:13:26:09 -0300] "GET /cormun/servlet/trsolicitudgral? HTTP/1.1" 200 28737
192.168.10.96 - - [09/Apr/2019:13:26:10 -0300] "GET /cormun/servlet/trsolicitudgral? HTTP/1.1" 200 28735
192.168.10.96 - - [09/Apr/2019:13:26:34 -0300] "POST /cormun/servlet/trsolicitudgral?4c35e1b2626fdb741a3a05bff9fde9ea,,gx-no-cache=1554833992863 HTTP/1.1" 200 7699
192.168.10.96 - - [09/Apr/2019:13:26:39 -0300] "POST /cormun/servlet/trsolicitudgral?4c35e1b2626fdb741a3a05bff9fde9ea,,gx-no-cache=1554833998049 HTTP/1.1" 200 5956
192.168.10.96 - - [09/Apr/2019:13:26:43 -0300] "POST /cormun/servlet/trsolicitudgral?4c35e1b2626fdb741a3a05bff9fde9ea,,gx-no-cache=1554834001926 HTTP/1.1" 200 7858
192.168.10.96 - - [09/Apr/2019:13:26:47 -0300] "POST /cormun/servlet/trsolicitudgral?4c35e1b2626fdb741a3a05bff9fde9ea,,gx-no-cache=1554834006223 HTTP/1.1" 200 7699
192.168.10.96 - - [09/Apr/2019:13:27:13 -0300] "GET /cormun/servlet/solicitudgral?UPD,2019,15101, HTTP/1.1" 200 13452
186.103.159.188 - - [09/Apr/2019:13:27:14 -0300] "GET /cormun/servlet/hlogin HTTP/1.1" 200 1726
192.168.10.96 - - [09/Apr/2019:13:27:14 -0300] "GET /cormun/servlet/solicitudgral?UPD,2019,15101, HTTP/1.1" 200 13461
192.168.10.96 - - [09/Apr/2019:13:27:15 -0300] "POST /cormun/servlet/solicitudgral?gx-no-cache=1554834033411 HTTP/1.1" 200 4075
192.168.10.96 - - [09/Apr/2019:13:27:15 -0300] "GET /cormun/servlet/solicitudgral?0905d591a498ff1d2d86df1369248db046367e8bcd0ca9ad69920baf29ab7590c1e4f430a278ea4f352b05d782297c726f0e8bd9d6e1cbef27927a1d15adde78521525b36c559b5050ab0a39180c4c0fe5637298618311cfc619b42ff44dbe0135912cdc8e492a10962c0dcf7159f1c3efebfa6a12978d800fdc31b213bc8099072ced7fae0e8b7a7cba119afc16a6e51e538b97f09c1c7a9f1d57460c9ef16d1fb8b75fbf32d86c7fcf2c2df1360a9db0b31c63941514e905b4d04e4142ed41b3ee4e996654b8f394d6a014a5eb59ce8106f87537661b9a1be8e0fc2aac8add46a1a0f12bc935eb1fb998d4f81c59c9345d7df778301cb681195dc8e083633c846b3d107ea25df2f20f146b9408a508ee8196bef0b0625f646f22592ba38256fa27709818089ef3b5666e146428d72022ede5548337536d83fa2bbd9003f335f249a1c334ce0c8eacd13a7acef5a488,gx-no-cache=1554834033623 HTTP/1.1" 200 255
186.103.159.188 - - [09/Apr/2019:13:27:21 -0300] "POST /cormun/servlet/hlogin?aa50cf10c72a7d4229f6089ef76bb5e2,gx-no-cache=1554827017857 HTTP/1.1" 200 90
186.103.159.188 - - [09/Apr/2019:13:27:21 -0300] "GET /cormun/servlet/hpexe_link HTTP/1.1" 200 951
186.103.159.188 - - [09/Apr/2019:13:27:21 -0300] "GET /cormun/servlet/hhome HTTP/1.1" 200 4048
186.103.159.188 - - [09/Apr/2019:13:27:23 -0300] "GET /cormun/servlet/hhome HTTP/1.1" 200 4044
192.168.10.96 - - [09/Apr/2019:13:27:23 -0300] "GET /cormun/servlet/solicitudgral?0905d591a498ff1d2d86df1369248db0c46fea8107fe735a4e19c81b65361dcac1e4f430a278ea4f352b05d782297c726f0e8bd9d6e1cbef27927a1d15adde7860e9278a79894bf37efcdebad0fe254af4e7bf870d7b8633c5050c6ea99d53f4,gx-no-cache=1554834041965 HTTP/1.1" 200 30
192.168.10.96 - - [09/Apr/2019:13:27:23 -0300] "POST /cormun/servlet/solicitudgral?gx-no-cache=1554834041989 HTTP/1.1" 200 64
192.168.10.96 - - [09/Apr/2019:13:27:23 -0300] "GET /cormun/servlet/solicitudgral?0905d591a498ff1d2d86df1369248db004daded68b870208029e8d130cc9dceb737acbd605663b3d0d2b4db91ebe01fc846b3d107ea25df2f20f146b9408a50809a22449b7bf5bee529de34c027679a978f7ca10f76c4975268f9e7504b3dbfcdc9f1bbc3b55ad4546c8623a5808dc9d,gx-no-cache=1554834042019 HTTP/1.1" 200 49
192.168.10.96 - - [09/Apr/2019:13:27:23 -0300] "POST /cormun/servlet/solicitudgral?4c35e1b2626fdb741a3a05bff9fde9ea,UPD,2019,15101,,gx-no-cache=1554834042048 HTTP/1.1" 200 12147
192.168.10.96 - - [09/Apr/2019:13:27:23 -0300] "GET /cormun/servlet/solicitudgral?0905d591a498ff1d2d86df1369248db097b4945b82b3ad679f32f0096797c86327e462fbcd32231f5ee6a3c0f7cb087b3d960e467eec59e5b11d94b6ffe99e24621d0f3656a9ef6ee0071e6b7a21521cac4f652af53ba9c8668291cfba53b85fd19cf084db81eaa1f02ed1c7fa5cfbcc558087e020f8f46d26b5776df4a681ca3449e26ec62d1968a203c4d88245673152d0abc7abd9699436c2bd6610f93282,gx-no-cache=1554834042258 HTTP/1.1" 200 29
190.171.142.42 - - [09/Apr/2019:13:27:25 -0300] "GET /cormun/servlet/solicitudot?7ed359e648b779f73b10c8943020f35ba4853a2813b0e865565f3580df670b339084cd8654ad01afc1216def6c516253,gx-no-cache=1554827025160 HTTP/1.1" 200 30
190.171.142.42 - - [09/Apr/2019:13:27:25 -0300] "POST /cormun/servlet/solicitudot?gx-no-cache=1554827025199 HTTP/1.1" 200 30
190.171.142.42 - - [09/Apr/2019:13:27:25 -0300] "POST /cormun/servlet/solicitudot?c5edb696d1a5c0a6a7373da91f48baec,INS,0,0,,gx-no-cache=1554827025236 HTTP/1.1" 200 93
190.171.142.42 - - [09/Apr/2019:13:27:25 -0300] "GET /cormun/servlet/hpexe_return? HTTP/1.1" 200 1012
190.171.142.42 - - [09/Apr/2019:13:27:25 -0300] "GET /cormun/servlet/trsolicitudot HTTP/1.1" 200 8865
190.171.142.42 - - [09/Apr/2019:13:27:26 -0300] "GET /cormun/servlet/trsolicitudot HTTP/1.1" 200 8861
186.103.159.188 - - [09/Apr/2019:13:27:27 -0300] "GET /cormun/servlet/trsolicitudot? HTTP/1.1" 200 7265
186.103.159.188 - - [09/Apr/2019:13:27:27 -0300] "GET /cormun/servlet/trsolicitudot? HTTP/1.1" 200 7264
190.171.142.42 - - [09/Apr/2019:13:27:30 -0300] "POST /cormun/servlet/trsolicitudot?c5edb696d1a5c0a6a7373da91f48baec,gx-no-cache=1554827030095 HTTP/1.1" 200 4743
190.171.142.42 - - [09/Apr/2019:13:27:30 -0300] "GET /cormun/static/Shared/jqueryui/images/ui-bg_highlight-soft_100_c6c2c8_1x100.png HTTP/1.1" 404 1117
190.171.142.42 - - [09/Apr/2019:13:27:30 -0300] "GET /cormun/static/Shared/jqueryui/images/ui-icons_82798d_256x240.png HTTP/1.1" 404 1089
190.171.142.42 - - [09/Apr/2019:13:27:30 -0300] "GET /cormun/static/Shared/jqueryui/images/ui-bg_flat_55_fafafa_40x100.png HTTP/1.1" 404 1097
190.171.142.42 - - [09/Apr/2019:13:27:30 -0300] "GET /cormun/static/Shared/jqueryui/images/ui-icons_8d78a5_256x240.png HTTP/1.1" 404 1089
190.171.142.42 - - [09/Apr/2019:13:27:30 -0300] "POST /cormun/servlet/trsolicitudot?c5edb696d1a5c0a6a7373da91f48baec,gx-no-cache=1554827030326 HTTP/1.1" 200 4532
190.171.142.42 - - [09/Apr/2019:13:27:33 -0300] "GET /cormun/servlet/trautorizarsolicitud? HTTP/1.1" 200 8757
190.171.142.42 - - [09/Apr/2019:13:27:34 -0300] "GET /cormun/servlet/trautorizarsolicitud? HTTP/1.1" 200 8756
190.171.142.42 - - [09/Apr/2019:13:27:37 -0300] "POST /cormun/servlet/trautorizarsolicitud?c5edb696d1a5c0a6a7373da91f48baec,,gx-no-cache=1554827037055 HTTP/1.1" 200 4674
190.171.142.42 - - [09/Apr/2019:13:27:37 -0300] "GET /cormun/static/Shared/jqueryui/images/ui-bg_highlight-soft_100_c6c2c8_1x100.png HTTP/1.1" 404 1117
190.171.142.42 - - [09/Apr/2019:13:27:37 -0300] "GET /cormun/static/Shared/jqueryui/images/ui-icons_82798d_256x240.png HTTP/1.1" 404 1089
190.171.142.42 - - [09/Apr/2019:13:27:37 -0300] "GET /cormun/static/Shared/jqueryui/images/ui-bg_flat_55_fafafa_40x100.png HTTP/1.1" 404 1097
