186.103.156.24 - - [09/Apr/2019:09:50:15 -0300] "GET /cormun/servlet/trlicencias? HTTP/1.1" 200 12043
186.103.156.24 - - [09/Apr/2019:09:50:16 -0300] "GET /cormun/servlet/trlicencias? HTTP/1.1" 200 12041
190.171.142.10 - - [09/Apr/2019:09:52:52 -0300] "GET /cormun/static/menuarrow.gif HTTP/1.1" 404 1015
190.171.142.10 - - [09/Apr/2019:09:55:18 -0300] "GET /cormun/servlet/licenciaspermisos?0a6222462fa3ebcd822dc9b6f607206050609e2f32ab05947aff0b3731db396867ecb7ea7b921fc4c495a9d4fc8e090de0f627ae276e4955827354ef9d193f335837d21ac4a9d161d7566f467c3913d4e53452204c790f4d36a3c423dd425fadd0ff2558d4e407a55cf37b803ac3bef986c475e77103b3fd56356446e1c774cbf00866869c786fc8cdbf530026bb3d575ea87fcf241bc3b9f03037454d9aa9d373bf95aabbe391c46a3104b3f0f73df522031bc3a55086b6d56714796245df7f4ef63b0336b0c2c29954468704fe8d0c9c69103ac3f1f08a4e48e492144c5c29,gx-no-cache=1554810673884 HTTP/1.1" 200 30
190.171.142.10 - - [09/Apr/2019:09:55:18 -0300] "GET /cormun/servlet/licenciaspermisos?0a6222462fa3ebcd822dc9b6f60720604d63b66913c2b72033d473fef351fff55d391834c29c24385d672204919e1a8648bc29cf857156ff489f9e418aad463716620df5d6e54791065467f336021b5975b35d9a37e21e57d2f7323ecd024bb4f6355cc7b0375da74f95a2605d8ed7b4b67522d74821865d15c736c2a56dc98f5cee277dd1b7a6d042116b3207558cc6ef8a28e9beb053321be18988c7e404dc7748b16c5024265abd8ff9257a398e876fffbf4b8c9b24b73957c33d7b4f11dfd3a9e89a3570a6163f8f43a93edd477197056defd1c55a7b17c28dd8b9c076a0,gx-no-cache=1554810674094 HTTP/1.1" 200 29
190.171.142.10 - - [09/Apr/2019:09:55:19 -0300] "POST /cormun/servlet/licenciaspermisos?7cdd24b88788d6f8f1edbc4dd54be0e0,INS,0,,,,gx-no-cache=1554810674230 HTTP/1.1" 200 4946
190.171.142.10 - - [09/Apr/2019:09:56:05 -0300] "GET /cormun/servlet/licenciaspermisos?0a6222462fa3ebcd822dc9b6f6072060a919c9557b86e688aa6f7b1e13b64d404a8889d9c610cf87709cf895843093c7,gx-no-cache=1554810720984 HTTP/1.1" 200 180
190.171.149.90 - - [09/Apr/2019:09:56:05 -0300] "GET /cormun/servlet/trsolicitudot? HTTP/1.1" 200 7329
190.171.149.90 - - [09/Apr/2019:09:56:06 -0300] "GET /cormun/servlet/trsolicitudot? HTTP/1.1" 200 7329
190.171.149.90 - - [09/Apr/2019:09:56:48 -0300] "GET /cormun/servlet/solicitudot?INS,0,0, HTTP/1.1" 200 15190
190.171.149.90 - - [09/Apr/2019:09:56:48 -0300] "GET /cormun/static/gxcfg.js?20189101114418 HTTP/1.1" 200 953
190.171.149.90 - - [09/Apr/2019:09:56:48 -0300] "GET /cormun/static/Resources/prompt.gif HTTP/1.1" 200 902
190.171.149.90 - - [09/Apr/2019:09:56:48 -0300] "GET /cormun/static/solicitudot.js?20189101114718 HTTP/1.1" 304 -
190.171.149.90 - - [09/Apr/2019:09:56:49 -0300] "GET /cormun/servlet/solicitudot?INS,0,0, HTTP/1.1" 200 15195
190.171.149.90 - - [09/Apr/2019:09:57:06 -0300] "GET /cormun/static/Resources/resize.gif HTTP/1.1" 304 -
190.171.149.90 - - [09/Apr/2019:09:57:06 -0300] "GET /cormun/servlet/prfichaempleado?,MD,,gxPopupLevel%3D0%3B HTTP/1.1" 200 9378
190.171.149.90 - - [09/Apr/2019:09:57:06 -0300] "GET /cormun/static/gxcfg.js?20177612134814 HTTP/1.1" 200 953
190.171.149.90 - - [09/Apr/2019:09:57:07 -0300] "GET /cormun/static/prfichaempleado.js?20177612134999 HTTP/1.1" 304 -
190.171.149.90 - - [09/Apr/2019:09:57:07 -0300] "GET /cormun/static/menusearch.js?201610171694467 HTTP/1.1" 304 -
190.171.149.90 - - [09/Apr/2019:09:57:07 -0300] "GET /cormun/static/Resources/PXToolsMenuSearch.png HTTP/1.1" 304 -
190.171.149.90 - - [09/Apr/2019:09:57:07 -0300] "GET /cormun/static/Resources/PXToolsMenuSearchCancel.png HTTP/1.1" 304 -
190.171.149.90 - - [09/Apr/2019:09:57:21 -0300] "POST /cormun/servlet/prfichaempleado?81da4f826537fdecb47f118607469681,,MD,,gxPopupLevel%3D0%3B,gx-no-cache=1554814415922 HTTP/1.1" 200 5910
190.171.149.90 - - [09/Apr/2019:09:57:27 -0300] "POST /cormun/servlet/prfichaempleado?81da4f826537fdecb47f118607469681,,MD,,gxPopupLevel%3D0%3B,gx-no-cache=1554814422800 HTTP/1.1" 200 3418
190.171.149.90 - - [09/Apr/2019:09:57:39 -0300] "POST /cormun/servlet/solicitudot?gx-no-cache=1554814434693 HTTP/1.1" 200 3569
190.171.149.90 - - [09/Apr/2019:09:57:40 -0300] "POST /cormun/servlet/solicitudot?81da4f826537fdecb47f118607469681,INS,0,0,,gx-no-cache=1554814435085 HTTP/1.1" 200 12009
190.171.149.90 - - [09/Apr/2019:09:57:40 -0300] "GET /cormun/servlet/solicitudot?b42d826b251c384a677704a2929d0dcf5569470447b2436b66a377f8cf3aace2e9278bb8c6f18d283e12cb093d78e48c,gx-no-cache=1554814435378 HTTP/1.1" 200 30
190.171.149.90 - - [09/Apr/2019:09:58:07 -0300] "GET /cormun/servlet/solicitudot?b42d826b251c384a677704a2929d0dcf20da09cba461192b7277bdbb26a3ded7bfc036f5d01b7272bb475b79af656507c911b59b98b17dffb111e742d5e8dc6c,gx-no-cache=1554814462556 HTTP/1.1" 200 30
190.171.149.90 - - [09/Apr/2019:09:58:07 -0300] "GET /cormun/servlet/solicitudot?b42d826b251c384a677704a2929d0dcf678617cebe4a6434ce681c19d14137eb,gx-no-cache=1554814462848 HTTP/1.1" 200 51
190.171.149.90 - - [09/Apr/2019:09:58:07 -0300] "POST /cormun/servlet/solicitudot?gx-no-cache=1554814462966 HTTP/1.1" 200 256
190.171.149.90 - - [09/Apr/2019:09:58:07 -0300] "GET /cormun/servlet/solicitudot?b42d826b251c384a677704a2929d0dcf5f8eceee376e0203af02ddd192e212f465556f1e8a70b601427da0244ec97c932f69136b6ea4b46dc5ca26c3aadb54f60587bfd68bfb9285167b3780eb9328d0c3c6ac42e1a15dae06da2945b8eddbb2ca931008c4f021271cce3dfb1b0aac6580dbfb58e89e087291c248ab0ee5fb2ed7c9b841410244602537970503eecffa689ac5b330f76605c2e625b3242b8dca2e2a9c85c6f0028acfcfc088bc0db74d20b576ff69cda3d83a28c4c70afdcfc4583c32d0376d6929b91e9fe84965a0ae73232c5c0bf4382067e3fcb91c885c3c56c4df48efb7f3a5582253391cc223b9eae137f5077b0236b7b338cc13afca7a104cb6013e6a1cf1b5b9e135bc64f97ce9bb91fe140e901d3b7331191cd630f3d145b7171ee6407566f4b93f835d05164053591e5201f3ac8c38145b24ba4a28b72d273c896401e1a5d4023c62dbfe062b17fce3941c1cd39ea437aa0185c2bc8ac54d702b9bd9e774dda1d33cd594fd43155ae9bec42282b64b6557587f9df5,gx-no-cache=1554814463099 HTTP/1.1" 200 30
186.67.164.138 - - [09/Apr/2019:09:58:18 -0300] "GET /cormun/servlet/licenciaspermisos?INS,0,,, HTTP/1.1" 200 6789
186.67.164.138 - - [09/Apr/2019:09:58:19 -0300] "GET /cormun/servlet/hlogin HTTP/1.1" 200 1748
186.67.164.138 - - [09/Apr/2019:09:58:19 -0300] "GET /cormun/servlet/licenciaspermisos?INS,0,,, HTTP/1.1" 200 6786
186.67.164.138 - - [09/Apr/2019:09:58:26 -0300] "POST /cormun/servlet/hlogin?66ce75ac98ce5aa743213a275ff412e2,gx-no-cache=1554814483134 HTTP/1.1" 200 90
186.67.164.138 - - [09/Apr/2019:09:58:26 -0300] "GET /cormun/servlet/hpexe_link HTTP/1.1" 200 965
186.67.164.138 - - [09/Apr/2019:09:58:27 -0300] "GET /cormun/servlet/licenciaspermisos?INS,0,,, HTTP/1.1" 200 7414
186.67.164.138 - - [09/Apr/2019:09:58:28 -0300] "GET /cormun/servlet/licenciaspermisos?INS,0,,, HTTP/1.1" 200 7410
186.67.164.138 - - [09/Apr/2019:09:58:39 -0300] "GET /cormun/servlet/licenciaspermisos?0117e025248801171360f7081ebce6ad2136f36d1e0ee3b297b1bf3abb5e0177c2199c9d39e85bbd63d320a30010c74b,gx-no-cache=1554814495643 HTTP/1.1" 200 94
186.67.164.138 - - [09/Apr/2019:09:58:40 -0300] "POST /cormun/servlet/licenciaspermisos?66ce75ac98ce5aa743213a275ff412e2,INS,0,,,,gx-no-cache=1554814495956 HTTP/1.1" 200 4490
190.171.149.90 - - [09/Apr/2019:09:58:56 -0300] "POST /cormun/servlet/solicitudot?gx-no-cache=1554814511355 HTTP/1.1" 200 30
190.171.149.90 - - [09/Apr/2019:09:58:56 -0300] "POST /cormun/servlet/solicitudot?gx-no-cache=1554814511672 HTTP/1.1" 200 1334
190.171.149.90 - - [09/Apr/2019:09:58:56 -0300] "POST /cormun/servlet/solicitudot?gx-no-cache=1554814511904 HTTP/1.1" 200 38
190.171.149.90 - - [09/Apr/2019:09:58:56 -0300] "GET /cormun/servlet/solicitudot?b42d826b251c384a677704a2929d0dcfbee9e020b04dcc231de7743704dc00c689e9ba01d50ac223f38df94dae475684304fe63a18de4a25c88a00109b3ccc5944ec9cc67a6f64bd5c169021312ac1b732a4caf3fb99a6b0bdc35512ff3222c2af0617a18daaaa26506de7e697f7fd5a,gx-no-cache=1554814512022 HTTP/1.1" 200 110
190.171.149.90 - - [09/Apr/2019:09:58:58 -0300] "POST /cormun/servlet/solicitudot?gx-no-cache=1554814513197 HTTP/1.1" 200 72
190.171.149.90 - - [09/Apr/2019:09:58:59 -0300] "POST /cormun/servlet/solicitudot?81da4f826537fdecb47f118607469681,INS,0,0,,gx-no-cache=1554814514610 HTTP/1.1" 200 93
190.171.149.90 - - [09/Apr/2019:09:58:59 -0300] "GET /cormun/servlet/hpexe_return? HTTP/1.1" 200 1003
190.171.149.90 - - [09/Apr/2019:09:58:59 -0300] "GET /cormun/static/gxcfg.js?2016101716175148 HTTP/1.1" 200 953
190.171.149.90 - - [09/Apr/2019:09:58:59 -0300] "GET /cormun/static/Resources/Spanish/PXTools.css?167811 HTTP/1.1" 304 -
190.171.149.90 - - [09/Apr/2019:09:58:59 -0300] "GET /cormun/static/hpexe_return.js?2016101716175153 HTTP/1.1" 304 -
190.171.149.90 - - [09/Apr/2019:09:59:00 -0300] "GET /cormun/servlet/trsolicitudot HTTP/1.1" 200 7333
190.171.149.90 - - [09/Apr/2019:09:59:00 -0300] "GET /cormun/servlet/trsolicitudot HTTP/1.1" 200 7329
190.171.149.90 - - [09/Apr/2019:09:59:06 -0300] "GET /cormun/servlet/solicitudot?INS,0,0, HTTP/1.1" 200 15191
190.171.149.90 - - [09/Apr/2019:09:59:07 -0300] "GET /cormun/static/gxcfg.js?20189101114418 HTTP/1.1" 200 953
190.171.149.90 - - [09/Apr/2019:09:59:07 -0300] "GET /cormun/servlet/solicitudot?INS,0,0, HTTP/1.1" 200 15196
190.171.142.10 - - [09/Apr/2019:09:59:12 -0300] "GET /cormun/servlet/licenciaspermisos?0a6222462fa3ebcd822dc9b6f607206018fa8bd86f703105cfaad3432b4a46488f3084696aefba40ea73d46729af45cb,gx-no-cache=1554810907598 HTTP/1.1" 200 185
190.171.149.90 - - [09/Apr/2019:09:59:27 -0300] "POST /cormun/servlet/solicitudot?gx-no-cache=1554814542787 HTTP/1.1" 200 3508
190.171.149.90 - - [09/Apr/2019:09:59:27 -0300] "GET /cormun/static/Shared/jqueryui/images/ui-icons_82798d_256x240.png HTTP/1.1" 404 1089
190.171.149.90 - - [09/Apr/2019:09:59:27 -0300] "GET /cormun/servlet/solicitudot?b42d826b251c384a677704a2929d0dcf206aa83422877ddf70544add9a94e71d,gx-no-cache=1554814542929 HTTP/1.1" 200 111
190.171.149.90 - - [09/Apr/2019:09:59:27 -0300] "GET /cormun/static/Shared/jqueryui/images/ui-bg_highlight-soft_100_c6c2c8_1x100.png HTTP/1.1" 404 1117
190.171.149.90 - - [09/Apr/2019:09:59:27 -0300] "GET /cormun/static/Shared/jqueryui/images/ui-bg_flat_55_994d53_40x100.png HTTP/1.1" 404 1097
190.171.149.90 - - [09/Apr/2019:09:59:27 -0300] "GET /cormun/static/Shared/jqueryui/images/ui-icons_ebccce_256x240.png HTTP/1.1" 404 1089
190.171.149.90 - - [09/Apr/2019:09:59:27 -0300] "GET /cormun/servlet/solicitudot?b42d826b251c384a677704a2929d0dcfae1d2955d2fd2d6e35bec427e2a745c1,gx-no-cache=1554814543051 HTTP/1.1" 200 94
190.171.149.90 - - [09/Apr/2019:09:59:28 -0300] "GET /cormun/servlet/solicitudot?b42d826b251c384a677704a2929d0dcfe1ef59bbf8b944824a176a39c865e639,gx-no-cache=1554814543156 HTTP/1.1" 200 29
190.171.149.90 - - [09/Apr/2019:09:59:28 -0300] "GET /cormun/servlet/solicitudot?b42d826b251c384a677704a2929d0dcfb87afec754892e2573319f4c16766127f6abf9aae54a7c4531e9fa2291040d5fbfd516e1b2983fa261c90d443110fd4dd97c7a6b8c93b1c517e57dd93be721eeab2a4844715e67b3728bf87441a63f0bb20e2e431be322d2634fe7d837adce3209c16ed5bf7e31e60be8a351e3831222e572afae2b9aee5734dcbdf1d32a97f48b2a9b2a71372feb5b2f57ecc3f40f94c70f52d51b81b776e1c8f6fd9f7a58ae739a1ba149bbc06e66576e98ed4965871ab5339cbf2c20b1a73002fd14898a08d49ea2795e1ff1b71f0de25604b9ac4973d9de2bb9dab785e098a1036596cc406a19d1cf8f7f6e80bb75260f3eb56660a808fc85fcce346aa6680307e7229d8baed55d4b6c9e38500296c4556d2e3696e425ff6b57d68a739886508156a8bdcf5d6b97dca8be4c0ebcb16e7c55b03dfcb5c5432f6f2b1e0072eae43a7eb56d8e,gx-no-cache=1554814543253 HTTP/1.1" 200 297
190.171.149.90 - - [09/Apr/2019:09:59:28 -0300] "GET /cormun/servlet/solicitudot?b42d826b251c384a677704a2929d0dcf5f8eceee376e0203af02ddd192e212f459950008e6278070de9e26f3272a63b52f69136b6ea4b46dc5ca26c3aadb54f60587bfd68bfb9285167b3780eb9328d0c3c6ac42e1a15dae06da2945b8eddbb2ca931008c4f021271cce3dfb1b0aac6580dbfb58e89e087291c248ab0ee5fb2ed7c9b841410244602537970503eecffa689ac5b330f76605c2e625b3242b8dca2e2a9c85c6f0028acfcfc088bc0db74d20b576ff69cda3d83a28c4c70afdcfc4583c32d0376d6929b91e9fe84965a0ae73232c5c0bf4382067e3fcb91c885c3c56c4df48efb7f3a5582253391cc223b9eae137f5077b0236b7b338cc13afca7a104cb6013e6a1cf1b5b9e135bc64f97ce9bb91fe140e901d3b7331191cd630f3d145b7171ee6407566f4b93f835d05164053591e5201f3ac8c38145b24ba4a2829365c701ea155f01efac679fd3bcbba38d90253293aac2a747f82259cc3a3f73033b796a8fb48ef4b45dd249d6b091ea05b80b707c58c92214ecb23c37a92be87441496a64644ade079b5819df8b49a,gx-no-cache=1554814543590 HTTP/1.1" 200 30
190.171.149.90 - - [09/Apr/2019:09:59:28 -0300] "POST /cormun/servlet/solicitudot?gx-no-cache=1554814543673 HTTP/1.1" 200 30
190.171.149.90 - - [09/Apr/2019:09:59:28 -0300] "POST /cormun/servlet/solicitudot?gx-no-cache=1554814543746 HTTP/1.1" 200 1328
190.171.149.90 - - [09/Apr/2019:09:59:28 -0300] "POST /cormun/servlet/solicitudot?gx-no-cache=1554814543815 HTTP/1.1" 200 38
190.171.149.90 - - [09/Apr/2019:09:59:28 -0300] "GET /cormun/servlet/solicitudot?b42d826b251c384a677704a2929d0dcfbee9e020b04dcc231de7743704dc00c689e9ba01d50ac223f38df94dae475684304fe63a18de4a25c88a00109b3ccc5944ec9cc67a6f64bd5c169021312ac1b732a4caf3fb99a6b0bdc35512ff3222c2af0617a18daaaa26506de7e697f7fd5a,gx-no-cache=1554814543884 HTTP/1.1" 200 110
190.171.149.90 - - [09/Apr/2019:09:59:28 -0300] "POST /cormun/servlet/solicitudot?gx-no-cache=1554814543930 HTTP/1.1" 200 64
190.171.149.90 - - [09/Apr/2019:09:59:28 -0300] "GET /cormun/servlet/solicitudot?b42d826b251c384a677704a2929d0dcf99335c0803b24afa87dce9b3dbcbf66b6a19d1cf8f7f6e80bb75260f3eb56660a808fc85fcce346aa6680307e7229d8b0e4bfd95a0b86efc68ea74ed0fe31476,gx-no-cache=1554814544029 HTTP/1.1" 200 29
190.171.149.90 - - [09/Apr/2019:09:59:28 -0300] "GET /cormun/servlet/solicitudot?b42d826b251c384a677704a2929d0dcf4d060ce5bd4e6c66cf4145fcea5b8048,gx-no-cache=1554814544097 HTTP/1.1" 200 30
190.171.149.90 - - [09/Apr/2019:09:59:29 -0300] "POST /cormun/servlet/solicitudot?gx-no-cache=1554814544170 HTTP/1.1" 200 30
190.171.142.10 - - [09/Apr/2019:09:59:46 -0300] "GET /cormun/servlet/licenciaspermisos?0a6222462fa3ebcd822dc9b6f607206018fa8bd86f703105cfaad3432b4a46488f3084696aefba40ea73d46729af45cb,gx-no-cache=1554810942252 HTTP/1.1" 200 185
190.171.142.10 - - [09/Apr/2019:09:59:47 -0300] "GET /cormun/servlet/licenciaspermisos?0a6222462fa3ebcd822dc9b6f607206050609e2f32ab05947aff0b3731db396867ecb7ea7b921fc4c495a9d4fc8e090de0f627ae276e4955827354ef9d193f335837d21ac4a9d161d7566f467c3913d4e53452204c790f4d36a3c423dd425fadd0ff2558d4e407a55cf37b803ac3bef986c475e77103b3fd56356446e1c774cbf00866869c786fc8cdbf530026bb3d575ea87fcf241bc3b9f03037454d9aa9d373bf95aabbe391c46a3104b3f0f73df522031bc3a55086b6d56714796245df7f4ef63b0336b0c2c29954468704fe8d0c9c69103ac3f1f08a4e48e492144c5c29,gx-no-cache=1554810942373 HTTP/1.1" 200 30
190.171.142.10 - - [09/Apr/2019:09:59:47 -0300] "GET /cormun/servlet/licenciaspermisos?0a6222462fa3ebcd822dc9b6f60720604d63b66913c2b72033d473fef351fff55d391834c29c24385d672204919e1a8648bc29cf857156ff489f9e418aad463716620df5d6e54791065467f336021b5975b35d9a37e21e57d2f7323ecd024bb4f6355cc7b0375da74f95a2605d8ed7b4b67522d74821865d15c736c2a56dc98f5cee277dd1b7a6d042116b3207558cc6ef8a28e9beb053321be18988c7e404dc7748b16c5024265abd8ff9257a398e876fffbf4b8c9b24b73957c33d7b4f11dfd3a9e89a3570a6163f8f43a93edd477197056defd1c55a7b17c28dd8b9c076a0,gx-no-cache=1554810942445 HTTP/1.1" 200 29
190.171.142.10 - - [09/Apr/2019:09:59:47 -0300] "POST /cormun/servlet/licenciaspermisos?7cdd24b88788d6f8f1edbc4dd54be0e0,INS,0,,,,gx-no-cache=1554810942533 HTTP/1.1" 200 4945
190.171.149.90 - - [09/Apr/2019:10:00:02 -0300] "POST /cormun/servlet/solicitudot?gx-no-cache=1554814577709 HTTP/1.1" 200 3569
190.171.149.90 - - [09/Apr/2019:10:00:02 -0300] "POST /cormun/servlet/solicitudot?81da4f826537fdecb47f118607469681,INS,0,0,,gx-no-cache=1554814577900 HTTP/1.1" 200 12039
186.67.164.138 - - [09/Apr/2019:10:01:37 -0300] "GET /cormun/static/menuarrow.gif HTTP/1.1" 404 1015
200.111.191.210 - - [09/Apr/2019:10:01:38 -0300] "GET /cormun/servlet/trpermisosgoce? HTTP/1.1" 200 6122
200.111.191.210 - - [09/Apr/2019:10:01:39 -0300] "GET /cormun/servlet/hlogin HTTP/1.1" 200 1742
200.111.191.210 - - [09/Apr/2019:10:01:39 -0300] "GET /cormun/servlet/trpermisosgoce? HTTP/1.1" 200 6119
200.111.191.210 - - [09/Apr/2019:10:01:42 -0300] "POST /cormun/servlet/hlogin?713716b4b767daa8aea294f92ea2b0bd,gx-no-cache=1554814736689 HTTP/1.1" 200 90
200.111.191.210 - - [09/Apr/2019:10:01:42 -0300] "GET /cormun/servlet/hpexe_link HTTP/1.1" 200 959
200.111.191.210 - - [09/Apr/2019:10:01:43 -0300] "GET /cormun/servlet/trpermisosgoce HTTP/1.1" 200 16826
200.111.191.210 - - [09/Apr/2019:10:01:43 -0300] "GET /cormun/servlet/trpermisosgoce HTTP/1.1" 200 16824
200.111.191.210 - - [09/Apr/2019:10:01:45 -0300] "GET /cormun/servlet/permisogoce?INS,0,,, HTTP/1.1" 200 6869
200.111.191.210 - - [09/Apr/2019:10:01:45 -0300] "GET /cormun/servlet/permisogoce?INS,0,,, HTTP/1.1" 200 6868
200.111.191.210 - - [09/Apr/2019:10:01:51 -0300] "GET /cormun/servlet/permisogoce?eff915ef72af23855d4e6ce3d6cfafba5ad11a8c8c4a9ec233719cd72dbfeb4457403a73995ea9f13e067f52bab24cc4f1d3d43b2f9bb9186c294827e0c7f65f,gx-no-cache=1554814745295 HTTP/1.1" 200 77
190.171.141.138 - - [09/Apr/2019:10:01:54 -0300] "GET /cormun/servlet/hlogin HTTP/1.1" 200 1724
190.171.141.138 - - [09/Apr/2019:10:01:58 -0300] "POST /cormun/servlet/hlogin?bc9671d2f3664ded0f32a779a3f5362d,gx-no-cache=1554814695907 HTTP/1.1" 200 90
190.171.141.138 - - [09/Apr/2019:10:01:58 -0300] "GET /cormun/servlet/hpexe_link HTTP/1.1" 200 955
190.171.141.138 - - [09/Apr/2019:10:01:59 -0300] "GET /cormun/servlet/hhome HTTP/1.1" 200 4471
200.111.191.210 - - [09/Apr/2019:10:01:59 -0300] "GET /cormun/servlet/permisogoce?eff915ef72af23855d4e6ce3d6cfafbab576178a08f66ab330b8cf9dfe2835a3da5faaea7084cf66f4bc2e423b4d1bbb40b47f87edd8dcebab2ecb6d69abb946,gx-no-cache=1554814753220 HTTP/1.1" 200 47
190.171.141.138 - - [09/Apr/2019:10:01:59 -0300] "GET /cormun/servlet/hhome HTTP/1.1" 200 4467
200.111.191.210 - - [09/Apr/2019:10:02:05 -0300] "POST /cormun/servlet/permisogoce?713716b4b767daa8aea294f92ea2b0bd,INS,0,,,,gx-no-cache=1554814759478 HTTP/1.1" 200 93
200.111.191.210 - - [09/Apr/2019:10:02:05 -0300] "GET /cormun/servlet/hpexe_return? HTTP/1.1" 200 1013
200.111.191.210 - - [09/Apr/2019:10:02:06 -0300] "GET /cormun/servlet/trpermisosgoce HTTP/1.1" 200 17082
200.111.191.210 - - [09/Apr/2019:10:02:06 -0300] "GET /cormun/servlet/trpermisosgoce HTTP/1.1" 200 17073
200.111.191.210 - - [09/Apr/2019:10:02:09 -0300] "GET /cormun/servlet/apermisogoceprn?12961880,P,20190409105504,PU HTTP/1.1" 200 1651
186.67.164.138 - - [09/Apr/2019:10:02:40 -0300] "GET /cormun/servlet/licenciaspermisos?0117e025248801171360f7081ebce6ad8b8cb4ebc27c1decd194777a63d5810aed0e90bfbf6355e3ba01d11c77e7c840fb017b09a5a11f556c601d10dcc1ec24e3980e121851752cee1434d900ca818ee4399907a9ac14527a139a3ed109b6eee2b4b301e143bdd6a477871b2afe2e4b561df2e897dcbcf93f9b6d88fe138f00f0aa48776a4cad5fd82f53dc0748ccb36605525f7abec69a60b61fae399bf6e3966b88b7e8e073255b55fcc04a72de62,gx-no-cache=1554814736716 HTTP/1.1" 200 30
186.67.164.138 - - [09/Apr/2019:10:02:40 -0300] "GET /cormun/servlet/licenciaspermisos?0117e025248801171360f7081ebce6ade2b4d913ea3ec0f9a0807633b6d8deee2ac4c0e485dd04f99226bb3e95e88fb5af8daf837ef4339e0bd5475f765cae9564199fb8ff01afdcb87ebc9728e578ab4ccfff0f9dfbfcfe9e534f82700c78a6a00e608b0f653d3b8c0444023265dc89217af419f4e085725e2c9e2a7abbe8748d945aff60a1bc94fcf2c9191cb40b77794b8fa047bdf56a477922a5ab598062bb7c3d7c28816e1f0f71b7052b6ef717,gx-no-cache=1554814736789 HTTP/1.1" 200 29
186.67.164.138 - - [09/Apr/2019:10:02:40 -0300] "POST /cormun/servlet/licenciaspermisos?66ce75ac98ce5aa743213a275ff412e2,INS,0,,,,gx-no-cache=1554814736841 HTTP/1.1" 200 93
186.67.164.138 - - [09/Apr/2019:10:02:40 -0300] "GET /cormun/servlet/hpexe_return? HTTP/1.1" 200 1009
186.67.164.138 - - [09/Apr/2019:10:02:40 -0300] "GET /cormun/servlet/hhome HTTP/1.1" 200 4050
186.67.164.138 - - [09/Apr/2019:10:02:41 -0300] "GET /cormun/servlet/hhome HTTP/1.1" 200 4044
186.67.164.138 - - [09/Apr/2019:10:02:58 -0300] "GET /cormun/servlet/trlicencias? HTTP/1.1" 200 12826
186.67.164.138 - - [09/Apr/2019:10:02:59 -0300] "GET /cormun/servlet/trlicencias? HTTP/1.1" 200 12824
186.67.164.138 - - [09/Apr/2019:10:03:18 -0300] "GET /cormun/servlet/licenciaspermisos?UPD,7139630,L,20190409000000, HTTP/1.1" 200 7757
186.67.164.138 - - [09/Apr/2019:10:03:19 -0300] "GET /cormun/servlet/licenciaspermisos?UPD,7139630,L,20190409000000, HTTP/1.1" 200 7776
186.67.164.138 - - [09/Apr/2019:10:03:19 -0300] "GET /cormun/servlet/licenciaspermisos?0117e025248801171360f7081ebce6ad2136f36d1e0ee3b297b1bf3abb5e01772f71210027f4fcf34e870a51be9cd3359ee90588080e6b8fdf5c040c77e89bed8d3e4182a23205685646aa0df2ccb892,gx-no-cache=1554814776263 HTTP/1.1" 200 91
186.67.164.138 - - [09/Apr/2019:10:03:53 -0300] "GET /cormun/servlet/licenciaspermisos?0117e025248801171360f7081ebce6ada32a9bcaaddfb78911b28cc036285039ed0e90bfbf6355e3ba01d11c77e7c840fb017b09a5a11f556c601d10dcc1ec24e3980e121851752cee1434d900ca818ee4399907a9ac14527a139a3ed109b6eec634bbea7e41f6b2fa4e5124e212c95c561df2e897dcbcf93f9b6d88fe138f002ac81bbd206b1261b93f8aa3b8ba1bd617962ad5c62d2d8e7bbfc7766c85758ae892d3c87908f9d5c363ce9a697bfac0662bfbf847a886bb975f41bc32e527136ce3b55b7a8b6aeb3ab048b1eed0ffbb19004af97448d29b4f00cdd98cc8ed00,gx-no-cache=1554814810417 HTTP/1.1" 200 30
186.67.164.138 - - [09/Apr/2019:10:03:53 -0300] "GET /cormun/servlet/licenciaspermisos?0117e025248801171360f7081ebce6ade2b4d913ea3ec0f9a0807633b6d8deee2ac4c0e485dd04f99226bb3e95e88fb5af8daf837ef4339e0bd5475f765cae9564199fb8ff01afdcb87ebc9728e578ab4ccfff0f9dfbfcfe9e534f82700c78a6b0622214c86e3df8f8422ad28e4eba12217af419f4e085725e2c9e2a7abbe8745b39ec120330473e5662c49b83af775448cc87ef903059bdabe9ec0068732053a53efa9c460dd2da11421320823f4ce907c5f0bfb93094c127d6f0b23023b7a9eb8669fa8663ffc92cff68b945e76fad3744e6b392759680728771a333ac9d7b,gx-no-cache=1554814810453 HTTP/1.1" 200 29
186.67.164.138 - - [09/Apr/2019:10:03:54 -0300] "POST /cormun/servlet/licenciaspermisos?66ce75ac98ce5aa743213a275ff412e2,UPD,7139630,L,20190409000000,,gx-no-cache=1554814810481 HTTP/1.1" 200 93
186.67.164.138 - - [09/Apr/2019:10:03:54 -0300] "GET /cormun/servlet/hpexe_return? HTTP/1.1" 200 1025
186.67.164.138 - - [09/Apr/2019:10:03:54 -0300] "GET /cormun/servlet/trlicencias HTTP/1.1" 200 12838
186.67.164.138 - - [09/Apr/2019:10:03:55 -0300] "GET /cormun/servlet/trlicencias HTTP/1.1" 200 12833
190.171.142.10 - - [09/Apr/2019:10:04:18 -0300] "GET /cormun/servlet/licenciaspermisos?0a6222462fa3ebcd822dc9b6f6072060d108716a294dede41819fa913868ff207960557e287ed4cb6a1215cf85c307e3,gx-no-cache=1554811213678 HTTP/1.1" 200 83
190.171.142.10 - - [09/Apr/2019:10:04:18 -0300] "POST /cormun/servlet/licenciaspermisos?7cdd24b88788d6f8f1edbc4dd54be0e0,INS,0,,,,gx-no-cache=1554811213771 HTTP/1.1" 200 4824
190.171.142.10 - - [09/Apr/2019:10:04:18 -0300] "GET /cormun/servlet/licenciaspermisos?0a6222462fa3ebcd822dc9b6f607206050609e2f32ab05947aff0b3731db396867ecb7ea7b921fc4c495a9d4fc8e090de0f627ae276e4955827354ef9d193f335837d21ac4a9d161d7566f467c3913d4e53452204c790f4d36a3c423dd425fadd0ff2558d4e407a55cf37b803ac3bef986c475e77103b3fd56356446e1c774cbf00866869c786fc8cdbf530026bb3d575ea87fcf241bc3b9f03037454d9aa9d373bf95aabbe391c46a3104b3f0f73df522031bc3a55086b6d56714796245df7f4ef63b0336b0c2c29954468704fe8d0cc47777defe444bea6c8a5c3ca8715075,gx-no-cache=1554811214012 HTTP/1.1" 200 30
190.171.142.10 - - [09/Apr/2019:10:04:18 -0300] "GET /cormun/servlet/licenciaspermisos?0a6222462fa3ebcd822dc9b6f60720604d63b66913c2b72033d473fef351fff55d391834c29c24385d672204919e1a8648bc29cf857156ff489f9e418aad463716620df5d6e54791065467f336021b5975b35d9a37e21e57d2f7323ecd024bb4f6355cc7b0375da74f95a2605d8ed7b4b67522d74821865d15c736c2a56dc98f5cee277dd1b7a6d042116b3207558cc6ef8a28e9beb053321be18988c7e404dc7748b16c5024265abd8ff9257a398e876fffbf4b8c9b24b73957c33d7b4f11dfd3a9e89a3570a6163f8f43a93edd47717e46589d87c8016080ccc0a20e65b3d9,gx-no-cache=1554811214083 HTTP/1.1" 200 29
190.171.142.10 - - [09/Apr/2019:10:04:18 -0300] "POST /cormun/servlet/licenciaspermisos?7cdd24b88788d6f8f1edbc4dd54be0e0,INS,0,,,,gx-no-cache=1554811214161 HTTP/1.1" 200 4923
190.171.142.10 - - [09/Apr/2019:10:04:24 -0300] "POST /cormun/servlet/licenciaspermisos?7cdd24b88788d6f8f1edbc4dd54be0e0,INS,0,,,,gx-no-cache=1554811219236 HTTP/1.1" 200 93
190.171.142.10 - - [09/Apr/2019:10:04:24 -0300] "GET /cormun/servlet/hpexe_return? HTTP/1.1" 200 1009
190.171.142.10 - - [09/Apr/2019:10:04:24 -0300] "GET /cormun/static/gxcfg.js?2016101716175148 HTTP/1.1" 200 953
190.171.142.10 - - [09/Apr/2019:10:04:24 -0300] "GET /cormun/static/hpexe_return.js?2016101716175153 HTTP/1.1" 200 1633
190.171.142.10 - - [09/Apr/2019:10:04:24 -0300] "GET /cormun/static/Resources/Spanish/PXTools.css?167811 HTTP/1.1" 200 89042
190.171.142.10 - - [09/Apr/2019:10:04:24 -0300] "GET /cormun/servlet/trlicencias HTTP/1.1" 200 8513
190.171.142.10 - - [09/Apr/2019:10:04:26 -0300] "GET /cormun/servlet/trlicencias HTTP/1.1" 200 8508
192.168.10.96 - - [09/Apr/2019:10:04:35 -0300] "GET /cormun/servlet/hlogin HTTP/1.1" 200 1722
192.168.10.96 - - [09/Apr/2019:10:04:45 -0300] "POST /cormun/servlet/hlogin?9752cb4270eec7ea6ad4738e0cb56c25,gx-no-cache=1554821884258 HTTP/1.1" 200 90
192.168.10.96 - - [09/Apr/2019:10:04:45 -0300] "GET /cormun/servlet/hpexe_link HTTP/1.1" 200 952
192.168.10.96 - - [09/Apr/2019:10:04:45 -0300] "GET /cormun/servlet/hhome HTTP/1.1" 200 4776
192.168.10.96 - - [09/Apr/2019:10:04:46 -0300] "GET /cormun/servlet/hhome HTTP/1.1" 200 4773
186.67.164.138 - - [09/Apr/2019:10:04:53 -0300] "GET /cormun/servlet/trlicenciaspermisosadjuntos?7139630,20190409000000,L, HTTP/1.1" 200 6399
186.67.164.138 - - [09/Apr/2019:10:04:53 -0300] "GET /cormun/static/gxcfg.js?20177612163414 HTTP/1.1" 304 -
186.67.164.138 - - [09/Apr/2019:10:04:54 -0300] "GET /cormun/servlet/trlicenciaspermisosadjuntos?7139630,20190409000000,L, HTTP/1.1" 200 6400
192.168.10.96 - - [09/Apr/2019:10:04:55 -0300] "GET /cormun/servlet/trlicenciasgenerales? HTTP/1.1" 200 11256
192.168.10.96 - - [09/Apr/2019:10:04:55 -0300] "GET /cormun/static/gxcfg.js?20177612162559 HTTP/1.1" 200 953
192.168.10.96 - - [09/Apr/2019:10:04:55 -0300] "GET /cormun/static/trlicenciasgenerales.js?2017761216315 HTTP/1.1" 200 37698
192.168.10.96 - - [09/Apr/2019:10:04:55 -0300] "GET /cormun//static/Resources/PXToolsHeaderFavorites.png HTTP/1.1" 200 2744
192.168.10.96 - - [09/Apr/2019:10:04:55 -0300] "GET /cormun//static/Resources/PXToolsGridDisplay.png HTTP/1.1" 200 362
192.168.10.96 - - [09/Apr/2019:10:04:55 -0300] "GET /cormun/servlet/trlicenciasgenerales? HTTP/1.1" 200 11253
186.67.164.138 - - [09/Apr/2019:10:04:56 -0300] "GET /cormun/servlet/licenciaspermisosadjuntos?INS,7139630,L,20190409000000,, HTTP/1.1" 200 5699
186.67.164.138 - - [09/Apr/2019:10:04:56 -0300] "GET /cormun/static/licenciaspermisosadjuntos.js?201776126362 HTTP/1.1" 200 8760
186.67.164.138 - - [09/Apr/2019:10:04:56 -0300] "GET /cormun/static/gxcfg.js?2017761263592 HTTP/1.1" 200 953
186.67.164.138 - - [09/Apr/2019:10:04:56 -0300] "GET /cormun/static/about:blank HTTP/1.1" 404 1011
186.67.164.138 - - [09/Apr/2019:10:04:56 -0300] "GET /cormun/servlet/licenciaspermisosadjuntos?INS,7139630,L,20190409000000,, HTTP/1.1" 200 5688
190.171.142.10 - - [09/Apr/2019:10:05:05 -0300] "GET /cormun/servlet/licenciaspermisos?INS,0,,, HTTP/1.1" 200 7575
190.171.142.10 - - [09/Apr/2019:10:05:07 -0300] "GET /cormun/servlet/licenciaspermisos?INS,0,,, HTTP/1.1" 200 7583
186.67.164.138 - - [09/Apr/2019:10:05:17 -0300] "POST /cormun/servlet/licenciaspermisosadjuntos?66ce75ac98ce5aa743213a275ff412e2,INS,7139630,L,20190409000000,, HTTP/1.1" 200 116
186.67.164.138 - - [09/Apr/2019:10:05:18 -0300] "GET /cormun/servlet/hpexe_return? HTTP/1.1" 200 1040
186.67.164.138 - - [09/Apr/2019:10:05:18 -0300] "GET /cormun/servlet/trlicenciaspermisosadjuntos?7139630,20190409000000,L, HTTP/1.1" 200 6882
186.67.164.138 - - [09/Apr/2019:10:05:20 -0300] "GET /cormun/servlet/trlicenciaspermisosadjuntos?7139630,20190409000000,L, HTTP/1.1" 200 6879
190.171.149.90 - - [09/Apr/2019:10:05:22 -0300] "GET /cormun/servlet/solicitudot?INS,0,0, HTTP/1.1" 200 15196
186.67.164.138 - - [09/Apr/2019:10:05:22 -0300] "POST /cormun/servlet/trlicenciaspermisosadjuntos?66ce75ac98ce5aa743213a275ff412e2,7139630,20190409000000,L,,gx-no-cache=1554814898829 HTTP/1.1" 200 90
186.67.164.138 - - [09/Apr/2019:10:05:22 -0300] "GET /cormun/servlet/hpexe_link HTTP/1.1" 200 982
186.67.164.138 - - [09/Apr/2019:10:05:22 -0300] "GET /cormun/servlet/trlicencias HTTP/1.1" 200 12835
190.171.149.90 - - [09/Apr/2019:10:05:23 -0300] "GET /cormun/servlet/solicitudot?INS,0,0, HTTP/1.1" 200 15196
186.67.164.138 - - [09/Apr/2019:10:05:23 -0300] "GET /cormun/servlet/trlicencias HTTP/1.1" 200 12833
186.67.164.138 - - [09/Apr/2019:10:05:28 -0300] "GET /cormun/servlet/alicenciaprn?7139630,L,20190409000000,PU HTTP/1.1" 200 1535
190.171.142.10 - - [09/Apr/2019:10:05:31 -0300] "GET /cormun/servlet/licenciaspermisos?0a6222462fa3ebcd822dc9b6f607206018fa8bd86f703105cfaad3432b4a46488f3084696aefba40ea73d46729af45cb,gx-no-cache=1554811286999 HTTP/1.1" 200 185
190.171.142.10 - - [09/Apr/2019:10:05:32 -0300] "GET /cormun/static/Shared/jqueryui/images/ui-bg_highlight-soft_100_c6c2c8_1x100.png HTTP/1.1" 404 1117
190.171.142.10 - - [09/Apr/2019:10:05:32 -0300] "GET /cormun/static/Shared/jqueryui/images/ui-icons_82798d_256x240.png HTTP/1.1" 404 1089
190.171.142.10 - - [09/Apr/2019:10:05:32 -0300] "GET /cormun/static/Shared/jqueryui/images/ui-bg_flat_55_994d53_40x100.png HTTP/1.1" 404 1097
190.171.142.10 - - [09/Apr/2019:10:05:32 -0300] "GET /cormun/static/Shared/jqueryui/images/ui-icons_ebccce_256x240.png HTTP/1.1" 404 1089
190.171.149.90 - - [09/Apr/2019:10:05:38 -0300] "POST /cormun/servlet/solicitudot?gx-no-cache=1554814912902 HTTP/1.1" 200 3569
190.171.149.90 - - [09/Apr/2019:10:05:38 -0300] "POST /cormun/servlet/solicitudot?81da4f826537fdecb47f118607469681,INS,0,0,,gx-no-cache=1554814913095 HTTP/1.1" 200 12034
190.171.142.10 - - [09/Apr/2019:10:05:45 -0300] "GET /cormun/servlet/licenciaspermisos?0a6222462fa3ebcd822dc9b6f6072060d108716a294dede41819fa913868ff207960557e287ed4cb6a1215cf85c307e3,gx-no-cache=1554811301094 HTTP/1.1" 200 83
190.171.142.10 - - [09/Apr/2019:10:05:45 -0300] "POST /cormun/servlet/licenciaspermisos?7cdd24b88788d6f8f1edbc4dd54be0e0,INS,0,,,,gx-no-cache=1554811301158 HTTP/1.1" 200 4747
190.171.149.90 - - [09/Apr/2019:10:05:47 -0300] "GET /cormun/servlet/solicitudot?b42d826b251c384a677704a2929d0dcf7e59ec9c4145f579abd22529042070eaff5a75e7cd0381e34ef8646fb6953af5,gx-no-cache=1554814921874 HTTP/1.1" 200 30
190.171.149.90 - - [09/Apr/2019:10:05:47 -0300] "GET /cormun/servlet/solicitudot?b42d826b251c384a677704a2929d0dcf42e615c0c8f7b47f80c4ee011b5a5bc9cf91a318d01724ecdb75a107da4aa9bbe9278bb8c6f18d283e12cb093d78e48c,gx-no-cache=1554814921958 HTTP/1.1" 200 30
190.171.149.90 - - [09/Apr/2019:10:05:47 -0300] "GET /cormun/servlet/solicitudot?b42d826b251c384a677704a2929d0dcff1d2d947549435a5f650626cd32212d4,gx-no-cache=1554814921995 HTTP/1.1" 200 53
190.171.149.90 - - [09/Apr/2019:10:05:47 -0300] "POST /cormun/servlet/solicitudot?gx-no-cache=1554814922051 HTTP/1.1" 200 297
190.171.149.90 - - [09/Apr/2019:10:05:47 -0300] "GET /cormun/servlet/solicitudot?b42d826b251c384a677704a2929d0dcf5f8eceee376e0203af02ddd192e212f459950008e6278070de9e26f3272a63b52f69136b6ea4b46dc5ca26c3aadb54f60587bfd68bfb9285167b3780eb9328d0c3c6ac42e1a15dae06da2945b8eddbb2ca931008c4f021271cce3dfb1b0aac6580dbfb58e89e087291c248ab0ee5fb2ed7c9b841410244602537970503eecffa689ac5b330f76605c2e625b3242b8dca2e2a9c85c6f0028acfcfc088bc0db74d20b576ff69cda3d83a28c4c70afdcfc4583c32d0376d6929b91e9fe84965a0ae73232c5c0bf4382067e3fcb91c885c3c56c4df48efb7f3a5582253391cc223b9eae137f5077b0236b7b338cc13afca7a104cb6013e6a1cf1b5b9e135bc64f97ce9bb91fe140e901d3b7331191cd630f3d145b7171ee6407566f4b93f835d05164053591e5201f3ac8c38145b24ba4a2829365c701ea155f01efac679fd3bcbba38d90253293aac2a747f82259cc3a3f73033b796a8fb48ef4b45dd249d6b091ea05b80b707c58c92214ecb23c37a92be87441496a64644ade079b5819df8b49a,gx-no-cache=1554814922092 HTTP/1.1" 200 30
190.171.149.90 - - [09/Apr/2019:10:05:55 -0300] "POST /cormun/servlet/solicitudot?gx-no-cache=1554814930182 HTTP/1.1" 200 30
190.171.142.10 - - [09/Apr/2019:10:06:19 -0300] "GET /cormun/static/menuarrow.gif HTTP/1.1" 404 1015
186.67.164.138 - - [09/Apr/2019:10:06:26 -0300] "POST /cormun/servlet/trlicencias?66ce75ac98ce5aa743213a275ff412e2,gx-no-cache=1554814962713 HTTP/1.1" 200 10450
186.67.164.138 - - [09/Apr/2019:10:06:26 -0300] "GET /cormun/static/Shared/jqueryui/images/ui-bg_highlight-soft_100_c6c2c8_1x100.png HTTP/1.1" 404 1117
186.67.164.138 - - [09/Apr/2019:10:06:26 -0300] "GET /cormun/static/Shared/jqueryui/images/ui-icons_82798d_256x240.png HTTP/1.1" 404 1089
186.67.164.138 - - [09/Apr/2019:10:06:26 -0300] "GET /cormun/static/Shared/jqueryui/images/ui-bg_flat_55_fafafa_40x100.png HTTP/1.1" 404 1097
186.67.164.138 - - [09/Apr/2019:10:06:26 -0300] "GET /cormun/static/Shared/jqueryui/images/ui-icons_8d78a5_256x240.png HTTP/1.1" 404 1089
190.171.152.138 - - [09/Apr/2019:10:07:55 -0300] "GET /cormun/servlet/hhome HTTP/1.1" 200 3418
190.171.152.138 - - [09/Apr/2019:10:07:57 -0300] "GET /cormun/servlet/hhome HTTP/1.1" 200 3426
190.171.152.138 - - [09/Apr/2019:10:07:57 -0300] "GET /cormun/servlet/hlogin HTTP/1.1" 200 1736
190.171.152.138 - - [09/Apr/2019:10:08:09 -0300] "POST /cormun/servlet/hlogin?7b5560fea26dc6c7f5a25004c31b54cc,gx-no-cache=1554815064071 HTTP/1.1" 200 90
190.171.152.138 - - [09/Apr/2019:10:08:09 -0300] "GET /cormun/servlet/hpexe_link HTTP/1.1" 200 951
190.171.152.138 - - [09/Apr/2019:10:08:09 -0300] "GET /cormun/servlet/hhome HTTP/1.1" 200 3949
190.171.152.138 - - [09/Apr/2019:10:08:10 -0300] "GET /cormun/servlet/hhome HTTP/1.1" 200 3946
190.171.152.138 - - [09/Apr/2019:10:08:12 -0300] "GET /cormun/servlet/trpermisosgoce? HTTP/1.1" 200 9752
190.171.152.138 - - [09/Apr/2019:10:08:13 -0300] "GET /cormun/servlet/trpermisosgoce? HTTP/1.1" 200 9753
190.171.152.138 - - [09/Apr/2019:10:08:15 -0300] "GET /cormun/servlet/permisogoce?INS,0,,, HTTP/1.1" 200 6782
190.171.152.138 - - [09/Apr/2019:10:08:15 -0300] "GET /cormun/servlet/permisogoce?INS,0,,, HTTP/1.1" 200 6782
190.171.152.138 - - [09/Apr/2019:10:08:27 -0300] "GET /cormun/static/Resources/resize.gif HTTP/1.1" 200 77
190.171.152.138 - - [09/Apr/2019:10:08:28 -0300] "GET /cormun/servlet/prfichaempleado?,MD,,gxPopupLevel%3D0%3B HTTP/1.1" 200 9229
190.171.152.138 - - [09/Apr/2019:10:08:28 -0300] "GET /cormun/static/gxcfg.js?20177612134814 HTTP/1.1" 200 953
190.171.152.138 - - [09/Apr/2019:10:08:28 -0300] "GET /cormun/static/Resources/PXToolsMenuSearch.png HTTP/1.1" 200 2914
190.171.152.138 - - [09/Apr/2019:10:08:28 -0300] "GET /cormun/static/Resources/PXToolsMenuSearchCancel.png HTTP/1.1" 200 2972
190.171.152.138 - - [09/Apr/2019:10:08:28 -0300] "GET /cormun/static/prfichaempleado.js?20177612134999 HTTP/1.1" 200 16006
190.171.152.138 - - [09/Apr/2019:10:08:28 -0300] "GET /cormun/static/hmpwkw011.js?20177612121862 HTTP/1.1" 200 1968
190.171.152.138 - - [09/Apr/2019:10:08:28 -0300] "GET /cormun/static/menusearch.js?201610171694467 HTTP/1.1" 200 1424
190.171.152.138 - - [09/Apr/2019:10:08:34 -0300] "GET /cormun/servlet/prfichaempleado?,MD,,gxPopupLevel%3D0%3B HTTP/1.1" 200 9229
190.171.152.138 - - [09/Apr/2019:10:08:40 -0300] "GET /cormun/servlet/permisogoce?760a44767d675f5f203a78f1a44f51f6b06f7eae9a1bf8e638f709f3610fb58502b6b4020a15e6f9a1e5d21cf74c0b488fd15d24696deb5b50ae95aad7d8c240,gx-no-cache=1554815095027 HTTP/1.1" 200 76
190.171.152.138 - - [09/Apr/2019:10:08:42 -0300] "GET /cormun/static/menuarrow.gif HTTP/1.1" 404 1015
190.171.142.10 - - [09/Apr/2019:10:08:52 -0300] "GET /cormun/servlet/licenciaspermisos?0a6222462fa3ebcd822dc9b6f607206050609e2f32ab05947aff0b3731db396867ecb7ea7b921fc4c495a9d4fc8e090de0f627ae276e4955827354ef9d193f335837d21ac4a9d161d7566f467c3913d4e53452204c790f4d36a3c423dd425fadd0ff2558d4e407a55cf37b803ac3bef986c475e77103b3fd56356446e1c774cbf00866869c786fc8cdbf530026bb3d575ea87fcf241bc3b9f03037454d9aa9d373bf95aabbe391c46a3104b3f0f73df522031bc3a55086b6d56714796245df7f4ef63b0336b0c2c29954468704fe8d0cc47777defe444bea6c8a5c3ca8715075,gx-no-cache=1554811487788 HTTP/1.1" 200 30
190.171.142.10 - - [09/Apr/2019:10:08:52 -0300] "GET /cormun/servlet/licenciaspermisos?0a6222462fa3ebcd822dc9b6f60720604d63b66913c2b72033d473fef351fff55d391834c29c24385d672204919e1a8648bc29cf857156ff489f9e418aad463716620df5d6e54791065467f336021b5975b35d9a37e21e57d2f7323ecd024bb4f6355cc7b0375da74f95a2605d8ed7b4b67522d74821865d15c736c2a56dc98f5cee277dd1b7a6d042116b3207558cc6ef8a28e9beb053321be18988c7e404dc7748b16c5024265abd8ff9257a398e876fffbf4b8c9b24b73957c33d7b4f11dfd3a9e89a3570a6163f8f43a93edd47717e46589d87c8016080ccc0a20e65b3d9,gx-no-cache=1554811487958 HTTP/1.1" 200 29
190.171.142.10 - - [09/Apr/2019:10:08:53 -0300] "POST /cormun/servlet/licenciaspermisos?7cdd24b88788d6f8f1edbc4dd54be0e0,INS,0,,,,gx-no-cache=1554811488123 HTTP/1.1" 200 4930
190.171.152.138 - - [09/Apr/2019:10:08:54 -0300] "GET /cormun/servlet/permisogoce?760a44767d675f5f203a78f1a44f51f65e034f3322a1eed18827faa37c343517153eeae755c59dc299b75bfaba17dfc72288417399d3615d2455c9462291396e,gx-no-cache=1554815109550 HTTP/1.1" 200 47
190.171.152.138 - - [09/Apr/2019:10:09:01 -0300] "POST /cormun/servlet/permisogoce?7b5560fea26dc6c7f5a25004c31b54cc,INS,0,,,,gx-no-cache=1554815115475 HTTP/1.1" 200 93
190.171.152.138 - - [09/Apr/2019:10:09:01 -0300] "GET /cormun/servlet/hpexe_return? HTTP/1.1" 200 1011
190.171.152.138 - - [09/Apr/2019:10:09:01 -0300] "GET /cormun/servlet/trpermisosgoce HTTP/1.1" 200 10048
190.171.152.138 - - [09/Apr/2019:10:09:02 -0300] "GET /cormun/servlet/trpermisosgoce HTTP/1.1" 200 10044
190.171.152.138 - - [09/Apr/2019:10:09:06 -0300] "GET /cormun/servlet/apermisogoceprn?12694104,P,20190409110133,PU HTTP/1.1" 200 1651
186.67.164.138 - - [09/Apr/2019:10:09:32 -0300] "GET /cormun/servlet/trpermisosgoce? HTTP/1.1" 200 9763
186.67.164.138 - - [09/Apr/2019:10:09:34 -0300] "GET /cormun/servlet/trpermisosgoce? HTTP/1.1" 200 9759
190.171.149.90 - - [09/Apr/2019:10:09:34 -0300] "GET /cormun/servlet/prfichaempleado?,MD,,gxPopupLevel%3D0%3B HTTP/1.1" 200 9378
190.171.149.90 - - [09/Apr/2019:10:09:34 -0300] "GET /cormun/static/gxcfg.js?20177612134814 HTTP/1.1" 200 953
186.67.164.138 - - [09/Apr/2019:10:09:36 -0300] "GET /cormun/servlet/permisogoce?INS,0,,, HTTP/1.1" 200 6883
186.67.164.138 - - [09/Apr/2019:10:09:37 -0300] "GET /cormun/servlet/permisogoce?INS,0,,, HTTP/1.1" 200 6883
186.67.164.138 - - [09/Apr/2019:10:10:03 -0300] "GET /cormun/servlet/permisogoce?0117e025248801171360f7081ebce6adb2b6f75012c67be957487a43f28f3583130fb156cc0f1e1a4ef48ed5875d98e0966b88b7e8e073255b55fcc04a72de62,gx-no-cache=1554815180416 HTTP/1.1" 200 79
186.67.164.138 - - [09/Apr/2019:10:10:07 -0300] "GET /cormun/static/menuarrow.gif HTTP/1.1" 404 1015
186.67.164.138 - - [09/Apr/2019:10:10:11 -0300] "GET /cormun/servlet/permisogoce?0117e025248801171360f7081ebce6ad9cfeb8d187f7e50ee08a1dccc9834f65485a3a79c795f50c54746e1b3626029b6cc47c459e6932799385284b4ab4cb8c,gx-no-cache=1554815188306 HTTP/1.1" 200 46
186.67.164.138 - - [09/Apr/2019:10:10:15 -0300] "POST /cormun/servlet/permisogoce?66ce75ac98ce5aa743213a275ff412e2,INS,0,,,,gx-no-cache=1554815192086 HTTP/1.1" 200 93
186.67.164.138 - - [09/Apr/2019:10:10:15 -0300] "GET /cormun/servlet/hpexe_return? HTTP/1.1" 200 1007
186.67.164.138 - - [09/Apr/2019:10:10:16 -0300] "GET /cormun/servlet/trpermisosgoce HTTP/1.1" 200 10042
186.67.164.138 - - [09/Apr/2019:10:10:17 -0300] "GET /cormun/servlet/trpermisosgoce HTTP/1.1" 200 10035
190.171.142.10 - - [09/Apr/2019:10:10:25 -0300] "GET /cormun/servlet/licenciaspermisos?0a6222462fa3ebcd822dc9b6f607206050609e2f32ab05947aff0b3731db396867ecb7ea7b921fc4c495a9d4fc8e090de0f627ae276e4955827354ef9d193f335837d21ac4a9d161d7566f467c3913d4e53452204c790f4d36a3c423dd425fadd0ff2558d4e407a55cf37b803ac3bef986c475e77103b3fd56356446e1c774cbf00866869c786fc8cdbf530026bb3d575ea87fcf241bc3b9f03037454d9aa9d373bf95aabbe391c46a3104b3f0f73df522031bc3a55086b6d56714796245df7f4ef63b0336b0c2c29954468704fe8d0cc47777defe444bea6c8a5c3ca8715075,gx-no-cache=1554811580614 HTTP/1.1" 200 30
190.171.142.10 - - [09/Apr/2019:10:10:25 -0300] "GET /cormun/servlet/licenciaspermisos?0a6222462fa3ebcd822dc9b6f60720604d63b66913c2b72033d473fef351fff55d391834c29c24385d672204919e1a8648bc29cf857156ff489f9e418aad463716620df5d6e54791065467f336021b5975b35d9a37e21e57d2f7323ecd024bb4f6355cc7b0375da74f95a2605d8ed7b4b67522d74821865d15c736c2a56dc98f5cee277dd1b7a6d042116b3207558cc6ef8a28e9beb053321be18988c7e404dc7748b16c5024265abd8ff9257a398e876fffbf4b8c9b24b73957c33d7b4f11dfd3a9e89a3570a6163f8f43a93edd47717e46589d87c8016080ccc0a20e65b3d9,gx-no-cache=1554811580752 HTTP/1.1" 200 29
190.171.142.10 - - [09/Apr/2019:10:10:25 -0300] "POST /cormun/servlet/licenciaspermisos?7cdd24b88788d6f8f1edbc4dd54be0e0,INS,0,,,,gx-no-cache=1554811580829 HTTP/1.1" 200 4915
186.67.164.138 - - [09/Apr/2019:10:10:41 -0300] "GET /cormun/servlet/permisogoce?INS,0,,, HTTP/1.1" 200 6883
186.67.164.138 - - [09/Apr/2019:10:10:43 -0300] "GET /cormun/servlet/permisogoce?INS,0,,, HTTP/1.1" 200 6882
186.67.164.138 - - [09/Apr/2019:10:10:47 -0300] "GET /cormun/servlet/permisogoce?0117e025248801171360f7081ebce6ad4f1f90e965bade549b311c2102b154af130fb156cc0f1e1a4ef48ed5875d98e0966b88b7e8e073255b55fcc04a72de62,gx-no-cache=1554815224474 HTTP/1.1" 200 75
190.171.142.10 - - [09/Apr/2019:10:10:48 -0300] "GET /cormun/servlet/licenciaspermisos?0a6222462fa3ebcd822dc9b6f607206050609e2f32ab05947aff0b3731db396867ecb7ea7b921fc4c495a9d4fc8e090de0f627ae276e4955827354ef9d193f335837d21ac4a9d161d7566f467c3913d4e53452204c790f4d36a3c423dd425fadd0ff2558d4e407a55cf37b803ac3bef986c475e77103b3fd56356446e1c774cbf00866869c786fc8cdbf530026bb3d575ea87fcf241bc3b9f03037454d9aa9d373bf95aabbe391c46a3104b3f0f73df522031bc3a55086b6d56714796245df7f4ef63b0336b0c2c29954468704fe8d0cc47777defe444bea6c8a5c3ca8715075,gx-no-cache=1554811603561 HTTP/1.1" 200 30
190.171.142.10 - - [09/Apr/2019:10:10:48 -0300] "GET /cormun/servlet/licenciaspermisos?0a6222462fa3ebcd822dc9b6f60720604d63b66913c2b72033d473fef351fff55d391834c29c24385d672204919e1a8648bc29cf857156ff489f9e418aad463716620df5d6e54791065467f336021b5975b35d9a37e21e57d2f7323ecd024bb4f6355cc7b0375da74f95a2605d8ed7b4b67522d74821865d15c736c2a56dc98f5cee277dd1b7a6d042116b3207558cc6ef8a28e9beb053321be18988c7e404dc7748b16c5024265abd8ff9257a398e876fffbf4b8c9b24b73957c33d7b4f11dfd3a9e89a3570a6163f8f43a93edd47717e46589d87c8016080ccc0a20e65b3d9,gx-no-cache=1554811603689 HTTP/1.1" 200 29
190.171.142.10 - - [09/Apr/2019:10:10:48 -0300] "POST /cormun/servlet/licenciaspermisos?7cdd24b88788d6f8f1edbc4dd54be0e0,INS,0,,,,gx-no-cache=1554811603776 HTTP/1.1" 200 93
190.171.142.10 - - [09/Apr/2019:10:10:48 -0300] "GET /cormun/servlet/hpexe_return? HTTP/1.1" 200 1009
190.171.142.10 - - [09/Apr/2019:10:10:49 -0300] "GET /cormun/servlet/trlicencias HTTP/1.1" 200 8869
190.171.142.10 - - [09/Apr/2019:10:10:50 -0300] "GET /cormun/servlet/trlicencias HTTP/1.1" 200 8864
190.171.142.10 - - [09/Apr/2019:10:10:50 -0300] "GET /cormun//static/Resources/PXToolsGridUpdate.png HTTP/1.1" 200 2984
190.171.142.10 - - [09/Apr/2019:10:10:50 -0300] "GET /cormun//static/Resources/PXToolsGridDelete.png HTTP/1.1" 200 357
186.67.164.138 - - [09/Apr/2019:10:10:50 -0300] "GET /cormun/static/menuarrow.gif HTTP/1.1" 404 1015
186.67.164.138 - - [09/Apr/2019:10:10:53 -0300] "GET /cormun/servlet/permisogoce?0117e025248801171360f7081ebce6ad8161a6a853923d216c57b408dd70db0dd95ebdee7d011d868214362ef7f4d3606cc47c459e6932799385284b4ab4cb8c,gx-no-cache=1554815230297 HTTP/1.1" 200 46
186.67.164.138 - - [09/Apr/2019:10:10:56 -0300] "POST /cormun/servlet/permisogoce?66ce75ac98ce5aa743213a275ff412e2,INS,0,,,,gx-no-cache=1554815233173 HTTP/1.1" 200 93
186.67.164.138 - - [09/Apr/2019:10:10:56 -0300] "GET /cormun/servlet/hpexe_return? HTTP/1.1" 200 1007
186.67.164.138 - - [09/Apr/2019:10:10:57 -0300] "GET /cormun/servlet/trpermisosgoce HTTP/1.1" 200 10287
186.67.164.138 - - [09/Apr/2019:10:10:58 -0300] "GET /cormun/servlet/trpermisosgoce HTTP/1.1" 200 10283
186.67.164.138 - - [09/Apr/2019:10:11:02 -0300] "GET /cormun/servlet/permisogoce?INS,0,,, HTTP/1.1" 200 6883
186.67.164.138 - - [09/Apr/2019:10:11:03 -0300] "GET /cormun/servlet/permisogoce?INS,0,,, HTTP/1.1" 200 6882
186.67.164.138 - - [09/Apr/2019:10:11:08 -0300] "GET /cormun/servlet/permisogoce?0117e025248801171360f7081ebce6ad2136f36d1e0ee3b297b1bf3abb5e0177352ef0851c47ad0e6ad7a8adc7a0a418,gx-no-cache=1554815244890 HTTP/1.1" 200 79
186.67.164.138 - - [09/Apr/2019:10:11:13 -0300] "GET /cormun/static/menuarrow.gif HTTP/1.1" 404 1015
186.67.164.138 - - [09/Apr/2019:10:11:19 -0300] "GET /cormun/servlet/permisogoce?0117e025248801171360f7081ebce6ad641ee5c74fb1ca0e6102309f81dd53ec353eb085a11b01983dd0647bb4ac8e38b08fb36a452708d87c47893aa06a607f,gx-no-cache=1554815256351 HTTP/1.1" 200 47
186.67.164.138 - - [09/Apr/2019:10:11:24 -0300] "POST /cormun/servlet/permisogoce?66ce75ac98ce5aa743213a275ff412e2,INS,0,,,,gx-no-cache=1554815260972 HTTP/1.1" 200 93
186.67.164.138 - - [09/Apr/2019:10:11:24 -0300] "GET /cormun/servlet/hpexe_return? HTTP/1.1" 200 1007
186.67.164.138 - - [09/Apr/2019:10:11:24 -0300] "GET /cormun/servlet/trpermisosgoce HTTP/1.1" 200 10528
186.67.164.138 - - [09/Apr/2019:10:11:25 -0300] "GET /cormun/servlet/trpermisosgoce HTTP/1.1" 200 10532
186.67.164.138 - - [09/Apr/2019:10:11:28 -0300] "GET /cormun/servlet/permisogoce?INS,0,,, HTTP/1.1" 200 6883
186.67.164.138 - - [09/Apr/2019:10:11:29 -0300] "GET /cormun/servlet/permisogoce?INS,0,,, HTTP/1.1" 200 6883
186.67.164.138 - - [09/Apr/2019:10:11:33 -0300] "GET /cormun/servlet/permisogoce?0117e025248801171360f7081ebce6ade39c7bcee2622fb5c5f8eef04549d6ee130fb156cc0f1e1a4ef48ed5875d98e0966b88b7e8e073255b55fcc04a72de62,gx-no-cache=1554815270624 HTTP/1.1" 200 76
186.67.164.138 - - [09/Apr/2019:10:11:37 -0300] "GET /cormun/static/menuarrow.gif HTTP/1.1" 404 1015
186.67.164.138 - - [09/Apr/2019:10:11:42 -0300] "GET /cormun/servlet/permisogoce?0117e025248801171360f7081ebce6ad7e18fb97067603442498c65666ba8a8fff49d8713701bcadd3f1e6a46b0d4f8f6cc47c459e6932799385284b4ab4cb8c,gx-no-cache=1554815278960 HTTP/1.1" 200 44
186.67.164.138 - - [09/Apr/2019:10:11:46 -0300] "POST /cormun/servlet/permisogoce?66ce75ac98ce5aa743213a275ff412e2,INS,0,,,,gx-no-cache=1554815283040 HTTP/1.1" 200 93
186.67.164.138 - - [09/Apr/2019:10:11:46 -0300] "GET /cormun/servlet/hpexe_return? HTTP/1.1" 200 1007
186.67.164.138 - - [09/Apr/2019:10:11:47 -0300] "GET /cormun/servlet/trpermisosgoce HTTP/1.1" 200 10749
190.171.152.138 - - [09/Apr/2019:10:11:47 -0300] "GET /cormun/servlet/trpermisosadjuntos?12694104,20190409110133,P, HTTP/1.1" 200 6263
186.67.164.138 - - [09/Apr/2019:10:11:48 -0300] "GET /cormun/servlet/trpermisosgoce HTTP/1.1" 200 10747
190.171.152.138 - - [09/Apr/2019:10:11:48 -0300] "GET /cormun/servlet/trpermisosadjuntos?12694104,20190409110133,P, HTTP/1.1" 200 6264
186.67.164.138 - - [09/Apr/2019:10:11:51 -0300] "GET /cormun/servlet/permisogoce?INS,0,,, HTTP/1.1" 200 6883
186.67.164.138 - - [09/Apr/2019:10:11:52 -0300] "GET /cormun/servlet/permisogoce?INS,0,,, HTTP/1.1" 200 6882
190.171.152.138 - - [09/Apr/2019:10:11:56 -0300] "GET /cormun/servlet/permisosadjuntos?INS,12694104,P,20190409110133,, HTTP/1.1" 200 5590
190.171.152.138 - - [09/Apr/2019:10:11:56 -0300] "GET /cormun/static/about:blank HTTP/1.1" 404 1011
190.171.152.138 - - [09/Apr/2019:10:11:56 -0300] "GET /cormun/servlet/permisosadjuntos?INS,12694104,P,20190409110133,, HTTP/1.1" 200 5580
186.67.164.138 - - [09/Apr/2019:10:11:57 -0300] "GET /cormun/servlet/permisogoce?0117e025248801171360f7081ebce6ad5011d63cdf6fddf58ab96febb945a14c130fb156cc0f1e1a4ef48ed5875d98e0966b88b7e8e073255b55fcc04a72de62,gx-no-cache=1554815294569 HTTP/1.1" 200 72
186.67.164.138 - - [09/Apr/2019:10:12:01 -0300] "GET /cormun/static/menuarrow.gif HTTP/1.1" 404 1015
186.67.164.138 - - [09/Apr/2019:10:12:05 -0300] "GET /cormun/servlet/permisogoce?0117e025248801171360f7081ebce6ad6287a7540add6cd1a0f223265b98b136005eaa5f5b0cfc6b2e261d36a4e299c46cc47c459e6932799385284b4ab4cb8c,gx-no-cache=1554815301775 HTTP/1.1" 200 46
186.67.164.138 - - [09/Apr/2019:10:12:08 -0300] "POST /cormun/servlet/permisogoce?66ce75ac98ce5aa743213a275ff412e2,INS,0,,,,gx-no-cache=1554815304890 HTTP/1.1" 200 93
186.67.164.138 - - [09/Apr/2019:10:12:08 -0300] "GET /cormun/servlet/hpexe_return? HTTP/1.1" 200 1007
186.67.164.138 - - [09/Apr/2019:10:12:08 -0300] "GET /cormun/servlet/trpermisosgoce HTTP/1.1" 200 10967
186.67.164.138 - - [09/Apr/2019:10:12:09 -0300] "GET /cormun/servlet/trpermisosgoce HTTP/1.1" 200 10976
186.67.164.138 - - [09/Apr/2019:10:12:14 -0300] "GET /cormun/servlet/permisogoce?INS,0,,, HTTP/1.1" 200 6883
186.67.164.138 - - [09/Apr/2019:10:12:14 -0300] "GET /cormun/servlet/permisogoce?INS,0,,, HTTP/1.1" 200 6882
186.67.164.138 - - [09/Apr/2019:10:12:19 -0300] "GET /cormun/servlet/permisogoce?0117e025248801171360f7081ebce6ada027bcdccc43e4fb9f202a13d52776ec130fb156cc0f1e1a4ef48ed5875d98e0966b88b7e8e073255b55fcc04a72de62,gx-no-cache=1554815316362 HTTP/1.1" 200 76
186.67.164.138 - - [09/Apr/2019:10:12:24 -0300] "GET /cormun/static/menuarrow.gif HTTP/1.1" 404 1015
186.67.164.138 - - [09/Apr/2019:10:12:28 -0300] "GET /cormun/servlet/permisogoce?0117e025248801171360f7081ebce6adb8e2695cf7233fbada2efcfd915a4e044789c83c6274f00ee1d7948ce1661d236cc47c459e6932799385284b4ab4cb8c,gx-no-cache=1554815325263 HTTP/1.1" 200 47
186.67.164.138 - - [09/Apr/2019:10:12:34 -0300] "POST /cormun/servlet/permisogoce?66ce75ac98ce5aa743213a275ff412e2,INS,0,,,,gx-no-cache=1554815331082 HTTP/1.1" 200 93
186.67.164.138 - - [09/Apr/2019:10:12:35 -0300] "GET /cormun/servlet/hpexe_return? HTTP/1.1" 200 1007
186.67.164.138 - - [09/Apr/2019:10:12:35 -0300] "GET /cormun/servlet/trpermisosgoce HTTP/1.1" 200 11160
186.67.164.138 - - [09/Apr/2019:10:12:36 -0300] "GET /cormun/servlet/trpermisosgoce HTTP/1.1" 200 11177
186.67.164.138 - - [09/Apr/2019:10:12:39 -0300] "GET /cormun/servlet/permisogoce?INS,0,,, HTTP/1.1" 200 6883
186.67.164.138 - - [09/Apr/2019:10:12:39 -0300] "GET /cormun/servlet/permisogoce?INS,0,,, HTTP/1.1" 200 6882
