190.171.142.42 - - [09/Apr/2019:13:27:37 -0300] "GET /cormun/static/Shared/jqueryui/images/ui-icons_8d78a5_256x240.png HTTP/1.1" 404 1089
190.171.142.42 - - [09/Apr/2019:13:27:37 -0300] "POST /cormun/servlet/trautorizarsolicitud?c5edb696d1a5c0a6a7373da91f48baec,,gx-no-cache=1554827037231 HTTP/1.1" 200 4464
192.168.10.96 - - [09/Apr/2019:13:27:39 -0300] "POST /cormun/servlet/solicitudgral?4c35e1b2626fdb741a3a05bff9fde9ea,UPD,2019,15101,,gx-no-cache=1554834057722 HTTP/1.1" 200 93
192.168.10.96 - - [09/Apr/2019:13:27:39 -0300] "GET /cormun/servlet/hpexe_return? HTTP/1.1" 200 1013
192.168.10.96 - - [09/Apr/2019:13:27:39 -0300] "GET /cormun/servlet/trsolicitudgral? HTTP/1.1" 200 11011
192.168.10.96 - - [09/Apr/2019:13:27:40 -0300] "GET /cormun/servlet/trsolicitudgral? HTTP/1.1" 200 11006
192.168.10.96 - - [09/Apr/2019:13:27:43 -0300] "GET /cormun/servlet/solicitudgral?UPD,2019,15100, HTTP/1.1" 200 13459
192.168.10.96 - - [09/Apr/2019:13:27:44 -0300] "GET /cormun/servlet/solicitudgral?UPD,2019,15100, HTTP/1.1" 200 13468
192.168.10.96 - - [09/Apr/2019:13:27:44 -0300] "POST /cormun/servlet/solicitudgral?gx-no-cache=1554834063141 HTTP/1.1" 200 4060
192.168.10.96 - - [09/Apr/2019:13:27:44 -0300] "GET /cormun/servlet/solicitudgral?0905d591a498ff1d2d86df1369248db046367e8bcd0ca9ad69920baf29ab7590c1e4f430a278ea4f352b05d782297c726f0e8bd9d6e1cbef27927a1d15adde78521525b36c559b5050ab0a39180c4c0fe5637298618311cfc619b42ff44dbe0135912cdc8e492a10962c0dcf7159f1c3efebfa6a12978d800fdc31b213bc8099072ced7fae0e8b7a7cba119afc16a6e51e538b97f09c1c7a9f1d57460c9ef16d1fb8b75fbf32d86c7fcf2c2df1360a9db0b31c63941514e905b4d04e4142ed41b3ee4e996654b8f394d6a014a5eb59ce8106f87537661b9a1be8e0fc2aac8add46a1a0f12bc935eb1fb998d4f81c59c9345d7df778301cb681195dc8e083633c846b3d107ea25df2f20f146b9408a508ee8196bef0b0625f646f22592ba38256fa27709818089ef3b5666e146428d72022ede5548337536d83fa2bbd9003f335f249a1c334ce0c8eacd13a7acef5a488,gx-no-cache=1554834063290 HTTP/1.1" 200 255
192.168.10.96 - - [09/Apr/2019:13:27:46 -0300] "GET /cormun/servlet/solicitudgral?0905d591a498ff1d2d86df1369248db0c46fea8107fe735a4e19c81b65361dcac1e4f430a278ea4f352b05d782297c726f0e8bd9d6e1cbef27927a1d15adde7860e9278a79894bf37efcdebad0fe254af4e7bf870d7b8633c5050c6ea99d53f4,gx-no-cache=1554834065400 HTTP/1.1" 200 30
192.168.10.96 - - [09/Apr/2019:13:27:47 -0300] "POST /cormun/servlet/solicitudgral?gx-no-cache=1554834065425 HTTP/1.1" 200 97
192.168.10.96 - - [09/Apr/2019:13:27:50 -0300] "GET /cormun/servlet/solicitudgral?0905d591a498ff1d2d86df1369248db004daded68b870208029e8d130cc9dceb737acbd605663b3d0d2b4db91ebe01fc846b3d107ea25df2f20f146b9408a508df1c7b093ccd593373c95e4d54e8e53347677da8b1215b78d00b31509333e6264190cbab3238e5814908c7799563fcbcdc6c2a0704aa342c824e7c65635064c79e96c7204a2fd212a3ed6750217b26322f28336bdae247ec194bc37ccfd0a4c9c09011bcebfbd6f9affbd1ecd34b3f81a6a85a6a6c583802ea8cde74d2e9d9dab5999bee9dcc12a057f8b8152e7c7cc3,gx-no-cache=1554834068807 HTTP/1.1" 200 49
192.168.10.96 - - [09/Apr/2019:13:27:53 -0300] "POST /cormun/servlet/solicitudgral?gx-no-cache=1554834072150 HTTP/1.1" 200 69
192.168.10.96 - - [09/Apr/2019:13:27:58 -0300] "GET /cormun/servlet/solicitudgral?0905d591a498ff1d2d86df1369248db004daded68b870208029e8d130cc9dceb5c455c225facf8af2399255f73bf5c99846b3d107ea25df2f20f146b9408a508b68bc30a269ee5702423ecd76550c0a5bd2385070714be7779242418cb7dc06e3efb5ca956bfd5b645dd9ccbd9b373f87c4e2a8dcb42ca620a19945fbc484cd7,gx-no-cache=1554834076456 HTTP/1.1" 200 49
192.168.10.96 - - [09/Apr/2019:13:27:58 -0300] "POST /cormun/servlet/solicitudgral?4c35e1b2626fdb741a3a05bff9fde9ea,UPD,2019,15100,,gx-no-cache=1554834076482 HTTP/1.1" 200 12148
192.168.10.96 - - [09/Apr/2019:13:27:58 -0300] "GET /cormun/servlet/solicitudgral?0905d591a498ff1d2d86df1369248db097b4945b82b3ad679f32f0096797c86327e462fbcd32231f5ee6a3c0f7cb087b3d960e467eec59e5b11d94b6ffe99e24621d0f3656a9ef6ee0071e6b7a21521cac4f652af53ba9c8668291cfba53b85fd19cf084db81eaa1f02ed1c7fa5cfbcc558087e020f8f46d26b5776df4a681ca3449e26ec62d1968a203c4d88245673152d0abc7abd9699436c2bd6610f93282,gx-no-cache=1554834076650 HTTP/1.1" 200 29
192.168.10.96 - - [09/Apr/2019:13:28:04 -0300] "POST /cormun/servlet/solicitudgral?4c35e1b2626fdb741a3a05bff9fde9ea,UPD,2019,15100,,gx-no-cache=1554834082622 HTTP/1.1" 200 93
192.168.10.96 - - [09/Apr/2019:13:28:04 -0300] "GET /cormun/servlet/hpexe_return? HTTP/1.1" 200 1014
192.168.10.96 - - [09/Apr/2019:13:28:04 -0300] "GET /cormun/servlet/trsolicitudgral HTTP/1.1" 200 11000
192.168.10.96 - - [09/Apr/2019:13:28:04 -0300] "GET /cormun/servlet/trsolicitudgral HTTP/1.1" 200 10995
190.171.142.42 - - [09/Apr/2019:13:28:06 -0300] "GET /cormun/servlet/trsolicitudot? HTTP/1.1" 200 7511
190.171.142.42 - - [09/Apr/2019:13:28:07 -0300] "GET /cormun/servlet/trsolicitudot? HTTP/1.1" 200 7511
192.168.10.96 - - [09/Apr/2019:13:28:08 -0300] "GET /cormun/servlet/solicitudgral?UPD,2019,15101, HTTP/1.1" 200 13458
192.168.10.96 - - [09/Apr/2019:13:28:08 -0300] "GET /cormun/servlet/solicitudgral?UPD,2019,15101, HTTP/1.1" 200 13467
192.168.10.96 - - [09/Apr/2019:13:28:09 -0300] "POST /cormun/servlet/solicitudgral?gx-no-cache=1554834087362 HTTP/1.1" 200 4075
192.168.10.96 - - [09/Apr/2019:13:28:09 -0300] "GET /cormun/servlet/solicitudgral?0905d591a498ff1d2d86df1369248db046367e8bcd0ca9ad69920baf29ab7590c1e4f430a278ea4f352b05d782297c726f0e8bd9d6e1cbef27927a1d15adde78521525b36c559b5050ab0a39180c4c0fe5637298618311cfc619b42ff44dbe0135912cdc8e492a10962c0dcf7159f1c3efebfa6a12978d800fdc31b213bc8099072ced7fae0e8b7a7cba119afc16a6e51e538b97f09c1c7a9f1d57460c9ef16d1fb8b75fbf32d86c7fcf2c2df1360a9db0b31c63941514e905b4d04e4142ed41b3ee4e996654b8f394d6a014a5eb59ce8106f87537661b9a1be8e0fc2aac8add46a1a0f12bc935eb1fb998d4f81c59c9345d7df778301cb681195dc8e083633c846b3d107ea25df2f20f146b9408a508ee8196bef0b0625f646f22592ba38256fa27709818089ef3b5666e146428d72022ede5548337536d83fa2bbd9003f335f249a1c334ce0c8eacd13a7acef5a488,gx-no-cache=1554834087513 HTTP/1.1" 200 255
192.168.10.96 - - [09/Apr/2019:13:28:10 -0300] "GET /cormun/servlet/solicitudgral?0905d591a498ff1d2d86df1369248db0c46fea8107fe735a4e19c81b65361dcac1e4f430a278ea4f352b05d782297c726f0e8bd9d6e1cbef27927a1d15adde7860e9278a79894bf37efcdebad0fe254af4e7bf870d7b8633c5050c6ea99d53f4,gx-no-cache=1554834088774 HTTP/1.1" 200 30
190.171.142.42 - - [09/Apr/2019:13:28:10 -0300] "GET /cormun/servlet/solicitudot?INS,0,0, HTTP/1.1" 200 15187
190.171.142.42 - - [09/Apr/2019:13:28:11 -0300] "GET /cormun/servlet/solicitudot?INS,0,0, HTTP/1.1" 200 15192
190.171.142.42 - - [09/Apr/2019:13:28:14 -0300] "GET /cormun/servlet/prfichaempleado?,MD,,gxPopupLevel%3D0%3B HTTP/1.1" 200 9385
192.168.10.96 - - [09/Apr/2019:13:28:18 -0300] "POST /cormun/servlet/solicitudgral?gx-no-cache=1554834096605 HTTP/1.1" 200 69
192.168.10.96 - - [09/Apr/2019:13:28:19 -0300] "GET /cormun/servlet/solicitudgral?0905d591a498ff1d2d86df1369248db004daded68b870208029e8d130cc9dceb5c455c225facf8af2399255f73bf5c99846b3d107ea25df2f20f146b9408a508b68bc30a269ee5702423ecd76550c0a5bd2385070714be7779242418cb7dc06edc9f1bbc3b55ad4546c8623a5808dc9d,gx-no-cache=1554834098204 HTTP/1.1" 200 49
192.168.10.96 - - [09/Apr/2019:13:28:19 -0300] "POST /cormun/servlet/solicitudgral?4c35e1b2626fdb741a3a05bff9fde9ea,UPD,2019,15101,,gx-no-cache=1554834098219 HTTP/1.1" 200 12153
192.168.10.96 - - [09/Apr/2019:13:28:19 -0300] "GET /cormun/servlet/solicitudgral?0905d591a498ff1d2d86df1369248db097b4945b82b3ad679f32f0096797c86327e462fbcd32231f5ee6a3c0f7cb087b3d960e467eec59e5b11d94b6ffe99e24621d0f3656a9ef6ee0071e6b7a21521cac4f652af53ba9c8668291cfba53b85fd19cf084db81eaa1f02ed1c7fa5cfbcc558087e020f8f46d26b5776df4a681ca3449e26ec62d1968a203c4d88245673152d0abc7abd9699436c2bd6610f93282,gx-no-cache=1554834098395 HTTP/1.1" 200 29
192.168.10.96 - - [09/Apr/2019:13:28:20 -0300] "POST /cormun/servlet/solicitudgral?4c35e1b2626fdb741a3a05bff9fde9ea,UPD,2019,15101,,gx-no-cache=1554834098411 HTTP/1.1" 200 93
192.168.10.96 - - [09/Apr/2019:13:28:20 -0300] "GET /cormun/servlet/hpexe_return? HTTP/1.1" 200 1013
192.168.10.96 - - [09/Apr/2019:13:28:20 -0300] "GET /cormun/servlet/trsolicitudgral HTTP/1.1" 200 10967
192.168.10.96 - - [09/Apr/2019:13:28:20 -0300] "GET /cormun/servlet/trsolicitudgral HTTP/1.1" 200 10963
186.103.159.188 - - [09/Apr/2019:13:28:39 -0300] "GET /cormun/servlet/solicitudot?INS,0,0, HTTP/1.1" 200 14946
186.103.159.188 - - [09/Apr/2019:13:28:40 -0300] "GET /cormun/servlet/solicitudot?INS,0,0, HTTP/1.1" 200 14951
190.171.142.42 - - [09/Apr/2019:13:28:56 -0300] "POST /cormun/servlet/prfichaempleado?c5edb696d1a5c0a6a7373da91f48baec,,MD,,gxPopupLevel%3D0%3B,gx-no-cache=1554827116887 HTTP/1.1" 200 3394
186.103.159.188 - - [09/Apr/2019:13:29:21 -0300] "POST /cormun/servlet/solicitudot?gx-no-cache=1554827137240 HTTP/1.1" 200 3571
186.103.159.188 - - [09/Apr/2019:13:29:21 -0300] "POST /cormun/servlet/solicitudot?aa50cf10c72a7d4229f6089ef76bb5e2,INS,0,0,,gx-no-cache=1554827137874 HTTP/1.1" 200 11818
190.171.142.42 - - [09/Apr/2019:13:29:24 -0300] "POST /cormun/servlet/solicitudot?gx-no-cache=1554827144462 HTTP/1.1" 200 3529
190.171.142.42 - - [09/Apr/2019:13:29:24 -0300] "POST /cormun/servlet/solicitudot?c5edb696d1a5c0a6a7373da91f48baec,INS,0,0,,gx-no-cache=1554827144639 HTTP/1.1" 200 11975
190.171.142.42 - - [09/Apr/2019:13:29:27 -0300] "GET /cormun/servlet/solicitudot?7ed359e648b779f73b10c8943020f35ba855ca8a3fc4a849e5c6175b847a3266f78f002cc48147641a48cfa4ed7a3f93,gx-no-cache=1554827147248 HTTP/1.1" 200 30
190.171.142.42 - - [09/Apr/2019:13:29:35 -0300] "GET /cormun/servlet/solicitudot?7ed359e648b779f73b10c8943020f35b400b7a5cfa32baa5d244d20fdf209bfe,gx-no-cache=1554827155470 HTTP/1.1" 200 103
190.171.142.42 - - [09/Apr/2019:13:29:35 -0300] "GET /cormun/static/Shared/jqueryui/images/ui-bg_highlight-soft_100_c6c2c8_1x100.png HTTP/1.1" 404 1117
190.171.142.42 - - [09/Apr/2019:13:29:35 -0300] "GET /cormun/static/Shared/jqueryui/images/ui-icons_82798d_256x240.png HTTP/1.1" 404 1089
190.171.142.42 - - [09/Apr/2019:13:29:35 -0300] "GET /cormun/static/Shared/jqueryui/images/ui-bg_flat_55_994d53_40x100.png HTTP/1.1" 404 1097
190.171.142.42 - - [09/Apr/2019:13:29:35 -0300] "GET /cormun/static/Shared/jqueryui/images/ui-icons_ebccce_256x240.png HTTP/1.1" 404 1089
190.171.142.42 - - [09/Apr/2019:13:29:35 -0300] "GET /cormun/servlet/solicitudot?7ed359e648b779f73b10c8943020f35b2c341e079c29b2d56dec155b6bd3540e,gx-no-cache=1554827155521 HTTP/1.1" 200 51
190.171.142.42 - - [09/Apr/2019:13:29:35 -0300] "POST /cormun/servlet/solicitudot?gx-no-cache=1554827155557 HTTP/1.1" 200 255
190.171.142.42 - - [09/Apr/2019:13:29:35 -0300] "GET /cormun/servlet/solicitudot?7ed359e648b779f73b10c8943020f35b8e2b1defb3295dee8480681a6586f49b73cfa529a57419e9397e799fd342545a2d4185bbaa27d20b5f3dba4d89c66dfcab8c524d17262e2e741fb3db534825d68c64926294acef407e72f36b74289c9473be467798ef21e174434323208f5122c4a66dc1c15075008199669917bb8f982eeec9cdc14d562e6d8d56b6db11bbabcd8b3c718877888fff15e3c722552148bf2431557aa7737a33daf8255a86aad45fbe7fc74b6a88fdcc986387dc43df10cbeb8d9a942ef549838c41f7d436ddcb9b7ac131b73c88e069e3c158cd384f862fadba0fb1787b243ae09c087e2fbaec98d1eadab272b0eecdf8d4aede9edea536632f546b6be1dc9fef0d0ff76cbf50671b01187727e93a4f55150f3ed867f8d36fd62b5569015377c98e0e3503ef81eae8d024cc0be6290648477b6b34be29831edc95d4b8d537964600d139d2a71261cf6b0e0ea777a6d4b207b6ba8d8d8bdc979ca5e5db8c80086c402b24369ee8b1f827a569edcd8bc9f4eb3e733af245,gx-no-cache=1554827155590 HTTP/1.1" 200 30
190.171.142.42 - - [09/Apr/2019:13:29:35 -0300] "POST /cormun/servlet/solicitudot?gx-no-cache=1554827155614 HTTP/1.1" 200 30
190.171.142.42 - - [09/Apr/2019:13:29:35 -0300] "POST /cormun/servlet/solicitudot?gx-no-cache=1554827155645 HTTP/1.1" 200 1335
190.171.142.42 - - [09/Apr/2019:13:29:35 -0300] "POST /cormun/servlet/solicitudot?gx-no-cache=1554827155743 HTTP/1.1" 200 38
190.171.142.42 - - [09/Apr/2019:13:29:35 -0300] "GET /cormun/servlet/solicitudot?7ed359e648b779f73b10c8943020f35bd1c754ced6907bcec736b61f2b6576ae324f4db6fdd7085056364e0af4f4ab6016353ac8b3fb3f7e7da3e545003636cf1e04879258687422b4ca8aa44bd354153e3123b3f7017eb261240b62f8c560b87c21d58c709fcd34e533dc438426c110,gx-no-cache=1554827155767 HTTP/1.1" 200 110
186.103.159.188 - - [09/Apr/2019:13:29:46 -0300] "POST /cormun/servlet/solicitudot?aa50cf10c72a7d4229f6089ef76bb5e2,INS,0,0,,gx-no-cache=1554827163030 HTTP/1.1" 200 11930
186.103.159.188 - - [09/Apr/2019:13:29:46 -0300] "GET /cormun/static/Shared/jqueryui/images/ui-icons_82798d_256x240.png HTTP/1.1" 404 1089
186.103.159.188 - - [09/Apr/2019:13:29:46 -0300] "GET /cormun/static/Shared/jqueryui/images/ui-bg_highlight-soft_100_c6c2c8_1x100.png HTTP/1.1" 404 1117
186.103.159.188 - - [09/Apr/2019:13:29:46 -0300] "GET /cormun/static/Shared/jqueryui/images/ui-bg_flat_55_fafafa_40x100.png HTTP/1.1" 404 1097
186.103.159.188 - - [09/Apr/2019:13:29:46 -0300] "GET /cormun/static/Shared/jqueryui/images/ui-icons_8d78a5_256x240.png HTTP/1.1" 404 1089
192.168.10.96 - - [09/Apr/2019:13:29:48 -0300] "POST /cormun/servlet/trsolicitudgral?4c35e1b2626fdb741a3a05bff9fde9ea,gx-no-cache=1554834186493 HTTP/1.1" 200 5959
192.168.10.96 - - [09/Apr/2019:13:29:48 -0300] "POST /cormun/servlet/trsolicitudgral?4c35e1b2626fdb741a3a05bff9fde9ea,gx-no-cache=1554834187252 HTTP/1.1" 200 5959
186.103.159.188 - - [09/Apr/2019:13:29:50 -0300] "GET /cormun/servlet/solicitudot?35d36e618e7c89a1bf78f580c7d989ce8240f985f6ca358b3921d2a2dd7b7e1180307e3647e0ae735be2c906a3495d71,gx-no-cache=1554827167020 HTTP/1.1" 200 30
186.103.159.188 - - [09/Apr/2019:13:29:50 -0300] "GET /cormun/servlet/solicitudot?35d36e618e7c89a1bf78f580c7d989cefca6224454a94a5b6739d679e9a7b02b30e43769cf949e56100eaa01d699ac2324ae7ff79834ebbdea0b7319e45c7473,gx-no-cache=1554827167160 HTTP/1.1" 200 30
186.103.159.188 - - [09/Apr/2019:13:29:50 -0300] "GET /cormun/servlet/solicitudot?35d36e618e7c89a1bf78f580c7d989ce404ebfb80621e0345d77e795c2bebb06,gx-no-cache=1554827167226 HTTP/1.1" 200 123
186.103.159.188 - - [09/Apr/2019:13:29:50 -0300] "GET /cormun/static/Shared/jqueryui/images/ui-icons_ebccce_256x240.png HTTP/1.1" 404 1089
186.103.159.188 - - [09/Apr/2019:13:29:50 -0300] "GET /cormun/static/Shared/jqueryui/images/ui-bg_flat_55_994d53_40x100.png HTTP/1.1" 404 1097
186.103.159.188 - - [09/Apr/2019:13:29:50 -0300] "POST /cormun/servlet/solicitudot?gx-no-cache=1554827167296 HTTP/1.1" 200 297
186.103.159.188 - - [09/Apr/2019:13:29:51 -0300] "GET /cormun/servlet/solicitudot?35d36e618e7c89a1bf78f580c7d989ce509aed8f9d73aa26c1a6665d389fa5b4d3502fdfd73ec31727fc7e5bbfde0ea5c9d30e409b2bfd4b1453cc45eb19cfdab110e652782cb55d7c8163a9f890ff033708fa679c2661f00bf50d10accdd8c8332064e5e76461dda5aa1d08cd77272045a7d9cd1cd17a285ac5853111a5ba0749f8bb0ab3c646f1cee36a23ff88d970e70a9d65612c1ff3dced66020d1857cf8980f710de97c7f15671f8bcbadfa580f5455bb52be636e65379ee49a3f7efdc57fd74eb4dcfb057874d2e1891cd0b29832dbb352aecdd946b82dee4d8018bf5fbe50acfcb32bca086ca3f23c7909170146ae4419e7f693b877a23793f9cdefb3320aa71a640a9319a65c60011bc9196b96a5bf67fe2c48c50d4ddaf42a741beaa36cd12c772b0831372d177ed1b4675906def8bab0edb04f89676145d0714eca7108791d3ac3aeac14eb5d47349dea0e7e2613b7926a9899a359591d5b5738acd96e84416a95662586b2551b2504576f50f68dd8f63ac95c0c7861334884640124e3b43b6aa0affb29b40042785cdf1,gx-no-cache=1554827167390 HTTP/1.1" 200 30
192.168.10.96 - - [09/Apr/2019:13:29:52 -0300] "POST /cormun/servlet/trsolicitudgral?4c35e1b2626fdb741a3a05bff9fde9ea,gx-no-cache=1554834190403 HTTP/1.1" 200 7863
186.103.159.188 - - [09/Apr/2019:13:29:55 -0300] "POST /cormun/servlet/solicitudot?gx-no-cache=1554827172257 HTTP/1.1" 200 30
192.168.10.96 - - [09/Apr/2019:13:29:57 -0300] "POST /cormun/servlet/trsolicitudgral?4c35e1b2626fdb741a3a05bff9fde9ea,gx-no-cache=1554834195724 HTTP/1.1" 200 7668
200.112.233.47 - - [09/Apr/2019:13:29:57 -0300] "GET /cormun/servlet/hlogin HTTP/1.1" 200 1722
192.168.10.96 - - [09/Apr/2019:13:30:01 -0300] "POST /cormun/servlet/trsolicitudgral?4c35e1b2626fdb741a3a05bff9fde9ea,gx-no-cache=1554834199572 HTTP/1.1" 200 7722
186.103.159.188 - - [09/Apr/2019:13:30:03 -0300] "GET /cormun/servlet/prbanco?,MD,,gxPopupLevel%3D0%3B HTTP/1.1" 200 6613
186.103.159.188 - - [09/Apr/2019:13:30:03 -0300] "GET /cormun/static/gxcfg.js?20181161016094 HTTP/1.1" 304 -
190.171.142.42 - - [09/Apr/2019:13:30:04 -0300] "POST /cormun/servlet/solicitudot?gx-no-cache=1554827184911 HTTP/1.1" 200 69
190.171.142.42 - - [09/Apr/2019:13:30:11 -0300] "POST /cormun/servlet/solicitudot?gx-no-cache=1554827191132 HTTP/1.1" 200 30
200.112.233.47 - - [09/Apr/2019:13:30:16 -0300] "POST /cormun/servlet/hlogin?d89ce3cde695ad26cc2b42e8d8ae7a1e,gx-no-cache=1554827192725 HTTP/1.1" 200 90
200.112.233.47 - - [09/Apr/2019:13:30:16 -0300] "GET /cormun/servlet/hpexe_link HTTP/1.1" 200 953
200.112.233.47 - - [09/Apr/2019:13:30:16 -0300] "GET /cormun/servlet/trpermisosgoce HTTP/1.1" 200 8321
200.112.233.47 - - [09/Apr/2019:13:30:17 -0300] "GET /cormun/servlet/trpermisosgoce HTTP/1.1" 200 8320
186.103.159.188 - - [09/Apr/2019:13:30:20 -0300] "GET /cormun/servlet/solicitudot?35d36e618e7c89a1bf78f580c7d989cee4e657900d7b9d2d34e1a2ebbdae368e,gx-no-cache=1554827196837 HTTP/1.1" 200 53
186.103.159.188 - - [09/Apr/2019:13:30:20 -0300] "POST /cormun/servlet/solicitudot?gx-no-cache=1554827196877 HTTP/1.1" 200 297
186.103.159.188 - - [09/Apr/2019:13:30:20 -0300] "GET /cormun/servlet/solicitudot?35d36e618e7c89a1bf78f580c7d989ce509aed8f9d73aa26c1a6665d389fa5b4d3502fdfd73ec31727fc7e5bbfde0ea5c9d30e409b2bfd4b1453cc45eb19cfdab110e652782cb55d7c8163a9f890ff033708fa679c2661f00bf50d10accdd8c8332064e5e76461dda5aa1d08cd77272045a7d9cd1cd17a285ac5853111a5ba0749f8bb0ab3c646f1cee36a23ff88d970e70a9d65612c1ff3dced66020d1857cf8980f710de97c7f15671f8bcbadfa580f5455bb52be636e65379ee49a3f7efdc57fd74eb4dcfb057874d2e1891cd0b29832dbb352aecdd946b82dee4d8018bf5fbe50acfcb32bca086ca3f23c7909170146ae4419e7f693b877a23793f9cdefb3320aa71a640a9319a65c60011bc9196b96a5bf67fe2c48c50d4ddaf42a741beaa36cd12c772b0831372d177ed1b4675906def8bab0edb04f89676145d0714eca7108791d3ac3aeac14eb5d47349dea0e7e2613b7926a9899a359591d5b5738acd96e84416a95662586b2551b25045767afec578f86d8d9c995ba33f61cf83e3124e3b43b6aa0affb29b40042785cdf1,gx-no-cache=1554827196937 HTTP/1.1" 200 30
186.103.159.188 - - [09/Apr/2019:13:30:20 -0300] "POST /cormun/servlet/solicitudot?gx-no-cache=1554827197024 HTTP/1.1" 200 30
186.103.159.188 - - [09/Apr/2019:13:30:20 -0300] "POST /cormun/servlet/solicitudot?gx-no-cache=1554827197055 HTTP/1.1" 200 1334
186.103.159.188 - - [09/Apr/2019:13:30:20 -0300] "POST /cormun/servlet/solicitudot?gx-no-cache=1554827197175 HTTP/1.1" 200 38
186.103.159.188 - - [09/Apr/2019:13:30:20 -0300] "GET /cormun/servlet/solicitudot?35d36e618e7c89a1bf78f580c7d989ce3af7ab81de8e13a6ded206b26d1383fa763b2cb2f88f0d336f6a68ac430a7986fe12e1157ef9c429506588ca4fb5af13cf9a6b2e8c27e4016636002ecde39dab1e6cfe2c73b254128a13078a1067838b4b88cf26734027a0ae08eccb6343ee72,gx-no-cache=1554827197217 HTTP/1.1" 200 110
186.103.159.188 - - [09/Apr/2019:13:30:28 -0300] "POST /cormun/servlet/solicitudot?gx-no-cache=1554827205241 HTTP/1.1" 200 83
200.112.233.47 - - [09/Apr/2019:13:30:33 -0300] "GET /cormun/servlet/permisogoce?INS,0,,, HTTP/1.1" 200 7207
200.112.233.47 - - [09/Apr/2019:13:30:33 -0300] "GET /cormun/servlet/permisogoce?INS,0,,, HTTP/1.1" 200 7207
190.171.142.42 - - [09/Apr/2019:13:30:36 -0300] "GET /cormun/servlet/solicitudot?7ed359e648b779f73b10c8943020f35bbd6bf1dea457e6772906357ef29aa827cf48edf63d5c6216af37a016b1fa53f828a5b393139df6de06f137a77e637bee,gx-no-cache=1554827216071 HTTP/1.1" 200 30
190.171.142.42 - - [09/Apr/2019:13:30:36 -0300] "POST /cormun/servlet/solicitudot?gx-no-cache=1554827216234 HTTP/1.1" 200 254
190.171.142.42 - - [09/Apr/2019:13:30:36 -0300] "GET /cormun/servlet/solicitudot?7ed359e648b779f73b10c8943020f35b8e2b1defb3295dee8480681a6586f49b73cfa529a57419e9397e799fd342545a2d4185bbaa27d20b5f3dba4d89c66dfcab8c524d17262e2e741fb3db534825d68c64926294acef407e72f36b74289c9473be467798ef21e174434323208f5122c4a66dc1c15075008199669917bb8f982eeec9cdc14d562e6d8d56b6db11bbabcd8b3c718877888fff15e3c722552148bf2431557aa7737a33daf8255a86aad45fbe7fc74b6a88fdcc986387dc43df10cbeb8d9a942ef549838c41f7d436ddcb9b7ac131b73c88e069e3c158cd384f862fadba0fb1787b243ae09c087e2fbaec98d1eadab272b0eecdf8d4aede9edea536632f546b6be1dc9fef0d0ff76cbf50671b01187727e93a4f55150f3ed867f8d36fd62b5569015377c98e0e3503ef81eae8d024cc0be6290648477b6b34be29831edc95d4b8d537964600d139d2a71261cf6b0e0ea777a6d4b207b6ba8d8d8bdc979ca5e5db8c80086c402b24369ee8f3a419a89bf0b76a6a49b7e5f7461a6f,gx-no-cache=1554827216304 HTTP/1.1" 200 30
190.171.142.42 - - [09/Apr/2019:13:30:36 -0300] "POST /cormun/servlet/solicitudot?gx-no-cache=1554827216345 HTTP/1.1" 200 30
190.171.142.42 - - [09/Apr/2019:13:30:36 -0300] "POST /cormun/servlet/solicitudot?gx-no-cache=1554827216405 HTTP/1.1" 200 1335
190.171.142.42 - - [09/Apr/2019:13:30:36 -0300] "POST /cormun/servlet/solicitudot?gx-no-cache=1554827216464 HTTP/1.1" 200 38
190.171.142.42 - - [09/Apr/2019:13:30:36 -0300] "GET /cormun/servlet/solicitudot?7ed359e648b779f73b10c8943020f35bd1c754ced6907bcec736b61f2b6576ae324f4db6fdd7085056364e0af4f4ab6016353ac8b3fb3f7e7da3e545003636cf1e04879258687422b4ca8aa44bd354153e3123b3f7017eb261240b62f8c560b87c21d58c709fcd34e533dc438426c110,gx-no-cache=1554827216506 HTTP/1.1" 200 110
190.171.142.42 - - [09/Apr/2019:13:30:36 -0300] "POST /cormun/servlet/solicitudot?gx-no-cache=1554827216551 HTTP/1.1" 200 102
186.103.159.188 - - [09/Apr/2019:13:30:36 -0300] "POST /cormun/servlet/solicitudot?gx-no-cache=1554827213168 HTTP/1.1" 200 72
200.112.233.47 - - [09/Apr/2019:13:30:39 -0300] "GET /cormun/servlet/permisogoce?INS,0,,, HTTP/1.1" 200 7206
200.112.233.47 - - [09/Apr/2019:13:30:40 -0300] "GET /cormun/servlet/permisogoce?INS,0,,, HTTP/1.1" 200 7207
190.171.142.42 - - [09/Apr/2019:13:30:43 -0300] "GET /cormun/servlet/solicitudot?7ed359e648b779f73b10c8943020f35b5b1f32f12ead2b3c96a46bb4c907e36dba99e20db1616683e0890b84a0c6fcf1c974718847f3f8b5d9054104c2bb34823e707e4526c6b9e279460d325cf22a09754e12ffe4b4f8c52f24849e06b0d8bafba3b18f45e53e2bf64c398ac496321cbb1e3ba855981f216628270ecbbf2350be21354e742ca9f21c4a6571f42011bfeacc0be2b6a2c550d8e2f22b82048ca7,gx-no-cache=1554827223264 HTTP/1.1" 200 29
190.171.142.42 - - [09/Apr/2019:13:30:43 -0300] "GET /cormun/static/menuarrow.gif HTTP/1.1" 404 1015
200.112.233.47 - - [09/Apr/2019:13:30:43 -0300] "GET /cormun/servlet/trcontratosolicitud? HTTP/1.1" 200 14986
200.112.233.47 - - [09/Apr/2019:13:30:44 -0300] "GET /cormun/servlet/trcontratosolicitud? HTTP/1.1" 200 14979
190.171.142.42 - - [09/Apr/2019:13:30:46 -0300] "GET /cormun/servlet/solicitudot?7ed359e648b779f73b10c8943020f35ba4853a2813b0e865565f3580df670b339084cd8654ad01afc1216def6c516253,gx-no-cache=1554827226947 HTTP/1.1" 200 30
186.103.159.188 - - [09/Apr/2019:13:30:47 -0300] "GET /cormun/servlet/solicitudot?35d36e618e7c89a1bf78f580c7d989ceed7ba08bbdc3347bacebe742392e928a94e8e8c050ee98e396d001eb46e7c52d848d8bad1e07167293971f28ba2dc88919ee3324e6be6d4b1a9244addf854fd60ce3792b5938d24c6a987ab9af9193a7dbd8806b580d4e581772b954631738aa,gx-no-cache=1554827223987 HTTP/1.1" 200 29
186.103.159.188 - - [09/Apr/2019:13:30:47 -0300] "GET /cormun/static/menuarrow.gif HTTP/1.1" 404 1015
186.103.159.188 - - [09/Apr/2019:13:30:51 -0300] "GET /cormun/servlet/solicitudot?35d36e618e7c89a1bf78f580c7d989ce371383695e38003b4e3fe3440f4d5dfdc07b6f6fc730bebb74dbef0317ba31a5,gx-no-cache=1554827227674 HTTP/1.1" 200 30
200.112.233.47 - - [09/Apr/2019:13:30:53 -0300] "POST /cormun/servlet/trcontratosolicitud?d89ce3cde695ad26cc2b42e8d8ae7a1e,,gx-no-cache=1554827228780 HTTP/1.1" 200 4236
200.112.233.47 - - [09/Apr/2019:13:30:59 -0300] "GET /cormun/servlet/trcontratosolicitud? HTTP/1.1" 200 6917
200.112.233.47 - - [09/Apr/2019:13:31:01 -0300] "GET /cormun/servlet/trcontratosolicitud? HTTP/1.1" 200 6917
186.103.159.188 - - [09/Apr/2019:13:31:03 -0300] "POST /cormun/servlet/solicitudot?gx-no-cache=1554827239980 HTTP/1.1" 200 30
186.103.159.188 - - [09/Apr/2019:13:31:04 -0300] "POST /cormun/servlet/solicitudot?aa50cf10c72a7d4229f6089ef76bb5e2,INS,0,0,,gx-no-cache=1554827240009 HTTP/1.1" 200 93
186.103.159.188 - - [09/Apr/2019:13:31:04 -0300] "GET /cormun/servlet/hpexe_return? HTTP/1.1" 200 1007
186.103.159.188 - - [09/Apr/2019:13:31:04 -0300] "GET /cormun/servlet/trsolicitudot HTTP/1.1" 200 8639
186.103.159.188 - - [09/Apr/2019:13:31:04 -0300] "GET /cormun/servlet/trsolicitudot HTTP/1.1" 200 8636
200.112.233.47 - - [09/Apr/2019:13:31:11 -0300] "POST /cormun/servlet/trcontratosolicitud?d89ce3cde695ad26cc2b42e8d8ae7a1e,,gx-no-cache=1554827247222 HTTP/1.1" 200 12584
186.103.159.188 - - [09/Apr/2019:13:31:17 -0300] "GET /cormun/servlet/solicitudot?INS,0,0, HTTP/1.1" 200 14947
186.103.159.188 - - [09/Apr/2019:13:31:18 -0300] "GET /cormun/servlet/solicitudot?INS,0,0, HTTP/1.1" 200 14951
190.171.142.42 - - [09/Apr/2019:13:31:28 -0300] "POST /cormun/servlet/solicitudot?gx-no-cache=1554827268994 HTTP/1.1" 200 30
200.112.233.47 - - [09/Apr/2019:13:31:32 -0300] "POST /cormun/servlet/trcontratosolicitud?d89ce3cde695ad26cc2b42e8d8ae7a1e,,gx-no-cache=1554827254848 HTTP/1.1" 200 8722
200.112.233.47 - - [09/Apr/2019:13:31:33 -0300] "GET /cormun/static/Resources/PXToolsGridFirst.gif HTTP/1.1" 200 379
200.112.233.47 - - [09/Apr/2019:13:31:33 -0300] "GET /cormun/static/Resources/PXToolsGridPrevious.gif HTTP/1.1" 200 369
186.103.159.188 - - [09/Apr/2019:13:31:33 -0300] "POST /cormun/servlet/solicitudot?gx-no-cache=1554827270411 HTTP/1.1" 200 3450
186.103.159.188 - - [09/Apr/2019:13:31:34 -0300] "POST /cormun/servlet/solicitudot?aa50cf10c72a7d4229f6089ef76bb5e2,INS,0,0,,gx-no-cache=1554827270651 HTTP/1.1" 200 11687
186.103.159.188 - - [09/Apr/2019:13:31:35 -0300] "GET /cormun/servlet/solicitudot?35d36e618e7c89a1bf78f580c7d989ce29c55f11006aa8a0606fbc88adb680ab80307e3647e0ae735be2c906a3495d71,gx-no-cache=1554827271842 HTTP/1.1" 200 30
200.112.233.47 - - [09/Apr/2019:13:32:28 -0300] "POST /cormun/servlet/trcontratosolicitud?d89ce3cde695ad26cc2b42e8d8ae7a1e,,gx-no-cache=1554827322584 HTTP/1.1" 200 4226
200.112.233.47 - - [09/Apr/2019:13:32:33 -0300] "POST /cormun/servlet/trcontratosolicitud?d89ce3cde695ad26cc2b42e8d8ae7a1e,,gx-no-cache=1554827329052 HTTP/1.1" 200 12588
186.103.159.188 - - [09/Apr/2019:13:33:05 -0300] "GET /cormun/servlet/solicitudot?35d36e618e7c89a1bf78f580c7d989ce16d3aaab4bbd236457bf4c6066c5dede6ee63498373a416fe77292fdf53d08b3a3bc39a710abcf275b51f90425d0945a,gx-no-cache=1554827362256 HTTP/1.1" 200 30
186.103.159.188 - - [09/Apr/2019:13:33:05 -0300] "GET /cormun/servlet/solicitudot?35d36e618e7c89a1bf78f580c7d989ce38933cec43e3a46de85d2f3537e7ac9c,gx-no-cache=1554827362506 HTTP/1.1" 200 29
186.103.159.188 - - [09/Apr/2019:13:33:10 -0300] "POST /cormun/servlet/solicitudot?gx-no-cache=1554827367185 HTTP/1.1" 200 297
186.103.159.188 - - [09/Apr/2019:13:33:10 -0300] "GET /cormun/servlet/solicitudot?35d36e618e7c89a1bf78f580c7d989ce509aed8f9d73aa26c1a6665d389fa5b4d3502fdfd73ec31727fc7e5bbfde0ea5c9d30e409b2bfd4b1453cc45eb19cfdab110e652782cb55d7c8163a9f890ff033708fa679c2661f00bf50d10accdd8c8332064e5e76461dda5aa1d08cd77272045a7d9cd1cd17a285ac5853111a5ba0749f8bb0ab3c646f1cee36a23ff88d970e70a9d65612c1ff3dced66020d1857cf8980f710de97c7f15671f8bcbadfa580f5455bb52be636e65379ee49a3f7efdc57fd74eb4dcfb057874d2e1891cd0b29832dbb352aecdd946b82dee4d8018bf5fbe50acfcb32bca086ca3f23c7909170146ae4419e7f693b877a23793f9cdefb3320aa71a640a9319a65c60011bc9196b96a5bf67fe2c48c50d4ddaf42a741beaa36cd12c772b0831372d177ed1b4675906def8bab0edb04f89676145d0714eca7108791d3ac3aeac14eb5d47349dea0e7e2613b7926a9899a359591d5b5738acd96e84416a95662586b2551b2504576f50f68dd8f63ac95c0c7861334884640124e3b43b6aa0affb29b40042785cdf1,gx-no-cache=1554827367227 HTTP/1.1" 200 30
200.112.233.47 - - [09/Apr/2019:13:33:15 -0300] "POST /cormun/servlet/trcontratosolicitud?d89ce3cde695ad26cc2b42e8d8ae7a1e,,gx-no-cache=1554827370557 HTTP/1.1" 200 8738
186.103.159.188 - - [09/Apr/2019:13:33:15 -0300] "POST /cormun/servlet/solicitudot?gx-no-cache=1554827372622 HTTP/1.1" 200 30
186.103.159.188 - - [09/Apr/2019:13:33:25 -0300] "POST /cormun/servlet/solicitudot?gx-no-cache=1554827382159 HTTP/1.1" 200 1331
186.103.159.188 - - [09/Apr/2019:13:33:25 -0300] "POST /cormun/servlet/solicitudot?gx-no-cache=1554827382241 HTTP/1.1" 200 38
186.103.159.188 - - [09/Apr/2019:13:33:39 -0300] "GET /cormun/servlet/solicitudot?35d36e618e7c89a1bf78f580c7d989ce3af7ab81de8e13a6ded206b26d1383fa763b2cb2f88f0d336f6a68ac430a7986fe12e1157ef9c429506588ca4fb5af13cf9a6b2e8c27e4016636002ecde39dab1e6cfe2c73b254128a13078a1067838b4b88cf26734027a0ae08eccb6343ee72,gx-no-cache=1554827395885 HTTP/1.1" 200 110
186.103.159.188 - - [09/Apr/2019:13:33:45 -0300] "POST /cormun/servlet/solicitudot?gx-no-cache=1554827402343 HTTP/1.1" 200 72
200.112.233.47 - - [09/Apr/2019:13:33:49 -0300] "POST /cormun/servlet/trcontratosolicitud?d89ce3cde695ad26cc2b42e8d8ae7a1e,,gx-no-cache=1554827405020 HTTP/1.1" 200 5228
200.112.233.47 - - [09/Apr/2019:13:33:55 -0300] "GET /cormun/servlet/solicitudotcontratos?INS,2019,0,7448903,6,2,2019,2244,NADA,,30,*, HTTP/1.1" 200 10096
200.112.233.47 - - [09/Apr/2019:13:33:56 -0300] "GET /cormun/servlet/solicitudotcontratos?INS,2019,0,7448903,6,2,2019,2244,NADA,,30,*, HTTP/1.1" 200 10125
200.112.233.47 - - [09/Apr/2019:13:33:57 -0300] "GET /cormun/servlet/solicitudotcontratos?1e07f5383d5188b2697a2da9326abd45e6a54c65b3fb872d83eaa13d391c8b02f06100024a5b42eb65558f52e5a227db,gx-no-cache=1554827412995 HTTP/1.1" 200 30
200.112.233.47 - - [09/Apr/2019:13:33:57 -0300] "GET /cormun/servlet/solicitudotcontratos?1e07f5383d5188b2697a2da9326abd45e377249d26ade8692afc3ec00223b62e6bef164eac7231d3d8fc3d8fe9d31dc4,gx-no-cache=1554827413043 HTTP/1.1" 200 30
200.112.233.47 - - [09/Apr/2019:13:33:57 -0300] "GET /cormun/servlet/solicitudotcontratos?1e07f5383d5188b2697a2da9326abd45e85a3bf4d52d7ae74d8b813dea74b02b6e0645a8895f9b401fe7ef95d5bb483c118b1843435924f67312583420c8a0a3194cd7ead63c592e743086eec72aa1d83119074e1a1ddf89d54bfc4d0cad7cf70472ae2ed78b5a6457c2ec32785a8c1ee3ac13847c059bb2985ea9e4fb37554a,gx-no-cache=1554827413086 HTTP/1.1" 200 48
200.112.233.47 - - [09/Apr/2019:13:33:57 -0300] "GET /cormun/servlet/solicitudotcontratos?1e07f5383d5188b2697a2da9326abd45fcd444c1d0653dee65edc021c01ac7526a1e65f87ecd60749939b34181b3aa11,gx-no-cache=1554827413131 HTTP/1.1" 200 30
200.112.233.47 - - [09/Apr/2019:13:33:57 -0300] "GET /cormun/servlet/solicitudotcontratos?1e07f5383d5188b2697a2da9326abd45ce415a2b6da16ffeb70377064dd94cc9864b1bd9d2962282f116e46254d2a569b07df147def696ed7f38148d69250cf3534c1b5026a83e134e85c12c1f91ea2f086c11c5bd7e61362c54dcaf36eb1a11c4f9dc2a7d7e0cbee6431c58e7907318,gx-no-cache=1554827413175 HTTP/1.1" 200 30
200.112.233.47 - - [09/Apr/2019:13:33:57 -0300] "GET /cormun/servlet/solicitudotcontratos?1e07f5383d5188b2697a2da9326abd459b7cb7bdbaf0cc65fc4decfc2180747c253449cca65aea1f015dcec3c091d552b07df147def696ed7f38148d69250cf367a6da9de956f2c78c3ea898b7ecb0e6335cc4152826c73843aa7c46619f23e6a5e21dcd9a0bb7ace6734c66e6344e5a,gx-no-cache=1554827413216 HTTP/1.1" 200 110
200.112.233.47 - - [09/Apr/2019:13:33:57 -0300] "POST /cormun/servlet/solicitudotcontratos?gx-no-cache=1554827413260 HTTP/1.1" 200 79
200.112.233.47 - - [09/Apr/2019:13:33:57 -0300] "GET /cormun/servlet/solicitudotcontratos?1e07f5383d5188b2697a2da9326abd4569b5840a9a241bb1ff07dfd4996f6883da23e29e31fbc0b889c1a63913f674dedb372aa23a8cf5b0a9a2bbbc9a22f405419d3454e2f460b1bd2e2ea48dc571c8a6ddb96a8c226c3764e53074120dbc198f5d5558687401304eb284cb8b71df13c84e76af207e0c97cf67564bc3cfeff8f5fc53016fc0236abd719172434aec01117ba35ac4288cab10cbca90123d8a05,gx-no-cache=1554827413302 HTTP/1.1" 200 73
186.103.159.188 - - [09/Apr/2019:13:34:07 -0300] "GET /cormun/servlet/solicitudot?35d36e618e7c89a1bf78f580c7d989ceed7ba08bbdc3347bacebe742392e928a94e8e8c050ee98e396d001eb46e7c52d848d8bad1e07167293971f28ba2dc88919ee3324e6be6d4b1a9244addf854fd60ce3792b5938d24c6a987ab9af9193a7dbd8806b580d4e581772b954631738aa,gx-no-cache=1554827424078 HTTP/1.1" 200 29
186.103.159.188 - - [09/Apr/2019:13:34:07 -0300] "GET /cormun/static/menuarrow.gif HTTP/1.1" 404 1015
200.112.233.47 - - [09/Apr/2019:13:34:09 -0300] "GET /cormun/servlet/permisogoce?6df883e8b9ea39b6f594805b1c3e142c4849a398bc727be1bc19cbdc82cecf04f070ef8f2f85afd7f7c8969652085e7f,gx-no-cache=1554827425393 HTTP/1.1" 200 74
200.112.233.47 - - [09/Apr/2019:13:34:22 -0300] "GET /cormun/servlet/permisogoce?6df883e8b9ea39b6f594805b1c3e142cf240e7b739c0273c3e16dc2e37a4f0f8f59f5490e1ddc2c8cad70488a85339b4b5131cca03b471860f9050c691254453,gx-no-cache=1554827438241 HTTP/1.1" 200 47
186.103.159.188 - - [09/Apr/2019:13:34:30 -0300] "GET /cormun/servlet/solicitudot?35d36e618e7c89a1bf78f580c7d989ce371383695e38003b4e3fe3440f4d5dfdc0f8b1b0597505bd256466cbc54cce30,gx-no-cache=1554827446816 HTTP/1.1" 200 30
200.112.233.47 - - [09/Apr/2019:13:34:31 -0300] "POST /cormun/servlet/permisogoce?d89ce3cde695ad26cc2b42e8d8ae7a1e,INS,0,,,,gx-no-cache=1554827446816 HTTP/1.1" 200 93
200.112.233.47 - - [09/Apr/2019:13:34:31 -0300] "GET /cormun/servlet/hpexe_return? HTTP/1.1" 200 1013
200.112.233.47 - - [09/Apr/2019:13:34:31 -0300] "GET /cormun/servlet/trcontratosolicitud? HTTP/1.1" 200 7839
200.112.233.47 - - [09/Apr/2019:13:34:32 -0300] "GET /cormun/servlet/trcontratosolicitud? HTTP/1.1" 200 7835
200.112.233.47 - - [09/Apr/2019:13:34:38 -0300] "GET /cormun/servlet/trpermisosgoce? HTTP/1.1" 200 8550
200.112.233.47 - - [09/Apr/2019:13:34:39 -0300] "GET /cormun/servlet/trpermisosgoce? HTTP/1.1" 200 8563
200.112.233.47 - - [09/Apr/2019:13:34:45 -0300] "GET /cormun/servlet/trpermisosadjuntos?13945939,20190409114811,P, HTTP/1.1" 200 7146
200.112.233.47 - - [09/Apr/2019:13:34:46 -0300] "GET /cormun/servlet/trpermisosadjuntos?13945939,20190409114811,P, HTTP/1.1" 200 7146
200.112.233.47 - - [09/Apr/2019:13:34:51 -0300] "GET /cormun/servlet/permisosadjuntos?DLT,13945939,P,20190409114811,20190409115100, HTTP/1.1" 200 6008
200.112.233.47 - - [09/Apr/2019:13:34:51 -0300] "GET /cormun/static/Shared/jqueryui/images/ui-bg_highlight-soft_100_c6c2c8_1x100.png HTTP/1.1" 404 1117
200.112.233.47 - - [09/Apr/2019:13:34:51 -0300] "GET /cormun/static/Shared/jqueryui/images/ui-icons_82798d_256x240.png HTTP/1.1" 404 1089
200.112.233.47 - - [09/Apr/2019:13:34:51 -0300] "GET /cormun/static/Shared/jqueryui/images/ui-bg_flat_55_fafafa_40x100.png HTTP/1.1" 404 1097
200.112.233.47 - - [09/Apr/2019:13:34:51 -0300] "GET /cormun/static/Shared/jqueryui/images/ui-icons_8d78a5_256x240.png HTTP/1.1" 404 1089
186.103.159.188 - - [09/Apr/2019:13:34:51 -0300] "POST /cormun/servlet/solicitudot?gx-no-cache=1554827468252 HTTP/1.1" 200 30
200.112.233.47 - - [09/Apr/2019:13:34:51 -0300] "GET /cormun/servlet/permisosadjuntos?DLT,13945939,P,20190409114811,20190409115100, HTTP/1.1" 200 5997
186.103.159.188 - - [09/Apr/2019:13:34:51 -0300] "POST /cormun/servlet/solicitudot?aa50cf10c72a7d4229f6089ef76bb5e2,INS,0,0,,gx-no-cache=1554827468352 HTTP/1.1" 200 93
186.103.159.188 - - [09/Apr/2019:13:34:51 -0300] "GET /cormun/servlet/hpexe_return? HTTP/1.1" 200 1007
186.103.159.188 - - [09/Apr/2019:13:34:52 -0300] "GET /cormun/servlet/trsolicitudot HTTP/1.1" 200 9017
186.103.159.188 - - [09/Apr/2019:13:34:52 -0300] "GET /cormun/servlet/trsolicitudot HTTP/1.1" 200 9011
200.112.233.47 - - [09/Apr/2019:13:34:53 -0300] "GET /cormun/PublicTempStorage/ccf090420193036704.pdf HTTP/1.1" 200 392745
186.103.159.188 - - [09/Apr/2019:13:34:56 -0300] "GET /cormun/servlet/solicitudot?INS,0,0, HTTP/1.1" 200 14947
186.103.159.188 - - [09/Apr/2019:13:34:57 -0300] "GET /cormun/servlet/solicitudot?INS,0,0, HTTP/1.1" 200 14951
200.112.233.47 - - [09/Apr/2019:13:34:58 -0300] "POST /cormun/servlet/permisosadjuntos?d89ce3cde695ad26cc2b42e8d8ae7a1e,DLT,13945939,P,20190409114811,20190409115100,,gx-no-cache=1554827474191 HTTP/1.1" 200 93
200.112.233.47 - - [09/Apr/2019:13:34:58 -0300] "GET /cormun/servlet/hpexe_return? HTTP/1.1" 200 1039
200.112.233.47 - - [09/Apr/2019:13:34:58 -0300] "GET /cormun/servlet/trpermisosadjuntos?13945939,20190409114811,P, HTTP/1.1" 200 7149
200.112.233.47 - - [09/Apr/2019:13:34:59 -0300] "GET /cormun/servlet/trpermisosadjuntos?13945939,20190409114811,P, HTTP/1.1" 200 7147
200.112.233.47 - - [09/Apr/2019:13:35:08 -0300] "GET /cormun/PublicTempStorage/ccf09042019270822.pdf HTTP/1.1" 200 392745
186.103.159.188 - - [09/Apr/2019:13:35:11 -0300] "POST /cormun/servlet/solicitudot?gx-no-cache=1554827487860 HTTP/1.1" 200 3450
186.103.159.188 - - [09/Apr/2019:13:35:11 -0300] "POST /cormun/servlet/solicitudot?aa50cf10c72a7d4229f6089ef76bb5e2,INS,0,0,,gx-no-cache=1554827488111 HTTP/1.1" 200 11686
186.103.159.188 - - [09/Apr/2019:13:35:13 -0300] "GET /cormun/servlet/solicitudot?35d36e618e7c89a1bf78f580c7d989cea2526e3875ae0ea67b5151c2aa1cf08f80307e3647e0ae735be2c906a3495d71,gx-no-cache=1554827490555 HTTP/1.1" 200 30
200.112.233.47 - - [09/Apr/2019:13:35:20 -0300] "GET /cormun/servlet/trpermisosgoce? HTTP/1.1" 200 8582
200.112.233.47 - - [09/Apr/2019:13:35:21 -0300] "GET /cormun/servlet/trpermisosgoce? HTTP/1.1" 200 8563
200.112.233.47 - - [09/Apr/2019:13:35:30 -0300] "GET /cormun/servlet/trpermisosadjuntos?7448903,20190409142352,P, HTTP/1.1" 200 6648
200.112.233.47 - - [09/Apr/2019:13:35:30 -0300] "GET /cormun/servlet/trpermisosadjuntos?7448903,20190409142352,P, HTTP/1.1" 200 6648
200.112.233.47 - - [09/Apr/2019:13:35:32 -0300] "GET /cormun/servlet/permisosadjuntos?INS,7448903,P,20190409142352,, HTTP/1.1" 200 5980
200.112.233.47 - - [09/Apr/2019:13:35:33 -0300] "GET /cormun/static/about:blank HTTP/1.1" 404 1011
200.112.233.47 - - [09/Apr/2019:13:35:33 -0300] "GET /cormun/servlet/permisosadjuntos?INS,7448903,P,20190409142352,, HTTP/1.1" 200 5970
192.168.10.96 - - [09/Apr/2019:13:37:02 -0300] "POST /cormun/servlet/trsolicitudgral?4c35e1b2626fdb741a3a05bff9fde9ea,gx-no-cache=1554834620693 HTTP/1.1" 200 7722
186.103.159.188 - - [09/Apr/2019:13:37:11 -0300] "GET /cormun/servlet/solicitudot?35d36e618e7c89a1bf78f580c7d989ce1c74a53301d980086cce30271b602201e3323a37f9969381bf825bd50b89aa4d00a68509997154ea565f6f0bbd9ad00b,gx-no-cache=1554827607698 HTTP/1.1" 200 103
186.103.159.188 - - [09/Apr/2019:13:37:11 -0300] "GET /cormun/static/Shared/jqueryui/images/ui-bg_highlight-soft_100_c6c2c8_1x100.png HTTP/1.1" 404 1117
186.103.159.188 - - [09/Apr/2019:13:37:11 -0300] "GET /cormun/static/Shared/jqueryui/images/ui-icons_82798d_256x240.png HTTP/1.1" 404 1089
186.103.159.188 - - [09/Apr/2019:13:37:11 -0300] "GET /cormun/static/Shared/jqueryui/images/ui-icons_ebccce_256x240.png HTTP/1.1" 404 1089
186.103.159.188 - - [09/Apr/2019:13:37:11 -0300] "GET /cormun/static/Shared/jqueryui/images/ui-bg_flat_55_994d53_40x100.png HTTP/1.1" 404 1097
186.103.159.188 - - [09/Apr/2019:13:37:11 -0300] "GET /cormun/servlet/solicitudot?35d36e618e7c89a1bf78f580c7d989ce38933cec43e3a46de85d2f3537e7ac9c,gx-no-cache=1554827607828 HTTP/1.1" 200 29
186.103.159.188 - - [09/Apr/2019:13:37:11 -0300] "POST /cormun/servlet/solicitudot?gx-no-cache=1554827607860 HTTP/1.1" 200 297
186.103.159.188 - - [09/Apr/2019:13:37:11 -0300] "GET /cormun/servlet/solicitudot?35d36e618e7c89a1bf78f580c7d989ce509aed8f9d73aa26c1a6665d389fa5b4d3502fdfd73ec31727fc7e5bbfde0ea5c9d30e409b2bfd4b1453cc45eb19cfdab110e652782cb55d7c8163a9f890ff033708fa679c2661f00bf50d10accdd8c8332064e5e76461dda5aa1d08cd77272045a7d9cd1cd17a285ac5853111a5ba0749f8bb0ab3c646f1cee36a23ff88d970e70a9d65612c1ff3dced66020d1857cf8980f710de97c7f15671f8bcbadfa580f5455bb52be636e65379ee49a3f7efdc57fd74eb4dcfb057874d2e1891cd0b29832dbb352aecdd946b82dee4d8018bf5fbe50acfcb32bca086ca3f23c7909170146ae4419e7f693b877a23793f9cdefb3320aa71a640a9319a65c60011bc9196b96a5bf67fe2c48c50d4ddaf42a741beaa36cd12c772b0831372d177ed1b4675906def8bab0edb04f89676145d0714eca7108791d3ac3aeac14eb5d47349dea0e7e2613b7926a9899a359591d5b5738acd96e84416a95662586b2551b2504576f50f68dd8f63ac95c0c7861334884640124e3b43b6aa0affb29b40042785cdf1,gx-no-cache=1554827607894 HTTP/1.1" 200 30
186.103.159.188 - - [09/Apr/2019:13:37:14 -0300] "POST /cormun/servlet/solicitudot?gx-no-cache=1554827611310 HTTP/1.1" 200 30
186.103.159.188 - - [09/Apr/2019:13:37:17 -0300] "POST /cormun/servlet/solicitudot?gx-no-cache=1554827614014 HTTP/1.1" 200 1331
186.103.159.188 - - [09/Apr/2019:13:37:17 -0300] "POST /cormun/servlet/solicitudot?gx-no-cache=1554827614090 HTTP/1.1" 200 38
190.171.153.26 - - [09/Apr/2019:13:37:29 -0300] "GET /cormun/servlet/hlogin HTTP/1.1" 200 1727
190.171.153.26 - - [09/Apr/2019:13:37:29 -0300] "GET /cormun/static/Resources/Spanish/PXTools.css?1155365 HTTP/1.1" 200 89042
190.171.153.26 - - [09/Apr/2019:13:37:29 -0300] "GET /cormun/static/gxcfg.js?20177612122725 HTTP/1.1" 200 953
190.171.153.26 - - [09/Apr/2019:13:37:29 -0300] "GET /cormun/static/gxtimezone.js?85251 HTTP/1.1" 200 5781
190.171.153.26 - - [09/Apr/2019:13:37:29 -0300] "GET /cormun/static/hlogin.js?20177612122738 HTTP/1.1" 200 2136
190.171.153.26 - - [09/Apr/2019:13:37:29 -0300] "GET /cormun/static/messages.spa.js?85251 HTTP/1.1" 200 30736
190.171.153.26 - - [09/Apr/2019:13:37:29 -0300] "GET /cormun/static/gxgral.js?85251 HTTP/1.1" 200 384558
190.171.153.26 - - [09/Apr/2019:13:37:29 -0300] "GET /cormun/static/Resources/ComunLogin.png HTTP/1.1" 200 17326
190.171.153.26 - - [09/Apr/2019:13:37:30 -0300] "GET /cormun/static/Resources/PXToolsLoginBackground.png HTTP/1.1" 200 1164
190.171.153.26 - - [09/Apr/2019:13:37:30 -0300] "GET /cormun/static/Resources/PXToolsButtonLeft21.png HTTP/1.1" 200 1287
190.171.153.26 - - [09/Apr/2019:13:37:30 -0300] "GET /cormun/static/Resources/PXToolsLoginTop.png HTTP/1.1" 200 1337
190.171.153.26 - - [09/Apr/2019:13:37:30 -0300] "GET /cormun/static/Resources/PXToolsButtonBackground2.png HTTP/1.1" 200 1181
190.171.153.26 - - [09/Apr/2019:13:37:30 -0300] "GET /cormun/static/Resources/PXToolsButtonRight21.png HTTP/1.1" 200 1283
190.171.153.26 - - [09/Apr/2019:13:37:30 -0300] "GET /cormun/static/Resources/PXToolsLoginBottom.png HTTP/1.1" 200 1389
190.171.153.26 - - [09/Apr/2019:13:37:30 -0300] "GET /cormun/servlet/hlogin HTTP/1.1" 200 1737
190.171.153.26 - - [09/Apr/2019:13:37:30 -0300] "GET /cormun/static/Resources/indicator.gif HTTP/1.1" 200 1553
190.171.153.26 - - [09/Apr/2019:13:37:30 -0300] "GET /favicon.ico HTTP/1.1" 200 21630
190.171.153.26 - - [09/Apr/2019:13:37:48 -0300] "POST /cormun/servlet/hlogin?e5555f4357f2e67160085a4e35cc7b16,gx-no-cache=1554824038745 HTTP/1.1" 200 90
190.171.153.26 - - [09/Apr/2019:13:37:48 -0300] "GET /cormun/servlet/hpexe_link HTTP/1.1" 200 955
190.171.153.26 - - [09/Apr/2019:13:37:48 -0300] "GET /cormun/static/gxcfg.js?20177612121792 HTTP/1.1" 200 953
190.171.153.26 - - [09/Apr/2019:13:37:48 -0300] "GET /cormun/static/hpexe_link.js?20177612121795 HTTP/1.1" 200 625
190.171.153.26 - - [09/Apr/2019:13:37:48 -0300] "GET /cormun/servlet/hhome HTTP/1.1" 200 4002
190.171.153.26 - - [09/Apr/2019:13:37:49 -0300] "GET /cormun/static/Resources/Spanish/PXTools.css?11423723 HTTP/1.1" 200 89042
190.171.153.26 - - [09/Apr/2019:13:37:49 -0300] "GET /cormun/static/gxcfg.js?20175251212442 HTTP/1.1" 200 953
190.171.153.26 - - [09/Apr/2019:13:37:49 -0300] "GET /cormun/static/Shared/jqueryui/jquery-ui.min.css?1245370 HTTP/1.1" 200 30288
190.171.153.26 - - [09/Apr/2019:13:37:49 -0300] "GET /cormun/static/SmoothNavMenu/resources/ddsmoothmenu.css?1012540 HTTP/1.1" 200 2223
190.171.153.26 - - [09/Apr/2019:13:37:49 -0300] "GET /cormun/static/SmoothNavMenu/resources/ddsmoothmenu-v.css?1012540 HTTP/1.1" 200 1188
190.171.153.26 - - [09/Apr/2019:13:37:49 -0300] "GET /cormun/static/scaMessage/css/jquery.pnotify.default.css?1716380 HTTP/1.1" 200 1707
190.171.153.26 - - [09/Apr/2019:13:37:49 -0300] "GET /cormun/static/PXToolsJavascripts/pexe_autoreload.js HTTP/1.1" 200 1762
190.171.153.26 - - [09/Apr/2019:13:37:49 -0300] "GET /cormun/static/PXToolsJavascripts/pexe_cookies.js HTTP/1.1" 200 792
190.171.153.26 - - [09/Apr/2019:13:37:49 -0300] "GET /cormun/static/PXToolsJavascripts/pexe_link.js HTTP/1.1" 200 5671
190.171.153.26 - - [09/Apr/2019:13:37:49 -0300] "GET /cormun/static/PXToolsJavascripts/pexe_windows.js HTTP/1.1" 200 15207
190.171.153.26 - - [09/Apr/2019:13:37:49 -0300] "GET /cormun/static/PXToolsJavascripts/pexe_griddivfix.js HTTP/1.1" 200 6644
190.171.153.26 - - [09/Apr/2019:13:37:49 -0300] "GET /cormun/static/PXToolsJavascripts/pexe_grid.js HTTP/1.1" 200 7559
190.171.153.26 - - [09/Apr/2019:13:37:49 -0300] "GET /cormun/static/PXToolsJavascripts/pexe_oav.js HTTP/1.1" 200 645
190.171.153.26 - - [09/Apr/2019:13:37:49 -0300] "GET /cormun/static/PXToolsJavascripts/pexe_layers.js HTTP/1.1" 200 4114
190.171.153.26 - - [09/Apr/2019:13:37:49 -0300] "GET /cormun/static/PXToolsJavascripts/pexe_menudivfix.js HTTP/1.1" 200 333
190.171.153.26 - - [09/Apr/2019:13:37:49 -0300] "GET /cormun/static/PXToolsJavascripts/pexe_menus.js HTTP/1.1" 200 1286
190.171.153.26 - - [09/Apr/2019:13:37:49 -0300] "GET /cormun/static/PXToolsJavascripts/pexe_scrolldiv.js HTTP/1.1" 200 4138
190.171.153.26 - - [09/Apr/2019:13:37:49 -0300] "GET /cormun/static/PXToolsJavascripts/pexe_oavdivfix.js HTTP/1.1" 200 639
190.171.153.26 - - [09/Apr/2019:13:37:49 -0300] "GET /cormun/static/PXToolsJavascripts/pexe_picture.js HTTP/1.1" 200 689
190.171.153.26 - - [09/Apr/2019:13:37:49 -0300] "GET /cormun/static/PXToolsJavascripts/pexe_popup.js HTTP/1.1" 200 13458
190.171.153.26 - - [09/Apr/2019:13:37:49 -0300] "GET /cormun/static/PXToolsJavascripts/pexe_tabs.js HTTP/1.1" 200 3748
190.171.153.26 - - [09/Apr/2019:13:37:49 -0300] "GET /cormun/static/PXToolsJavascripts/pexe_upload.js HTTP/1.1" 200 1423
190.171.153.26 - - [09/Apr/2019:13:37:49 -0300] "GET /cormun/static/PXToolsJavascripts/PXToolsJavascriptsRender.js HTTP/1.1" 200 367
190.171.153.26 - - [09/Apr/2019:13:37:49 -0300] "GET /cormun/static/PXToolsJavascripts/pexe_tabdivfix.js HTTP/1.1" 200 876
190.171.153.26 - - [09/Apr/2019:13:37:49 -0300] "GET /cormun/static/RunJS/RunJS.js HTTP/1.1" 200 288
190.171.153.26 - - [09/Apr/2019:13:37:49 -0300] "GET /cormun/static/hwchdr01.js?201752511465785 HTTP/1.1" 200 1183
190.171.153.26 - - [09/Apr/2019:13:37:49 -0300] "GET /cormun/static/Shared/ext/locale/ext-lang-en.js HTTP/1.1" 200 10940
190.171.153.26 - - [09/Apr/2019:13:37:49 -0300] "GET /cormun/static/hhome.js?20175251212450 HTTP/1.1" 200 777
190.171.153.26 - - [09/Apr/2019:13:37:49 -0300] "GET /cormun/static/hpexe_messagecontroller.js?20177611595012 HTTP/1.1" 200 870
190.171.153.26 - - [09/Apr/2019:13:37:49 -0300] "GET /cormun/static/gxui/gxui-all.js HTTP/1.1" 200 107772
190.171.153.26 - - [09/Apr/2019:13:37:49 -0300] "GET /cormun/static/hpexe_recentlink.js?20177611595044 HTTP/1.1" 200 2144
190.171.153.26 - - [09/Apr/2019:13:37:49 -0300] "GET /cormun/static/hpexe_scripts.js?201752511465715 HTTP/1.1" 200 1544
190.171.153.26 - - [09/Apr/2019:13:37:49 -0300] "GET /cormun/static/hpexe_messagepopupcomponent.js?20161017169425 HTTP/1.1" 200 605
190.171.153.26 - - [09/Apr/2019:13:37:49 -0300] "GET /cormun/static/hpexe_messagegenexuscomponent.js?201752511465344 HTTP/1.1" 200 587
190.171.153.26 - - [09/Apr/2019:13:37:49 -0300] "GET /cormun/static/cmcontrolpreferences.js?201752511465670 HTTP/1.1" 200 1375
190.171.153.26 - - [09/Apr/2019:13:37:49 -0300] "GET /cormun/static/Shared/jquery/jquery-1.4.2.min.js HTTP/1.1" 200 72174
190.171.153.26 - - [09/Apr/2019:13:37:49 -0300] "GET /cormun/static/SmoothNavMenu/resources/ddsmoothmenu.js HTTP/1.1" 200 12712
190.171.153.26 - - [09/Apr/2019:13:37:50 -0300] "GET /cormun/static/SmoothNavMenu/resources/SmoothNavMenuRender.js HTTP/1.1" 200 5951
190.171.153.26 - - [09/Apr/2019:13:37:50 -0300] "GET /cormun/static/scaMessage/js/jquery.pnotify.min.js HTTP/1.1" 200 13038
190.171.153.26 - - [09/Apr/2019:13:37:50 -0300] "GET /cormun/static/scaMessage/scaMessageRender.js HTTP/1.1" 200 11977
190.171.153.26 - - [09/Apr/2019:13:37:50 -0300] "GET /cormun/static/Shared/jquery/jquery-1.10.2.min.js HTTP/1.1" 200 273199
190.171.153.26 - - [09/Apr/2019:13:37:50 -0300] "GET /cormun/static/hmpwkw03.js?20189613443875 HTTP/1.1" 200 3965
190.171.153.26 - - [09/Apr/2019:13:37:50 -0300] "GET /cormun/static/Resources/logo4.png HTTP/1.1" 200 6582
190.171.153.26 - - [09/Apr/2019:13:37:50 -0300] "GET /cormun/static/Resources/PXToolsHeaderActionsLeft.png HTTP/1.1" 200 1118
190.171.153.26 - - [09/Apr/2019:13:37:50 -0300] "GET /cormun/static/Shared/jqueryui/jquery-ui.min.js HTTP/1.1" 200 240427
190.171.153.26 - - [09/Apr/2019:13:37:50 -0300] "GET /cormun/static/Resources/PXToolsHeaderHome.png HTTP/1.1" 200 4147
190.171.153.26 - - [09/Apr/2019:13:37:50 -0300] "GET /cormun/static/Resources/PXToolsHeaderLogin.png HTTP/1.1" 200 4279
190.171.153.26 - - [09/Apr/2019:13:37:50 -0300] "GET /cormun/static/Resources/PXToolsHeaderPreferences.png HTTP/1.1" 200 4189
190.171.153.26 - - [09/Apr/2019:13:37:50 -0300] "GET /cormun/static/Resources/PXToolsHeaderSecurity.png HTTP/1.1" 200 4166
190.171.153.26 - - [09/Apr/2019:13:37:50 -0300] "GET /cormun/static/Resources/PXToolsHeaderActionsRight.png HTTP/1.1" 200 1201
190.171.153.26 - - [09/Apr/2019:13:37:50 -0300] "GET /cormun/static/Resources/PXToolsFooterBackground2.png HTTP/1.1" 200 1172
190.171.153.26 - - [09/Apr/2019:13:37:50 -0300] "GET /cormun/static/Resources/PXToolsHeaderBackground2.png HTTP/1.1" 200 1174
190.171.153.26 - - [09/Apr/2019:13:37:50 -0300] "GET /cormun/static/Resources/PXToolsHeaderActionsBackground.png HTTP/1.1" 200 484
190.171.153.26 - - [09/Apr/2019:13:37:50 -0300] "GET /cormun/static/Resources/PXToolsDataTitle.png HTTP/1.1" 200 1173
190.171.153.26 - - [09/Apr/2019:13:37:51 -0300] "GET /cormun/static/Shared/ext/ext-all.js HTTP/1.1" 200 1289687
190.171.153.26 - - [09/Apr/2019:13:37:52 -0300] "GET /cormun/servlet/hhome HTTP/1.1" 200 3998
190.171.153.26 - - [09/Apr/2019:13:37:52 -0300] "GET /cormun/static/SmoothNavMenu/resources/images/down.gif HTTP/1.1" 200 854
190.171.153.26 - - [09/Apr/2019:13:37:56 -0300] "GET /cormun/servlet/trpermisosgoce? HTTP/1.1" 200 8381
190.171.153.26 - - [09/Apr/2019:13:37:56 -0300] "GET /cormun/static/calendar-system.css?75620 HTTP/1.1" 200 5572
190.171.153.26 - - [09/Apr/2019:13:37:56 -0300] "GET /cormun/static/gxcfg.js?20177612163875 HTTP/1.1" 200 953
190.171.153.26 - - [09/Apr/2019:13:37:56 -0300] "GET /cormun/static/calendar.js?85251 HTTP/1.1" 200 26246
