200.111.191.210 - - [09/Apr/2019:10:58:47 -0300] "GET /cormun/servlet/permisogoce?eff915ef72af23855d4e6ce3d6cfafba11b783d94897e2001db971d12f888c19e5a305eac9c4e4ee6bd9a5989977b8a140b47f87edd8dcebab2ecb6d69abb946,gx-no-cache=1554818161440 HTTP/1.1" 200 47
200.112.233.47 - - [09/Apr/2019:10:58:52 -0300] "POST /cormun/servlet/trpermisosgoce?e01936052f3c2e91d9fb78360b0a1d78,,gx-no-cache=1554818108475 HTTP/1.1" 200 5571
200.112.233.47 - - [09/Apr/2019:10:58:52 -0300] "GET /cormun/static/Shared/jqueryui/images/ui-bg_highlight-soft_100_c6c2c8_1x100.png HTTP/1.1" 404 1117
200.112.233.47 - - [09/Apr/2019:10:58:52 -0300] "GET /cormun/static/Shared/jqueryui/images/ui-icons_82798d_256x240.png HTTP/1.1" 404 1089
200.112.233.47 - - [09/Apr/2019:10:58:52 -0300] "GET /cormun/static/Shared/jqueryui/images/ui-bg_flat_55_fafafa_40x100.png HTTP/1.1" 404 1097
200.112.233.47 - - [09/Apr/2019:10:58:52 -0300] "GET /cormun/static/Shared/jqueryui/images/ui-icons_8d78a5_256x240.png HTTP/1.1" 404 1089
190.171.142.42 - - [09/Apr/2019:10:58:53 -0300] "GET /cormun/servlet/hhome HTTP/1.1" 200 3417
190.171.142.42 - - [09/Apr/2019:10:58:54 -0300] "GET /cormun/servlet/hlogin HTTP/1.1" 200 1734
190.171.142.42 - - [09/Apr/2019:10:58:54 -0300] "GET /cormun/servlet/hhome HTTP/1.1" 200 3427
200.111.191.210 - - [09/Apr/2019:10:58:55 -0300] "POST /cormun/servlet/permisogoce?713716b4b767daa8aea294f92ea2b0bd,INS,0,,,,gx-no-cache=1554818169033 HTTP/1.1" 200 93
200.111.191.210 - - [09/Apr/2019:10:58:55 -0300] "GET /cormun/servlet/hpexe_return? HTTP/1.1" 200 1013
200.111.191.210 - - [09/Apr/2019:10:58:56 -0300] "GET /cormun/servlet/trpermisosgoce HTTP/1.1" 200 17279
200.111.191.210 - - [09/Apr/2019:10:58:56 -0300] "GET /cormun/servlet/trpermisosgoce HTTP/1.1" 200 17283
200.111.191.210 - - [09/Apr/2019:10:58:59 -0300] "GET /cormun/servlet/apermisogoceprn?16348726,P,20190409115152,PU HTTP/1.1" 200 1657
190.171.142.42 - - [09/Apr/2019:10:59:02 -0300] "POST /cormun/servlet/hlogin?fd07f13ba63b87d717f7260ddfe135c2,gx-no-cache=1554818121833 HTTP/1.1" 200 90
190.171.142.42 - - [09/Apr/2019:10:59:02 -0300] "GET /cormun/servlet/hpexe_link HTTP/1.1" 200 949
190.171.142.42 - - [09/Apr/2019:10:59:02 -0300] "GET /cormun/servlet/hhome HTTP/1.1" 200 4289
190.171.142.42 - - [09/Apr/2019:10:59:02 -0300] "GET /cormun/servlet/hhome HTTP/1.1" 200 4285
200.112.233.47 - - [09/Apr/2019:10:59:04 -0300] "GET /cormun/servlet/trautorizarpermisogoce? HTTP/1.1" 200 8011
200.112.233.47 - - [09/Apr/2019:10:59:04 -0300] "GET /cormun/static/gxcfg.js?20177612165975 HTTP/1.1" 200 953
200.112.233.47 - - [09/Apr/2019:10:59:04 -0300] "GET /cormun/static/trautorizarpermisogoce.js?2017761217384 HTTP/1.1" 200 34948
200.112.233.47 - - [09/Apr/2019:10:59:05 -0300] "GET /cormun/servlet/trautorizarpermisogoce? HTTP/1.1" 200 8011
190.171.149.90 - - [09/Apr/2019:10:59:05 -0300] "GET /cormun/servlet/prfichaempleado?,MD,,gxPopupLevel%3D0%3B HTTP/1.1" 200 9379
190.171.142.42 - - [09/Apr/2019:10:59:07 -0300] "GET /cormun/servlet/trsolicitudot? HTTP/1.1" 200 7505
190.171.142.42 - - [09/Apr/2019:10:59:07 -0300] "GET /cormun/static/gxui/gxui-all.css?120300 HTTP/1.1" 200 2179
190.171.142.42 - - [09/Apr/2019:10:59:07 -0300] "GET /cormun/static/gxcfg.js?2017111422585916 HTTP/1.1" 200 953
190.171.142.42 - - [09/Apr/2019:10:59:07 -0300] "GET /cormun/static/calendar-system.css?85620 HTTP/1.1" 200 5572
190.171.142.42 - - [09/Apr/2019:10:59:07 -0300] "GET /cormun/static/Resources/Spanish/PXTools.css?1255365 HTTP/1.1" 200 89042
190.171.142.42 - - [09/Apr/2019:10:59:07 -0300] "GET /cormun/static/trsolicitudot.js?201711142259839 HTTP/1.1" 200 54041
190.171.142.42 - - [09/Apr/2019:10:59:07 -0300] "GET /cormun/static/Shared/ext/resources/css/ext-all.css?215870 HTTP/1.1" 200 416045
190.171.142.42 - - [09/Apr/2019:10:59:08 -0300] "GET /cormun/servlet/trsolicitudot? HTTP/1.1" 200 7505
200.112.233.47 - - [09/Apr/2019:10:59:11 -0300] "POST /cormun/servlet/trautorizarpermisogoce?e01936052f3c2e91d9fb78360b0a1d78,,gx-no-cache=1554818126931 HTTP/1.1" 200 4440
200.112.233.47 - - [09/Apr/2019:10:59:11 -0300] "GET /cormun/static/Shared/jqueryui/images/ui-bg_highlight-soft_100_c6c2c8_1x100.png HTTP/1.1" 404 1117
200.112.233.47 - - [09/Apr/2019:10:59:11 -0300] "GET /cormun/static/Shared/jqueryui/images/ui-icons_82798d_256x240.png HTTP/1.1" 404 1089
200.112.233.47 - - [09/Apr/2019:10:59:11 -0300] "GET /cormun/static/Shared/jqueryui/images/ui-icons_8d78a5_256x240.png HTTP/1.1" 404 1089
200.112.233.47 - - [09/Apr/2019:10:59:11 -0300] "GET /cormun/static/Shared/jqueryui/images/ui-bg_flat_55_fafafa_40x100.png HTTP/1.1" 404 1097
190.171.142.42 - - [09/Apr/2019:10:59:17 -0300] "GET /cormun/servlet/solicitudot?INS,0,0, HTTP/1.1" 200 15183
190.171.142.42 - - [09/Apr/2019:10:59:17 -0300] "GET /cormun/static/gxcfg.js?20189101114418 HTTP/1.1" 200 953
190.171.142.42 - - [09/Apr/2019:10:59:17 -0300] "GET /cormun/static/Resources/prompt.gif HTTP/1.1" 200 902
190.171.142.42 - - [09/Apr/2019:10:59:17 -0300] "GET /cormun/static/solicitudot.js?20189101114718 HTTP/1.1" 200 71883
190.171.142.42 - - [09/Apr/2019:10:59:18 -0300] "GET /cormun/servlet/solicitudot?INS,0,0, HTTP/1.1" 200 15188
190.171.149.90 - - [09/Apr/2019:10:59:20 -0300] "POST /cormun/servlet/prfichaempleado?9bbe42155f2cca1d4e82c7c9d663083b,,MD,,gxPopupLevel%3D0%3B,gx-no-cache=1554818134802 HTTP/1.1" 200 3416
200.112.233.47 - - [09/Apr/2019:10:59:22 -0300] "GET /cormun/servlet/trpermisosgoce? HTTP/1.1" 200 8455
200.112.233.47 - - [09/Apr/2019:10:59:22 -0300] "GET /cormun/servlet/trpermisosgoce? HTTP/1.1" 200 8454
190.171.142.42 - - [09/Apr/2019:10:59:22 -0300] "GET /cormun/static/Resources/resize.gif HTTP/1.1" 200 77
190.171.142.42 - - [09/Apr/2019:10:59:23 -0300] "GET /cormun/servlet/prfichaempleado?,MD,,gxPopupLevel%3D0%3B HTTP/1.1" 200 9378
190.171.142.42 - - [09/Apr/2019:10:59:23 -0300] "GET /cormun/static/gxcfg.js?20177612134814 HTTP/1.1" 200 953
190.171.142.42 - - [09/Apr/2019:10:59:23 -0300] "GET /cormun/static/Resources/PXToolsMenuSearch.png HTTP/1.1" 200 2914
190.171.142.42 - - [09/Apr/2019:10:59:23 -0300] "GET /cormun/static/Resources/PXToolsMenuSearchCancel.png HTTP/1.1" 200 2972
190.171.142.42 - - [09/Apr/2019:10:59:23 -0300] "GET /cormun/static/prfichaempleado.js?20177612134999 HTTP/1.1" 200 16006
190.171.142.42 - - [09/Apr/2019:10:59:23 -0300] "GET /cormun/static/hmpwkw011.js?20177612121862 HTTP/1.1" 200 1968
190.171.142.42 - - [09/Apr/2019:10:59:23 -0300] "GET /cormun/static/menusearch.js?201610171694467 HTTP/1.1" 200 1424
186.67.164.138 - - [09/Apr/2019:10:59:27 -0300] "POST /cormun/servlet/permisosadjuntos?3f6e8601de5e1763c9e08308528483c6,DLT,10669260,P,20190409110400,20190409115057,,gx-no-cache=1554818144325 HTTP/1.1" 200 93
186.67.164.138 - - [09/Apr/2019:10:59:27 -0300] "GET /cormun/servlet/hpexe_return? HTTP/1.1" 200 1046
186.67.164.138 - - [09/Apr/2019:10:59:28 -0300] "GET /cormun/servlet/trpermisosadjuntos?10669260,20190409110400,P, HTTP/1.1" 200 6808
190.171.149.90 - - [09/Apr/2019:10:59:28 -0300] "POST /cormun/servlet/solicitudot?gx-no-cache=1554818143077 HTTP/1.1" 200 1333
190.171.149.90 - - [09/Apr/2019:10:59:28 -0300] "GET /cormun/static/menuarrow.gif HTTP/1.1" 404 1015
186.67.164.138 - - [09/Apr/2019:10:59:29 -0300] "GET /cormun/servlet/trpermisosadjuntos?10669260,20190409110400,P, HTTP/1.1" 200 6803
190.171.149.90 - - [09/Apr/2019:10:59:33 -0300] "GET /cormun/servlet/prlicenciaspermisos?18015367,L,,MD,,gxPopupLevel%3D0%3B HTTP/1.1" 200 5554
190.171.149.90 - - [09/Apr/2019:10:59:33 -0300] "GET /cormun/static/Resources/Spanish/PXTools.css?17315867 HTTP/1.1" 200 65536
190.171.149.90 - - [09/Apr/2019:10:59:33 -0300] "GET /cormun/static/gxcfg.js?20176272053834 HTTP/1.1" 200 953
186.67.164.138 - - [09/Apr/2019:10:59:33 -0300] "GET /cormun/servlet/permisosadjuntos?DLT,10669260,P,20190409110400,20190409115057, HTTP/1.1" 200 5733
190.171.149.90 - - [09/Apr/2019:10:59:34 -0300] "GET /cormun/static/prlicenciaspermisos.js?20176272054050 HTTP/1.1" 200 13379
186.67.164.138 - - [09/Apr/2019:10:59:34 -0300] "GET /cormun/PublicTempStorage/maria_antil_marmolejo5444382.pdf HTTP/1.1" 200 518008
186.67.164.138 - - [09/Apr/2019:10:59:34 -0300] "GET /cormun/static/Shared/jqueryui/images/ui-bg_highlight-soft_100_c6c2c8_1x100.png HTTP/1.1" 404 1117
186.67.164.138 - - [09/Apr/2019:10:59:34 -0300] "GET /cormun/static/Shared/jqueryui/images/ui-icons_82798d_256x240.png HTTP/1.1" 404 1089
186.67.164.138 - - [09/Apr/2019:10:59:34 -0300] "GET /cormun/static/Shared/jqueryui/images/ui-bg_flat_55_fafafa_40x100.png HTTP/1.1" 404 1097
186.67.164.138 - - [09/Apr/2019:10:59:34 -0300] "GET /cormun/static/Shared/jqueryui/images/ui-icons_8d78a5_256x240.png HTTP/1.1" 404 1089
186.67.164.138 - - [09/Apr/2019:10:59:34 -0300] "GET /cormun/servlet/permisosadjuntos?DLT,10669260,P,20190409110400,20190409115057, HTTP/1.1" 200 5723
186.67.164.138 - - [09/Apr/2019:10:59:38 -0300] "POST /cormun/servlet/permisosadjuntos?3f6e8601de5e1763c9e08308528483c6,DLT,10669260,P,20190409110400,20190409115057,,gx-no-cache=1554818154851 HTTP/1.1" 200 93
186.67.164.138 - - [09/Apr/2019:10:59:38 -0300] "GET /cormun/servlet/hpexe_return? HTTP/1.1" 200 1046
186.67.164.138 - - [09/Apr/2019:10:59:38 -0300] "GET /cormun/servlet/trpermisosadjuntos?10669260,20190409110400,P, HTTP/1.1" 200 6730
186.67.164.138 - - [09/Apr/2019:10:59:39 -0300] "GET /cormun/servlet/trpermisosadjuntos?10669260,20190409110400,P, HTTP/1.1" 200 6727
190.171.142.42 - - [09/Apr/2019:10:59:43 -0300] "POST /cormun/servlet/prfichaempleado?fd07f13ba63b87d717f7260ddfe135c2,,MD,,gxPopupLevel%3D0%3B,gx-no-cache=1554818162991 HTTP/1.1" 200 3532
186.67.164.138 - - [09/Apr/2019:10:59:45 -0300] "GET /cormun/servlet/permisosadjuntos?DLT,10669260,P,20190409110400,20190409115057, HTTP/1.1" 200 5661
186.67.164.138 - - [09/Apr/2019:10:59:45 -0300] "GET /cormun/static/about:blank HTTP/1.1" 404 1011
186.67.164.138 - - [09/Apr/2019:10:59:46 -0300] "GET /cormun/servlet/permisosadjuntos?DLT,10669260,P,20190409110400,20190409115057, HTTP/1.1" 200 5650
190.171.149.90 - - [09/Apr/2019:10:59:49 -0300] "POST /cormun/servlet/solicitudot?gx-no-cache=1554818163947 HTTP/1.1" 200 41
190.171.142.42 - - [09/Apr/2019:10:59:49 -0300] "POST /cormun/servlet/solicitudot?gx-no-cache=1554818168915 HTTP/1.1" 200 3594
190.171.142.42 - - [09/Apr/2019:10:59:49 -0300] "POST /cormun/servlet/solicitudot?fd07f13ba63b87d717f7260ddfe135c2,INS,0,0,,gx-no-cache=1554818169175 HTTP/1.1" 200 12031
186.67.164.138 - - [09/Apr/2019:10:59:50 -0300] "GET /cormun/servlet/trpermisosadjuntos?10669260,20190409110400,P, HTTP/1.1" 200 6730
186.67.164.138 - - [09/Apr/2019:10:59:51 -0300] "GET /cormun/servlet/trpermisosadjuntos?10669260,20190409110400,P, HTTP/1.1" 200 6727
186.67.164.138 - - [09/Apr/2019:10:59:56 -0300] "GET /cormun/servlet/trpermisosgoce? HTTP/1.1" 200 11433
190.171.149.90 - - [09/Apr/2019:10:59:56 -0300] "GET /cormun/servlet/prlicenciaspermisos?18015367,L,,MD,,gxPopupLevel%3D0%3B HTTP/1.1" 200 5554
186.67.164.138 - - [09/Apr/2019:10:59:57 -0300] "GET /cormun/servlet/trpermisosgoce? HTTP/1.1" 200 11424
190.171.149.90 - - [09/Apr/2019:11:00:13 -0300] "POST /cormun/servlet/solicitudot?gx-no-cache=1554818186303 HTTP/1.1" 200 41
190.171.149.90 - - [09/Apr/2019:11:00:15 -0300] "GET /cormun/servlet/solicitudot?b9ff187790c64884e0c07477231f46a7274f21b860e0137bcf3f072889641a78ab859698878bf930d353578818e9da37df22941cd9ee2481ca28fafd5bbe8d1ddd76d343cd5f62f3f06ffaef568f4bd0c5ffc92513b21c6e8f3818ce294af7c875feaf5a35855b5a6ab18f10262f2cb1,gx-no-cache=1554818187976 HTTP/1.1" 200 110
190.171.149.90 - - [09/Apr/2019:11:00:16 -0300] "POST /cormun/servlet/solicitudot?gx-no-cache=1554818190694 HTTP/1.1" 200 72
190.171.142.42 - - [09/Apr/2019:11:00:18 -0300] "GET /cormun/servlet/solicitudot?38e4701d7c166f1ffbf9c810dcccce8e3df11a5a0c3febbb9bd7bede8a0f2148f42cad0de5f3fdba3379957842d7b6ec,gx-no-cache=1554818197617 HTTP/1.1" 200 30
190.171.142.42 - - [09/Apr/2019:11:00:18 -0300] "GET /cormun/servlet/solicitudot?38e4701d7c166f1ffbf9c810dcccce8eb939dc34f6a1e41066f7c3a80eccdf9baa19676cb684dfa075ad784003060ca821601f37ac6bff5b9e7523efe559a56f,gx-no-cache=1554818197705 HTTP/1.1" 200 30
190.171.142.42 - - [09/Apr/2019:11:00:18 -0300] "GET /cormun/servlet/solicitudot?38e4701d7c166f1ffbf9c810dcccce8e3f03588ae1f586743bce5ac68507e37d,gx-no-cache=1554818197760 HTTP/1.1" 200 53
186.67.164.138 - - [09/Apr/2019:11:00:19 -0300] "GET /cormun/servlet/apermisogoceprn?10669260,P,20190409110400,PU HTTP/1.1" 200 1649
190.171.149.90 - - [09/Apr/2019:11:00:23 -0300] "GET /cormun/servlet/solicitudot?b9ff187790c64884e0c07477231f46a7edb9eb512a2fbe535cdaad81b8f34f1e77206790819abc92c8321daa1bdca3a60b2b1aa96b2861c5b101808fc933d66fa90354c7a9dc0ec9d2ad44aa222c248a3af6402b1ed5a6f1dd78364af167f5ddce6f778be5267c08d38ab9fb5ce72112,gx-no-cache=1554818198433 HTTP/1.1" 200 29
190.171.142.42 - - [09/Apr/2019:11:00:28 -0300] "POST /cormun/servlet/solicitudot?gx-no-cache=1554818208257 HTTP/1.1" 200 256
190.171.142.42 - - [09/Apr/2019:11:00:28 -0300] "GET /cormun/servlet/solicitudot?38e4701d7c166f1ffbf9c810dcccce8e61a4d6caea2e6905b6d9e701e69a35fcbda1a2b9b4c5d2a36a98cd507d29dabbafbcab93e814882aa7242aea1c71857c94b5255b7b6761fb204e58f959a25f114cefa4ea8bb21dfbeb5d0fb432eff2327d08ba5c67fe3dbedccfd9e7fe795d23fad4cb30807cbf485250b3d2442a452b01a48feb5a3921f7465d9a5c5c2e8f1a5c90fa49f4dd88e70a4e4d23132b0f4854ca38e1a6729ae2e56a9cff5282d6a874763764941b5783fe0f71b0439613591d86f5d5f9bb54c83ac12bd0a7cd19235e84997dc3a9bd35796d11dc4236229a521958107182e9f957a4e6c19b02acea582bc45d2a151186bcf3e60d09fc3a25a56d73abc7a8dde293f034659e317adf19b4e9b9ec4d30fcc2ee612a8d07461b0ad5151dd2699385d85cc71a7113a2619725a3d303707956a80e3b5f1d9a4b170f50cb38130845e28c1d4f68295cd1c567b63604dd1d3bad0f5b51a5dab056dcc980cd0a820ff9e4faa7a0ec7a4ce3f7320d16126130130eea4bfed67487ca44,gx-no-cache=1554818208303 HTTP/1.1" 200 30
190.171.149.90 - - [09/Apr/2019:11:00:28 -0300] "GET /cormun/servlet/solicitudot?b9ff187790c64884e0c07477231f46a7ff828d45856d5caf62fd748d3e28654ef9df169b44bd00e705ef8a0cb1a0e26a,gx-no-cache=1554818203515 HTTP/1.1" 200 30
190.171.149.90 - - [09/Apr/2019:11:00:28 -0300] "POST /cormun/servlet/solicitudot?gx-no-cache=1554818203591 HTTP/1.1" 200 34
186.67.164.138 - - [09/Apr/2019:11:00:43 -0300] "POST /cormun/servlet/trpermisosgoce?3f6e8601de5e1763c9e08308528483c6,,gx-no-cache=1554818219875 HTTP/1.1" 200 8619
186.67.164.138 - - [09/Apr/2019:11:00:43 -0300] "GET /cormun/static/Shared/jqueryui/images/ui-bg_highlight-soft_100_c6c2c8_1x100.png HTTP/1.1" 404 1117
186.67.164.138 - - [09/Apr/2019:11:00:44 -0300] "GET /cormun/static/Shared/jqueryui/images/ui-bg_flat_55_fafafa_40x100.png HTTP/1.1" 404 1097
186.67.164.138 - - [09/Apr/2019:11:00:44 -0300] "GET /cormun/static/Shared/jqueryui/images/ui-icons_82798d_256x240.png HTTP/1.1" 404 1089
186.67.164.138 - - [09/Apr/2019:11:00:44 -0300] "GET /cormun/static/Shared/jqueryui/images/ui-icons_8d78a5_256x240.png HTTP/1.1" 404 1089
190.171.149.90 - - [09/Apr/2019:11:00:49 -0300] "POST /cormun/servlet/solicitudot?9bbe42155f2cca1d4e82c7c9d663083b,INS,0,0,,gx-no-cache=1554818223749 HTTP/1.1" 200 93
190.171.149.90 - - [09/Apr/2019:11:00:49 -0300] "GET /cormun/servlet/hpexe_return? HTTP/1.1" 200 1002
190.171.149.90 - - [09/Apr/2019:11:00:49 -0300] "GET /cormun/static/gxcfg.js?2016101716175148 HTTP/1.1" 200 953
190.171.149.90 - - [09/Apr/2019:11:00:50 -0300] "GET /cormun/servlet/hhome HTTP/1.1" 200 4294
190.171.149.90 - - [09/Apr/2019:11:00:50 -0300] "GET /cormun/static/gxcfg.js?20175251212442 HTTP/1.1" 200 953
190.171.149.90 - - [09/Apr/2019:11:00:50 -0300] "GET /cormun/static/hhome.js?20175251212450 HTTP/1.1" 200 777
190.171.142.42 - - [09/Apr/2019:11:00:50 -0300] "POST /cormun/servlet/solicitudot?gx-no-cache=1554818230245 HTTP/1.1" 200 30
190.171.142.42 - - [09/Apr/2019:11:00:50 -0300] "POST /cormun/servlet/solicitudot?gx-no-cache=1554818230308 HTTP/1.1" 200 1334
190.171.142.42 - - [09/Apr/2019:11:00:50 -0300] "POST /cormun/servlet/solicitudot?gx-no-cache=1554818230398 HTTP/1.1" 200 38
190.171.142.42 - - [09/Apr/2019:11:00:50 -0300] "GET /cormun/servlet/solicitudot?38e4701d7c166f1ffbf9c810dcccce8ea8e22b5ee3392363b21bbb0c9a8a0c1fb274e7af63734c30f6a64f6588ed2f7d3a6eaa7f48f5642d3a1dac8eda061f8a2b79bc7635a9b1925edf9da1bce591759ee20996e732f71643c3cae168475911334fd90f1f432012f863a925644ac45d,gx-no-cache=1554818230432 HTTP/1.1" 200 110
190.171.142.42 - - [09/Apr/2019:11:00:50 -0300] "POST /cormun/servlet/solicitudot?gx-no-cache=1554818230479 HTTP/1.1" 200 72
190.171.149.90 - - [09/Apr/2019:11:00:50 -0300] "GET /cormun/servlet/hhome HTTP/1.1" 200 4288
190.171.142.42 - - [09/Apr/2019:11:00:50 -0300] "GET /cormun/servlet/solicitudot?38e4701d7c166f1ffbf9c810dcccce8e30436b44e87a8cf9d24b320ae4b412433f5e42019eeb5a8fbb0c436b2c1d5d05162ab82ab6884c0d6a3cd1f8d3050b765d55e0a48a0ad3d19bf941d383cf220e843e7326cf554694a873f52df817edbc9fb68b49658de5b395f5e27f07ef604a,gx-no-cache=1554818230526 HTTP/1.1" 200 29
190.171.149.90 - - [09/Apr/2019:11:01:03 -0300] "GET /cormun/servlet/trlicencias? HTTP/1.1" 200 9518
190.171.149.90 - - [09/Apr/2019:11:01:03 -0300] "GET /cormun/static/gxcfg.js?20176272054169 HTTP/1.1" 200 953
190.171.149.90 - - [09/Apr/2019:11:01:04 -0300] "GET /cormun//static/Resources/PXToolsActionPrint.png HTTP/1.1" 200 3317
190.171.149.90 - - [09/Apr/2019:11:01:04 -0300] "GET /cormun//static/Resources/PXToolsHeaderHelp.png HTTP/1.1" 200 4055
190.171.149.90 - - [09/Apr/2019:11:01:04 -0300] "GET /cormun/servlet/trlicencias? HTTP/1.1" 200 9516
190.171.142.42 - - [09/Apr/2019:11:01:14 -0300] "POST /cormun/servlet/solicitudot?gx-no-cache=1554818254133 HTTP/1.1" 200 1334
190.171.142.42 - - [09/Apr/2019:11:01:14 -0300] "POST /cormun/servlet/solicitudot?gx-no-cache=1554818254342 HTTP/1.1" 200 38
190.171.142.42 - - [09/Apr/2019:11:01:14 -0300] "GET /cormun/servlet/solicitudot?38e4701d7c166f1ffbf9c810dcccce8ea8e22b5ee3392363b21bbb0c9a8a0c1fb274e7af63734c30f6a64f6588ed2f7d3a6eaa7f48f5642d3a1dac8eda061f8a2b79bc7635a9b1925edf9da1bce591759ee20996e732f71643c3cae168475911334fd90f1f432012f863a925644ac45d,gx-no-cache=1554818254377 HTTP/1.1" 200 110
190.171.149.90 - - [09/Apr/2019:11:01:23 -0300] "POST /cormun/servlet/trlicencias?9bbe42155f2cca1d4e82c7c9d663083b,,gx-no-cache=1554818257976 HTTP/1.1" 200 6865
190.171.149.90 - - [09/Apr/2019:11:01:24 -0300] "GET /cormun/static/Shared/jqueryui/images/ui-icons_82798d_256x240.png HTTP/1.1" 404 1089
190.171.149.90 - - [09/Apr/2019:11:01:24 -0300] "GET /cormun/static/Shared/jqueryui/images/ui-icons_8d78a5_256x240.png HTTP/1.1" 404 1089
190.171.149.90 - - [09/Apr/2019:11:01:24 -0300] "GET /cormun/static/Shared/jqueryui/images/ui-bg_flat_55_fafafa_40x100.png HTTP/1.1" 404 1097
190.171.149.90 - - [09/Apr/2019:11:01:27 -0300] "GET /cormun/static/Shared/jqueryui/images/ui-bg_highlight-soft_100_c6c2c8_1x100.png HTTP/1.1" 404 1117
186.67.164.138 - - [09/Apr/2019:11:01:30 -0300] "GET /cormun/servlet/trpermisosadjuntos?17138580,20190409110255,P, HTTP/1.1" 200 6190
186.67.164.138 - - [09/Apr/2019:11:01:31 -0300] "GET /cormun/servlet/trpermisosadjuntos?17138580,20190409110255,P, HTTP/1.1" 200 6191
190.171.149.90 - - [09/Apr/2019:11:01:34 -0300] "GET /cormun/servlet/licenciaspermisos?INS,0,,, HTTP/1.1" 200 7830
190.171.149.90 - - [09/Apr/2019:11:01:34 -0300] "GET /cormun/static/Resources/Spanish/PXTools.css?17315867 HTTP/1.1" 200 57344
190.171.149.90 - - [09/Apr/2019:11:01:34 -0300] "GET /cormun/static/gxcfg.js?201762917281167 HTTP/1.1" 200 953
186.67.164.138 - - [09/Apr/2019:11:01:35 -0300] "GET /cormun/servlet/permisosadjuntos?INS,17138580,P,20190409110255,, HTTP/1.1" 200 5698
186.67.164.138 - - [09/Apr/2019:11:01:36 -0300] "GET /cormun/static/about:blank HTTP/1.1" 404 1011
186.67.164.138 - - [09/Apr/2019:11:01:36 -0300] "GET /cormun/servlet/permisosadjuntos?INS,17138580,P,20190409110255,, HTTP/1.1" 200 5689
190.171.149.90 - - [09/Apr/2019:11:01:37 -0300] "GET /cormun/static/licenciaspermisos.js?201762917281260 HTTP/1.1" 200 37491
190.171.149.90 - - [09/Apr/2019:11:01:38 -0300] "GET /cormun/servlet/licenciaspermisos?INS,0,,, HTTP/1.1" 200 7838
186.67.164.138 - - [09/Apr/2019:11:01:41 -0300] "POST /cormun/servlet/permisosadjuntos?3f6e8601de5e1763c9e08308528483c6,INS,17138580,P,20190409110255,, HTTP/1.1" 200 116
186.67.164.138 - - [09/Apr/2019:11:01:42 -0300] "GET /cormun/servlet/hpexe_return? HTTP/1.1" 200 1043
186.67.164.138 - - [09/Apr/2019:11:01:42 -0300] "GET /cormun/servlet/trpermisosadjuntos?17138580,20190409110255,P, HTTP/1.1" 200 6727
186.67.164.138 - - [09/Apr/2019:11:01:43 -0300] "GET /cormun/servlet/trpermisosadjuntos?17138580,20190409110255,P, HTTP/1.1" 200 6724
190.171.149.90 - - [09/Apr/2019:11:01:49 -0300] "GET /cormun/servlet/trsolicitudot? HTTP/1.1" 200 8901
190.171.149.90 - - [09/Apr/2019:11:01:49 -0300] "GET /cormun/static/gxui/gxui-all.css?120300 HTTP/1.1" 200 2179
190.171.149.90 - - [09/Apr/2019:11:01:49 -0300] "GET /cormun//static/Resources/PXToolsActionView.png HTTP/1.1" 304 -
190.171.149.90 - - [09/Apr/2019:11:01:49 -0300] "GET /cormun/servlet/trsolicitudot? HTTP/1.1" 200 8892
190.171.149.90 - - [09/Apr/2019:11:01:51 -0300] "GET /cormun//static/Resources/PXToolsRemoveAllAction.png HTTP/1.1" 304 -
190.171.143.82 - - [09/Apr/2019:11:01:52 -0300] "GET /cormun/servlet/trfichaempleado? HTTP/1.1" 200 14688
186.67.164.138 - - [09/Apr/2019:11:01:54 -0300] "GET /cormun/servlet/permisosadjuntos?INS,17138580,P,20190409110255,, HTTP/1.1" 200 5700
186.67.164.138 - - [09/Apr/2019:11:01:55 -0300] "GET /cormun/servlet/permisosadjuntos?INS,17138580,P,20190409110255,, HTTP/1.1" 200 5690
186.67.164.138 - - [09/Apr/2019:11:01:56 -0300] "GET /cormun/servlet/trpermisosadjuntos?17138580,20190409110255,P, HTTP/1.1" 200 6724
186.67.164.138 - - [09/Apr/2019:11:01:57 -0300] "GET /cormun/servlet/trpermisosadjuntos?17138580,20190409110255,P, HTTP/1.1" 200 6725
186.67.164.138 - - [09/Apr/2019:11:02:00 -0300] "GET /cormun/servlet/trpermisosgoce? HTTP/1.1" 200 11439
186.67.164.138 - - [09/Apr/2019:11:02:01 -0300] "GET /cormun/servlet/trpermisosgoce? HTTP/1.1" 200 11439
186.67.164.138 - - [09/Apr/2019:11:02:05 -0300] "GET /cormun/servlet/apermisogoceprn?17138580,P,20190409110255,PU HTTP/1.1" 200 1658
190.171.142.42 - - [09/Apr/2019:11:02:07 -0300] "POST /cormun/servlet/solicitudot?gx-no-cache=1554818306789 HTTP/1.1" 200 91
190.171.149.90 - - [09/Apr/2019:11:02:16 -0300] "POST /cormun/servlet/trsolicitudot?9bbe42155f2cca1d4e82c7c9d663083b,,gx-no-cache=1554818310413 HTTP/1.1" 200 4769
190.171.149.90 - - [09/Apr/2019:11:02:16 -0300] "GET /cormun/static/Shared/jqueryui/images/ui-bg_highlight-soft_100_c6c2c8_1x100.png HTTP/1.1" 404 1117
190.171.149.90 - - [09/Apr/2019:11:02:16 -0300] "GET /cormun/static/Shared/jqueryui/images/ui-bg_flat_55_fafafa_40x100.png HTTP/1.1" 404 1097
190.171.149.90 - - [09/Apr/2019:11:02:16 -0300] "GET /cormun/static/Shared/jqueryui/images/ui-icons_82798d_256x240.png HTTP/1.1" 404 1089
190.171.149.90 - - [09/Apr/2019:11:02:16 -0300] "GET /cormun/static/Shared/jqueryui/images/ui-icons_8d78a5_256x240.png HTTP/1.1" 404 1089
190.171.149.90 - - [09/Apr/2019:11:02:16 -0300] "POST /cormun/servlet/trsolicitudot?9bbe42155f2cca1d4e82c7c9d663083b,,gx-no-cache=1554818310969 HTTP/1.1" 200 4531
190.171.142.42 - - [09/Apr/2019:11:02:22 -0300] "POST /cormun/servlet/solicitudot?gx-no-cache=1554818322338 HTTP/1.1" 200 30
186.67.164.138 - - [09/Apr/2019:11:02:22 -0300] "POST /cormun/servlet/trpermisosgoce?3f6e8601de5e1763c9e08308528483c6,,gx-no-cache=1554818319336 HTTP/1.1" 200 8605
186.67.164.138 - - [09/Apr/2019:11:02:23 -0300] "GET /cormun/static/Shared/jqueryui/images/ui-bg_highlight-soft_100_c6c2c8_1x100.png HTTP/1.1" 404 1117
186.67.164.138 - - [09/Apr/2019:11:02:23 -0300] "GET /cormun/static/Shared/jqueryui/images/ui-icons_82798d_256x240.png HTTP/1.1" 404 1089
186.67.164.138 - - [09/Apr/2019:11:02:23 -0300] "GET /cormun/static/Shared/jqueryui/images/ui-bg_flat_55_fafafa_40x100.png HTTP/1.1" 404 1097
186.67.164.138 - - [09/Apr/2019:11:02:23 -0300] "GET /cormun/static/Shared/jqueryui/images/ui-icons_8d78a5_256x240.png HTTP/1.1" 404 1089
190.171.142.42 - - [09/Apr/2019:11:02:25 -0300] "GET /cormun/servlet/prcontratosol?15807694,,,,,MD,,gxPopupLevel%3D0%3B HTTP/1.1" 200 8156
190.171.142.42 - - [09/Apr/2019:11:02:25 -0300] "GET /cormun/static/gxcfg.js?201761413223964 HTTP/1.1" 200 953
190.171.142.42 - - [09/Apr/2019:11:02:25 -0300] "GET /cormun/static/prcontratosol.js?201761413224174 HTTP/1.1" 200 15806
190.171.142.42 - - [09/Apr/2019:11:02:37 -0300] "POST /cormun/servlet/solicitudot?gx-no-cache=1554818336665 HTTP/1.1" 200 1415
190.171.142.42 - - [09/Apr/2019:11:02:37 -0300] "GET /cormun/static/Shared/jqueryui/images/ui-bg_highlight-soft_100_c6c2c8_1x100.png HTTP/1.1" 404 1117
190.171.142.42 - - [09/Apr/2019:11:02:37 -0300] "GET /cormun/static/Shared/jqueryui/images/ui-icons_82798d_256x240.png HTTP/1.1" 404 1089
190.171.142.42 - - [09/Apr/2019:11:02:37 -0300] "GET /cormun/static/Shared/jqueryui/images/ui-icons_ebccce_256x240.png HTTP/1.1" 404 1089
190.171.142.42 - - [09/Apr/2019:11:02:37 -0300] "GET /cormun/static/Shared/jqueryui/images/ui-bg_flat_55_994d53_40x100.png HTTP/1.1" 404 1097
190.171.142.42 - - [09/Apr/2019:11:02:37 -0300] "POST /cormun/servlet/solicitudot?gx-no-cache=1554818336725 HTTP/1.1" 200 117
190.171.142.42 - - [09/Apr/2019:11:02:37 -0300] "GET /cormun/servlet/solicitudot?38e4701d7c166f1ffbf9c810dcccce8ea8e22b5ee3392363b21bbb0c9a8a0c1fb274e7af63734c30f6a64f6588ed2f7d3a6eaa7f48f5642d3a1dac8eda061f8a2b79bc7635a9b1925edf9da1bce591759ee20996e732f71643c3cae168475911334fd90f1f432012f863a925644ac45d,gx-no-cache=1554818336772 HTTP/1.1" 200 110
190.171.142.42 - - [09/Apr/2019:11:02:37 -0300] "GET /cormun/servlet/solicitudot?38e4701d7c166f1ffbf9c810dcccce8e5627314e6004409676a19b39c7dfa5ab0f9d4ecbaf3e4a69b35660c97e0588e0,gx-no-cache=1554818336804 HTTP/1.1" 200 134
186.67.164.138 - - [09/Apr/2019:11:02:37 -0300] "GET /cormun/servlet/hhome HTTP/1.1" 200 4054
186.67.164.138 - - [09/Apr/2019:11:02:38 -0300] "GET /cormun/servlet/hhome HTTP/1.1" 200 4051
186.67.164.138 - - [09/Apr/2019:11:02:48 -0300] "GET /cormun/servlet/hlogin HTTP/1.1" 200 1724
186.67.164.138 - - [09/Apr/2019:11:02:55 -0300] "POST /cormun/servlet/hlogin?3f6e8601de5e1763c9e08308528483c6,gx-no-cache=1554818352131 HTTP/1.1" 200 90
186.67.164.138 - - [09/Apr/2019:11:02:56 -0300] "GET /cormun/servlet/hpexe_link HTTP/1.1" 200 955
186.67.164.138 - - [09/Apr/2019:11:02:56 -0300] "GET /cormun/servlet/hhome HTTP/1.1" 200 4055
186.67.164.138 - - [09/Apr/2019:11:02:57 -0300] "GET /cormun/servlet/hhome HTTP/1.1" 200 4051
190.171.149.90 - - [09/Apr/2019:11:03:02 -0300] "GET /cormun/servlet/solicitudot?INS,0,0, HTTP/1.1" 200 15192
190.171.149.90 - - [09/Apr/2019:11:03:02 -0300] "GET /cormun/static/Resources/prompt.gif HTTP/1.1" 200 902
190.171.149.90 - - [09/Apr/2019:11:03:02 -0300] "GET /cormun/static/Resources/PXToolsButtonLeft21.png HTTP/1.1" 200 1287
190.171.149.90 - - [09/Apr/2019:11:03:03 -0300] "GET /cormun/servlet/solicitudot?INS,0,0, HTTP/1.1" 200 15197
190.171.149.90 - - [09/Apr/2019:11:03:05 -0300] "GET /cormun/servlet/trsolicitudot? HTTP/1.1" 200 7509
186.67.164.138 - - [09/Apr/2019:11:03:05 -0300] "GET /cormun/servlet/trpermisosgoce? HTTP/1.1" 200 11452
186.67.164.138 - - [09/Apr/2019:11:03:06 -0300] "GET /cormun/servlet/trpermisosgoce? HTTP/1.1" 200 11437
190.171.149.90 - - [09/Apr/2019:11:03:07 -0300] "GET /cormun/servlet/trsolicitudot? HTTP/1.1" 200 7500
190.171.149.90 - - [09/Apr/2019:11:03:17 -0300] "POST /cormun/servlet/trsolicitudot?9bbe42155f2cca1d4e82c7c9d663083b,,gx-no-cache=1554818372118 HTTP/1.1" 200 4552
186.67.164.138 - - [09/Apr/2019:11:03:18 -0300] "GET /cormun/servlet/trpermisosadjuntos?7139630,20190409110421,P, HTTP/1.1" 200 6370
190.171.149.90 - - [09/Apr/2019:11:03:18 -0300] "POST /cormun/servlet/trsolicitudot?9bbe42155f2cca1d4e82c7c9d663083b,,gx-no-cache=1554818373220 HTTP/1.1" 200 4551
190.171.149.90 - - [09/Apr/2019:11:03:19 -0300] "POST /cormun/servlet/trsolicitudot?9bbe42155f2cca1d4e82c7c9d663083b,,gx-no-cache=1554818373893 HTTP/1.1" 200 4553
186.67.164.138 - - [09/Apr/2019:11:03:19 -0300] "GET /cormun/servlet/trpermisosadjuntos?7139630,20190409110421,P, HTTP/1.1" 200 6370
190.171.149.90 - - [09/Apr/2019:11:03:19 -0300] "POST /cormun/servlet/trsolicitudot?9bbe42155f2cca1d4e82c7c9d663083b,,gx-no-cache=1554818374179 HTTP/1.1" 200 4552
190.171.149.90 - - [09/Apr/2019:11:03:20 -0300] "POST /cormun/servlet/trsolicitudot?9bbe42155f2cca1d4e82c7c9d663083b,,gx-no-cache=1554818374672 HTTP/1.1" 200 4552
186.67.164.138 - - [09/Apr/2019:11:03:21 -0300] "GET /cormun/servlet/permisosadjuntos?INS,7139630,P,20190409110421,, HTTP/1.1" 200 5699
186.67.164.138 - - [09/Apr/2019:11:03:21 -0300] "GET /cormun/static/about:blank HTTP/1.1" 404 1011
186.67.164.138 - - [09/Apr/2019:11:03:22 -0300] "GET /cormun/servlet/permisosadjuntos?INS,7139630,P,20190409110421,, HTTP/1.1" 200 5688
186.67.164.138 - - [09/Apr/2019:11:03:28 -0300] "POST /cormun/servlet/permisosadjuntos?3f6e8601de5e1763c9e08308528483c6,INS,7139630,P,20190409110421,, HTTP/1.1" 200 116
186.67.164.138 - - [09/Apr/2019:11:03:28 -0300] "GET /cormun/servlet/hpexe_return? HTTP/1.1" 200 1041
186.67.164.138 - - [09/Apr/2019:11:03:28 -0300] "GET /cormun/servlet/trpermisosadjuntos?7139630,20190409110421,P, HTTP/1.1" 200 6856
186.67.164.138 - - [09/Apr/2019:11:03:29 -0300] "GET /cormun/servlet/trpermisosadjuntos?7139630,20190409110421,P, HTTP/1.1" 200 6853
190.171.149.90 - - [09/Apr/2019:11:03:30 -0300] "GET /cormun/servlet/trlicencias? HTTP/1.1" 200 9517
190.171.149.90 - - [09/Apr/2019:11:03:31 -0300] "GET /cormun//static/Resources/PXToolsActionDisabled.gif HTTP/1.1" 200 53
190.171.149.90 - - [09/Apr/2019:11:03:31 -0300] "GET /cormun/servlet/trlicencias? HTTP/1.1" 200 9516
186.67.164.138 - - [09/Apr/2019:11:03:32 -0300] "POST /cormun/servlet/trpermisosadjuntos?3f6e8601de5e1763c9e08308528483c6,7139630,20190409110421,P,,gx-no-cache=1554818389541 HTTP/1.1" 200 90
186.67.164.138 - - [09/Apr/2019:11:03:32 -0300] "GET /cormun/servlet/hpexe_link HTTP/1.1" 200 987
186.67.164.138 - - [09/Apr/2019:11:03:33 -0300] "GET /cormun/servlet/trpermisosgoce HTTP/1.1" 200 11428
186.67.164.138 - - [09/Apr/2019:11:03:34 -0300] "GET /cormun/servlet/trpermisosgoce HTTP/1.1" 200 11448
186.67.164.138 - - [09/Apr/2019:11:03:39 -0300] "GET /cormun/servlet/apermisogoceprn?7139630,P,20190409110421,PU HTTP/1.1" 200 1657
190.171.142.42 - - [09/Apr/2019:11:03:43 -0300] "POST /cormun/servlet/solicitudot?gx-no-cache=1554818403237 HTTP/1.1" 200 1332
190.171.142.42 - - [09/Apr/2019:11:03:45 -0300] "GET /cormun/static/menuarrow.gif HTTP/1.1" 404 1015
186.67.164.138 - - [09/Apr/2019:11:03:48 -0300] "POST /cormun/servlet/trpermisosgoce?3f6e8601de5e1763c9e08308528483c6,gx-no-cache=1554818405324 HTTP/1.1" 200 8589
186.67.164.138 - - [09/Apr/2019:11:03:49 -0300] "GET /cormun/static/Shared/jqueryui/images/ui-bg_highlight-soft_100_c6c2c8_1x100.png HTTP/1.1" 404 1117
186.67.164.138 - - [09/Apr/2019:11:03:49 -0300] "GET /cormun/static/Shared/jqueryui/images/ui-bg_flat_55_fafafa_40x100.png HTTP/1.1" 404 1097
186.67.164.138 - - [09/Apr/2019:11:03:49 -0300] "GET /cormun/static/Shared/jqueryui/images/ui-icons_82798d_256x240.png HTTP/1.1" 404 1089
186.67.164.138 - - [09/Apr/2019:11:03:49 -0300] "GET /cormun/static/Shared/jqueryui/images/ui-icons_8d78a5_256x240.png HTTP/1.1" 404 1089
190.171.142.42 - - [09/Apr/2019:11:04:00 -0300] "POST /cormun/servlet/solicitudot?gx-no-cache=1554818419798 HTTP/1.1" 200 41
190.171.142.42 - - [09/Apr/2019:11:04:00 -0300] "GET /cormun/servlet/solicitudot?38e4701d7c166f1ffbf9c810dcccce8ea8e22b5ee3392363b21bbb0c9a8a0c1fb274e7af63734c30f6a64f6588ed2f7d3a6eaa7f48f5642d3a1dac8eda061f8a2b79bc7635a9b1925edf9da1bce591759ee20996e732f71643c3cae168475911334fd90f1f432012f863a925644ac45d,gx-no-cache=1554818419910 HTTP/1.1" 200 110
190.171.142.42 - - [09/Apr/2019:11:04:00 -0300] "POST /cormun/servlet/solicitudot?gx-no-cache=1554818420023 HTTP/1.1" 200 76
190.171.142.42 - - [09/Apr/2019:11:04:19 -0300] "GET /cormun/servlet/solicitudot?38e4701d7c166f1ffbf9c810dcccce8e5627314e6004409676a19b39c7dfa5ab30d40644a4566df0ac1583520a419efc,gx-no-cache=1554818439007 HTTP/1.1" 200 134
186.67.164.138 - - [09/Apr/2019:11:04:54 -0300] "GET /cormun/servlet/trpermisosadjuntos?15405862,20190409110446,P, HTTP/1.1" 200 6371
186.67.164.138 - - [09/Apr/2019:11:04:55 -0300] "GET /cormun/servlet/trpermisosadjuntos?15405862,20190409110446,P, HTTP/1.1" 200 6371
186.67.164.138 - - [09/Apr/2019:11:04:56 -0300] "GET /cormun/servlet/permisosadjuntos?INS,15405862,P,20190409110446,, HTTP/1.1" 200 5697
186.67.164.138 - - [09/Apr/2019:11:04:56 -0300] "GET /cormun/static/about:blank HTTP/1.1" 404 1011
186.67.164.138 - - [09/Apr/2019:11:04:57 -0300] "GET /cormun/servlet/permisosadjuntos?INS,15405862,P,20190409110446,, HTTP/1.1" 200 5687
186.67.164.138 - - [09/Apr/2019:11:05:07 -0300] "POST /cormun/servlet/permisosadjuntos?3f6e8601de5e1763c9e08308528483c6,INS,15405862,P,20190409110446,, HTTP/1.1" 200 116
186.67.164.138 - - [09/Apr/2019:11:05:07 -0300] "GET /cormun/servlet/hpexe_return? HTTP/1.1" 200 1043
186.67.164.138 - - [09/Apr/2019:11:05:08 -0300] "GET /cormun/servlet/trpermisosadjuntos?15405862,20190409110446,P, HTTP/1.1" 200 6854
186.67.164.138 - - [09/Apr/2019:11:05:09 -0300] "GET /cormun/servlet/trpermisosadjuntos?15405862,20190409110446,P, HTTP/1.1" 200 6850
186.67.164.138 - - [09/Apr/2019:11:05:11 -0300] "POST /cormun/servlet/trpermisosadjuntos?3f6e8601de5e1763c9e08308528483c6,15405862,20190409110446,P,,gx-no-cache=1554818487931 HTTP/1.1" 200 90
186.67.164.138 - - [09/Apr/2019:11:05:11 -0300] "GET /cormun/servlet/hpexe_link HTTP/1.1" 200 1008
186.67.164.138 - - [09/Apr/2019:11:05:11 -0300] "GET /cormun/servlet/trpermisosgoce?gx-no-cache=1554818405324 HTTP/1.1" 200 11439
186.67.164.138 - - [09/Apr/2019:11:05:12 -0300] "GET /cormun/servlet/trpermisosgoce?gx-no-cache=1554818405324 HTTP/1.1" 200 11434
186.67.164.138 - - [09/Apr/2019:11:05:29 -0300] "GET /cormun/servlet/apermisogoceprn?15405862,P,20190409110446,PU HTTP/1.1" 200 1657
190.171.142.42 - - [09/Apr/2019:11:05:30 -0300] "GET /cormun/servlet/solicitudot?38e4701d7c166f1ffbf9c810dcccce8e3a937ff7c9001c483a60b0d29041d9db30d40644a4566df0ac1583520a419efc,gx-no-cache=1554818509723 HTTP/1.1" 200 30
190.171.142.42 - - [09/Apr/2019:11:05:30 -0300] "POST /cormun/servlet/solicitudot?gx-no-cache=1554818509888 HTTP/1.1" 200 107
186.67.164.138 - - [09/Apr/2019:11:05:49 -0300] "POST /cormun/servlet/trpermisosgoce?3f6e8601de5e1763c9e08308528483c6,gx-no-cache=1554818405324,gx-no-cache=1554818525933 HTTP/1.1" 200 8550
186.67.164.138 - - [09/Apr/2019:11:05:49 -0300] "GET /cormun/static/Shared/jqueryui/images/ui-bg_highlight-soft_100_c6c2c8_1x100.png HTTP/1.1" 404 1117
186.67.164.138 - - [09/Apr/2019:11:05:49 -0300] "GET /cormun/static/Shared/jqueryui/images/ui-icons_82798d_256x240.png HTTP/1.1" 404 1089
186.67.164.138 - - [09/Apr/2019:11:05:49 -0300] "GET /cormun/static/Shared/jqueryui/images/ui-bg_flat_55_fafafa_40x100.png HTTP/1.1" 404 1097
186.67.164.138 - - [09/Apr/2019:11:05:49 -0300] "GET /cormun/static/Shared/jqueryui/images/ui-icons_8d78a5_256x240.png HTTP/1.1" 404 1089
186.103.156.24 - - [09/Apr/2019:11:06:00 -0300] "GET /cormun/servlet/hlogin HTTP/1.1" 200 1716
186.103.156.24 - - [09/Apr/2019:11:06:01 -0300] "GET /cormun/servlet/hlogin HTTP/1.1" 200 1727
186.67.164.138 - - [09/Apr/2019:11:06:03 -0300] "GET /cormun/servlet/trpermisosadjuntos?17503006,20190409110510,P, HTTP/1.1" 200 6383
186.67.164.138 - - [09/Apr/2019:11:06:04 -0300] "GET /cormun/servlet/trpermisosadjuntos?17503006,20190409110510,P, HTTP/1.1" 200 6362
186.67.164.138 - - [09/Apr/2019:11:06:06 -0300] "GET /cormun/servlet/permisosadjuntos?INS,17503006,P,20190409110510,, HTTP/1.1" 200 5694
186.67.164.138 - - [09/Apr/2019:11:06:06 -0300] "GET /cormun/static/about:blank HTTP/1.1" 404 1011
186.67.164.138 - - [09/Apr/2019:11:06:07 -0300] "GET /cormun/servlet/permisosadjuntos?INS,17503006,P,20190409110510,, HTTP/1.1" 200 5684
186.103.156.24 - - [09/Apr/2019:11:06:12 -0300] "POST /cormun/servlet/hlogin?0f932ad48373ee6520876e8f7f96b0e5,gx-no-cache=1554818549106 HTTP/1.1" 200 90
186.103.156.24 - - [09/Apr/2019:11:06:12 -0300] "GET /cormun/servlet/hpexe_link HTTP/1.1" 200 947
186.103.156.24 - - [09/Apr/2019:11:06:12 -0300] "GET /cormun/servlet/hhome HTTP/1.1" 200 4333
186.103.156.24 - - [09/Apr/2019:11:06:12 -0300] "GET /cormun/servlet/hhome HTTP/1.1" 200 4328
186.67.164.138 - - [09/Apr/2019:11:06:18 -0300] "POST /cormun/servlet/permisosadjuntos?3f6e8601de5e1763c9e08308528483c6,INS,17503006,P,20190409110510,, HTTP/1.1" 200 116
186.67.164.138 - - [09/Apr/2019:11:06:18 -0300] "GET /cormun/servlet/hpexe_return? HTTP/1.1" 200 1042
186.67.164.138 - - [09/Apr/2019:11:06:19 -0300] "GET /cormun/servlet/trpermisosadjuntos?17503006,20190409110510,P, HTTP/1.1" 200 6837
186.67.164.138 - - [09/Apr/2019:11:06:20 -0300] "GET /cormun/servlet/trpermisosadjuntos?17503006,20190409110510,P, HTTP/1.1" 200 6833
186.67.164.138 - - [09/Apr/2019:11:06:22 -0300] "POST /cormun/servlet/trpermisosadjuntos?3f6e8601de5e1763c9e08308528483c6,17503006,20190409110510,P,,gx-no-cache=1554818558780 HTTP/1.1" 200 90
186.67.164.138 - - [09/Apr/2019:11:06:22 -0300] "GET /cormun/servlet/hpexe_link HTTP/1.1" 200 1009
186.67.164.138 - - [09/Apr/2019:11:06:23 -0300] "GET /cormun/servlet/trpermisosgoce?gx-no-cache=1554818405324 HTTP/1.1" 200 11414
186.67.164.138 - - [09/Apr/2019:11:06:24 -0300] "GET /cormun/servlet/trpermisosgoce?gx-no-cache=1554818405324 HTTP/1.1" 200 11444
186.103.156.24 - - [09/Apr/2019:11:06:25 -0300] "GET /cormun/servlet/trlicencias? HTTP/1.1" 200 12036
186.103.156.24 - - [09/Apr/2019:11:06:25 -0300] "GET /cormun/servlet/trlicencias? HTTP/1.1" 200 12034
186.103.156.24 - - [09/Apr/2019:11:06:34 -0300] "GET /cormun/servlet/licenciaspermisos?INS,0,,, HTTP/1.1" 200 7868
186.103.156.24 - - [09/Apr/2019:11:06:34 -0300] "GET /cormun/static/gxcfg.js?201762917281167 HTTP/1.1" 200 953
186.103.156.24 - - [09/Apr/2019:11:06:34 -0300] "GET /cormun/static/licenciaspermisos.js?201762917281260 HTTP/1.1" 200 37491
186.103.156.24 - - [09/Apr/2019:11:06:34 -0300] "GET /cormun/servlet/licenciaspermisos?INS,0,,, HTTP/1.1" 200 7876
186.67.164.138 - - [09/Apr/2019:11:06:36 -0300] "GET /cormun/servlet/apermisogoceprn?17503006,P,20190409110510,PU HTTP/1.1" 200 1649
186.103.156.24 - - [09/Apr/2019:11:06:49 -0300] "GET /cormun/servlet/licenciaspermisos?c5903729f2d2a185755d8ec60fd59ca125808e535c167f24212bf314ae459039329db2c5f819cda73c0bfb61a20c1243,gx-no-cache=1554818586444 HTTP/1.1" 200 103
186.103.156.24 - - [09/Apr/2019:11:06:49 -0300] "POST /cormun/servlet/licenciaspermisos?0f932ad48373ee6520876e8f7f96b0e5,INS,0,,,,gx-no-cache=1554818586505 HTTP/1.1" 200 4974
186.103.156.24 - - [09/Apr/2019:11:07:21 -0300] "GET /cormun/static/menuarrow.gif HTTP/1.1" 404 1015
186.67.164.138 - - [09/Apr/2019:11:07:39 -0300] "POST /cormun/servlet/trpermisosgoce?3f6e8601de5e1763c9e08308528483c6,gx-no-cache=1554818405324,gx-no-cache=1554818635447 HTTP/1.1" 200 8547
186.67.164.138 - - [09/Apr/2019:11:07:39 -0300] "GET /cormun/static/Shared/jqueryui/images/ui-bg_highlight-soft_100_c6c2c8_1x100.png HTTP/1.1" 404 1117
186.67.164.138 - - [09/Apr/2019:11:07:39 -0300] "GET /cormun/static/Shared/jqueryui/images/ui-bg_flat_55_fafafa_40x100.png HTTP/1.1" 404 1097
186.67.164.138 - - [09/Apr/2019:11:07:39 -0300] "GET /cormun/static/Shared/jqueryui/images/ui-icons_8d78a5_256x240.png HTTP/1.1" 404 1089
186.67.164.138 - - [09/Apr/2019:11:07:39 -0300] "GET /cormun/static/Shared/jqueryui/images/ui-icons_82798d_256x240.png HTTP/1.1" 404 1089
190.171.143.82 - - [09/Apr/2019:11:07:44 -0300] "GET /cormun/servlet/trfichaempleado? HTTP/1.1" 200 14686
186.67.164.138 - - [09/Apr/2019:11:07:45 -0300] "GET /cormun/servlet/trpermisosadjuntos?16804595,20190409110532,P, HTTP/1.1" 200 6390
186.67.164.138 - - [09/Apr/2019:11:07:46 -0300] "GET /cormun/servlet/trpermisosadjuntos?16804595,20190409110532,P, HTTP/1.1" 200 6369
186.67.164.138 - - [09/Apr/2019:11:07:48 -0300] "GET /cormun/servlet/permisosadjuntos?INS,16804595,P,20190409110532,, HTTP/1.1" 200 5699
186.67.164.138 - - [09/Apr/2019:11:07:48 -0300] "GET /cormun/static/about:blank HTTP/1.1" 404 1011
186.67.164.138 - - [09/Apr/2019:11:07:48 -0300] "GET /cormun/servlet/permisosadjuntos?INS,16804595,P,20190409110532,, HTTP/1.1" 200 5690
186.67.164.138 - - [09/Apr/2019:11:07:55 -0300] "POST /cormun/servlet/permisosadjuntos?3f6e8601de5e1763c9e08308528483c6,INS,16804595,P,20190409110532,, HTTP/1.1" 200 116
186.67.164.138 - - [09/Apr/2019:11:07:55 -0300] "GET /cormun/servlet/hpexe_return? HTTP/1.1" 200 1042
186.67.164.138 - - [09/Apr/2019:11:07:56 -0300] "GET /cormun/servlet/trpermisosadjuntos?16804595,20190409110532,P, HTTP/1.1" 200 6850
186.67.164.138 - - [09/Apr/2019:11:07:57 -0300] "GET /cormun/servlet/trpermisosadjuntos?16804595,20190409110532,P, HTTP/1.1" 200 6847
190.171.143.82 - - [09/Apr/2019:11:08:39 -0300] "GET /cormun/servlet/trfichaempleado? HTTP/1.1" 200 14688
190.171.143.82 - - [09/Apr/2019:11:08:47 -0300] "GET /cormun/servlet/trfichaempleado? HTTP/1.1" 200 14688
190.171.143.82 - - [09/Apr/2019:11:08:48 -0300] "GET /cormun/servlet/trfichaempleado? HTTP/1.1" 200 14688
190.171.143.82 - - [09/Apr/2019:11:08:48 -0300] "GET /cormun/servlet/trfichaempleado? HTTP/1.1" 200 14688
190.171.143.82 - - [09/Apr/2019:11:08:49 -0300] "GET /cormun/servlet/trfichaempleado? HTTP/1.1" 200 14688
186.103.156.24 - - [09/Apr/2019:11:08:52 -0300] "GET /cormun/servlet/licenciaspermisos?c5903729f2d2a185755d8ec60fd59ca1dd238bfdff90c347458bffd4cb7abcefaa275ab1d1488f47ca70bd033047a3909f26b14cd3cd84341a9dc3d7f7054c544e1808829fcef78d828effd524d9d47d4f786690cbb828cd7759b7810cf711f29c6d97c55df5685de550e27543fd37b1766c16fe77a9531026a3c43513ff467e3ac8935b401d8106103eaa24372e76d13be76d59a94373748f99b86012aecda8f944d60ab0073f9afa270e620aa7457ac694920bff854e82a0ea70646be3b969de29eb2884e1dd81fed86a70200e15faf0f3dcf769b48c4151aa9f8551320031,gx-no-cache=1554818709902 HTTP/1.1" 200 30
186.103.156.24 - - [09/Apr/2019:11:08:53 -0300] "POST /cormun/servlet/licenciaspermisos?0f932ad48373ee6520876e8f7f96b0e5,INS,0,,,,gx-no-cache=1554818709980 HTTP/1.1" 200 5035
186.67.164.138 - - [09/Apr/2019:11:08:54 -0300] "POST /cormun/servlet/trpermisosadjuntos?3f6e8601de5e1763c9e08308528483c6,16804595,20190409110532,P,,gx-no-cache=1554818711520 HTTP/1.1" 200 90
186.67.164.138 - - [09/Apr/2019:11:08:54 -0300] "GET /cormun/servlet/hpexe_link HTTP/1.1" 200 1008
186.67.164.138 - - [09/Apr/2019:11:08:55 -0300] "GET /cormun/servlet/trpermisosgoce?gx-no-cache=1554818405324 HTTP/1.1" 200 11416
186.67.164.138 - - [09/Apr/2019:11:08:56 -0300] "GET /cormun/servlet/trpermisosgoce?gx-no-cache=1554818405324 HTTP/1.1" 200 11443
186.67.164.138 - - [09/Apr/2019:11:09:06 -0300] "GET /cormun/servlet/apermisogoceprn?16804595,P,20190409110532,PU HTTP/1.1" 200 1654
186.67.164.138 - - [09/Apr/2019:11:09:34 -0300] "POST /cormun/servlet/trpermisosgoce?3f6e8601de5e1763c9e08308528483c6,gx-no-cache=1554818405324,gx-no-cache=1554818751364 HTTP/1.1" 200 8544
186.67.164.138 - - [09/Apr/2019:11:09:35 -0300] "GET /cormun/static/Shared/jqueryui/images/ui-bg_highlight-soft_100_c6c2c8_1x100.png HTTP/1.1" 404 1117
186.67.164.138 - - [09/Apr/2019:11:09:35 -0300] "GET /cormun/static/Shared/jqueryui/images/ui-icons_82798d_256x240.png HTTP/1.1" 404 1089
186.67.164.138 - - [09/Apr/2019:11:09:35 -0300] "GET /cormun/static/Shared/jqueryui/images/ui-icons_8d78a5_256x240.png HTTP/1.1" 404 1089
186.67.164.138 - - [09/Apr/2019:11:09:35 -0300] "GET /cormun/static/Shared/jqueryui/images/ui-bg_flat_55_fafafa_40x100.png HTTP/1.1" 404 1097
186.67.164.138 - - [09/Apr/2019:11:09:40 -0300] "GET /cormun/servlet/trpermisosadjuntos?17399414,20190409110557,P, HTTP/1.1" 200 6391
186.67.164.138 - - [09/Apr/2019:11:09:41 -0300] "GET /cormun/servlet/trpermisosadjuntos?17399414,20190409110557,P, HTTP/1.1" 200 6370
186.67.164.138 - - [09/Apr/2019:11:09:43 -0300] "GET /cormun/servlet/permisosadjuntos?INS,17399414,P,20190409110557,, HTTP/1.1" 200 5699
186.67.164.138 - - [09/Apr/2019:11:09:43 -0300] "GET /cormun/static/about:blank HTTP/1.1" 404 1011
186.67.164.138 - - [09/Apr/2019:11:09:44 -0300] "GET /cormun/servlet/permisosadjuntos?INS,17399414,P,20190409110557,, HTTP/1.1" 200 5689
186.67.164.138 - - [09/Apr/2019:11:09:50 -0300] "POST /cormun/servlet/permisosadjuntos?3f6e8601de5e1763c9e08308528483c6,INS,17399414,P,20190409110557,, HTTP/1.1" 200 116
186.67.164.138 - - [09/Apr/2019:11:09:50 -0300] "GET /cormun/servlet/hpexe_return? HTTP/1.1" 200 1042
186.67.164.138 - - [09/Apr/2019:11:09:50 -0300] "GET /cormun/servlet/trpermisosadjuntos?17399414,20190409110557,P, HTTP/1.1" 200 6854
186.67.164.138 - - [09/Apr/2019:11:09:51 -0300] "GET /cormun/servlet/trpermisosadjuntos?17399414,20190409110557,P, HTTP/1.1" 200 6852
186.103.156.24 - - [09/Apr/2019:11:09:52 -0300] "GET /cormun/servlet/licenciaspermisos?c5903729f2d2a185755d8ec60fd59ca1ce6563f8973fb329db74e6942778b4fbf589571a68f7174a48c6547fc85ea2eaa1152ad0c4704f8fe2fcac866ee957b2f141eba83d2466a010a2dbe4fe324e8e663b8fce133b3726c293efe8f18443b66a2d68d5b1747c46e7216322d2fb17162041879f37be3227bf5029e643eaf623659b5efd9516ddc52656da886393bce74c9a8af63aae01567d395b98b62cfa026bfce272ba7885e0da06afd3f6f087eddafa73891fa548106c120a48c96361bfabf77771985d03a6cb9da417bd12f74d916ba3d17d529d8427c8a125e18b7e8c08fa72c9beb565a3ece16710c991eea9,gx-no-cache=1554818769848 HTTP/1.1" 200 29
186.103.156.24 - - [09/Apr/2019:11:09:53 -0300] "POST /cormun/servlet/licenciaspermisos?0f932ad48373ee6520876e8f7f96b0e5,INS,0,,,,gx-no-cache=1554818769939 HTTP/1.1" 200 93
186.103.156.24 - - [09/Apr/2019:11:09:53 -0300] "GET /cormun/servlet/hpexe_return? HTTP/1.1" 200 1009
186.103.156.24 - - [09/Apr/2019:11:09:53 -0300] "GET /cormun/servlet/trlicencias HTTP/1.1" 200 12571
186.103.156.24 - - [09/Apr/2019:11:09:54 -0300] "GET /cormun/servlet/trlicencias HTTP/1.1" 200 12565
200.111.191.210 - - [09/Apr/2019:11:09:54 -0300] "GET /cormun/servlet/trpermisosgoce? HTTP/1.1" 200 17286
200.111.191.210 - - [09/Apr/2019:11:09:55 -0300] "GET /cormun/servlet/trpermisosgoce? HTTP/1.1" 200 17265
200.111.191.210 - - [09/Apr/2019:11:09:56 -0300] "GET /cormun/servlet/permisogoce?INS,0,,, HTTP/1.1" 200 6868
200.111.191.210 - - [09/Apr/2019:11:09:56 -0300] "GET /cormun/servlet/permisogoce?INS,0,,, HTTP/1.1" 200 6867
200.111.191.210 - - [09/Apr/2019:11:10:01 -0300] "GET /cormun/servlet/permisogoce?eff915ef72af23855d4e6ce3d6cfafba5426b54a32c5a46364ce94f37f48af6057403a73995ea9f13e067f52bab24cc4f1d3d43b2f9bb9186c294827e0c7f65f,gx-no-cache=1554818835838 HTTP/1.1" 200 78
186.103.156.24 - - [09/Apr/2019:11:10:05 -0300] "GET /cormun/servlet/alicenciaprn?11889720,L,20190409000000,PU HTTP/1.1" 200 1590
190.171.142.42 - - [09/Apr/2019:11:10:10 -0300] "POST /cormun/servlet/solicitudot?gx-no-cache=1554818789737 HTTP/1.1" 200 30
190.171.142.42 - - [09/Apr/2019:11:10:10 -0300] "POST /cormun/servlet/solicitudot?gx-no-cache=1554818789885 HTTP/1.1" 200 1332
190.171.142.42 - - [09/Apr/2019:11:10:10 -0300] "POST /cormun/servlet/solicitudot?gx-no-cache=1554818790041 HTTP/1.1" 200 41
190.171.142.42 - - [09/Apr/2019:11:10:10 -0300] "GET /cormun/servlet/solicitudot?38e4701d7c166f1ffbf9c810dcccce8ea8e22b5ee3392363b21bbb0c9a8a0c1fb274e7af63734c30f6a64f6588ed2f7d3a6eaa7f48f5642d3a1dac8eda061f8a2b79bc7635a9b1925edf9da1bce591759ee20996e732f71643c3cae168475911334fd90f1f432012f863a925644ac45d,gx-no-cache=1554818790139 HTTP/1.1" 200 110
190.171.142.42 - - [09/Apr/2019:11:10:10 -0300] "POST /cormun/servlet/solicitudot?gx-no-cache=1554818790228 HTTP/1.1" 200 64
190.171.142.42 - - [09/Apr/2019:11:10:10 -0300] "GET /cormun/servlet/solicitudot?38e4701d7c166f1ffbf9c810dcccce8e3a937ff7c9001c483a60b0d29041d9db86d9396ec2131b130fb971334b19691e,gx-no-cache=1554818790315 HTTP/1.1" 200 30
190.171.142.42 - - [09/Apr/2019:11:10:10 -0300] "POST /cormun/servlet/solicitudot?gx-no-cache=1554818790400 HTTP/1.1" 200 135
190.171.142.42 - - [09/Apr/2019:11:10:11 -0300] "POST /cormun/servlet/solicitudot?fd07f13ba63b87d717f7260ddfe135c2,INS,0,0,,gx-no-cache=1554818790511 HTTP/1.1" 200 12422
186.103.156.24 - - [09/Apr/2019:11:10:22 -0300] "GET /cormun/servlet/licenciaspermisos?UPD,11889720,L,20190409000000, HTTP/1.1" 200 8083
186.103.156.24 - - [09/Apr/2019:11:10:22 -0300] "GET /cormun/servlet/licenciaspermisos?UPD,11889720,L,20190409000000, HTTP/1.1" 200 8102
186.103.156.24 - - [09/Apr/2019:11:10:23 -0300] "GET /cormun/servlet/licenciaspermisos?c5903729f2d2a185755d8ec60fd59ca125808e535c167f24212bf314ae45903904587e2dd947e26c90b33886ba63653d8b80bbbddb77fd5784f652752fc08a33eb84a26c33e7782d3cd1c0022dd4b13f0db0d425e33bdc2f3ad7054e28222e1d,gx-no-cache=1554818800432 HTTP/1.1" 200 103
186.103.156.24 - - [09/Apr/2019:11:10:24 -0300] "GET /cormun/servlet/licenciaspermisos?c5903729f2d2a185755d8ec60fd59ca17dff76442e3ab5176a8baee0424d51e9aa275ab1d1488f47ca70bd033047a3909f26b14cd3cd84341a9dc3d7f7054c544e1808829fcef78d828effd524d9d47d4f786690cbb828cd7759b7810cf711f29c6d97c55df5685de550e27543fd37b1766c16fe77a9531026a3c43513ff467e3ac8935b401d8106103eaa24372e76d13be76d59a94373748f99b86012aecda8f944d60ab0073f9afa270e620aa7457ac694920bff854e82a0ea70646be3b969de29eb2884e1dd81fed86a70200e15faf0f3dcf769b48c4151aa9f8551320031,gx-no-cache=1554818801771 HTTP/1.1" 200 30
186.103.156.24 - - [09/Apr/2019:11:10:32 -0300] "GET /cormun/servlet/licenciaspermisos?c5903729f2d2a185755d8ec60fd59ca1ce6563f8973fb329db74e6942778b4fbf589571a68f7174a48c6547fc85ea2eaa1152ad0c4704f8fe2fcac866ee957b2f141eba83d2466a010a2dbe4fe324e8e663b8fce133b3726c293efe8f18443b66a2d68d5b1747c46e7216322d2fb17162041879f37be3227bf5029e643eaf623659b5efd9516ddc52656da886393bce74c9a8af63aae01567d395b98b62cfa026bfce272ba7885e0da06afd3f6f087eddafa73891fa548106c120a48c96361bfabf77771985d03a6cb9da417bd12f74dcc59418150e3a9b0b6d9325f627e4089d17595c35af046d40ba492c32719cb74,gx-no-cache=1554818809504 HTTP/1.1" 200 29
200.111.191.210 - - [09/Apr/2019:11:10:33 -0300] "GET /cormun/servlet/permisogoce?eff915ef72af23855d4e6ce3d6cfafbaec64a948411605b5fb2265341f903b9ad76cbd91a2241ae19a24071fbcd072d840b47f87edd8dcebab2ecb6d69abb946,gx-no-cache=1554818867282 HTTP/1.1" 200 46
