190.171.154.42 - - [08/Apr/2019:17:27:27 -0300] "GET /cormun/servlet/solicitudot?e03a42d3268c31f9c4cfe42e9a94deb9c84476b3b373528d2019c8ca3ab6410dd1ba80e0289e3480767e3977c791298c,gx-no-cache=1554755023376 HTTP/1.1" 200 30
190.171.154.42 - - [08/Apr/2019:17:27:27 -0300] "POST /cormun/servlet/solicitudot?gx-no-cache=1554755023618 HTTP/1.1" 200 33
190.171.154.42 - - [08/Apr/2019:17:29:26 -0300] "POST /cormun/servlet/solicitudot?96bf081301938ea64596588c75b2e4b8,INS,0,0,,gx-no-cache=1554755142052 HTTP/1.1" 200 93
190.171.154.42 - - [08/Apr/2019:17:29:26 -0300] "GET /cormun/servlet/hpexe_return? HTTP/1.1" 200 1010
190.171.154.42 - - [08/Apr/2019:17:29:27 -0300] "GET /cormun/servlet/trsolicitudot HTTP/1.1" 200 8883
190.171.154.42 - - [08/Apr/2019:17:29:28 -0300] "GET /cormun/servlet/trsolicitudot HTTP/1.1" 200 8879
190.171.154.42 - - [08/Apr/2019:17:30:05 -0300] "POST /cormun/servlet/trsolicitudot?96bf081301938ea64596588c75b2e4b8,gx-no-cache=1554755181911 HTTP/1.1" 200 4757
190.171.154.42 - - [08/Apr/2019:17:30:06 -0300] "GET /cormun/static/Shared/jqueryui/images/ui-bg_highlight-soft_100_c6c2c8_1x100.png HTTP/1.1" 404 1117
190.171.154.42 - - [08/Apr/2019:17:30:06 -0300] "GET /cormun/static/Shared/jqueryui/images/ui-icons_82798d_256x240.png HTTP/1.1" 404 1089
190.171.154.42 - - [08/Apr/2019:17:30:06 -0300] "GET /cormun/static/Shared/jqueryui/images/ui-bg_flat_55_fafafa_40x100.png HTTP/1.1" 404 1097
190.171.154.42 - - [08/Apr/2019:17:30:06 -0300] "GET /cormun/static/Shared/jqueryui/images/ui-icons_8d78a5_256x240.png HTTP/1.1" 404 1089
190.171.154.42 - - [08/Apr/2019:17:30:06 -0300] "POST /cormun/servlet/trsolicitudot?96bf081301938ea64596588c75b2e4b8,gx-no-cache=1554755182487 HTTP/1.1" 200 4540
190.171.154.42 - - [08/Apr/2019:17:30:14 -0300] "GET /cormun/servlet/trautorizarsolicitud? HTTP/1.1" 200 8776
190.171.154.42 - - [08/Apr/2019:17:30:16 -0300] "GET /cormun/servlet/trautorizarsolicitud? HTTP/1.1" 200 8776
190.171.154.42 - - [08/Apr/2019:17:30:39 -0300] "POST /cormun/servlet/trautorizarsolicitud?96bf081301938ea64596588c75b2e4b8,,gx-no-cache=1554755215719 HTTP/1.1" 200 8788
190.171.154.42 - - [08/Apr/2019:17:30:40 -0300] "GET /cormun/static/Shared/jqueryui/images/ui-bg_highlight-soft_100_c6c2c8_1x100.png HTTP/1.1" 404 1117
190.171.154.42 - - [08/Apr/2019:17:30:40 -0300] "GET /cormun/static/Shared/jqueryui/images/ui-icons_82798d_256x240.png HTTP/1.1" 404 1089
190.171.154.42 - - [08/Apr/2019:17:30:40 -0300] "GET /cormun/static/Shared/jqueryui/images/ui-bg_flat_55_fafafa_40x100.png HTTP/1.1" 404 1097
190.171.154.42 - - [08/Apr/2019:17:30:40 -0300] "GET /cormun/static/Shared/jqueryui/images/ui-icons_8d78a5_256x240.png HTTP/1.1" 404 1089
190.171.154.42 - - [08/Apr/2019:17:30:40 -0300] "POST /cormun/servlet/trautorizarsolicitud?96bf081301938ea64596588c75b2e4b8,,gx-no-cache=1554755216799 HTTP/1.1" 200 8735
190.171.154.42 - - [08/Apr/2019:17:31:07 -0300] "GET /cormun/servlet/hlogin HTTP/1.1" 200 1748
190.171.142.42 - - [08/Apr/2019:17:31:11 -0300] "GET /cormun/servlet/hhome HTTP/1.1" 200 3408
190.171.142.42 - - [08/Apr/2019:17:31:11 -0300] "GET /cormun/servlet/hhome HTTP/1.1" 200 3418
190.171.142.42 - - [08/Apr/2019:17:31:11 -0300] "GET /cormun/servlet/hlogin HTTP/1.1" 200 1723
190.171.142.42 - - [08/Apr/2019:17:31:23 -0300] "POST /cormun/servlet/hlogin?0124c906fea49c6788d6547ff07e8114,gx-no-cache=1554755260507 HTTP/1.1" 200 90
190.171.142.42 - - [08/Apr/2019:17:31:23 -0300] "GET /cormun/servlet/hpexe_link HTTP/1.1" 200 942
190.171.142.42 - - [08/Apr/2019:17:31:23 -0300] "GET /cormun/servlet/hhome HTTP/1.1" 200 4278
190.171.142.42 - - [08/Apr/2019:17:31:23 -0300] "GET /cormun/servlet/hhome HTTP/1.1" 200 4274
190.171.142.42 - - [08/Apr/2019:17:31:27 -0300] "GET /cormun/servlet/trsolicitudot? HTTP/1.1" 200 7496
190.171.142.42 - - [08/Apr/2019:17:31:28 -0300] "GET /cormun/servlet/trsolicitudot? HTTP/1.1" 200 7495
190.171.142.42 - - [08/Apr/2019:17:31:31 -0300] "GET /cormun/servlet/solicitudot?INS,0,0, HTTP/1.1" 200 15174
190.171.142.42 - - [08/Apr/2019:17:31:32 -0300] "GET /cormun/servlet/solicitudot?INS,0,0, HTTP/1.1" 200 15179
190.171.141.114 - - [08/Apr/2019:17:38:38 -0300] "GET /cormun/servlet/hlogin HTTP/1.1" 200 1727
190.171.141.114 - - [08/Apr/2019:17:38:50 -0300] "POST /cormun/servlet/hlogin?9ad770d4790d846080deda6731447870,gx-no-cache=1554755709873 HTTP/1.1" 200 90
190.171.141.114 - - [08/Apr/2019:17:38:50 -0300] "GET /cormun/servlet/hpexe_link HTTP/1.1" 200 954
190.171.141.114 - - [08/Apr/2019:17:38:51 -0300] "GET /cormun/servlet/hhome HTTP/1.1" 200 4054
190.171.141.114 - - [08/Apr/2019:17:38:52 -0300] "GET /cormun/servlet/hhome HTTP/1.1" 200 4052
190.171.141.114 - - [08/Apr/2019:17:39:23 -0300] "GET /cormun/servlet/trsolicitudot? HTTP/1.1" 200 7269
190.171.141.114 - - [08/Apr/2019:17:39:25 -0300] "GET /cormun/servlet/trsolicitudot? HTTP/1.1" 200 7269
190.171.141.114 - - [08/Apr/2019:17:39:27 -0300] "GET /cormun/servlet/solicitudot?INS,0,0, HTTP/1.1" 200 14952
190.171.141.114 - - [08/Apr/2019:17:39:28 -0300] "GET /cormun/servlet/solicitudot?INS,0,0, HTTP/1.1" 200 14957
190.171.141.114 - - [08/Apr/2019:17:39:37 -0300] "POST /cormun/servlet/solicitudot?gx-no-cache=1554755756982 HTTP/1.1" 200 3450
190.171.141.114 - - [08/Apr/2019:17:39:38 -0300] "POST /cormun/servlet/solicitudot?9ad770d4790d846080deda6731447870,INS,0,0,,gx-no-cache=1554755757260 HTTP/1.1" 200 11690
190.171.141.114 - - [08/Apr/2019:17:39:40 -0300] "GET /cormun/servlet/solicitudot?cc58c08ddf8d3c6cd9c099f5a8fa84c76b81b3794daeb2beb4c45dfdd07ed38788048918eb05111cf1e25966b10621e4,gx-no-cache=1554755759378 HTTP/1.1" 200 30
157.55.39.74 - - [08/Apr/2019:17:39:53 -0300] "GET /cormun/servlet/licenciaspermisos?DSP,15902619,L,20181101000000,_escaped_fragment_%3D HTTP/1.1" 200 6073
190.171.141.114 - - [08/Apr/2019:17:42:37 -0300] "GET /cormun/servlet/solicitudot?cc58c08ddf8d3c6cd9c099f5a8fa84c77ad83cc2748d6b282592205b55e08a2045cd0c30896185c88ce51ebeca626b10bd4650e0c04acc5a83eb5ab1a33a7cad,gx-no-cache=1554755936701 HTTP/1.1" 200 30
190.171.141.114 - - [08/Apr/2019:17:42:37 -0300] "GET /cormun/servlet/solicitudot?cc58c08ddf8d3c6cd9c099f5a8fa84c735d6fcbb86931bd8fff3e455c2152706,gx-no-cache=1554755936866 HTTP/1.1" 200 29
190.171.142.42 - - [08/Apr/2019:17:42:38 -0300] "GET /cormun/servlet/prfichaempleado?,MD,,gxPopupLevel%3D0%3B HTTP/1.1" 200 9370
190.171.141.114 - - [08/Apr/2019:17:42:56 -0300] "POST /cormun/servlet/solicitudot?9ad770d4790d846080deda6731447870,INS,0,0,,gx-no-cache=1554755955382 HTTP/1.1" 200 11891
190.171.141.114 - - [08/Apr/2019:17:42:56 -0300] "GET /cormun/static/Shared/jqueryui/images/ui-bg_highlight-soft_100_c6c2c8_1x100.png HTTP/1.1" 404 1117
190.171.141.114 - - [08/Apr/2019:17:42:56 -0300] "GET /cormun/static/Shared/jqueryui/images/ui-bg_flat_55_fafafa_40x100.png HTTP/1.1" 404 1097
190.171.141.114 - - [08/Apr/2019:17:42:56 -0300] "GET /cormun/static/Shared/jqueryui/images/ui-icons_82798d_256x240.png HTTP/1.1" 404 1089
190.171.141.114 - - [08/Apr/2019:17:42:56 -0300] "GET /cormun/static/Shared/jqueryui/images/ui-icons_8d78a5_256x240.png HTTP/1.1" 404 1089
190.171.141.114 - - [08/Apr/2019:17:42:59 -0300] "GET /cormun/servlet/solicitudot?cc58c08ddf8d3c6cd9c099f5a8fa84c735d6fcbb86931bd8fff3e455c2152706,gx-no-cache=1554755958647 HTTP/1.1" 200 29
190.171.141.114 - - [08/Apr/2019:17:42:59 -0300] "POST /cormun/servlet/solicitudot?gx-no-cache=1554755958705 HTTP/1.1" 200 297
190.171.141.114 - - [08/Apr/2019:17:42:59 -0300] "GET /cormun/servlet/solicitudot?cc58c08ddf8d3c6cd9c099f5a8fa84c7b446c4309e85eb8b55834c07ac8baaaa6c67c9c3853cb4e2bbbb687c96525660762c04cdf906b6ae89319edd59f6bccc7b3a476b397ae71a79d0b7b4cbc167365531c6702a409d931b32787dba609131ab708c552521221ea3f95b4e261e836f4024b65e6f9b5e46c5703667955c397f84bb6c782ad5d7356ced8dc37bec661ba07c99b50b2b79242097819b29f4d08351f57a331af508b632dcd30bba4069b1cf20a90dacee376852a806ac68a2f030915cc0347e8e92642c6f6672d22cb916f887f365547d1d3f69414c849b6a83faab4fda4eb78452e6e3b35332728b34cc774fdfd8a77b0d0a4cf81f30c5376d29dfd311a37d094057643d76292aad7f3534579daa8eafcfc67bd32af23291459cd8c16bfea7fd19d4d348c6728362af79d70bf82424328ed32fc16b52e07d0e6683b1306cd4ecc049ef46ec8e6d736f80f7f44dc7b76142a59943ab00a793a8f5e0e8ac58b6315420ee6d303790c8eff9f54bdb2c4d05fdec516d22ca40ec6f57b58e2f2bb42cce6bb3eac1453abfa4a4,gx-no-cache=1554755958781 HTTP/1.1" 200 30
190.171.141.114 - - [08/Apr/2019:17:43:02 -0300] "POST /cormun/servlet/solicitudot?gx-no-cache=1554755961223 HTTP/1.1" 200 30
190.171.142.42 - - [08/Apr/2019:17:43:04 -0300] "POST /cormun/servlet/solicitudot?gx-no-cache=1554755961411 HTTP/1.1" 200 3450
190.171.142.42 - - [08/Apr/2019:17:43:04 -0300] "POST /cormun/servlet/solicitudot?0124c906fea49c6788d6547ff07e8114,INS,0,0,,gx-no-cache=1554755961627 HTTP/1.1" 200 11892
190.171.141.114 - - [08/Apr/2019:17:43:04 -0300] "POST /cormun/servlet/solicitudot?gx-no-cache=1554755963566 HTTP/1.1" 200 1331
190.171.141.114 - - [08/Apr/2019:17:43:04 -0300] "POST /cormun/servlet/solicitudot?gx-no-cache=1554755963649 HTTP/1.1" 200 38
190.171.142.42 - - [08/Apr/2019:17:43:09 -0300] "GET /cormun/servlet/solicitudot?6d221f621d5afefc6a85dc0083d4a0263648cb3ed9fcb9908ba3297b2db2728ef982b5a96c71185073e2529a40258c0d,gx-no-cache=1554755966559 HTTP/1.1" 200 30
190.171.141.114 - - [08/Apr/2019:17:43:45 -0300] "GET /cormun/servlet/solicitudot?cc58c08ddf8d3c6cd9c099f5a8fa84c7aca6e72ae8d507341d6a8cc171af7b280d653dfc26ed97e7d01679234188c2570601de6c20c745875d6d805974be562e9b9351018a9ef2c6c0873a42d59361b95567088718833ddbf5b16cd36e8fa11fdcb9a2ebf00bc9ced1891aa1131f304e,gx-no-cache=1554756004218 HTTP/1.1" 200 110
190.171.141.114 - - [08/Apr/2019:17:43:51 -0300] "POST /cormun/servlet/solicitudot?gx-no-cache=1554756010787 HTTP/1.1" 200 69
190.171.141.114 - - [08/Apr/2019:17:43:56 -0300] "GET /cormun/servlet/solicitudot?cc58c08ddf8d3c6cd9c099f5a8fa84c70e9878f8be846c11f39ac6e17765883de1f3e641b6eb1c842642db42cad1f44a5c28a97e6df87e5530634cba5f1753ec8d0d2e0cfbf4e1021565bc8b39aa268587b1ae8fc41be5e9428793f5e810f282c0aeae8145cfd561e884d5bbe4e3b719,gx-no-cache=1554756015620 HTTP/1.1" 200 29
190.171.141.114 - - [08/Apr/2019:17:43:56 -0300] "GET /cormun/static/menuarrow.gif HTTP/1.1" 404 1015
190.171.141.114 - - [08/Apr/2019:17:43:59 -0300] "GET /cormun/servlet/solicitudot?cc58c08ddf8d3c6cd9c099f5a8fa84c72978279f5149d890f38af09238f59a2bf17099951b69d6dc7fd0c338602a7674,gx-no-cache=1554756018970 HTTP/1.1" 200 30
190.171.141.114 - - [08/Apr/2019:17:44:06 -0300] "POST /cormun/servlet/solicitudot?gx-no-cache=1554756026067 HTTP/1.1" 200 30
200.111.191.210 - - [08/Apr/2019:17:44:27 -0300] "GET /cormun/servlet/trpermisosgoce? HTTP/1.1" 200 6139
200.111.191.210 - - [08/Apr/2019:17:44:27 -0300] "GET /cormun/servlet/hlogin HTTP/1.1" 200 1737
200.111.191.210 - - [08/Apr/2019:17:44:27 -0300] "GET /cormun/servlet/trpermisosgoce? HTTP/1.1" 200 6112
190.171.141.114 - - [08/Apr/2019:17:44:31 -0300] "POST /cormun/servlet/solicitudot?9ad770d4790d846080deda6731447870,INS,0,0,,gx-no-cache=1554756050215 HTTP/1.1" 200 93
190.171.141.114 - - [08/Apr/2019:17:44:31 -0300] "GET /cormun/servlet/hpexe_return? HTTP/1.1" 200 1009
190.171.141.114 - - [08/Apr/2019:17:44:31 -0300] "GET /cormun/servlet/trsolicitudot HTTP/1.1" 200 8646
190.171.141.114 - - [08/Apr/2019:17:44:33 -0300] "GET /cormun/servlet/trsolicitudot HTTP/1.1" 200 8642
200.111.191.210 - - [08/Apr/2019:17:44:56 -0300] "POST /cormun/servlet/hlogin?e103163462b75a1d9557a3d4a3ec4bbf,gx-no-cache=1554756128891 HTTP/1.1" 200 90
200.111.191.210 - - [08/Apr/2019:17:44:56 -0300] "GET /cormun/servlet/hpexe_link HTTP/1.1" 200 953
200.111.191.210 - - [08/Apr/2019:17:44:56 -0300] "GET /cormun/servlet/trpermisosgoce HTTP/1.1" 200 16309
200.111.191.210 - - [08/Apr/2019:17:44:56 -0300] "GET /cormun/servlet/trpermisosgoce HTTP/1.1" 200 16315
200.111.191.210 - - [08/Apr/2019:17:44:58 -0300] "GET /cormun/servlet/permisogoce?INS,0,,, HTTP/1.1" 200 6863
200.111.191.210 - - [08/Apr/2019:17:44:59 -0300] "GET /cormun/servlet/permisogoce?INS,0,,, HTTP/1.1" 200 6862
200.111.191.210 - - [08/Apr/2019:17:45:06 -0300] "GET /cormun/servlet/permisogoce?b1ccd3964e09fe2febef97bbda9d0a0c45a98fd8ceb7ff88f6ccf64d766ee985ee2a108845d4337c4016dc9f6de92707c5a7627172866caa81cc2c37f961a8fe,gx-no-cache=1554756139049 HTTP/1.1" 200 80
200.111.191.210 - - [08/Apr/2019:17:45:09 -0300] "GET /cormun/servlet/permisogoce?b1ccd3964e09fe2febef97bbda9d0a0ce2808cf3d32e3e3dacb87de8da3d9ac1726ac37f5d14d78e648c560ec3f1238afd0890fca7f235347c5ad9885fb06c45,gx-no-cache=1554756142304 HTTP/1.1" 200 47
200.111.191.210 - - [08/Apr/2019:17:45:19 -0300] "POST /cormun/servlet/permisogoce?e103163462b75a1d9557a3d4a3ec4bbf,INS,0,,,,gx-no-cache=1554756151773 HTTP/1.1" 200 93
200.111.191.210 - - [08/Apr/2019:17:45:19 -0300] "GET /cormun/servlet/hpexe_return? HTTP/1.1" 200 1006
200.111.191.210 - - [08/Apr/2019:17:45:19 -0300] "GET /cormun/servlet/trpermisosgoce HTTP/1.1" 200 16636
200.111.191.210 - - [08/Apr/2019:17:45:19 -0300] "GET /cormun/servlet/trpermisosgoce HTTP/1.1" 200 16631
200.111.191.210 - - [08/Apr/2019:17:45:23 -0300] "GET /cormun/servlet/apermisogoceprn?15125965,P,20190408183817,PU HTTP/1.1" 200 1661
190.171.143.82 - - [08/Apr/2019:17:45:43 -0300] "POST /cormun/servlet/solicitudotadjuntos?gx-no-cache=1554756121650 HTTP/1.1" 200 26
190.171.142.42 - - [08/Apr/2019:17:45:53 -0300] "GET /cormun/servlet/prbanco?,MD,,gxPopupLevel%3D0%3B HTTP/1.1" 200 6645
190.171.142.42 - - [08/Apr/2019:17:45:53 -0300] "GET /cormun/static/gxcfg.js?20181161016094 HTTP/1.1" 200 953
190.171.142.42 - - [08/Apr/2019:17:45:53 -0300] "GET /cormun/static/prbanco.js?2018116101633 HTTP/1.1" 200 10693
190.171.143.82 - - [08/Apr/2019:17:45:53 -0300] "GET /cormun/servlet/solicitudotadjuntos?346854edd8c506a1219457869b0f621f35013293403a5b4482c7bfb1f5116e31,gx-no-cache=1554756132019 HTTP/1.1" 200 30
190.171.143.82 - - [08/Apr/2019:17:45:54 -0300] "GET /cormun/servlet/solicitudotadjuntos?346854edd8c506a1219457869b0f621f35013293403a5b4482c7bfb1f5116e31,gx-no-cache=1554756132050 HTTP/1.1" 200 30
190.171.143.82 - - [08/Apr/2019:17:45:54 -0300] "POST /cormun/servlet/solicitudotadjuntos?b02c1d1fe3b1e26fd0e6db40da119ad4,INS,2019,15209,,1, HTTP/1.1" 200 116
190.171.143.82 - - [08/Apr/2019:17:45:54 -0300] "GET /cormun/servlet/hpexe_return? HTTP/1.1" 200 1018
190.171.143.82 - - [08/Apr/2019:17:45:54 -0300] "GET /cormun/servlet/trsolicitudadjuntos?2019,15209, HTTP/1.1" 200 9092
190.171.143.82 - - [08/Apr/2019:17:45:56 -0300] "GET /cormun/servlet/trsolicitudadjuntos?2019,15209, HTTP/1.1" 200 9087
190.171.142.42 - - [08/Apr/2019:17:45:57 -0300] "GET /cormun/servlet/solicitudot?6d221f621d5afefc6a85dc0083d4a026e6303f40ff7d8c1b6c24099a0c64fe326694da59459a974dd8912ba196f34468,gx-no-cache=1554756134518 HTTP/1.1" 200 30
190.171.143.82 - - [08/Apr/2019:17:45:59 -0300] "GET /cormun/servlet/solicitudotadjuntos?INS,2019,15209,,1, HTTP/1.1" 200 6360
190.171.143.82 - - [08/Apr/2019:17:45:59 -0300] "GET /cormun/static/about:blank HTTP/1.1" 404 1011
190.171.142.42 - - [08/Apr/2019:17:46:00 -0300] "GET /cormun/servlet/solicitudot?6d221f621d5afefc6a85dc0083d4a02656a44420542f07c18bf334ef6b2065fd,gx-no-cache=1554756137424 HTTP/1.1" 200 53
190.171.143.82 - - [08/Apr/2019:17:46:00 -0300] "GET /cormun/servlet/solicitudotadjuntos?INS,2019,15209,,1, HTTP/1.1" 200 6354
190.171.143.82 - - [08/Apr/2019:17:46:00 -0300] "GET /cormun/servlet/solicitudotadjuntos?346854edd8c506a1219457869b0f621fab5b8d8a19e4fbf87252bd777bca7b28c89bfa33b41375c7b20c817d78151fd9,gx-no-cache=1554756138632 HTTP/1.1" 200 30
190.171.143.82 - - [08/Apr/2019:17:46:00 -0300] "POST /cormun/servlet/solicitudotadjuntos?b02c1d1fe3b1e26fd0e6db40da119ad4,INS,2019,15209,,1,,gx-no-cache=1554756138680 HTTP/1.1" 200 4053
190.171.142.42 - - [08/Apr/2019:17:46:22 -0300] "POST /cormun/servlet/solicitudot?gx-no-cache=1554756160311 HTTP/1.1" 200 255
190.171.143.82 - - [08/Apr/2019:17:46:23 -0300] "POST /cormun/servlet/solicitudotadjuntos?gx-no-cache=1554756161659 HTTP/1.1" 200 26
190.171.142.42 - - [08/Apr/2019:17:46:26 -0300] "GET /cormun/servlet/solicitudot?6d221f621d5afefc6a85dc0083d4a0268802ed38e063bbd216426ee90818f8b850c3226980b1f75526444dd5a7ff8ca39cbc0af3e6ea0038f974dcc5e0a7e64b6e184aa41a28330063ab6d0d8460672063187657131ca4f01b4982d709f6840c673334b119d1d085e1fef032914d63e3d13e9313aef8a65646e114e82f628fd97e39a19f9c037f9597dc6a208b156b9ffb560dff225d5423e4d494882daefe588f9f9b748e7929cce90019f4bc71d4798f70bfb04c7fe4d6957ea93749e6f6fa1c633ac1d4bdd7b6452c027a648fe6453165f84c16903bfda10c3dfac7966db30c7030094462a3c7db781ad5fb540c30e63b5ce35d72c73a561c73f9bf0c688722e8998b2f8297000aa539b386fed882a14a8b0031256390a8e0c7148ad9e8af258caf19a18676f42f49d6ad861a22afba5c7c81e30e28c2326bfaf30ffd2ae7e048a73a580c11b65a502b17fffa6746349d33244e717de226e4bf63628a317628516af70e69a7c75d8b95c33b10b1706c37c31d939b368442fb8979b53d1e77,gx-no-cache=1554756164000 HTTP/1.1" 200 30
190.171.142.42 - - [08/Apr/2019:17:46:48 -0300] "POST /cormun/servlet/solicitudot?gx-no-cache=1554756185411 HTTP/1.1" 200 30
190.171.142.42 - - [08/Apr/2019:17:46:51 -0300] "POST /cormun/servlet/solicitudot?gx-no-cache=1554756188408 HTTP/1.1" 200 1331
190.171.142.42 - - [08/Apr/2019:17:46:51 -0300] "POST /cormun/servlet/solicitudot?gx-no-cache=1554756188640 HTTP/1.1" 200 38
190.171.142.42 - - [08/Apr/2019:17:47:26 -0300] "GET /cormun/servlet/solicitudot?6d221f621d5afefc6a85dc0083d4a026cb48d4361fc053488da5d0a1a63909d792377a7436260f1bcadc7d3ba2cc10175bb6309a020578c864659d3664c93cae05ccd2320abbf97d3922334efd63dfc86ae412105c09b875cd35bb8f49cddb9552681ea61cb885a67d2a2ae567a5997c,gx-no-cache=1554756223855 HTTP/1.1" 200 110
190.171.143.82 - - [08/Apr/2019:17:47:27 -0300] "GET /cormun/servlet/solicitudotadjuntos?346854edd8c506a1219457869b0f621f35013293403a5b4482c7bfb1f5116e31,gx-no-cache=1554756225567 HTTP/1.1" 200 30
190.171.143.82 - - [08/Apr/2019:17:47:27 -0300] "GET /cormun/servlet/solicitudotadjuntos?346854edd8c506a1219457869b0f621f35013293403a5b4482c7bfb1f5116e31,gx-no-cache=1554756225647 HTTP/1.1" 200 30
190.171.143.82 - - [08/Apr/2019:17:47:28 -0300] "POST /cormun/servlet/solicitudotadjuntos?b02c1d1fe3b1e26fd0e6db40da119ad4,INS,2019,15209,,1, HTTP/1.1" 200 116
190.171.143.82 - - [08/Apr/2019:17:47:28 -0300] "GET /cormun/servlet/hpexe_return? HTTP/1.1" 200 1018
190.171.143.82 - - [08/Apr/2019:17:47:28 -0300] "GET /cormun/servlet/trsolicitudadjuntos?2019,15209, HTTP/1.1" 200 9355
190.171.143.82 - - [08/Apr/2019:17:47:29 -0300] "GET /cormun/servlet/trsolicitudadjuntos?2019,15209, HTTP/1.1" 200 9354
190.171.143.82 - - [08/Apr/2019:17:47:32 -0300] "GET /cormun/servlet/solicitudotadjuntos?INS,2019,15209,,1, HTTP/1.1" 200 6362
190.171.143.82 - - [08/Apr/2019:17:47:32 -0300] "GET /cormun/static/about:blank HTTP/1.1" 404 1011
190.171.143.82 - - [08/Apr/2019:17:47:33 -0300] "GET /cormun/servlet/solicitudotadjuntos?INS,2019,15209,,1, HTTP/1.1" 200 6356
190.171.143.82 - - [08/Apr/2019:17:47:33 -0300] "GET /cormun/servlet/solicitudotadjuntos?346854edd8c506a1219457869b0f621fab5b8d8a19e4fbf87252bd777bca7b28c89bfa33b41375c7b20c817d78151fd9,gx-no-cache=1554756231804 HTTP/1.1" 200 30
190.171.143.82 - - [08/Apr/2019:17:47:33 -0300] "POST /cormun/servlet/solicitudotadjuntos?b02c1d1fe3b1e26fd0e6db40da119ad4,INS,2019,15209,,1,,gx-no-cache=1554756231840 HTTP/1.1" 200 4054
190.171.142.42 - - [08/Apr/2019:17:47:35 -0300] "POST /cormun/servlet/solicitudot?gx-no-cache=1554756232595 HTTP/1.1" 200 69
190.171.143.82 - - [08/Apr/2019:17:47:38 -0300] "POST /cormun/servlet/solicitudotadjuntos?gx-no-cache=1554756236906 HTTP/1.1" 200 26
190.171.143.82 - - [08/Apr/2019:17:48:47 -0300] "GET /cormun/servlet/solicitudotadjuntos?346854edd8c506a1219457869b0f621f35013293403a5b4482c7bfb1f5116e31,gx-no-cache=1554756305690 HTTP/1.1" 200 30
190.171.143.82 - - [08/Apr/2019:17:48:47 -0300] "GET /cormun/servlet/solicitudotadjuntos?346854edd8c506a1219457869b0f621f35013293403a5b4482c7bfb1f5116e31,gx-no-cache=1554756305947 HTTP/1.1" 200 30
190.171.143.82 - - [08/Apr/2019:17:48:48 -0300] "POST /cormun/servlet/solicitudotadjuntos?b02c1d1fe3b1e26fd0e6db40da119ad4,INS,2019,15209,,1, HTTP/1.1" 200 116
190.171.143.82 - - [08/Apr/2019:17:48:48 -0300] "GET /cormun/servlet/hpexe_return? HTTP/1.1" 200 1018
190.171.143.82 - - [08/Apr/2019:17:48:49 -0300] "GET /cormun/servlet/trsolicitudadjuntos?2019,15209, HTTP/1.1" 200 9577
190.171.143.82 - - [08/Apr/2019:17:48:51 -0300] "GET /cormun/servlet/trsolicitudadjuntos?2019,15209, HTTP/1.1" 200 9573
190.171.143.82 - - [08/Apr/2019:17:48:54 -0300] "GET /cormun/servlet/solicitudotadjuntos?INS,2019,15209,,1, HTTP/1.1" 200 6361
190.171.143.82 - - [08/Apr/2019:17:48:54 -0300] "GET /cormun/static/about:blank HTTP/1.1" 404 1011
190.171.143.82 - - [08/Apr/2019:17:48:55 -0300] "GET /cormun/servlet/solicitudotadjuntos?INS,2019,15209,,1, HTTP/1.1" 200 6355
190.171.143.82 - - [08/Apr/2019:17:48:55 -0300] "GET /cormun/servlet/solicitudotadjuntos?346854edd8c506a1219457869b0f621fab5b8d8a19e4fbf87252bd777bca7b28c89bfa33b41375c7b20c817d78151fd9,gx-no-cache=1554756313643 HTTP/1.1" 200 30
190.171.143.82 - - [08/Apr/2019:17:48:55 -0300] "POST /cormun/servlet/solicitudotadjuntos?b02c1d1fe3b1e26fd0e6db40da119ad4,INS,2019,15209,,1,,gx-no-cache=1554756313700 HTTP/1.1" 200 4053
190.171.143.82 - - [08/Apr/2019:17:49:01 -0300] "POST /cormun/servlet/solicitudotadjuntos?gx-no-cache=1554756319310 HTTP/1.1" 200 26
190.171.143.82 - - [08/Apr/2019:17:50:36 -0300] "GET /cormun/servlet/solicitudotadjuntos?346854edd8c506a1219457869b0f621f35013293403a5b4482c7bfb1f5116e31,gx-no-cache=1554756414690 HTTP/1.1" 200 30
190.171.143.82 - - [08/Apr/2019:17:50:36 -0300] "GET /cormun/servlet/solicitudotadjuntos?346854edd8c506a1219457869b0f621f35013293403a5b4482c7bfb1f5116e31,gx-no-cache=1554756414891 HTTP/1.1" 200 30
190.171.143.82 - - [08/Apr/2019:17:50:37 -0300] "POST /cormun/servlet/solicitudotadjuntos?b02c1d1fe3b1e26fd0e6db40da119ad4,INS,2019,15209,,1, HTTP/1.1" 200 116
190.171.143.82 - - [08/Apr/2019:17:50:37 -0300] "GET /cormun/servlet/hpexe_return? HTTP/1.1" 200 1018
190.171.143.82 - - [08/Apr/2019:17:50:37 -0300] "GET /cormun/servlet/trsolicitudadjuntos?2019,15209, HTTP/1.1" 200 9789
190.171.143.82 - - [08/Apr/2019:17:50:39 -0300] "GET /cormun/servlet/trsolicitudadjuntos?2019,15209, HTTP/1.1" 200 9784
190.171.143.82 - - [08/Apr/2019:17:50:41 -0300] "GET /cormun/servlet/solicitudotadjuntos?INS,2019,15209,,1, HTTP/1.1" 200 6361
190.171.143.82 - - [08/Apr/2019:17:50:41 -0300] "GET /cormun/static/about:blank HTTP/1.1" 404 1011
190.171.143.82 - - [08/Apr/2019:17:50:42 -0300] "GET /cormun/servlet/solicitudotadjuntos?INS,2019,15209,,1, HTTP/1.1" 200 6355
190.171.143.82 - - [08/Apr/2019:17:50:42 -0300] "GET /cormun/servlet/solicitudotadjuntos?346854edd8c506a1219457869b0f621fab5b8d8a19e4fbf87252bd777bca7b28c89bfa33b41375c7b20c817d78151fd9,gx-no-cache=1554756420673 HTTP/1.1" 200 30
190.171.143.82 - - [08/Apr/2019:17:50:42 -0300] "POST /cormun/servlet/solicitudotadjuntos?b02c1d1fe3b1e26fd0e6db40da119ad4,INS,2019,15209,,1,,gx-no-cache=1554756420717 HTTP/1.1" 200 4053
190.171.143.82 - - [08/Apr/2019:17:50:50 -0300] "POST /cormun/servlet/solicitudotadjuntos?gx-no-cache=1554756428973 HTTP/1.1" 200 26
190.171.141.114 - - [08/Apr/2019:17:51:07 -0300] "GET /cormun/servlet/solicitudot?INS,0,0, HTTP/1.1" 200 14952
190.171.141.114 - - [08/Apr/2019:17:51:09 -0300] "GET /cormun/servlet/solicitudot?INS,0,0, HTTP/1.1" 200 14957
190.171.141.114 - - [08/Apr/2019:17:51:20 -0300] "POST /cormun/servlet/solicitudot?gx-no-cache=1554756459406 HTTP/1.1" 200 3508
190.171.141.114 - - [08/Apr/2019:17:51:20 -0300] "GET /cormun/static/Shared/jqueryui/images/ui-bg_highlight-soft_100_c6c2c8_1x100.png HTTP/1.1" 404 1117
190.171.141.114 - - [08/Apr/2019:17:51:20 -0300] "GET /cormun/static/Shared/jqueryui/images/ui-icons_82798d_256x240.png HTTP/1.1" 404 1089
190.171.141.114 - - [08/Apr/2019:17:51:20 -0300] "GET /cormun/static/Shared/jqueryui/images/ui-icons_ebccce_256x240.png HTTP/1.1" 404 1089
190.171.141.114 - - [08/Apr/2019:17:51:20 -0300] "GET /cormun/static/Shared/jqueryui/images/ui-bg_flat_55_994d53_40x100.png HTTP/1.1" 404 1097
190.171.141.114 - - [08/Apr/2019:17:51:25 -0300] "GET /cormun/servlet/solicitudot?cc58c08ddf8d3c6cd9c099f5a8fa84c76735caf0a904292f2d52198cdb750d7f,gx-no-cache=1554756464716 HTTP/1.1" 200 111
190.171.141.114 - - [08/Apr/2019:17:51:41 -0300] "POST /cormun/servlet/solicitudot?gx-no-cache=1554756480324 HTTP/1.1" 200 3454
190.171.141.114 - - [08/Apr/2019:17:51:41 -0300] "POST /cormun/servlet/solicitudot?9ad770d4790d846080deda6731447870,INS,0,0,,gx-no-cache=1554756480572 HTTP/1.1" 200 11693
190.171.141.114 - - [08/Apr/2019:17:51:41 -0300] "GET /cormun/servlet/solicitudot?cc58c08ddf8d3c6cd9c099f5a8fa84c78adc14ff7138d5f3f0964547db81276988048918eb05111cf1e25966b10621e4,gx-no-cache=1554756480929 HTTP/1.1" 200 111
190.171.141.114 - - [08/Apr/2019:17:51:47 -0300] "GET /cormun/servlet/solicitudot?cc58c08ddf8d3c6cd9c099f5a8fa84c7985aee399112dbeb16d3a575d2b1525888048918eb05111cf1e25966b10621e4,gx-no-cache=1554756486798 HTTP/1.1" 200 30
190.171.143.82 - - [08/Apr/2019:17:52:31 -0300] "GET /cormun/servlet/solicitudotadjuntos?346854edd8c506a1219457869b0f621f35013293403a5b4482c7bfb1f5116e31,gx-no-cache=1554756529284 HTTP/1.1" 200 30
190.171.143.82 - - [08/Apr/2019:17:52:31 -0300] "GET /cormun/servlet/solicitudotadjuntos?346854edd8c506a1219457869b0f621f35013293403a5b4482c7bfb1f5116e31,gx-no-cache=1554756529316 HTTP/1.1" 200 30
190.171.143.82 - - [08/Apr/2019:17:52:32 -0300] "POST /cormun/servlet/solicitudotadjuntos?b02c1d1fe3b1e26fd0e6db40da119ad4,INS,2019,15209,,1, HTTP/1.1" 200 116
190.171.143.82 - - [08/Apr/2019:17:52:32 -0300] "GET /cormun/servlet/hpexe_return? HTTP/1.1" 200 1018
190.171.143.82 - - [08/Apr/2019:17:52:32 -0300] "GET /cormun/servlet/trsolicitudadjuntos?2019,15209, HTTP/1.1" 200 10068
190.171.143.82 - - [08/Apr/2019:17:52:34 -0300] "GET /cormun/servlet/trsolicitudadjuntos?2019,15209, HTTP/1.1" 200 10066
190.171.143.82 - - [08/Apr/2019:17:52:49 -0300] "GET /cormun/servlet/solicitudotadjuntos?INS,2019,15209,,1, HTTP/1.1" 200 6361
190.171.143.82 - - [08/Apr/2019:17:52:49 -0300] "GET /cormun/static/about:blank HTTP/1.1" 404 1011
190.171.143.82 - - [08/Apr/2019:17:52:50 -0300] "GET /cormun/servlet/solicitudotadjuntos?INS,2019,15209,,1, HTTP/1.1" 200 6355
190.171.143.82 - - [08/Apr/2019:17:52:50 -0300] "GET /cormun/servlet/solicitudotadjuntos?346854edd8c506a1219457869b0f621fab5b8d8a19e4fbf87252bd777bca7b28c89bfa33b41375c7b20c817d78151fd9,gx-no-cache=1554756548439 HTTP/1.1" 200 30
190.171.143.82 - - [08/Apr/2019:17:52:50 -0300] "POST /cormun/servlet/solicitudotadjuntos?b02c1d1fe3b1e26fd0e6db40da119ad4,INS,2019,15209,,1,,gx-no-cache=1554756548494 HTTP/1.1" 200 4054
190.171.142.42 - - [08/Apr/2019:17:52:54 -0300] "GET /cormun/servlet/solicitudot?6d221f621d5afefc6a85dc0083d4a0268636f21df97c9c49c2566ded484fa8b7b29805d902a77818967d9f54ecdc13d3dae7ccb70266aa6ce9adb26ee2fb7b49e8059b87173d7b8671f1c62414b6a1337304ad25aa7255e9578059e29b69bd1b86dfb29685e437aea69a4ff1aa189237,gx-no-cache=1554756551857 HTTP/1.1" 200 29
190.171.142.42 - - [08/Apr/2019:17:52:55 -0300] "GET /cormun/static/menuarrow.gif HTTP/1.1" 404 1015
190.171.143.82 - - [08/Apr/2019:17:52:56 -0300] "POST /cormun/servlet/solicitudotadjuntos?gx-no-cache=1554756554096 HTTP/1.1" 200 26
190.171.142.42 - - [08/Apr/2019:17:53:00 -0300] "GET /cormun/servlet/solicitudot?6d221f621d5afefc6a85dc0083d4a026fd432ad38a1af71a4af770f02281a5ce90972a8fb291cc1e71beacbfed1c6fad,gx-no-cache=1554756557404 HTTP/1.1" 200 30
190.171.143.82 - - [08/Apr/2019:17:53:35 -0300] "GET /cormun/servlet/solicitudotadjuntos?346854edd8c506a1219457869b0f621f35013293403a5b4482c7bfb1f5116e31,gx-no-cache=1554756593081 HTTP/1.1" 200 30
190.171.143.82 - - [08/Apr/2019:17:53:35 -0300] "GET /cormun/servlet/solicitudotadjuntos?346854edd8c506a1219457869b0f621f35013293403a5b4482c7bfb1f5116e31,gx-no-cache=1554756593142 HTTP/1.1" 200 30
190.171.143.82 - - [08/Apr/2019:17:53:35 -0300] "POST /cormun/servlet/solicitudotadjuntos?b02c1d1fe3b1e26fd0e6db40da119ad4,INS,2019,15209,,1, HTTP/1.1" 200 116
190.171.143.82 - - [08/Apr/2019:17:53:35 -0300] "GET /cormun/servlet/hpexe_return? HTTP/1.1" 200 1018
190.171.143.82 - - [08/Apr/2019:17:53:36 -0300] "GET /cormun/servlet/trsolicitudadjuntos?2019,15209, HTTP/1.1" 200 10298
190.171.143.82 - - [08/Apr/2019:17:53:37 -0300] "GET /cormun/servlet/trsolicitudadjuntos?2019,15209, HTTP/1.1" 200 10299
190.171.143.82 - - [08/Apr/2019:17:53:46 -0300] "GET /cormun/servlet/trautorizarsolicitud? HTTP/1.1" 200 8811
190.171.143.82 - - [08/Apr/2019:17:53:46 -0300] "GET /cormun/static/gxcfg.js?2017111423403364 HTTP/1.1" 200 953
190.171.143.82 - - [08/Apr/2019:17:53:46 -0300] "GET /cormun/static/trautorizarsolicitud.js?201711142340425 HTTP/1.1" 200 53910
190.171.143.82 - - [08/Apr/2019:17:53:46 -0300] "GET /cormun/servlet/trautorizarsolicitud? HTTP/1.1" 200 8801
190.171.143.82 - - [08/Apr/2019:17:53:54 -0300] "POST /cormun/servlet/trautorizarsolicitud?b02c1d1fe3b1e26fd0e6db40da119ad4,,gx-no-cache=1554756612834 HTTP/1.1" 200 4697
190.171.143.82 - - [08/Apr/2019:17:53:54 -0300] "GET /cormun/static/Shared/jqueryui/images/ui-bg_highlight-soft_100_c6c2c8_1x100.png HTTP/1.1" 404 1117
190.171.143.82 - - [08/Apr/2019:17:53:55 -0300] "GET /cormun/static/Shared/jqueryui/images/ui-icons_82798d_256x240.png HTTP/1.1" 404 1089
190.171.143.82 - - [08/Apr/2019:17:53:55 -0300] "GET /cormun/static/Shared/jqueryui/images/ui-bg_flat_55_fafafa_40x100.png HTTP/1.1" 404 1097
190.171.143.82 - - [08/Apr/2019:17:53:55 -0300] "GET /cormun/static/Shared/jqueryui/images/ui-icons_8d78a5_256x240.png HTTP/1.1" 404 1089
190.171.143.82 - - [08/Apr/2019:17:53:55 -0300] "POST /cormun/servlet/trautorizarsolicitud?b02c1d1fe3b1e26fd0e6db40da119ad4,,gx-no-cache=1554756613073 HTTP/1.1" 200 4460
190.171.143.82 - - [08/Apr/2019:17:54:04 -0300] "POST /cormun/servlet/trautorizarsolicitud?b02c1d1fe3b1e26fd0e6db40da119ad4,,gx-no-cache=1554756622075 HTTP/1.1" 200 5839
190.171.143.82 - - [08/Apr/2019:17:54:10 -0300] "POST /cormun/servlet/trautorizarsolicitud?b02c1d1fe3b1e26fd0e6db40da119ad4,,gx-no-cache=1554756628387 HTTP/1.1" 200 5852
190.171.142.42 - - [08/Apr/2019:17:54:18 -0300] "POST /cormun/servlet/solicitudot?gx-no-cache=1554756635830 HTTP/1.1" 200 30
190.171.142.42 - - [08/Apr/2019:17:54:18 -0300] "POST /cormun/servlet/solicitudot?0124c906fea49c6788d6547ff07e8114,INS,0,0,,gx-no-cache=1554756635879 HTTP/1.1" 200 93
190.171.142.42 - - [08/Apr/2019:17:54:18 -0300] "GET /cormun/servlet/hpexe_return? HTTP/1.1" 200 998
190.171.142.42 - - [08/Apr/2019:17:54:18 -0300] "GET /cormun/servlet/trsolicitudot HTTP/1.1" 200 8869
190.171.142.42 - - [08/Apr/2019:17:54:19 -0300] "GET /cormun/servlet/trsolicitudot HTTP/1.1" 200 8865
190.171.143.82 - - [08/Apr/2019:17:54:21 -0300] "POST /cormun/servlet/trautorizarsolicitud?b02c1d1fe3b1e26fd0e6db40da119ad4,,gx-no-cache=1554756639449 HTTP/1.1" 200 4478
190.171.143.82 - - [08/Apr/2019:17:54:25 -0300] "GET /cormun/servlet/trvisualizadoreventos? HTTP/1.1" 200 7085
190.171.143.82 - - [08/Apr/2019:17:54:25 -0300] "GET /cormun/static/gxcfg.js?20175251251426 HTTP/1.1" 200 953
190.171.143.82 - - [08/Apr/2019:17:54:25 -0300] "GET /cormun/static/Resources/PXToolsActionPrint.png HTTP/1.1" 200 3317
190.171.143.82 - - [08/Apr/2019:17:54:26 -0300] "GET /cormun/static/trvisualizadoreventos.js?20175251251768 HTTP/1.1" 200 19318
190.171.143.82 - - [08/Apr/2019:17:54:26 -0300] "GET /cormun/static/Resources/Spanish/PXTools.css?11423723 HTTP/1.1" 200 89042
190.171.143.82 - - [08/Apr/2019:17:54:26 -0300] "GET /cormun/servlet/trvisualizadoreventos? HTTP/1.1" 200 7084
190.171.143.82 - - [08/Apr/2019:17:54:30 -0300] "POST /cormun/servlet/trvisualizadoreventos?b02c1d1fe3b1e26fd0e6db40da119ad4,,gx-no-cache=1554756648177 HTTP/1.1" 200 4195
190.171.141.98 - - [08/Apr/2019:17:54:35 -0300] "GET /cormun/servlet/licenciaspermisos?INS,0,,, HTTP/1.1" 200 6774
190.171.141.98 - - [08/Apr/2019:17:54:35 -0300] "GET /cormun/static/gxtimezone.js?85251 HTTP/1.1" 304 -
190.171.141.98 - - [08/Apr/2019:17:54:35 -0300] "GET /cormun/static/calendar.js?85251 HTTP/1.1" 304 -
190.171.141.98 - - [08/Apr/2019:17:54:35 -0300] "GET /cormun/static/calendar-setup.js?85251 HTTP/1.1" 304 -
190.171.141.98 - - [08/Apr/2019:17:54:35 -0300] "GET /cormun/static/calendar-es.js?85251 HTTP/1.1" 304 -
190.171.141.98 - - [08/Apr/2019:17:54:35 -0300] "GET /cormun/static/gxdec.js?85251 HTTP/1.1" 304 -
190.171.143.82 - - [08/Apr/2019:17:54:35 -0300] "GET /cormun/servlet/trsolicitudot? HTTP/1.1" 200 8931
190.171.143.82 - - [08/Apr/2019:17:54:36 -0300] "GET /cormun/servlet/trsolicitudot? HTTP/1.1" 200 8930
190.171.141.98 - - [08/Apr/2019:17:54:36 -0300] "GET /cormun/servlet/licenciaspermisos?INS,0,,, HTTP/1.1" 200 6785
190.171.141.98 - - [08/Apr/2019:17:54:36 -0300] "GET /cormun/servlet/hlogin HTTP/1.1" 200 1742
190.171.142.42 - - [08/Apr/2019:17:54:51 -0300] "POST /cormun/servlet/trsolicitudot?0124c906fea49c6788d6547ff07e8114,gx-no-cache=1554756668422 HTTP/1.1" 200 107
190.171.142.42 - - [08/Apr/2019:17:54:51 -0300] "GET /cormun/servlet/trsolicitudadjuntos?2019,15212, HTTP/1.1" 200 6377
190.171.142.42 - - [08/Apr/2019:17:54:51 -0300] "GET /cormun/static/gxcfg.js?20177612135366 HTTP/1.1" 200 953
190.171.142.42 - - [08/Apr/2019:17:54:51 -0300] "GET /cormun/static/trsolicitudadjuntos.js?20177612135632 HTTP/1.1" 200 17922
190.171.142.42 - - [08/Apr/2019:17:54:51 -0300] "GET /cormun/servlet/trsolicitudadjuntos?2019,15212, HTTP/1.1" 200 6377
190.171.141.98 - - [08/Apr/2019:17:54:53 -0300] "POST /cormun/servlet/hlogin?59349b22ef91eb003c9ed5da7dd8e5a5,gx-no-cache=1554756670934 HTTP/1.1" 200 90
190.171.141.98 - - [08/Apr/2019:17:54:53 -0300] "GET /cormun/servlet/hpexe_link HTTP/1.1" 200 961
190.171.141.98 - - [08/Apr/2019:17:54:53 -0300] "GET /cormun/servlet/licenciaspermisos?INS,0,,, HTTP/1.1" 200 7584
190.171.141.98 - - [08/Apr/2019:17:54:54 -0300] "GET /cormun/servlet/licenciaspermisos?INS,0,,, HTTP/1.1" 200 7590
190.171.143.82 - - [08/Apr/2019:17:54:55 -0300] "GET /cormun/servlet/treventos?2019,15209, HTTP/1.1" 200 6378
190.171.143.82 - - [08/Apr/2019:17:54:55 -0300] "GET /cormun/static/gxcfg.js?2016101716195975 HTTP/1.1" 200 953
190.171.143.82 - - [08/Apr/2019:17:54:55 -0300] "GET /cormun/static/treventos.js?201610171620222 HTTP/1.1" 200 16064
190.171.143.82 - - [08/Apr/2019:17:54:56 -0300] "GET /cormun/servlet/treventos?2019,15209, HTTP/1.1" 200 6377
190.171.142.42 - - [08/Apr/2019:17:54:57 -0300] "GET /cormun/servlet/solicitudotadjuntos?INS,2019,15212,,1, HTTP/1.1" 200 6322
190.171.142.42 - - [08/Apr/2019:17:54:57 -0300] "GET /cormun/static/gxcfg.js?2017761244068 HTTP/1.1" 200 953
190.171.142.42 - - [08/Apr/2019:17:54:57 -0300] "GET /cormun/static/solicitudotadjuntos.js?2017761244086 HTTP/1.1" 200 11771
190.171.142.42 - - [08/Apr/2019:17:54:58 -0300] "GET /cormun/static/about:blank HTTP/1.1" 404 1011
190.171.142.42 - - [08/Apr/2019:17:54:58 -0300] "GET /cormun/servlet/solicitudotadjuntos?INS,2019,15212,,1, HTTP/1.1" 200 6315
190.171.142.42 - - [08/Apr/2019:17:54:58 -0300] "GET /cormun/servlet/solicitudotadjuntos?6d221f621d5afefc6a85dc0083d4a02651b27cf9d9a34524c6271d6079f0ea9618b960fe29a1d7b0ca88d4cb2a102de6,gx-no-cache=1554756676001 HTTP/1.1" 200 30
190.171.142.42 - - [08/Apr/2019:17:54:58 -0300] "POST /cormun/servlet/solicitudotadjuntos?0124c906fea49c6788d6547ff07e8114,INS,2019,15212,,1,,gx-no-cache=1554756676061 HTTP/1.1" 200 4086
190.171.141.98 - - [08/Apr/2019:17:54:59 -0300] "GET /cormun/servlet/trautorizarsolicitud? HTTP/1.1" 200 8700
190.171.141.98 - - [08/Apr/2019:17:55:01 -0300] "GET /cormun/servlet/trautorizarsolicitud? HTTP/1.1" 200 8689
190.171.142.42 - - [08/Apr/2019:17:55:01 -0300] "POST /cormun/servlet/solicitudotadjuntos?gx-no-cache=1554756678470 HTTP/1.1" 200 26
190.171.143.82 - - [08/Apr/2019:17:55:01 -0300] "GET /cormun/servlet/trsolicitudot? HTTP/1.1" 200 8931
190.171.143.82 - - [08/Apr/2019:17:55:02 -0300] "GET /cormun/servlet/trsolicitudot? HTTP/1.1" 200 8930
190.171.143.82 - - [08/Apr/2019:17:55:06 -0300] "POST /cormun/servlet/trsolicitudot?b02c1d1fe3b1e26fd0e6db40da119ad4,,gx-no-cache=1554756684409 HTTP/1.1" 200 4769
190.171.143.82 - - [08/Apr/2019:17:55:06 -0300] "GET /cormun/static/Shared/jqueryui/images/ui-bg_highlight-soft_100_c6c2c8_1x100.png HTTP/1.1" 404 1117
190.171.143.82 - - [08/Apr/2019:17:55:06 -0300] "GET /cormun/static/Shared/jqueryui/images/ui-icons_8d78a5_256x240.png HTTP/1.1" 404 1089
190.171.143.82 - - [08/Apr/2019:17:55:06 -0300] "GET /cormun/static/Shared/jqueryui/images/ui-icons_82798d_256x240.png HTTP/1.1" 404 1089
190.171.143.82 - - [08/Apr/2019:17:55:06 -0300] "GET /cormun/static/Shared/jqueryui/images/ui-bg_flat_55_fafafa_40x100.png HTTP/1.1" 404 1097
190.171.143.82 - - [08/Apr/2019:17:55:06 -0300] "POST /cormun/servlet/trsolicitudot?b02c1d1fe3b1e26fd0e6db40da119ad4,,gx-no-cache=1554756684723 HTTP/1.1" 200 4536
190.171.143.82 - - [08/Apr/2019:17:55:15 -0300] "POST /cormun/servlet/trsolicitudot?b02c1d1fe3b1e26fd0e6db40da119ad4,,gx-no-cache=1554756693078 HTTP/1.1" 200 5932
190.171.143.82 - - [08/Apr/2019:17:55:24 -0300] "POST /cormun/servlet/trsolicitudot?b02c1d1fe3b1e26fd0e6db40da119ad4,,gx-no-cache=1554756702546 HTTP/1.1" 200 5910
190.171.142.42 - - [08/Apr/2019:17:55:24 -0300] "POST /cormun/servlet/solicitudotadjuntos?gx-no-cache=1554756702186 HTTP/1.1" 200 26
190.171.142.42 - - [08/Apr/2019:17:55:28 -0300] "GET /cormun/servlet/solicitudotadjuntos?6d221f621d5afefc6a85dc0083d4a026ed4cafa5321d788647719d043d5decb0,gx-no-cache=1554756705444 HTTP/1.1" 200 30
190.171.142.42 - - [08/Apr/2019:17:55:28 -0300] "GET /cormun/servlet/solicitudotadjuntos?6d221f621d5afefc6a85dc0083d4a026ed4cafa5321d788647719d043d5decb0,gx-no-cache=1554756705561 HTTP/1.1" 200 30
190.171.142.42 - - [08/Apr/2019:17:55:29 -0300] "POST /cormun/servlet/solicitudotadjuntos?0124c906fea49c6788d6547ff07e8114,INS,2019,15212,,1, HTTP/1.1" 200 116
190.171.142.42 - - [08/Apr/2019:17:55:29 -0300] "GET /cormun/servlet/hpexe_return? HTTP/1.1" 200 1018
190.171.142.42 - - [08/Apr/2019:17:55:29 -0300] "GET /cormun/servlet/trsolicitudadjuntos?2019,15212, HTTP/1.1" 200 8979
190.171.142.42 - - [08/Apr/2019:17:55:30 -0300] "GET /cormun/servlet/trsolicitudadjuntos?2019,15212, HTTP/1.1" 200 8976
190.171.141.114 - - [08/Apr/2019:17:55:32 -0300] "GET /cormun/servlet/solicitudot?cc58c08ddf8d3c6cd9c099f5a8fa84c7ff485b3abadb12b10cc08f1821a2e0854d0c8e76b388912867150e6928989587ba6d6ceefba5d5547230f51d499d0a12,gx-no-cache=1554756711474 HTTP/1.1" 200 30
190.171.141.114 - - [08/Apr/2019:17:55:32 -0300] "GET /cormun/servlet/solicitudot?cc58c08ddf8d3c6cd9c099f5a8fa84c735d6fcbb86931bd8fff3e455c2152706,gx-no-cache=1554756711634 HTTP/1.1" 200 29
190.171.143.82 - - [08/Apr/2019:17:55:32 -0300] "POST /cormun/servlet/trsolicitudot?b02c1d1fe3b1e26fd0e6db40da119ad4,,gx-no-cache=1554756710852 HTTP/1.1" 200 5927
190.171.142.42 - - [08/Apr/2019:17:55:34 -0300] "GET /cormun/servlet/solicitudotadjuntos?INS,2019,15212,,1, HTTP/1.1" 200 6322
190.171.142.42 - - [08/Apr/2019:17:55:34 -0300] "GET /cormun/static/about:blank HTTP/1.1" 404 1011
190.171.142.42 - - [08/Apr/2019:17:55:34 -0300] "GET /cormun/servlet/solicitudotadjuntos?INS,2019,15212,,1, HTTP/1.1" 200 6315
190.171.142.42 - - [08/Apr/2019:17:55:35 -0300] "GET /cormun/servlet/solicitudotadjuntos?6d221f621d5afefc6a85dc0083d4a02651b27cf9d9a34524c6271d6079f0ea9618b960fe29a1d7b0ca88d4cb2a102de6,gx-no-cache=1554756712749 HTTP/1.1" 200 30
190.171.142.42 - - [08/Apr/2019:17:55:35 -0300] "POST /cormun/servlet/solicitudotadjuntos?0124c906fea49c6788d6547ff07e8114,INS,2019,15212,,1,,gx-no-cache=1554756712811 HTTP/1.1" 200 4086
190.171.142.42 - - [08/Apr/2019:17:55:38 -0300] "POST /cormun/servlet/solicitudotadjuntos?gx-no-cache=1554756716221 HTTP/1.1" 200 26
190.171.141.114 - - [08/Apr/2019:17:55:40 -0300] "GET /cormun/servlet/prbanco?,MD,,gxPopupLevel%3D0%3B HTTP/1.1" 200 6630
190.171.141.114 - - [08/Apr/2019:17:55:40 -0300] "GET /cormun/static/gxcfg.js?20181161016094 HTTP/1.1" 200 953
190.171.141.114 - - [08/Apr/2019:17:55:40 -0300] "GET /cormun/static/prbanco.js?2018116101633 HTTP/1.1" 200 10693
190.171.143.82 - - [08/Apr/2019:17:55:41 -0300] "POST /cormun/servlet/trsolicitudot?b02c1d1fe3b1e26fd0e6db40da119ad4,,gx-no-cache=1554756719424 HTTP/1.1" 200 5905
190.171.143.82 - - [08/Apr/2019:17:55:43 -0300] "POST /cormun/servlet/trsolicitudot?b02c1d1fe3b1e26fd0e6db40da119ad4,,gx-no-cache=1554756721898 HTTP/1.1" 200 5905
190.171.143.82 - - [08/Apr/2019:17:55:44 -0300] "POST /cormun/servlet/trsolicitudot?b02c1d1fe3b1e26fd0e6db40da119ad4,,gx-no-cache=1554756722744 HTTP/1.1" 200 5905
190.171.143.82 - - [08/Apr/2019:17:55:45 -0300] "POST /cormun/servlet/trsolicitudot?b02c1d1fe3b1e26fd0e6db40da119ad4,,gx-no-cache=1554756723343 HTTP/1.1" 200 5905
190.171.142.42 - - [08/Apr/2019:17:55:50 -0300] "POST /cormun/servlet/solicitudotadjuntos?gx-no-cache=1554756728170 HTTP/1.1" 200 26
190.171.141.114 - - [08/Apr/2019:17:55:53 -0300] "GET /cormun/servlet/solicitudot?cc58c08ddf8d3c6cd9c099f5a8fa84c744146d6640c4378430da02d5298207bb,gx-no-cache=1554756732219 HTTP/1.1" 200 53
190.171.143.82 - - [08/Apr/2019:17:55:55 -0300] "GET /cormun/servlet/trautorizarsolicitud? HTTP/1.1" 200 8817
190.171.143.82 - - [08/Apr/2019:17:55:56 -0300] "GET /cormun/servlet/trautorizarsolicitud? HTTP/1.1" 200 8817
190.171.142.42 - - [08/Apr/2019:17:55:56 -0300] "GET /cormun/servlet/solicitudotadjuntos?6d221f621d5afefc6a85dc0083d4a026ed4cafa5321d788647719d043d5decb0,gx-no-cache=1554756734132 HTTP/1.1" 200 30
190.171.142.42 - - [08/Apr/2019:17:55:56 -0300] "GET /cormun/servlet/solicitudotadjuntos?6d221f621d5afefc6a85dc0083d4a026ed4cafa5321d788647719d043d5decb0,gx-no-cache=1554756734153 HTTP/1.1" 200 30
190.171.142.42 - - [08/Apr/2019:17:55:57 -0300] "POST /cormun/servlet/solicitudotadjuntos?0124c906fea49c6788d6547ff07e8114,INS,2019,15212,,1, HTTP/1.1" 200 116
190.171.142.42 - - [08/Apr/2019:17:55:57 -0300] "GET /cormun/servlet/hpexe_return? HTTP/1.1" 200 1018
190.171.142.42 - - [08/Apr/2019:17:55:58 -0300] "GET /cormun/servlet/trsolicitudadjuntos?2019,15212, HTTP/1.1" 200 9204
190.171.142.42 - - [08/Apr/2019:17:55:58 -0300] "GET /cormun/servlet/trsolicitudadjuntos?2019,15212, HTTP/1.1" 200 9202
190.171.142.42 - - [08/Apr/2019:17:56:01 -0300] "GET /cormun/servlet/solicitudotadjuntos?INS,2019,15212,,1, HTTP/1.1" 200 6322
190.171.142.42 - - [08/Apr/2019:17:56:01 -0300] "GET /cormun/static/about:blank HTTP/1.1" 404 1011
190.171.142.42 - - [08/Apr/2019:17:56:01 -0300] "GET /cormun/servlet/solicitudotadjuntos?INS,2019,15212,,1, HTTP/1.1" 200 6315
190.171.142.42 - - [08/Apr/2019:17:56:02 -0300] "GET /cormun/servlet/solicitudotadjuntos?6d221f621d5afefc6a85dc0083d4a02651b27cf9d9a34524c6271d6079f0ea9618b960fe29a1d7b0ca88d4cb2a102de6,gx-no-cache=1554756739820 HTTP/1.1" 200 30
190.171.142.42 - - [08/Apr/2019:17:56:02 -0300] "POST /cormun/servlet/solicitudotadjuntos?0124c906fea49c6788d6547ff07e8114,INS,2019,15212,,1,,gx-no-cache=1554756739854 HTTP/1.1" 200 4086
190.171.143.82 - - [08/Apr/2019:17:56:03 -0300] "POST /cormun/servlet/trautorizarsolicitud?b02c1d1fe3b1e26fd0e6db40da119ad4,,gx-no-cache=1554756740974 HTTP/1.1" 200 4689
190.171.143.82 - - [08/Apr/2019:17:56:03 -0300] "GET /cormun/static/Shared/jqueryui/images/ui-bg_highlight-soft_100_c6c2c8_1x100.png HTTP/1.1" 404 1117
190.171.143.82 - - [08/Apr/2019:17:56:03 -0300] "GET /cormun/static/Shared/jqueryui/images/ui-icons_82798d_256x240.png HTTP/1.1" 404 1089
190.171.143.82 - - [08/Apr/2019:17:56:03 -0300] "GET /cormun/static/Shared/jqueryui/images/ui-icons_8d78a5_256x240.png HTTP/1.1" 404 1089
190.171.143.82 - - [08/Apr/2019:17:56:03 -0300] "GET /cormun/static/Shared/jqueryui/images/ui-bg_flat_55_fafafa_40x100.png HTTP/1.1" 404 1097
190.171.143.82 - - [08/Apr/2019:17:56:03 -0300] "POST /cormun/servlet/trautorizarsolicitud?b02c1d1fe3b1e26fd0e6db40da119ad4,,gx-no-cache=1554756741199 HTTP/1.1" 200 4458
190.171.142.42 - - [08/Apr/2019:17:56:06 -0300] "POST /cormun/servlet/solicitudotadjuntos?gx-no-cache=1554756743781 HTTP/1.1" 200 26
190.171.141.114 - - [08/Apr/2019:17:56:11 -0300] "POST /cormun/servlet/solicitudot?gx-no-cache=1554756750993 HTTP/1.1" 200 297
190.171.141.114 - - [08/Apr/2019:17:56:11 -0300] "GET /cormun/servlet/solicitudot?cc58c08ddf8d3c6cd9c099f5a8fa84c7b446c4309e85eb8b55834c07ac8baaaa6c67c9c3853cb4e2bbbb687c96525660762c04cdf906b6ae89319edd59f6bccc7b3a476b397ae71a79d0b7b4cbc167365531c6702a409d931b32787dba609131ab708c552521221ea3f95b4e261e836f4024b65e6f9b5e46c5703667955c397f84bb6c782ad5d7356ced8dc37bec661ba07c99b50b2b79242097819b29f4d08351f57a331af508b632dcd30bba4069b1cf20a90dacee376852a806ac68a2f030915cc0347e8e92642c6f6672d22cb916f887f365547d1d3f69414c849b6a83faab4fda4eb78452e6e3b35332728b34cc774fdfd8a77b0d0a4cf81f30c5376d29dfd311a37d094057643d76292aad7f3534579daa8eafcfc67bd32af23291459cd8c16bfea7fd19d4d348c6728362af79d70bf82424328ed32fc16b52e07d0e6683b1306cd4ecc049ef46ec8e6d736f80f7f44dc7b76142a59943ab00a793a8f5e0e8ac58b6315420ee6d303790c8eff9f54bdb2c4d05fdec516d22ca40ec6f57b58e2f2bb42cce6bb3eac1453abfa4a4,gx-no-cache=1554756751080 HTTP/1.1" 200 30
190.171.141.114 - - [08/Apr/2019:17:56:15 -0300] "POST /cormun/servlet/solicitudot?gx-no-cache=1554756754255 HTTP/1.1" 200 30
190.171.142.42 - - [08/Apr/2019:17:56:16 -0300] "POST /cormun/servlet/solicitudotadjuntos?gx-no-cache=1554756753970 HTTP/1.1" 200 26
190.171.142.42 - - [08/Apr/2019:17:56:17 -0300] "GET /cormun/servlet/solicitudotadjuntos?6d221f621d5afefc6a85dc0083d4a026ed4cafa5321d788647719d043d5decb0,gx-no-cache=1554756755404 HTTP/1.1" 200 30
190.171.142.42 - - [08/Apr/2019:17:56:18 -0300] "GET /cormun/servlet/solicitudotadjuntos?6d221f621d5afefc6a85dc0083d4a026ed4cafa5321d788647719d043d5decb0,gx-no-cache=1554756755422 HTTP/1.1" 200 30
190.171.142.42 - - [08/Apr/2019:17:56:18 -0300] "POST /cormun/servlet/solicitudotadjuntos?0124c906fea49c6788d6547ff07e8114,INS,2019,15212,,1, HTTP/1.1" 200 116
190.171.142.42 - - [08/Apr/2019:17:56:18 -0300] "GET /cormun/servlet/hpexe_return? HTTP/1.1" 200 1018
190.171.142.42 - - [08/Apr/2019:17:56:18 -0300] "GET /cormun/servlet/trsolicitudadjuntos?2019,15212, HTTP/1.1" 200 9380
190.171.141.114 - - [08/Apr/2019:17:56:19 -0300] "POST /cormun/servlet/solicitudot?gx-no-cache=1554756758581 HTTP/1.1" 200 1331
190.171.141.114 - - [08/Apr/2019:17:56:19 -0300] "POST /cormun/servlet/solicitudot?gx-no-cache=1554756758817 HTTP/1.1" 200 38
190.171.142.42 - - [08/Apr/2019:17:56:19 -0300] "GET /cormun/servlet/trsolicitudadjuntos?2019,15212, HTTP/1.1" 200 9378
186.67.172.234 - - [08/Apr/2019:17:56:21 -0300] "GET /cormun/servlet/hlogin HTTP/1.1" 200 1721
190.171.142.42 - - [08/Apr/2019:17:56:23 -0300] "GET /cormun/servlet/solicitudotadjuntos?INS,2019,15212,,1, HTTP/1.1" 200 6322
190.171.142.42 - - [08/Apr/2019:17:56:23 -0300] "GET /cormun/static/about:blank HTTP/1.1" 404 1011
190.171.142.42 - - [08/Apr/2019:17:56:23 -0300] "GET /cormun/servlet/solicitudotadjuntos?INS,2019,15212,,1, HTTP/1.1" 200 6315
190.171.142.42 - - [08/Apr/2019:17:56:23 -0300] "GET /cormun/servlet/solicitudotadjuntos?6d221f621d5afefc6a85dc0083d4a02651b27cf9d9a34524c6271d6079f0ea9618b960fe29a1d7b0ca88d4cb2a102de6,gx-no-cache=1554756761318 HTTP/1.1" 200 30
190.171.142.42 - - [08/Apr/2019:17:56:24 -0300] "POST /cormun/servlet/solicitudotadjuntos?0124c906fea49c6788d6547ff07e8114,INS,2019,15212,,1,,gx-no-cache=1554756761349 HTTP/1.1" 200 4086
186.103.157.246 - - [08/Apr/2019:17:56:24 -0300] "GET /cormun/servlet/trsolicitudot? HTTP/1.1" 200 6394
186.103.157.246 - - [08/Apr/2019:17:56:24 -0300] "GET /cormun/static/gxui/gxui-all.css?120300 HTTP/1.1" 304 -
186.103.157.246 - - [08/Apr/2019:17:56:24 -0300] "GET /cormun/static/calendar-system.css?85620 HTTP/1.1" 304 -
186.103.157.246 - - [08/Apr/2019:17:56:24 -0300] "GET /cormun/static/Shared/ext/resources/css/ext-all.css?215870 HTTP/1.1" 304 -
186.103.157.246 - - [08/Apr/2019:17:56:24 -0300] "GET /cormun/static/Shared/jqueryui/jquery-ui.min.css?1245370 HTTP/1.1" 304 -
186.103.157.246 - - [08/Apr/2019:17:56:24 -0300] "GET /cormun/static/Resources/Spanish/PXTools.css?1255365 HTTP/1.1" 304 -
186.103.157.246 - - [08/Apr/2019:17:56:24 -0300] "GET /cormun/static/SmoothNavMenu/resources/ddsmoothmenu.css?1012540 HTTP/1.1" 304 -
186.103.157.246 - - [08/Apr/2019:17:56:24 -0300] "GET /cormun/static/SmoothNavMenu/resources/ddsmoothmenu-v.css?1012540 HTTP/1.1" 304 -
186.103.157.246 - - [08/Apr/2019:17:56:24 -0300] "GET /cormun/static/gxtimezone.js?85251 HTTP/1.1" 304 -
186.103.157.246 - - [08/Apr/2019:17:56:24 -0300] "GET /cormun/static/gxgral.js?85251 HTTP/1.1" 304 -
186.103.157.246 - - [08/Apr/2019:17:56:24 -0300] "GET /cormun/static/gxcfg.js?2017111422585916 HTTP/1.1" 304 -
186.103.157.246 - - [08/Apr/2019:17:56:24 -0300] "GET /cormun/static/calendar.js?85251 HTTP/1.1" 304 -
186.103.157.246 - - [08/Apr/2019:17:56:24 -0300] "GET /cormun/static/calendar-setup.js?85251 HTTP/1.1" 304 -
186.103.157.246 - - [08/Apr/2019:17:56:24 -0300] "GET /cormun/static/calendar-es.js?85251 HTTP/1.1" 304 -
186.103.157.246 - - [08/Apr/2019:17:56:24 -0300] "GET /cormun/static/Shared/ext/ext-all.js HTTP/1.1" 304 -
186.103.157.246 - - [08/Apr/2019:17:56:24 -0300] "GET /cormun/static/gxui/gxui-all.js HTTP/1.1" 304 -
186.103.157.246 - - [08/Apr/2019:17:56:24 -0300] "GET /cormun/static/PXToolsJavascripts/pexe_autoreload.js HTTP/1.1" 304 -
186.103.157.246 - - [08/Apr/2019:17:56:24 -0300] "GET /cormun/static/RunJS/RunJS.js HTTP/1.1" 304 -
186.103.157.246 - - [08/Apr/2019:17:56:24 -0300] "GET /cormun/static/PXToolsJavascripts/pexe_cookies.js HTTP/1.1" 304 -
186.103.157.246 - - [08/Apr/2019:17:56:24 -0300] "GET /cormun/static/PXToolsJavascripts/pexe_windows.js HTTP/1.1" 304 -
186.103.157.246 - - [08/Apr/2019:17:56:24 -0300] "GET /cormun/static/PXToolsJavascripts/pexe_grid.js HTTP/1.1" 304 -
186.103.157.246 - - [08/Apr/2019:17:56:24 -0300] "GET /cormun/static/PXToolsJavascripts/pexe_link.js HTTP/1.1" 304 -
186.103.157.246 - - [08/Apr/2019:17:56:24 -0300] "GET /cormun/static/PXToolsJavascripts/pexe_griddivfix.js HTTP/1.1" 304 -
186.103.157.246 - - [08/Apr/2019:17:56:24 -0300] "GET /cormun/static/PXToolsJavascripts/pexe_menudivfix.js HTTP/1.1" 304 -
186.103.157.246 - - [08/Apr/2019:17:56:24 -0300] "GET /cormun/static/PXToolsJavascripts/pexe_menus.js HTTP/1.1" 304 -
