190.171.141.138 - - [05/Apr/2019:08:44:50 -0300] "POST /cormun/servlet/solicitudot?gx-no-cache=1554464467876 HTTP/1.1" 200 3596
190.171.141.138 - - [05/Apr/2019:08:44:50 -0300] "POST /cormun/servlet/solicitudot?04c4ca6606490dbe7863e006bcdfd9f1,INS,0,0,,gx-no-cache=1554464468141 HTTP/1.1" 200 12022
200.112.233.47 - - [05/Apr/2019:08:44:50 -0300] "GET /cormun/servlet/trautorizarsolicitud? HTTP/1.1" 200 8792
200.112.233.47 - - [05/Apr/2019:08:44:51 -0300] "GET /cormun/servlet/trautorizarsolicitud? HTTP/1.1" 200 8792
190.171.141.138 - - [05/Apr/2019:08:44:53 -0300] "GET /cormun/servlet/solicitudot?dd2c1b2999cd6fe74638877c19e5afcf618634cf41fd210026ff171ef28334de6ac041cf6c76d30584fd53a34670fc86,gx-no-cache=1554464471306 HTTP/1.1" 200 30
200.112.233.47 - - [05/Apr/2019:08:44:54 -0300] "POST /cormun/servlet/trautorizarsolicitud?0bbde85a2aeee786fd656ded06fe17c4,,gx-no-cache=1554464471036 HTTP/1.1" 200 4679
200.112.233.47 - - [05/Apr/2019:08:44:55 -0300] "POST /cormun/servlet/trautorizarsolicitud?0bbde85a2aeee786fd656ded06fe17c4,,gx-no-cache=1554464471353 HTTP/1.1" 200 4463
190.171.143.106 - - [05/Apr/2019:08:45:08 -0300] "POST /cormun/servlet/solicitudot?gx-no-cache=1554464485487 HTTP/1.1" 200 30
190.171.143.106 - - [05/Apr/2019:08:45:08 -0300] "POST /cormun/servlet/solicitudot?gx-no-cache=1554464485619 HTTP/1.1" 200 1334
190.171.143.106 - - [05/Apr/2019:08:45:08 -0300] "POST /cormun/servlet/solicitudot?gx-no-cache=1554464485660 HTTP/1.1" 200 38
190.171.143.106 - - [05/Apr/2019:08:45:08 -0300] "GET /cormun/servlet/solicitudot?40469197ddb992d07549b2e63e1fef4873944e4f931d2d31717c65432fb4a95bd7f1c374c16c06799be5a882e1c22a948d419b91646e12451547b37607ccc06b369c661d27b91506a03dfcd5dd04adf1a28b14124853bf4306c9e295a4aba21a5200267d786be8517fa0ea8059d0812e,gx-no-cache=1554464485686 HTTP/1.1" 200 110
190.171.143.106 - - [05/Apr/2019:08:45:08 -0300] "POST /cormun/servlet/solicitudot?gx-no-cache=1554464485716 HTTP/1.1" 200 97
190.171.143.106 - - [05/Apr/2019:08:45:14 -0300] "GET /cormun/servlet/solicitudot?40469197ddb992d07549b2e63e1fef481267c0ab7b09b55fb7c9d6422c7fcd5260e86aae0d26d551748bf905d2f5075372f2d103cf30454c828e5a068a9a51ada2fda50d2ee0f1e1cde7e18c773a6e6b47a8a7b004b7d3217e8406fa20458f065daa771b38a4b680c7d02b21eccd82a4fb4d12a9648114dda09e9b043052d58a361121f282365c527795f38b974af25c0cd9e77cb080c3083f5dd9f2c28b6854,gx-no-cache=1554464492052 HTTP/1.1" 200 29
190.171.143.106 - - [05/Apr/2019:08:45:14 -0300] "GET /cormun/static/menuarrow.gif HTTP/1.1" 404 1015
190.171.141.82 - - [05/Apr/2019:08:45:18 -0300] "POST /cormun/servlet/solicitudot?gx-no-cache=1554464493988 HTTP/1.1" 200 30
190.171.141.82 - - [05/Apr/2019:08:45:18 -0300] "POST /cormun/servlet/solicitudot?4032617c1c3e1728e67f072c049ef7fe,INS,0,0,,gx-no-cache=1554464494078 HTTP/1.1" 200 93
190.171.141.82 - - [05/Apr/2019:08:45:18 -0300] "GET /cormun/servlet/hpexe_return? HTTP/1.1" 200 1024
190.171.141.82 - - [05/Apr/2019:08:45:19 -0300] "GET /cormun/servlet/trsolicitudot?gx-no-cache=1554462258889 HTTP/1.1" 200 9193
190.171.141.82 - - [05/Apr/2019:08:45:20 -0300] "GET /cormun/servlet/trsolicitudot?gx-no-cache=1554462258889 HTTP/1.1" 200 9208
190.171.141.138 - - [05/Apr/2019:08:45:23 -0300] "GET /cormun/servlet/solicitudot?dd2c1b2999cd6fe74638877c19e5afcf7cf6d0f18e937493a6d946bb457bb77a2787e654ac619ba26823102cd16a02f0,gx-no-cache=1554464501337 HTTP/1.1" 200 30
190.171.141.138 - - [05/Apr/2019:08:45:23 -0300] "GET /cormun/servlet/solicitudot?dd2c1b2999cd6fe74638877c19e5afcf502c5b4940026341abe7e2ca9196ca7d,gx-no-cache=1554464501667 HTTP/1.1" 200 53
190.171.141.82 - - [05/Apr/2019:08:45:24 -0300] "POST /cormun/servlet/trsolicitudot?4032617c1c3e1728e67f072c049ef7fe,gx-no-cache=1554462258889,gx-no-cache=1554464500284 HTTP/1.1" 200 107
190.171.141.82 - - [05/Apr/2019:08:45:24 -0300] "GET /cormun/servlet/trsolicitudadjuntos?2019,15142, HTTP/1.1" 200 6461
190.171.141.82 - - [05/Apr/2019:08:45:25 -0300] "GET /cormun/servlet/trsolicitudadjuntos?2019,15142, HTTP/1.1" 200 6440
190.171.143.106 - - [05/Apr/2019:08:45:27 -0300] "GET /cormun/servlet/hlogin HTTP/1.1" 200 1711
190.171.141.138 - - [05/Apr/2019:08:45:27 -0300] "POST /cormun/servlet/solicitudot?gx-no-cache=1554464505472 HTTP/1.1" 200 240
190.171.141.138 - - [05/Apr/2019:08:45:27 -0300] "GET /cormun/servlet/solicitudot?dd2c1b2999cd6fe74638877c19e5afcf9d1e8ca10041755ab257879bb8c682e0de307a9c10259057eae24a030227957a24b20e396a94f15984da3a2d4da899667cee95a1e4f6ae9aa0bfe1a56bcc7765e1759f4a7890d49828ef146a61fb5b4974f363a8ae162eab7ae74111b0312e46066f5df5715c4bc62d620835d0f50ec18b69c71a070eef8bbec6e701a609b8e96b21a1ca20b46ed924327c576c89788f94fbfc874ab8a19c19a1dafe8ef1d231d18ef37046a86d277a20d2112683c238b250f27bd1b2fb609aa1ddc3edacbacddb3ae612e73522956c772b4c694b6da84b46274ccc36223115ca3eda3ab089f3e443d4fd297bb6a3e4b4c7c3af40a3c25d3dba59ee34239ae58b3ba98527f78f39b3741ed3db30b2c7f43cf78310f12b25fd909fde8e0f6384f52d877f3ad18df4e47ca81729b13a7cca5d0e2bd33efbb20ddd41734267f8c405cc9da79110170af9ff3273312cac7fd7bbee5b43b99f13701effd32c51540faccd80c7b501a67bd608a19cb623e387b9fb637129ab31,gx-no-cache=1554464505529 HTTP/1.1" 200 30
190.171.141.82 - - [05/Apr/2019:08:45:27 -0300] "GET /cormun/servlet/solicitudotadjuntos?INS,2019,15142,,1, HTTP/1.1" 200 6385
190.171.141.82 - - [05/Apr/2019:08:45:28 -0300] "GET /cormun/static/about:blank HTTP/1.1" 404 1011
190.171.141.82 - - [05/Apr/2019:08:45:28 -0300] "GET /cormun/servlet/solicitudotadjuntos?INS,2019,15142,,1, HTTP/1.1" 200 6378
190.171.141.82 - - [05/Apr/2019:08:45:28 -0300] "GET /cormun/servlet/solicitudotadjuntos?d4467b3de920d96317532b5366bd795a122fcc5831717b9a2e1e83225166993b19916d5c2b83191564bba02e624d153b,gx-no-cache=1554464504521 HTTP/1.1" 200 30
190.171.141.82 - - [05/Apr/2019:08:45:29 -0300] "POST /cormun/servlet/solicitudotadjuntos?4032617c1c3e1728e67f072c049ef7fe,INS,2019,15142,,1,,gx-no-cache=1554464504605 HTTP/1.1" 200 4064
190.171.143.106 - - [05/Apr/2019:08:45:29 -0300] "POST /cormun/servlet/hlogin?43aa133ebbde319721a4704f0695929f,gx-no-cache=1554464507092 HTTP/1.1" 200 90
190.171.143.106 - - [05/Apr/2019:08:45:29 -0300] "GET /cormun/servlet/hpexe_link HTTP/1.1" 200 954
190.171.143.106 - - [05/Apr/2019:08:45:29 -0300] "GET /cormun/servlet/solicitudot?INS,0,0, HTTP/1.1" 200 14969
190.171.143.106 - - [05/Apr/2019:08:45:30 -0300] "GET /cormun/servlet/solicitudot?INS,0,0, HTTP/1.1" 200 14972
190.171.141.82 - - [05/Apr/2019:08:45:31 -0300] "POST /cormun/servlet/solicitudotadjuntos?gx-no-cache=1554464506603 HTTP/1.1" 200 26
190.171.141.138 - - [05/Apr/2019:08:45:32 -0300] "POST /cormun/servlet/solicitudot?gx-no-cache=1554464510431 HTTP/1.1" 200 30
190.171.143.106 - - [05/Apr/2019:08:45:34 -0300] "GET /cormun/servlet/trlicencias? HTTP/1.1" 200 9375
190.171.143.106 - - [05/Apr/2019:08:45:34 -0300] "GET /cormun/servlet/trlicencias? HTTP/1.1" 200 9368
190.171.141.138 - - [05/Apr/2019:08:45:44 -0300] "GET /cormun/servlet/trsolicitudot? HTTP/1.1" 200 9163
190.171.141.138 - - [05/Apr/2019:08:45:44 -0300] "GET /cormun/servlet/trsolicitudot? HTTP/1.1" 200 9160
190.171.143.106 - - [05/Apr/2019:08:45:52 -0300] "GET /cormun/servlet/solicitudot?40469197ddb992d07549b2e63e1fef485557f281ac43bf82801cc05d56fa3780e849adb8f3815c4b034c8c4410d15df1,gx-no-cache=1554464529704 HTTP/1.1" 200 134
190.171.143.106 - - [05/Apr/2019:08:45:52 -0300] "GET /cormun/static/Shared/jqueryui/images/ui-bg_flat_55_994d53_40x100.png HTTP/1.1" 404 1097
190.171.143.106 - - [05/Apr/2019:08:45:52 -0300] "GET /cormun/static/Shared/jqueryui/images/ui-icons_82798d_256x240.png HTTP/1.1" 404 1089
190.171.143.106 - - [05/Apr/2019:08:45:52 -0300] "GET /cormun/static/Shared/jqueryui/images/ui-bg_highlight-soft_100_c6c2c8_1x100.png HTTP/1.1" 404 1117
190.171.143.106 - - [05/Apr/2019:08:45:52 -0300] "GET /cormun/static/Shared/jqueryui/images/ui-icons_ebccce_256x240.png HTTP/1.1" 404 1089
190.171.141.82 - - [05/Apr/2019:08:45:54 -0300] "GET /cormun/servlet/solicitudotadjuntos?d4467b3de920d96317532b5366bd795a33e0fceb2e89c89e0180fb9d0edb70eb,gx-no-cache=1554464530259 HTTP/1.1" 200 30
190.171.141.82 - - [05/Apr/2019:08:45:54 -0300] "GET /cormun/servlet/solicitudotadjuntos?d4467b3de920d96317532b5366bd795a33e0fceb2e89c89e0180fb9d0edb70eb,gx-no-cache=1554464530334 HTTP/1.1" 200 30
190.171.141.82 - - [05/Apr/2019:08:45:55 -0300] "POST /cormun/servlet/solicitudotadjuntos?4032617c1c3e1728e67f072c049ef7fe,INS,2019,15142,,1, HTTP/1.1" 200 116
190.171.141.82 - - [05/Apr/2019:08:45:55 -0300] "GET /cormun/servlet/hpexe_return? HTTP/1.1" 200 1022
190.171.141.82 - - [05/Apr/2019:08:45:55 -0300] "GET /cormun/servlet/trsolicitudadjuntos?2019,15142, HTTP/1.1" 200 9095
190.171.141.82 - - [05/Apr/2019:08:45:56 -0300] "GET /cormun/servlet/trsolicitudadjuntos?2019,15142, HTTP/1.1" 200 9095
190.171.143.106 - - [05/Apr/2019:08:45:59 -0300] "GET /cormun/servlet/solicitudot?40469197ddb992d07549b2e63e1fef485557f281ac43bf82801cc05d56fa3780e849adb8f3815c4b034c8c4410d15df1,gx-no-cache=1554464536379 HTTP/1.1" 200 134
190.171.143.106 - - [05/Apr/2019:08:45:59 -0300] "POST /cormun/servlet/solicitudot?gx-no-cache=1554464536623 HTTP/1.1" 200 30
190.171.141.82 - - [05/Apr/2019:08:45:59 -0300] "GET /cormun/servlet/solicitudotadjuntos?INS,2019,15142,,1, HTTP/1.1" 200 6384
190.171.141.82 - - [05/Apr/2019:08:46:00 -0300] "GET /cormun/static/about:blank HTTP/1.1" 404 1011
190.171.141.82 - - [05/Apr/2019:08:46:00 -0300] "GET /cormun/servlet/solicitudotadjuntos?INS,2019,15142,,1, HTTP/1.1" 200 6377
190.171.141.82 - - [05/Apr/2019:08:46:00 -0300] "GET /cormun/servlet/solicitudotadjuntos?d4467b3de920d96317532b5366bd795a122fcc5831717b9a2e1e83225166993b19916d5c2b83191564bba02e624d153b,gx-no-cache=1554464535860 HTTP/1.1" 200 30
190.171.141.82 - - [05/Apr/2019:08:46:00 -0300] "POST /cormun/servlet/solicitudotadjuntos?4032617c1c3e1728e67f072c049ef7fe,INS,2019,15142,,1,,gx-no-cache=1554464536014 HTTP/1.1" 200 4062
190.171.141.82 - - [05/Apr/2019:08:46:03 -0300] "POST /cormun/servlet/solicitudotadjuntos?gx-no-cache=1554464539044 HTTP/1.1" 200 26
190.171.143.106 - - [05/Apr/2019:08:46:03 -0300] "GET /cormun/servlet/solicitudot?40469197ddb992d07549b2e63e1fef485557f281ac43bf82801cc05d56fa3780e849adb8f3815c4b034c8c4410d15df1,gx-no-cache=1554464541435 HTTP/1.1" 200 134
190.171.152.114 - - [05/Apr/2019:08:46:08 -0300] "GET /cormun/servlet/hlogin HTTP/1.1" 200 1720
190.171.152.114 - - [05/Apr/2019:08:46:08 -0300] "GET /cormun/static/gxtimezone.js?85251 HTTP/1.1" 200 5781
190.171.152.114 - - [05/Apr/2019:08:46:08 -0300] "GET /cormun/static/gxcfg.js?20177612122725 HTTP/1.1" 200 953
190.171.152.114 - - [05/Apr/2019:08:46:08 -0300] "GET /cormun/static/Resources/ComunLogin.png HTTP/1.1" 200 17326
190.171.152.114 - - [05/Apr/2019:08:46:08 -0300] "GET /cormun/static/messages.spa.js?85251 HTTP/1.1" 200 30736
190.171.152.114 - - [05/Apr/2019:08:46:08 -0300] "GET /cormun/static/hlogin.js?20177612122738 HTTP/1.1" 200 2136
190.171.152.114 - - [05/Apr/2019:08:46:08 -0300] "GET /cormun/static/Resources/Spanish/PXTools.css?1155365 HTTP/1.1" 200 89042
190.171.152.114 - - [05/Apr/2019:08:46:09 -0300] "GET /cormun/static/gxgral.js?85251 HTTP/1.1" 200 384558
190.171.152.114 - - [05/Apr/2019:08:46:09 -0300] "GET /cormun/servlet/hlogin HTTP/1.1" 200 1731
190.171.152.114 - - [05/Apr/2019:08:46:09 -0300] "GET /cormun/static/Resources/indicator.gif HTTP/1.1" 200 1553
190.171.152.114 - - [05/Apr/2019:08:46:09 -0300] "GET /cormun/static/Resources/PXToolsLoginBackground.png HTTP/1.1" 200 1164
190.171.152.114 - - [05/Apr/2019:08:46:09 -0300] "GET /cormun/static/Resources/PXToolsButtonLeft21.png HTTP/1.1" 200 1287
190.171.152.114 - - [05/Apr/2019:08:46:09 -0300] "GET /cormun/static/Resources/PXToolsButtonRight21.png HTTP/1.1" 200 1283
190.171.152.114 - - [05/Apr/2019:08:46:09 -0300] "GET /cormun/static/Resources/PXToolsButtonBackground2.png HTTP/1.1" 200 1181
190.171.152.114 - - [05/Apr/2019:08:46:09 -0300] "GET /cormun/static/Resources/PXToolsLoginBottom.png HTTP/1.1" 200 1389
190.171.152.114 - - [05/Apr/2019:08:46:09 -0300] "GET /cormun/static/Resources/PXToolsLoginTop.png HTTP/1.1" 200 1337
190.171.152.114 - - [05/Apr/2019:08:46:09 -0300] "GET /cormun/static/Resources/PXToolsLoginBackground.png HTTP/1.1" 200 1164
190.171.152.114 - - [05/Apr/2019:08:46:09 -0300] "GET /cormun/static/Resources/PXToolsButtonRight21.png HTTP/1.1" 200 1283
190.171.152.114 - - [05/Apr/2019:08:46:09 -0300] "GET /cormun/static/Resources/PXToolsButtonBackground2.png HTTP/1.1" 200 1181
190.171.152.114 - - [05/Apr/2019:08:46:09 -0300] "GET /cormun/static/Resources/PXToolsLoginTop.png HTTP/1.1" 200 1337
190.171.152.114 - - [05/Apr/2019:08:46:09 -0300] "GET /cormun/static/Resources/PXToolsButtonLeft21.png HTTP/1.1" 200 1287
190.171.152.114 - - [05/Apr/2019:08:46:09 -0300] "GET /cormun/static/Resources/PXToolsLoginBottom.png HTTP/1.1" 200 1389
190.171.152.114 - - [05/Apr/2019:08:46:09 -0300] "GET /favicon.ico HTTP/1.1" 200 21630
190.171.141.82 - - [05/Apr/2019:08:46:09 -0300] "GET /cormun/servlet/solicitudotadjuntos?d4467b3de920d96317532b5366bd795a33e0fceb2e89c89e0180fb9d0edb70eb,gx-no-cache=1554464545387 HTTP/1.1" 200 30
190.171.141.82 - - [05/Apr/2019:08:46:09 -0300] "GET /cormun/servlet/solicitudotadjuntos?d4467b3de920d96317532b5366bd795a33e0fceb2e89c89e0180fb9d0edb70eb,gx-no-cache=1554464545456 HTTP/1.1" 200 30
190.171.141.82 - - [05/Apr/2019:08:46:11 -0300] "POST /cormun/servlet/solicitudotadjuntos?4032617c1c3e1728e67f072c049ef7fe,INS,2019,15142,,1, HTTP/1.1" 200 116
190.171.141.82 - - [05/Apr/2019:08:46:11 -0300] "GET /cormun/servlet/hpexe_return? HTTP/1.1" 200 1022
190.171.141.82 - - [05/Apr/2019:08:46:11 -0300] "GET /cormun/servlet/trsolicitudadjuntos?2019,15142, HTTP/1.1" 200 9318
190.171.141.82 - - [05/Apr/2019:08:46:12 -0300] "GET /cormun/servlet/trsolicitudadjuntos?2019,15142, HTTP/1.1" 200 9316
190.171.143.106 - - [05/Apr/2019:08:46:13 -0300] "POST /cormun/servlet/solicitudot?gx-no-cache=1554464550749 HTTP/1.1" 200 30
190.171.141.82 - - [05/Apr/2019:08:46:14 -0300] "GET /cormun/servlet/solicitudotadjuntos?INS,2019,15142,,1, HTTP/1.1" 200 6384
190.171.141.82 - - [05/Apr/2019:08:46:14 -0300] "GET /cormun/static/about:blank HTTP/1.1" 404 1011
190.171.141.82 - - [05/Apr/2019:08:46:14 -0300] "GET /cormun/servlet/solicitudotadjuntos?INS,2019,15142,,1, HTTP/1.1" 200 6377
190.171.141.82 - - [05/Apr/2019:08:46:14 -0300] "GET /cormun/servlet/solicitudotadjuntos?d4467b3de920d96317532b5366bd795a122fcc5831717b9a2e1e83225166993b19916d5c2b83191564bba02e624d153b,gx-no-cache=1554464550514 HTTP/1.1" 200 30
190.171.141.82 - - [05/Apr/2019:08:46:15 -0300] "POST /cormun/servlet/solicitudotadjuntos?4032617c1c3e1728e67f072c049ef7fe,INS,2019,15142,,1,,gx-no-cache=1554464550571 HTTP/1.1" 200 4062
190.171.141.82 - - [05/Apr/2019:08:46:16 -0300] "POST /cormun/servlet/solicitudotadjuntos?gx-no-cache=1554464552546 HTTP/1.1" 200 26
190.171.152.114 - - [05/Apr/2019:08:46:19 -0300] "POST /cormun/servlet/hlogin?b4d7d285b3667db55b1b814a284b53ee,gx-no-cache=1554464556853 HTTP/1.1" 200 90
190.171.152.114 - - [05/Apr/2019:08:46:19 -0300] "GET /cormun/servlet/hpexe_link HTTP/1.1" 200 950
190.171.152.114 - - [05/Apr/2019:08:46:19 -0300] "GET /cormun/static/gxcfg.js?20177612121792 HTTP/1.1" 200 953
190.171.152.114 - - [05/Apr/2019:08:46:19 -0300] "GET /cormun/static/hpexe_link.js?20177612121795 HTTP/1.1" 200 625
190.171.152.114 - - [05/Apr/2019:08:46:19 -0300] "GET /cormun/servlet/hhome HTTP/1.1" 200 4272
190.171.152.114 - - [05/Apr/2019:08:46:19 -0300] "GET /cormun/static/SmoothNavMenu/resources/ddsmoothmenu-v.css?1012540 HTTP/1.1" 200 1188
190.171.152.114 - - [05/Apr/2019:08:46:19 -0300] "GET /cormun/static/SmoothNavMenu/resources/ddsmoothmenu.css?1012540 HTTP/1.1" 200 2223
190.171.152.114 - - [05/Apr/2019:08:46:19 -0300] "GET /cormun/static/gxcfg.js?20175251212442 HTTP/1.1" 200 953
190.171.152.114 - - [05/Apr/2019:08:46:19 -0300] "GET /cormun/static/scaMessage/css/jquery.pnotify.default.css?1716380 HTTP/1.1" 200 1707
190.171.152.114 - - [05/Apr/2019:08:46:19 -0300] "GET /cormun/static/Shared/jqueryui/jquery-ui.min.css?1245370 HTTP/1.1" 200 30288
190.171.152.114 - - [05/Apr/2019:08:46:19 -0300] "GET /cormun/static/PXToolsJavascripts/pexe_cookies.js HTTP/1.1" 200 792
190.171.152.114 - - [05/Apr/2019:08:46:19 -0300] "GET /cormun/static/PXToolsJavascripts/pexe_windows.js HTTP/1.1" 200 15207
190.171.152.114 - - [05/Apr/2019:08:46:19 -0300] "GET /cormun/static/PXToolsJavascripts/pexe_autoreload.js HTTP/1.1" 200 1762
190.171.152.114 - - [05/Apr/2019:08:46:19 -0300] "GET /cormun/static/PXToolsJavascripts/pexe_grid.js HTTP/1.1" 200 7559
190.171.152.114 - - [05/Apr/2019:08:46:19 -0300] "GET /cormun/static/Resources/Spanish/PXTools.css?11423723 HTTP/1.1" 200 89042
190.171.152.114 - - [05/Apr/2019:08:46:19 -0300] "GET /cormun/static/PXToolsJavascripts/pexe_griddivfix.js HTTP/1.1" 200 6644
190.171.152.114 - - [05/Apr/2019:08:46:19 -0300] "GET /cormun/static/PXToolsJavascripts/pexe_menudivfix.js HTTP/1.1" 200 333
190.171.152.114 - - [05/Apr/2019:08:46:19 -0300] "GET /cormun/static/PXToolsJavascripts/pexe_link.js HTTP/1.1" 200 5671
190.171.152.114 - - [05/Apr/2019:08:46:19 -0300] "GET /cormun/static/PXToolsJavascripts/pexe_layers.js HTTP/1.1" 200 4114
190.171.152.114 - - [05/Apr/2019:08:46:19 -0300] "GET /cormun/static/PXToolsJavascripts/pexe_oav.js HTTP/1.1" 200 645
190.171.152.114 - - [05/Apr/2019:08:46:19 -0300] "GET /cormun/static/PXToolsJavascripts/pexe_menus.js HTTP/1.1" 200 1286
190.171.152.114 - - [05/Apr/2019:08:46:19 -0300] "GET /cormun/static/PXToolsJavascripts/pexe_oavdivfix.js HTTP/1.1" 200 639
190.171.152.114 - - [05/Apr/2019:08:46:19 -0300] "GET /cormun/static/PXToolsJavascripts/pexe_scrolldiv.js HTTP/1.1" 200 4138
190.171.152.114 - - [05/Apr/2019:08:46:19 -0300] "GET /cormun/static/PXToolsJavascripts/pexe_picture.js HTTP/1.1" 200 689
190.171.152.114 - - [05/Apr/2019:08:46:19 -0300] "GET /cormun/static/PXToolsJavascripts/pexe_tabdivfix.js HTTP/1.1" 200 876
190.171.152.114 - - [05/Apr/2019:08:46:19 -0300] "GET /cormun/static/PXToolsJavascripts/pexe_tabs.js HTTP/1.1" 200 3748
190.171.152.114 - - [05/Apr/2019:08:46:19 -0300] "GET /cormun/static/PXToolsJavascripts/pexe_upload.js HTTP/1.1" 200 1423
190.171.152.114 - - [05/Apr/2019:08:46:19 -0300] "GET /cormun/static/PXToolsJavascripts/PXToolsJavascriptsRender.js HTTP/1.1" 200 367
190.171.152.114 - - [05/Apr/2019:08:46:19 -0300] "GET /cormun/static/RunJS/RunJS.js HTTP/1.1" 200 288
190.171.152.114 - - [05/Apr/2019:08:46:19 -0300] "GET /cormun/static/hhome.js?20175251212450 HTTP/1.1" 200 777
190.171.152.114 - - [05/Apr/2019:08:46:19 -0300] "GET /cormun/static/hwchdr01.js?201752511465785 HTTP/1.1" 200 1183
190.171.152.114 - - [05/Apr/2019:08:46:19 -0300] "GET /cormun/static/PXToolsJavascripts/pexe_popup.js HTTP/1.1" 200 13458
190.171.152.114 - - [05/Apr/2019:08:46:19 -0300] "GET /cormun/static/Shared/ext/locale/ext-lang-en.js HTTP/1.1" 200 10940
190.171.152.114 - - [05/Apr/2019:08:46:19 -0300] "GET /cormun/static/hpexe_recentlink.js?20177611595044 HTTP/1.1" 200 2144
190.171.152.114 - - [05/Apr/2019:08:46:19 -0300] "GET /cormun/static/hpexe_scripts.js?201752511465715 HTTP/1.1" 200 1544
190.171.152.114 - - [05/Apr/2019:08:46:19 -0300] "GET /cormun/static/hpexe_messagepopupcomponent.js?20161017169425 HTTP/1.1" 200 605
190.171.152.114 - - [05/Apr/2019:08:46:19 -0300] "GET /cormun/static/hpexe_messagecontroller.js?20177611595012 HTTP/1.1" 200 870
190.171.152.114 - - [05/Apr/2019:08:46:19 -0300] "GET /cormun/static/hpexe_messagegenexuscomponent.js?201752511465344 HTTP/1.1" 200 587
190.171.152.114 - - [05/Apr/2019:08:46:19 -0300] "GET /cormun/static/cmcontrolpreferences.js?201752511465670 HTTP/1.1" 200 1375
190.171.152.114 - - [05/Apr/2019:08:46:20 -0300] "GET /cormun/static/SmoothNavMenu/resources/ddsmoothmenu.js HTTP/1.1" 200 12712
190.171.152.114 - - [05/Apr/2019:08:46:20 -0300] "GET /cormun/static/gxui/gxui-all.js HTTP/1.1" 200 107772
190.171.152.114 - - [05/Apr/2019:08:46:20 -0300] "GET /cormun/static/Resources/PXToolsFooterBackground2.png HTTP/1.1" 200 1172
190.171.152.114 - - [05/Apr/2019:08:46:20 -0300] "GET /cormun/static/Resources/PXToolsDataTitle.png HTTP/1.1" 200 1173
190.171.152.114 - - [05/Apr/2019:08:46:20 -0300] "GET /cormun/static/Resources/PXToolsHeaderActionsBackground.png HTTP/1.1" 200 484
190.171.152.114 - - [05/Apr/2019:08:46:20 -0300] "GET /cormun/static/Resources/PXToolsHeaderBackground2.png HTTP/1.1" 200 1174
190.171.152.114 - - [05/Apr/2019:08:46:20 -0300] "GET /cormun/static/SmoothNavMenu/resources/SmoothNavMenuRender.js HTTP/1.1" 200 5951
190.171.152.114 - - [05/Apr/2019:08:46:20 -0300] "GET /cormun/static/Shared/jquery/jquery-1.4.2.min.js HTTP/1.1" 200 72174
190.171.152.114 - - [05/Apr/2019:08:46:20 -0300] "GET /cormun/static/scaMessage/js/jquery.pnotify.min.js HTTP/1.1" 200 13038
190.171.152.114 - - [05/Apr/2019:08:46:20 -0300] "GET /cormun/static/scaMessage/scaMessageRender.js HTTP/1.1" 200 11977
190.171.152.114 - - [05/Apr/2019:08:46:20 -0300] "GET /cormun/static/hmpwkw03.js?20189613443875 HTTP/1.1" 200 3965
190.171.141.82 - - [05/Apr/2019:08:46:20 -0300] "GET /cormun/servlet/solicitudotadjuntos?d4467b3de920d96317532b5366bd795a33e0fceb2e89c89e0180fb9d0edb70eb,gx-no-cache=1554464555921 HTTP/1.1" 200 30
190.171.152.114 - - [05/Apr/2019:08:46:20 -0300] "GET /cormun/static/Resources/logo4.png HTTP/1.1" 200 6582
190.171.152.114 - - [05/Apr/2019:08:46:20 -0300] "GET /cormun/static/Shared/jquery/jquery-1.10.2.min.js HTTP/1.1" 200 273199
190.171.152.114 - - [05/Apr/2019:08:46:20 -0300] "GET /cormun/static/Resources/PXToolsHeaderActionsLeft.png HTTP/1.1" 200 1118
190.171.141.82 - - [05/Apr/2019:08:46:20 -0300] "GET /cormun/servlet/solicitudotadjuntos?d4467b3de920d96317532b5366bd795a33e0fceb2e89c89e0180fb9d0edb70eb,gx-no-cache=1554464555976 HTTP/1.1" 200 30
190.171.152.114 - - [05/Apr/2019:08:46:20 -0300] "GET /cormun/static/Resources/PXToolsHeaderHome.png HTTP/1.1" 200 4147
190.171.152.114 - - [05/Apr/2019:08:46:20 -0300] "GET /cormun/static/Resources/PXToolsHeaderLogin.png HTTP/1.1" 200 4279
190.171.152.114 - - [05/Apr/2019:08:46:20 -0300] "GET /cormun/static/Resources/PXToolsHeaderPreferences.png HTTP/1.1" 200 4189
190.171.152.114 - - [05/Apr/2019:08:46:20 -0300] "GET /cormun/static/Resources/PXToolsHeaderSecurity.png HTTP/1.1" 200 4166
190.171.152.114 - - [05/Apr/2019:08:46:20 -0300] "GET /cormun/static/Resources/PXToolsHeaderActionsRight.png HTTP/1.1" 200 1201
190.171.152.114 - - [05/Apr/2019:08:46:20 -0300] "GET /cormun/static/Shared/jqueryui/jquery-ui.min.js HTTP/1.1" 200 240427
190.171.141.82 - - [05/Apr/2019:08:46:20 -0300] "POST /cormun/servlet/solicitudotadjuntos?4032617c1c3e1728e67f072c049ef7fe,INS,2019,15142,,1, HTTP/1.1" 200 116
190.171.141.82 - - [05/Apr/2019:08:46:20 -0300] "GET /cormun/servlet/hpexe_return? HTTP/1.1" 200 1022
190.171.152.114 - - [05/Apr/2019:08:46:20 -0300] "GET /cormun/static/Shared/ext/ext-all.js HTTP/1.1" 200 1289687
190.171.141.82 - - [05/Apr/2019:08:46:21 -0300] "GET /cormun/servlet/trsolicitudadjuntos?2019,15142, HTTP/1.1" 200 9503
190.171.152.114 - - [05/Apr/2019:08:46:21 -0300] "GET /cormun/static/SmoothNavMenu/resources/images/down.gif HTTP/1.1" 200 854
190.171.152.114 - - [05/Apr/2019:08:46:21 -0300] "GET /cormun/static/SmoothNavMenu/resources/images/right.gif HTTP/1.1" 200 860
190.171.141.82 - - [05/Apr/2019:08:46:21 -0300] "GET /cormun/servlet/trsolicitudadjuntos?2019,15142, HTTP/1.1" 200 9500
190.171.141.82 - - [05/Apr/2019:08:46:23 -0300] "GET /cormun/servlet/solicitudotadjuntos?INS,2019,15142,,1, HTTP/1.1" 200 6384
190.171.141.82 - - [05/Apr/2019:08:46:23 -0300] "GET /cormun/static/about:blank HTTP/1.1" 404 1011
190.171.141.82 - - [05/Apr/2019:08:46:23 -0300] "GET /cormun/servlet/solicitudotadjuntos?INS,2019,15142,,1, HTTP/1.1" 200 6377
190.171.141.82 - - [05/Apr/2019:08:46:24 -0300] "GET /cormun/servlet/solicitudotadjuntos?d4467b3de920d96317532b5366bd795a122fcc5831717b9a2e1e83225166993b19916d5c2b83191564bba02e624d153b,gx-no-cache=1554464559660 HTTP/1.1" 200 30
190.171.141.82 - - [05/Apr/2019:08:46:24 -0300] "POST /cormun/servlet/solicitudotadjuntos?4032617c1c3e1728e67f072c049ef7fe,INS,2019,15142,,1,,gx-no-cache=1554464559736 HTTP/1.1" 200 4062
190.171.141.82 - - [05/Apr/2019:08:46:27 -0300] "POST /cormun/servlet/solicitudotadjuntos?gx-no-cache=1554464562778 HTTP/1.1" 200 26
190.171.152.114 - - [05/Apr/2019:08:46:28 -0300] "GET /cormun/servlet/trpermisosgoce? HTTP/1.1" 200 9538
190.171.152.114 - - [05/Apr/2019:08:46:28 -0300] "GET /cormun/static/calendar-system.css?75620 HTTP/1.1" 200 5572
190.171.152.114 - - [05/Apr/2019:08:46:28 -0300] "GET /cormun/static/gxui/gxui-all.css?110300 HTTP/1.1" 200 2179
190.171.152.114 - - [05/Apr/2019:08:46:28 -0300] "GET /cormun/static/gxcfg.js?20177612163875 HTTP/1.1" 200 953
190.171.152.114 - - [05/Apr/2019:08:46:28 -0300] "GET /cormun/static/calendar.js?85251 HTTP/1.1" 200 26246
190.171.152.114 - - [05/Apr/2019:08:46:28 -0300] "GET /cormun/static/calendar-es.js?85251 HTTP/1.1" 200 1901
190.171.152.114 - - [05/Apr/2019:08:46:28 -0300] "GET /cormun/static/calendar-setup.js?85251 HTTP/1.1" 200 2588
190.171.152.114 - - [05/Apr/2019:08:46:28 -0300] "GET /cormun/static/Resources/PXTools/calendar.png HTTP/1.1" 200 1306
190.171.152.114 - - [05/Apr/2019:08:46:28 -0300] "GET /cormun/static/Resources/PXToolsDataSearch.png HTTP/1.1" 200 419
190.171.152.114 - - [05/Apr/2019:08:46:28 -0300] "GET /cormun/static/Resources/PXToolsGridPreviousDisabled.gif HTTP/1.1" 200 90
190.171.152.114 - - [05/Apr/2019:08:46:28 -0300] "GET /cormun/static/Resources/PXToolsGridFirstDisabled.gif HTTP/1.1" 200 100
190.171.152.114 - - [05/Apr/2019:08:46:28 -0300] "GET /cormun/static/Resources/PXToolsGridNextDisabled.gif HTTP/1.1" 200 90
190.171.152.114 - - [05/Apr/2019:08:46:28 -0300] "GET /cormun/static/gxdec.js?85251 HTTP/1.1" 200 19579
190.171.152.114 - - [05/Apr/2019:08:46:28 -0300] "GET /cormun/static/Resources/PXToolsGridLastDisabled.gif HTTP/1.1" 200 98
190.171.152.114 - - [05/Apr/2019:08:46:28 -0300] "GET /cormun/static/Resources/PXToolsGridPage.gif HTTP/1.1" 200 725
190.171.152.114 - - [05/Apr/2019:08:46:28 -0300] "GET /cormun/static/Resources/PXToolsActionExcel.png HTTP/1.1" 200 3187
190.171.152.114 - - [05/Apr/2019:08:46:28 -0300] "GET /cormun/static/trpermisosgoce.js?20177612164335 HTTP/1.1" 200 35904
190.171.152.114 - - [05/Apr/2019:08:46:28 -0300] "GET /cormun/static/Resources/PXToolsGridNew.png HTTP/1.1" 200 2949
190.171.152.114 - - [05/Apr/2019:08:46:28 -0300] "GET /cormun/static/Shared/ext/resources/css/ext-all.css?205870 HTTP/1.1" 200 416045
190.171.152.114 - - [05/Apr/2019:08:46:29 -0300] "GET /cormun/static/Resources/desc.gif HTTP/1.1" 200 65
190.171.152.114 - - [05/Apr/2019:08:46:29 -0300] "GET /cormun/static/Resources/asc.gif HTTP/1.1" 200 67
190.171.152.114 - - [05/Apr/2019:08:46:29 -0300] "GET /cormun//static/Resources/PXToolsActionDisabled.gif HTTP/1.1" 200 53
190.171.152.114 - - [05/Apr/2019:08:46:29 -0300] "GET /cormun//static/Resources/PXToolsGridDisplay.png HTTP/1.1" 200 362
190.171.152.114 - - [05/Apr/2019:08:46:29 -0300] "GET /cormun//static/Resources/PXToolsGridDelete.png HTTP/1.1" 200 357
190.171.152.114 - - [05/Apr/2019:08:46:29 -0300] "GET /cormun//static/Resources/PXTools/ActionInsert.png HTTP/1.1" 200 1482
190.171.152.114 - - [05/Apr/2019:08:46:29 -0300] "GET /cormun//static/Resources/PXToolsHeaderFavorites.png HTTP/1.1" 200 2744
190.171.152.114 - - [05/Apr/2019:08:46:29 -0300] "GET /cormun//static/Resources/PXToolsActionPrint.png HTTP/1.1" 200 3317
190.171.152.114 - - [05/Apr/2019:08:46:29 -0300] "GET /cormun//static/Resources/PXToolsHeaderHelp.png HTTP/1.1" 200 4055
190.171.152.114 - - [05/Apr/2019:08:46:30 -0300] "GET /cormun/static/Shared/ext/resources/themes/images/default/panel/bg-headersPanel.png HTTP/1.1" 200 255
190.171.152.114 - - [05/Apr/2019:08:46:30 -0300] "GET /cormun/static/Shared/ext/resources/themes/images/default/tools/tool-sprites.gif HTTP/1.1" 200 5434
190.171.141.82 - - [05/Apr/2019:08:46:34 -0300] "GET /cormun/servlet/solicitudotadjuntos?d4467b3de920d96317532b5366bd795a33e0fceb2e89c89e0180fb9d0edb70eb,gx-no-cache=1554464569947 HTTP/1.1" 200 30
190.171.141.82 - - [05/Apr/2019:08:46:34 -0300] "GET /cormun/servlet/solicitudotadjuntos?d4467b3de920d96317532b5366bd795a33e0fceb2e89c89e0180fb9d0edb70eb,gx-no-cache=1554464569977 HTTP/1.1" 200 30
190.171.141.82 - - [05/Apr/2019:08:46:34 -0300] "POST /cormun/servlet/solicitudotadjuntos?4032617c1c3e1728e67f072c049ef7fe,INS,2019,15142,,1, HTTP/1.1" 200 116
190.171.141.82 - - [05/Apr/2019:08:46:34 -0300] "GET /cormun/servlet/hpexe_return? HTTP/1.1" 200 1022
190.171.141.82 - - [05/Apr/2019:08:46:35 -0300] "GET /cormun/servlet/trsolicitudadjuntos?2019,15142, HTTP/1.1" 200 9702
190.171.141.82 - - [05/Apr/2019:08:46:35 -0300] "GET /cormun/servlet/trsolicitudadjuntos?2019,15142, HTTP/1.1" 200 9698
190.171.141.82 - - [05/Apr/2019:08:46:38 -0300] "GET /cormun/servlet/solicitudotadjuntos?INS,2019,15142,,1, HTTP/1.1" 200 6384
190.171.141.82 - - [05/Apr/2019:08:46:39 -0300] "GET /cormun/static/about:blank HTTP/1.1" 404 1011
190.171.141.82 - - [05/Apr/2019:08:46:39 -0300] "GET /cormun/servlet/solicitudotadjuntos?INS,2019,15142,,1, HTTP/1.1" 200 6377
190.171.141.82 - - [05/Apr/2019:08:46:39 -0300] "GET /cormun/servlet/solicitudotadjuntos?d4467b3de920d96317532b5366bd795a122fcc5831717b9a2e1e83225166993b19916d5c2b83191564bba02e624d153b,gx-no-cache=1554464575328 HTTP/1.1" 200 30
190.171.141.82 - - [05/Apr/2019:08:46:39 -0300] "POST /cormun/servlet/solicitudotadjuntos?4032617c1c3e1728e67f072c049ef7fe,INS,2019,15142,,1,,gx-no-cache=1554464575350 HTTP/1.1" 200 4062
190.171.141.82 - - [05/Apr/2019:08:46:42 -0300] "POST /cormun/servlet/solicitudotadjuntos?gx-no-cache=1554464578338 HTTP/1.1" 200 26
190.171.152.114 - - [05/Apr/2019:08:46:54 -0300] "GET /cormun/servlet/permisogoce?INS,0,,, HTTP/1.1" 200 7138
190.171.152.114 - - [05/Apr/2019:08:46:54 -0300] "GET /cormun/static/gxcfg.js?201776126440 HTTP/1.1" 200 953
190.171.152.114 - - [05/Apr/2019:08:46:55 -0300] "GET /cormun/static/Resources/prompt.gif HTTP/1.1" 200 902
190.171.152.114 - - [05/Apr/2019:08:46:55 -0300] "GET /cormun/static/permisogoce.js?2017761264459 HTTP/1.1" 200 27897
190.171.141.82 - - [05/Apr/2019:08:46:59 -0300] "GET /cormun/servlet/solicitudotadjuntos?d4467b3de920d96317532b5366bd795a33e0fceb2e89c89e0180fb9d0edb70eb,gx-no-cache=1554464594715 HTTP/1.1" 200 30
190.171.141.82 - - [05/Apr/2019:08:46:59 -0300] "GET /cormun/servlet/solicitudotadjuntos?d4467b3de920d96317532b5366bd795a33e0fceb2e89c89e0180fb9d0edb70eb,gx-no-cache=1554464594828 HTTP/1.1" 200 30
190.171.141.82 - - [05/Apr/2019:08:47:00 -0300] "POST /cormun/servlet/solicitudotadjuntos?4032617c1c3e1728e67f072c049ef7fe,INS,2019,15142,,1, HTTP/1.1" 200 116
190.171.141.82 - - [05/Apr/2019:08:47:00 -0300] "GET /cormun/servlet/hpexe_return? HTTP/1.1" 200 1022
190.171.141.82 - - [05/Apr/2019:08:47:01 -0300] "GET /cormun/servlet/trsolicitudadjuntos?2019,15142, HTTP/1.1" 200 9981
190.171.141.82 - - [05/Apr/2019:08:47:01 -0300] "GET /cormun/servlet/trsolicitudadjuntos?2019,15142, HTTP/1.1" 200 9979
190.171.141.82 - - [05/Apr/2019:08:47:04 -0300] "GET /cormun/servlet/solicitudotadjuntos?INS,2019,15142,,1, HTTP/1.1" 200 6385
190.171.141.82 - - [05/Apr/2019:08:47:04 -0300] "GET /cormun/static/about:blank HTTP/1.1" 404 1011
190.171.141.82 - - [05/Apr/2019:08:47:05 -0300] "GET /cormun/servlet/solicitudotadjuntos?INS,2019,15142,,1, HTTP/1.1" 200 6379
190.171.141.82 - - [05/Apr/2019:08:47:05 -0300] "GET /cormun/servlet/solicitudotadjuntos?d4467b3de920d96317532b5366bd795a122fcc5831717b9a2e1e83225166993b19916d5c2b83191564bba02e624d153b,gx-no-cache=1554464601162 HTTP/1.1" 200 30
190.171.141.82 - - [05/Apr/2019:08:47:05 -0300] "POST /cormun/servlet/solicitudotadjuntos?4032617c1c3e1728e67f072c049ef7fe,INS,2019,15142,,1,,gx-no-cache=1554464601253 HTTP/1.1" 200 4063
190.171.152.114 - - [05/Apr/2019:08:47:06 -0300] "GET /cormun/servlet/permisogoce?17ad70b08a197f044d51973e03dc55f624ccddf39ad4595bdbb113d498957d11a60443dc97ca30c41d668555217956bb3d56c7c4d25d39f230ffd4431ed1ea4b,gx-no-cache=1554464603353 HTTP/1.1" 200 76
190.171.141.82 - - [05/Apr/2019:08:47:07 -0300] "POST /cormun/servlet/solicitudotadjuntos?gx-no-cache=1554464602851 HTTP/1.1" 200 26
190.171.143.106 - - [05/Apr/2019:08:47:08 -0300] "POST /cormun/servlet/solicitudot?gx-no-cache=1554464605624 HTTP/1.1" 200 30
190.171.152.114 - - [05/Apr/2019:08:47:09 -0300] "GET /cormun/static/menuarrow.gif HTTP/1.1" 404 1015
190.171.143.106 - - [05/Apr/2019:08:47:11 -0300] "POST /cormun/servlet/solicitudot?gx-no-cache=1554464608591 HTTP/1.1" 200 1334
190.171.141.82 - - [05/Apr/2019:08:47:11 -0300] "GET /cormun/servlet/solicitudotadjuntos?d4467b3de920d96317532b5366bd795a33e0fceb2e89c89e0180fb9d0edb70eb,gx-no-cache=1554464606819 HTTP/1.1" 200 30
190.171.141.82 - - [05/Apr/2019:08:47:11 -0300] "GET /cormun/servlet/solicitudotadjuntos?d4467b3de920d96317532b5366bd795a33e0fceb2e89c89e0180fb9d0edb70eb,gx-no-cache=1554464606913 HTTP/1.1" 200 30
190.171.143.106 - - [05/Apr/2019:08:47:11 -0300] "POST /cormun/servlet/solicitudot?gx-no-cache=1554464608729 HTTP/1.1" 200 38
190.171.143.106 - - [05/Apr/2019:08:47:11 -0300] "GET /cormun/servlet/solicitudot?40469197ddb992d07549b2e63e1fef4873944e4f931d2d31717c65432fb4a95bd7f1c374c16c06799be5a882e1c22a948d419b91646e12451547b37607ccc06b369c661d27b91506a03dfcd5dd04adf1a28b14124853bf4306c9e295a4aba21a5200267d786be8517fa0ea8059d0812e,gx-no-cache=1554464608975 HTTP/1.1" 200 110
190.171.143.106 - - [05/Apr/2019:08:47:11 -0300] "POST /cormun/servlet/solicitudot?gx-no-cache=1554464609066 HTTP/1.1" 200 97
190.171.143.106 - - [05/Apr/2019:08:47:11 -0300] "GET /cormun/servlet/solicitudot?40469197ddb992d07549b2e63e1fef485557f281ac43bf82801cc05d56fa3780e849adb8f3815c4b034c8c4410d15df1,gx-no-cache=1554464609209 HTTP/1.1" 200 134
190.171.143.106 - - [05/Apr/2019:08:47:11 -0300] "POST /cormun/servlet/solicitudot?gx-no-cache=1554464609337 HTTP/1.1" 200 30
190.171.152.114 - - [05/Apr/2019:08:47:14 -0300] "GET /cormun/servlet/permisogoce?17ad70b08a197f044d51973e03dc55f6ff9ed88fcc5eb1b0c18102f4afd79daa3102c5ff43c7f7e435cc814df6b5d59746c9bc071b29ce6d83d60f4e4b3d7166,gx-no-cache=1554464611887 HTTP/1.1" 200 44
190.171.141.82 - - [05/Apr/2019:08:47:19 -0300] "POST /cormun/servlet/solicitudotadjuntos?4032617c1c3e1728e67f072c049ef7fe,INS,2019,15142,,1, HTTP/1.1" 200 116
190.171.141.82 - - [05/Apr/2019:08:47:19 -0300] "GET /cormun/servlet/hpexe_return? HTTP/1.1" 200 1022
190.171.141.82 - - [05/Apr/2019:08:47:20 -0300] "GET /cormun/servlet/trsolicitudadjuntos?2019,15142, HTTP/1.1" 200 10194
190.171.143.106 - - [05/Apr/2019:08:47:21 -0300] "GET /cormun/servlet/solicitudot?40469197ddb992d07549b2e63e1fef485557f281ac43bf82801cc05d56fa3780e849adb8f3815c4b034c8c4410d15df1,gx-no-cache=1554464618492 HTTP/1.1" 200 134
190.171.141.82 - - [05/Apr/2019:08:47:21 -0300] "GET /cormun/servlet/trsolicitudadjuntos?2019,15142, HTTP/1.1" 200 10191
190.171.141.82 - - [05/Apr/2019:08:47:26 -0300] "POST /cormun/servlet/trsolicitudadjuntos?4032617c1c3e1728e67f072c049ef7fe,2019,15142,,gx-no-cache=1554464621894 HTTP/1.1" 200 90
190.171.141.82 - - [05/Apr/2019:08:47:26 -0300] "GET /cormun/servlet/hpexe_link HTTP/1.1" 200 985
190.171.141.82 - - [05/Apr/2019:08:47:26 -0300] "GET /cormun/servlet/trsolicitudot?gx-no-cache=1554462258889 HTTP/1.1" 200 9190
190.171.141.82 - - [05/Apr/2019:08:47:27 -0300] "GET /cormun/servlet/trsolicitudot?gx-no-cache=1554462258889 HTTP/1.1" 200 9208
190.171.143.106 - - [05/Apr/2019:08:47:28 -0300] "GET /cormun/servlet/hlogin HTTP/1.1" 200 1711
190.171.143.106 - - [05/Apr/2019:08:47:33 -0300] "POST /cormun/servlet/hlogin?43aa133ebbde319721a4704f0695929f,gx-no-cache=1554464630499 HTTP/1.1" 200 90
190.171.143.106 - - [05/Apr/2019:08:47:33 -0300] "GET /cormun/servlet/hpexe_link HTTP/1.1" 200 946
190.171.143.106 - - [05/Apr/2019:08:47:33 -0300] "GET /cormun/servlet/trlicencias HTTP/1.1" 200 9370
190.171.143.106 - - [05/Apr/2019:08:47:33 -0300] "GET /cormun/servlet/trlicencias HTTP/1.1" 200 9394
190.171.143.106 - - [05/Apr/2019:08:47:38 -0300] "GET /cormun/servlet/trsolicitudot? HTTP/1.1" 200 8677
190.171.141.82 - - [05/Apr/2019:08:47:38 -0300] "POST /cormun/servlet/trsolicitudot?4032617c1c3e1728e67f072c049ef7fe,gx-no-cache=1554462258889,gx-no-cache=1554464633920 HTTP/1.1" 200 5717
190.171.141.82 - - [05/Apr/2019:08:47:38 -0300] "GET /cormun/static/Shared/jqueryui/images/ui-bg_flat_55_fafafa_40x100.png HTTP/1.1" 404 1097
190.171.141.82 - - [05/Apr/2019:08:47:38 -0300] "GET /cormun/static/Shared/jqueryui/images/ui-icons_82798d_256x240.png HTTP/1.1" 404 1089
190.171.141.82 - - [05/Apr/2019:08:47:38 -0300] "GET /cormun/static/Shared/jqueryui/images/ui-icons_8d78a5_256x240.png HTTP/1.1" 404 1089
190.171.141.82 - - [05/Apr/2019:08:47:38 -0300] "GET /cormun/static/Shared/jqueryui/images/ui-bg_highlight-soft_100_c6c2c8_1x100.png HTTP/1.1" 404 1117
190.171.141.82 - - [05/Apr/2019:08:47:38 -0300] "POST /cormun/servlet/trsolicitudot?4032617c1c3e1728e67f072c049ef7fe,gx-no-cache=1554462258889,gx-no-cache=1554464634130 HTTP/1.1" 200 5658
190.171.143.106 - - [05/Apr/2019:08:47:38 -0300] "GET /cormun/servlet/trsolicitudot? HTTP/1.1" 200 8677
190.171.141.82 - - [05/Apr/2019:08:47:40 -0300] "GET /cormun/servlet/vesolicitudot?2019,15124,, HTTP/1.1" 200 8681
190.171.141.82 - - [05/Apr/2019:08:47:41 -0300] "GET /cormun/pexe_scrolldiv.js HTTP/1.1" 404 1009
190.171.141.82 - - [05/Apr/2019:08:47:42 -0300] "GET /cormun/servlet/vesolicitudot?2019,15124,, HTTP/1.1" 200 8659
190.171.141.82 - - [05/Apr/2019:08:47:43 -0300] "GET /cormun/servlet/vesolicitudot?2019,15124,,SolicitudOTAdjuntos HTTP/1.1" 200 7727
190.171.141.82 - - [05/Apr/2019:08:47:44 -0300] "GET /cormun/pexe_scrolldiv.js HTTP/1.1" 404 1009
190.171.141.82 - - [05/Apr/2019:08:47:44 -0300] "GET /cormun/static/tbsolicitudot02.js?201711142258496 HTTP/1.1" 200 15626
190.171.141.82 - - [05/Apr/2019:08:47:45 -0300] "GET /cormun/static/gxui/gxui-all.css HTTP/1.1" 200 2179
190.171.141.82 - - [05/Apr/2019:08:47:45 -0300] "GET /cormun/servlet/vesolicitudot?2019,15124,,SolicitudOTAdjuntos HTTP/1.1" 200 7727
190.171.141.82 - - [05/Apr/2019:08:47:45 -0300] "GET /cormun/static/Resources/PXToolsTabFirstUnselected.png HTTP/1.1" 200 1264
190.171.141.82 - - [05/Apr/2019:08:47:45 -0300] "GET /cormun/static/Resources/PXToolsTabUnselectedSelected.png HTTP/1.1" 200 1444
190.171.141.82 - - [05/Apr/2019:08:47:45 -0300] "GET /cormun/static/Shared/ext/resources/css/ext-all.css HTTP/1.1" 200 416045
190.171.141.82 - - [05/Apr/2019:08:47:46 -0300] "POST /cormun/servlet/acontrolpreferencessavestate?None,SGONGORA,true HTTP/1.1" 200 35
190.171.141.82 - - [05/Apr/2019:08:47:48 -0300] "POST /cormun/servlet/vesolicitudot?4032617c1c3e1728e67f072c049ef7fe,2019,15124,,SolicitudOTAdjuntos,gx-no-cache=1554464644055 HTTP/1.1" 200 90
190.171.141.82 - - [05/Apr/2019:08:47:48 -0300] "GET /cormun/servlet/hpexe_link HTTP/1.1" 200 994
190.171.141.82 - - [05/Apr/2019:08:47:48 -0300] "GET /cormun/servlet/trsolicitudot?gx-no-cache=1554462258889 HTTP/1.1" 200 8783
190.171.141.82 - - [05/Apr/2019:08:47:49 -0300] "GET /cormun/servlet/trsolicitudot?gx-no-cache=1554462258889 HTTP/1.1" 200 8801
190.171.141.138 - - [05/Apr/2019:08:47:55 -0300] "GET /cormun/servlet/solicitudot?INS,0,0, HTTP/1.1" 200 15362
190.171.141.138 - - [05/Apr/2019:08:47:55 -0300] "GET /cormun/servlet/solicitudot?INS,0,0, HTTP/1.1" 200 15367
190.171.143.106 - - [05/Apr/2019:08:47:57 -0300] "POST /cormun/servlet/trsolicitudot?43aa133ebbde319721a4704f0695929f,,gx-no-cache=1554464654616 HTTP/1.1" 200 4544
190.171.143.106 - - [05/Apr/2019:08:47:57 -0300] "GET /cormun/static/Shared/jqueryui/images/ui-bg_highlight-soft_100_c6c2c8_1x100.png HTTP/1.1" 404 1117
190.171.143.106 - - [05/Apr/2019:08:47:57 -0300] "GET /cormun/static/Shared/jqueryui/images/ui-icons_82798d_256x240.png HTTP/1.1" 404 1089
190.171.143.106 - - [05/Apr/2019:08:47:57 -0300] "GET /cormun/static/Shared/jqueryui/images/ui-bg_flat_55_fafafa_40x100.png HTTP/1.1" 404 1097
190.171.143.106 - - [05/Apr/2019:08:47:57 -0300] "GET /cormun/static/Shared/jqueryui/images/ui-icons_8d78a5_256x240.png HTTP/1.1" 404 1089
190.171.143.106 - - [05/Apr/2019:08:47:57 -0300] "POST /cormun/servlet/trsolicitudot?43aa133ebbde319721a4704f0695929f,,gx-no-cache=1554464654883 HTTP/1.1" 200 4308
190.171.141.82 - - [05/Apr/2019:08:47:58 -0300] "POST /cormun/servlet/trsolicitudot?4032617c1c3e1728e67f072c049ef7fe,gx-no-cache=1554462258889,gx-no-cache=1554464654392 HTTP/1.1" 200 107
190.171.141.82 - - [05/Apr/2019:08:47:59 -0300] "GET /cormun/servlet/trsolicitudadjuntos?2019,15124, HTTP/1.1" 200 6461
190.171.141.82 - - [05/Apr/2019:08:47:59 -0300] "GET /cormun/servlet/trsolicitudadjuntos?2019,15124, HTTP/1.1" 200 6440
190.171.143.106 - - [05/Apr/2019:08:48:03 -0300] "GET /cormun/servlet/trsolicitudot? HTTP/1.1" 200 7280
190.171.141.82 - - [05/Apr/2019:08:48:03 -0300] "GET /cormun/servlet/solicitudotadjuntos?INS,2019,15124,,1, HTTP/1.1" 200 6384
190.171.143.106 - - [05/Apr/2019:08:48:04 -0300] "GET /cormun/servlet/trsolicitudot? HTTP/1.1" 200 7280
190.171.141.82 - - [05/Apr/2019:08:48:04 -0300] "GET /cormun/static/about:blank HTTP/1.1" 404 1011
190.171.141.82 - - [05/Apr/2019:08:48:04 -0300] "GET /cormun/servlet/solicitudotadjuntos?INS,2019,15124,,1, HTTP/1.1" 200 6378
190.171.141.82 - - [05/Apr/2019:08:48:05 -0300] "GET /cormun/servlet/solicitudotadjuntos?d4467b3de920d96317532b5366bd795a6f3fbcea6d8e3a217e2a389e5067785d19916d5c2b83191564bba02e624d153b,gx-no-cache=1554464660692 HTTP/1.1" 200 30
190.171.141.82 - - [05/Apr/2019:08:48:05 -0300] "POST /cormun/servlet/solicitudotadjuntos?4032617c1c3e1728e67f072c049ef7fe,INS,2019,15124,,1,,gx-no-cache=1554464660752 HTTP/1.1" 200 4063
190.171.143.106 - - [05/Apr/2019:08:48:07 -0300] "GET /cormun/servlet/solicitudot?INS,0,0, HTTP/1.1" 200 14967
190.171.141.82 - - [05/Apr/2019:08:48:07 -0300] "POST /cormun/servlet/solicitudotadjuntos?gx-no-cache=1554464663135 HTTP/1.1" 200 26
190.171.143.106 - - [05/Apr/2019:08:48:07 -0300] "GET /cormun/servlet/solicitudot?INS,0,0, HTTP/1.1" 200 14972
190.171.143.106 - - [05/Apr/2019:08:48:09 -0300] "GET /cormun/servlet/prfichaempleado?,MD,,gxPopupLevel%3D0%3B HTTP/1.1" 200 9368
190.171.141.138 - - [05/Apr/2019:08:48:10 -0300] "POST /cormun/servlet/solicitudot?gx-no-cache=1554464668206 HTTP/1.1" 200 3596
190.171.141.138 - - [05/Apr/2019:08:48:10 -0300] "POST /cormun/servlet/solicitudot?04c4ca6606490dbe7863e006bcdfd9f1,INS,0,0,,gx-no-cache=1554464668453 HTTP/1.1" 200 12024
190.171.141.82 - - [05/Apr/2019:08:48:10 -0300] "POST /cormun/servlet/solicitudotadjuntos?gx-no-cache=1554464666227 HTTP/1.1" 200 26
190.171.141.138 - - [05/Apr/2019:08:48:12 -0300] "GET /cormun/servlet/solicitudot?dd2c1b2999cd6fe74638877c19e5afcf618634cf41fd210026ff171ef28334de6ac041cf6c76d30584fd53a34670fc86,gx-no-cache=1554464670923 HTTP/1.1" 200 30
190.171.143.106 - - [05/Apr/2019:08:48:20 -0300] "POST /cormun/servlet/prfichaempleado?43aa133ebbde319721a4704f0695929f,,MD,,gxPopupLevel%3D0%3B,gx-no-cache=1554464677614 HTTP/1.1" 200 3473
190.171.141.82 - - [05/Apr/2019:08:48:21 -0300] "GET /cormun/servlet/solicitudotadjuntos?d4467b3de920d96317532b5366bd795a33e0fceb2e89c89e0180fb9d0edb70eb,gx-no-cache=1554464677132 HTTP/1.1" 200 30
190.171.141.82 - - [05/Apr/2019:08:48:21 -0300] "GET /cormun/servlet/solicitudotadjuntos?d4467b3de920d96317532b5366bd795a33e0fceb2e89c89e0180fb9d0edb70eb,gx-no-cache=1554464677148 HTTP/1.1" 200 30
190.171.141.82 - - [05/Apr/2019:08:48:22 -0300] "POST /cormun/servlet/solicitudotadjuntos?4032617c1c3e1728e67f072c049ef7fe,INS,2019,15124,,1, HTTP/1.1" 200 116
190.171.141.82 - - [05/Apr/2019:08:48:22 -0300] "GET /cormun/servlet/hpexe_return? HTTP/1.1" 200 1023
190.171.141.82 - - [05/Apr/2019:08:48:22 -0300] "GET /cormun/servlet/trsolicitudadjuntos?2019,15124, HTTP/1.1" 200 9084
190.171.141.82 - - [05/Apr/2019:08:48:23 -0300] "GET /cormun/servlet/trsolicitudadjuntos?2019,15124, HTTP/1.1" 200 9083
190.171.143.106 - - [05/Apr/2019:08:48:24 -0300] "POST /cormun/servlet/solicitudot?gx-no-cache=1554464681463 HTTP/1.1" 200 3581
190.171.143.106 - - [05/Apr/2019:08:48:24 -0300] "POST /cormun/servlet/solicitudot?43aa133ebbde319721a4704f0695929f,INS,0,0,,gx-no-cache=1554464681788 HTTP/1.1" 200 11812
190.171.143.106 - - [05/Apr/2019:08:48:24 -0300] "GET /cormun/servlet/solicitudot?40469197ddb992d07549b2e63e1fef489a829b3cc46c1b2a498fa81a8bc3523d87817d3f8a8d75efa6a231918c1daf46,gx-no-cache=1554464682062 HTTP/1.1" 200 30
190.171.141.82 - - [05/Apr/2019:08:48:25 -0300] "GET /cormun/servlet/solicitudotadjuntos?INS,2019,15124,,1, HTTP/1.1" 200 6384
190.171.141.82 - - [05/Apr/2019:08:48:25 -0300] "GET /cormun/static/about:blank HTTP/1.1" 404 1011
190.171.141.82 - - [05/Apr/2019:08:48:25 -0300] "GET /cormun/servlet/solicitudotadjuntos?INS,2019,15124,,1, HTTP/1.1" 200 6378
190.171.141.82 - - [05/Apr/2019:08:48:25 -0300] "GET /cormun/servlet/solicitudotadjuntos?d4467b3de920d96317532b5366bd795a6f3fbcea6d8e3a217e2a389e5067785d19916d5c2b83191564bba02e624d153b,gx-no-cache=1554464681498 HTTP/1.1" 200 30
190.171.141.82 - - [05/Apr/2019:08:48:26 -0300] "POST /cormun/servlet/solicitudotadjuntos?4032617c1c3e1728e67f072c049ef7fe,INS,2019,15124,,1,,gx-no-cache=1554464681571 HTTP/1.1" 200 4063
190.171.141.82 - - [05/Apr/2019:08:48:27 -0300] "POST /cormun/servlet/solicitudotadjuntos?gx-no-cache=1554464683547 HTTP/1.1" 200 26
190.171.152.114 - - [05/Apr/2019:08:48:29 -0300] "POST /cormun/servlet/permisogoce?b4d7d285b3667db55b1b814a284b53ee,INS,0,,,,gx-no-cache=1554464686247 HTTP/1.1" 200 93
190.171.152.114 - - [05/Apr/2019:08:48:29 -0300] "GET /cormun/servlet/hpexe_return? HTTP/1.1" 200 1009
190.171.152.114 - - [05/Apr/2019:08:48:29 -0300] "GET /cormun/static/gxcfg.js?2016101716175148 HTTP/1.1" 200 953
190.171.152.114 - - [05/Apr/2019:08:48:29 -0300] "GET /cormun/static/hpexe_return.js?2016101716175153 HTTP/1.1" 200 1633
190.171.152.114 - - [05/Apr/2019:08:48:30 -0300] "GET /cormun/static/Resources/Spanish/PXTools.css?167811 HTTP/1.1" 200 89042
190.171.152.114 - - [05/Apr/2019:08:48:30 -0300] "GET /cormun/servlet/trpermisosgoce HTTP/1.1" 200 9857
190.171.141.82 - - [05/Apr/2019:08:48:30 -0300] "POST /cormun/servlet/solicitudotadjuntos?gx-no-cache=1554464686290 HTTP/1.1" 200 26
190.171.152.114 - - [05/Apr/2019:08:48:31 -0300] "GET /cormun//static/Resources/PXToolsGridUpdate.png HTTP/1.1" 200 2984
190.171.143.106 - - [05/Apr/2019:08:48:32 -0300] "GET /cormun/servlet/solicitudot?40469197ddb992d07549b2e63e1fef485f142212686d7ba16a73dd244aecb4586185f860f2041dec343682bc7d7f76bbe3f857ab82e7c96ebf6884f1bcb64039,gx-no-cache=1554464689620 HTTP/1.1" 200 30
190.171.143.106 - - [05/Apr/2019:08:48:32 -0300] "GET /cormun/servlet/solicitudot?40469197ddb992d07549b2e63e1fef486d0e90fa789bc2a76a7c7b4817f09c4b,gx-no-cache=1554464689770 HTTP/1.1" 200 53
190.171.143.106 - - [05/Apr/2019:08:48:32 -0300] "POST /cormun/servlet/solicitudot?gx-no-cache=1554464689885 HTTP/1.1" 200 255
190.171.143.106 - - [05/Apr/2019:08:48:32 -0300] "GET /cormun/servlet/solicitudot?40469197ddb992d07549b2e63e1fef48312b42b8533ab2e7fc8e286a9ce37985ce1808a537528ce44c862793013c2df1b6728e66efdec3cd440d7e0109cf3fd3174d2d5a3d26689ca43bf56bc6c30dc191cb919367e029c9e36f2de615b7496991f5ff238abee77cbb975366097d677cde77f7c8d4c38b2adcd7417d78f6fa3ee4de12d616eff698dd1234b481d7046b34b9b535c645de374684ae515f14fc9e8330d4f64100cfae907c55e3c0ff05da939ff465510261da80e8c71de2c31276a072e5e3805b884b5e9fd1ee4f23e47bdda74538cccef6e8cb2a00918f1799a20baf3b25fba0f2c2e688e4bf82c67ba4ca967194b7c65dc4305be10d9566bfe311e9da6539d6d55931ab39162ed1dfebcbfac198d503774e396a16639f89b0add1730893872b4373de25602ccad366817bf3fb19a6008632fadcf7438fc19c1dd9ea36992dee904792d01408b757115548cb8980315fb894b1921e2bca629e2a3274ba22dd4ff3c6a1a01e7903f4cd8315a5fafd15ccd30fa237b73c832b4a95,gx-no-cache=1554464689970 HTTP/1.1" 200 30
190.171.143.106 - - [05/Apr/2019:08:48:32 -0300] "POST /cormun/servlet/solicitudot?gx-no-cache=1554464690023 HTTP/1.1" 200 30
190.171.143.106 - - [05/Apr/2019:08:48:32 -0300] "POST /cormun/servlet/solicitudot?gx-no-cache=1554464690113 HTTP/1.1" 200 1334
190.171.143.106 - - [05/Apr/2019:08:48:32 -0300] "POST /cormun/servlet/solicitudot?gx-no-cache=1554464690262 HTTP/1.1" 200 38
190.171.143.106 - - [05/Apr/2019:08:48:32 -0300] "GET /cormun/servlet/solicitudot?40469197ddb992d07549b2e63e1fef4873944e4f931d2d31717c65432fb4a95bd7f1c374c16c06799be5a882e1c22a948d419b91646e12451547b37607ccc06b369c661d27b91506a03dfcd5dd04adf1a28b14124853bf4306c9e295a4aba21a5200267d786be8517fa0ea8059d0812e,gx-no-cache=1554464690370 HTTP/1.1" 200 110
190.171.143.106 - - [05/Apr/2019:08:48:33 -0300] "POST /cormun/servlet/solicitudot?gx-no-cache=1554464690462 HTTP/1.1" 200 97
190.171.143.106 - - [05/Apr/2019:08:48:33 -0300] "GET /cormun/servlet/solicitudot?40469197ddb992d07549b2e63e1fef481267c0ab7b09b55fb7c9d6422c7fcd5260e86aae0d26d551748bf905d2f5075372f2d103cf30454c828e5a068a9a51ada2fda50d2ee0f1e1cde7e18c773a6e6b47a8a7b004b7d3217e8406fa20458f065daa771b38a4b680c7d02b21eccd82a4fb4d12a9648114dda09e9b043052d58a361121f282365c527795f38b974af25c0cd9e77cb080c3083f5dd9f2c28b6854,gx-no-cache=1554464690586 HTTP/1.1" 200 29
190.171.141.82 - - [05/Apr/2019:08:48:34 -0300] "GET /cormun/servlet/solicitudotadjuntos?d4467b3de920d96317532b5366bd795a33e0fceb2e89c89e0180fb9d0edb70eb,gx-no-cache=1554464690036 HTTP/1.1" 200 30
190.171.141.82 - - [05/Apr/2019:08:48:34 -0300] "GET /cormun/servlet/solicitudotadjuntos?d4467b3de920d96317532b5366bd795a33e0fceb2e89c89e0180fb9d0edb70eb,gx-no-cache=1554464690072 HTTP/1.1" 200 30
190.171.141.82 - - [05/Apr/2019:08:48:34 -0300] "POST /cormun/servlet/solicitudotadjuntos?4032617c1c3e1728e67f072c049ef7fe,INS,2019,15124,,1, HTTP/1.1" 200 116
190.171.141.82 - - [05/Apr/2019:08:48:35 -0300] "GET /cormun/servlet/hpexe_return? HTTP/1.1" 200 1023
190.171.141.82 - - [05/Apr/2019:08:48:35 -0300] "GET /cormun/servlet/trsolicitudadjuntos?2019,15124, HTTP/1.1" 200 9297
190.171.143.106 - - [05/Apr/2019:08:48:35 -0300] "GET /cormun/static/menuarrow.gif HTTP/1.1" 404 1015
190.171.152.114 - - [05/Apr/2019:08:48:35 -0300] "GET /cormun/servlet/apermisogoceprn?19359699,P,20190405104014,PU HTTP/1.1" 200 1666
