190.171.152.138 - - [05/Apr/2019:09:28:09 -0300] "GET /cormun/static/Shared/jqueryui/images/ui-icons_ebccce_256x240.png HTTP/1.1" 404 1089
190.171.152.138 - - [05/Apr/2019:09:28:12 -0300] "GET /cormun/servlet/solicitudot?e1064ea8abfde78d4ca5553fb423ab029be5933a634a30be7e192023f46cd2dd8b6566e616a239eca229139609fee933,gx-no-cache=1554467070360 HTTP/1.1" 200 30
186.103.159.187 - - [05/Apr/2019:09:28:31 -0300] "GET /cormun/servlet/trsolicitudot? HTTP/1.1" 200 10376
186.103.159.187 - - [05/Apr/2019:09:28:32 -0300] "GET /cormun/servlet/trsolicitudot? HTTP/1.1" 200 10374
186.103.159.187 - - [05/Apr/2019:09:28:35 -0300] "GET /cormun/servlet/solicitudot?INS,0,0, HTTP/1.1" 200 14905
186.103.159.187 - - [05/Apr/2019:09:28:37 -0300] "GET /cormun/servlet/solicitudot?INS,0,0, HTTP/1.1" 200 14910
186.103.159.187 - - [05/Apr/2019:09:28:49 -0300] "POST /cormun/servlet/solicitudot?gx-no-cache=1554470838441 HTTP/1.1" 200 3569
186.103.159.187 - - [05/Apr/2019:09:28:49 -0300] "POST /cormun/servlet/solicitudot?add6bb485526e2c598f2ee2e6511380f,INS,0,0,,gx-no-cache=1554470838654 HTTP/1.1" 200 11808
186.103.159.187 - - [05/Apr/2019:09:28:58 -0300] "GET /cormun/servlet/solicitudot?02d70520fd1a47d52b135e0f425708a1614418e2bbf6df5fc2276d00e0cc256932072442cc13cd365b05714665be4132,gx-no-cache=1554470848077 HTTP/1.1" 200 30
186.103.159.187 - - [05/Apr/2019:09:28:58 -0300] "GET /cormun/servlet/solicitudot?02d70520fd1a47d52b135e0f425708a1f5cadbfc6eb38f3e1bd819a540da81b89b17b89b13e77e055ad5e591df5d0f02d20c5c75d733f4ff21515eb55b41a034,gx-no-cache=1554470848149 HTTP/1.1" 200 30
186.103.159.187 - - [05/Apr/2019:09:28:58 -0300] "GET /cormun/servlet/solicitudot?02d70520fd1a47d52b135e0f425708a1b4e5142040af0161efc8bcde507f2346,gx-no-cache=1554470848204 HTTP/1.1" 200 53
186.103.159.187 - - [05/Apr/2019:09:28:58 -0300] "POST /cormun/servlet/solicitudot?gx-no-cache=1554470848248 HTTP/1.1" 200 297
186.103.159.187 - - [05/Apr/2019:09:28:58 -0300] "GET /cormun/servlet/solicitudot?02d70520fd1a47d52b135e0f425708a1e1abf0847234fdde8858346f74156bd7b67f0f9633c34adc41cd15a8cc967a0fd378f9a01392782f149fb8cf631d217f35ab72dd8eb1146ff7198dd21f3509aa00b10ddea1f7699ffe0466fadb031587895b9d50faaecef41bd3d9480274a650997784d548dbebb027f4e1529fd1453d652c13eab7abdd952439455c06a0036a8ff1a82651a6b4b2b7ab0062cd34d265dad02c8c3a7b6297ef4f0bc2e72f684eea03c7bbfbbfb2d85be053ff93bfa13e2955b46d1a8cff56a792649c1a59db1dce0a1d6d77695a7322dfda529df63f3bff8fa66fa938ac1c0ecd30484b77a5abb47bce57b3b4a8b294b61e3acd08ff3bbf8bb4689ab80cea139571b437883a2d8b4abb588da90368030608a78aea9de7e463f073429db3a403eea1dae7484912494ac823e7d92ce9c0cc2fe9f8f5ff26ececd13b748b16f04b83938c1c081b59e00358f8cd3c2479ca30755510809fef9ce829038b7a66ef609f44ab33848dfdf9f92eb50f6d0475f8f5a1e0aeb0613d47c30aa20aaf76eed98aad2a865a1a5c,gx-no-cache=1554470848298 HTTP/1.1" 200 30
186.103.159.187 - - [05/Apr/2019:09:29:03 -0300] "POST /cormun/servlet/solicitudot?gx-no-cache=1554470852524 HTTP/1.1" 200 30
186.103.159.187 - - [05/Apr/2019:09:29:06 -0300] "POST /cormun/servlet/solicitudot?gx-no-cache=1554470855586 HTTP/1.1" 200 1335
186.103.159.187 - - [05/Apr/2019:09:29:06 -0300] "POST /cormun/servlet/solicitudot?gx-no-cache=1554470855683 HTTP/1.1" 200 38
186.103.159.187 - - [05/Apr/2019:09:29:27 -0300] "GET /cormun/servlet/solicitudot?02d70520fd1a47d52b135e0f425708a17eed90316d49a12d6b93fe63aa1b8689ff89f5750e08d28ca2e83d05e6e66826ca959327396ef2c8fa4e37190cbd87d111fdc144b1a00bb477b36a3ec20bb815a48cd1d0b167fc971c359b73d0f635c2b76451b04e4413c486d53a937a504fe5,gx-no-cache=1554470876906 HTTP/1.1" 200 110
186.103.159.187 - - [05/Apr/2019:09:29:27 -0300] "POST /cormun/servlet/solicitudot?gx-no-cache=1554470876984 HTTP/1.1" 200 83
186.67.164.138 - - [05/Apr/2019:09:29:35 -0300] "GET /cormun/servlet/hlogin HTTP/1.1" 200 1719
186.103.159.187 - - [05/Apr/2019:09:29:35 -0300] "GET /cormun/servlet/solicitudot?02d70520fd1a47d52b135e0f425708a106e7c23e3b4ff2635eff2116396374817960aab97ab3f913a7ffc136c3d96e80cadd237ea9b14593b766fabcf64c0226d16f049389deb634fbec3b1eebb193908c7dc0d59a686ac6396861b2d49c2ee63d2af02f0180b8c918cb8a7f7410c737,gx-no-cache=1554470885276 HTTP/1.1" 200 29
186.103.159.187 - - [05/Apr/2019:09:29:35 -0300] "GET /cormun/static/menuarrow.gif HTTP/1.1" 404 1015
186.103.159.187 - - [05/Apr/2019:09:29:39 -0300] "GET /cormun/servlet/solicitudot?02d70520fd1a47d52b135e0f425708a1d457ca98b82d49cf2dc8e109ebe4355d286afecaba0db0fd97850dfaba1ac956,gx-no-cache=1554470889120 HTTP/1.1" 200 30
186.67.164.138 - - [05/Apr/2019:09:29:42 -0300] "GET /cormun/servlet/hlogin HTTP/1.1" 200 1719
186.67.164.138 - - [05/Apr/2019:09:29:43 -0300] "GET /cormun/servlet/hlogin HTTP/1.1" 200 1729
186.67.164.138 - - [05/Apr/2019:09:29:43 -0300] "GET /favicon.ico HTTP/1.1" 200 21630
186.67.172.234 - - [05/Apr/2019:09:29:46 -0300] "POST /cormun/servlet/solicitudot?gx-no-cache=1554467158803 HTTP/1.1" 200 30
186.103.159.187 - - [05/Apr/2019:09:29:53 -0300] "POST /cormun/servlet/solicitudot?gx-no-cache=1554470903037 HTTP/1.1" 200 30
186.67.164.138 - - [05/Apr/2019:09:29:57 -0300] "POST /cormun/servlet/hlogin?7b0504862791beeae53e388546a04d4b,gx-no-cache=1554467174785 HTTP/1.1" 200 90
186.67.164.138 - - [05/Apr/2019:09:29:57 -0300] "GET /cormun/servlet/hpexe_link HTTP/1.1" 200 948
186.67.164.138 - - [05/Apr/2019:09:29:57 -0300] "GET /cormun/servlet/hhome HTTP/1.1" 200 4121
186.67.164.138 - - [05/Apr/2019:09:29:58 -0300] "GET /cormun/servlet/hhome HTTP/1.1" 200 4117
186.103.159.187 - - [05/Apr/2019:09:29:59 -0300] "POST /cormun/servlet/solicitudot?add6bb485526e2c598f2ee2e6511380f,INS,0,0,,gx-no-cache=1554470908261 HTTP/1.1" 200 93
186.103.159.187 - - [05/Apr/2019:09:29:59 -0300] "GET /cormun/servlet/hpexe_return? HTTP/1.1" 200 1003
186.103.159.187 - - [05/Apr/2019:09:29:59 -0300] "GET /cormun/servlet/trsolicitudot HTTP/1.1" 200 10909
190.171.141.82 - - [05/Apr/2019:09:30:00 -0300] "POST /cormun/servlet/solicitudot?gx-no-cache=1554467176241 HTTP/1.1" 200 3450
190.171.141.82 - - [05/Apr/2019:09:30:00 -0300] "POST /cormun/servlet/solicitudot?4032617c1c3e1728e67f072c049ef7fe,INS,0,0,,gx-no-cache=1554467176404 HTTP/1.1" 200 11919
186.103.159.187 - - [05/Apr/2019:09:30:01 -0300] "GET /cormun/servlet/trsolicitudot HTTP/1.1" 200 10905
186.67.164.138 - - [05/Apr/2019:09:30:01 -0300] "GET /cormun/servlet/trautorizarsolicitud? HTTP/1.1" 200 9456
186.67.164.138 - - [05/Apr/2019:09:30:02 -0300] "GET /cormun/servlet/trautorizarsolicitud? HTTP/1.1" 200 9453
190.171.141.82 - - [05/Apr/2019:09:30:05 -0300] "GET /cormun/servlet/solicitudot?d4467b3de920d96317532b5366bd795a83d331b2ccc66c2a923f97cc26c3172c41db0f20f351d289accf7c684bf9dbf4,gx-no-cache=1554467181517 HTTP/1.1" 200 30
186.103.159.187 - - [05/Apr/2019:09:30:07 -0300] "POST /cormun/servlet/trsolicitudot?add6bb485526e2c598f2ee2e6511380f,gx-no-cache=1554470916418 HTTP/1.1" 200 7561
186.103.159.187 - - [05/Apr/2019:09:30:07 -0300] "GET /cormun/static/Shared/jqueryui/images/ui-icons_82798d_256x240.png HTTP/1.1" 404 1089
186.103.159.187 - - [05/Apr/2019:09:30:07 -0300] "GET /cormun/static/Shared/jqueryui/images/ui-bg_highlight-soft_100_c6c2c8_1x100.png HTTP/1.1" 404 1117
186.103.159.187 - - [05/Apr/2019:09:30:07 -0300] "GET /cormun/static/Shared/jqueryui/images/ui-bg_flat_55_fafafa_40x100.png HTTP/1.1" 404 1097
186.103.159.187 - - [05/Apr/2019:09:30:07 -0300] "GET /cormun/static/Shared/jqueryui/images/ui-icons_8d78a5_256x240.png HTTP/1.1" 404 1089
186.103.159.187 - - [05/Apr/2019:09:30:07 -0300] "POST /cormun/servlet/trsolicitudot?add6bb485526e2c598f2ee2e6511380f,gx-no-cache=1554470916979 HTTP/1.1" 200 7504
186.67.164.138 - - [05/Apr/2019:09:30:19 -0300] "POST /cormun/servlet/trautorizarsolicitud?7b0504862791beeae53e388546a04d4b,,gx-no-cache=1554467197011 HTTP/1.1" 200 6386
186.67.164.138 - - [05/Apr/2019:09:30:19 -0300] "GET /cormun/static/Shared/jqueryui/images/ui-bg_highlight-soft_100_c6c2c8_1x100.png HTTP/1.1" 404 1117
186.67.164.138 - - [05/Apr/2019:09:30:19 -0300] "GET /cormun/static/Shared/jqueryui/images/ui-bg_flat_55_fafafa_40x100.png HTTP/1.1" 404 1097
186.67.164.138 - - [05/Apr/2019:09:30:19 -0300] "GET /cormun/static/Shared/jqueryui/images/ui-icons_82798d_256x240.png HTTP/1.1" 404 1089
186.67.164.138 - - [05/Apr/2019:09:30:19 -0300] "GET /cormun/static/Shared/jqueryui/images/ui-icons_8d78a5_256x240.png HTTP/1.1" 404 1089
186.67.164.138 - - [05/Apr/2019:09:30:20 -0300] "POST /cormun/servlet/trautorizarsolicitud?7b0504862791beeae53e388546a04d4b,,gx-no-cache=1554467197450 HTTP/1.1" 200 6332
186.67.164.138 - - [05/Apr/2019:09:30:26 -0300] "POST /cormun/servlet/trautorizarsolicitud?7b0504862791beeae53e388546a04d4b,,gx-no-cache=1554467203377 HTTP/1.1" 200 5856
186.67.164.138 - - [05/Apr/2019:09:30:26 -0300] "POST /cormun/servlet/trautorizarsolicitud?7b0504862791beeae53e388546a04d4b,,gx-no-cache=1554467203663 HTTP/1.1" 200 5801
186.67.164.138 - - [05/Apr/2019:09:30:27 -0300] "POST /cormun/servlet/trautorizarsolicitud?7b0504862791beeae53e388546a04d4b,,gx-no-cache=1554467204548 HTTP/1.1" 200 4687
186.67.164.138 - - [05/Apr/2019:09:30:28 -0300] "POST /cormun/servlet/trautorizarsolicitud?7b0504862791beeae53e388546a04d4b,,gx-no-cache=1554467205451 HTTP/1.1" 200 4468
186.67.172.234 - - [05/Apr/2019:09:30:39 -0300] "GET /cormun/servlet/solicitudot?36da262c7fc7eb128adfd56fe0da11d068331773ab3d6a21827ed595894fb32640312a0c4a9a6ab1d84597db8cafb652,gx-no-cache=1554467211086 HTTP/1.1" 200 103
186.67.172.234 - - [05/Apr/2019:09:30:39 -0300] "POST /cormun/servlet/solicitudot?gx-no-cache=1554467211633 HTTP/1.1" 200 254
186.67.172.234 - - [05/Apr/2019:09:30:39 -0300] "GET /cormun/servlet/solicitudot?36da262c7fc7eb128adfd56fe0da11d0b65fccea96999663f5f48025f415ac589688b80c517b3c385b745af1622d3bd28b412546acfa68cfe90b8144192df7f22a23107195e1a8a61f6d9a7883f588a8ecce95542fdb840b93b14315038860c47946e2e54ba2d7fb56eb1d39d4f8cf15537ea2c24718e462b05fab807986d04909ba886279e1154fdb5b65f35f63301ea8bb5d09809ecf40ddbbef856771720730e63a73e5b2c033e8590aa04f70efec60deccdf1ceb85d229a4a044b700d912b24b8edad689baba550dee528a0e11562e261a2cb66ae1ef5665a039db4aacdc6e9d2d6f8c2096a579396eb5386bcc2be84c2d28fd53b0b7bd136083c7793b576a0412063eed0c23e129cfab55b97434df88549b83ed42c7ecd8a9286d735571c3757eb9823512ec112a643b3528508cdd6f68f4bbfd3756580e931ca1e2e23cdd78a8929dcc418e395aa0aebc9da6579f30c1cf53f5d6eda9d8bdea6b38ef77821353d914d6a4008606a5f0810861fd785d784419ed1eb31001a16d9a25308a,gx-no-cache=1554467211698 HTTP/1.1" 200 30
186.67.172.234 - - [05/Apr/2019:09:30:39 -0300] "POST /cormun/servlet/solicitudot?gx-no-cache=1554467211748 HTTP/1.1" 200 30
186.67.172.234 - - [05/Apr/2019:09:30:39 -0300] "POST /cormun/servlet/solicitudot?gx-no-cache=1554467211797 HTTP/1.1" 200 1333
186.67.172.234 - - [05/Apr/2019:09:30:39 -0300] "POST /cormun/servlet/solicitudot?gx-no-cache=1554467211881 HTTP/1.1" 200 41
186.67.172.234 - - [05/Apr/2019:09:30:40 -0300] "GET /cormun/servlet/solicitudot?36da262c7fc7eb128adfd56fe0da11d020b28aab7b24d24365814a1efaef8873cd462125b35df7d94cc7ac88f35eaa3ddc01b56952415b407b9b753402ff47dce9894d0d94b5ef9a1a03f85dffd63c71f37f6dd0b39812814a40a818d921e41e48b6234de18fa43016fb815206b9db18,gx-no-cache=1554467211915 HTTP/1.1" 200 110
186.67.172.234 - - [05/Apr/2019:09:30:40 -0300] "POST /cormun/servlet/solicitudot?gx-no-cache=1554467211965 HTTP/1.1" 200 102
186.67.172.234 - - [05/Apr/2019:09:30:40 -0300] "GET /cormun/servlet/solicitudot?36da262c7fc7eb128adfd56fe0da11d0e66c0dcbe55d5b0538fac6acb9ecba1117246b132ea590c2126cf430b1033e45,gx-no-cache=1554467212070 HTTP/1.1" 200 30
186.67.172.234 - - [05/Apr/2019:09:30:40 -0300] "POST /cormun/servlet/solicitudot?gx-no-cache=1554467212191 HTTP/1.1" 200 30
186.67.172.234 - - [05/Apr/2019:09:30:40 -0300] "POST /cormun/servlet/solicitudot?2bee274508d1443299322ff6de305537,INS,0,0,,gx-no-cache=1554467212316 HTTP/1.1" 200 12324
200.111.191.210 - - [05/Apr/2019:09:30:43 -0300] "GET /cormun/servlet/alicenciaprn?7705612,L,20190404000000,PU HTTP/1.1" 200 1534
186.103.159.187 - - [05/Apr/2019:09:30:44 -0300] "POST /cormun/servlet/trsolicitudot?add6bb485526e2c598f2ee2e6511380f,gx-no-cache=1554470952334 HTTP/1.1" 200 90
186.103.159.187 - - [05/Apr/2019:09:30:44 -0300] "GET /cormun/servlet/hpexe_link HTTP/1.1" 200 952
186.103.159.187 - - [05/Apr/2019:09:30:44 -0300] "GET /cormun/servlet/hhome HTTP/1.1" 200 4002
186.103.159.187 - - [05/Apr/2019:09:30:45 -0300] "GET /cormun/servlet/hhome HTTP/1.1" 200 3998
200.111.191.210 - - [05/Apr/2019:09:30:46 -0300] "GET /cormun/servlet/trlicenciaspermisosadjuntos?7705612,20190404000000,L, HTTP/1.1" 200 6378
200.111.191.210 - - [05/Apr/2019:09:30:47 -0300] "GET /cormun/servlet/trlicenciaspermisosadjuntos?7705612,20190404000000,L, HTTP/1.1" 200 6379
190.171.152.138 - - [05/Apr/2019:09:30:48 -0300] "GET /cormun/servlet/solicitudot?e1064ea8abfde78d4ca5553fb423ab02ce4ad2b40ac0303d154bd039a3d511bed5c4e7837c2452a80e346d66be5967e6ae933e827204c31430de86de095f40f5,gx-no-cache=1554467226363 HTTP/1.1" 200 30
200.111.191.210 - - [05/Apr/2019:09:30:48 -0300] "GET /cormun/servlet/licenciaspermisosadjuntos?INS,7705612,L,20190404000000,, HTTP/1.1" 200 5680
200.111.191.210 - - [05/Apr/2019:09:30:48 -0300] "GET /cormun/static/about:blank HTTP/1.1" 404 1011
200.111.191.210 - - [05/Apr/2019:09:30:48 -0300] "GET /cormun/servlet/licenciaspermisosadjuntos?INS,7705612,L,20190404000000,, HTTP/1.1" 200 5669
190.171.152.138 - - [05/Apr/2019:09:30:51 -0300] "GET /cormun/servlet/solicitudot?e1064ea8abfde78d4ca5553fb423ab021f31779c1ad215554104d23f9d0cc741,gx-no-cache=1554467229725 HTTP/1.1" 200 53
186.103.159.187 - - [05/Apr/2019:09:30:53 -0300] "GET /cormun/servlet/hlogin HTTP/1.1" 200 1731
186.103.159.187 - - [05/Apr/2019:09:31:02 -0300] "POST /cormun/servlet/hlogin?add6bb485526e2c598f2ee2e6511380f,gx-no-cache=1554470972165 HTTP/1.1" 200 440
190.171.152.138 - - [05/Apr/2019:09:31:07 -0300] "POST /cormun/servlet/solicitudot?gx-no-cache=1554467245777 HTTP/1.1" 200 297
186.103.159.187 - - [05/Apr/2019:09:31:07 -0300] "POST /cormun/servlet/hlogin?add6bb485526e2c598f2ee2e6511380f,gx-no-cache=1554470977173 HTTP/1.1" 200 90
186.103.159.187 - - [05/Apr/2019:09:31:07 -0300] "GET /cormun/servlet/hpexe_link HTTP/1.1" 200 948
190.171.152.138 - - [05/Apr/2019:09:31:08 -0300] "GET /cormun/servlet/solicitudot?e1064ea8abfde78d4ca5553fb423ab02a741776f1e71140bf7521bd515cddf2013a2a73bd3ba020f115e28c9d92d2fb769ce5ef7b90d882ce825cbdba53237ab391804c883d73e50977f66af2a8359a50ec35d54cb21f11f84e845b07950dc3f7d9e6ce0103253d55e076fd654451a45100c9f3632956129d0395f54c62a8bac3f37daeef8917206c7f8e84595452c26622a455d80042cef1cd082ad2597e0353d422a6b1180b99014ebc669fb1bd8339fe5d9bdaea1d3aea3269576fcda48630a95f69450f734b86f7f669ea3ef8abcb2fc929c1189349138b7bd01ce240618760f5a5330022481fffaca02ea71c5ce59ba3fe6c2682b3c0b7a733bb15339092b244153bbd00eab70b7e9dad7a0c5158c1d69c3e3ef1064a577914fbb69a2c9bc9a92ade5a15dded5e892d15f58024b83561a7357fa0791d8a68c8841b468205c3b28b849a95f9349629e908c59bbcd9acb3df246cffc2fac22ba14ed09e29857c9930ff696538e7c2a0db8f596209e887d57689aea7cdf3e9ae6ac5161a0309ae6d4a060aedd48bddcc576524ce22a,gx-no-cache=1554467246416 HTTP/1.1" 200 30
186.103.159.187 - - [05/Apr/2019:09:31:08 -0300] "GET /cormun/servlet/hhome HTTP/1.1" 200 4233
190.171.152.138 - - [05/Apr/2019:09:31:09 -0300] "POST /cormun/servlet/solicitudot?gx-no-cache=1554467247827 HTTP/1.1" 200 30
186.103.159.187 - - [05/Apr/2019:09:31:09 -0300] "GET /cormun/servlet/hhome HTTP/1.1" 200 4229
200.111.191.210 - - [05/Apr/2019:09:31:13 -0300] "POST /cormun/servlet/licenciaspermisosadjuntos?55b899946e81fa43d0fc42355998907a,INS,7705612,L,20190404000000,, HTTP/1.1" 200 116
200.111.191.210 - - [05/Apr/2019:09:31:13 -0300] "GET /cormun/servlet/hpexe_return? HTTP/1.1" 200 1042
200.111.191.210 - - [05/Apr/2019:09:31:13 -0300] "GET /cormun/servlet/trlicenciaspermisosadjuntos?7705612,20190404000000,L, HTTP/1.1" 200 6841
200.111.191.210 - - [05/Apr/2019:09:31:14 -0300] "GET /cormun/servlet/trlicenciaspermisosadjuntos?7705612,20190404000000,L, HTTP/1.1" 200 6838
190.171.152.138 - - [05/Apr/2019:09:31:14 -0300] "POST /cormun/servlet/solicitudot?gx-no-cache=1554467252687 HTTP/1.1" 200 30
190.171.152.138 - - [05/Apr/2019:09:31:15 -0300] "POST /cormun/servlet/solicitudot?gx-no-cache=1554467253948 HTTP/1.1" 200 1331
190.171.152.138 - - [05/Apr/2019:09:31:15 -0300] "POST /cormun/servlet/solicitudot?gx-no-cache=1554467254090 HTTP/1.1" 200 38
200.111.191.210 - - [05/Apr/2019:09:31:19 -0300] "GET /cormun/servlet/trlicencias? HTTP/1.1" 200 14822
200.111.191.210 - - [05/Apr/2019:09:31:19 -0300] "GET /cormun/servlet/trlicencias? HTTP/1.1" 200 14813
200.111.191.210 - - [05/Apr/2019:09:31:22 -0300] "POST /cormun/servlet/trlicencias?55b899946e81fa43d0fc42355998907a,,gx-no-cache=1554467312049 HTTP/1.1" 200 12493
200.111.191.210 - - [05/Apr/2019:09:31:22 -0300] "GET /cormun/static/Shared/jqueryui/images/ui-bg_highlight-soft_100_c6c2c8_1x100.png HTTP/1.1" 404 1117
200.111.191.210 - - [05/Apr/2019:09:31:22 -0300] "GET /cormun/static/Shared/jqueryui/images/ui-icons_82798d_256x240.png HTTP/1.1" 404 1089
200.111.191.210 - - [05/Apr/2019:09:31:22 -0300] "GET /cormun/static/Shared/jqueryui/images/ui-bg_flat_55_fafafa_40x100.png HTTP/1.1" 404 1097
200.111.191.210 - - [05/Apr/2019:09:31:22 -0300] "GET /cormun/static/Shared/jqueryui/images/ui-icons_8d78a5_256x240.png HTTP/1.1" 404 1089
200.111.191.210 - - [05/Apr/2019:09:31:25 -0300] "GET /cormun/servlet/trpermisosgoce? HTTP/1.1" 200 15777
200.111.191.210 - - [05/Apr/2019:09:31:26 -0300] "GET /cormun/servlet/trpermisosgoce? HTTP/1.1" 200 15790
200.111.191.210 - - [05/Apr/2019:09:31:28 -0300] "GET /cormun/servlet/trpermisosadjuntos?17235254,20190405104749,P, HTTP/1.1" 200 6345
200.111.191.210 - - [05/Apr/2019:09:31:29 -0300] "GET /cormun/servlet/trpermisosadjuntos?17235254,20190405104749,P, HTTP/1.1" 200 6345
200.111.191.210 - - [05/Apr/2019:09:31:30 -0300] "GET /cormun/servlet/permisosadjuntos?INS,17235254,P,20190405104749,, HTTP/1.1" 200 5675
200.111.191.210 - - [05/Apr/2019:09:31:30 -0300] "GET /cormun/static/gxcfg.js?201762717441171 HTTP/1.1" 304 -
200.111.191.210 - - [05/Apr/2019:09:31:30 -0300] "GET /cormun/static/about:blank HTTP/1.1" 404 1011
190.171.152.138 - - [05/Apr/2019:09:31:30 -0300] "GET /cormun/servlet/solicitudot?e1064ea8abfde78d4ca5553fb423ab025843433fa51a028ad150c54cc2e985f780156d6e5f5624c4b7e089aff95f10b792940bb96519e1dad610f1899070d29e1ed611b482fa696420de18fa009ea9168b566eab8cfa8ddef90771ea43b7a517192e8b6729aea660adae971f0af59c30,gx-no-cache=1554467268991 HTTP/1.1" 200 110
200.111.191.210 - - [05/Apr/2019:09:31:31 -0300] "GET /cormun/servlet/permisosadjuntos?INS,17235254,P,20190405104749,, HTTP/1.1" 200 5666
200.111.191.210 - - [05/Apr/2019:09:31:42 -0300] "POST /cormun/servlet/permisosadjuntos?55b899946e81fa43d0fc42355998907a,INS,17235254,P,20190405104749,, HTTP/1.1" 200 116
200.111.191.210 - - [05/Apr/2019:09:31:42 -0300] "GET /cormun/servlet/hpexe_return? HTTP/1.1" 200 1040
200.111.191.210 - - [05/Apr/2019:09:31:42 -0300] "GET /cormun/servlet/trpermisosadjuntos?17235254,20190405104749,P, HTTP/1.1" 200 6805
200.111.191.210 - - [05/Apr/2019:09:31:42 -0300] "GET /cormun/servlet/trpermisosadjuntos?17235254,20190405104749,P, HTTP/1.1" 200 6803
186.103.159.187 - - [05/Apr/2019:09:31:42 -0300] "GET /cormun/servlet/trautorizarsolicitud? HTTP/1.1" 200 8693
186.103.159.187 - - [05/Apr/2019:09:31:44 -0300] "GET /cormun/servlet/trautorizarsolicitud? HTTP/1.1" 200 8691
200.111.191.210 - - [05/Apr/2019:09:31:44 -0300] "GET /cormun/servlet/trpermisosgoce? HTTP/1.1" 200 15772
200.111.191.210 - - [05/Apr/2019:09:31:45 -0300] "GET /cormun/servlet/trpermisosgoce? HTTP/1.1" 200 15769
200.111.191.210 - - [05/Apr/2019:09:31:47 -0300] "POST /cormun/servlet/trpermisosgoce?55b899946e81fa43d0fc42355998907a,,gx-no-cache=1554467338146 HTTP/1.1" 200 12987
200.111.191.210 - - [05/Apr/2019:09:31:48 -0300] "GET /cormun/static/Shared/jqueryui/images/ui-bg_highlight-soft_100_c6c2c8_1x100.png HTTP/1.1" 404 1117
200.111.191.210 - - [05/Apr/2019:09:31:48 -0300] "GET /cormun/static/Shared/jqueryui/images/ui-icons_82798d_256x240.png HTTP/1.1" 404 1089
200.111.191.210 - - [05/Apr/2019:09:31:48 -0300] "GET /cormun/static/Shared/jqueryui/images/ui-bg_flat_55_fafafa_40x100.png HTTP/1.1" 404 1097
200.111.191.210 - - [05/Apr/2019:09:31:48 -0300] "GET /cormun/static/Shared/jqueryui/images/ui-icons_8d78a5_256x240.png HTTP/1.1" 404 1089
200.111.191.210 - - [05/Apr/2019:09:31:48 -0300] "GET /cormun/servlet/trpermisosadjuntos?17235254,20190405104749,P, HTTP/1.1" 200 6802
200.111.191.210 - - [05/Apr/2019:09:31:49 -0300] "GET /cormun/servlet/trpermisosadjuntos?17235254,20190405104749,P, HTTP/1.1" 200 6802
200.111.191.210 - - [05/Apr/2019:09:31:49 -0300] "GET /cormun/servlet/trpermisosadjuntos?17235254,20190405104749,P, HTTP/1.1" 200 6802
186.67.172.234 - - [05/Apr/2019:09:31:50 -0300] "GET /cormun/servlet/solicitudot?36da262c7fc7eb128adfd56fe0da11d0e54b430d328ccee63fa199ab600924e6fb67a1cf548915aac459cf2146b00eeb752d62e25ca49c94643891ba1c5964d6,gx-no-cache=1554467281886 HTTP/1.1" 200 30
186.67.172.234 - - [05/Apr/2019:09:31:50 -0300] "POST /cormun/servlet/solicitudot?gx-no-cache=1554467281993 HTTP/1.1" 200 254
186.67.172.234 - - [05/Apr/2019:09:31:50 -0300] "GET /cormun/servlet/solicitudot?36da262c7fc7eb128adfd56fe0da11d0b65fccea96999663f5f48025f415ac589688b80c517b3c385b745af1622d3bd28b412546acfa68cfe90b8144192df7f22a23107195e1a8a61f6d9a7883f588a8ecce95542fdb840b93b14315038860c47946e2e54ba2d7fb56eb1d39d4f8cf15537ea2c24718e462b05fab807986d04909ba886279e1154fdb5b65f35f63301ea8bb5d09809ecf40ddbbef856771720730e63a73e5b2c033e8590aa04f70efec60deccdf1ceb85d229a4a044b700d912b24b8edad689baba550dee528a0e11562e261a2cb66ae1ef5665a039db4aacdc6e9d2d6f8c2096a579396eb5386bcc2be84c2d28fd53b0b7bd136083c7793b576a0412063eed0c23e129cfab55b97434df88549b83ed42c7ecd8a9286d735571c3757eb9823512ec112a643b3528508cdd6f68f4bbfd3756580e931ca1e2e23cdd78a8929dcc418e395aa0aebc9da6579f30c1cf53f5d6eda9d8bdea6b38ef77821353d914d6a4008606a5f0810861fd785d784419ed1eb31001a16d9a25308a,gx-no-cache=1554467282061 HTTP/1.1" 200 30
186.67.172.234 - - [05/Apr/2019:09:31:50 -0300] "POST /cormun/servlet/solicitudot?gx-no-cache=1554467282165 HTTP/1.1" 200 30
186.67.172.234 - - [05/Apr/2019:09:31:50 -0300] "POST /cormun/servlet/solicitudot?gx-no-cache=1554467282244 HTTP/1.1" 200 1333
186.67.172.234 - - [05/Apr/2019:09:31:50 -0300] "POST /cormun/servlet/solicitudot?gx-no-cache=1554467282339 HTTP/1.1" 200 41
186.67.172.234 - - [05/Apr/2019:09:31:50 -0300] "GET /cormun/servlet/solicitudot?36da262c7fc7eb128adfd56fe0da11d020b28aab7b24d24365814a1efaef8873cd462125b35df7d94cc7ac88f35eaa3ddc01b56952415b407b9b753402ff47dce9894d0d94b5ef9a1a03f85dffd63c71f37f6dd0b39812814a40a818d921e41e48b6234de18fa43016fb815206b9db18,gx-no-cache=1554467282396 HTTP/1.1" 200 110
186.67.172.234 - - [05/Apr/2019:09:31:50 -0300] "POST /cormun/servlet/solicitudot?gx-no-cache=1554467282453 HTTP/1.1" 200 97
186.67.172.234 - - [05/Apr/2019:09:31:50 -0300] "GET /cormun/servlet/solicitudot?36da262c7fc7eb128adfd56fe0da11d0e66c0dcbe55d5b0538fac6acb9ecba1117246b132ea590c2126cf430b1033e45,gx-no-cache=1554467282566 HTTP/1.1" 200 30
186.67.172.234 - - [05/Apr/2019:09:31:50 -0300] "POST /cormun/servlet/solicitudot?gx-no-cache=1554467282687 HTTP/1.1" 200 30
186.67.172.234 - - [05/Apr/2019:09:31:51 -0300] "POST /cormun/servlet/solicitudot?2bee274508d1443299322ff6de305537,INS,0,0,,gx-no-cache=1554467282744 HTTP/1.1" 200 12385
200.111.191.210 - - [05/Apr/2019:09:31:51 -0300] "GET /cormun/servlet/trpermisosgoce? HTTP/1.1" 200 15753
200.111.191.210 - - [05/Apr/2019:09:31:52 -0300] "GET /cormun/servlet/trpermisosgoce? HTTP/1.1" 200 15739
186.103.159.187 - - [05/Apr/2019:09:31:52 -0300] "POST /cormun/servlet/trautorizarsolicitud?add6bb485526e2c598f2ee2e6511380f,,gx-no-cache=1554471021396 HTTP/1.1" 200 4677
186.103.159.187 - - [05/Apr/2019:09:31:52 -0300] "GET /cormun/static/Shared/jqueryui/images/ui-icons_82798d_256x240.png HTTP/1.1" 404 1089
186.103.159.187 - - [05/Apr/2019:09:31:52 -0300] "GET /cormun/static/Shared/jqueryui/images/ui-bg_highlight-soft_100_c6c2c8_1x100.png HTTP/1.1" 404 1117
186.103.159.187 - - [05/Apr/2019:09:31:52 -0300] "GET /cormun/static/Shared/jqueryui/images/ui-icons_8d78a5_256x240.png HTTP/1.1" 404 1089
186.103.159.187 - - [05/Apr/2019:09:31:52 -0300] "GET /cormun/static/Shared/jqueryui/images/ui-bg_flat_55_fafafa_40x100.png HTTP/1.1" 404 1097
186.103.159.187 - - [05/Apr/2019:09:31:52 -0300] "POST /cormun/servlet/trautorizarsolicitud?add6bb485526e2c598f2ee2e6511380f,,gx-no-cache=1554471021899 HTTP/1.1" 200 4450
200.111.191.210 - - [05/Apr/2019:09:31:53 -0300] "GET /cormun/servlet/trpermisosadjuntos?15994474,20190404184537,P, HTTP/1.1" 200 6342
200.111.191.210 - - [05/Apr/2019:09:31:53 -0300] "GET /cormun/servlet/trpermisosadjuntos?15994474,20190404184537,P, HTTP/1.1" 200 6342
200.111.191.210 - - [05/Apr/2019:09:31:54 -0300] "GET /cormun/servlet/permisosadjuntos?INS,15994474,P,20190404184537,, HTTP/1.1" 200 5674
200.111.191.210 - - [05/Apr/2019:09:31:55 -0300] "GET /cormun/static/about:blank HTTP/1.1" 404 1011
200.111.191.210 - - [05/Apr/2019:09:31:55 -0300] "GET /cormun/servlet/permisosadjuntos?INS,15994474,P,20190404184537,, HTTP/1.1" 200 5664
200.111.191.210 - - [05/Apr/2019:09:32:04 -0300] "POST /cormun/servlet/permisosadjuntos?55b899946e81fa43d0fc42355998907a,INS,15994474,P,20190404184537,, HTTP/1.1" 200 116
200.111.191.210 - - [05/Apr/2019:09:32:04 -0300] "GET /cormun/servlet/hpexe_return? HTTP/1.1" 200 1040
200.111.191.210 - - [05/Apr/2019:09:32:04 -0300] "GET /cormun/servlet/trpermisosadjuntos?15994474,20190404184537,P, HTTP/1.1" 200 6807
200.111.191.210 - - [05/Apr/2019:09:32:05 -0300] "GET /cormun/servlet/trpermisosadjuntos?15994474,20190404184537,P, HTTP/1.1" 200 6802
200.111.191.210 - - [05/Apr/2019:09:32:12 -0300] "GET /cormun/servlet/trpermisosgoce? HTTP/1.1" 200 15749
200.111.191.210 - - [05/Apr/2019:09:32:12 -0300] "GET /cormun/servlet/trpermisosgoce? HTTP/1.1" 200 15734
200.111.191.210 - - [05/Apr/2019:09:32:14 -0300] "POST /cormun/servlet/trpermisosgoce?55b899946e81fa43d0fc42355998907a,,gx-no-cache=1554467364698 HTTP/1.1" 200 12945
190.171.152.138 - - [05/Apr/2019:09:32:17 -0300] "POST /cormun/servlet/solicitudot?gx-no-cache=1554467315982 HTTP/1.1" 200 79
190.171.152.138 - - [05/Apr/2019:09:32:24 -0300] "GET /cormun/servlet/solicitudot?e1064ea8abfde78d4ca5553fb423ab0228033e463a94e65f6a52d348bafa79011e6a9f8c686de9d8f28ee03252c0e078b5ccd40f32acd875b3886512484dbdade605db4786705daf042124165c1463483b303962a243cc84fac684f2859a84c97effa6b7ea7130dff6751c47a1a3f753,gx-no-cache=1554467322222 HTTP/1.1" 200 29
190.171.152.138 - - [05/Apr/2019:09:32:26 -0300] "GET /cormun/static/menuarrow.gif HTTP/1.1" 404 1015
186.67.172.234 - - [05/Apr/2019:09:32:28 -0300] "GET /cormun/servlet/hlogin HTTP/1.1" 200 1721
190.171.152.138 - - [05/Apr/2019:09:32:30 -0300] "GET /cormun/servlet/solicitudot?e1064ea8abfde78d4ca5553fb423ab026b0cfc6a040c8777a23cbf077edb66ac18ddeff52efca5867e7fe11eb1472eae,gx-no-cache=1554467328620 HTTP/1.1" 200 30
186.67.172.234 - - [05/Apr/2019:09:32:37 -0300] "POST /cormun/servlet/hlogin?a055a23c3936fc72d434f3f17a152143,gx-no-cache=1554467329592 HTTP/1.1" 200 426
186.67.172.234 - - [05/Apr/2019:09:32:45 -0300] "POST /cormun/servlet/hlogin?a055a23c3936fc72d434f3f17a152143,gx-no-cache=1554467337301 HTTP/1.1" 200 426
186.67.172.234 - - [05/Apr/2019:09:32:59 -0300] "POST /cormun/servlet/hlogin?a055a23c3936fc72d434f3f17a152143,gx-no-cache=1554467351437 HTTP/1.1" 200 90
186.67.172.234 - - [05/Apr/2019:09:32:59 -0300] "GET /cormun/servlet/hpexe_link HTTP/1.1" 200 952
186.67.172.234 - - [05/Apr/2019:09:32:59 -0300] "GET /cormun/servlet/hhome HTTP/1.1" 200 4343
186.67.172.234 - - [05/Apr/2019:09:33:00 -0300] "GET /cormun/servlet/hhome HTTP/1.1" 200 4339
190.171.141.82 - - [05/Apr/2019:09:33:02 -0300] "GET /cormun/servlet/solicitudot?d4467b3de920d96317532b5366bd795aa1e46ad1bd8f6ffb34f9768ae9af7dd4decdfc24ef5a63e692244625c06846aa,gx-no-cache=1554467357922 HTTP/1.1" 200 30
190.171.141.82 - - [05/Apr/2019:09:33:02 -0300] "GET /cormun/servlet/solicitudot?d4467b3de920d96317532b5366bd795a67d48a6d61242044854746144b14e4d6,gx-no-cache=1554467357954 HTTP/1.1" 200 29
190.171.141.82 - - [05/Apr/2019:09:33:02 -0300] "POST /cormun/servlet/solicitudot?gx-no-cache=1554467358002 HTTP/1.1" 200 297
190.171.141.82 - - [05/Apr/2019:09:33:02 -0300] "GET /cormun/servlet/solicitudot?d4467b3de920d96317532b5366bd795a8d95e5d87a587b53c793b529e9470f51526f2de58ac26ee8c50f8d813060eb750f81f3dc31250ad0508c3b2ed74f34fb5d9d4004e70fb0fae5b768269b4da0f391e24b90cfcb119bac65da85a908f92fed844c7a041e9e0ba86718f209cf8c0a987b7193d2529eb92ae0d3f529d130b6010c27f4371998d8875145e1d5db268450605f69ef7f8fcd13326223f28d90413e04bd6d50e6ea4e4a589d6df92712d53a259cbc93d57440397bbf635065a45a50cbe013d9de9b9275f53b3b47626b7c56485ff7a0c63d11864cdcf2dffdc6417dd2f113dc1cf9bb8bbc615049a0fe51c72c73ecacbd27d85aeb5c6c0666fe4a1e4ba8348cece3626f88e3505ccaa3d94e3f5cb0676c05ca8966cd60a8a61e6d5b369d9a79e38e67951b1c2e28bbf64597675514fb5b5a39aaac35ea00c0d5929fb4782f7f275e312584d18a5121e21bc35a88761ef9debb90d22244999f54be09d1e673174274ce5e041e17baedf9badffbfa19ea24b74dbc161b5e506ffa945116c1d3b1403b77feec0d5c1809b20a,gx-no-cache=1554467358045 HTTP/1.1" 200 30
190.171.141.82 - - [05/Apr/2019:09:33:02 -0300] "POST /cormun/servlet/solicitudot?gx-no-cache=1554467358130 HTTP/1.1" 200 30
190.171.141.82 - - [05/Apr/2019:09:33:02 -0300] "POST /cormun/servlet/solicitudot?gx-no-cache=1554467358161 HTTP/1.1" 200 1331
190.171.141.82 - - [05/Apr/2019:09:33:02 -0300] "POST /cormun/servlet/solicitudot?gx-no-cache=1554467358202 HTTP/1.1" 200 38
190.171.141.82 - - [05/Apr/2019:09:33:02 -0300] "GET /cormun/servlet/solicitudot?d4467b3de920d96317532b5366bd795a760d7511edd16a1cd4ad18167441781280853b42c435654550530c9d586354dd95cce243836b79649dcbbb9b7887f39a81eb7ece49c23585ce406d43bb901bc09833259ab229742e33cfbe1e7b3f2cdf5a1949d717c73831944916cfb4cad6d2,gx-no-cache=1554467358335 HTTP/1.1" 200 110
190.171.141.82 - - [05/Apr/2019:09:33:02 -0300] "POST /cormun/servlet/solicitudot?gx-no-cache=1554467358364 HTTP/1.1" 200 64
190.171.141.82 - - [05/Apr/2019:09:33:02 -0300] "GET /cormun/servlet/solicitudot?d4467b3de920d96317532b5366bd795ae61aeeb4912d645a8ecf6819e33a365bb29adfedacfd50006e413be3a1cb39032365374375b6aaa50adba1947c143d720eba1dda6e378ecac3cd3f4c87c7d0cae12633c1caf9aa2984d66b17bc9d19acecf3c30e3ffe1b9aaa31e04bdcb7a4da,gx-no-cache=1554467358412 HTTP/1.1" 200 29
190.171.152.138 - - [05/Apr/2019:09:33:03 -0300] "POST /cormun/servlet/solicitudot?gx-no-cache=1554467361957 HTTP/1.1" 200 30
186.67.172.234 - - [05/Apr/2019:09:33:10 -0300] "GET /cormun/servlet/trsolicitudot? HTTP/1.1" 200 7561
186.67.172.234 - - [05/Apr/2019:09:33:10 -0300] "GET /cormun/servlet/trsolicitudot? HTTP/1.1" 200 7559
190.171.141.82 - - [05/Apr/2019:09:33:13 -0300] "POST /cormun/servlet/solicitudot?gx-no-cache=1554467368611 HTTP/1.1" 200 69
190.171.141.82 - - [05/Apr/2019:09:33:14 -0300] "GET /cormun/static/menuarrow.gif HTTP/1.1" 404 1015
190.171.141.82 - - [05/Apr/2019:09:33:16 -0300] "GET /cormun/servlet/solicitudot?d4467b3de920d96317532b5366bd795a8d95e5d87a587b53c793b529e9470f51526f2de58ac26ee8c50f8d813060eb750f81f3dc31250ad0508c3b2ed74f34fb5d9d4004e70fb0fae5b768269b4da0f391e24b90cfcb119bac65da85a908f92fed844c7a041e9e0ba86718f209cf8c0a987b7193d2529eb92ae0d3f529d130b6010c27f4371998d8875145e1d5db268450605f69ef7f8fcd13326223f28d90413e04bd6d50e6ea4e4a589d6df92712d53a259cbc93d57440397bbf635065a45a50cbe013d9de9b9275f53b3b47626b7c56485ff7a0c63d11864cdcf2dffdc6417dd2f113dc1cf9bb8bbc615049a0fe51c72c73ecacbd27d85aeb5c6c0666fe4a1e4ba8348cece3626f88e3505ccaa3d94e3f5cb0676c05ca8966cd60a8a61e6d5b369d9a79e38e67951b1c2e28bbf64597675514fb5b5a39aaac35ea00c0d5929fb4782f7f275e312584d18a5121e21bc35a88761ef9debb90d22244999f54be09d1e673174274ce5e041e17baedf9ba9d50cecedde36ba71994e80ff3a0d6cb5116c1d3b1403b77feec0d5c1809b20a,gx-no-cache=1554467371061 HTTP/1.1" 200 30
190.171.141.82 - - [05/Apr/2019:09:33:16 -0300] "POST /cormun/servlet/solicitudot?gx-no-cache=1554467372116 HTTP/1.1" 200 30
190.171.141.82 - - [05/Apr/2019:09:33:16 -0300] "POST /cormun/servlet/solicitudot?gx-no-cache=1554467372183 HTTP/1.1" 200 1333
190.171.141.82 - - [05/Apr/2019:09:33:16 -0300] "POST /cormun/servlet/solicitudot?gx-no-cache=1554467372273 HTTP/1.1" 200 38
190.171.141.82 - - [05/Apr/2019:09:33:16 -0300] "GET /cormun/servlet/solicitudot?d4467b3de920d96317532b5366bd795a760d7511edd16a1cd4ad18167441781280853b42c435654550530c9d586354dd95cce243836b79649dcbbb9b7887f39a81eb7ece49c23585ce406d43bb901bc09833259ab229742e33cfbe1e7b3f2cdf5a1949d717c73831944916cfb4cad6d2,gx-no-cache=1554467372367 HTTP/1.1" 200 110
190.171.141.82 - - [05/Apr/2019:09:33:16 -0300] "POST /cormun/servlet/solicitudot?gx-no-cache=1554467372445 HTTP/1.1" 200 64
190.171.141.82 - - [05/Apr/2019:09:33:17 -0300] "GET /cormun/servlet/solicitudot?d4467b3de920d96317532b5366bd795aa8a6b79aa4acd51eb24d59013a248640416dd6967c76f12b8f21c4d0f9a664a5,gx-no-cache=1554467373025 HTTP/1.1" 200 30
200.112.233.47 - - [05/Apr/2019:09:33:28 -0300] "GET /cormun/servlet/trlicencias? HTTP/1.1" 200 6144
200.112.233.47 - - [05/Apr/2019:09:33:29 -0300] "GET /cormun/servlet/trlicencias? HTTP/1.1" 200 6136
200.112.233.47 - - [05/Apr/2019:09:33:29 -0300] "GET /cormun/servlet/hlogin HTTP/1.1" 200 1741
190.171.141.82 - - [05/Apr/2019:09:33:31 -0300] "POST /cormun/servlet/solicitudot?gx-no-cache=1554467386986 HTTP/1.1" 200 30
186.67.172.234 - - [05/Apr/2019:09:33:34 -0300] "GET /cormun/servlet/trcontratounov2? HTTP/1.1" 200 17519
186.67.172.234 - - [05/Apr/2019:09:33:34 -0300] "GET /cormun/static/gxcfg.js?201752512124396 HTTP/1.1" 200 953
186.67.172.234 - - [05/Apr/2019:09:33:34 -0300] "GET /cormun/static/Resources/PXToolsAddSelectedAction.png HTTP/1.1" 200 3660
186.67.172.234 - - [05/Apr/2019:09:33:34 -0300] "GET /cormun/static/trcontratounov2.js?201752512125146 HTTP/1.1" 200 38486
186.67.172.234 - - [05/Apr/2019:09:33:35 -0300] "GET /cormun/servlet/trcontratounov2? HTTP/1.1" 200 17543
190.171.141.82 - - [05/Apr/2019:09:33:37 -0300] "POST /cormun/servlet/solicitudot?4032617c1c3e1728e67f072c049ef7fe,INS,0,0,,gx-no-cache=1554467392612 HTTP/1.1" 200 12100
190.171.141.82 - - [05/Apr/2019:09:33:37 -0300] "GET /cormun/static/Shared/jqueryui/images/ui-bg_highlight-soft_100_c6c2c8_1x100.png HTTP/1.1" 404 1117
190.171.141.82 - - [05/Apr/2019:09:33:37 -0300] "GET /cormun/static/Shared/jqueryui/images/ui-icons_82798d_256x240.png HTTP/1.1" 404 1089
190.171.141.82 - - [05/Apr/2019:09:33:37 -0300] "GET /cormun/static/Shared/jqueryui/images/ui-icons_8d78a5_256x240.png HTTP/1.1" 404 1089
190.171.141.82 - - [05/Apr/2019:09:33:37 -0300] "GET /cormun/static/Shared/jqueryui/images/ui-bg_flat_55_fafafa_40x100.png HTTP/1.1" 404 1097
200.112.233.47 - - [05/Apr/2019:09:33:39 -0300] "POST /cormun/servlet/hlogin?70ae23aa05b90aa643435772293c7d87,gx-no-cache=1554467395550 HTTP/1.1" 200 90
200.112.233.47 - - [05/Apr/2019:09:33:39 -0300] "GET /cormun/servlet/hpexe_link HTTP/1.1" 200 960
200.112.233.47 - - [05/Apr/2019:09:33:39 -0300] "GET /cormun/servlet/trlicencias HTTP/1.1" 200 9183
200.112.233.47 - - [05/Apr/2019:09:33:39 -0300] "GET /cormun/servlet/trlicencias HTTP/1.1" 200 9181
190.171.141.82 - - [05/Apr/2019:09:33:46 -0300] "POST /cormun/servlet/solicitudot?gx-no-cache=1554467402355 HTTP/1.1" 200 3507
190.171.141.82 - - [05/Apr/2019:09:33:47 -0300] "POST /cormun/servlet/solicitudot?4032617c1c3e1728e67f072c049ef7fe,INS,0,0,,gx-no-cache=1554467402644 HTTP/1.1" 200 12115
190.171.141.82 - - [05/Apr/2019:09:33:47 -0300] "GET /cormun/servlet/solicitudot?d4467b3de920d96317532b5366bd795a83d331b2ccc66c2a923f97cc26c3172c75fc1be23ec6dbae074bfd7f3479187c,gx-no-cache=1554467402930 HTTP/1.1" 200 30
190.171.141.82 - - [05/Apr/2019:09:33:47 -0300] "GET /cormun/servlet/solicitudot?d4467b3de920d96317532b5366bd795aa1e46ad1bd8f6ffb34f9768ae9af7dd4dcebd8f5c8b750fc2e376dd3e6c43d76,gx-no-cache=1554467403026 HTTP/1.1" 200 30
190.171.141.82 - - [05/Apr/2019:09:33:47 -0300] "GET /cormun/servlet/solicitudot?d4467b3de920d96317532b5366bd795a67d48a6d61242044854746144b14e4d6,gx-no-cache=1554467403136 HTTP/1.1" 200 29
190.171.141.82 - - [05/Apr/2019:09:33:47 -0300] "POST /cormun/servlet/solicitudot?gx-no-cache=1554467403192 HTTP/1.1" 200 297
190.171.141.82 - - [05/Apr/2019:09:33:48 -0300] "GET /cormun/servlet/solicitudot?d4467b3de920d96317532b5366bd795a8d95e5d87a587b53c793b529e9470f51526f2de58ac26ee8c50f8d813060eb750f81f3dc31250ad0508c3b2ed74f34fb5d9d4004e70fb0fae5b768269b4da0f391e24b90cfcb119bac65da85a908f92fed844c7a041e9e0ba86718f209cf8c0a987b7193d2529eb92ae0d3f529d130b6010c27f4371998d8875145e1d5db268450605f69ef7f8fcd13326223f28d90413e04bd6d50e6ea4e4a589d6df92712d53a259cbc93d57440397bbf635065a45a50cbe013d9de9b9275f53b3b47626b7c56485ff7a0c63d11864cdcf2dffdc6417dd2f113dc1cf9bb8bbc615049a0fe51c72c73ecacbd27d85aeb5c6c0666fe4a1e4ba8348cece3626f88e3505ccaa3d94e3f5cb0676c05ca8966cd60a8a61e6d5b369d9a79e38e67951b1c2e28bbf64597675514fb5b5a39aaac35ea00c0d5929fb4782f7f275e312584d18a5121e21bc35a88761ef9debb90d22244999f54be09d1e673174274ce5e041e17baedf9ba9d50cecedde36ba71994e80ff3a0d6cb5116c1d3b1403b77feec0d5c1809b20a,gx-no-cache=1554467403270 HTTP/1.1" 200 30
190.171.141.82 - - [05/Apr/2019:09:33:48 -0300] "POST /cormun/servlet/solicitudot?gx-no-cache=1554467403938 HTTP/1.1" 200 30
190.171.141.82 - - [05/Apr/2019:09:33:48 -0300] "POST /cormun/servlet/solicitudot?gx-no-cache=1554467403998 HTTP/1.1" 200 1333
190.171.141.82 - - [05/Apr/2019:09:33:48 -0300] "POST /cormun/servlet/solicitudot?gx-no-cache=1554467404344 HTTP/1.1" 200 41
190.171.141.82 - - [05/Apr/2019:09:33:48 -0300] "GET /cormun/servlet/solicitudot?d4467b3de920d96317532b5366bd795a760d7511edd16a1cd4ad18167441781280853b42c435654550530c9d586354dd95cce243836b79649dcbbb9b7887f39a81eb7ece49c23585ce406d43bb901bc09833259ab229742e33cfbe1e7b3f2cdf5a1949d717c73831944916cfb4cad6d2,gx-no-cache=1554467404447 HTTP/1.1" 200 110
190.171.141.82 - - [05/Apr/2019:09:33:49 -0300] "POST /cormun/servlet/solicitudot?gx-no-cache=1554467404502 HTTP/1.1" 200 64
190.171.141.82 - - [05/Apr/2019:09:33:49 -0300] "GET /cormun/servlet/solicitudot?d4467b3de920d96317532b5366bd795ae61aeeb4912d645a8ecf6819e33a365bb29adfedacfd50006e413be3a1cb39032365374375b6aaa50adba1947c143d720eba1dda6e378ecac3cd3f4c87c7d0cae12633c1caf9aa2984d66b17bc9d19acecf3c30e3ffe1b9aaa31e04bdcb7a4da,gx-no-cache=1554467404971 HTTP/1.1" 200 29
190.171.141.82 - - [05/Apr/2019:09:33:49 -0300] "POST /cormun/servlet/solicitudot?gx-no-cache=1554467405044 HTTP/1.1" 200 30
190.171.141.82 - - [05/Apr/2019:09:33:50 -0300] "POST /cormun/servlet/solicitudot?4032617c1c3e1728e67f072c049ef7fe,INS,0,0,,gx-no-cache=1554467405104 HTTP/1.1" 200 93
190.171.141.82 - - [05/Apr/2019:09:33:50 -0300] "GET /cormun/servlet/hpexe_return? HTTP/1.1" 200 1024
190.171.141.82 - - [05/Apr/2019:09:33:50 -0300] "GET /cormun/servlet/trsolicitudot?gx-no-cache=1554462258889 HTTP/1.1" 200 9187
190.171.141.82 - - [05/Apr/2019:09:33:53 -0300] "GET /cormun/servlet/trsolicitudot?gx-no-cache=1554462258889 HTTP/1.1" 200 9202
186.67.172.234 - - [05/Apr/2019:09:33:59 -0300] "POST /cormun/servlet/trcontratounov2?a055a23c3936fc72d434f3f17a152143,,gx-no-cache=1554467410965 HTTP/1.1" 200 6104
186.103.159.186 - - [05/Apr/2019:09:34:11 -0300] "GET /cormun/servlet/solicitudot?INS,0,0, HTTP/1.1" 200 14923
186.103.159.186 - - [05/Apr/2019:09:34:13 -0300] "GET /cormun/servlet/solicitudot?INS,0,0, HTTP/1.1" 200 14928
190.171.154.42 - - [05/Apr/2019:09:34:19 -0300] "POST /cormun/servlet/hlogin?70e26734f695ee02b07674b37f1e2cb8,gx-no-cache=1554467435518 HTTP/1.1" 200 90
190.171.154.42 - - [05/Apr/2019:09:34:19 -0300] "GET /cormun/servlet/hpexe_link HTTP/1.1" 200 959
190.171.154.42 - - [05/Apr/2019:09:34:20 -0300] "GET /cormun/servlet/trlicencias HTTP/1.1" 200 9278
190.171.154.42 - - [05/Apr/2019:09:34:22 -0300] "GET /cormun/servlet/trlicencias HTTP/1.1" 200 9276
186.67.172.234 - - [05/Apr/2019:09:34:34 -0300] "POST /cormun/servlet/trcontratounov2?a055a23c3936fc72d434f3f17a152143,,gx-no-cache=1554467445374 HTTP/1.1" 200 4301
186.67.172.234 - - [05/Apr/2019:09:34:39 -0300] "GET /cormun/servlet/trsolicitudot? HTTP/1.1" 200 7561
186.67.172.234 - - [05/Apr/2019:09:34:39 -0300] "GET /cormun/servlet/trsolicitudot? HTTP/1.1" 200 7559
186.67.172.234 - - [05/Apr/2019:09:34:59 -0300] "GET /cormun/servlet/hlogin HTTP/1.1" 200 1725
186.67.172.234 - - [05/Apr/2019:09:35:08 -0300] "POST /cormun/servlet/hlogin?dfc4b6107ab5a2e1aaf390a095c73583,gx-no-cache=1554467480698 HTTP/1.1" 200 90
186.67.172.234 - - [05/Apr/2019:09:35:08 -0300] "GET /cormun/servlet/hpexe_link HTTP/1.1" 200 952
186.67.172.234 - - [05/Apr/2019:09:35:09 -0300] "GET /cormun/servlet/hhome HTTP/1.1" 200 4344
186.67.172.234 - - [05/Apr/2019:09:35:09 -0300] "GET /cormun/servlet/hhome HTTP/1.1" 200 4340
186.103.159.186 - - [05/Apr/2019:09:35:11 -0300] "POST /cormun/servlet/solicitudot?gx-no-cache=1554467488634 HTTP/1.1" 200 3579
186.103.159.186 - - [05/Apr/2019:09:35:12 -0300] "POST /cormun/servlet/solicitudot?bd0a1dca12c4f29bbbb1300e9f74a285,INS,0,0,,gx-no-cache=1554467490166 HTTP/1.1" 200 11833
186.67.172.234 - - [05/Apr/2019:09:35:19 -0300] "GET /cormun/servlet/trsolicitudot? HTTP/1.1" 200 7561
186.67.172.234 - - [05/Apr/2019:09:35:19 -0300] "GET /cormun/servlet/trsolicitudot? HTTP/1.1" 200 7559
186.67.172.234 - - [05/Apr/2019:09:35:24 -0300] "GET /cormun/servlet/solicitudot?INS,0,0, HTTP/1.1" 200 15230
186.67.172.234 - - [05/Apr/2019:09:35:24 -0300] "GET /cormun/servlet/solicitudot?INS,0,0, HTTP/1.1" 200 15236
186.103.159.186 - - [05/Apr/2019:09:35:25 -0300] "GET /cormun/servlet/solicitudot?164aa8d640c8b4ee87757ee57b31d72e2bf3f9c92dfd0a2fbc5091f2378dd86bf2f239ac540d34ab4839c4bc1bbf3258,gx-no-cache=1554467504141 HTTP/1.1" 200 30
186.103.159.186 - - [05/Apr/2019:09:35:26 -0300] "GET /cormun/servlet/solicitudot?164aa8d640c8b4ee87757ee57b31d72ef0e098de0398a68aa60e0d22b4d430661a04f861a2ed58c44b0ed0b59cfae080f45a3cc72fc746ca0b124ac517c5c336,gx-no-cache=1554467504297 HTTP/1.1" 200 30
186.103.159.186 - - [05/Apr/2019:09:35:26 -0300] "GET /cormun/servlet/solicitudot?164aa8d640c8b4ee87757ee57b31d72e5e40cef5191e274de4affe964c808151,gx-no-cache=1554467504429 HTTP/1.1" 200 53
186.103.159.186 - - [05/Apr/2019:09:35:26 -0300] "POST /cormun/servlet/solicitudot?gx-no-cache=1554467504569 HTTP/1.1" 200 256
186.103.159.186 - - [05/Apr/2019:09:35:27 -0300] "GET /cormun/servlet/solicitudot?164aa8d640c8b4ee87757ee57b31d72e25a94c0b5b94e6d59420b6ede332f8ee1b68f321b758f6693dec207319c61a313e57756ba91df91dbf8721b5beea67ff01873b34ddb33649b6ea4f61af7c710f3afa997a855ab7957c5b4b557dd7a3870785687d52f562f235f12ff30debbc321eb40758c96ed9b535a3ff00ea216403980d7ba6a6340520a1ab4e816838d8c71d1879b259bbc61e2106f009af6c402bbbb34358a8fc659895ab7180420a28d88654805a58b0f0873abccd3555231c0d4e524033c3095e3ffe55733f721b08b9826a1ba6fa49fba80d347db77f6adcf9cb4302073696ba6da1c90fcfa97783614d400022f010c25a78c07b9da05125f071a27f0cb111fff41184861c22cec503487f79d599e1bbcfe65c8ed9279b5bcc863aef14f910529eb775ca4eb52a22cc92c619b4d28bfdca2824054614acd61c1a63dffc9cdad7cb4c9e0aa5ad14ec51d132e64e23052270788a9571add220c1df90b7e5868c30191c737db6c1d6ea6b7685cf1af9121cc1b4c561917c16a895,gx-no-cache=1554467504712 HTTP/1.1" 200 30
186.103.159.186 - - [05/Apr/2019:09:35:29 -0300] "POST /cormun/servlet/solicitudot?gx-no-cache=1554467507793 HTTP/1.1" 200 30
186.103.159.186 - - [05/Apr/2019:09:35:31 -0300] "GET /cormun/servlet/prsolicitudot?16792496,,,,,MD,,gxPopupLevel%3D0%3B HTTP/1.1" 200 6231
186.103.159.186 - - [05/Apr/2019:09:35:37 -0300] "POST /cormun/servlet/solicitudot?gx-no-cache=1554467515078 HTTP/1.1" 200 1335
186.103.159.186 - - [05/Apr/2019:09:35:37 -0300] "POST /cormun/servlet/solicitudot?gx-no-cache=1554467515347 HTTP/1.1" 200 38
186.103.159.186 - - [05/Apr/2019:09:35:37 -0300] "GET /cormun/servlet/solicitudot?164aa8d640c8b4ee87757ee57b31d72ebe54d1481089375c944fdf72b2f21d33a1176631e227d753f318c5182394b917f13512f3ddb918b5f4ff0d5bbb72bc7815965dd106d1f65d3887eb71fa232744caf1872f4e79b8d2a49db0910ccd9971fa2dd870fc00f857cbf4420c94a914e0,gx-no-cache=1554467515468 HTTP/1.1" 200 110
186.103.159.186 - - [05/Apr/2019:09:35:37 -0300] "POST /cormun/servlet/solicitudot?gx-no-cache=1554467515578 HTTP/1.1" 200 97
190.171.152.138 - - [05/Apr/2019:09:35:37 -0300] "POST /cormun/servlet/solicitudot?df2404e4ccc9f779ad3106aef484efc9,INS,0,0,,gx-no-cache=1554467514747 HTTP/1.1" 200 93
186.103.159.186 - - [05/Apr/2019:09:35:37 -0300] "GET /cormun/servlet/solicitudot?164aa8d640c8b4ee87757ee57b31d72e8bb25ea7c3326531f124cd10bc6937c9fb9d152e6d49ef83895aa78e417ec11e76f1fc96e7d430669e65cd3836199c281af81edfc9b7a965fa3cce5ae280cf74c114d4453de07c5b4137b084d115fb4862e4cdb17bb430a3feeb6747044518749134b3890b1d59fb27cb136e8d47a12e77020412d13f17846b4902eb2419284a220767f3b5338a4d769d5e2e1f4af5d4dd62035f4c52df5584029ce1952126f86a4a211353251ce90abd5887dbd2ad29459e8dfe7a8e7bf64966175ab0764938,gx-no-cache=1554467515699 HTTP/1.1" 200 29
190.171.152.138 - - [05/Apr/2019:09:35:37 -0300] "GET /cormun/servlet/hpexe_return? HTTP/1.1" 200 1004
186.103.159.186 - - [05/Apr/2019:09:35:37 -0300] "GET /cormun/servlet/solicitudot?164aa8d640c8b4ee87757ee57b31d72e2ff280a7a611923a722885019b791c06711d92ef9409623d73df0cb7c7de0250,gx-no-cache=1554467515807 HTTP/1.1" 200 134
186.103.159.186 - - [05/Apr/2019:09:35:37 -0300] "GET /cormun/static/Shared/jqueryui/images/ui-bg_highlight-soft_100_c6c2c8_1x100.png HTTP/1.1" 404 1117
186.103.159.186 - - [05/Apr/2019:09:35:37 -0300] "GET /cormun/static/Shared/jqueryui/images/ui-icons_82798d_256x240.png HTTP/1.1" 404 1089
186.103.159.186 - - [05/Apr/2019:09:35:37 -0300] "GET /cormun/static/Shared/jqueryui/images/ui-icons_ebccce_256x240.png HTTP/1.1" 404 1089
186.103.159.186 - - [05/Apr/2019:09:35:37 -0300] "GET /cormun/static/Shared/jqueryui/images/ui-bg_flat_55_994d53_40x100.png HTTP/1.1" 404 1097
190.171.152.138 - - [05/Apr/2019:09:35:38 -0300] "GET /cormun/static/gxcfg.js?2016101716175148 HTTP/1.1" 200 953
190.171.152.138 - - [05/Apr/2019:09:35:38 -0300] "GET /cormun/static/hpexe_return.js?2016101716175153 HTTP/1.1" 200 1633
190.171.152.138 - - [05/Apr/2019:09:35:38 -0300] "GET /cormun/static/Resources/Spanish/PXTools.css?167811 HTTP/1.1" 200 89042
190.171.152.138 - - [05/Apr/2019:09:35:38 -0300] "GET /cormun/servlet/trsolicitudot HTTP/1.1" 200 8873
190.171.152.138 - - [05/Apr/2019:09:35:39 -0300] "GET /cormun//static/Resources/PXToolsGridUpdate.png HTTP/1.1" 200 2984
190.171.152.138 - - [05/Apr/2019:09:35:39 -0300] "GET /cormun//static/Resources/PXToolsActionView.png HTTP/1.1" 200 2995
190.171.152.138 - - [05/Apr/2019:09:35:39 -0300] "GET /cormun/servlet/trsolicitudot HTTP/1.1" 200 8868
190.171.152.138 - - [05/Apr/2019:09:35:39 -0300] "GET /cormun//static/Resources/PXTools/ActionInsert.png HTTP/1.1" 200 1482
190.171.152.138 - - [05/Apr/2019:09:35:39 -0300] "GET /cormun//static/Resources/PXToolsGridDelete.png HTTP/1.1" 200 357
190.171.152.138 - - [05/Apr/2019:09:35:39 -0300] "GET /cormun//static/Resources/PXToolsRemoveAllAction.png HTTP/1.1" 200 3558
186.67.172.234 - - [05/Apr/2019:09:35:40 -0300] "POST /cormun/servlet/solicitudot?gx-no-cache=1554467511440 HTTP/1.1" 200 3583
186.67.172.234 - - [05/Apr/2019:09:35:42 -0300] "POST /cormun/servlet/solicitudot?dfc4b6107ab5a2e1aaf390a095c73583,INS,0,0,,gx-no-cache=1554467512363 HTTP/1.1" 200 11995
186.103.159.186 - - [05/Apr/2019:09:35:49 -0300] "POST /cormun/servlet/solicitudot?gx-no-cache=1554467527846 HTTP/1.1" 200 69
190.171.152.138 - - [05/Apr/2019:09:35:52 -0300] "POST /cormun/servlet/trsolicitudot?df2404e4ccc9f779ad3106aef484efc9,gx-no-cache=1554467530960 HTTP/1.1" 200 107
190.171.152.138 - - [05/Apr/2019:09:35:52 -0300] "GET /cormun/servlet/trsolicitudadjuntos?2019,15150, HTTP/1.1" 200 6392
190.171.152.138 - - [05/Apr/2019:09:35:52 -0300] "GET /cormun/static/gxui/gxui-all.css?110300 HTTP/1.1" 200 2179
190.171.152.138 - - [05/Apr/2019:09:35:52 -0300] "GET /cormun/static/gxcfg.js?20177612135366 HTTP/1.1" 200 953
190.171.152.138 - - [05/Apr/2019:09:35:52 -0300] "GET /cormun/static/trsolicitudadjuntos.js?20177612135632 HTTP/1.1" 200 17922
190.171.152.138 - - [05/Apr/2019:09:35:53 -0300] "GET /cormun/static/Shared/ext/resources/css/ext-all.css?205870 HTTP/1.1" 200 416045
190.171.152.138 - - [05/Apr/2019:09:35:53 -0300] "GET /cormun/servlet/trsolicitudadjuntos?2019,15150, HTTP/1.1" 200 6392
186.103.159.186 - - [05/Apr/2019:09:35:55 -0300] "GET /cormun/static/menuarrow.gif HTTP/1.1" 404 1015
190.171.152.138 - - [05/Apr/2019:09:35:57 -0300] "GET /cormun/servlet/solicitudotadjuntos?INS,2019,15150,,1, HTTP/1.1" 200 6341
190.171.152.138 - - [05/Apr/2019:09:35:57 -0300] "GET /cormun/static/gxcfg.js?2017761244068 HTTP/1.1" 200 953
190.171.152.138 - - [05/Apr/2019:09:35:57 -0300] "GET /cormun/static/solicitudotadjuntos.js?2017761244086 HTTP/1.1" 200 11771
190.171.152.138 - - [05/Apr/2019:09:35:57 -0300] "GET /cormun/static/about:blank HTTP/1.1" 404 1011
190.171.152.138 - - [05/Apr/2019:09:35:58 -0300] "GET /cormun/servlet/solicitudotadjuntos?INS,2019,15150,,1, HTTP/1.1" 200 6334
190.171.152.138 - - [05/Apr/2019:09:35:58 -0300] "GET /cormun/servlet/solicitudotadjuntos?e1064ea8abfde78d4ca5553fb423ab02ecb3762025380f4eabbd7ca9b6e82181042e4596ab21c09afbd48b307972907b,gx-no-cache=1554467536822 HTTP/1.1" 200 30
190.171.152.138 - - [05/Apr/2019:09:35:58 -0300] "POST /cormun/servlet/solicitudotadjuntos?df2404e4ccc9f779ad3106aef484efc9,INS,2019,15150,,1,,gx-no-cache=1554467536864 HTTP/1.1" 200 4054
190.171.152.138 - - [05/Apr/2019:09:36:01 -0300] "POST /cormun/servlet/solicitudotadjuntos?gx-no-cache=1554467540058 HTTP/1.1" 200 26
186.103.159.186 - - [05/Apr/2019:09:36:04 -0300] "GET /cormun/servlet/solicitudot?164aa8d640c8b4ee87757ee57b31d72ecbe092fef97f4a05ecfde0102f304f5a711d92ef9409623d73df0cb7c7de0250,gx-no-cache=1554467542572 HTTP/1.1" 200 30
186.103.159.186 - - [05/Apr/2019:09:36:16 -0300] "POST /cormun/servlet/solicitudot?gx-no-cache=1554467554714 HTTP/1.1" 200 33
186.67.172.234 - - [05/Apr/2019:09:36:21 -0300] "GET /cormun/servlet/solicitudot?a7ba08cc79cfc483bc9f3cdf516be47a979e96e4b05366fa882b708900b9e187c5657e2e3beca99cb13d1a1601606933,gx-no-cache=1554467553222 HTTP/1.1" 200 30
