190.171.143.106 - - [05/Apr/2019:08:58:26 -0300] "GET /favicon.ico HTTP/1.1" 200 21630
190.171.143.106 - - [05/Apr/2019:08:58:28 -0300] "GET /cormun/servlet/prfichaempleado?,MD,,gxPopupLevel%3D0%3B HTTP/1.1" 200 9368
190.171.143.106 - - [05/Apr/2019:08:58:44 -0300] "POST /cormun/servlet/prfichaempleado?43aa133ebbde319721a4704f0695929f,,MD,,gxPopupLevel%3D0%3B,gx-no-cache=1554465301709 HTTP/1.1" 200 3415
190.171.143.106 - - [05/Apr/2019:08:58:46 -0300] "POST /cormun/servlet/solicitudot?gx-no-cache=1554465304000 HTTP/1.1" 200 3551
190.171.143.106 - - [05/Apr/2019:08:58:46 -0300] "POST /cormun/servlet/solicitudot?43aa133ebbde319721a4704f0695929f,INS,0,0,,gx-no-cache=1554465304185 HTTP/1.1" 200 11803
190.171.143.106 - - [05/Apr/2019:08:58:46 -0300] "GET /cormun/servlet/solicitudot?40469197ddb992d07549b2e63e1fef48dda9b22fcd67d622b919fcbd69325ae07a846cef9b3fb9b03e0fa08556adeb58,gx-no-cache=1554465304372 HTTP/1.1" 200 30
190.171.143.106 - - [05/Apr/2019:08:58:51 -0300] "GET /cormun/servlet/solicitudot?40469197ddb992d07549b2e63e1fef4876ddad8547feabe03b3fe321a66edd88,gx-no-cache=1554465309303 HTTP/1.1" 200 103
190.171.143.106 - - [05/Apr/2019:08:58:52 -0300] "GET /cormun/static/Shared/jqueryui/images/ui-bg_highlight-soft_100_c6c2c8_1x100.png HTTP/1.1" 404 1117
190.171.143.106 - - [05/Apr/2019:08:58:52 -0300] "GET /cormun/static/Shared/jqueryui/images/ui-icons_82798d_256x240.png HTTP/1.1" 404 1089
190.171.143.106 - - [05/Apr/2019:08:58:52 -0300] "GET /cormun/static/Shared/jqueryui/images/ui-bg_flat_55_994d53_40x100.png HTTP/1.1" 404 1097
190.171.143.106 - - [05/Apr/2019:08:58:52 -0300] "GET /cormun/static/Shared/jqueryui/images/ui-icons_ebccce_256x240.png HTTP/1.1" 404 1089
190.171.143.106 - - [05/Apr/2019:08:58:52 -0300] "GET /cormun/servlet/solicitudot?40469197ddb992d07549b2e63e1fef48cb1b00d096f6d8beb05e7bbbceb1000d,gx-no-cache=1554465309486 HTTP/1.1" 200 51
190.171.143.106 - - [05/Apr/2019:08:58:52 -0300] "POST /cormun/servlet/solicitudot?gx-no-cache=1554465309606 HTTP/1.1" 200 297
190.171.143.106 - - [05/Apr/2019:08:58:52 -0300] "GET /cormun/servlet/solicitudot?40469197ddb992d07549b2e63e1fef48312b42b8533ab2e7fc8e286a9ce3798543010f9886d4263cc135321f42c3afe8b6728e66efdec3cd440d7e0109cf3fd3174d2d5a3d26689ca43bf56bc6c30dc191cb919367e029c9e36f2de615b7496991f5ff238abee77cbb975366097d677cde77f7c8d4c38b2adcd7417d78f6fa3ee4de12d616eff698dd1234b481d7046b34b9b535c645de374684ae515f14fc9e8330d4f64100cfae907c55e3c0ff05da939ff465510261da80e8c71de2c31276a072e5e3805b884b5e9fd1ee4f23e47bdda74538cccef6e8cb2a00918f1799a20baf3b25fba0f2c2e688e4bf82c67ba420bd164e9c0b673605d333bfe520636811e9da6539d6d55931ab39162ed1dfeb07a19ef121fd403225f436a1a770e936d6c2c6c6213e1ef37f578fdff394d81129caff836612d4456dcc5765736eb8abfa25a8507a27f1533b66eaa143128add528068f64e47f368740911a89af832ff21b96df3e508c0a805e5ca30afba71b6e9ca90e4f80b81b24acca802c48efd2fab6e40bcc29a63e2b4efd0e8edff2dbb,gx-no-cache=1554465309680 HTTP/1.1" 200 30
190.171.143.106 - - [05/Apr/2019:08:59:05 -0300] "GET /cormun/servlet/trsolicitudot? HTTP/1.1" 200 7281
190.171.143.106 - - [05/Apr/2019:08:59:06 -0300] "GET /cormun/servlet/trsolicitudot? HTTP/1.1" 200 7280
190.171.143.106 - - [05/Apr/2019:08:59:10 -0300] "GET /cormun/servlet/solicitudot?INS,0,0, HTTP/1.1" 200 14967
190.171.143.106 - - [05/Apr/2019:08:59:10 -0300] "GET /cormun/servlet/solicitudot?INS,0,0, HTTP/1.1" 200 14972
190.171.143.106 - - [05/Apr/2019:08:59:13 -0300] "GET /cormun/servlet/prfichaempleado?,MD,,gxPopupLevel%3D0%3B HTTP/1.1" 200 9368
190.171.143.106 - - [05/Apr/2019:08:59:20 -0300] "POST /cormun/servlet/prfichaempleado?43aa133ebbde319721a4704f0695929f,,MD,,gxPopupLevel%3D0%3B,gx-no-cache=1554465338334 HTTP/1.1" 200 3473
190.171.143.106 - - [05/Apr/2019:08:59:30 -0300] "POST /cormun/servlet/solicitudot?gx-no-cache=1554465348035 HTTP/1.1" 200 3581
190.171.143.106 - - [05/Apr/2019:08:59:31 -0300] "POST /cormun/servlet/solicitudot?43aa133ebbde319721a4704f0695929f,INS,0,0,,gx-no-cache=1554465348474 HTTP/1.1" 200 11811
190.171.143.106 - - [05/Apr/2019:08:59:31 -0300] "GET /cormun/servlet/solicitudot?40469197ddb992d07549b2e63e1fef489a829b3cc46c1b2a498fa81a8bc3523d87817d3f8a8d75efa6a231918c1daf46,gx-no-cache=1554465348734 HTTP/1.1" 200 30
190.171.143.106 - - [05/Apr/2019:08:59:31 -0300] "GET /cormun/servlet/solicitudot?40469197ddb992d07549b2e63e1fef485f142212686d7ba16a73dd244aecb4586185f860f2041dec343682bc7d7f76bbe3f857ab82e7c96ebf6884f1bcb64039,gx-no-cache=1554465348957 HTTP/1.1" 200 30
190.171.143.106 - - [05/Apr/2019:08:59:32 -0300] "GET /cormun/servlet/solicitudot?40469197ddb992d07549b2e63e1fef486d0e90fa789bc2a76a7c7b4817f09c4b,gx-no-cache=1554465349155 HTTP/1.1" 200 53
190.171.143.106 - - [05/Apr/2019:08:59:34 -0300] "POST /cormun/servlet/solicitudot?gx-no-cache=1554465352028 HTTP/1.1" 200 255
190.171.143.106 - - [05/Apr/2019:08:59:34 -0300] "GET /cormun/servlet/solicitudot?40469197ddb992d07549b2e63e1fef48312b42b8533ab2e7fc8e286a9ce37985ce1808a537528ce44c862793013c2df1b6728e66efdec3cd440d7e0109cf3fd3174d2d5a3d26689ca43bf56bc6c30dc191cb919367e029c9e36f2de615b7496991f5ff238abee77cbb975366097d677cde77f7c8d4c38b2adcd7417d78f6fa3ee4de12d616eff698dd1234b481d7046b34b9b535c645de374684ae515f14fc9e8330d4f64100cfae907c55e3c0ff05da939ff465510261da80e8c71de2c31276a072e5e3805b884b5e9fd1ee4f23e47bdda74538cccef6e8cb2a00918f1799a20baf3b25fba0f2c2e688e4bf82c67ba4ca967194b7c65dc4305be10d9566bfe311e9da6539d6d55931ab39162ed1dfebcbfac198d503774e396a16639f89b0add1730893872b4373de25602ccad366817bf3fb19a6008632fadcf7438fc19c1dd9ea36992dee904792d01408b757115548cb8980315fb894b1921e2bca629e2a3274ba22dd4ff3c6a1a01e7903f4cd8315a5fafd15ccd30fa237b73c832b4a95,gx-no-cache=1554465352175 HTTP/1.1" 200 30
190.171.143.106 - - [05/Apr/2019:08:59:41 -0300] "POST /cormun/servlet/solicitudot?gx-no-cache=1554465358521 HTTP/1.1" 200 30
190.171.143.106 - - [05/Apr/2019:08:59:41 -0300] "POST /cormun/servlet/solicitudot?gx-no-cache=1554465358597 HTTP/1.1" 200 1334
190.171.143.106 - - [05/Apr/2019:08:59:41 -0300] "POST /cormun/servlet/solicitudot?gx-no-cache=1554465358698 HTTP/1.1" 200 38
190.171.143.106 - - [05/Apr/2019:08:59:41 -0300] "GET /cormun/servlet/solicitudot?40469197ddb992d07549b2e63e1fef4873944e4f931d2d31717c65432fb4a95bd7f1c374c16c06799be5a882e1c22a948d419b91646e12451547b37607ccc06b369c661d27b91506a03dfcd5dd04adf1a28b14124853bf4306c9e295a4aba21a5200267d786be8517fa0ea8059d0812e,gx-no-cache=1554465358773 HTTP/1.1" 200 110
190.171.143.106 - - [05/Apr/2019:08:59:41 -0300] "POST /cormun/servlet/solicitudot?gx-no-cache=1554465358873 HTTP/1.1" 200 97
190.171.143.106 - - [05/Apr/2019:08:59:41 -0300] "GET /cormun/servlet/solicitudot?40469197ddb992d07549b2e63e1fef481267c0ab7b09b55fb7c9d6422c7fcd5260e86aae0d26d551748bf905d2f5075372f2d103cf30454c828e5a068a9a51ada2fda50d2ee0f1e1cde7e18c773a6e6b47a8a7b004b7d3217e8406fa20458f065daa771b38a4b680c7d02b21eccd82a4fb4d12a9648114dda09e9b043052d58a361121f282365c527795f38b974af25c0cd9e77cb080c3083f5dd9f2c28b6854,gx-no-cache=1554465358995 HTTP/1.1" 200 29
190.171.143.106 - - [05/Apr/2019:08:59:41 -0300] "GET /cormun/servlet/solicitudot?40469197ddb992d07549b2e63e1fef48d85a6f8f6ece14b55914b53fff59a905,gx-no-cache=1554465359083 HTTP/1.1" 200 30
200.112.233.47 - - [05/Apr/2019:08:59:42 -0300] "GET /cormun/servlet/hlogin HTTP/1.1" 200 1723
190.171.143.106 - - [05/Apr/2019:08:59:42 -0300] "POST /cormun/servlet/solicitudot?gx-no-cache=1554465359219 HTTP/1.1" 200 30
200.112.233.47 - - [05/Apr/2019:08:59:42 -0300] "GET /cormun/static/gxtimezone.js?85251 HTTP/1.1" 200 5781
200.112.233.47 - - [05/Apr/2019:08:59:42 -0300] "GET /cormun/static/gxcfg.js?20177612122725 HTTP/1.1" 200 953
200.112.233.47 - - [05/Apr/2019:08:59:42 -0300] "GET /cormun/static/hlogin.js?20177612122738 HTTP/1.1" 200 2136
200.112.233.47 - - [05/Apr/2019:08:59:42 -0300] "GET /cormun/static/messages.spa.js?85251 HTTP/1.1" 200 30736
200.112.233.47 - - [05/Apr/2019:08:59:42 -0300] "GET /cormun/static/Resources/Spanish/PXTools.css?1155365 HTTP/1.1" 200 89042
200.112.233.47 - - [05/Apr/2019:08:59:43 -0300] "GET /cormun/static/gxgral.js?85251 HTTP/1.1" 200 384558
200.112.233.47 - - [05/Apr/2019:08:59:43 -0300] "GET /cormun/static/Resources/ComunLogin.png HTTP/1.1" 200 17326
200.112.233.47 - - [05/Apr/2019:08:59:43 -0300] "GET /cormun/static/Resources/PXToolsLoginTop.png HTTP/1.1" 200 1337
200.112.233.47 - - [05/Apr/2019:08:59:43 -0300] "GET /cormun/static/Resources/PXToolsButtonRight21.png HTTP/1.1" 200 1283
200.112.233.47 - - [05/Apr/2019:08:59:43 -0300] "GET /cormun/static/Resources/PXToolsButtonBackground2.png HTTP/1.1" 200 1181
200.112.233.47 - - [05/Apr/2019:08:59:43 -0300] "GET /cormun/static/Resources/PXToolsButtonLeft21.png HTTP/1.1" 200 1287
200.112.233.47 - - [05/Apr/2019:08:59:43 -0300] "GET /cormun/static/Resources/PXToolsLoginBackground.png HTTP/1.1" 200 1164
200.112.233.47 - - [05/Apr/2019:08:59:43 -0300] "GET /cormun/static/Resources/indicator.gif HTTP/1.1" 200 1553
200.112.233.47 - - [05/Apr/2019:08:59:43 -0300] "GET /cormun/servlet/hlogin HTTP/1.1" 200 1733
200.112.233.47 - - [05/Apr/2019:08:59:43 -0300] "GET /cormun/static/Resources/PXToolsLoginBottom.png HTTP/1.1" 200 1389
200.112.233.47 - - [05/Apr/2019:08:59:44 -0300] "GET /cormun/static/Resources/ComunLogin.png HTTP/1.1" 200 17326
200.112.233.47 - - [05/Apr/2019:08:59:44 -0300] "GET /favicon.ico HTTP/1.1" 200 21630
190.171.143.106 - - [05/Apr/2019:08:59:44 -0300] "GET /cormun/servlet/solicitudot?40469197ddb992d07549b2e63e1fef48d85a6f8f6ece14b55914b53fff59a905,gx-no-cache=1554465362039 HTTP/1.1" 200 30
190.171.143.106 - - [05/Apr/2019:08:59:49 -0300] "GET /cormun/static/menuarrow.gif HTTP/1.1" 404 1015
190.171.143.106 - - [05/Apr/2019:08:59:58 -0300] "GET /cormun/servlet/solicitudot?40469197ddb992d07549b2e63e1fef485557f281ac43bf82801cc05d56fa3780e849adb8f3815c4b034c8c4410d15df1,gx-no-cache=1554465375665 HTTP/1.1" 200 134
190.171.143.106 - - [05/Apr/2019:08:59:58 -0300] "GET /cormun/static/Shared/jqueryui/images/ui-bg_highlight-soft_100_c6c2c8_1x100.png HTTP/1.1" 404 1117
190.171.143.106 - - [05/Apr/2019:08:59:58 -0300] "GET /cormun/static/Shared/jqueryui/images/ui-icons_82798d_256x240.png HTTP/1.1" 404 1089
190.171.143.106 - - [05/Apr/2019:08:59:58 -0300] "GET /cormun/static/Shared/jqueryui/images/ui-bg_flat_55_994d53_40x100.png HTTP/1.1" 404 1097
190.171.143.106 - - [05/Apr/2019:08:59:58 -0300] "GET /cormun/static/Shared/jqueryui/images/ui-icons_ebccce_256x240.png HTTP/1.1" 404 1089
190.171.143.106 - - [05/Apr/2019:08:59:58 -0300] "POST /cormun/servlet/solicitudot?gx-no-cache=1554465375760 HTTP/1.1" 200 30
190.171.143.106 - - [05/Apr/2019:09:00:15 -0300] "POST /cormun/servlet/solicitudot?gx-no-cache=1554465393509 HTTP/1.1" 200 30
190.171.143.106 - - [05/Apr/2019:09:00:21 -0300] "GET /cormun/servlet/solicitudot?INS,0,0, HTTP/1.1" 200 14967
190.171.143.106 - - [05/Apr/2019:09:00:22 -0300] "GET /cormun/servlet/solicitudot?INS,0,0, HTTP/1.1" 200 14972
190.171.143.106 - - [05/Apr/2019:09:00:22 -0300] "GET /favicon.ico HTTP/1.1" 200 21630
190.171.143.106 - - [05/Apr/2019:09:00:24 -0300] "GET /cormun/servlet/prfichaempleado?,MD,,gxPopupLevel%3D0%3B HTTP/1.1" 200 9368
190.171.143.106 - - [05/Apr/2019:09:00:34 -0300] "POST /cormun/servlet/prfichaempleado?43aa133ebbde319721a4704f0695929f,,MD,,gxPopupLevel%3D0%3B,gx-no-cache=1554465412187 HTTP/1.1" 200 3473
190.171.143.106 - - [05/Apr/2019:09:00:37 -0300] "POST /cormun/servlet/solicitudot?gx-no-cache=1554465415265 HTTP/1.1" 200 3581
190.171.143.106 - - [05/Apr/2019:09:00:38 -0300] "POST /cormun/servlet/solicitudot?43aa133ebbde319721a4704f0695929f,INS,0,0,,gx-no-cache=1554465415486 HTTP/1.1" 200 11811
190.171.143.106 - - [05/Apr/2019:09:00:38 -0300] "GET /cormun/servlet/solicitudot?40469197ddb992d07549b2e63e1fef489a829b3cc46c1b2a498fa81a8bc3523d87817d3f8a8d75efa6a231918c1daf46,gx-no-cache=1554465415737 HTTP/1.1" 200 30
190.171.143.106 - - [05/Apr/2019:09:00:38 -0300] "GET /cormun/servlet/solicitudot?40469197ddb992d07549b2e63e1fef485f142212686d7ba16a73dd244aecb4586185f860f2041dec343682bc7d7f76bbe3f857ab82e7c96ebf6884f1bcb64039,gx-no-cache=1554465415791 HTTP/1.1" 200 30
190.171.143.106 - - [05/Apr/2019:09:00:38 -0300] "GET /cormun/servlet/solicitudot?40469197ddb992d07549b2e63e1fef486d0e90fa789bc2a76a7c7b4817f09c4b,gx-no-cache=1554465415850 HTTP/1.1" 200 53
190.171.143.106 - - [05/Apr/2019:09:00:41 -0300] "POST /cormun/servlet/solicitudot?gx-no-cache=1554465419269 HTTP/1.1" 200 255
190.171.143.106 - - [05/Apr/2019:09:00:41 -0300] "GET /cormun/servlet/solicitudot?40469197ddb992d07549b2e63e1fef48312b42b8533ab2e7fc8e286a9ce37985ce1808a537528ce44c862793013c2df1b6728e66efdec3cd440d7e0109cf3fd3174d2d5a3d26689ca43bf56bc6c30dc191cb919367e029c9e36f2de615b7496991f5ff238abee77cbb975366097d677cde77f7c8d4c38b2adcd7417d78f6fa3ee4de12d616eff698dd1234b481d7046b34b9b535c645de374684ae515f14fc9e8330d4f64100cfae907c55e3c0ff05da939ff465510261da80e8c71de2c31276a072e5e3805b884b5e9fd1ee4f23e47bdda74538cccef6e8cb2a00918f1799a20baf3b25fba0f2c2e688e4bf82c67ba4ca967194b7c65dc4305be10d9566bfe311e9da6539d6d55931ab39162ed1dfebcbfac198d503774e396a16639f89b0add1730893872b4373de25602ccad366817bf3fb19a6008632fadcf7438fc19c1dd9ea36992dee904792d01408b757115548cb8980315fb894b1921e2bca629e2a3274ba22dd4ff3c6a1a01e7903f4cd8315a5fafd15ccd30fa237b73c832b4a95,gx-no-cache=1554465419331 HTTP/1.1" 200 30
190.171.143.106 - - [05/Apr/2019:09:00:47 -0300] "POST /cormun/servlet/solicitudot?gx-no-cache=1554465425356 HTTP/1.1" 200 30
190.171.143.106 - - [05/Apr/2019:09:00:57 -0300] "GET /cormun/servlet/prfichaempleado?,MD,,gxPopupLevel%3D0%3B HTTP/1.1" 200 9368
190.171.143.106 - - [05/Apr/2019:09:01:08 -0300] "POST /cormun/servlet/prfichaempleado?43aa133ebbde319721a4704f0695929f,,MD,,gxPopupLevel%3D0%3B,gx-no-cache=1554465445900 HTTP/1.1" 200 3523
190.171.143.106 - - [05/Apr/2019:09:01:12 -0300] "GET /cormun/servlet/prlicenciaspermisos?11142576,L,,MD,,gxPopupLevel%3D0%3B HTTP/1.1" 200 7781
190.171.143.106 - - [05/Apr/2019:09:01:16 -0300] "POST /cormun/servlet/solicitudot?gx-no-cache=1554465454257 HTTP/1.1" 200 1332
190.171.143.106 - - [05/Apr/2019:09:01:27 -0300] "POST /cormun/servlet/solicitudot?gx-no-cache=1554465464480 HTTP/1.1" 200 41
190.171.143.106 - - [05/Apr/2019:09:01:27 -0300] "GET /cormun/servlet/solicitudot?40469197ddb992d07549b2e63e1fef4873944e4f931d2d31717c65432fb4a95bd7f1c374c16c06799be5a882e1c22a948d419b91646e12451547b37607ccc06b369c661d27b91506a03dfcd5dd04adf1a28b14124853bf4306c9e295a4aba21a5200267d786be8517fa0ea8059d0812e,gx-no-cache=1554465464596 HTTP/1.1" 200 110
190.171.143.106 - - [05/Apr/2019:09:01:27 -0300] "POST /cormun/servlet/solicitudot?gx-no-cache=1554465464718 HTTP/1.1" 200 97
190.171.143.106 - - [05/Apr/2019:09:01:27 -0300] "GET /cormun/servlet/solicitudot?40469197ddb992d07549b2e63e1fef481267c0ab7b09b55fb7c9d6422c7fcd5260e86aae0d26d551748bf905d2f5075372f2d103cf30454c828e5a068a9a51ada2fda50d2ee0f1e1cde7e18c773a6e6b47a8a7b004b7d3217e8406fa20458f065daa771b38a4b680c7d02b21eccd82a4fb4d12a9648114dda09e9b043052d58a361121f282365c527795f38b974af25c0cd9e77cb080c3083f5dd9f2c28b6854,gx-no-cache=1554465464873 HTTP/1.1" 200 29
190.171.143.106 - - [05/Apr/2019:09:01:35 -0300] "GET /cormun/static/menuarrow.gif HTTP/1.1" 404 1015
190.171.143.106 - - [05/Apr/2019:09:02:36 -0300] "GET /cormun/servlet/solicitudot?40469197ddb992d07549b2e63e1fef4873944e4f931d2d31717c65432fb4a95bd7f1c374c16c06799be5a882e1c22a948d419b91646e12451547b37607ccc06b369c661d27b91506a03dfcd5dd04adf1a28b14124853bf4306c9e295a4aba21a5200267d786be8517fa0ea8059d0812e,gx-no-cache=1554465533500 HTTP/1.1" 200 110
190.171.143.106 - - [05/Apr/2019:09:02:36 -0300] "GET /cormun/servlet/solicitudot?40469197ddb992d07549b2e63e1fef4849034dfd63efa4a0a6f3f0af7a3dd485,gx-no-cache=1554465533578 HTTP/1.1" 200 30
190.171.143.106 - - [05/Apr/2019:09:02:36 -0300] "POST /cormun/servlet/solicitudot?gx-no-cache=1554465533636 HTTP/1.1" 200 105
190.171.143.106 - - [05/Apr/2019:09:02:36 -0300] "GET /cormun/static/Shared/jqueryui/images/ui-bg_highlight-soft_100_c6c2c8_1x100.png HTTP/1.1" 404 1117
190.171.143.106 - - [05/Apr/2019:09:02:36 -0300] "GET /cormun/static/Shared/jqueryui/images/ui-icons_82798d_256x240.png HTTP/1.1" 404 1089
190.171.143.106 - - [05/Apr/2019:09:02:36 -0300] "GET /cormun/static/Shared/jqueryui/images/ui-icons_ebccce_256x240.png HTTP/1.1" 404 1089
190.171.143.106 - - [05/Apr/2019:09:02:36 -0300] "GET /cormun/static/Shared/jqueryui/images/ui-bg_flat_55_994d53_40x100.png HTTP/1.1" 404 1097
190.171.143.106 - - [05/Apr/2019:09:03:01 -0300] "GET /cormun/servlet/solicitudot?40469197ddb992d07549b2e63e1fef485557f281ac43bf82801cc05d56fa378049891b0a2cc3fada966370a59b6afd29,gx-no-cache=1554465558610 HTTP/1.1" 200 134
190.171.143.106 - - [05/Apr/2019:09:03:26 -0300] "GET /cormun/servlet/prcontratosol?13776614,,,,,MD,,gxPopupLevel%3D0%3B HTTP/1.1" 200 7986
190.171.143.106 - - [05/Apr/2019:09:03:40 -0300] "POST /cormun/servlet/solicitudot?gx-no-cache=1554465597794 HTTP/1.1" 200 30
190.171.143.106 - - [05/Apr/2019:09:03:40 -0300] "POST /cormun/servlet/solicitudot?gx-no-cache=1554465597927 HTTP/1.1" 200 1332
190.171.143.106 - - [05/Apr/2019:09:03:40 -0300] "POST /cormun/servlet/solicitudot?gx-no-cache=1554465598045 HTTP/1.1" 200 41
190.171.143.106 - - [05/Apr/2019:09:03:40 -0300] "GET /cormun/servlet/solicitudot?40469197ddb992d07549b2e63e1fef4873944e4f931d2d31717c65432fb4a95bd7f1c374c16c06799be5a882e1c22a948d419b91646e12451547b37607ccc06b369c661d27b91506a03dfcd5dd04adf1a28b14124853bf4306c9e295a4aba21a5200267d786be8517fa0ea8059d0812e,gx-no-cache=1554465598130 HTTP/1.1" 200 110
190.171.143.106 - - [05/Apr/2019:09:03:40 -0300] "POST /cormun/servlet/solicitudot?gx-no-cache=1554465598189 HTTP/1.1" 200 97
190.171.143.106 - - [05/Apr/2019:09:03:40 -0300] "GET /cormun/servlet/solicitudot?40469197ddb992d07549b2e63e1fef485557f281ac43bf82801cc05d56fa378049891b0a2cc3fada966370a59b6afd29,gx-no-cache=1554465598307 HTTP/1.1" 200 134
190.171.143.106 - - [05/Apr/2019:09:04:37 -0300] "POST /cormun/servlet/solicitudot?gx-no-cache=1554465654918 HTTP/1.1" 200 30
190.171.143.106 - - [05/Apr/2019:09:05:04 -0300] "POST /cormun/servlet/solicitudot?gx-no-cache=1554465681702 HTTP/1.1" 200 30
190.171.143.106 - - [05/Apr/2019:09:05:19 -0300] "POST /cormun/servlet/solicitudot?gx-no-cache=1554465696581 HTTP/1.1" 200 1332
190.171.143.106 - - [05/Apr/2019:09:05:19 -0300] "POST /cormun/servlet/solicitudot?gx-no-cache=1554465696736 HTTP/1.1" 200 41
190.171.143.106 - - [05/Apr/2019:09:05:19 -0300] "GET /cormun/servlet/solicitudot?40469197ddb992d07549b2e63e1fef4873944e4f931d2d31717c65432fb4a95bd7f1c374c16c06799be5a882e1c22a948d419b91646e12451547b37607ccc06b369c661d27b91506a03dfcd5dd04adf1a28b14124853bf4306c9e295a4aba21a5200267d786be8517fa0ea8059d0812e,gx-no-cache=1554465696824 HTTP/1.1" 200 110
190.171.143.106 - - [05/Apr/2019:09:05:19 -0300] "POST /cormun/servlet/solicitudot?gx-no-cache=1554465696970 HTTP/1.1" 200 97
186.103.159.46 - - [05/Apr/2019:09:06:39 -0300] "GET /cormun/static/menuarrow.gif HTTP/1.1" 404 1015
186.103.159.46 - - [05/Apr/2019:09:06:47 -0300] "POST /cormun/servlet/trlicencias?9146d85080f3a214f378164c34f3a290,,gx-no-cache=1554465787503 HTTP/1.1" 200 8726
200.111.191.210 - - [05/Apr/2019:09:06:57 -0300] "GET /cormun/servlet/trlicencias? HTTP/1.1" 200 6968
200.111.191.210 - - [05/Apr/2019:09:06:57 -0300] "GET /cormun/servlet/trlicencias? HTTP/1.1" 200 6967
200.111.191.210 - - [05/Apr/2019:09:07:05 -0300] "GET /cormun/servlet/trlicencias? HTTP/1.1" 200 6967
200.111.191.210 - - [05/Apr/2019:09:07:05 -0300] "GET /cormun/servlet/trlicencias? HTTP/1.1" 200 6967
190.171.143.106 - - [05/Apr/2019:09:07:07 -0300] "POST /cormun/servlet/solicitudot?gx-no-cache=1554465804991 HTTP/1.1" 200 30
190.171.143.106 - - [05/Apr/2019:09:07:10 -0300] "POST /cormun/servlet/solicitudot?gx-no-cache=1554465807660 HTTP/1.1" 200 1332
190.171.143.106 - - [05/Apr/2019:09:07:10 -0300] "POST /cormun/servlet/solicitudot?gx-no-cache=1554465807810 HTTP/1.1" 200 41
190.171.143.106 - - [05/Apr/2019:09:07:10 -0300] "GET /cormun/servlet/solicitudot?40469197ddb992d07549b2e63e1fef4873944e4f931d2d31717c65432fb4a95bd7f1c374c16c06799be5a882e1c22a948d419b91646e12451547b37607ccc06b369c661d27b91506a03dfcd5dd04adf1a28b14124853bf4306c9e295a4aba21a5200267d786be8517fa0ea8059d0812e,gx-no-cache=1554465807834 HTTP/1.1" 200 110
190.171.143.106 - - [05/Apr/2019:09:07:10 -0300] "POST /cormun/servlet/solicitudot?gx-no-cache=1554465807899 HTTP/1.1" 200 97
190.171.143.106 - - [05/Apr/2019:09:07:11 -0300] "POST /cormun/servlet/solicitudot?gx-no-cache=1554465809373 HTTP/1.1" 200 30
190.171.143.106 - - [05/Apr/2019:09:07:11 -0300] "POST /cormun/servlet/solicitudot?gx-no-cache=1554465809436 HTTP/1.1" 200 1332
190.171.143.106 - - [05/Apr/2019:09:07:12 -0300] "POST /cormun/servlet/solicitudot?gx-no-cache=1554465809549 HTTP/1.1" 200 41
190.171.143.106 - - [05/Apr/2019:09:07:12 -0300] "GET /cormun/servlet/solicitudot?40469197ddb992d07549b2e63e1fef4873944e4f931d2d31717c65432fb4a95bd7f1c374c16c06799be5a882e1c22a948d419b91646e12451547b37607ccc06b369c661d27b91506a03dfcd5dd04adf1a28b14124853bf4306c9e295a4aba21a5200267d786be8517fa0ea8059d0812e,gx-no-cache=1554465809576 HTTP/1.1" 200 110
190.171.143.106 - - [05/Apr/2019:09:07:12 -0300] "POST /cormun/servlet/solicitudot?gx-no-cache=1554465809606 HTTP/1.1" 200 97
190.171.143.106 - - [05/Apr/2019:09:07:12 -0300] "GET /cormun/servlet/solicitudot?40469197ddb992d07549b2e63e1fef485557f281ac43bf82801cc05d56fa378049891b0a2cc3fada966370a59b6afd29,gx-no-cache=1554465810135 HTTP/1.1" 200 134
190.171.143.106 - - [05/Apr/2019:09:07:12 -0300] "POST /cormun/servlet/solicitudot?gx-no-cache=1554465810190 HTTP/1.1" 200 30
200.111.191.210 - - [05/Apr/2019:09:07:14 -0300] "GET /cormun/servlet/trlicencias? HTTP/1.1" 200 6967
200.111.191.210 - - [05/Apr/2019:09:07:15 -0300] "GET /cormun/servlet/trlicencias? HTTP/1.1" 200 6967
200.111.191.210 - - [05/Apr/2019:09:07:19 -0300] "GET /cormun/servlet/hlogin HTTP/1.1" 200 1740
200.55.219.45 - - [05/Apr/2019:09:07:21 -0300] "GET /cormun/servlet/hlogin HTTP/1.1" 200 1720
200.55.219.45 - - [05/Apr/2019:09:07:21 -0300] "GET /cormun/static/gxtimezone.js?85251 HTTP/1.1" 200 5781
200.55.219.45 - - [05/Apr/2019:09:07:21 -0300] "GET /cormun/static/gxcfg.js?20177612122725 HTTP/1.1" 200 953
200.55.219.45 - - [05/Apr/2019:09:07:21 -0300] "GET /cormun/static/Resources/ComunLogin.png HTTP/1.1" 200 17326
200.55.219.45 - - [05/Apr/2019:09:07:21 -0300] "GET /cormun/static/messages.spa.js?85251 HTTP/1.1" 200 30736
200.55.219.45 - - [05/Apr/2019:09:07:21 -0300] "GET /cormun/static/Resources/Spanish/PXTools.css?1155365 HTTP/1.1" 200 89042
200.55.219.45 - - [05/Apr/2019:09:07:21 -0300] "GET /cormun/static/hlogin.js?20177612122738 HTTP/1.1" 200 2136
200.55.219.45 - - [05/Apr/2019:09:07:21 -0300] "GET /cormun/static/gxgral.js?85251 HTTP/1.1" 200 384558
200.55.219.45 - - [05/Apr/2019:09:07:22 -0300] "GET /cormun/static/Resources/PXToolsLoginTop.png HTTP/1.1" 200 1337
200.55.219.45 - - [05/Apr/2019:09:07:22 -0300] "GET /cormun/static/Resources/PXToolsLoginBackground.png HTTP/1.1" 200 1164
200.55.219.45 - - [05/Apr/2019:09:07:22 -0300] "GET /cormun/static/Resources/PXToolsButtonLeft21.png HTTP/1.1" 200 1287
200.55.219.45 - - [05/Apr/2019:09:07:22 -0300] "GET /cormun/static/Resources/PXToolsButtonRight21.png HTTP/1.1" 200 1283
200.55.219.45 - - [05/Apr/2019:09:07:22 -0300] "GET /cormun/static/Resources/PXToolsLoginBottom.png HTTP/1.1" 200 1389
200.55.219.45 - - [05/Apr/2019:09:07:22 -0300] "GET /cormun/static/Resources/PXToolsButtonBackground2.png HTTP/1.1" 200 1181
200.55.219.45 - - [05/Apr/2019:09:07:22 -0300] "GET /cormun/static/Resources/indicator.gif HTTP/1.1" 200 1553
200.55.219.45 - - [05/Apr/2019:09:07:22 -0300] "GET /cormun/servlet/hlogin HTTP/1.1" 200 1724
200.55.219.45 - - [05/Apr/2019:09:07:22 -0300] "GET /favicon.ico HTTP/1.1" 200 21630
200.111.191.210 - - [05/Apr/2019:09:07:22 -0300] "POST /cormun/servlet/hlogin?55b899946e81fa43d0fc42355998907a,gx-no-cache=1554465873673 HTTP/1.1" 200 90
200.111.191.210 - - [05/Apr/2019:09:07:22 -0300] "GET /cormun/servlet/hpexe_link HTTP/1.1" 200 956
200.111.191.210 - - [05/Apr/2019:09:07:23 -0300] "GET /cormun/servlet/trlicencias HTTP/1.1" 200 6970
200.111.191.210 - - [05/Apr/2019:09:07:23 -0300] "GET /cormun/servlet/trlicencias HTTP/1.1" 200 6967
200.111.191.210 - - [05/Apr/2019:09:07:28 -0300] "GET /cormun/servlet/licenciaspermisos?INS,0,,, HTTP/1.1" 200 7561
200.111.191.210 - - [05/Apr/2019:09:07:28 -0300] "GET /cormun/servlet/licenciaspermisos?INS,0,,, HTTP/1.1" 200 7569
200.111.191.210 - - [05/Apr/2019:09:07:31 -0300] "GET /cormun/servlet/trlicencias? HTTP/1.1" 200 6969
200.111.191.210 - - [05/Apr/2019:09:07:31 -0300] "GET /cormun/servlet/trlicencias? HTTP/1.1" 200 6967
200.55.219.45 - - [05/Apr/2019:09:07:32 -0300] "POST /cormun/servlet/hlogin?921438cdf2bf36076bf13dee02cb7d99,gx-no-cache=1554465830205 HTTP/1.1" 200 431
200.55.219.45 - - [05/Apr/2019:09:07:34 -0300] "POST /cormun/servlet/hlogin?921438cdf2bf36076bf13dee02cb7d99,gx-no-cache=1554465832465 HTTP/1.1" 200 438
200.111.191.210 - - [05/Apr/2019:09:07:35 -0300] "GET /cormun/static/menuarrow.gif HTTP/1.1" 404 1015
200.55.219.45 - - [05/Apr/2019:09:07:38 -0300] "GET /cormun/servlet/hlogin HTTP/1.1" 200 1714
200.111.191.210 - - [05/Apr/2019:09:07:45 -0300] "POST /cormun/servlet/trlicencias?55b899946e81fa43d0fc42355998907a,,gx-no-cache=1554465895606 HTTP/1.1" 200 5441
190.171.143.106 - - [05/Apr/2019:09:07:47 -0300] "POST /cormun/servlet/solicitudot?gx-no-cache=1554465844886 HTTP/1.1" 200 30
200.111.191.210 - - [05/Apr/2019:09:07:52 -0300] "POST /cormun/servlet/trlicencias?55b899946e81fa43d0fc42355998907a,,gx-no-cache=1554465902841 HTTP/1.1" 200 12556
200.55.219.45 - - [05/Apr/2019:09:07:53 -0300] "GET /cormun/servlet/hlogin HTTP/1.1" 200 1724
200.55.219.45 - - [05/Apr/2019:09:07:53 -0300] "GET /favicon.ico HTTP/1.1" 200 21630
190.171.143.106 - - [05/Apr/2019:09:08:48 -0300] "POST /cormun/servlet/solicitudot?gx-no-cache=1554465906106 HTTP/1.1" 200 1332
190.171.143.106 - - [05/Apr/2019:09:08:49 -0300] "POST /cormun/servlet/solicitudot?gx-no-cache=1554465906459 HTTP/1.1" 200 41
190.171.143.106 - - [05/Apr/2019:09:08:49 -0300] "GET /cormun/servlet/solicitudot?40469197ddb992d07549b2e63e1fef4873944e4f931d2d31717c65432fb4a95bd7f1c374c16c06799be5a882e1c22a948d419b91646e12451547b37607ccc06b369c661d27b91506a03dfcd5dd04adf1a28b14124853bf4306c9e295a4aba21a5200267d786be8517fa0ea8059d0812e,gx-no-cache=1554465906599 HTTP/1.1" 200 110
190.171.143.106 - - [05/Apr/2019:09:08:49 -0300] "POST /cormun/servlet/solicitudot?gx-no-cache=1554465906730 HTTP/1.1" 200 97
187.34.115.160 - - [05/Apr/2019:09:09:22 -0300] "GET / HTTP/1.1" 200 11217
187.34.115.160 - - [05/Apr/2019:09:09:22 -0300] "GET / HTTP/1.1" 200 11217
190.171.141.82 - - [05/Apr/2019:09:09:50 -0300] "GET /cormun/servlet/solicitudot?INS,0,0, HTTP/1.1" 200 15254
190.171.141.82 - - [05/Apr/2019:09:09:51 -0300] "GET /cormun/servlet/solicitudot?INS,0,0, HTTP/1.1" 200 15239
190.171.143.106 - - [05/Apr/2019:09:09:55 -0300] "GET /cormun/servlet/solicitudot?INS,0,0, HTTP/1.1" 200 14967
190.171.143.106 - - [05/Apr/2019:09:09:55 -0300] "GET /cormun/servlet/solicitudot?INS,0,0, HTTP/1.1" 200 14972
190.171.143.106 - - [05/Apr/2019:09:09:56 -0300] "GET /favicon.ico HTTP/1.1" 200 21630
190.171.143.106 - - [05/Apr/2019:09:09:59 -0300] "GET /cormun/servlet/prfichaempleado?,MD,,gxPopupLevel%3D0%3B HTTP/1.1" 200 9368
190.171.143.106 - - [05/Apr/2019:09:10:06 -0300] "POST /cormun/servlet/prfichaempleado?43aa133ebbde319721a4704f0695929f,,MD,,gxPopupLevel%3D0%3B,gx-no-cache=1554465983604 HTTP/1.1" 200 3473
190.171.141.82 - - [05/Apr/2019:09:10:07 -0300] "POST /cormun/servlet/solicitudot?gx-no-cache=1554465982833 HTTP/1.1" 200 3450
190.171.141.82 - - [05/Apr/2019:09:10:07 -0300] "POST /cormun/servlet/solicitudot?4032617c1c3e1728e67f072c049ef7fe,INS,0,0,,gx-no-cache=1554465983058 HTTP/1.1" 200 11917
190.171.141.82 - - [05/Apr/2019:09:10:07 -0300] "GET /cormun/servlet/solicitudot?d4467b3de920d96317532b5366bd795a01720fa47b626a5297340ddd6122a9ca6d0b53e422fd539386845c5cd4873443,gx-no-cache=1554465983319 HTTP/1.1" 200 111
190.171.141.82 - - [05/Apr/2019:09:10:07 -0300] "GET /cormun/static/Shared/jqueryui/images/ui-bg_highlight-soft_100_c6c2c8_1x100.png HTTP/1.1" 404 1117
190.171.141.82 - - [05/Apr/2019:09:10:07 -0300] "GET /cormun/static/Shared/jqueryui/images/ui-icons_82798d_256x240.png HTTP/1.1" 404 1089
190.171.141.82 - - [05/Apr/2019:09:10:07 -0300] "GET /cormun/static/Shared/jqueryui/images/ui-bg_flat_55_994d53_40x100.png HTTP/1.1" 404 1097
190.171.141.82 - - [05/Apr/2019:09:10:08 -0300] "GET /cormun/static/Shared/jqueryui/images/ui-icons_ebccce_256x240.png HTTP/1.1" 404 1089
190.171.143.106 - - [05/Apr/2019:09:10:10 -0300] "POST /cormun/servlet/solicitudot?gx-no-cache=1554465987996 HTTP/1.1" 200 3587
190.171.143.106 - - [05/Apr/2019:09:10:10 -0300] "POST /cormun/servlet/solicitudot?43aa133ebbde319721a4704f0695929f,INS,0,0,,gx-no-cache=1554465988232 HTTP/1.1" 200 11801
190.171.143.106 - - [05/Apr/2019:09:10:10 -0300] "GET /cormun/servlet/solicitudot?40469197ddb992d07549b2e63e1fef489a829b3cc46c1b2a498fa81a8bc3523d87817d3f8a8d75efa6a231918c1daf46,gx-no-cache=1554465988481 HTTP/1.1" 200 30
190.171.143.106 - - [05/Apr/2019:09:10:11 -0300] "GET /cormun/servlet/solicitudot?40469197ddb992d07549b2e63e1fef485f142212686d7ba16a73dd244aecb4586185f860f2041dec343682bc7d7f76bbe3f857ab82e7c96ebf6884f1bcb64039,gx-no-cache=1554465988533 HTTP/1.1" 200 30
190.171.143.106 - - [05/Apr/2019:09:10:11 -0300] "GET /cormun/servlet/solicitudot?40469197ddb992d07549b2e63e1fef486d0e90fa789bc2a76a7c7b4817f09c4b,gx-no-cache=1554465988590 HTTP/1.1" 200 53
190.171.154.42 - - [05/Apr/2019:09:10:12 -0300] "GET /cormun/servlet/hlogin HTTP/1.1" 200 1723
190.171.141.82 - - [05/Apr/2019:09:10:19 -0300] "POST /cormun/servlet/solicitudot?gx-no-cache=1554465991470 HTTP/1.1" 200 3450
190.171.141.82 - - [05/Apr/2019:09:10:20 -0300] "POST /cormun/servlet/solicitudot?4032617c1c3e1728e67f072c049ef7fe,INS,0,0,,gx-no-cache=1554465994835 HTTP/1.1" 200 11983
190.171.141.82 - - [05/Apr/2019:09:10:20 -0300] "GET /cormun/servlet/solicitudot?d4467b3de920d96317532b5366bd795a01720fa47b626a5297340ddd6122a9ca6d0b53e422fd539386845c5cd4873443,gx-no-cache=1554465995954 HTTP/1.1" 200 111
190.171.154.42 - - [05/Apr/2019:09:10:21 -0300] "POST /cormun/servlet/hlogin?70e26734f695ee02b07674b37f1e2cb8,gx-no-cache=1554465997818 HTTP/1.1" 200 90
190.171.154.42 - - [05/Apr/2019:09:10:22 -0300] "GET /cormun/servlet/hpexe_link HTTP/1.1" 200 954
190.171.154.42 - - [05/Apr/2019:09:10:22 -0300] "GET /cormun/servlet/hhome HTTP/1.1" 200 4324
190.171.141.82 - - [05/Apr/2019:09:10:23 -0300] "GET /cormun/servlet/solicitudot?d4467b3de920d96317532b5366bd795a7fbfcd523fef6def34cb172c99fcb8bc41db0f20f351d289accf7c684bf9dbf4,gx-no-cache=1554465998810 HTTP/1.1" 200 30
190.171.154.42 - - [05/Apr/2019:09:10:24 -0300] "GET /cormun/servlet/hhome HTTP/1.1" 200 4321
190.171.154.42 - - [05/Apr/2019:09:10:39 -0300] "GET /cormun/servlet/trlicencias? HTTP/1.1" 200 9278
190.171.154.42 - - [05/Apr/2019:09:10:42 -0300] "GET /cormun/servlet/trlicencias? HTTP/1.1" 200 9276
190.171.154.42 - - [05/Apr/2019:09:10:58 -0300] "GET /cormun/servlet/hlogin HTTP/1.1" 200 1740
190.171.141.82 - - [05/Apr/2019:09:12:02 -0300] "POST /cormun/servlet/solicitudot?4032617c1c3e1728e67f072c049ef7fe,INS,0,0,,gx-no-cache=1554466084285 HTTP/1.1" 200 12158
190.171.141.82 - - [05/Apr/2019:09:12:02 -0300] "GET /cormun/static/Shared/jqueryui/images/ui-bg_flat_55_fafafa_40x100.png HTTP/1.1" 404 1097
190.171.141.82 - - [05/Apr/2019:09:12:02 -0300] "GET /cormun/static/Shared/jqueryui/images/ui-icons_8d78a5_256x240.png HTTP/1.1" 404 1089
190.171.141.82 - - [05/Apr/2019:09:12:11 -0300] "GET /cormun/servlet/solicitudot?d4467b3de920d96317532b5366bd795a40f04ddbdec55154c2991d6cd9c55036e83d1c994e2ae007ffae2520d9e93bdf6d0b53e422fd539386845c5cd4873443,gx-no-cache=1554466107138 HTTP/1.1" 200 30
190.171.141.82 - - [05/Apr/2019:09:12:11 -0300] "GET /cormun/servlet/solicitudot?d4467b3de920d96317532b5366bd795a67d48a6d61242044854746144b14e4d6,gx-no-cache=1554466107227 HTTP/1.1" 200 29
190.171.143.106 - - [05/Apr/2019:09:12:43 -0300] "POST /cormun/servlet/solicitudot?gx-no-cache=1554466140650 HTTP/1.1" 200 240
190.171.143.106 - - [05/Apr/2019:09:12:43 -0300] "GET /cormun/servlet/solicitudot?40469197ddb992d07549b2e63e1fef48312b42b8533ab2e7fc8e286a9ce3798567f47bb85f15ccf6c374f5360b040efeb6728e66efdec3cd440d7e0109cf3fd3174d2d5a3d26689ca43bf56bc6c30dc191cb919367e029c9e36f2de615b7496991f5ff238abee77cbb975366097d677cde77f7c8d4c38b2adcd7417d78f6fa3ee4de12d616eff698dd1234b481d7046b34b9b535c645de374684ae515f14fc9e8330d4f64100cfae907c55e3c0ff05da939ff465510261da80e8c71de2c31276a072e5e3805b884b5e9fd1ee4f23e47bdda74538cccef6e8cb2a00918f1799a20baf3b25fba0f2c2e688e4bf82c67ba4ca967194b7c65dc4305be10d9566bfe311e9da6539d6d55931ab39162ed1dfeb07a19ef121fd403225f436a1a770e936d6c2c6c6213e1ef37f578fdff394d81129caff836612d4456dcc5765736eb8abe40e93103016154631d5572757a526ecf950e43a1e080a1380f7616d80c8ccd4a5f4de01794b4d75138641d1d6cec0297bde4ec86d8195a76957440146704054,gx-no-cache=1554466140710 HTTP/1.1" 200 30
190.171.143.106 - - [05/Apr/2019:09:12:48 -0300] "POST /cormun/servlet/solicitudot?gx-no-cache=1554466145822 HTTP/1.1" 200 30
190.171.143.106 - - [05/Apr/2019:09:12:56 -0300] "GET /cormun/servlet/prfichaempleado?,MD,,gxPopupLevel%3D0%3B HTTP/1.1" 200 9368
190.171.141.82 - - [05/Apr/2019:09:13:05 -0300] "POST /cormun/servlet/solicitudot?gx-no-cache=1554466161450 HTTP/1.1" 200 297
190.171.143.106 - - [05/Apr/2019:09:13:06 -0300] "POST /cormun/servlet/prfichaempleado?43aa133ebbde319721a4704f0695929f,,MD,,gxPopupLevel%3D0%3B,gx-no-cache=1554466164068 HTTP/1.1" 200 3523
190.171.141.82 - - [05/Apr/2019:09:13:08 -0300] "GET /cormun/servlet/solicitudot?d4467b3de920d96317532b5366bd795a8d95e5d87a587b53c793b529e9470f51526f2de58ac26ee8c50f8d813060eb750f81f3dc31250ad0508c3b2ed74f34fb5d9d4004e70fb0fae5b768269b4da0f391e24b90cfcb119bac65da85a908f92fed844c7a041e9e0ba86718f209cf8c0a987b7193d2529eb92ae0d3f529d130b6010c27f4371998d8875145e1d5db268450605f69ef7f8fcd13326223f28d90413e04bd6d50e6ea4e4a589d6df92712d53a259cbc93d57440397bbf635065a45a50cbe013d9de9b9275f53b3b47626b7c56485ff7a0c63d11864cdcf2dffdc6417dd2f113dc1cf9bb8bbc615049a0fe51c72c73ecacbd27d85aeb5c6c0666fe4a1e4ba8348cece3626f88e3505ccaa3d94e3f5cb0676c05ca8966cd60a8a61e6d5b369d9a79e38e67951b1c2e28bbf64597675514fb5b5a39aaac35ea00c0d5929fb4782f7f275e312584d18a5121e21bc35a88761ef9debb90d22244999f54be09d1e673174274ce5e041e17baedf9badffbfa19ea24b74dbc161b5e506ffa945116c1d3b1403b77feec0d5c1809b20a,gx-no-cache=1554466164280 HTTP/1.1" 200 30
190.171.141.82 - - [05/Apr/2019:09:13:10 -0300] "POST /cormun/servlet/solicitudot?gx-no-cache=1554466166148 HTTP/1.1" 200 30
190.171.143.106 - - [05/Apr/2019:09:13:10 -0300] "GET /cormun/servlet/prlicenciaspermisos?11142576,L,,MD,,gxPopupLevel%3D0%3B HTTP/1.1" 200 7781
190.171.141.82 - - [05/Apr/2019:09:13:12 -0300] "POST /cormun/servlet/solicitudot?gx-no-cache=1554466167623 HTTP/1.1" 200 1331
190.171.141.82 - - [05/Apr/2019:09:13:12 -0300] "POST /cormun/servlet/solicitudot?gx-no-cache=1554466167665 HTTP/1.1" 200 38
190.171.141.82 - - [05/Apr/2019:09:13:17 -0300] "GET /cormun/servlet/solicitudot?d4467b3de920d96317532b5366bd795a760d7511edd16a1cd4ad18167441781280853b42c435654550530c9d586354dd95cce243836b79649dcbbb9b7887f39a81eb7ece49c23585ce406d43bb901bc09833259ab229742e33cfbe1e7b3f2cdf5a1949d717c73831944916cfb4cad6d2,gx-no-cache=1554466172614 HTTP/1.1" 200 110
190.171.143.106 - - [05/Apr/2019:09:13:20 -0300] "POST /cormun/servlet/solicitudot?gx-no-cache=1554466177891 HTTP/1.1" 200 1332
190.171.141.82 - - [05/Apr/2019:09:13:21 -0300] "POST /cormun/servlet/solicitudot?gx-no-cache=1554466177516 HTTP/1.1" 200 69
190.171.143.106 - - [05/Apr/2019:09:13:23 -0300] "POST /cormun/servlet/solicitudot?gx-no-cache=1554466180651 HTTP/1.1" 200 41
190.171.143.106 - - [05/Apr/2019:09:13:23 -0300] "GET /cormun/servlet/solicitudot?40469197ddb992d07549b2e63e1fef4873944e4f931d2d31717c65432fb4a95bd7f1c374c16c06799be5a882e1c22a948d419b91646e12451547b37607ccc06b369c661d27b91506a03dfcd5dd04adf1a28b14124853bf4306c9e295a4aba21a5200267d786be8517fa0ea8059d0812e,gx-no-cache=1554466180707 HTTP/1.1" 200 110
190.171.143.106 - - [05/Apr/2019:09:13:23 -0300] "POST /cormun/servlet/solicitudot?gx-no-cache=1554466180751 HTTP/1.1" 200 97
190.171.143.106 - - [05/Apr/2019:09:13:36 -0300] "GET /cormun/servlet/solicitudot?40469197ddb992d07549b2e63e1fef481267c0ab7b09b55fb7c9d6422c7fcd5260e86aae0d26d551748bf905d2f5075372f2d103cf30454c828e5a068a9a51ada2fda50d2ee0f1e1cde7e18c773a6e6b47a8a7b004b7d3217e8406fa20458f065daa771b38a4b680c7d02b21eccd82a4fb4d12a9648114dda09e9b043052d58a361121f282365c527795f38b974af25c0cd9e77cb080c3083f5dd9f2c28b6854,gx-no-cache=1554466193760 HTTP/1.1" 200 29
190.171.143.106 - - [05/Apr/2019:09:13:36 -0300] "GET /cormun/static/menuarrow.gif HTTP/1.1" 404 1015
190.171.143.106 - - [05/Apr/2019:09:13:42 -0300] "GET /cormun/servlet/solicitudot?40469197ddb992d07549b2e63e1fef4851788f42784c75d457c4cc2878b3ba5a49891b0a2cc3fada966370a59b6afd29,gx-no-cache=1554466200359 HTTP/1.1" 200 30
190.171.143.106 - - [05/Apr/2019:09:13:42 -0300] "POST /cormun/servlet/solicitudot?gx-no-cache=1554466200442 HTTP/1.1" 200 34
190.171.141.82 - - [05/Apr/2019:09:13:43 -0300] "GET /cormun/servlet/solicitudot?d4467b3de920d96317532b5366bd795ae61aeeb4912d645a8ecf6819e33a365bb29adfedacfd50006e413be3a1cb39032365374375b6aaa50adba1947c143d720eba1dda6e378ecac3cd3f4c87c7d0cae12633c1caf9aa2984d66b17bc9d19acecf3c30e3ffe1b9aaa31e04bdcb7a4da,gx-no-cache=1554466199275 HTTP/1.1" 200 29
190.171.141.82 - - [05/Apr/2019:09:13:43 -0300] "GET /cormun/static/menuarrow.gif HTTP/1.1" 404 1015
190.171.141.82 - - [05/Apr/2019:09:13:46 -0300] "GET /cormun/servlet/solicitudot?d4467b3de920d96317532b5366bd795aa8a6b79aa4acd51eb24d59013a248640416dd6967c76f12b8f21c4d0f9a664a5,gx-no-cache=1554466201625 HTTP/1.1" 200 30
190.171.141.82 - - [05/Apr/2019:09:14:01 -0300] "POST /cormun/servlet/solicitudot?gx-no-cache=1554466217499 HTTP/1.1" 200 30
190.171.141.82 - - [05/Apr/2019:09:14:02 -0300] "POST /cormun/servlet/solicitudot?4032617c1c3e1728e67f072c049ef7fe,INS,0,0,,gx-no-cache=1554466217617 HTTP/1.1" 200 93
190.171.141.82 - - [05/Apr/2019:09:14:02 -0300] "GET /cormun/servlet/hpexe_return? HTTP/1.1" 200 1024
190.171.141.82 - - [05/Apr/2019:09:14:03 -0300] "GET /cormun/servlet/trsolicitudot?gx-no-cache=1554462258889 HTTP/1.1" 200 9209
190.171.141.82 - - [05/Apr/2019:09:14:04 -0300] "GET /cormun/servlet/trsolicitudot?gx-no-cache=1554462258889 HTTP/1.1" 200 9224
190.171.143.106 - - [05/Apr/2019:09:14:06 -0300] "POST /cormun/servlet/solicitudot?43aa133ebbde319721a4704f0695929f,INS,0,0,,gx-no-cache=1554466223194 HTTP/1.1" 200 93
190.171.143.106 - - [05/Apr/2019:09:14:06 -0300] "GET /cormun/servlet/hpexe_return? HTTP/1.1" 200 997
190.171.143.106 - - [05/Apr/2019:09:14:06 -0300] "GET /cormun/servlet/trsolicitudot HTTP/1.1" 200 8711
190.171.143.106 - - [05/Apr/2019:09:14:07 -0300] "GET /cormun/servlet/trsolicitudot HTTP/1.1" 200 8707
190.171.141.82 - - [05/Apr/2019:09:14:07 -0300] "POST /cormun/servlet/trsolicitudot?4032617c1c3e1728e67f072c049ef7fe,gx-no-cache=1554462258889,gx-no-cache=1554466223068 HTTP/1.1" 200 107
190.171.141.82 - - [05/Apr/2019:09:14:07 -0300] "GET /cormun/servlet/trsolicitudadjuntos?2019,15145, HTTP/1.1" 200 6461
190.171.141.82 - - [05/Apr/2019:09:14:08 -0300] "GET /cormun/servlet/trsolicitudadjuntos?2019,15145, HTTP/1.1" 200 6440
190.171.141.82 - - [05/Apr/2019:09:14:10 -0300] "GET /cormun/servlet/solicitudotadjuntos?INS,2019,15145,,1, HTTP/1.1" 200 6385
190.171.141.82 - - [05/Apr/2019:09:14:11 -0300] "GET /cormun/static/about:blank HTTP/1.1" 404 1011
190.171.141.82 - - [05/Apr/2019:09:14:11 -0300] "GET /cormun/servlet/solicitudotadjuntos?INS,2019,15145,,1, HTTP/1.1" 200 6379
190.171.141.82 - - [05/Apr/2019:09:14:11 -0300] "GET /cormun/servlet/solicitudotadjuntos?d4467b3de920d96317532b5366bd795a7bb5013932cbea02767c2548ca98537d19916d5c2b83191564bba02e624d153b,gx-no-cache=1554466227539 HTTP/1.1" 200 30
190.171.141.82 - - [05/Apr/2019:09:14:12 -0300] "POST /cormun/servlet/solicitudotadjuntos?4032617c1c3e1728e67f072c049ef7fe,INS,2019,15145,,1,,gx-no-cache=1554466227651 HTTP/1.1" 200 4064
190.171.141.82 - - [05/Apr/2019:09:14:14 -0300] "POST /cormun/servlet/solicitudotadjuntos?gx-no-cache=1554466230449 HTTP/1.1" 200 26
190.171.141.82 - - [05/Apr/2019:09:14:24 -0300] "GET /cormun/servlet/solicitudotadjuntos?d4467b3de920d96317532b5366bd795a33e0fceb2e89c89e0180fb9d0edb70eb,gx-no-cache=1554466239899 HTTP/1.1" 200 30
190.171.141.82 - - [05/Apr/2019:09:14:24 -0300] "GET /cormun/servlet/solicitudotadjuntos?d4467b3de920d96317532b5366bd795a33e0fceb2e89c89e0180fb9d0edb70eb,gx-no-cache=1554466240014 HTTP/1.1" 200 30
190.171.141.82 - - [05/Apr/2019:09:14:25 -0300] "POST /cormun/servlet/solicitudotadjuntos?4032617c1c3e1728e67f072c049ef7fe,INS,2019,15145,,1, HTTP/1.1" 200 116
190.171.141.82 - - [05/Apr/2019:09:14:25 -0300] "GET /cormun/servlet/hpexe_return? HTTP/1.1" 200 1022
190.171.141.82 - - [05/Apr/2019:09:14:25 -0300] "GET /cormun/servlet/trsolicitudadjuntos?2019,15145, HTTP/1.1" 200 9085
190.171.141.82 - - [05/Apr/2019:09:14:26 -0300] "GET /cormun/servlet/trsolicitudadjuntos?2019,15145, HTTP/1.1" 200 9083
190.171.141.82 - - [05/Apr/2019:09:14:27 -0300] "GET /cormun/servlet/solicitudotadjuntos?INS,2019,15145,,1, HTTP/1.1" 200 6385
190.171.141.82 - - [05/Apr/2019:09:14:27 -0300] "GET /cormun/static/about:blank HTTP/1.1" 404 1011
190.171.141.82 - - [05/Apr/2019:09:14:28 -0300] "GET /cormun/servlet/solicitudotadjuntos?INS,2019,15145,,1, HTTP/1.1" 200 6379
190.171.141.82 - - [05/Apr/2019:09:14:28 -0300] "GET /cormun/servlet/solicitudotadjuntos?d4467b3de920d96317532b5366bd795a7bb5013932cbea02767c2548ca98537d19916d5c2b83191564bba02e624d153b,gx-no-cache=1554466244059 HTTP/1.1" 200 30
190.171.141.82 - - [05/Apr/2019:09:14:28 -0300] "POST /cormun/servlet/solicitudotadjuntos?4032617c1c3e1728e67f072c049ef7fe,INS,2019,15145,,1,,gx-no-cache=1554466244122 HTTP/1.1" 200 4064
190.171.141.82 - - [05/Apr/2019:09:14:30 -0300] "POST /cormun/servlet/solicitudotadjuntos?gx-no-cache=1554466246050 HTTP/1.1" 200 26
190.171.141.82 - - [05/Apr/2019:09:14:33 -0300] "GET /cormun/servlet/solicitudotadjuntos?d4467b3de920d96317532b5366bd795a33e0fceb2e89c89e0180fb9d0edb70eb,gx-no-cache=1554466249443 HTTP/1.1" 200 30
190.171.141.82 - - [05/Apr/2019:09:14:33 -0300] "GET /cormun/servlet/solicitudotadjuntos?d4467b3de920d96317532b5366bd795a33e0fceb2e89c89e0180fb9d0edb70eb,gx-no-cache=1554466249522 HTTP/1.1" 200 30
190.171.141.82 - - [05/Apr/2019:09:14:34 -0300] "POST /cormun/servlet/solicitudotadjuntos?4032617c1c3e1728e67f072c049ef7fe,INS,2019,15145,,1, HTTP/1.1" 200 116
190.171.141.82 - - [05/Apr/2019:09:14:34 -0300] "GET /cormun/servlet/hpexe_return? HTTP/1.1" 200 1022
190.171.141.82 - - [05/Apr/2019:09:14:35 -0300] "GET /cormun/servlet/trsolicitudadjuntos?2019,15145, HTTP/1.1" 200 9307
190.171.141.82 - - [05/Apr/2019:09:14:35 -0300] "GET /cormun/servlet/trsolicitudadjuntos?2019,15145, HTTP/1.1" 200 9303
190.171.141.82 - - [05/Apr/2019:09:14:37 -0300] "GET /cormun/servlet/solicitudotadjuntos?INS,2019,15145,,1, HTTP/1.1" 200 6385
190.171.141.82 - - [05/Apr/2019:09:14:37 -0300] "GET /cormun/static/about:blank HTTP/1.1" 404 1011
190.171.141.82 - - [05/Apr/2019:09:14:37 -0300] "GET /cormun/servlet/solicitudotadjuntos?INS,2019,15145,,1, HTTP/1.1" 200 6379
190.171.141.82 - - [05/Apr/2019:09:14:38 -0300] "GET /cormun/servlet/solicitudotadjuntos?d4467b3de920d96317532b5366bd795a7bb5013932cbea02767c2548ca98537d19916d5c2b83191564bba02e624d153b,gx-no-cache=1554466254028 HTTP/1.1" 200 30
190.171.141.82 - - [05/Apr/2019:09:14:38 -0300] "POST /cormun/servlet/solicitudotadjuntos?4032617c1c3e1728e67f072c049ef7fe,INS,2019,15145,,1,,gx-no-cache=1554466254105 HTTP/1.1" 200 4064
190.171.143.106 - - [05/Apr/2019:09:14:39 -0300] "GET /cormun/servlet/hlogin HTTP/1.1" 200 1711
190.171.141.82 - - [05/Apr/2019:09:14:39 -0300] "POST /cormun/servlet/solicitudotadjuntos?gx-no-cache=1554466255458 HTTP/1.1" 200 26
190.171.141.82 - - [05/Apr/2019:09:14:43 -0300] "GET /cormun/servlet/solicitudotadjuntos?d4467b3de920d96317532b5366bd795a33e0fceb2e89c89e0180fb9d0edb70eb,gx-no-cache=1554466259274 HTTP/1.1" 200 30
190.171.141.82 - - [05/Apr/2019:09:14:43 -0300] "GET /cormun/servlet/solicitudotadjuntos?d4467b3de920d96317532b5366bd795a33e0fceb2e89c89e0180fb9d0edb70eb,gx-no-cache=1554466259381 HTTP/1.1" 200 30
190.171.141.82 - - [05/Apr/2019:09:14:47 -0300] "POST /cormun/servlet/solicitudotadjuntos?4032617c1c3e1728e67f072c049ef7fe,INS,2019,15145,,1, HTTP/1.1" 200 116
190.171.141.82 - - [05/Apr/2019:09:14:47 -0300] "GET /cormun/servlet/hpexe_return? HTTP/1.1" 200 1022
190.171.141.82 - - [05/Apr/2019:09:14:48 -0300] "GET /cormun/servlet/trsolicitudadjuntos?2019,15145, HTTP/1.1" 200 9499
190.171.141.82 - - [05/Apr/2019:09:14:48 -0300] "GET /cormun/servlet/trsolicitudadjuntos?2019,15145, HTTP/1.1" 200 9498
190.171.141.82 - - [05/Apr/2019:09:14:50 -0300] "GET /cormun/servlet/solicitudotadjuntos?INS,2019,15145,,1, HTTP/1.1" 200 6385
190.171.141.82 - - [05/Apr/2019:09:14:51 -0300] "GET /cormun/static/about:blank HTTP/1.1" 404 1011
190.171.141.82 - - [05/Apr/2019:09:14:51 -0300] "GET /cormun/servlet/solicitudotadjuntos?INS,2019,15145,,1, HTTP/1.1" 200 6379
190.171.141.82 - - [05/Apr/2019:09:14:51 -0300] "GET /cormun/servlet/solicitudotadjuntos?d4467b3de920d96317532b5366bd795a7bb5013932cbea02767c2548ca98537d19916d5c2b83191564bba02e624d153b,gx-no-cache=1554466267296 HTTP/1.1" 200 30
190.171.141.82 - - [05/Apr/2019:09:14:51 -0300] "POST /cormun/servlet/solicitudotadjuntos?4032617c1c3e1728e67f072c049ef7fe,INS,2019,15145,,1,,gx-no-cache=1554466267390 HTTP/1.1" 200 4064
190.171.141.82 - - [05/Apr/2019:09:14:53 -0300] "POST /cormun/servlet/solicitudotadjuntos?gx-no-cache=1554466269274 HTTP/1.1" 200 26
190.171.141.82 - - [05/Apr/2019:09:15:00 -0300] "GET /cormun/servlet/solicitudotadjuntos?d4467b3de920d96317532b5366bd795a33e0fceb2e89c89e0180fb9d0edb70eb,gx-no-cache=1554466276116 HTTP/1.1" 200 30
190.171.141.82 - - [05/Apr/2019:09:15:00 -0300] "GET /cormun/servlet/solicitudotadjuntos?d4467b3de920d96317532b5366bd795a33e0fceb2e89c89e0180fb9d0edb70eb,gx-no-cache=1554466276172 HTTP/1.1" 200 30
190.171.141.82 - - [05/Apr/2019:09:15:03 -0300] "POST /cormun/servlet/solicitudotadjuntos?4032617c1c3e1728e67f072c049ef7fe,INS,2019,15145,,1, HTTP/1.1" 200 116
190.171.141.82 - - [05/Apr/2019:09:15:03 -0300] "GET /cormun/servlet/hpexe_return? HTTP/1.1" 200 1022
190.171.141.82 - - [05/Apr/2019:09:15:03 -0300] "GET /cormun/servlet/trsolicitudadjuntos?2019,15145, HTTP/1.1" 200 9698
190.171.141.82 - - [05/Apr/2019:09:15:04 -0300] "GET /cormun/servlet/trsolicitudadjuntos?2019,15145, HTTP/1.1" 200 9697
190.171.141.82 - - [05/Apr/2019:09:15:05 -0300] "GET /cormun/servlet/solicitudotadjuntos?INS,2019,15145,,1, HTTP/1.1" 200 6385
192.168.10.96 - - [05/Apr/2019:09:15:06 -0300] "GET /cormun/servlet/trsecurityuser01? HTTP/1.1" 200 7629
190.171.141.82 - - [05/Apr/2019:09:15:06 -0300] "GET /cormun/static/about:blank HTTP/1.1" 404 1011
190.171.141.82 - - [05/Apr/2019:09:15:06 -0300] "GET /cormun/servlet/solicitudotadjuntos?INS,2019,15145,,1, HTTP/1.1" 200 6379
190.171.141.82 - - [05/Apr/2019:09:15:06 -0300] "GET /cormun/servlet/solicitudotadjuntos?d4467b3de920d96317532b5366bd795a7bb5013932cbea02767c2548ca98537d19916d5c2b83191564bba02e624d153b,gx-no-cache=1554466282293 HTTP/1.1" 200 30
192.168.10.96 - - [05/Apr/2019:09:15:06 -0300] "GET /cormun/servlet/trsecurityuser01? HTTP/1.1" 200 7629
192.168.10.96 - - [05/Apr/2019:09:15:06 -0300] "GET /cormun/servlet/trsecurityuser01? HTTP/1.1" 200 7629
190.171.141.82 - - [05/Apr/2019:09:15:06 -0300] "POST /cormun/servlet/solicitudotadjuntos?4032617c1c3e1728e67f072c049ef7fe,INS,2019,15145,,1,,gx-no-cache=1554466282431 HTTP/1.1" 200 4064
192.168.10.96 - - [05/Apr/2019:09:15:07 -0300] "GET /cormun/servlet/trsecurityuser01? HTTP/1.1" 200 7629
190.171.141.82 - - [05/Apr/2019:09:15:09 -0300] "POST /cormun/servlet/solicitudotadjuntos?gx-no-cache=1554466285290 HTTP/1.1" 200 26
192.168.10.96 - - [05/Apr/2019:09:15:10 -0300] "POST /cormun/servlet/trsecurityuser01?2a7d9f12142cd1eaed89abc00ec0df31,,gx-no-cache=1554473310215 HTTP/1.1" 200 5148
192.168.10.96 - - [05/Apr/2019:09:15:12 -0300] "GET /cormun/servlet/securityusers?UPD,3811, HTTP/1.1" 200 7859
192.168.10.96 - - [05/Apr/2019:09:15:12 -0300] "GET /cormun/servlet/securityusers?UPD,3811, HTTP/1.1" 200 7859
190.171.141.82 - - [05/Apr/2019:09:15:13 -0300] "GET /cormun/servlet/solicitudotadjuntos?d4467b3de920d96317532b5366bd795a33e0fceb2e89c89e0180fb9d0edb70eb,gx-no-cache=1554466289170 HTTP/1.1" 200 30
190.171.141.82 - - [05/Apr/2019:09:15:13 -0300] "GET /cormun/servlet/solicitudotadjuntos?d4467b3de920d96317532b5366bd795a33e0fceb2e89c89e0180fb9d0edb70eb,gx-no-cache=1554466289243 HTTP/1.1" 200 30
190.171.141.82 - - [05/Apr/2019:09:15:15 -0300] "POST /cormun/servlet/solicitudotadjuntos?4032617c1c3e1728e67f072c049ef7fe,INS,2019,15145,,1, HTTP/1.1" 200 116
190.171.141.82 - - [05/Apr/2019:09:15:15 -0300] "GET /cormun/servlet/hpexe_return? HTTP/1.1" 200 1022
190.171.141.82 - - [05/Apr/2019:09:15:16 -0300] "GET /cormun/servlet/trsolicitudadjuntos?2019,15145, HTTP/1.1" 200 9964
190.171.141.82 - - [05/Apr/2019:09:15:17 -0300] "GET /cormun/servlet/trsolicitudadjuntos?2019,15145, HTTP/1.1" 200 9961
190.171.143.106 - - [05/Apr/2019:09:15:19 -0300] "POST /cormun/servlet/hlogin?43aa133ebbde319721a4704f0695929f,gx-no-cache=1554466296833 HTTP/1.1" 200 90
190.171.143.106 - - [05/Apr/2019:09:15:19 -0300] "GET /cormun/servlet/hpexe_link HTTP/1.1" 200 942
190.171.143.106 - - [05/Apr/2019:09:15:20 -0300] "GET /cormun/servlet/hhome HTTP/1.1" 200 4319
190.171.143.106 - - [05/Apr/2019:09:15:20 -0300] "GET /cormun/servlet/hhome HTTP/1.1" 200 4317
190.171.143.106 - - [05/Apr/2019:09:15:20 -0300] "GET /cormun/static/SmoothNavMenu/resources/images/right.gif HTTP/1.1" 200 860
190.171.141.82 - - [05/Apr/2019:09:15:21 -0300] "GET /cormun/servlet/solicitudotadjuntos?INS,2019,15145,,1, HTTP/1.1" 200 6385
