186.67.172.234 - - [05/Apr/2019:09:36:21 -0300] "GET /cormun/servlet/solicitudot?a7ba08cc79cfc483bc9f3cdf516be47a4e67f63fee58c463cf7b3108cc686edb48baa73ef6d79756654691fd5cbd7216a9761007741d62fafde872d48bbc1821,gx-no-cache=1554467553449 HTTP/1.1" 200 30
186.67.172.234 - - [05/Apr/2019:09:36:21 -0300] "GET /cormun/servlet/solicitudot?a7ba08cc79cfc483bc9f3cdf516be47a25878d142f36d8688b7da8f5db8db81e,gx-no-cache=1554467553542 HTTP/1.1" 200 53
186.67.172.234 - - [05/Apr/2019:09:36:21 -0300] "POST /cormun/servlet/solicitudot?gx-no-cache=1554467553653 HTTP/1.1" 200 240
186.67.172.234 - - [05/Apr/2019:09:36:21 -0300] "GET /cormun/servlet/solicitudot?a7ba08cc79cfc483bc9f3cdf516be47a93c4df1c2722e5f4e80ecf052692ebf44734c95a1a4e1801d6f61049345bbb6708edff6196e6c6ccea016123b2ee7cd328f91aca85474b3d93c9921d584def9dc291c72f4f86890269a54be5144289b393f0b830c5bffa83fffa58648a9ac8dc67de0487993fa2825d8ac4d8d43dd681edecc8cf2c9fea9f88ec4974c24e65395da0db4c62ce3325ac8b91535f647ecc04455504b24560648cfd9bba156f4977701bedf682835815e5976ef8a802766f9e550aed9855ccdf454d82beaf0431264c22c65832a252c4b0949d9e9b616f4a66bdadf9d6ba71c487746a4e0e083821fcd4b4c8a4d45bc26e97cbf57a6b2f760bf195b26ac171229e8001b6bace8be8a43c1784bfae261686f2ed8c5f48133179eff516a7060d3408e1f6a578c5f4ced72ed34e0fcc9229c1d178967567c8b641c199ed4d5b75e93a70d5417f3fc14d241661dafcc956e10ca147074d6863c0b4634bd4c145d1e5214e0cdb8457d4bc1a9e28ac2bd37ee96601d6204cf73704,gx-no-cache=1554467553720 HTTP/1.1" 200 30
186.67.172.234 - - [05/Apr/2019:09:36:21 -0300] "POST /cormun/servlet/solicitudot?gx-no-cache=1554467553767 HTTP/1.1" 200 30
186.67.172.234 - - [05/Apr/2019:09:36:21 -0300] "POST /cormun/servlet/solicitudot?gx-no-cache=1554467553819 HTTP/1.1" 200 1334
186.67.172.234 - - [05/Apr/2019:09:36:21 -0300] "POST /cormun/servlet/solicitudot?gx-no-cache=1554467553879 HTTP/1.1" 200 38
186.67.172.234 - - [05/Apr/2019:09:36:21 -0300] "GET /cormun/servlet/solicitudot?a7ba08cc79cfc483bc9f3cdf516be47ab34abe41b7556b4f6aa94c4ced9d475811902d7490167009e35574ed17ccc60814dd8c68308a4795fac003e079dcec83847befeaf2bc79485ebb57851da46f71014f05878baa29f6ed2a74eb6bda1e66b40094be08d7bf536866588e2ca13cf3,gx-no-cache=1554467553915 HTTP/1.1" 200 110
186.67.172.234 - - [05/Apr/2019:09:36:22 -0300] "POST /cormun/servlet/solicitudot?gx-no-cache=1554467553941 HTTP/1.1" 200 79
186.67.172.234 - - [05/Apr/2019:09:36:22 -0300] "GET /cormun/servlet/solicitudot?a7ba08cc79cfc483bc9f3cdf516be47ad9ce20348443739941f09e50b55be171775470df8d44fbd769d7c167e31fb0c51baaa44605f189f91210724dc377a03920e3134610347054dda9069c1643a08d982840d1af14929ad1be15cc22836508e7ba92c4344ede0068b111d357a9fa48,gx-no-cache=1554467553980 HTTP/1.1" 200 29
186.103.159.186 - - [05/Apr/2019:09:36:29 -0300] "POST /cormun/servlet/solicitudot?bd0a1dca12c4f29bbbb1300e9f74a285,INS,0,0,,gx-no-cache=1554467567093 HTTP/1.1" 200 93
186.103.159.186 - - [05/Apr/2019:09:36:30 -0300] "GET /cormun/servlet/hpexe_return? HTTP/1.1" 200 1007
46.174.191.28 - - [05/Apr/2019:09:36:30 -0300] "GET / HTTP/1.0" 200 11197
186.103.159.186 - - [05/Apr/2019:09:36:30 -0300] "GET /cormun/servlet/trsolicitudot HTTP/1.1" 200 9049
186.103.159.186 - - [05/Apr/2019:09:36:32 -0300] "GET /cormun/servlet/trsolicitudot HTTP/1.1" 200 9045
186.103.159.186 - - [05/Apr/2019:09:36:41 -0300] "POST /cormun/servlet/trsolicitudot?bd0a1dca12c4f29bbbb1300e9f74a285,gx-no-cache=1554467579722 HTTP/1.1" 200 106
186.103.159.186 - - [05/Apr/2019:09:36:41 -0300] "GET /cormun/servlet/solicitudot?UPD,2019,15147, HTTP/1.1" 200 15587
186.103.159.186 - - [05/Apr/2019:09:36:43 -0300] "GET /cormun/servlet/solicitudot?UPD,2019,15147, HTTP/1.1" 200 15596
186.103.159.186 - - [05/Apr/2019:09:36:43 -0300] "POST /cormun/servlet/solicitudot?gx-no-cache=1554467582079 HTTP/1.1" 200 3558
186.103.159.186 - - [05/Apr/2019:09:36:44 -0300] "POST /cormun/servlet/solicitudot?bd0a1dca12c4f29bbbb1300e9f74a285,UPD,2019,15147,,gx-no-cache=1554467582415 HTTP/1.1" 200 11924
186.103.159.186 - - [05/Apr/2019:09:36:44 -0300] "GET /cormun/servlet/solicitudot?164aa8d640c8b4ee87757ee57b31d72e92c2106783833822d8a897db8b262303feb417818b15c91f2d6090c096a87c1f,gx-no-cache=1554467582918 HTTP/1.1" 200 30
186.103.159.186 - - [05/Apr/2019:09:36:44 -0300] "GET /cormun/servlet/solicitudot?164aa8d640c8b4ee87757ee57b31d72eefcccaf7e1375908076b15cb522d1f69291e973ff260996f1fbcb0bc52c5da3b,gx-no-cache=1554467582981 HTTP/1.1" 200 30
186.103.159.186 - - [05/Apr/2019:09:36:44 -0300] "GET /cormun/servlet/solicitudot?164aa8d640c8b4ee87757ee57b31d72e91d14c482581f01c498f47c2680dd4e9a03898646e74b699d07c0f5eb05635f4,gx-no-cache=1554467583020 HTTP/1.1" 200 45
186.103.159.186 - - [05/Apr/2019:09:36:44 -0300] "POST /cormun/servlet/solicitudot?gx-no-cache=1554467583066 HTTP/1.1" 200 256
186.103.159.186 - - [05/Apr/2019:09:36:45 -0300] "GET /cormun/servlet/solicitudot?164aa8d640c8b4ee87757ee57b31d72e25a94c0b5b94e6d59420b6ede332f8ee1b68f321b758f6693dec207319c61a313e57756ba91df91dbf8721b5beea67ff01873b34ddb33649b6ea4f61af7c710f3afa997a855ab7957c5b4b557dd7a3870785687d52f562f235f12ff30debbc321eb40758c96ed9b535a3ff00ea216403980d7ba6a6340520a1ab4e816838d8c71d1879b259bbc61e2106f009af6c402bbbb34358a8fc659895ab7180420a28d88654805a58b0f0873abccd3555231c0d4e524033c3095e3ffe55733f721b08b9826a1ba6fa49fba80d347db77f6adcf9cb4302073696ba6da1c90fcfa97783614d400022f010c25a78c07b9da05125f071a27f0cb111fff41184861c22cec503487f79d599e1bbcfe65c8ed9279b5bcc863aef14f910529eb775ca4eb52a22cc92c619b4d28bfdca2824054614acd61c1a63dffc9cdad7cb4c9e0aa5ad14ec51d132e64e23052270788a9571add220c1df90b7e5868c30191c737db6c1d6ea6b9bb1a0c554eb86cf82454dd877bfd785,gx-no-cache=1554467583130 HTTP/1.1" 200 30
186.103.159.186 - - [05/Apr/2019:09:36:45 -0300] "POST /cormun/servlet/solicitudot?gx-no-cache=1554467583521 HTTP/1.1" 200 30
186.103.159.186 - - [05/Apr/2019:09:36:45 -0300] "POST /cormun/servlet/solicitudot?gx-no-cache=1554467583581 HTTP/1.1" 200 1335
186.103.159.186 - - [05/Apr/2019:09:36:45 -0300] "POST /cormun/servlet/solicitudot?gx-no-cache=1554467583670 HTTP/1.1" 200 40
186.103.159.186 - - [05/Apr/2019:09:36:46 -0300] "GET /cormun/servlet/solicitudot?164aa8d640c8b4ee87757ee57b31d72ebe54d1481089375c944fdf72b2f21d33a1176631e227d753f318c5182394b917f13512f3ddb918b5f4ff0d5bbb72bc7815965dd106d1f65d3887eb71fa232744caf1872f4e79b8d2a49db0910ccd9971fa2dd870fc00f857cbf4420c94a914e0,gx-no-cache=1554467584819 HTTP/1.1" 200 110
186.103.159.186 - - [05/Apr/2019:09:36:46 -0300] "POST /cormun/servlet/solicitudot?gx-no-cache=1554467584861 HTTP/1.1" 200 97
186.103.159.186 - - [05/Apr/2019:09:36:46 -0300] "GET /cormun/servlet/solicitudot?164aa8d640c8b4ee87757ee57b31d72e5b3a0d3f9dc017e746f9c33bba9adf9ba24669154ab7072fc38e582bc73448ad7b561a5b51094afe877b4a113931d31b815ad886297b3a150b82d4409480a6525fabea00e15bd9b7ecc05a01d3fb9df72b5c5e8ae556871d8ee4ed78fd189fb09e28b4a3a742c171cf3e39e6ebea36ba91ca613b6aeac957ceaca83a8e5b66055f5e3439e3cb3f7f28a513e4a6d0eab71d31953d79fac5b14f966f4fcbde656a61f561664d9afef70f4b6fd082ef1d23d0d08866d280be4f26d7bd9077c9275c,gx-no-cache=1554467584912 HTTP/1.1" 200 29
186.103.159.186 - - [05/Apr/2019:09:36:46 -0300] "GET /cormun/static/menuarrow.gif HTTP/1.1" 404 1015
186.67.172.234 - - [05/Apr/2019:09:36:50 -0300] "POST /cormun/servlet/solicitudot?gx-no-cache=1554467582019 HTTP/1.1" 200 240
186.67.172.234 - - [05/Apr/2019:09:36:50 -0300] "GET /cormun/servlet/solicitudot?a7ba08cc79cfc483bc9f3cdf516be47a93c4df1c2722e5f4e80ecf052692ebf44734c95a1a4e1801d6f61049345bbb6708edff6196e6c6ccea016123b2ee7cd328f91aca85474b3d93c9921d584def9dc291c72f4f86890269a54be5144289b393f0b830c5bffa83fffa58648a9ac8dc67de0487993fa2825d8ac4d8d43dd681edecc8cf2c9fea9f88ec4974c24e65395da0db4c62ce3325ac8b91535f647ecc04455504b24560648cfd9bba156f4977701bedf682835815e5976ef8a802766f9e550aed9855ccdf454d82beaf0431264c22c65832a252c4b0949d9e9b616f4a66bdadf9d6ba71c487746a4e0e083821fcd4b4c8a4d45bc26e97cbf57a6b2f760bf195b26ac171229e8001b6bace8be8a43c1784bfae261686f2ed8c5f48133179eff516a7060d3408e1f6a578c5f4ced72ed34e0fcc9229c1d178967567c8b641c199ed4d5b75e93a70d5417f3fc14d241661dafcc956e10ca147074d6863c0b4634bd4c145d1e5214e0cdb8457d4bc234de768ac12874de6bc14bcf5589889,gx-no-cache=1554467582071 HTTP/1.1" 200 30
186.67.172.234 - - [05/Apr/2019:09:36:50 -0300] "POST /cormun/servlet/solicitudot?gx-no-cache=1554467582089 HTTP/1.1" 200 30
186.103.159.186 - - [05/Apr/2019:09:36:57 -0300] "POST /cormun/servlet/solicitudot?gx-no-cache=1554467596042 HTTP/1.1" 200 76
186.67.172.234 - - [05/Apr/2019:09:36:58 -0300] "POST /cormun/servlet/solicitudot?dfc4b6107ab5a2e1aaf390a095c73583,INS,0,0,,gx-no-cache=1554467590350 HTTP/1.1" 200 93
186.67.172.234 - - [05/Apr/2019:09:36:58 -0300] "GET /cormun/servlet/hpexe_return? HTTP/1.1" 200 1008
186.67.172.234 - - [05/Apr/2019:09:36:58 -0300] "GET /cormun/servlet/trsolicitudot HTTP/1.1" 200 7562
186.67.172.234 - - [05/Apr/2019:09:36:59 -0300] "GET /cormun/servlet/trsolicitudot HTTP/1.1" 200 7559
186.103.159.186 - - [05/Apr/2019:09:37:02 -0300] "GET /cormun/servlet/solicitudot?164aa8d640c8b4ee87757ee57b31d72ebe54d1481089375c944fdf72b2f21d33a1176631e227d753f318c5182394b917f13512f3ddb918b5f4ff0d5bbb72bc7815965dd106d1f65d3887eb71fa232744caf1872f4e79b8d2a49db0910ccd9971fa2dd870fc00f857cbf4420c94a914e0,gx-no-cache=1554467600968 HTTP/1.1" 200 110
186.103.159.186 - - [05/Apr/2019:09:37:08 -0300] "GET /cormun/servlet/solicitudot?164aa8d640c8b4ee87757ee57b31d72ecbe092fef97f4a05ecfde0102f304f5a711d92ef9409623d73df0cb7c7de0250,gx-no-cache=1554467607126 HTTP/1.1" 200 30
186.103.159.186 - - [05/Apr/2019:09:37:21 -0300] "POST /cormun/servlet/solicitudot?gx-no-cache=1554467619477 HTTP/1.1" 200 33
186.103.159.186 - - [05/Apr/2019:09:37:22 -0300] "POST /cormun/servlet/solicitudot?bd0a1dca12c4f29bbbb1300e9f74a285,UPD,2019,15147,,gx-no-cache=1554467619631 HTTP/1.1" 200 93
186.103.159.186 - - [05/Apr/2019:09:37:22 -0300] "GET /cormun/servlet/hpexe_return? HTTP/1.1" 200 1014
186.103.159.186 - - [05/Apr/2019:09:37:22 -0300] "GET /cormun/servlet/trsolicitudot HTTP/1.1" 200 9042
186.103.159.186 - - [05/Apr/2019:09:37:24 -0300] "GET /cormun/servlet/trsolicitudot HTTP/1.1" 200 9038
186.103.159.186 - - [05/Apr/2019:09:37:40 -0300] "GET /cormun/servlet/solicitudot?INS,0,0, HTTP/1.1" 200 14922
186.103.159.186 - - [05/Apr/2019:09:37:42 -0300] "GET /cormun/servlet/solicitudot?INS,0,0, HTTP/1.1" 200 14927
186.103.159.186 - - [05/Apr/2019:09:37:54 -0300] "POST /cormun/servlet/solicitudot?gx-no-cache=1554467653027 HTTP/1.1" 200 3540
186.103.159.186 - - [05/Apr/2019:09:37:55 -0300] "POST /cormun/servlet/solicitudot?bd0a1dca12c4f29bbbb1300e9f74a285,INS,0,0,,gx-no-cache=1554467653335 HTTP/1.1" 200 11787
192.168.10.96 - - [05/Apr/2019:09:38:53 -0300] "POST /cormun/servlet/trsolicitudgral?2a7d9f12142cd1eaed89abc00ec0df31,,gx-no-cache=1554474732639 HTTP/1.1" 200 25674
192.168.10.96 - - [05/Apr/2019:09:38:59 -0300] "POST /cormun/servlet/trsolicitudgral?2a7d9f12142cd1eaed89abc00ec0df31,,gx-no-cache=1554474738683 HTTP/1.1" 200 25674
190.171.141.90 - - [05/Apr/2019:09:39:13 -0300] "GET /cormun/servlet/hlogin HTTP/1.1" 200 1731
190.171.141.90 - - [05/Apr/2019:09:39:13 -0300] "GET /cormun/servlet/hlogin HTTP/1.1" 200 1734
190.171.152.138 - - [05/Apr/2019:09:39:14 -0300] "GET /cormun/servlet/solicitudotadjuntos?e1064ea8abfde78d4ca5553fb423ab027cf4c143f0d5a50c4d95d3bdb8bc47a0,gx-no-cache=1554467732522 HTTP/1.1" 200 30
190.171.152.138 - - [05/Apr/2019:09:39:14 -0300] "GET /cormun/servlet/solicitudotadjuntos?e1064ea8abfde78d4ca5553fb423ab027cf4c143f0d5a50c4d95d3bdb8bc47a0,gx-no-cache=1554467732723 HTTP/1.1" 200 30
190.171.141.90 - - [05/Apr/2019:09:39:19 -0300] "POST /cormun/servlet/hlogin?b7b77213800b83d614b830c5ff8e7676,gx-no-cache=1554467738200 HTTP/1.1" 200 446
190.171.141.90 - - [05/Apr/2019:09:39:23 -0300] "POST /cormun/servlet/hlogin?b7b77213800b83d614b830c5ff8e7676,gx-no-cache=1554467742230 HTTP/1.1" 200 446
190.171.152.138 - - [05/Apr/2019:09:39:25 -0300] "POST /cormun/servlet/solicitudotadjuntos?df2404e4ccc9f779ad3106aef484efc9,INS,2019,15150,,1, HTTP/1.1" 200 116
190.171.152.138 - - [05/Apr/2019:09:39:25 -0300] "GET /cormun/servlet/hpexe_return? HTTP/1.1" 200 1024
190.171.152.138 - - [05/Apr/2019:09:39:25 -0300] "GET /cormun/servlet/trsolicitudadjuntos?2019,15150, HTTP/1.1" 200 8971
190.171.152.138 - - [05/Apr/2019:09:39:26 -0300] "GET /cormun/servlet/trsolicitudadjuntos?2019,15150, HTTP/1.1" 200 8970
190.171.141.90 - - [05/Apr/2019:09:39:28 -0300] "POST /cormun/servlet/hlogin?b7b77213800b83d614b830c5ff8e7676,gx-no-cache=1554467747058 HTTP/1.1" 200 90
190.171.141.90 - - [05/Apr/2019:09:39:28 -0300] "GET /cormun/servlet/hpexe_link HTTP/1.1" 200 953
190.171.141.90 - - [05/Apr/2019:09:39:28 -0300] "GET /cormun/servlet/hhome HTTP/1.1" 200 4217
190.171.141.90 - - [05/Apr/2019:09:39:29 -0300] "GET /cormun/servlet/hhome HTTP/1.1" 200 4214
190.171.141.90 - - [05/Apr/2019:09:39:35 -0300] "GET /cormun/servlet/trsolicitudot? HTTP/1.1" 200 7433
190.171.141.90 - - [05/Apr/2019:09:39:36 -0300] "GET /cormun/servlet/trsolicitudot? HTTP/1.1" 200 7432
190.171.141.90 - - [05/Apr/2019:09:39:43 -0300] "POST /cormun/servlet/trsolicitudot?b7b77213800b83d614b830c5ff8e7676,,gx-no-cache=1554467761194 HTTP/1.1" 200 20345
190.171.152.138 - - [05/Apr/2019:09:40:00 -0300] "GET /cormun/servlet/solicitudotadjuntos?INS,2019,15150,,1, HTTP/1.1" 200 6341
190.171.152.138 - - [05/Apr/2019:09:40:00 -0300] "GET /cormun/static/about:blank HTTP/1.1" 404 1011
190.171.152.138 - - [05/Apr/2019:09:40:00 -0300] "GET /cormun/servlet/solicitudotadjuntos?INS,2019,15150,,1, HTTP/1.1" 200 6334
190.171.152.138 - - [05/Apr/2019:09:40:01 -0300] "GET /cormun/servlet/solicitudotadjuntos?e1064ea8abfde78d4ca5553fb423ab02ecb3762025380f4eabbd7ca9b6e82181042e4596ab21c09afbd48b307972907b,gx-no-cache=1554467779378 HTTP/1.1" 200 30
190.171.152.138 - - [05/Apr/2019:09:40:01 -0300] "POST /cormun/servlet/solicitudotadjuntos?df2404e4ccc9f779ad3106aef484efc9,INS,2019,15150,,1,,gx-no-cache=1554467779599 HTTP/1.1" 200 4054
190.171.152.138 - - [05/Apr/2019:09:40:02 -0300] "POST /cormun/servlet/solicitudotadjuntos?gx-no-cache=1554467781164 HTTP/1.1" 200 26
190.171.152.138 - - [05/Apr/2019:09:40:08 -0300] "POST /cormun/servlet/solicitudotadjuntos?gx-no-cache=1554467786881 HTTP/1.1" 200 26
186.103.159.186 - - [05/Apr/2019:09:40:27 -0300] "GET /cormun/servlet/solicitudot?164aa8d640c8b4ee87757ee57b31d72e33a316dae21ca01c83a2794b669048c3f2f239ac540d34ab4839c4bc1bbf3258,gx-no-cache=1554467805959 HTTP/1.1" 200 30
186.103.159.186 - - [05/Apr/2019:09:40:27 -0300] "GET /cormun/servlet/solicitudot?164aa8d640c8b4ee87757ee57b31d72eeaaad633a98c30cdae68ac03fea91484,gx-no-cache=1554467806087 HTTP/1.1" 200 103
186.103.159.186 - - [05/Apr/2019:09:40:27 -0300] "GET /cormun/static/Shared/jqueryui/images/ui-bg_highlight-soft_100_c6c2c8_1x100.png HTTP/1.1" 404 1117
186.103.159.186 - - [05/Apr/2019:09:40:27 -0300] "GET /cormun/static/Shared/jqueryui/images/ui-icons_82798d_256x240.png HTTP/1.1" 404 1089
186.103.159.186 - - [05/Apr/2019:09:40:27 -0300] "GET /cormun/static/Shared/jqueryui/images/ui-bg_flat_55_994d53_40x100.png HTTP/1.1" 404 1097
186.103.159.186 - - [05/Apr/2019:09:40:27 -0300] "GET /cormun/static/Shared/jqueryui/images/ui-icons_ebccce_256x240.png HTTP/1.1" 404 1089
186.103.159.186 - - [05/Apr/2019:09:40:27 -0300] "GET /cormun/servlet/solicitudot?164aa8d640c8b4ee87757ee57b31d72e3a61a37624b1b1aff087f3b7a5b6cb59,gx-no-cache=1554467806196 HTTP/1.1" 200 51
186.103.159.186 - - [05/Apr/2019:09:40:28 -0300] "POST /cormun/servlet/solicitudot?gx-no-cache=1554467806247 HTTP/1.1" 200 255
186.103.159.186 - - [05/Apr/2019:09:40:28 -0300] "GET /cormun/servlet/solicitudot?164aa8d640c8b4ee87757ee57b31d72e25a94c0b5b94e6d59420b6ede332f8eed14e207d5683d99675de3ae970807e473e57756ba91df91dbf8721b5beea67ff01873b34ddb33649b6ea4f61af7c710f3afa997a855ab7957c5b4b557dd7a3870785687d52f562f235f12ff30debbc321eb40758c96ed9b535a3ff00ea216403980d7ba6a6340520a1ab4e816838d8c71d1879b259bbc61e2106f009af6c402bbbb34358a8fc659895ab7180420a28d88654805a58b0f0873abccd3555231c0d4e524033c3095e3ffe55733f721b08b9826a1ba6fa49fba80d347db77f6adcf9cb4302073696ba6da1c90fcfa97783614d400022f010c25a78c07b9da05125f071a27f0cb111fff41184861c22cec5034b06c09d5c84454db8e50dc76ba5f54a0b0cb1a1cf145ccb964dc61578ad16f63e03a82637e776b81ba7fa7952795503c0b2f4bba2bb362677358de84e37c50603bc524d306b6922677e8e43c9721422015f91d7a16c60e923d35d2f782d2ad1c340bfe70f9b9e8112a3d5675205bdf6,gx-no-cache=1554467806318 HTTP/1.1" 200 30
186.103.159.186 - - [05/Apr/2019:09:40:30 -0300] "POST /cormun/servlet/solicitudot?gx-no-cache=1554467809110 HTTP/1.1" 200 30
186.103.159.186 - - [05/Apr/2019:09:40:32 -0300] "GET /cormun/servlet/prsolicitudot?15754372,,,,,MD,,gxPopupLevel%3D0%3B HTTP/1.1" 200 5956
186.103.159.186 - - [05/Apr/2019:09:40:38 -0300] "POST /cormun/servlet/solicitudot?gx-no-cache=1554467816641 HTTP/1.1" 200 1334
186.103.159.186 - - [05/Apr/2019:09:40:38 -0300] "POST /cormun/servlet/solicitudot?gx-no-cache=1554467816784 HTTP/1.1" 200 38
186.103.159.186 - - [05/Apr/2019:09:40:38 -0300] "GET /cormun/servlet/solicitudot?164aa8d640c8b4ee87757ee57b31d72ebe54d1481089375c944fdf72b2f21d33a1176631e227d753f318c5182394b917f13512f3ddb918b5f4ff0d5bbb72bc7815965dd106d1f65d3887eb71fa232744caf1872f4e79b8d2a49db0910ccd9971fa2dd870fc00f857cbf4420c94a914e0,gx-no-cache=1554467816843 HTTP/1.1" 200 110
186.103.159.186 - - [05/Apr/2019:09:40:38 -0300] "POST /cormun/servlet/solicitudot?gx-no-cache=1554467816894 HTTP/1.1" 200 110
186.103.159.186 - - [05/Apr/2019:09:40:38 -0300] "GET /cormun/servlet/solicitudot?164aa8d640c8b4ee87757ee57b31d72e8bb25ea7c3326531f124cd10bc6937c9fb9d152e6d49ef83895aa78e417ec11e76f1fc96e7d430669e65cd3836199c281af81edfc9b7a965fa3cce5ae280cf74c114d4453de07c5b4137b084d115fb4862e4cdb17bb430a3feeb6747044518749134b3890b1d59fb27cb136e8d47a12e77020412d13f17846b4902eb2419284a220767f3b5338a4d769d5e2e1f4af5d4dd62035f4c52df5584029ce1952126f86a4a211353251ce90abd5887dbd2ad29459e8dfe7a8e7bf64966175ab0764938,gx-no-cache=1554467816952 HTTP/1.1" 200 29
186.103.159.186 - - [05/Apr/2019:09:40:38 -0300] "GET /cormun/servlet/solicitudot?164aa8d640c8b4ee87757ee57b31d72e7c9b8fbacb0db9be9d39fba0764029cc711d92ef9409623d73df0cb7c7de0250,gx-no-cache=1554467816991 HTTP/1.1" 200 134
186.103.159.186 - - [05/Apr/2019:09:40:50 -0300] "GET /cormun/servlet/solicitudot?164aa8d640c8b4ee87757ee57b31d72e6a2e80798afbda2a5ce3aeaf940f2d8c,gx-no-cache=1554467828228 HTTP/1.1" 200 94
186.103.159.186 - - [05/Apr/2019:09:40:50 -0300] "POST /cormun/servlet/solicitudot?gx-no-cache=1554467828332 HTTP/1.1" 200 256
186.103.159.186 - - [05/Apr/2019:09:40:50 -0300] "GET /cormun/servlet/solicitudot?164aa8d640c8b4ee87757ee57b31d72e25a94c0b5b94e6d59420b6ede332f8eed14e207d5683d99675de3ae970807e473e57756ba91df91dbf8721b5beea67ff01873b34ddb33649b6ea4f61af7c710f3afa997a855ab7957c5b4b557dd7a3870785687d52f562f235f12ff30debbc321eb40758c96ed9b535a3ff00ea216403980d7ba6a6340520a1ab4e816838d8c71d1879b259bbc61e2106f009af6c402bbbb34358a8fc659895ab7180420a28d88654805a58b0f0873abccd3555231c0d4e524033c3095e3ffe55733f721b08b9826a1ba6fa49fba80d347db77f6adcf9cb4302073696ba6da1c90fcfa97783614d400022f010c25a78c07b9da05125f071a27f0cb111fff41184861c22cec5034b06c09d5c84454db8e50dc76ba5f54a0b0cb1a1cf145ccb964dc61578ad16f63e03a82637e776b81ba7fa7952795503c0b2f4bba2bb362677358de84e37c50603bc524d306b6922677e8e43c9721422015f91d7a16c60e923d35d2f782d2ad1542db804d15c9be7c30d491a4641f468,gx-no-cache=1554467828386 HTTP/1.1" 200 30
186.103.159.186 - - [05/Apr/2019:09:40:50 -0300] "POST /cormun/servlet/solicitudot?gx-no-cache=1554467828422 HTTP/1.1" 200 30
186.103.159.186 - - [05/Apr/2019:09:40:50 -0300] "POST /cormun/servlet/solicitudot?gx-no-cache=1554467828832 HTTP/1.1" 200 1334
186.103.159.186 - - [05/Apr/2019:09:40:50 -0300] "POST /cormun/servlet/solicitudot?gx-no-cache=1554467828915 HTTP/1.1" 200 41
186.103.159.186 - - [05/Apr/2019:09:40:50 -0300] "GET /cormun/servlet/solicitudot?164aa8d640c8b4ee87757ee57b31d72ebe54d1481089375c944fdf72b2f21d33a1176631e227d753f318c5182394b917f13512f3ddb918b5f4ff0d5bbb72bc7815965dd106d1f65d3887eb71fa232744caf1872f4e79b8d2a49db0910ccd9971fa2dd870fc00f857cbf4420c94a914e0,gx-no-cache=1554467828954 HTTP/1.1" 200 110
190.171.152.138 - - [05/Apr/2019:09:40:53 -0300] "POST /cormun/servlet/solicitudotadjuntos?gx-no-cache=1554467832041 HTTP/1.1" 200 26
186.103.159.186 - - [05/Apr/2019:09:40:53 -0300] "POST /cormun/servlet/solicitudot?gx-no-cache=1554467831163 HTTP/1.1" 200 69
190.171.152.138 - - [05/Apr/2019:09:40:59 -0300] "GET /cormun/servlet/solicitudotadjuntos?e1064ea8abfde78d4ca5553fb423ab027cf4c143f0d5a50c4d95d3bdb8bc47a0,gx-no-cache=1554467837362 HTTP/1.1" 200 30
190.171.152.138 - - [05/Apr/2019:09:40:59 -0300] "GET /cormun/servlet/solicitudotadjuntos?e1064ea8abfde78d4ca5553fb423ab027cf4c143f0d5a50c4d95d3bdb8bc47a0,gx-no-cache=1554467837414 HTTP/1.1" 200 30
190.171.152.138 - - [05/Apr/2019:09:40:59 -0300] "POST /cormun/servlet/solicitudotadjuntos?df2404e4ccc9f779ad3106aef484efc9,INS,2019,15150,,1, HTTP/1.1" 200 116
190.171.152.138 - - [05/Apr/2019:09:40:59 -0300] "GET /cormun/servlet/hpexe_return? HTTP/1.1" 200 1024
190.171.152.138 - - [05/Apr/2019:09:41:00 -0300] "GET /cormun/servlet/trsolicitudadjuntos?2019,15150, HTTP/1.1" 200 9187
186.103.159.186 - - [05/Apr/2019:09:41:00 -0300] "GET /cormun/static/menuarrow.gif HTTP/1.1" 404 1015
190.171.152.138 - - [05/Apr/2019:09:41:00 -0300] "GET /cormun/servlet/trsolicitudadjuntos?2019,15150, HTTP/1.1" 200 9187
190.171.152.138 - - [05/Apr/2019:09:41:02 -0300] "GET /cormun/servlet/solicitudotadjuntos?INS,2019,15150,,1, HTTP/1.1" 200 6341
190.171.152.138 - - [05/Apr/2019:09:41:02 -0300] "GET /cormun/static/about:blank HTTP/1.1" 404 1011
190.171.152.138 - - [05/Apr/2019:09:41:03 -0300] "GET /cormun/servlet/solicitudotadjuntos?INS,2019,15150,,1, HTTP/1.1" 200 6335
190.171.152.138 - - [05/Apr/2019:09:41:03 -0300] "GET /cormun/servlet/solicitudotadjuntos?e1064ea8abfde78d4ca5553fb423ab02ecb3762025380f4eabbd7ca9b6e82181042e4596ab21c09afbd48b307972907b,gx-no-cache=1554467841707 HTTP/1.1" 200 30
190.171.152.138 - - [05/Apr/2019:09:41:03 -0300] "POST /cormun/servlet/solicitudotadjuntos?df2404e4ccc9f779ad3106aef484efc9,INS,2019,15150,,1,,gx-no-cache=1554467841796 HTTP/1.1" 200 4054
190.171.152.138 - - [05/Apr/2019:09:41:06 -0300] "POST /cormun/servlet/solicitudotadjuntos?gx-no-cache=1554467844949 HTTP/1.1" 200 26
190.171.152.138 - - [05/Apr/2019:09:41:12 -0300] "GET /cormun/servlet/solicitudotadjuntos?e1064ea8abfde78d4ca5553fb423ab027cf4c143f0d5a50c4d95d3bdb8bc47a0,gx-no-cache=1554467850276 HTTP/1.1" 200 30
190.171.152.138 - - [05/Apr/2019:09:41:12 -0300] "GET /cormun/servlet/solicitudotadjuntos?e1064ea8abfde78d4ca5553fb423ab027cf4c143f0d5a50c4d95d3bdb8bc47a0,gx-no-cache=1554467850368 HTTP/1.1" 200 30
190.171.152.138 - - [05/Apr/2019:09:41:13 -0300] "POST /cormun/servlet/solicitudotadjuntos?df2404e4ccc9f779ad3106aef484efc9,INS,2019,15150,,1, HTTP/1.1" 200 116
190.171.152.138 - - [05/Apr/2019:09:41:13 -0300] "GET /cormun/servlet/hpexe_return? HTTP/1.1" 200 1024
190.171.152.138 - - [05/Apr/2019:09:41:13 -0300] "GET /cormun/servlet/trsolicitudadjuntos?2019,15150, HTTP/1.1" 200 9359
190.171.152.138 - - [05/Apr/2019:09:41:14 -0300] "GET /cormun/servlet/trsolicitudadjuntos?2019,15150, HTTP/1.1" 200 9359
186.103.159.186 - - [05/Apr/2019:09:41:16 -0300] "GET /cormun/servlet/solicitudot?164aa8d640c8b4ee87757ee57b31d72ecbe092fef97f4a05ecfde0102f304f5a711d92ef9409623d73df0cb7c7de0250,gx-no-cache=1554467854348 HTTP/1.1" 200 30
190.171.152.138 - - [05/Apr/2019:09:41:16 -0300] "GET /cormun/servlet/solicitudotadjuntos?INS,2019,15150,,1, HTTP/1.1" 200 6341
190.171.152.138 - - [05/Apr/2019:09:41:16 -0300] "GET /cormun/static/about:blank HTTP/1.1" 404 1011
190.171.152.138 - - [05/Apr/2019:09:41:16 -0300] "GET /cormun/servlet/solicitudotadjuntos?INS,2019,15150,,1, HTTP/1.1" 200 6335
190.171.152.138 - - [05/Apr/2019:09:41:17 -0300] "GET /cormun/servlet/solicitudotadjuntos?e1064ea8abfde78d4ca5553fb423ab02ecb3762025380f4eabbd7ca9b6e82181042e4596ab21c09afbd48b307972907b,gx-no-cache=1554467855393 HTTP/1.1" 200 30
190.171.152.138 - - [05/Apr/2019:09:41:17 -0300] "POST /cormun/servlet/solicitudotadjuntos?df2404e4ccc9f779ad3106aef484efc9,INS,2019,15150,,1,,gx-no-cache=1554467855521 HTTP/1.1" 200 4054
190.171.152.138 - - [05/Apr/2019:09:41:21 -0300] "POST /cormun/servlet/solicitudotadjuntos?gx-no-cache=1554467859596 HTTP/1.1" 200 26
190.171.152.138 - - [05/Apr/2019:09:41:26 -0300] "GET /cormun/servlet/solicitudotadjuntos?e1064ea8abfde78d4ca5553fb423ab027cf4c143f0d5a50c4d95d3bdb8bc47a0,gx-no-cache=1554467864828 HTTP/1.1" 200 30
190.171.152.138 - - [05/Apr/2019:09:41:26 -0300] "GET /cormun/servlet/solicitudotadjuntos?e1064ea8abfde78d4ca5553fb423ab027cf4c143f0d5a50c4d95d3bdb8bc47a0,gx-no-cache=1554467864845 HTTP/1.1" 200 30
190.171.152.138 - - [05/Apr/2019:09:41:28 -0300] "POST /cormun/servlet/solicitudotadjuntos?df2404e4ccc9f779ad3106aef484efc9,INS,2019,15150,,1, HTTP/1.1" 200 116
190.171.152.138 - - [05/Apr/2019:09:41:28 -0300] "GET /cormun/servlet/hpexe_return? HTTP/1.1" 200 1024
190.171.152.138 - - [05/Apr/2019:09:41:29 -0300] "GET /cormun/servlet/trsolicitudadjuntos?2019,15150, HTTP/1.1" 200 9584
190.171.152.138 - - [05/Apr/2019:09:41:30 -0300] "GET /cormun/servlet/trsolicitudadjuntos?2019,15150, HTTP/1.1" 200 9582
190.171.152.138 - - [05/Apr/2019:09:41:32 -0300] "GET /cormun/servlet/solicitudotadjuntos?INS,2019,15150,,1, HTTP/1.1" 200 6341
186.103.159.186 - - [05/Apr/2019:09:41:32 -0300] "POST /cormun/servlet/solicitudot?gx-no-cache=1554467869908 HTTP/1.1" 200 30
190.171.152.138 - - [05/Apr/2019:09:41:32 -0300] "GET /cormun/static/about:blank HTTP/1.1" 404 1011
190.171.152.138 - - [05/Apr/2019:09:41:32 -0300] "GET /cormun/servlet/solicitudotadjuntos?INS,2019,15150,,1, HTTP/1.1" 200 6335
190.171.152.138 - - [05/Apr/2019:09:41:32 -0300] "GET /cormun/servlet/solicitudotadjuntos?e1064ea8abfde78d4ca5553fb423ab02ecb3762025380f4eabbd7ca9b6e82181042e4596ab21c09afbd48b307972907b,gx-no-cache=1554467871098 HTTP/1.1" 200 30
190.171.152.138 - - [05/Apr/2019:09:41:32 -0300] "POST /cormun/servlet/solicitudotadjuntos?df2404e4ccc9f779ad3106aef484efc9,INS,2019,15150,,1,,gx-no-cache=1554467871140 HTTP/1.1" 200 4054
190.171.152.138 - - [05/Apr/2019:09:41:35 -0300] "POST /cormun/servlet/solicitudotadjuntos?gx-no-cache=1554467873588 HTTP/1.1" 200 26
190.171.152.138 - - [05/Apr/2019:09:41:40 -0300] "GET /cormun/servlet/solicitudotadjuntos?e1064ea8abfde78d4ca5553fb423ab027cf4c143f0d5a50c4d95d3bdb8bc47a0,gx-no-cache=1554467879045 HTTP/1.1" 200 30
190.171.152.138 - - [05/Apr/2019:09:41:40 -0300] "GET /cormun/servlet/solicitudotadjuntos?e1064ea8abfde78d4ca5553fb423ab027cf4c143f0d5a50c4d95d3bdb8bc47a0,gx-no-cache=1554467879116 HTTP/1.1" 200 30
190.171.152.138 - - [05/Apr/2019:09:41:41 -0300] "POST /cormun/servlet/solicitudotadjuntos?df2404e4ccc9f779ad3106aef484efc9,INS,2019,15150,,1, HTTP/1.1" 200 116
190.171.152.138 - - [05/Apr/2019:09:41:41 -0300] "GET /cormun/servlet/hpexe_return? HTTP/1.1" 200 1024
190.171.152.138 - - [05/Apr/2019:09:41:42 -0300] "GET /cormun/servlet/trsolicitudadjuntos?2019,15150, HTTP/1.1" 200 9830
190.171.152.138 - - [05/Apr/2019:09:41:42 -0300] "GET /cormun/servlet/trsolicitudadjuntos?2019,15150, HTTP/1.1" 200 9829
190.171.152.138 - - [05/Apr/2019:09:41:47 -0300] "POST /cormun/servlet/trsolicitudadjuntos?df2404e4ccc9f779ad3106aef484efc9,2019,15150,,gx-no-cache=1554467885894 HTTP/1.1" 200 90
190.171.152.138 - - [05/Apr/2019:09:41:47 -0300] "GET /cormun/servlet/hpexe_link HTTP/1.1" 200 966
190.171.152.138 - - [05/Apr/2019:09:41:47 -0300] "GET /cormun/servlet/trsolicitudot HTTP/1.1" 200 8870
190.171.152.138 - - [05/Apr/2019:09:41:48 -0300] "GET /cormun/servlet/trsolicitudot HTTP/1.1" 200 8868
186.103.159.186 - - [05/Apr/2019:09:41:49 -0300] "POST /cormun/servlet/solicitudot?bd0a1dca12c4f29bbbb1300e9f74a285,INS,0,0,,gx-no-cache=1554467887596 HTTP/1.1" 200 12144
190.171.152.138 - - [05/Apr/2019:09:41:53 -0300] "GET /cormun/servlet/trsolicitudot? HTTP/1.1" 200 8868
190.171.152.138 - - [05/Apr/2019:09:41:53 -0300] "GET /cormun/servlet/trsolicitudot? HTTP/1.1" 200 8869
190.171.152.138 - - [05/Apr/2019:09:41:58 -0300] "GET /cormun/servlet/solicitudot?INS,0,0, HTTP/1.1" 200 15179
190.171.152.138 - - [05/Apr/2019:09:41:59 -0300] "GET /cormun/servlet/solicitudot?INS,0,0, HTTP/1.1" 200 15184
186.103.159.186 - - [05/Apr/2019:09:42:32 -0300] "GET /cormun/servlet/solicitudot?164aa8d640c8b4ee87757ee57b31d72e9ca0f8fb734c1c2a906bffa4d8a05d1bc8f4d1934990b3cdb71866e1a6fb2c937825437e5b0fe5e1fb6c4835945f8116,gx-no-cache=1554467930224 HTTP/1.1" 200 30
186.103.159.186 - - [05/Apr/2019:09:42:32 -0300] "POST /cormun/servlet/solicitudot?gx-no-cache=1554467931013 HTTP/1.1" 200 256
186.103.159.186 - - [05/Apr/2019:09:42:33 -0300] "GET /cormun/servlet/solicitudot?164aa8d640c8b4ee87757ee57b31d72e25a94c0b5b94e6d59420b6ede332f8eed14e207d5683d99675de3ae970807e473e57756ba91df91dbf8721b5beea67ff01873b34ddb33649b6ea4f61af7c710f3afa997a855ab7957c5b4b557dd7a3870785687d52f562f235f12ff30debbc321eb40758c96ed9b535a3ff00ea216403980d7ba6a6340520a1ab4e816838d8c71d1879b259bbc61e2106f009af6c402bbbb34358a8fc659895ab7180420a28d88654805a58b0f0873abccd3555231c0d4e524033c3095e3ffe55733f721b08b9826a1ba6fa49fba80d347db77f6adcf9cb4302073696ba6da1c90fcfa97783614d400022f010c25a78c07b9da05125f071a27f0cb111fff41184861c22cec5034b06c09d5c84454db8e50dc76ba5f54a0b0cb1a1cf145ccb964dc61578ad16f63e03a82637e776b81ba7fa7952795503c0b2f4bba2bb362677358de84e37c50603bc524d306b6922677e8e43c9721422015f91d7a16c60e923d35d2f782d2ad1542db804d15c9be7c30d491a4641f468,gx-no-cache=1554467931250 HTTP/1.1" 200 30
186.103.159.186 - - [05/Apr/2019:09:42:33 -0300] "POST /cormun/servlet/solicitudot?gx-no-cache=1554467931411 HTTP/1.1" 200 30
186.103.159.186 - - [05/Apr/2019:09:42:33 -0300] "POST /cormun/servlet/solicitudot?gx-no-cache=1554467931556 HTTP/1.1" 200 1334
186.103.159.186 - - [05/Apr/2019:09:42:34 -0300] "POST /cormun/servlet/solicitudot?gx-no-cache=1554467932191 HTTP/1.1" 200 41
186.103.159.186 - - [05/Apr/2019:09:42:34 -0300] "GET /cormun/servlet/solicitudot?164aa8d640c8b4ee87757ee57b31d72ebe54d1481089375c944fdf72b2f21d33a1176631e227d753f318c5182394b917f13512f3ddb918b5f4ff0d5bbb72bc7815965dd106d1f65d3887eb71fa232744caf1872f4e79b8d2a49db0910ccd9971fa2dd870fc00f857cbf4420c94a914e0,gx-no-cache=1554467932320 HTTP/1.1" 200 110
186.103.159.186 - - [05/Apr/2019:09:42:35 -0300] "POST /cormun/servlet/solicitudot?gx-no-cache=1554467932457 HTTP/1.1" 200 109
186.103.159.186 - - [05/Apr/2019:09:42:35 -0300] "GET /cormun/servlet/solicitudot?164aa8d640c8b4ee87757ee57b31d72ecbe092fef97f4a05ecfde0102f304f5a711d92ef9409623d73df0cb7c7de0250,gx-no-cache=1554467933320 HTTP/1.1" 200 30
186.103.159.186 - - [05/Apr/2019:09:42:35 -0300] "POST /cormun/servlet/solicitudot?gx-no-cache=1554467933458 HTTP/1.1" 200 30
186.103.159.186 - - [05/Apr/2019:09:42:37 -0300] "POST /cormun/servlet/solicitudot?bd0a1dca12c4f29bbbb1300e9f74a285,INS,0,0,,gx-no-cache=1554467933622 HTTP/1.1" 200 12199
190.171.152.138 - - [05/Apr/2019:09:43:37 -0300] "POST /cormun/servlet/solicitudot?gx-no-cache=1554467995382 HTTP/1.1" 200 3457
190.171.152.138 - - [05/Apr/2019:09:43:37 -0300] "POST /cormun/servlet/solicitudot?df2404e4ccc9f779ad3106aef484efc9,INS,0,0,,gx-no-cache=1554467995958 HTTP/1.1" 200 11890
190.171.152.138 - - [05/Apr/2019:09:43:44 -0300] "GET /cormun/servlet/solicitudot?e1064ea8abfde78d4ca5553fb423ab02eb747042d08bf64d09f6a4a617a2b2388b6566e616a239eca229139609fee933,gx-no-cache=1554468002904 HTTP/1.1" 200 30
186.103.159.186 - - [05/Apr/2019:09:43:45 -0300] "POST /cormun/servlet/solicitudot?bd0a1dca12c4f29bbbb1300e9f74a285,INS,0,0,,gx-no-cache=1554468003043 HTTP/1.1" 200 93
186.103.159.186 - - [05/Apr/2019:09:43:46 -0300] "GET /cormun/servlet/hpexe_return? HTTP/1.1" 200 1007
186.103.159.186 - - [05/Apr/2019:09:43:46 -0300] "GET /cormun/servlet/trsolicitudot HTTP/1.1" 200 9042
186.103.159.186 - - [05/Apr/2019:09:43:48 -0300] "GET /cormun/servlet/trsolicitudot HTTP/1.1" 200 9038
186.103.159.186 - - [05/Apr/2019:09:44:27 -0300] "GET /cormun/servlet/solicitudot?INS,0,0, HTTP/1.1" 200 14923
186.103.159.186 - - [05/Apr/2019:09:44:30 -0300] "GET /cormun/servlet/solicitudot?INS,0,0, HTTP/1.1" 200 14928
186.103.159.186 - - [05/Apr/2019:09:44:49 -0300] "POST /cormun/servlet/solicitudot?gx-no-cache=1554468066553 HTTP/1.1" 200 3572
186.103.159.186 - - [05/Apr/2019:09:44:50 -0300] "POST /cormun/servlet/solicitudot?bd0a1dca12c4f29bbbb1300e9f74a285,INS,0,0,,gx-no-cache=1554468068209 HTTP/1.1" 200 11818
186.103.159.186 - - [05/Apr/2019:09:44:54 -0300] "GET /cormun/servlet/solicitudot?164aa8d640c8b4ee87757ee57b31d72e5748b1ea1119cec31ad6117d224ae298f2f239ac540d34ab4839c4bc1bbf3258,gx-no-cache=1554468072463 HTTP/1.1" 200 30
186.103.159.186 - - [05/Apr/2019:09:44:54 -0300] "GET /cormun/servlet/solicitudot?164aa8d640c8b4ee87757ee57b31d72e9d8a39ffa4e20e8e99b186730527881009e4c4bb25cb9e49e6c15f16a2aa455bf9358f8f484fd297856ade6dce01130b,gx-no-cache=1554468072615 HTTP/1.1" 200 30
186.103.159.186 - - [05/Apr/2019:09:44:54 -0300] "GET /cormun/servlet/solicitudot?164aa8d640c8b4ee87757ee57b31d72e3a61a37624b1b1aff087f3b7a5b6cb59,gx-no-cache=1554468072710 HTTP/1.1" 200 51
186.103.159.186 - - [05/Apr/2019:09:44:54 -0300] "POST /cormun/servlet/solicitudot?gx-no-cache=1554468072852 HTTP/1.1" 200 255
186.103.159.186 - - [05/Apr/2019:09:44:55 -0300] "GET /cormun/servlet/solicitudot?164aa8d640c8b4ee87757ee57b31d72e25a94c0b5b94e6d59420b6ede332f8eed14e207d5683d99675de3ae970807e473e57756ba91df91dbf8721b5beea67ff01873b34ddb33649b6ea4f61af7c710f3afa997a855ab7957c5b4b557dd7a3870785687d52f562f235f12ff30debbc321eb40758c96ed9b535a3ff00ea216403980d7ba6a6340520a1ab4e816838d8c71d1879b259bbc61e2106f009af6c402bbbb34358a8fc659895ab7180420a28d88654805a58b0f0873abccd3555231c0d4e524033c3095e3ffe55733f721b08b9826a1ba6fa49fba80d347db77f6adcf9cb4302073696ba6da1c90fcfa97783614d400022f010c25a78c07b9da05125f071a27f0cb111fff41184861c22cec5034b06c09d5c84454db8e50dc76ba5f54a0b0cb1a1cf145ccb964dc61578ad16f63e03a82637e776b81ba7fa7952795503c0b2f4bba2bb362677358de84e37c50603bc524d306b6922677e8e43c9721422015f91d7a16c60e923d35d2f782d2ad1c340bfe70f9b9e8112a3d5675205bdf6,gx-no-cache=1554468073013 HTTP/1.1" 200 30
186.103.159.186 - - [05/Apr/2019:09:44:57 -0300] "POST /cormun/servlet/solicitudot?gx-no-cache=1554468075743 HTTP/1.1" 200 30
186.103.159.186 - - [05/Apr/2019:09:44:59 -0300] "GET /cormun/servlet/prsolicitudot?16223523,,,,,MD,,gxPopupLevel%3D0%3B HTTP/1.1" 200 6497
186.103.159.186 - - [05/Apr/2019:09:45:04 -0300] "POST /cormun/servlet/solicitudot?gx-no-cache=1554468082828 HTTP/1.1" 200 1335
186.103.159.186 - - [05/Apr/2019:09:45:04 -0300] "POST /cormun/servlet/solicitudot?gx-no-cache=1554468082946 HTTP/1.1" 200 38
186.103.159.186 - - [05/Apr/2019:09:45:04 -0300] "GET /cormun/servlet/solicitudot?164aa8d640c8b4ee87757ee57b31d72ebe54d1481089375c944fdf72b2f21d33a1176631e227d753f318c5182394b917f13512f3ddb918b5f4ff0d5bbb72bc7815965dd106d1f65d3887eb71fa232744caf1872f4e79b8d2a49db0910ccd9971fa2dd870fc00f857cbf4420c94a914e0,gx-no-cache=1554468083054 HTTP/1.1" 200 110
186.103.159.186 - - [05/Apr/2019:09:45:05 -0300] "POST /cormun/servlet/solicitudot?gx-no-cache=1554468083180 HTTP/1.1" 200 97
186.103.159.186 - - [05/Apr/2019:09:45:05 -0300] "GET /cormun/servlet/solicitudot?164aa8d640c8b4ee87757ee57b31d72e8bb25ea7c3326531f124cd10bc6937c9fb9d152e6d49ef83895aa78e417ec11e76f1fc96e7d430669e65cd3836199c281af81edfc9b7a965fa3cce5ae280cf74c114d4453de07c5b4137b084d115fb4862e4cdb17bb430a3feeb6747044518749134b3890b1d59fb27cb136e8d47a12e77020412d13f17846b4902eb2419284a220767f3b5338a4d769d5e2e1f4af5d4dd62035f4c52df5584029ce1952126f86a4a211353251ce90abd5887dbd2ad29459e8dfe7a8e7bf64966175ab0764938,gx-no-cache=1554468083355 HTTP/1.1" 200 29
186.103.159.186 - - [05/Apr/2019:09:45:05 -0300] "GET /cormun/servlet/solicitudot?164aa8d640c8b4ee87757ee57b31d72e2ff280a7a611923a722885019b791c06711d92ef9409623d73df0cb7c7de0250,gx-no-cache=1554468083497 HTTP/1.1" 200 134
186.103.159.186 - - [05/Apr/2019:09:45:05 -0300] "GET /cormun/static/Shared/jqueryui/images/ui-bg_highlight-soft_100_c6c2c8_1x100.png HTTP/1.1" 404 1117
186.103.159.186 - - [05/Apr/2019:09:45:05 -0300] "GET /cormun/static/Shared/jqueryui/images/ui-bg_flat_55_994d53_40x100.png HTTP/1.1" 404 1097
186.103.159.186 - - [05/Apr/2019:09:45:05 -0300] "GET /cormun/static/Shared/jqueryui/images/ui-icons_ebccce_256x240.png HTTP/1.1" 404 1089
186.103.159.186 - - [05/Apr/2019:09:45:05 -0300] "GET /cormun/static/Shared/jqueryui/images/ui-icons_82798d_256x240.png HTTP/1.1" 404 1089
186.103.159.186 - - [05/Apr/2019:09:45:09 -0300] "POST /cormun/servlet/solicitudot?gx-no-cache=1554468087493 HTTP/1.1" 200 69
186.103.159.186 - - [05/Apr/2019:09:45:14 -0300] "GET /cormun/static/menuarrow.gif HTTP/1.1" 404 1015
186.103.159.186 - - [05/Apr/2019:09:45:22 -0300] "GET /cormun/servlet/solicitudot?164aa8d640c8b4ee87757ee57b31d72ecbe092fef97f4a05ecfde0102f304f5a711d92ef9409623d73df0cb7c7de0250,gx-no-cache=1554468100365 HTTP/1.1" 200 30
186.103.159.46 - - [05/Apr/2019:09:45:28 -0300] "GET /cormun/servlet/trsolicitudot? HTTP/1.1" 200 6423
186.103.159.186 - - [05/Apr/2019:09:45:29 -0300] "POST /cormun/servlet/solicitudot?gx-no-cache=1554468107442 HTTP/1.1" 200 33
186.103.159.46 - - [05/Apr/2019:09:45:31 -0300] "GET /cormun/servlet/trsolicitudot? HTTP/1.1" 200 6420
186.103.159.46 - - [05/Apr/2019:09:45:32 -0300] "GET /cormun/servlet/hlogin HTTP/1.1" 200 1740
190.171.152.138 - - [05/Apr/2019:09:45:42 -0300] "GET /cormun/servlet/solicitudot?e1064ea8abfde78d4ca5553fb423ab023673d244c8264bd8578141763c1f6bd0b07b9673ca910a5ca73fe088feb04db35877eb8723a6d97008b7f0e4a5a9e72e,gx-no-cache=1554468120739 HTTP/1.1" 200 30
190.171.152.138 - - [05/Apr/2019:09:45:45 -0300] "GET /cormun/servlet/solicitudot?e1064ea8abfde78d4ca5553fb423ab021f31779c1ad215554104d23f9d0cc741,gx-no-cache=1554468123865 HTTP/1.1" 200 53
186.103.159.46 - - [05/Apr/2019:09:45:46 -0300] "POST /cormun/servlet/hlogin?acded2278855494d56d1bbfef926ba33,gx-no-cache=1554468126394 HTTP/1.1" 200 452
186.103.159.46 - - [05/Apr/2019:09:45:53 -0300] "POST /cormun/servlet/hlogin?acded2278855494d56d1bbfef926ba33,gx-no-cache=1554468133348 HTTP/1.1" 200 90
186.103.159.46 - - [05/Apr/2019:09:45:53 -0300] "GET /cormun/servlet/hpexe_link HTTP/1.1" 200 959
186.103.159.46 - - [05/Apr/2019:09:45:54 -0300] "GET /cormun/servlet/trsolicitudot HTTP/1.1" 200 7098
186.103.159.46 - - [05/Apr/2019:09:45:57 -0300] "GET /cormun/servlet/trsolicitudot HTTP/1.1" 200 7097
186.103.159.186 - - [05/Apr/2019:09:45:59 -0300] "POST /cormun/servlet/solicitudot?bd0a1dca12c4f29bbbb1300e9f74a285,INS,0,0,,gx-no-cache=1554468137217 HTTP/1.1" 200 93
186.103.159.186 - - [05/Apr/2019:09:45:59 -0300] "GET /cormun/servlet/hpexe_return? HTTP/1.1" 200 1007
186.103.159.186 - - [05/Apr/2019:09:46:00 -0300] "GET /cormun/servlet/trsolicitudot HTTP/1.1" 200 9411
190.171.152.138 - - [05/Apr/2019:09:46:01 -0300] "POST /cormun/servlet/solicitudot?gx-no-cache=1554468139794 HTTP/1.1" 200 297
186.103.159.186 - - [05/Apr/2019:09:46:02 -0300] "GET /cormun/servlet/trsolicitudot HTTP/1.1" 200 9407
190.171.152.138 - - [05/Apr/2019:09:46:03 -0300] "GET /cormun/servlet/solicitudot?e1064ea8abfde78d4ca5553fb423ab02a741776f1e71140bf7521bd515cddf2013a2a73bd3ba020f115e28c9d92d2fb769ce5ef7b90d882ce825cbdba53237ab391804c883d73e50977f66af2a8359a50ec35d54cb21f11f84e845b07950dc3f7d9e6ce0103253d55e076fd654451a45100c9f3632956129d0395f54c62a8bac3f37daeef8917206c7f8e84595452c26622a455d80042cef1cd082ad2597e0353d422a6b1180b99014ebc669fb1bd8339fe5d9bdaea1d3aea3269576fcda48630a95f69450f734b86f7f669ea3ef8abcb2fc929c1189349138b7bd01ce240618760f5a5330022481fffaca02ea71c5ce59ba3fe6c2682b3c0b7a733bb15339092b244153bbd00eab70b7e9dad7a0c5158c1d69c3e3ef1064a577914fbb69a2c9bc9a92ade5a15dded5e892d15f58024b83561a7357fa0791d8a68c8841b468205c3b28b849a95f9349629e908c59bbcd9acb3df246cffc2fac22ba14ed09e29857c9930ff696538e7c2a0db8f596209e887d57689aea7cdf3e9ae6ac5161a0309ae6d4a060aedd48bddcc576524ce22a,gx-no-cache=1554468141322 HTTP/1.1" 200 30
190.171.152.138 - - [05/Apr/2019:09:46:04 -0300] "POST /cormun/servlet/solicitudot?gx-no-cache=1554468142826 HTTP/1.1" 200 30
190.171.152.138 - - [05/Apr/2019:09:46:06 -0300] "POST /cormun/servlet/solicitudot?gx-no-cache=1554468144496 HTTP/1.1" 200 1334
190.171.152.138 - - [05/Apr/2019:09:46:06 -0300] "POST /cormun/servlet/solicitudot?gx-no-cache=1554468144649 HTTP/1.1" 200 38
190.171.152.138 - - [05/Apr/2019:09:46:12 -0300] "GET /cormun/servlet/solicitudot?e1064ea8abfde78d4ca5553fb423ab025843433fa51a028ad150c54cc2e985f780156d6e5f5624c4b7e089aff95f10b792940bb96519e1dad610f1899070d29e1ed611b482fa696420de18fa009ea9168b566eab8cfa8ddef90771ea43b7a517192e8b6729aea660adae971f0af59c30,gx-no-cache=1554468151125 HTTP/1.1" 200 110
190.171.152.138 - - [05/Apr/2019:09:46:17 -0300] "POST /cormun/servlet/solicitudot?gx-no-cache=1554468155628 HTTP/1.1" 200 64
190.171.152.138 - - [05/Apr/2019:09:46:20 -0300] "GET /cormun/servlet/solicitudot?e1064ea8abfde78d4ca5553fb423ab0228033e463a94e65f6a52d348bafa79011e6a9f8c686de9d8f28ee03252c0e078b5ccd40f32acd875b3886512484dbdade605db4786705daf042124165c1463483b303962a243cc84fac684f2859a84c97effa6b7ea7130dff6751c47a1a3f753,gx-no-cache=1554468158618 HTTP/1.1" 200 29
190.171.152.138 - - [05/Apr/2019:09:46:24 -0300] "GET /cormun/static/menuarrow.gif HTTP/1.1" 404 1015
190.171.152.138 - - [05/Apr/2019:09:46:27 -0300] "GET /cormun/servlet/solicitudot?e1064ea8abfde78d4ca5553fb423ab026b0cfc6a040c8777a23cbf077edb66ac3117778164ebdeeee0938bd4f33bacdd,gx-no-cache=1554468165921 HTTP/1.1" 200 30
190.171.152.138 - - [05/Apr/2019:09:46:33 -0300] "POST /cormun/servlet/solicitudot?gx-no-cache=1554468171331 HTTP/1.1" 200 30
190.171.152.138 - - [05/Apr/2019:09:46:49 -0300] "POST /cormun/servlet/solicitudot?df2404e4ccc9f779ad3106aef484efc9,INS,0,0,,gx-no-cache=1554468185915 HTTP/1.1" 200 93
190.171.152.138 - - [05/Apr/2019:09:46:49 -0300] "GET /cormun/servlet/hpexe_return? HTTP/1.1" 200 1004
190.171.152.138 - - [05/Apr/2019:09:46:49 -0300] "GET /cormun/servlet/trsolicitudot HTTP/1.1" 200 9265
190.171.152.138 - - [05/Apr/2019:09:46:50 -0300] "GET /cormun/servlet/trsolicitudot HTTP/1.1" 200 9260
190.171.152.138 - - [05/Apr/2019:09:46:56 -0300] "POST /cormun/servlet/trsolicitudot?df2404e4ccc9f779ad3106aef484efc9,gx-no-cache=1554468194319 HTTP/1.1" 200 107
190.171.152.138 - - [05/Apr/2019:09:46:56 -0300] "GET /cormun/servlet/trsolicitudadjuntos?2019,15150, HTTP/1.1" 200 9822
190.171.152.138 - - [05/Apr/2019:09:46:57 -0300] "GET /cormun/servlet/trsolicitudadjuntos?2019,15150, HTTP/1.1" 200 9830
192.168.10.96 - - [05/Apr/2019:09:46:57 -0300] "POST /cormun/servlet/trsolicitudgral?2a7d9f12142cd1eaed89abc00ec0df31,,gx-no-cache=1554475215792 HTTP/1.1" 200 25602
190.171.152.138 - - [05/Apr/2019:09:46:58 -0300] "GET /cormun/servlet/trsolicitudot HTTP/1.1" 200 9265
192.168.10.96 - - [05/Apr/2019:09:46:58 -0300] "GET /cormun/static/Shared/jqueryui/images/ui-bg_highlight-soft_100_c6c2c8_1x100.png HTTP/1.1" 404 1117
192.168.10.96 - - [05/Apr/2019:09:46:58 -0300] "GET /cormun/static/Shared/jqueryui/images/ui-icons_82798d_256x240.png HTTP/1.1" 404 1089
192.168.10.96 - - [05/Apr/2019:09:46:58 -0300] "GET /cormun/static/Shared/jqueryui/images/ui-bg_flat_55_fafafa_40x100.png HTTP/1.1" 404 1097
192.168.10.96 - - [05/Apr/2019:09:46:58 -0300] "GET /cormun/static/Shared/jqueryui/images/ui-icons_8d78a5_256x240.png HTTP/1.1" 404 1089
190.171.152.138 - - [05/Apr/2019:09:46:58 -0300] "GET /cormun/servlet/trsolicitudot HTTP/1.1" 200 9260
190.171.152.138 - - [05/Apr/2019:09:47:01 -0300] "POST /cormun/servlet/trsolicitudot?df2404e4ccc9f779ad3106aef484efc9,gx-no-cache=1554468199276 HTTP/1.1" 200 107
190.171.152.138 - - [05/Apr/2019:09:47:01 -0300] "GET /cormun/servlet/trsolicitudadjuntos?2019,15153, HTTP/1.1" 200 6392
190.171.152.138 - - [05/Apr/2019:09:47:01 -0300] "GET /cormun/servlet/trsolicitudadjuntos?2019,15153, HTTP/1.1" 200 6392
190.171.152.138 - - [05/Apr/2019:09:47:03 -0300] "GET /cormun/servlet/solicitudotadjuntos?INS,2019,15153,,1, HTTP/1.1" 200 6341
190.171.152.138 - - [05/Apr/2019:09:47:03 -0300] "GET /cormun/static/about:blank HTTP/1.1" 404 1011
190.171.152.138 - - [05/Apr/2019:09:47:03 -0300] "GET /cormun/servlet/solicitudotadjuntos?INS,2019,15153,,1, HTTP/1.1" 200 6335
190.171.152.138 - - [05/Apr/2019:09:47:04 -0300] "GET /cormun/servlet/solicitudotadjuntos?e1064ea8abfde78d4ca5553fb423ab02d310a32a99647862c2dfb3d910087fea042e4596ab21c09afbd48b307972907b,gx-no-cache=1554468202588 HTTP/1.1" 200 30
190.171.152.138 - - [05/Apr/2019:09:47:04 -0300] "POST /cormun/servlet/solicitudotadjuntos?df2404e4ccc9f779ad3106aef484efc9,INS,2019,15153,,1,,gx-no-cache=1554468202688 HTTP/1.1" 200 4053
190.171.152.138 - - [05/Apr/2019:09:47:06 -0300] "POST /cormun/servlet/solicitudotadjuntos?gx-no-cache=1554468204233 HTTP/1.1" 200 26
192.168.10.96 - - [05/Apr/2019:09:47:06 -0300] "POST /cormun/servlet/trsolicitudgral?2a7d9f12142cd1eaed89abc00ec0df31,,gx-no-cache=1554475225806 HTTP/1.1" 200 5969
192.168.10.96 - - [05/Apr/2019:09:47:08 -0300] "POST /cormun/servlet/trsolicitudgral?2a7d9f12142cd1eaed89abc00ec0df31,,gx-no-cache=1554475227716 HTTP/1.1" 200 5969
192.168.10.96 - - [05/Apr/2019:09:47:08 -0300] "POST /cormun/servlet/trsolicitudgral?2a7d9f12142cd1eaed89abc00ec0df31,,gx-no-cache=1554475227893 HTTP/1.1" 200 5969
200.54.107.2 - - [05/Apr/2019:09:50:08 -0300] "GET /cormun/servlet/hlogin HTTP/1.1" 200 1722
200.54.107.2 - - [05/Apr/2019:09:50:21 -0300] "POST /cormun/servlet/hlogin?6e2095e47c27f2f22246bca6f7ffb793,gx-no-cache=1554468399602 HTTP/1.1" 200 90
200.54.107.2 - - [05/Apr/2019:09:50:21 -0300] "GET /cormun/servlet/hpexe_link HTTP/1.1" 200 950
200.54.107.2 - - [05/Apr/2019:09:50:21 -0300] "GET /cormun/servlet/hhome HTTP/1.1" 200 4305
200.54.107.2 - - [05/Apr/2019:09:50:23 -0300] "GET /cormun/servlet/hhome HTTP/1.1" 200 4301
200.54.107.2 - - [05/Apr/2019:09:50:28 -0300] "GET /cormun/servlet/trsolicitudot? HTTP/1.1" 200 7522
200.54.107.2 - - [05/Apr/2019:09:50:29 -0300] "GET /cormun/servlet/trsolicitudot? HTTP/1.1" 200 7522
200.54.107.2 - - [05/Apr/2019:09:50:36 -0300] "POST /cormun/servlet/trsolicitudot?6e2095e47c27f2f22246bca6f7ffb793,,gx-no-cache=1554468413659 HTTP/1.1" 200 12323
192.168.10.96 - - [05/Apr/2019:09:51:27 -0300] "POST /cormun/servlet/trsolicitudgral?2a7d9f12142cd1eaed89abc00ec0df31,,gx-no-cache=1554475486876 HTTP/1.1" 200 5969
186.103.159.186 - - [05/Apr/2019:09:53:28 -0300] "GET /cormun/servlet/solicitudot?INS,0,0, HTTP/1.1" 200 14923
186.103.159.186 - - [05/Apr/2019:09:53:30 -0300] "GET /cormun/servlet/solicitudot?INS,0,0, HTTP/1.1" 200 14927
186.103.159.186 - - [05/Apr/2019:09:53:42 -0300] "POST /cormun/servlet/solicitudot?gx-no-cache=1554468598952 HTTP/1.1" 200 3562
186.103.159.186 - - [05/Apr/2019:09:53:43 -0300] "POST /cormun/servlet/solicitudot?bd0a1dca12c4f29bbbb1300e9f74a285,INS,0,0,,gx-no-cache=1554468600550 HTTP/1.1" 200 11813
186.103.159.186 - - [05/Apr/2019:09:53:46 -0300] "GET /cormun/servlet/solicitudot?164aa8d640c8b4ee87757ee57b31d72e9aacb784b7b3309f537cfd76fc046763f2f239ac540d34ab4839c4bc1bbf3258,gx-no-cache=1554468604849 HTTP/1.1" 200 30
186.103.159.186 - - [05/Apr/2019:09:53:46 -0300] "GET /cormun/servlet/solicitudot?164aa8d640c8b4ee87757ee57b31d72efbdfcaa4db6eae51b0f8e9b98afb070c9139229b855c12fe6867e827e2f8b89d,gx-no-cache=1554468604986 HTTP/1.1" 200 30
186.103.159.186 - - [05/Apr/2019:09:53:46 -0300] "GET /cormun/servlet/solicitudot?164aa8d640c8b4ee87757ee57b31d72e3a61a37624b1b1aff087f3b7a5b6cb59,gx-no-cache=1554468605115 HTTP/1.1" 200 51
186.103.159.186 - - [05/Apr/2019:09:53:47 -0300] "POST /cormun/servlet/solicitudot?gx-no-cache=1554468605252 HTTP/1.1" 200 255
186.103.159.186 - - [05/Apr/2019:09:53:47 -0300] "GET /cormun/servlet/solicitudot?164aa8d640c8b4ee87757ee57b31d72e25a94c0b5b94e6d59420b6ede332f8eed14e207d5683d99675de3ae970807e473e57756ba91df91dbf8721b5beea67ff01873b34ddb33649b6ea4f61af7c710f3afa997a855ab7957c5b4b557dd7a3870785687d52f562f235f12ff30debbc321eb40758c96ed9b535a3ff00ea216403980d7ba6a6340520a1ab4e816838d8c71d1879b259bbc61e2106f009af6c402bbbb34358a8fc659895ab7180420a28d88654805a58b0f0873abccd3555231c0d4e524033c3095e3ffe55733f721b08b9826a1ba6fa49fba80d347db77f6adcf9cb4302073696ba6da1c90fcfa97783614d400022f010c25a78c07b9da05125f071a27f0cb111fff41184861c22cec5034b06c09d5c84454db8e50dc76ba5f54a0b0cb1a1cf145ccb964dc61578ad16f63e03a82637e776b81ba7fa7952795503c0b2f4bba2bb362677358de84e37c50603bc524d306b6922677e8e43c9721422015f91d7a16c60e923d35d2f782d2ad1c340bfe70f9b9e8112a3d5675205bdf6,gx-no-cache=1554468605418 HTTP/1.1" 200 30
186.103.159.186 - - [05/Apr/2019:09:53:49 -0300] "POST /cormun/servlet/solicitudot?gx-no-cache=1554468607698 HTTP/1.1" 200 30
186.103.159.186 - - [05/Apr/2019:09:53:55 -0300] "GET /cormun/servlet/prsolicitudot?18374182,,,,,MD,,gxPopupLevel%3D0%3B HTTP/1.1" 200 6500
186.103.159.186 - - [05/Apr/2019:09:53:59 -0300] "POST /cormun/servlet/solicitudot?gx-no-cache=1554468617427 HTTP/1.1" 200 1334
186.103.159.186 - - [05/Apr/2019:09:53:59 -0300] "POST /cormun/servlet/solicitudot?gx-no-cache=1554468617691 HTTP/1.1" 200 38
186.103.159.186 - - [05/Apr/2019:09:54:00 -0300] "GET /cormun/servlet/solicitudot?164aa8d640c8b4ee87757ee57b31d72ebe54d1481089375c944fdf72b2f21d33a1176631e227d753f318c5182394b917f13512f3ddb918b5f4ff0d5bbb72bc7815965dd106d1f65d3887eb71fa232744caf1872f4e79b8d2a49db0910ccd9971fa2dd870fc00f857cbf4420c94a914e0,gx-no-cache=1554468617805 HTTP/1.1" 200 110
186.103.159.186 - - [05/Apr/2019:09:54:01 -0300] "POST /cormun/servlet/solicitudot?gx-no-cache=1554468618430 HTTP/1.1" 200 97
186.103.159.186 - - [05/Apr/2019:09:54:01 -0300] "GET /cormun/servlet/solicitudot?164aa8d640c8b4ee87757ee57b31d72e8bb25ea7c3326531f124cd10bc6937c9fb9d152e6d49ef83895aa78e417ec11e76f1fc96e7d430669e65cd3836199c281af81edfc9b7a965fa3cce5ae280cf74c114d4453de07c5b4137b084d115fb4862e4cdb17bb430a3feeb6747044518749134b3890b1d59fb27cb136e8d47a12e77020412d13f17846b4902eb2419284a220767f3b5338a4d769d5e2e1f4af5d4dd62035f4c52df5584029ce1952126f86a4a211353251ce90abd5887dbd2ad29459e8dfe7a8e7bf64966175ab0764938,gx-no-cache=1554468619500 HTTP/1.1" 200 29
