190.171.141.82 - - [05/Apr/2019:08:48:35 -0300] "GET /cormun/servlet/trsolicitudadjuntos?2019,15124, HTTP/1.1" 200 9295
190.171.143.106 - - [05/Apr/2019:08:48:37 -0300] "POST /cormun/servlet/solicitudot?gx-no-cache=1554464694974 HTTP/1.1" 200 255
190.171.143.106 - - [05/Apr/2019:08:48:37 -0300] "GET /cormun/servlet/solicitudot?40469197ddb992d07549b2e63e1fef48312b42b8533ab2e7fc8e286a9ce37985ce1808a537528ce44c862793013c2df1b6728e66efdec3cd440d7e0109cf3fd3174d2d5a3d26689ca43bf56bc6c30dc191cb919367e029c9e36f2de615b7496991f5ff238abee77cbb975366097d677cde77f7c8d4c38b2adcd7417d78f6fa3ee4de12d616eff698dd1234b481d7046b34b9b535c645de374684ae515f14fc9e8330d4f64100cfae907c55e3c0ff05da939ff465510261da80e8c71de2c31276a072e5e3805b884b5e9fd1ee4f23e47bdda74538cccef6e8cb2a00918f1799a20baf3b25fba0f2c2e688e4bf82c67ba4ca967194b7c65dc4305be10d9566bfe311e9da6539d6d55931ab39162ed1dfebcbfac198d503774e396a16639f89b0add1730893872b4373de25602ccad366817bf3fb19a6008632fadcf7438fc19c1dd9ea36992dee904792d01408b757115548cb8980315fb894b1921e2bca629e2a3274ba22dd4ff3c6a1a01e7903f4cd839c843b2f91c67ba9db78baabf4f27e02,gx-no-cache=1554464695206 HTTP/1.1" 200 30
190.171.143.106 - - [05/Apr/2019:08:48:37 -0300] "POST /cormun/servlet/solicitudot?gx-no-cache=1554464695302 HTTP/1.1" 200 30
190.171.143.106 - - [05/Apr/2019:08:48:37 -0300] "POST /cormun/servlet/solicitudot?gx-no-cache=1554464695425 HTTP/1.1" 200 1334
190.171.143.106 - - [05/Apr/2019:08:48:38 -0300] "POST /cormun/servlet/solicitudot?gx-no-cache=1554464695586 HTTP/1.1" 200 38
190.171.143.106 - - [05/Apr/2019:08:48:38 -0300] "GET /cormun/servlet/solicitudot?40469197ddb992d07549b2e63e1fef4873944e4f931d2d31717c65432fb4a95bd7f1c374c16c06799be5a882e1c22a948d419b91646e12451547b37607ccc06b369c661d27b91506a03dfcd5dd04adf1a28b14124853bf4306c9e295a4aba21a5200267d786be8517fa0ea8059d0812e,gx-no-cache=1554464695739 HTTP/1.1" 200 110
190.171.143.106 - - [05/Apr/2019:08:48:38 -0300] "POST /cormun/servlet/solicitudot?gx-no-cache=1554464695903 HTTP/1.1" 200 97
190.171.141.138 - - [05/Apr/2019:08:48:38 -0300] "GET /cormun/servlet/solicitudot?dd2c1b2999cd6fe74638877c19e5afcf7cf6d0f18e937493a6d946bb457bb77a2787e654ac619ba26823102cd16a02f0,gx-no-cache=1554464696380 HTTP/1.1" 200 30
190.171.141.138 - - [05/Apr/2019:08:48:38 -0300] "GET /cormun/servlet/solicitudot?dd2c1b2999cd6fe74638877c19e5afcf502c5b4940026341abe7e2ca9196ca7d,gx-no-cache=1554464696573 HTTP/1.1" 200 53
190.171.141.82 - - [05/Apr/2019:08:48:38 -0300] "GET /cormun/servlet/solicitudotadjuntos?INS,2019,15124,,1, HTTP/1.1" 200 6384
190.171.141.82 - - [05/Apr/2019:08:48:39 -0300] "GET /cormun/static/about:blank HTTP/1.1" 404 1011
190.171.141.82 - - [05/Apr/2019:08:48:39 -0300] "GET /cormun/servlet/solicitudotadjuntos?INS,2019,15124,,1, HTTP/1.1" 200 6378
190.171.141.82 - - [05/Apr/2019:08:48:39 -0300] "GET /cormun/servlet/solicitudotadjuntos?d4467b3de920d96317532b5366bd795a6f3fbcea6d8e3a217e2a389e5067785d19916d5c2b83191564bba02e624d153b,gx-no-cache=1554464695282 HTTP/1.1" 200 30
190.171.141.82 - - [05/Apr/2019:08:48:39 -0300] "POST /cormun/servlet/solicitudotadjuntos?4032617c1c3e1728e67f072c049ef7fe,INS,2019,15124,,1,,gx-no-cache=1554464695398 HTTP/1.1" 200 4063
190.171.141.138 - - [05/Apr/2019:08:48:42 -0300] "POST /cormun/servlet/solicitudot?gx-no-cache=1554464700188 HTTP/1.1" 200 240
190.171.141.82 - - [05/Apr/2019:08:48:42 -0300] "POST /cormun/servlet/solicitudotadjuntos?gx-no-cache=1554464697875 HTTP/1.1" 200 26
190.171.141.138 - - [05/Apr/2019:08:48:42 -0300] "GET /cormun/servlet/solicitudot?dd2c1b2999cd6fe74638877c19e5afcf9d1e8ca10041755ab257879bb8c682e0de307a9c10259057eae24a030227957a24b20e396a94f15984da3a2d4da899667cee95a1e4f6ae9aa0bfe1a56bcc7765e1759f4a7890d49828ef146a61fb5b4974f363a8ae162eab7ae74111b0312e46066f5df5715c4bc62d620835d0f50ec18b69c71a070eef8bbec6e701a609b8e96b21a1ca20b46ed924327c576c89788f94fbfc874ab8a19c19a1dafe8ef1d231d18ef37046a86d277a20d2112683c238b250f27bd1b2fb609aa1ddc3edacbacddb3ae612e73522956c772b4c694b6da84b46274ccc36223115ca3eda3ab089f3e443d4fd297bb6a3e4b4c7c3af40a3c25d3dba59ee34239ae58b3ba98527f78f39b3741ed3db30b2c7f43cf78310f12b25fd909fde8e0f6384f52d877f3ad18df4e47ca81729b13a7cca5d0e2bd33efbb20ddd41734267f8c405cc9da79110170af9ff3273312cac7fd7bbee5b43b99f13701effd32c51540faccd80c7b501a67bd608a19cb623e387b9fb637129ab31,gx-no-cache=1554464700320 HTTP/1.1" 200 30
186.103.156.24 - - [05/Apr/2019:08:48:43 -0300] "GET /cormun/servlet/hlogin HTTP/1.1" 200 1723
190.171.143.106 - - [05/Apr/2019:08:48:43 -0300] "GET /cormun/servlet/solicitudot?40469197ddb992d07549b2e63e1fef485557f281ac43bf82801cc05d56fa3780e849adb8f3815c4b034c8c4410d15df1,gx-no-cache=1554464701359 HTTP/1.1" 200 134
190.171.143.106 - - [05/Apr/2019:08:48:43 -0300] "GET /cormun/static/Shared/jqueryui/images/ui-bg_highlight-soft_100_c6c2c8_1x100.png HTTP/1.1" 404 1117
190.171.143.106 - - [05/Apr/2019:08:48:44 -0300] "GET /cormun/static/Shared/jqueryui/images/ui-icons_82798d_256x240.png HTTP/1.1" 404 1089
190.171.143.106 - - [05/Apr/2019:08:48:44 -0300] "GET /cormun/static/Shared/jqueryui/images/ui-bg_flat_55_994d53_40x100.png HTTP/1.1" 404 1097
190.171.143.106 - - [05/Apr/2019:08:48:44 -0300] "GET /cormun/static/Shared/jqueryui/images/ui-icons_ebccce_256x240.png HTTP/1.1" 404 1089
190.171.141.138 - - [05/Apr/2019:08:48:45 -0300] "POST /cormun/servlet/solicitudot?gx-no-cache=1554464703363 HTTP/1.1" 200 30
190.171.141.82 - - [05/Apr/2019:08:48:49 -0300] "GET /cormun/servlet/solicitudotadjuntos?d4467b3de920d96317532b5366bd795a33e0fceb2e89c89e0180fb9d0edb70eb,gx-no-cache=1554464705243 HTTP/1.1" 200 30
190.171.141.82 - - [05/Apr/2019:08:48:49 -0300] "GET /cormun/servlet/solicitudotadjuntos?d4467b3de920d96317532b5366bd795a33e0fceb2e89c89e0180fb9d0edb70eb,gx-no-cache=1554464705357 HTTP/1.1" 200 30
190.171.141.82 - - [05/Apr/2019:08:48:50 -0300] "POST /cormun/servlet/solicitudotadjuntos?4032617c1c3e1728e67f072c049ef7fe,INS,2019,15124,,1, HTTP/1.1" 200 116
190.171.143.106 - - [05/Apr/2019:08:48:50 -0300] "POST /cormun/servlet/solicitudot?gx-no-cache=1554464708137 HTTP/1.1" 200 30
190.171.141.82 - - [05/Apr/2019:08:48:50 -0300] "GET /cormun/servlet/hpexe_return? HTTP/1.1" 200 1023
186.103.156.24 - - [05/Apr/2019:08:48:51 -0300] "POST /cormun/servlet/hlogin?9b1adadce114898545e8abf4a7d5866d,gx-no-cache=1554464709435 HTTP/1.1" 200 90
186.103.156.24 - - [05/Apr/2019:08:48:51 -0300] "GET /cormun/servlet/hpexe_link HTTP/1.1" 200 952
190.171.141.82 - - [05/Apr/2019:08:48:51 -0300] "GET /cormun/servlet/trsolicitudadjuntos?2019,15124, HTTP/1.1" 200 9490
186.103.156.24 - - [05/Apr/2019:08:48:51 -0300] "GET /cormun/servlet/hhome HTTP/1.1" 200 4338
190.171.141.82 - - [05/Apr/2019:08:48:51 -0300] "GET /cormun/servlet/trsolicitudadjuntos?2019,15124, HTTP/1.1" 200 9489
186.103.156.24 - - [05/Apr/2019:08:48:52 -0300] "GET /cormun/servlet/hhome HTTP/1.1" 200 4334
190.171.141.82 - - [05/Apr/2019:08:48:53 -0300] "GET /cormun/servlet/solicitudotadjuntos?INS,2019,15124,,1, HTTP/1.1" 200 6384
190.171.141.82 - - [05/Apr/2019:08:48:54 -0300] "GET /cormun/static/about:blank HTTP/1.1" 404 1011
190.171.141.82 - - [05/Apr/2019:08:48:54 -0300] "GET /cormun/servlet/solicitudotadjuntos?INS,2019,15124,,1, HTTP/1.1" 200 6378
190.171.141.82 - - [05/Apr/2019:08:48:54 -0300] "GET /cormun/servlet/solicitudotadjuntos?d4467b3de920d96317532b5366bd795a6f3fbcea6d8e3a217e2a389e5067785d19916d5c2b83191564bba02e624d153b,gx-no-cache=1554464710250 HTTP/1.1" 200 30
190.171.141.82 - - [05/Apr/2019:08:48:54 -0300] "POST /cormun/servlet/solicitudotadjuntos?4032617c1c3e1728e67f072c049ef7fe,INS,2019,15124,,1,,gx-no-cache=1554464710361 HTTP/1.1" 200 4063
186.103.156.24 - - [05/Apr/2019:08:48:54 -0300] "GET /cormun/servlet/trlicencias? HTTP/1.1" 200 12320
186.103.156.24 - - [05/Apr/2019:08:48:55 -0300] "GET /cormun/servlet/trlicencias? HTTP/1.1" 200 12317
190.171.141.138 - - [05/Apr/2019:08:48:56 -0300] "GET /cormun/servlet/prfichaempleado?,MD,,gxPopupLevel%3D0%3B HTTP/1.1" 200 9565
190.171.141.82 - - [05/Apr/2019:08:48:56 -0300] "POST /cormun/servlet/solicitudotadjuntos?gx-no-cache=1554464712451 HTTP/1.1" 200 26
190.171.141.82 - - [05/Apr/2019:08:49:01 -0300] "GET /cormun/servlet/solicitudotadjuntos?d4467b3de920d96317532b5366bd795a33e0fceb2e89c89e0180fb9d0edb70eb,gx-no-cache=1554464716779 HTTP/1.1" 200 30
190.171.141.82 - - [05/Apr/2019:08:49:01 -0300] "GET /cormun/servlet/solicitudotadjuntos?d4467b3de920d96317532b5366bd795a33e0fceb2e89c89e0180fb9d0edb70eb,gx-no-cache=1554464716814 HTTP/1.1" 200 30
190.171.141.82 - - [05/Apr/2019:08:49:01 -0300] "POST /cormun/servlet/solicitudotadjuntos?4032617c1c3e1728e67f072c049ef7fe,INS,2019,15124,,1, HTTP/1.1" 200 116
190.171.141.82 - - [05/Apr/2019:08:49:01 -0300] "GET /cormun/servlet/hpexe_return? HTTP/1.1" 200 1023
190.171.141.82 - - [05/Apr/2019:08:49:03 -0300] "GET /cormun/servlet/trsolicitudadjuntos?2019,15124, HTTP/1.1" 200 9697
190.171.141.82 - - [05/Apr/2019:08:49:03 -0300] "GET /cormun/servlet/trsolicitudadjuntos?2019,15124, HTTP/1.1" 200 9694
190.171.143.106 - - [05/Apr/2019:08:49:03 -0300] "POST /cormun/servlet/solicitudot?gx-no-cache=1554464721393 HTTP/1.1" 200 30
190.171.143.106 - - [05/Apr/2019:08:49:05 -0300] "POST /cormun/servlet/solicitudot?gx-no-cache=1554464722803 HTTP/1.1" 200 1334
190.171.143.106 - - [05/Apr/2019:08:49:05 -0300] "POST /cormun/servlet/solicitudot?gx-no-cache=1554464722928 HTTP/1.1" 200 38
190.171.143.106 - - [05/Apr/2019:08:49:05 -0300] "GET /cormun/servlet/solicitudot?40469197ddb992d07549b2e63e1fef4873944e4f931d2d31717c65432fb4a95bd7f1c374c16c06799be5a882e1c22a948d419b91646e12451547b37607ccc06b369c661d27b91506a03dfcd5dd04adf1a28b14124853bf4306c9e295a4aba21a5200267d786be8517fa0ea8059d0812e,gx-no-cache=1554464723040 HTTP/1.1" 200 110
190.171.143.106 - - [05/Apr/2019:08:49:05 -0300] "POST /cormun/servlet/solicitudot?gx-no-cache=1554464723169 HTTP/1.1" 200 97
190.171.141.82 - - [05/Apr/2019:08:49:06 -0300] "GET /cormun/servlet/solicitudotadjuntos?INS,2019,15124,,1, HTTP/1.1" 200 6384
190.171.141.138 - - [05/Apr/2019:08:49:06 -0300] "POST /cormun/servlet/prfichaempleado?04c4ca6606490dbe7863e006bcdfd9f1,,MD,,gxPopupLevel%3D0%3B,gx-no-cache=1554464724052 HTTP/1.1" 200 3427
190.171.141.82 - - [05/Apr/2019:08:49:06 -0300] "GET /cormun/static/about:blank HTTP/1.1" 404 1011
190.171.141.82 - - [05/Apr/2019:08:49:06 -0300] "GET /cormun/servlet/solicitudotadjuntos?INS,2019,15124,,1, HTTP/1.1" 200 6378
190.171.141.82 - - [05/Apr/2019:08:49:07 -0300] "GET /cormun/servlet/solicitudotadjuntos?d4467b3de920d96317532b5366bd795a6f3fbcea6d8e3a217e2a389e5067785d19916d5c2b83191564bba02e624d153b,gx-no-cache=1554464722574 HTTP/1.1" 200 30
190.171.141.82 - - [05/Apr/2019:08:49:07 -0300] "POST /cormun/servlet/solicitudotadjuntos?4032617c1c3e1728e67f072c049ef7fe,INS,2019,15124,,1,,gx-no-cache=1554464722663 HTTP/1.1" 200 4063
190.171.141.138 - - [05/Apr/2019:08:49:12 -0300] "GET /cormun/servlet/prlicenciaspermisos?8177648,L,,MD,,gxPopupLevel%3D0%3B HTTP/1.1" 200 6571
190.171.141.82 - - [05/Apr/2019:08:49:15 -0300] "POST /cormun/servlet/solicitudotadjuntos?gx-no-cache=1554464730980 HTTP/1.1" 200 26
190.171.143.106 - - [05/Apr/2019:08:49:16 -0300] "POST /cormun/servlet/solicitudot?gx-no-cache=1554464733144 HTTP/1.1" 200 30
190.171.141.138 - - [05/Apr/2019:08:49:17 -0300] "POST /cormun/servlet/solicitudot?gx-no-cache=1554464735204 HTTP/1.1" 200 1334
190.171.141.138 - - [05/Apr/2019:08:49:21 -0300] "POST /cormun/servlet/solicitudot?gx-no-cache=1554464739034 HTTP/1.1" 200 41
190.171.141.138 - - [05/Apr/2019:08:49:21 -0300] "GET /cormun/servlet/solicitudot?dd2c1b2999cd6fe74638877c19e5afcf41618a59db41826c03d344e4fba477cad5a68ab9a4e8430dac4389b3667350ad949ab19c7ba82889a2b9ceacb1e5757fe04b49e9097e625e0a10f82cb3b714c7c2f71c186db49106731ed09bd895524d0263bb9fcb75900ec4e931ca19b8da60,gx-no-cache=1554464739208 HTTP/1.1" 200 110
190.171.141.82 - - [05/Apr/2019:08:49:21 -0300] "GET /cormun/servlet/solicitudotadjuntos?d4467b3de920d96317532b5366bd795a33e0fceb2e89c89e0180fb9d0edb70eb,gx-no-cache=1554464737013 HTTP/1.1" 200 30
190.171.141.82 - - [05/Apr/2019:08:49:21 -0300] "GET /cormun/servlet/solicitudotadjuntos?d4467b3de920d96317532b5366bd795a33e0fceb2e89c89e0180fb9d0edb70eb,gx-no-cache=1554464737157 HTTP/1.1" 200 30
190.171.141.82 - - [05/Apr/2019:08:49:26 -0300] "POST /cormun/servlet/solicitudotadjuntos?4032617c1c3e1728e67f072c049ef7fe,INS,2019,15124,,1, HTTP/1.1" 200 116
190.171.141.82 - - [05/Apr/2019:08:49:26 -0300] "GET /cormun/servlet/hpexe_return? HTTP/1.1" 200 1023
190.171.141.82 - - [05/Apr/2019:08:49:27 -0300] "GET /cormun/servlet/trsolicitudadjuntos?2019,15124, HTTP/1.1" 200 9965
190.171.141.82 - - [05/Apr/2019:08:49:27 -0300] "GET /cormun/servlet/trsolicitudadjuntos?2019,15124, HTTP/1.1" 200 9962
190.171.141.138 - - [05/Apr/2019:08:49:31 -0300] "POST /cormun/servlet/solicitudot?gx-no-cache=1554464749400 HTTP/1.1" 200 97
190.171.141.138 - - [05/Apr/2019:08:49:39 -0300] "GET /cormun/servlet/solicitudot?dd2c1b2999cd6fe74638877c19e5afcf5726050ca24cf560a5b120c885a157ec583c415a6c4583f06bf1ff15923dc9e62940730df04564d921767cb284816573b16538bc777f2d308bbce34452487619515f57c10d5dbe6ef8caf9df247bcb0b6dab8e9ebe181d937d01e1394d6c4d278011e9fe04f55d90f259a9963ca21597450bc8263d0204e9cb355c41e5111a2490c0c2a15b2298600166e2731cce35ed,gx-no-cache=1554464757280 HTTP/1.1" 200 29
190.171.141.138 - - [05/Apr/2019:08:49:39 -0300] "GET /cormun/static/menuarrow.gif HTTP/1.1" 404 1015
190.171.143.106 - - [05/Apr/2019:08:49:41 -0300] "POST /cormun/servlet/solicitudot?gx-no-cache=1554464758591 HTTP/1.1" 200 1334
190.171.143.106 - - [05/Apr/2019:08:49:41 -0300] "POST /cormun/servlet/solicitudot?gx-no-cache=1554464758659 HTTP/1.1" 200 38
190.171.143.106 - - [05/Apr/2019:08:49:41 -0300] "GET /cormun/servlet/solicitudot?40469197ddb992d07549b2e63e1fef4873944e4f931d2d31717c65432fb4a95bd7f1c374c16c06799be5a882e1c22a948d419b91646e12451547b37607ccc06b369c661d27b91506a03dfcd5dd04adf1a28b14124853bf4306c9e295a4aba21a5200267d786be8517fa0ea8059d0812e,gx-no-cache=1554464758703 HTTP/1.1" 200 110
190.171.143.106 - - [05/Apr/2019:08:49:41 -0300] "POST /cormun/servlet/solicitudot?gx-no-cache=1554464758746 HTTP/1.1" 200 97
190.171.143.106 - - [05/Apr/2019:08:49:41 -0300] "GET /cormun/servlet/solicitudot?40469197ddb992d07549b2e63e1fef485557f281ac43bf82801cc05d56fa3780e849adb8f3815c4b034c8c4410d15df1,gx-no-cache=1554464758827 HTTP/1.1" 200 134
190.171.143.106 - - [05/Apr/2019:08:49:41 -0300] "POST /cormun/servlet/solicitudot?gx-no-cache=1554464758967 HTTP/1.1" 200 30
190.171.141.138 - - [05/Apr/2019:08:49:41 -0300] "GET /cormun/servlet/solicitudot?dd2c1b2999cd6fe74638877c19e5afcf644179bc58c2d1cda8e0b6b156f2c76a051cae9e9cb1300f05678e6d8d2b76fe,gx-no-cache=1554464759732 HTTP/1.1" 200 30
190.171.141.138 - - [05/Apr/2019:08:49:41 -0300] "POST /cormun/servlet/solicitudot?gx-no-cache=1554464759823 HTTP/1.1" 200 32
190.171.141.138 - - [05/Apr/2019:08:49:45 -0300] "POST /cormun/servlet/solicitudot?04c4ca6606490dbe7863e006bcdfd9f1,INS,0,0,,gx-no-cache=1554464762874 HTTP/1.1" 200 93
190.171.141.138 - - [05/Apr/2019:08:49:45 -0300] "GET /cormun/servlet/hpexe_return? HTTP/1.1" 200 1004
190.171.141.138 - - [05/Apr/2019:08:49:45 -0300] "GET /cormun/servlet/trsolicitudot HTTP/1.1" 200 9490
190.171.141.138 - - [05/Apr/2019:08:49:46 -0300] "GET /cormun/servlet/trsolicitudot HTTP/1.1" 200 9486
190.171.141.138 - - [05/Apr/2019:08:49:48 -0300] "GET /cormun/servlet/solicitudot?INS,0,0, HTTP/1.1" 200 15362
190.171.141.138 - - [05/Apr/2019:08:49:49 -0300] "GET /cormun/servlet/solicitudot?INS,0,0, HTTP/1.1" 200 15367
190.171.141.82 - - [05/Apr/2019:08:49:52 -0300] "POST /cormun/servlet/trsolicitudadjuntos?4032617c1c3e1728e67f072c049ef7fe,2019,15124,,gx-no-cache=1554464766966 HTTP/1.1" 200 90
190.171.141.82 - - [05/Apr/2019:08:49:52 -0300] "GET /cormun/servlet/hpexe_link HTTP/1.1" 200 985
190.171.141.82 - - [05/Apr/2019:08:49:52 -0300] "GET /cormun/servlet/trsolicitudot?gx-no-cache=1554462258889 HTTP/1.1" 200 8783
190.171.141.82 - - [05/Apr/2019:08:49:53 -0300] "GET /cormun/servlet/trsolicitudot?gx-no-cache=1554462258889 HTTP/1.1" 200 8801
190.171.141.138 - - [05/Apr/2019:08:49:59 -0300] "POST /cormun/servlet/solicitudot?gx-no-cache=1554464777210 HTTP/1.1" 200 3596
190.171.141.138 - - [05/Apr/2019:08:49:59 -0300] "POST /cormun/servlet/solicitudot?04c4ca6606490dbe7863e006bcdfd9f1,INS,0,0,,gx-no-cache=1554464777461 HTTP/1.1" 200 12022
190.171.141.138 - - [05/Apr/2019:08:50:03 -0300] "GET /cormun/servlet/solicitudot?dd2c1b2999cd6fe74638877c19e5afcf618634cf41fd210026ff171ef28334de6ac041cf6c76d30584fd53a34670fc86,gx-no-cache=1554464781548 HTTP/1.1" 200 30
190.171.141.138 - - [05/Apr/2019:08:50:03 -0300] "GET /cormun/servlet/solicitudot?dd2c1b2999cd6fe74638877c19e5afcf7cf6d0f18e937493a6d946bb457bb77a2787e654ac619ba26823102cd16a02f0,gx-no-cache=1554464781601 HTTP/1.1" 200 30
190.171.141.138 - - [05/Apr/2019:08:50:03 -0300] "GET /cormun/servlet/solicitudot?dd2c1b2999cd6fe74638877c19e5afcf502c5b4940026341abe7e2ca9196ca7d,gx-no-cache=1554464781623 HTTP/1.1" 200 53
190.171.141.138 - - [05/Apr/2019:08:50:06 -0300] "POST /cormun/servlet/solicitudot?gx-no-cache=1554464784644 HTTP/1.1" 200 240
190.171.141.138 - - [05/Apr/2019:08:50:06 -0300] "GET /cormun/servlet/solicitudot?dd2c1b2999cd6fe74638877c19e5afcf9d1e8ca10041755ab257879bb8c682e0de307a9c10259057eae24a030227957a24b20e396a94f15984da3a2d4da899667cee95a1e4f6ae9aa0bfe1a56bcc7765e1759f4a7890d49828ef146a61fb5b4974f363a8ae162eab7ae74111b0312e46066f5df5715c4bc62d620835d0f50ec18b69c71a070eef8bbec6e701a609b8e96b21a1ca20b46ed924327c576c89788f94fbfc874ab8a19c19a1dafe8ef1d231d18ef37046a86d277a20d2112683c238b250f27bd1b2fb609aa1ddc3edacbacddb3ae612e73522956c772b4c694b6da84b46274ccc36223115ca3eda3ab089f3e443d4fd297bb6a3e4b4c7c3af40a3c25d3dba59ee34239ae58b3ba98527f78f39b3741ed3db30b2c7f43cf78310f12b25fd909fde8e0f6384f52d877f3ad18df4e47ca81729b13a7cca5d0e2bd33efbb20ddd41734267f8c405cc9da79110170af9ff3273312cac7fd7bbee5b43b99f13701effd32c51540faccd80c7b501a67bd608a19cb623e387b9fb637129ab31,gx-no-cache=1554464784703 HTTP/1.1" 200 30
190.171.141.138 - - [05/Apr/2019:08:50:08 -0300] "POST /cormun/servlet/solicitudot?gx-no-cache=1554464786307 HTTP/1.1" 200 30
190.171.141.138 - - [05/Apr/2019:08:50:19 -0300] "GET /cormun/servlet/prfichaempleado?,MD,,gxPopupLevel%3D0%3B HTTP/1.1" 200 9565
200.54.103.162 - - [05/Apr/2019:08:50:26 -0300] "GET /cormun/servlet/hlogin HTTP/1.1" 200 1726
190.171.141.138 - - [05/Apr/2019:08:50:26 -0300] "POST /cormun/servlet/prfichaempleado?04c4ca6606490dbe7863e006bcdfd9f1,,MD,,gxPopupLevel%3D0%3B,gx-no-cache=1554464804222 HTTP/1.1" 200 3427
190.171.141.138 - - [05/Apr/2019:08:50:32 -0300] "GET /cormun/servlet/prlicenciaspermisos?8177648,L,,MD,,gxPopupLevel%3D0%3B HTTP/1.1" 200 6571
190.171.141.138 - - [05/Apr/2019:08:50:35 -0300] "POST /cormun/servlet/solicitudot?gx-no-cache=1554464813559 HTTP/1.1" 200 1334
190.171.141.138 - - [05/Apr/2019:08:50:38 -0300] "POST /cormun/servlet/solicitudot?gx-no-cache=1554464816159 HTTP/1.1" 200 41
190.171.141.138 - - [05/Apr/2019:08:50:38 -0300] "GET /cormun/servlet/solicitudot?dd2c1b2999cd6fe74638877c19e5afcf41618a59db41826c03d344e4fba477cad5a68ab9a4e8430dac4389b3667350ad949ab19c7ba82889a2b9ceacb1e5757fe04b49e9097e625e0a10f82cb3b714c7c2f71c186db49106731ed09bd895524d0263bb9fcb75900ec4e931ca19b8da60,gx-no-cache=1554464816218 HTTP/1.1" 200 110
200.54.103.162 - - [05/Apr/2019:08:50:49 -0300] "POST /cormun/servlet/hlogin?74851fd8c00a18222e49d942fd7e4b29,gx-no-cache=1554464826720 HTTP/1.1" 200 90
200.54.103.162 - - [05/Apr/2019:08:50:49 -0300] "GET /cormun/servlet/hpexe_link HTTP/1.1" 200 949
200.54.103.162 - - [05/Apr/2019:08:50:49 -0300] "GET /cormun/servlet/hhome HTTP/1.1" 200 4336
200.54.103.162 - - [05/Apr/2019:08:50:50 -0300] "GET /cormun/servlet/hhome HTTP/1.1" 200 4332
190.171.141.138 - - [05/Apr/2019:08:50:59 -0300] "POST /cormun/servlet/solicitudot?gx-no-cache=1554464836904 HTTP/1.1" 200 97
200.54.103.162 - - [05/Apr/2019:08:51:00 -0300] "GET /cormun/servlet/trlicencias? HTTP/1.1" 200 12419
200.54.103.162 - - [05/Apr/2019:08:51:00 -0300] "GET /cormun/servlet/trlicencias? HTTP/1.1" 200 12416
190.171.143.106 - - [05/Apr/2019:08:51:10 -0300] "POST /cormun/servlet/solicitudot?gx-no-cache=1554464847897 HTTP/1.1" 200 30
200.54.103.162 - - [05/Apr/2019:08:51:15 -0300] "GET /cormun/servlet/trautorizarsolicitud? HTTP/1.1" 200 7441
200.54.103.162 - - [05/Apr/2019:08:51:16 -0300] "GET /cormun/servlet/trautorizarsolicitud? HTTP/1.1" 200 7442
190.171.141.138 - - [05/Apr/2019:08:51:21 -0300] "GET /cormun/servlet/solicitudot?dd2c1b2999cd6fe74638877c19e5afcf5726050ca24cf560a5b120c885a157ec583c415a6c4583f06bf1ff15923dc9e62940730df04564d921767cb284816573b16538bc777f2d308bbce34452487619515f57c10d5dbe6ef8caf9df247bcb0b6dab8e9ebe181d937d01e1394d6c4d278011e9fe04f55d90f259a9963ca21597450bc8263d0204e9cb355c41e5111a2490c0c2a15b2298600166e2731cce35ed,gx-no-cache=1554464859225 HTTP/1.1" 200 29
190.171.141.138 - - [05/Apr/2019:08:51:21 -0300] "GET /cormun/static/menuarrow.gif HTTP/1.1" 404 1015
190.171.141.138 - - [05/Apr/2019:08:51:24 -0300] "GET /cormun/servlet/solicitudot?dd2c1b2999cd6fe74638877c19e5afcf644179bc58c2d1cda8e0b6b156f2c76a051cae9e9cb1300f05678e6d8d2b76fe,gx-no-cache=1554464862421 HTTP/1.1" 200 30
190.171.141.138 - - [05/Apr/2019:08:51:24 -0300] "POST /cormun/servlet/solicitudot?gx-no-cache=1554464862540 HTTP/1.1" 200 32
190.171.143.106 - - [05/Apr/2019:08:51:29 -0300] "POST /cormun/servlet/solicitudot?gx-no-cache=1554464866569 HTTP/1.1" 200 30
190.171.143.106 - - [05/Apr/2019:08:51:37 -0300] "GET /cormun/servlet/prfichaempleado?,MD,,gxPopupLevel%3D0%3B HTTP/1.1" 200 9368
190.171.143.106 - - [05/Apr/2019:08:51:46 -0300] "POST /cormun/servlet/prfichaempleado?43aa133ebbde319721a4704f0695929f,,MD,,gxPopupLevel%3D0%3B,gx-no-cache=1554464883856 HTTP/1.1" 200 3523
190.171.141.138 - - [05/Apr/2019:08:51:51 -0300] "POST /cormun/servlet/solicitudot?04c4ca6606490dbe7863e006bcdfd9f1,INS,0,0,,gx-no-cache=1554464888435 HTTP/1.1" 200 93
190.171.141.138 - - [05/Apr/2019:08:51:51 -0300] "GET /cormun/servlet/hpexe_return? HTTP/1.1" 200 1004
190.171.141.138 - - [05/Apr/2019:08:51:51 -0300] "GET /cormun/servlet/trsolicitudot HTTP/1.1" 200 9749
190.171.141.138 - - [05/Apr/2019:08:51:51 -0300] "GET /cormun/servlet/trsolicitudot HTTP/1.1" 200 9745
190.171.143.106 - - [05/Apr/2019:08:51:52 -0300] "GET /cormun/servlet/prlicenciaspermisos?11142576,L,,MD,,gxPopupLevel%3D0%3B HTTP/1.1" 200 7781
190.171.143.106 - - [05/Apr/2019:08:51:52 -0300] "GET /cormun/static/gxcfg.js?20176272053834 HTTP/1.1" 200 953
190.171.143.106 - - [05/Apr/2019:08:51:52 -0300] "GET /cormun/static/prlicenciaspermisos.js?20176272054050 HTTP/1.1" 200 13379
190.171.143.106 - - [05/Apr/2019:08:52:11 -0300] "POST /cormun/servlet/solicitudot?gx-no-cache=1554464909056 HTTP/1.1" 200 1332
190.171.143.106 - - [05/Apr/2019:08:52:15 -0300] "GET /cormun/servlet/prlicenciaspermisos?11142576,L,,MD,,gxPopupLevel%3D0%3B HTTP/1.1" 200 7781
190.171.143.106 - - [05/Apr/2019:08:53:29 -0300] "POST /cormun/servlet/solicitudot?gx-no-cache=1554464986529 HTTP/1.1" 200 41
190.171.143.106 - - [05/Apr/2019:08:53:29 -0300] "GET /cormun/servlet/solicitudot?40469197ddb992d07549b2e63e1fef4873944e4f931d2d31717c65432fb4a95bd7f1c374c16c06799be5a882e1c22a948d419b91646e12451547b37607ccc06b369c661d27b91506a03dfcd5dd04adf1a28b14124853bf4306c9e295a4aba21a5200267d786be8517fa0ea8059d0812e,gx-no-cache=1554464986741 HTTP/1.1" 200 110
190.171.143.106 - - [05/Apr/2019:08:53:29 -0300] "POST /cormun/servlet/solicitudot?gx-no-cache=1554464986859 HTTP/1.1" 200 97
190.171.141.138 - - [05/Apr/2019:08:53:31 -0300] "POST /cormun/servlet/trsolicitudot?04c4ca6606490dbe7863e006bcdfd9f1,gx-no-cache=1554464989596 HTTP/1.1" 200 107
190.171.141.138 - - [05/Apr/2019:08:53:32 -0300] "GET /cormun/servlet/trsolicitudadjuntos?2019,15140, HTTP/1.1" 200 6555
190.171.141.138 - - [05/Apr/2019:08:53:32 -0300] "GET /cormun/static/gxcfg.js?20177612135366 HTTP/1.1" 304 -
190.171.141.138 - - [05/Apr/2019:08:53:32 -0300] "GET /cormun/servlet/trsolicitudadjuntos?2019,15140, HTTP/1.1" 200 6555
190.171.143.106 - - [05/Apr/2019:08:53:40 -0300] "GET /cormun/servlet/solicitudot?40469197ddb992d07549b2e63e1fef4873944e4f931d2d31717c65432fb4a95bd7f1c374c16c06799be5a882e1c22a948d419b91646e12451547b37607ccc06b369c661d27b91506a03dfcd5dd04adf1a28b14124853bf4306c9e295a4aba21a5200267d786be8517fa0ea8059d0812e,gx-no-cache=1554464997738 HTTP/1.1" 200 110
190.171.141.138 - - [05/Apr/2019:08:53:40 -0300] "GET /cormun/servlet/solicitudotadjuntos?INS,2019,15140,,1, HTTP/1.1" 200 6496
190.171.143.106 - - [05/Apr/2019:08:53:40 -0300] "GET /cormun/servlet/solicitudot?40469197ddb992d07549b2e63e1fef485557f281ac43bf82801cc05d56fa378049891b0a2cc3fada966370a59b6afd29,gx-no-cache=1554464997800 HTTP/1.1" 200 134
190.171.143.106 - - [05/Apr/2019:08:53:40 -0300] "POST /cormun/servlet/solicitudot?gx-no-cache=1554464997841 HTTP/1.1" 200 135
190.171.141.138 - - [05/Apr/2019:08:53:40 -0300] "GET /cormun/static/gxcfg.js?2017761244068 HTTP/1.1" 304 -
190.171.141.138 - - [05/Apr/2019:08:53:40 -0300] "GET /cormun/static/about:blank HTTP/1.1" 404 1011
190.171.141.138 - - [05/Apr/2019:08:53:40 -0300] "GET /cormun/servlet/solicitudotadjuntos?INS,2019,15140,,1, HTTP/1.1" 200 6490
190.171.141.138 - - [05/Apr/2019:08:53:41 -0300] "GET /cormun/servlet/solicitudotadjuntos?dd2c1b2999cd6fe74638877c19e5afcf48694e926e3ff6b32c1ba12bf4d2fcf38b392d0aa19f804896e185e2c57b8d8c,gx-no-cache=1554464999044 HTTP/1.1" 200 30
190.171.141.138 - - [05/Apr/2019:08:53:41 -0300] "POST /cormun/servlet/solicitudotadjuntos?04c4ca6606490dbe7863e006bcdfd9f1,INS,2019,15140,,1,,gx-no-cache=1554464999098 HTTP/1.1" 200 4103
190.171.141.138 - - [05/Apr/2019:08:53:43 -0300] "POST /cormun/servlet/solicitudotadjuntos?gx-no-cache=1554465001203 HTTP/1.1" 200 26
190.171.141.138 - - [05/Apr/2019:08:53:57 -0300] "GET /cormun/servlet/solicitudotadjuntos?dd2c1b2999cd6fe74638877c19e5afcfc3d5bbc7ca53b0e07507d7fa96cfd09d,gx-no-cache=1554465015227 HTTP/1.1" 200 30
190.171.141.138 - - [05/Apr/2019:08:53:57 -0300] "GET /cormun/servlet/solicitudotadjuntos?dd2c1b2999cd6fe74638877c19e5afcfc3d5bbc7ca53b0e07507d7fa96cfd09d,gx-no-cache=1554465015288 HTTP/1.1" 200 30
190.171.141.138 - - [05/Apr/2019:08:53:57 -0300] "POST /cormun/servlet/solicitudotadjuntos?04c4ca6606490dbe7863e006bcdfd9f1,INS,2019,15140,,1, HTTP/1.1" 200 116
190.171.141.138 - - [05/Apr/2019:08:53:57 -0300] "GET /cormun/servlet/hpexe_return? HTTP/1.1" 200 1023
190.171.141.138 - - [05/Apr/2019:08:53:57 -0300] "GET /cormun/servlet/trsolicitudadjuntos?2019,15140, HTTP/1.1" 200 9145
190.171.141.138 - - [05/Apr/2019:08:53:58 -0300] "GET /cormun/servlet/trsolicitudadjuntos?2019,15140, HTTP/1.1" 200 9143
190.171.143.106 - - [05/Apr/2019:08:53:58 -0300] "GET /cormun/servlet/solicitudot?40469197ddb992d07549b2e63e1fef4873944e4f931d2d31717c65432fb4a95bd7f1c374c16c06799be5a882e1c22a948d419b91646e12451547b37607ccc06b369c661d27b91506a03dfcd5dd04adf1a28b14124853bf4306c9e295a4aba21a5200267d786be8517fa0ea8059d0812e,gx-no-cache=1554465016200 HTTP/1.1" 200 110
190.171.141.138 - - [05/Apr/2019:08:54:00 -0300] "GET /cormun/servlet/solicitudotadjuntos?INS,2019,15140,,1, HTTP/1.1" 200 6496
190.171.141.138 - - [05/Apr/2019:08:54:00 -0300] "GET /cormun/static/about:blank HTTP/1.1" 404 1011
190.171.141.138 - - [05/Apr/2019:08:54:00 -0300] "GET /cormun/servlet/solicitudotadjuntos?INS,2019,15140,,1, HTTP/1.1" 200 6490
190.171.141.138 - - [05/Apr/2019:08:54:01 -0300] "GET /cormun/servlet/solicitudotadjuntos?dd2c1b2999cd6fe74638877c19e5afcf48694e926e3ff6b32c1ba12bf4d2fcf38b392d0aa19f804896e185e2c57b8d8c,gx-no-cache=1554465019206 HTTP/1.1" 200 30
190.171.141.138 - - [05/Apr/2019:08:54:01 -0300] "POST /cormun/servlet/solicitudotadjuntos?04c4ca6606490dbe7863e006bcdfd9f1,INS,2019,15140,,1,,gx-no-cache=1554465019304 HTTP/1.1" 200 4103
190.171.141.138 - - [05/Apr/2019:08:54:04 -0300] "POST /cormun/servlet/solicitudotadjuntos?gx-no-cache=1554465022523 HTTP/1.1" 200 26
200.111.191.210 - - [05/Apr/2019:08:54:10 -0300] "GET /cormun/servlet/trpermisosgoce? HTTP/1.1" 200 15531
200.111.191.210 - - [05/Apr/2019:08:54:11 -0300] "GET /cormun/servlet/trpermisosgoce? HTTP/1.1" 200 15557
190.171.143.106 - - [05/Apr/2019:08:54:14 -0300] "GET /cormun/servlet/solicitudot?40469197ddb992d07549b2e63e1fef4873944e4f931d2d31717c65432fb4a95bd7f1c374c16c06799be5a882e1c22a948d419b91646e12451547b37607ccc06b369c661d27b91506a03dfcd5dd04adf1a28b14124853bf4306c9e295a4aba21a5200267d786be8517fa0ea8059d0812e,gx-no-cache=1554465031775 HTTP/1.1" 200 110
190.171.143.106 - - [05/Apr/2019:08:54:15 -0300] "GET /cormun/servlet/solicitudot?40469197ddb992d07549b2e63e1fef485557f281ac43bf82801cc05d56fa378049891b0a2cc3fada966370a59b6afd29,gx-no-cache=1554465032958 HTTP/1.1" 200 134
190.171.141.138 - - [05/Apr/2019:08:54:21 -0300] "GET /cormun/servlet/solicitudotadjuntos?dd2c1b2999cd6fe74638877c19e5afcfc3d5bbc7ca53b0e07507d7fa96cfd09d,gx-no-cache=1554465039683 HTTP/1.1" 200 30
190.171.141.138 - - [05/Apr/2019:08:54:21 -0300] "GET /cormun/servlet/solicitudotadjuntos?dd2c1b2999cd6fe74638877c19e5afcfc3d5bbc7ca53b0e07507d7fa96cfd09d,gx-no-cache=1554465039790 HTTP/1.1" 200 30
190.171.141.138 - - [05/Apr/2019:08:54:22 -0300] "POST /cormun/servlet/solicitudotadjuntos?04c4ca6606490dbe7863e006bcdfd9f1,INS,2019,15140,,1, HTTP/1.1" 200 116
190.171.141.138 - - [05/Apr/2019:08:54:22 -0300] "GET /cormun/servlet/hpexe_return? HTTP/1.1" 200 1023
190.171.141.138 - - [05/Apr/2019:08:54:23 -0300] "GET /cormun/servlet/trsolicitudadjuntos?2019,15140, HTTP/1.1" 200 9383
190.171.141.138 - - [05/Apr/2019:08:54:23 -0300] "GET /cormun/servlet/trsolicitudadjuntos?2019,15140, HTTP/1.1" 200 9382
190.171.143.106 - - [05/Apr/2019:08:54:25 -0300] "GET /cormun/servlet/prcontratosol?13776614,,,,,MD,,gxPopupLevel%3D0%3B HTTP/1.1" 200 7986
190.171.143.106 - - [05/Apr/2019:08:54:25 -0300] "GET /cormun/static/gxcfg.js?201761413223964 HTTP/1.1" 200 953
190.171.143.106 - - [05/Apr/2019:08:54:25 -0300] "GET /cormun/static/prcontratosol.js?201761413224174 HTTP/1.1" 200 15806
190.171.141.138 - - [05/Apr/2019:08:54:25 -0300] "GET /cormun/servlet/solicitudotadjuntos?INS,2019,15140,,1, HTTP/1.1" 200 6496
190.171.141.138 - - [05/Apr/2019:08:54:26 -0300] "GET /cormun/static/about:blank HTTP/1.1" 404 1011
190.171.141.138 - - [05/Apr/2019:08:54:26 -0300] "GET /cormun/servlet/solicitudotadjuntos?INS,2019,15140,,1, HTTP/1.1" 200 6490
190.171.141.138 - - [05/Apr/2019:08:54:26 -0300] "GET /cormun/servlet/solicitudotadjuntos?dd2c1b2999cd6fe74638877c19e5afcf48694e926e3ff6b32c1ba12bf4d2fcf38b392d0aa19f804896e185e2c57b8d8c,gx-no-cache=1554465044636 HTTP/1.1" 200 30
190.171.141.138 - - [05/Apr/2019:08:54:26 -0300] "POST /cormun/servlet/solicitudotadjuntos?04c4ca6606490dbe7863e006bcdfd9f1,INS,2019,15140,,1,,gx-no-cache=1554465044731 HTTP/1.1" 200 4103
200.111.191.210 - - [05/Apr/2019:08:54:29 -0300] "GET /cormun/servlet/permisogoce?INS,0,,, HTTP/1.1" 200 6869
190.171.143.106 - - [05/Apr/2019:08:54:29 -0300] "GET /cormun/servlet/solicitudot?40469197ddb992d07549b2e63e1fef4873944e4f931d2d31717c65432fb4a95bd7f1c374c16c06799be5a882e1c22a948d419b91646e12451547b37607ccc06b369c661d27b91506a03dfcd5dd04adf1a28b14124853bf4306c9e295a4aba21a5200267d786be8517fa0ea8059d0812e,gx-no-cache=1554465046992 HTTP/1.1" 200 110
190.171.143.106 - - [05/Apr/2019:08:54:29 -0300] "GET /cormun/servlet/solicitudot?40469197ddb992d07549b2e63e1fef484f6019fdfa51ad96915f9b941dd864ceac6a094e3545b4dc220ae13d4345ea62,gx-no-cache=1554465047194 HTTP/1.1" 200 134
200.111.191.210 - - [05/Apr/2019:08:54:29 -0300] "GET /cormun/servlet/permisogoce?INS,0,,, HTTP/1.1" 200 6868
190.171.141.138 - - [05/Apr/2019:08:54:30 -0300] "POST /cormun/servlet/solicitudotadjuntos?gx-no-cache=1554465048386 HTTP/1.1" 200 26
200.111.191.210 - - [05/Apr/2019:08:54:36 -0300] "GET /cormun/servlet/permisogoce?6ef8bde58dfd95b3ad39f7d4ca14374bc91e8e71dca831d7efaa03fb9363c40f191d073b073c35de0fc2161f75e52ff69d43a457398d0d9a74bd2b0db1d79635,gx-no-cache=1554465107582 HTTP/1.1" 200 77
190.171.141.138 - - [05/Apr/2019:08:54:38 -0300] "GET /cormun/servlet/solicitudotadjuntos?dd2c1b2999cd6fe74638877c19e5afcfc3d5bbc7ca53b0e07507d7fa96cfd09d,gx-no-cache=1554465056150 HTTP/1.1" 200 30
190.171.141.138 - - [05/Apr/2019:08:54:38 -0300] "GET /cormun/servlet/solicitudotadjuntos?dd2c1b2999cd6fe74638877c19e5afcfc3d5bbc7ca53b0e07507d7fa96cfd09d,gx-no-cache=1554465056211 HTTP/1.1" 200 30
190.171.141.138 - - [05/Apr/2019:08:54:38 -0300] "POST /cormun/servlet/solicitudotadjuntos?04c4ca6606490dbe7863e006bcdfd9f1,INS,2019,15140,,1, HTTP/1.1" 200 116
190.171.141.138 - - [05/Apr/2019:08:54:38 -0300] "GET /cormun/servlet/hpexe_return? HTTP/1.1" 200 1023
190.171.141.138 - - [05/Apr/2019:08:54:38 -0300] "GET /cormun/servlet/trsolicitudadjuntos?2019,15140, HTTP/1.1" 200 9614
190.171.141.138 - - [05/Apr/2019:08:54:39 -0300] "GET /cormun/servlet/trsolicitudadjuntos?2019,15140, HTTP/1.1" 200 9612
190.171.141.138 - - [05/Apr/2019:08:54:41 -0300] "GET /cormun/servlet/solicitudotadjuntos?INS,2019,15140,,1, HTTP/1.1" 200 6497
190.171.141.138 - - [05/Apr/2019:08:54:41 -0300] "GET /cormun/static/about:blank HTTP/1.1" 404 1011
190.171.141.138 - - [05/Apr/2019:08:54:41 -0300] "GET /cormun/servlet/solicitudotadjuntos?INS,2019,15140,,1, HTTP/1.1" 200 6491
190.171.141.138 - - [05/Apr/2019:08:54:42 -0300] "GET /cormun/servlet/solicitudotadjuntos?dd2c1b2999cd6fe74638877c19e5afcf48694e926e3ff6b32c1ba12bf4d2fcf38b392d0aa19f804896e185e2c57b8d8c,gx-no-cache=1554465060401 HTTP/1.1" 200 30
190.171.141.138 - - [05/Apr/2019:08:54:42 -0300] "POST /cormun/servlet/solicitudotadjuntos?04c4ca6606490dbe7863e006bcdfd9f1,INS,2019,15140,,1,,gx-no-cache=1554465060447 HTTP/1.1" 200 4104
200.111.191.210 - - [05/Apr/2019:08:54:45 -0300] "GET /cormun/servlet/permisogoce?6ef8bde58dfd95b3ad39f7d4ca14374b771d24106108b44817ed0eb12ac06b3b262169a439aa11735c0caf789e631f90cd4f5e212693da32fce5ceab845088fd,gx-no-cache=1554465116408 HTTP/1.1" 200 46
190.171.141.138 - - [05/Apr/2019:08:54:45 -0300] "POST /cormun/servlet/solicitudotadjuntos?gx-no-cache=1554465063958 HTTP/1.1" 200 26
190.171.141.138 - - [05/Apr/2019:08:54:54 -0300] "GET /cormun/servlet/solicitudotadjuntos?dd2c1b2999cd6fe74638877c19e5afcfc3d5bbc7ca53b0e07507d7fa96cfd09d,gx-no-cache=1554465072062 HTTP/1.1" 200 30
190.171.141.138 - - [05/Apr/2019:08:54:54 -0300] "GET /cormun/servlet/solicitudotadjuntos?dd2c1b2999cd6fe74638877c19e5afcfc3d5bbc7ca53b0e07507d7fa96cfd09d,gx-no-cache=1554465072075 HTTP/1.1" 200 30
190.171.141.138 - - [05/Apr/2019:08:54:54 -0300] "POST /cormun/servlet/solicitudotadjuntos?04c4ca6606490dbe7863e006bcdfd9f1,INS,2019,15140,,1, HTTP/1.1" 200 116
190.171.141.138 - - [05/Apr/2019:08:54:54 -0300] "GET /cormun/servlet/hpexe_return? HTTP/1.1" 200 1023
190.171.141.138 - - [05/Apr/2019:08:54:54 -0300] "GET /cormun/servlet/trsolicitudadjuntos?2019,15140, HTTP/1.1" 200 9811
200.111.191.210 - - [05/Apr/2019:08:54:54 -0300] "POST /cormun/servlet/permisogoce?55b899946e81fa43d0fc42355998907a,INS,0,,,,gx-no-cache=1554465125329 HTTP/1.1" 200 93
200.111.191.210 - - [05/Apr/2019:08:54:54 -0300] "GET /cormun/servlet/hpexe_return? HTTP/1.1" 200 1011
200.111.191.210 - - [05/Apr/2019:08:54:55 -0300] "GET /cormun/servlet/trpermisosgoce HTTP/1.1" 200 15785
190.171.141.138 - - [05/Apr/2019:08:54:55 -0300] "GET /cormun/servlet/trsolicitudadjuntos?2019,15140, HTTP/1.1" 200 9810
200.111.191.210 - - [05/Apr/2019:08:54:55 -0300] "GET /cormun/servlet/trpermisosgoce HTTP/1.1" 200 15792
190.171.141.138 - - [05/Apr/2019:08:54:57 -0300] "GET /cormun/servlet/solicitudotadjuntos?INS,2019,15140,,1, HTTP/1.1" 200 6497
190.171.141.138 - - [05/Apr/2019:08:54:57 -0300] "GET /cormun/static/about:blank HTTP/1.1" 404 1011
190.171.141.138 - - [05/Apr/2019:08:54:57 -0300] "GET /cormun/servlet/solicitudotadjuntos?INS,2019,15140,,1, HTTP/1.1" 200 6491
190.171.141.138 - - [05/Apr/2019:08:54:58 -0300] "GET /cormun/servlet/solicitudotadjuntos?dd2c1b2999cd6fe74638877c19e5afcf48694e926e3ff6b32c1ba12bf4d2fcf38b392d0aa19f804896e185e2c57b8d8c,gx-no-cache=1554465076046 HTTP/1.1" 200 30
200.111.191.210 - - [05/Apr/2019:08:54:58 -0300] "GET /cormun/servlet/apermisogoceprn?17235254,P,20190405104749,PU HTTP/1.1" 200 1662
190.171.141.138 - - [05/Apr/2019:08:54:58 -0300] "POST /cormun/servlet/solicitudotadjuntos?04c4ca6606490dbe7863e006bcdfd9f1,INS,2019,15140,,1,,gx-no-cache=1554465076256 HTTP/1.1" 200 4104
190.171.141.138 - - [05/Apr/2019:08:55:01 -0300] "POST /cormun/servlet/solicitudotadjuntos?gx-no-cache=1554465079382 HTTP/1.1" 200 26
190.171.143.106 - - [05/Apr/2019:08:55:01 -0300] "GET /cormun/servlet/solicitudot?40469197ddb992d07549b2e63e1fef489b6a4da298479cd7d21a3c7b4e024bed49891b0a2cc3fada966370a59b6afd29,gx-no-cache=1554465078998 HTTP/1.1" 200 134
190.171.141.138 - - [05/Apr/2019:08:55:06 -0300] "GET /cormun/servlet/solicitudotadjuntos?dd2c1b2999cd6fe74638877c19e5afcfc3d5bbc7ca53b0e07507d7fa96cfd09d,gx-no-cache=1554465084686 HTTP/1.1" 200 30
190.171.141.138 - - [05/Apr/2019:08:55:06 -0300] "GET /cormun/servlet/solicitudotadjuntos?dd2c1b2999cd6fe74638877c19e5afcfc3d5bbc7ca53b0e07507d7fa96cfd09d,gx-no-cache=1554465084709 HTTP/1.1" 200 30
190.171.141.138 - - [05/Apr/2019:08:55:06 -0300] "POST /cormun/servlet/solicitudotadjuntos?04c4ca6606490dbe7863e006bcdfd9f1,INS,2019,15140,,1, HTTP/1.1" 200 116
190.171.141.138 - - [05/Apr/2019:08:55:07 -0300] "GET /cormun/servlet/hpexe_return? HTTP/1.1" 200 1023
190.171.141.138 - - [05/Apr/2019:08:55:07 -0300] "GET /cormun/servlet/trsolicitudadjuntos?2019,15140, HTTP/1.1" 200 10050
190.171.141.138 - - [05/Apr/2019:08:55:07 -0300] "GET /cormun/servlet/trsolicitudadjuntos?2019,15140, HTTP/1.1" 200 10047
192.168.10.96 - - [05/Apr/2019:08:55:09 -0300] "GET /cormun/servlet/trsecurityuser01? HTTP/1.1" 200 12268
190.171.141.138 - - [05/Apr/2019:08:55:10 -0300] "GET /cormun/servlet/solicitudotadjuntos?INS,2019,15140,,1, HTTP/1.1" 200 6497
190.171.141.138 - - [05/Apr/2019:08:55:10 -0300] "GET /cormun/static/about:blank HTTP/1.1" 404 1011
190.171.141.138 - - [05/Apr/2019:08:55:10 -0300] "GET /cormun/servlet/solicitudotadjuntos?INS,2019,15140,,1, HTTP/1.1" 200 6491
190.171.141.138 - - [05/Apr/2019:08:55:10 -0300] "GET /cormun/servlet/solicitudotadjuntos?dd2c1b2999cd6fe74638877c19e5afcf48694e926e3ff6b32c1ba12bf4d2fcf38b392d0aa19f804896e185e2c57b8d8c,gx-no-cache=1554465088825 HTTP/1.1" 200 30
192.168.10.96 - - [05/Apr/2019:08:55:10 -0300] "GET /cormun/servlet/trsecurityuser01? HTTP/1.1" 200 12267
190.171.141.138 - - [05/Apr/2019:08:55:10 -0300] "POST /cormun/servlet/solicitudotadjuntos?04c4ca6606490dbe7863e006bcdfd9f1,INS,2019,15140,,1,,gx-no-cache=1554465088861 HTTP/1.1" 200 4104
190.171.141.138 - - [05/Apr/2019:08:55:13 -0300] "POST /cormun/servlet/solicitudotadjuntos?gx-no-cache=1554465091494 HTTP/1.1" 200 26
192.168.10.96 - - [05/Apr/2019:08:55:16 -0300] "POST /cormun/servlet/trsecurityuser01?2a7d9f12142cd1eaed89abc00ec0df31,,gx-no-cache=1554472116391 HTTP/1.1" 200 5154
192.168.10.96 - - [05/Apr/2019:08:55:18 -0300] "GET /cormun/servlet/securityusers?UPD,3863, HTTP/1.1" 200 7855
192.168.10.96 - - [05/Apr/2019:08:55:19 -0300] "GET /cormun/servlet/securityusers?UPD,3863, HTTP/1.1" 200 7855
186.103.159.46 - - [05/Apr/2019:08:55:19 -0300] "GET /cormun/servlet/trlicencias? HTTP/1.1" 200 9504
190.171.141.138 - - [05/Apr/2019:08:55:20 -0300] "GET /cormun/servlet/solicitudotadjuntos?dd2c1b2999cd6fe74638877c19e5afcfc3d5bbc7ca53b0e07507d7fa96cfd09d,gx-no-cache=1554465098630 HTTP/1.1" 200 30
190.171.141.138 - - [05/Apr/2019:08:55:20 -0300] "GET /cormun/servlet/solicitudotadjuntos?dd2c1b2999cd6fe74638877c19e5afcfc3d5bbc7ca53b0e07507d7fa96cfd09d,gx-no-cache=1554465098720 HTTP/1.1" 200 30
190.171.141.138 - - [05/Apr/2019:08:55:21 -0300] "POST /cormun/servlet/solicitudotadjuntos?04c4ca6606490dbe7863e006bcdfd9f1,INS,2019,15140,,1, HTTP/1.1" 200 116
190.171.141.138 - - [05/Apr/2019:08:55:21 -0300] "GET /cormun/servlet/hpexe_return? HTTP/1.1" 200 1023
190.171.141.138 - - [05/Apr/2019:08:55:22 -0300] "GET /cormun/servlet/trsolicitudadjuntos?2019,15140, HTTP/1.1" 200 10291
186.103.159.46 - - [05/Apr/2019:08:55:22 -0300] "GET /cormun/servlet/trlicencias? HTTP/1.1" 200 9502
190.171.141.138 - - [05/Apr/2019:08:55:22 -0300] "GET /cormun/servlet/trsolicitudadjuntos?2019,15140, HTTP/1.1" 200 10288
190.171.141.138 - - [05/Apr/2019:08:55:24 -0300] "GET /cormun/servlet/solicitudotadjuntos?INS,2019,15140,,2, HTTP/1.1" 200 6495
190.171.141.138 - - [05/Apr/2019:08:55:25 -0300] "GET /cormun/static/about:blank HTTP/1.1" 404 1011
190.171.141.138 - - [05/Apr/2019:08:55:25 -0300] "GET /cormun/servlet/solicitudotadjuntos?INS,2019,15140,,2, HTTP/1.1" 200 6488
190.171.141.138 - - [05/Apr/2019:08:55:25 -0300] "GET /cormun/servlet/solicitudotadjuntos?dd2c1b2999cd6fe74638877c19e5afcf48694e926e3ff6b32c1ba12bf4d2fcf38b392d0aa19f804896e185e2c57b8d8c,gx-no-cache=1554465103567 HTTP/1.1" 200 30
190.171.141.138 - - [05/Apr/2019:08:55:25 -0300] "POST /cormun/servlet/solicitudotadjuntos?04c4ca6606490dbe7863e006bcdfd9f1,INS,2019,15140,,2,,gx-no-cache=1554465103618 HTTP/1.1" 200 4243
190.171.143.82 - - [05/Apr/2019:08:55:26 -0300] "GET /cormun/servlet/hhome HTTP/1.1" 200 3414
190.171.143.82 - - [05/Apr/2019:08:55:27 -0300] "GET /cormun/servlet/hhome HTTP/1.1" 200 3423
190.171.143.82 - - [05/Apr/2019:08:55:27 -0300] "GET /cormun/servlet/hlogin HTTP/1.1" 200 1729
190.171.143.82 - - [05/Apr/2019:08:55:41 -0300] "POST /cormun/servlet/hlogin?4b7b8b5cc341d195339770908f051430,gx-no-cache=1554469301119 HTTP/1.1" 200 90
190.171.143.82 - - [05/Apr/2019:08:55:41 -0300] "GET /cormun/servlet/hpexe_link HTTP/1.1" 200 946
190.171.143.82 - - [05/Apr/2019:08:55:41 -0300] "GET /cormun/servlet/hhome HTTP/1.1" 200 4056
190.171.143.82 - - [05/Apr/2019:08:55:42 -0300] "GET /cormun/servlet/hhome HTTP/1.1" 200 4052
190.171.141.138 - - [05/Apr/2019:08:55:42 -0300] "POST /cormun/servlet/solicitudotadjuntos?gx-no-cache=1554465120863 HTTP/1.1" 200 26
192.168.10.96 - - [05/Apr/2019:08:55:44 -0300] "GET /cormun/servlet/trsolicitudgral? HTTP/1.1" 200 10618
190.171.143.82 - - [05/Apr/2019:08:55:45 -0300] "GET /cormun/servlet/trpermisosgoce? HTTP/1.1" 200 9907
192.168.10.96 - - [05/Apr/2019:08:55:45 -0300] "GET /cormun/servlet/trsolicitudgral? HTTP/1.1" 200 10609
190.171.143.82 - - [05/Apr/2019:08:55:46 -0300] "GET /cormun/servlet/trpermisosgoce? HTTP/1.1" 200 9909
190.171.143.82 - - [05/Apr/2019:08:55:51 -0300] "GET /cormun/servlet/permisogoce?INS,0,,, HTTP/1.1" 200 6894
190.171.143.82 - - [05/Apr/2019:08:55:52 -0300] "GET /cormun/servlet/permisogoce?INS,0,,, HTTP/1.1" 200 6893
190.171.141.138 - - [05/Apr/2019:08:55:52 -0300] "GET /cormun/servlet/solicitudotadjuntos?dd2c1b2999cd6fe74638877c19e5afcfc3d5bbc7ca53b0e07507d7fa96cfd09d,gx-no-cache=1554465130343 HTTP/1.1" 200 30
190.171.141.138 - - [05/Apr/2019:08:55:52 -0300] "GET /cormun/servlet/solicitudotadjuntos?dd2c1b2999cd6fe74638877c19e5afcfc3d5bbc7ca53b0e07507d7fa96cfd09d,gx-no-cache=1554465130480 HTTP/1.1" 200 30
190.171.141.138 - - [05/Apr/2019:08:55:53 -0300] "POST /cormun/servlet/solicitudotadjuntos?04c4ca6606490dbe7863e006bcdfd9f1,INS,2019,15140,,2, HTTP/1.1" 200 116
190.171.141.138 - - [05/Apr/2019:08:55:53 -0300] "GET /cormun/servlet/hpexe_return? HTTP/1.1" 200 1023
190.171.141.138 - - [05/Apr/2019:08:55:54 -0300] "GET /cormun/servlet/trsolicitudadjuntos?2019,15140, HTTP/1.1" 200 10435
190.171.141.138 - - [05/Apr/2019:08:55:55 -0300] "GET /cormun/servlet/trsolicitudadjuntos?2019,15140, HTTP/1.1" 200 10432
190.171.141.138 - - [05/Apr/2019:08:55:57 -0300] "GET /cormun/servlet/solicitudotadjuntos?INS,2019,15140,,2, HTTP/1.1" 200 6495
190.171.141.138 - - [05/Apr/2019:08:55:57 -0300] "GET /cormun/static/about:blank HTTP/1.1" 404 1011
190.171.141.138 - - [05/Apr/2019:08:55:57 -0300] "GET /cormun/servlet/solicitudotadjuntos?INS,2019,15140,,2, HTTP/1.1" 200 6488
190.171.141.138 - - [05/Apr/2019:08:55:58 -0300] "GET /cormun/servlet/solicitudotadjuntos?dd2c1b2999cd6fe74638877c19e5afcf48694e926e3ff6b32c1ba12bf4d2fcf38b392d0aa19f804896e185e2c57b8d8c,gx-no-cache=1554465136004 HTTP/1.1" 200 30
190.171.141.138 - - [05/Apr/2019:08:55:58 -0300] "POST /cormun/servlet/solicitudotadjuntos?04c4ca6606490dbe7863e006bcdfd9f1,INS,2019,15140,,2,,gx-no-cache=1554465136127 HTTP/1.1" 200 4242
190.171.143.82 - - [05/Apr/2019:08:56:02 -0300] "GET /cormun/servlet/permisogoce?d63f15cde3d1c3102ec33f7949cbcf0a2de70b3e04d3a33cc2c9927db1fd3c887899db42b5e5497b4e7c70c582e390eea20a4c7e8c47d5af531745d535702324,gx-no-cache=1554469322570 HTTP/1.1" 200 73
190.171.141.138 - - [05/Apr/2019:08:57:03 -0300] "POST /cormun/servlet/solicitudotadjuntos?gx-no-cache=1554465200910 HTTP/1.1" 200 26
190.171.141.138 - - [05/Apr/2019:08:57:11 -0300] "GET /cormun/servlet/solicitudotadjuntos?dd2c1b2999cd6fe74638877c19e5afcfc3d5bbc7ca53b0e07507d7fa96cfd09d,gx-no-cache=1554465209070 HTTP/1.1" 200 30
190.171.141.138 - - [05/Apr/2019:08:57:11 -0300] "GET /cormun/servlet/solicitudotadjuntos?dd2c1b2999cd6fe74638877c19e5afcfc3d5bbc7ca53b0e07507d7fa96cfd09d,gx-no-cache=1554465209217 HTTP/1.1" 200 30
190.171.141.138 - - [05/Apr/2019:08:57:12 -0300] "POST /cormun/servlet/solicitudotadjuntos?04c4ca6606490dbe7863e006bcdfd9f1,INS,2019,15140,,2, HTTP/1.1" 200 116
190.171.141.138 - - [05/Apr/2019:08:57:12 -0300] "GET /cormun/servlet/hpexe_return? HTTP/1.1" 200 1023
190.171.141.138 - - [05/Apr/2019:08:57:13 -0300] "GET /cormun/servlet/trsolicitudadjuntos?2019,15140, HTTP/1.1" 200 10584
190.171.141.138 - - [05/Apr/2019:08:57:14 -0300] "GET /cormun/servlet/trsolicitudadjuntos?2019,15140, HTTP/1.1" 200 10581
190.171.141.138 - - [05/Apr/2019:08:57:17 -0300] "GET /cormun/servlet/trsolicitudot? HTTP/1.1" 200 9751
190.171.141.138 - - [05/Apr/2019:08:57:17 -0300] "GET /cormun/servlet/trsolicitudot? HTTP/1.1" 200 9744
190.171.141.138 - - [05/Apr/2019:08:57:29 -0300] "POST /cormun/servlet/trsolicitudot?04c4ca6606490dbe7863e006bcdfd9f1,,gx-no-cache=1554465226893 HTTP/1.1" 200 6410
190.171.141.138 - - [05/Apr/2019:08:57:29 -0300] "GET /cormun/static/Shared/jqueryui/images/ui-bg_highlight-soft_100_c6c2c8_1x100.png HTTP/1.1" 404 1117
190.171.141.138 - - [05/Apr/2019:08:57:29 -0300] "GET /cormun/static/Shared/jqueryui/images/ui-icons_8d78a5_256x240.png HTTP/1.1" 404 1089
190.171.141.138 - - [05/Apr/2019:08:57:29 -0300] "GET /cormun/static/Shared/jqueryui/images/ui-icons_82798d_256x240.png HTTP/1.1" 404 1089
190.171.141.138 - - [05/Apr/2019:08:57:29 -0300] "GET /cormun/static/Shared/jqueryui/images/ui-bg_flat_55_fafafa_40x100.png HTTP/1.1" 404 1097
190.171.141.138 - - [05/Apr/2019:08:57:29 -0300] "POST /cormun/servlet/trsolicitudot?04c4ca6606490dbe7863e006bcdfd9f1,,gx-no-cache=1554465227487 HTTP/1.1" 200 6352
190.171.141.138 - - [05/Apr/2019:08:57:31 -0300] "POST /cormun/servlet/trsolicitudot?04c4ca6606490dbe7863e006bcdfd9f1,,gx-no-cache=1554465228674 HTTP/1.1" 200 6082
190.171.141.138 - - [05/Apr/2019:08:57:31 -0300] "POST /cormun/servlet/trsolicitudot?04c4ca6606490dbe7863e006bcdfd9f1,,gx-no-cache=1554465229758 HTTP/1.1" 200 6026
190.171.141.138 - - [05/Apr/2019:08:57:33 -0300] "POST /cormun/servlet/trsolicitudot?04c4ca6606490dbe7863e006bcdfd9f1,,gx-no-cache=1554465231040 HTTP/1.1" 200 4839
190.171.141.138 - - [05/Apr/2019:08:57:33 -0300] "POST /cormun/servlet/trsolicitudot?04c4ca6606490dbe7863e006bcdfd9f1,,gx-no-cache=1554465231454 HTTP/1.1" 200 4548
190.171.141.138 - - [05/Apr/2019:08:57:36 -0300] "GET /cormun/servlet/trautorizarsolicitud? HTTP/1.1" 200 9634
190.171.141.138 - - [05/Apr/2019:08:57:36 -0300] "GET /cormun/static/gxcfg.js?2017111423403364 HTTP/1.1" 304 -
190.171.141.138 - - [05/Apr/2019:08:57:36 -0300] "GET /cormun/servlet/trautorizarsolicitud? HTTP/1.1" 200 9634
190.171.141.138 - - [05/Apr/2019:08:57:38 -0300] "POST /cormun/servlet/trautorizarsolicitud?04c4ca6606490dbe7863e006bcdfd9f1,,gx-no-cache=1554465236666 HTTP/1.1" 200 6298
190.171.141.138 - - [05/Apr/2019:08:57:39 -0300] "POST /cormun/servlet/trautorizarsolicitud?04c4ca6606490dbe7863e006bcdfd9f1,,gx-no-cache=1554465236998 HTTP/1.1" 200 6244
190.171.141.138 - - [05/Apr/2019:08:57:40 -0300] "POST /cormun/servlet/trautorizarsolicitud?04c4ca6606490dbe7863e006bcdfd9f1,,gx-no-cache=1554465238129 HTTP/1.1" 200 5989
190.171.141.138 - - [05/Apr/2019:08:57:40 -0300] "POST /cormun/servlet/trautorizarsolicitud?04c4ca6606490dbe7863e006bcdfd9f1,,gx-no-cache=1554465238387 HTTP/1.1" 200 5935
190.171.141.138 - - [05/Apr/2019:08:57:41 -0300] "POST /cormun/servlet/trautorizarsolicitud?04c4ca6606490dbe7863e006bcdfd9f1,,gx-no-cache=1554465239168 HTTP/1.1" 200 4754
190.171.141.138 - - [05/Apr/2019:08:57:41 -0300] "POST /cormun/servlet/trautorizarsolicitud?04c4ca6606490dbe7863e006bcdfd9f1,,gx-no-cache=1554465239371 HTTP/1.1" 200 4469
192.168.10.67 - - [05/Apr/2019:08:57:48 -0300] "GET /cormun/servlet/hlogin HTTP/1.1" 200 1730
190.171.143.106 - - [05/Apr/2019:08:58:19 -0300] "POST /cormun/servlet/solicitudot?gx-no-cache=1554465277297 HTTP/1.1" 200 30
190.171.143.106 - - [05/Apr/2019:08:58:20 -0300] "POST /cormun/servlet/solicitudot?gx-no-cache=1554465277521 HTTP/1.1" 200 1332
190.171.143.106 - - [05/Apr/2019:08:58:20 -0300] "POST /cormun/servlet/solicitudot?gx-no-cache=1554465277706 HTTP/1.1" 200 41
190.171.143.106 - - [05/Apr/2019:08:58:20 -0300] "GET /cormun/servlet/solicitudot?40469197ddb992d07549b2e63e1fef4873944e4f931d2d31717c65432fb4a95bd7f1c374c16c06799be5a882e1c22a948d419b91646e12451547b37607ccc06b369c661d27b91506a03dfcd5dd04adf1a28b14124853bf4306c9e295a4aba21a5200267d786be8517fa0ea8059d0812e,gx-no-cache=1554465277827 HTTP/1.1" 200 110
190.171.143.106 - - [05/Apr/2019:08:58:20 -0300] "POST /cormun/servlet/solicitudot?gx-no-cache=1554465277952 HTTP/1.1" 200 97
190.171.143.106 - - [05/Apr/2019:08:58:20 -0300] "GET /cormun/servlet/solicitudot?40469197ddb992d07549b2e63e1fef489b6a4da298479cd7d21a3c7b4e024bed49891b0a2cc3fada966370a59b6afd29,gx-no-cache=1554465278061 HTTP/1.1" 200 134
190.171.143.106 - - [05/Apr/2019:08:58:20 -0300] "POST /cormun/servlet/solicitudot?gx-no-cache=1554465278172 HTTP/1.1" 200 146
190.171.143.106 - - [05/Apr/2019:08:58:25 -0300] "GET /cormun/servlet/solicitudot?INS,0,0, HTTP/1.1" 200 14967
190.171.143.106 - - [05/Apr/2019:08:58:26 -0300] "GET /cormun/servlet/solicitudot?INS,0,0, HTTP/1.1" 200 14972
