186.103.159.46 - - [05/Apr/2019:08:26:29 -0300] "GET /cormun/static/prlicenciaspermisos.js?20176272054050 HTTP/1.1" 200 13379
186.103.159.46 - - [05/Apr/2019:08:26:49 -0300] "POST /cormun/servlet/solicitudot?gx-no-cache=1554463388882 HTTP/1.1" 200 41
186.103.159.46 - - [05/Apr/2019:08:26:49 -0300] "GET /cormun/servlet/solicitudot?bb706ca0715e1a347859d04a86b20f7c39e1362b9d82578e3ffff69af1b86ea380c7d0dee059c3c279aaa5fc64c8643bc917aa242966550965b9dacd0ba63ca97258b56715a1f45875cb4266a14f024dc06269c1a7753663f41177808f8efc8452fd49e1f4c7b200e815237b54dce914,gx-no-cache=1554463389089 HTTP/1.1" 200 110
186.103.159.46 - - [05/Apr/2019:08:26:49 -0300] "POST /cormun/servlet/solicitudot?gx-no-cache=1554463389241 HTTP/1.1" 200 64
186.103.159.46 - - [05/Apr/2019:08:26:57 -0300] "GET /cormun/servlet/prlicenciaspermisos?11142601,L,,MD,,gxPopupLevel%3D0%3B HTTP/1.1" 200 7791
186.103.159.46 - - [05/Apr/2019:08:27:15 -0300] "POST /cormun/servlet/solicitudot?gx-no-cache=1554463414865 HTTP/1.1" 200 41
186.103.159.46 - - [05/Apr/2019:08:27:15 -0300] "GET /cormun/servlet/solicitudot?bb706ca0715e1a347859d04a86b20f7c39e1362b9d82578e3ffff69af1b86ea380c7d0dee059c3c279aaa5fc64c8643bc917aa242966550965b9dacd0ba63ca97258b56715a1f45875cb4266a14f024dc06269c1a7753663f41177808f8efc8452fd49e1f4c7b200e815237b54dce914,gx-no-cache=1554463414957 HTTP/1.1" 200 110
186.103.159.46 - - [05/Apr/2019:08:27:27 -0300] "GET /cormun/servlet/prlicenciaspermisos?11142601,L,,MD,,gxPopupLevel%3D0%3B HTTP/1.1" 200 7791
186.103.159.46 - - [05/Apr/2019:08:27:47 -0300] "POST /cormun/servlet/solicitudot?gx-no-cache=1554463446790 HTTP/1.1" 200 41
186.103.159.46 - - [05/Apr/2019:08:27:47 -0300] "GET /cormun/servlet/solicitudot?bb706ca0715e1a347859d04a86b20f7c39e1362b9d82578e3ffff69af1b86ea380c7d0dee059c3c279aaa5fc64c8643bc917aa242966550965b9dacd0ba63ca97258b56715a1f45875cb4266a14f024dc06269c1a7753663f41177808f8efc8452fd49e1f4c7b200e815237b54dce914,gx-no-cache=1554463446954 HTTP/1.1" 200 110
186.103.159.46 - - [05/Apr/2019:08:27:47 -0300] "GET /cormun/servlet/solicitudot?bb706ca0715e1a347859d04a86b20f7c335ac009aaedf6ac0ee8c7fec71b77247f4ee50605339cf3ca289147fcf9d8e69c3072f69d5258aaf172ca3cd0ff2a58beb72fb129e6a3795446a2e7a32e93794644c30f8bf67363a1bb92c2fe0f4a357d63263a9bdf57faed921606567805fb,gx-no-cache=1554463447063 HTTP/1.1" 200 29
186.103.159.46 - - [05/Apr/2019:08:27:48 -0300] "GET /cormun/static/menuarrow.gif HTTP/1.1" 404 1015
186.103.159.46 - - [05/Apr/2019:08:27:58 -0300] "GET /cormun/servlet/solicitudot?bb706ca0715e1a347859d04a86b20f7ca1a2b8a4cbc0c8be744bc84b0207fab6b054b7a699f9a1c4a429fc0c24e34356,gx-no-cache=1554463458342 HTTP/1.1" 200 134
186.103.159.46 - - [05/Apr/2019:08:27:58 -0300] "GET /cormun/static/Shared/jqueryui/images/ui-bg_highlight-soft_100_c6c2c8_1x100.png HTTP/1.1" 404 1117
186.103.159.46 - - [05/Apr/2019:08:27:58 -0300] "GET /cormun/static/Shared/jqueryui/images/ui-icons_82798d_256x240.png HTTP/1.1" 404 1089
186.103.159.46 - - [05/Apr/2019:08:27:58 -0300] "GET /cormun/static/Shared/jqueryui/images/ui-bg_flat_55_994d53_40x100.png HTTP/1.1" 404 1097
186.103.159.46 - - [05/Apr/2019:08:27:58 -0300] "GET /cormun/static/Shared/jqueryui/images/ui-icons_ebccce_256x240.png HTTP/1.1" 404 1089
186.103.159.46 - - [05/Apr/2019:08:27:58 -0300] "POST /cormun/servlet/solicitudot?gx-no-cache=1554463458583 HTTP/1.1" 200 120
78.108.177.51 - - [05/Apr/2019:08:28:17 -0300] "GET / HTTP/1.0" 200 11197
186.103.159.46 - - [05/Apr/2019:08:28:23 -0300] "GET /cormun/servlet/solicitudot?bb706ca0715e1a347859d04a86b20f7ca1a2b8a4cbc0c8be744bc84b0207fab6b054b7a699f9a1c4a429fc0c24e34356,gx-no-cache=1554463482896 HTTP/1.1" 200 134
186.103.159.46 - - [05/Apr/2019:08:28:23 -0300] "POST /cormun/servlet/solicitudot?gx-no-cache=1554463483169 HTTP/1.1" 200 120
186.103.159.46 - - [05/Apr/2019:08:28:33 -0300] "GET /cormun/servlet/prlicenciaspermisos?11142601,L,,MD,,gxPopupLevel%3D0%3B HTTP/1.1" 200 7791
186.103.159.46 - - [05/Apr/2019:08:30:44 -0300] "GET /cormun/servlet/solicitudot?bb706ca0715e1a347859d04a86b20f7c39e1362b9d82578e3ffff69af1b86ea380c7d0dee059c3c279aaa5fc64c8643bc917aa242966550965b9dacd0ba63ca97258b56715a1f45875cb4266a14f024dc06269c1a7753663f41177808f8efc8452fd49e1f4c7b200e815237b54dce914,gx-no-cache=1554463624248 HTTP/1.1" 200 110
186.103.159.46 - - [05/Apr/2019:08:30:44 -0300] "GET /cormun/servlet/solicitudot?bb706ca0715e1a347859d04a86b20f7ca1a2b8a4cbc0c8be744bc84b0207fab6b054b7a699f9a1c4a429fc0c24e34356,gx-no-cache=1554463624519 HTTP/1.1" 200 134
186.103.159.46 - - [05/Apr/2019:08:30:44 -0300] "POST /cormun/servlet/solicitudot?gx-no-cache=1554463624689 HTTP/1.1" 200 120
186.103.159.46 - - [05/Apr/2019:08:31:08 -0300] "GET /cormun/servlet/prlicenciaspermisos?11142601,L,,MD,,gxPopupLevel%3D0%3B HTTP/1.1" 200 7791
190.171.141.138 - - [05/Apr/2019:08:31:21 -0300] "GET /cormun/servlet/hlogin HTTP/1.1" 200 1719
190.171.141.138 - - [05/Apr/2019:08:31:22 -0300] "POST /cormun/servlet/hlogin?04c4ca6606490dbe7863e006bcdfd9f1,gx-no-cache=1554463660697 HTTP/1.1" 200 90
190.171.141.138 - - [05/Apr/2019:08:31:22 -0300] "GET /cormun/servlet/hpexe_link HTTP/1.1" 200 947
190.171.141.138 - - [05/Apr/2019:08:31:23 -0300] "GET /cormun/servlet/hhome HTTP/1.1" 200 4462
190.171.141.138 - - [05/Apr/2019:08:31:23 -0300] "GET /cormun/servlet/hhome HTTP/1.1" 200 4458
190.171.141.138 - - [05/Apr/2019:08:31:27 -0300] "GET /cormun/servlet/trsolicitudot? HTTP/1.1" 200 7682
190.171.141.138 - - [05/Apr/2019:08:31:27 -0300] "GET /cormun/servlet/trsolicitudot? HTTP/1.1" 200 7680
190.171.141.138 - - [05/Apr/2019:08:31:31 -0300] "GET /cormun/servlet/solicitudot?INS,0,0, HTTP/1.1" 200 15362
190.171.141.138 - - [05/Apr/2019:08:31:32 -0300] "GET /cormun/servlet/solicitudot?INS,0,0, HTTP/1.1" 200 15367
190.171.141.138 - - [05/Apr/2019:08:31:52 -0300] "POST /cormun/servlet/solicitudot?gx-no-cache=1554463689869 HTTP/1.1" 200 3596
190.171.141.138 - - [05/Apr/2019:08:31:52 -0300] "POST /cormun/servlet/solicitudot?04c4ca6606490dbe7863e006bcdfd9f1,INS,0,0,,gx-no-cache=1554463690116 HTTP/1.1" 200 12023
190.171.141.138 - - [05/Apr/2019:08:32:00 -0300] "GET /cormun/servlet/solicitudot?dd2c1b2999cd6fe74638877c19e5afcf618634cf41fd210026ff171ef28334de6ac041cf6c76d30584fd53a34670fc86,gx-no-cache=1554463698423 HTTP/1.1" 200 30
190.171.141.138 - - [05/Apr/2019:08:32:57 -0300] "GET /cormun/servlet/solicitudot?dd2c1b2999cd6fe74638877c19e5afcf7cf6d0f18e937493a6d946bb457bb77a2787e654ac619ba26823102cd16a02f0,gx-no-cache=1554463755183 HTTP/1.1" 200 30
190.171.141.138 - - [05/Apr/2019:08:32:57 -0300] "GET /cormun/servlet/solicitudot?dd2c1b2999cd6fe74638877c19e5afcf502c5b4940026341abe7e2ca9196ca7d,gx-no-cache=1554463755302 HTTP/1.1" 200 53
190.171.141.138 - - [05/Apr/2019:08:32:57 -0300] "POST /cormun/servlet/solicitudot?gx-no-cache=1554463755364 HTTP/1.1" 200 240
190.171.141.138 - - [05/Apr/2019:08:32:57 -0300] "GET /cormun/servlet/solicitudot?dd2c1b2999cd6fe74638877c19e5afcf9d1e8ca10041755ab257879bb8c682e0de307a9c10259057eae24a030227957a24b20e396a94f15984da3a2d4da899667cee95a1e4f6ae9aa0bfe1a56bcc7765e1759f4a7890d49828ef146a61fb5b4974f363a8ae162eab7ae74111b0312e46066f5df5715c4bc62d620835d0f50ec18b69c71a070eef8bbec6e701a609b8e96b21a1ca20b46ed924327c576c89788f94fbfc874ab8a19c19a1dafe8ef1d231d18ef37046a86d277a20d2112683c238b250f27bd1b2fb609aa1ddc3edacbacddb3ae612e73522956c772b4c694b6da84b46274ccc36223115ca3eda3ab089f3e443d4fd297bb6a3e4b4c7c3af40a3c25d3dba59ee34239ae58b3ba98527f78f39b3741ed3db30b2c7f43cf78310f12b25fd909fde8e0f6384f52d877f3ad18df4e47ca81729b13a7cca5d0e2bd33efbb20ddd41734267f8c405cc9da79110170af9ff3273312cac7fd7bbee5b43b99f13701effd32c51540faccd80c7b501a67bd608a19cb623e387b9fb637129ab31,gx-no-cache=1554463755445 HTTP/1.1" 200 30
190.171.141.138 - - [05/Apr/2019:08:33:06 -0300] "POST /cormun/servlet/solicitudot?gx-no-cache=1554463764068 HTTP/1.1" 200 30
190.171.141.138 - - [05/Apr/2019:08:33:06 -0300] "POST /cormun/servlet/solicitudot?gx-no-cache=1554463764152 HTTP/1.1" 200 1335
190.171.141.138 - - [05/Apr/2019:08:33:06 -0300] "POST /cormun/servlet/solicitudot?gx-no-cache=1554463764225 HTTP/1.1" 200 38
190.171.141.138 - - [05/Apr/2019:08:33:06 -0300] "GET /cormun/servlet/solicitudot?dd2c1b2999cd6fe74638877c19e5afcf41618a59db41826c03d344e4fba477cad5a68ab9a4e8430dac4389b3667350ad949ab19c7ba82889a2b9ceacb1e5757fe04b49e9097e625e0a10f82cb3b714c7c2f71c186db49106731ed09bd895524d0263bb9fcb75900ec4e931ca19b8da60,gx-no-cache=1554463764300 HTTP/1.1" 200 110
190.171.141.138 - - [05/Apr/2019:08:33:06 -0300] "POST /cormun/servlet/solicitudot?gx-no-cache=1554463764465 HTTP/1.1" 200 97
190.171.141.138 - - [05/Apr/2019:08:33:26 -0300] "POST /cormun/servlet/solicitudot?gx-no-cache=1554463784396 HTTP/1.1" 200 30
186.103.159.46 - - [05/Apr/2019:08:33:28 -0300] "POST /cormun/servlet/solicitudot?gx-no-cache=1554463787995 HTTP/1.1" 200 41
186.103.159.46 - - [05/Apr/2019:08:33:28 -0300] "GET /cormun/servlet/solicitudot?bb706ca0715e1a347859d04a86b20f7c39e1362b9d82578e3ffff69af1b86ea380c7d0dee059c3c279aaa5fc64c8643bc917aa242966550965b9dacd0ba63ca97258b56715a1f45875cb4266a14f024dc06269c1a7753663f41177808f8efc8452fd49e1f4c7b200e815237b54dce914,gx-no-cache=1554463788383 HTTP/1.1" 200 110
186.103.159.46 - - [05/Apr/2019:08:33:30 -0300] "GET /cormun/servlet/solicitudot?bb706ca0715e1a347859d04a86b20f7ca1a2b8a4cbc0c8be744bc84b0207fab6b054b7a699f9a1c4a429fc0c24e34356,gx-no-cache=1554463790065 HTTP/1.1" 200 134
190.171.141.138 - - [05/Apr/2019:08:33:36 -0300] "GET /cormun/servlet/trlicencias? HTTP/1.1" 200 12944
190.171.141.138 - - [05/Apr/2019:08:33:36 -0300] "GET /cormun/servlet/trlicencias? HTTP/1.1" 200 12841
186.103.159.46 - - [05/Apr/2019:08:33:38 -0300] "GET /cormun/servlet/prlicenciaspermisos?11142601,L,,MD,,gxPopupLevel%3D0%3B HTTP/1.1" 200 7791
190.171.141.138 - - [05/Apr/2019:08:33:49 -0300] "GET /cormun/servlet/trcontratosolicitud? HTTP/1.1" 200 14944
190.171.141.138 - - [05/Apr/2019:08:33:50 -0300] "GET /cormun/static/gxcfg.js?20177612214014 HTTP/1.1" 304 -
190.171.141.138 - - [05/Apr/2019:08:33:50 -0300] "GET /cormun/servlet/trcontratosolicitud? HTTP/1.1" 200 14941
186.103.159.46 - - [05/Apr/2019:08:33:51 -0300] "GET /cormun/servlet/solicitudot?bb706ca0715e1a347859d04a86b20f7c39e1362b9d82578e3ffff69af1b86ea380c7d0dee059c3c279aaa5fc64c8643bc917aa242966550965b9dacd0ba63ca97258b56715a1f45875cb4266a14f024dc06269c1a7753663f41177808f8efc8452fd49e1f4c7b200e815237b54dce914,gx-no-cache=1554463810778 HTTP/1.1" 200 110
186.103.159.46 - - [05/Apr/2019:08:33:55 -0300] "GET /cormun/servlet/solicitudot?bb706ca0715e1a347859d04a86b20f7c39e1362b9d82578e3ffff69af1b86ea380c7d0dee059c3c279aaa5fc64c8643bc917aa242966550965b9dacd0ba63ca97258b56715a1f45875cb4266a14f024dc06269c1a7753663f41177808f8efc8452fd49e1f4c7b200e815237b54dce914,gx-no-cache=1554463814793 HTTP/1.1" 200 110
186.103.159.46 - - [05/Apr/2019:08:34:01 -0300] "GET /cormun/servlet/solicitudot?bb706ca0715e1a347859d04a86b20f7c801d9976798deff17b33c6a59f8a94bf8e8581f91412947dedd8293e23dcf498,gx-no-cache=1554463821207 HTTP/1.1" 200 134
186.103.159.46 - - [05/Apr/2019:08:34:01 -0300] "POST /cormun/servlet/solicitudot?gx-no-cache=1554463821347 HTTP/1.1" 200 34
192.168.10.96 - - [05/Apr/2019:08:34:06 -0300] "POST /cormun/servlet/trsolicitudgral?2a7d9f12142cd1eaed89abc00ec0df31,,gx-no-cache=1554470845157 HTTP/1.1" 200 25821
192.168.10.96 - - [05/Apr/2019:08:34:12 -0300] "POST /cormun/servlet/trsolicitudgral?2a7d9f12142cd1eaed89abc00ec0df31,,gx-no-cache=1554470851026 HTTP/1.1" 200 25821
200.111.191.210 - - [05/Apr/2019:08:34:13 -0300] "POST /cormun/servlet/trlicencias?55b899946e81fa43d0fc42355998907a,,gx-no-cache=1554463884133 HTTP/1.1" 200 4155
192.168.10.96 - - [05/Apr/2019:08:34:20 -0300] "POST /cormun/servlet/trsolicitudgral?2a7d9f12142cd1eaed89abc00ec0df31,,gx-no-cache=1554470859433 HTTP/1.1" 200 9021
186.103.159.46 - - [05/Apr/2019:08:34:24 -0300] "GET /cormun/servlet/solicitudot?bb706ca0715e1a347859d04a86b20f7cf0ced543ea22693c32decfefa82909e8b054b7a699f9a1c4a429fc0c24e34356,gx-no-cache=1554463844146 HTTP/1.1" 200 30
186.103.159.46 - - [05/Apr/2019:08:34:29 -0300] "POST /cormun/servlet/solicitudot?gx-no-cache=1554463849344 HTTP/1.1" 200 34
186.103.159.46 - - [05/Apr/2019:08:34:30 -0300] "POST /cormun/servlet/solicitudot?9146d85080f3a214f378164c34f3a290,INS,0,0,,gx-no-cache=1554463849561 HTTP/1.1" 200 93
186.103.159.46 - - [05/Apr/2019:08:34:31 -0300] "GET /cormun/servlet/hpexe_return? HTTP/1.1" 200 1006
186.103.159.46 - - [05/Apr/2019:08:34:32 -0300] "GET /cormun/servlet/trsolicitudot HTTP/1.1" 200 9261
192.168.10.96 - - [05/Apr/2019:08:34:33 -0300] "POST /cormun/servlet/trsolicitudgral?2a7d9f12142cd1eaed89abc00ec0df31,,gx-no-cache=1554470872925 HTTP/1.1" 200 5956
186.103.159.46 - - [05/Apr/2019:08:34:34 -0300] "GET /cormun/servlet/trsolicitudot HTTP/1.1" 200 9257
200.111.191.210 - - [05/Apr/2019:08:34:35 -0300] "POST /cormun/servlet/trlicencias?55b899946e81fa43d0fc42355998907a,,gx-no-cache=1554463906320 HTTP/1.1" 200 4154
192.168.10.96 - - [05/Apr/2019:08:34:36 -0300] "POST /cormun/servlet/trsolicitudgral?2a7d9f12142cd1eaed89abc00ec0df31,,gx-no-cache=1554470876173 HTTP/1.1" 200 5958
192.168.10.96 - - [05/Apr/2019:08:34:36 -0300] "POST /cormun/servlet/trsolicitudgral?2a7d9f12142cd1eaed89abc00ec0df31,,gx-no-cache=1554470876390 HTTP/1.1" 200 5958
192.168.10.96 - - [05/Apr/2019:08:34:37 -0300] "POST /cormun/servlet/trsolicitudgral?2a7d9f12142cd1eaed89abc00ec0df31,,gx-no-cache=1554470876674 HTTP/1.1" 200 5958
192.168.10.96 - - [05/Apr/2019:08:34:37 -0300] "POST /cormun/servlet/trsolicitudgral?2a7d9f12142cd1eaed89abc00ec0df31,,gx-no-cache=1554470876922 HTTP/1.1" 200 5958
192.168.10.96 - - [05/Apr/2019:08:34:37 -0300] "POST /cormun/servlet/trsolicitudgral?2a7d9f12142cd1eaed89abc00ec0df31,,gx-no-cache=1554470877210 HTTP/1.1" 200 5958
192.168.10.96 - - [05/Apr/2019:08:34:38 -0300] "POST /cormun/servlet/trsolicitudgral?2a7d9f12142cd1eaed89abc00ec0df31,,gx-no-cache=1554470877388 HTTP/1.1" 200 5958
186.103.159.46 - - [05/Apr/2019:08:34:40 -0300] "POST /cormun/servlet/trsolicitudot?9146d85080f3a214f378164c34f3a290,gx-no-cache=1554463860094 HTTP/1.1" 200 106
186.103.159.46 - - [05/Apr/2019:08:34:41 -0300] "GET /cormun/servlet/solicitudot?UPD,2019,15139, HTTP/1.1" 200 15501
186.103.159.46 - - [05/Apr/2019:08:34:43 -0300] "GET /cormun/servlet/solicitudot?UPD,2019,15139, HTTP/1.1" 200 15511
186.103.159.46 - - [05/Apr/2019:08:34:44 -0300] "POST /cormun/servlet/solicitudot?gx-no-cache=1554463863983 HTTP/1.1" 200 3552
192.168.10.96 - - [05/Apr/2019:08:34:45 -0300] "POST /cormun/servlet/trsolicitudgral?2a7d9f12142cd1eaed89abc00ec0df31,,gx-no-cache=1554470884459 HTTP/1.1" 200 7651
186.103.159.46 - - [05/Apr/2019:08:34:45 -0300] "POST /cormun/servlet/solicitudot?9146d85080f3a214f378164c34f3a290,UPD,2019,15139,,gx-no-cache=1554463865059 HTTP/1.1" 200 11828
186.103.159.46 - - [05/Apr/2019:08:34:46 -0300] "GET /cormun/servlet/solicitudot?bb706ca0715e1a347859d04a86b20f7cfac3a0e685b486cda304de4298ac37d7d23ce6851f4e6720f2774a45d30d2356,gx-no-cache=1554463866050 HTTP/1.1" 200 30
186.103.159.46 - - [05/Apr/2019:08:34:46 -0300] "GET /cormun/servlet/solicitudot?bb706ca0715e1a347859d04a86b20f7cade9be984051973f08b04149b42d4deb32f3c28fa37de2af47dfa4a33a171c6274ee4390507e170ca4d3a9b7df0f5f0c,gx-no-cache=1554463866549 HTTP/1.1" 200 30
186.103.159.46 - - [05/Apr/2019:08:34:46 -0300] "GET /cormun/servlet/solicitudot?bb706ca0715e1a347859d04a86b20f7c8ec59381701e2b491acf66bca4aaf8f1f22cfc4de505bdfda3a06ebeafd35e01cb2e379d87770c70e263ce41e668aa3a,gx-no-cache=1554463866730 HTTP/1.1" 200 53
186.103.159.46 - - [05/Apr/2019:08:34:47 -0300] "POST /cormun/servlet/solicitudot?gx-no-cache=1554463866894 HTTP/1.1" 200 238
186.103.159.46 - - [05/Apr/2019:08:34:47 -0300] "GET /cormun/servlet/solicitudot?bb706ca0715e1a347859d04a86b20f7c2ab9dc3d2f8b26fec57f592a610a35b0abbff3d00dc473a0d60c5cc5ace9f96e8b0da1254cdf3f0c67d333eaa2864df0b53c2c38e32b6efb10b354e2da02e8c0b8817382281d3d4445aa4fdd09a3f681c5f0bc136d10c7489ae96620fa4f6ca20504bf4799b730c14e3708e4b1ce4db6d2e0ecb27fc07d598b0f76a4a7857d40365852befb17f0a48fa21a004a26d97ac1216965ec543fd428ebddb9a923b1a9954b129a784af09df959c18b198e1545f952ac80ac2c29629173b9f8d81a16b3ed7953edc30c84a2cf0fb6934bab802d5da347fec30afb14c44c58caa2fcdcf644fbdf876e2dd878707d3442b47384c0b2239556e11bbe04903c3e8514110f8172d63af1ec6844d1b777fbb21424b3cf7ecd6e10353d187ec9ad35d2ff8fa1e425682444e8fba4d2d7e9f6def3de1d9fcc2d794ef9c231f20d153697d4b5db82a45c24583710753c567aff6c883dc0b7d586bfb9630851bb3e4688acdb483d3d584db02f77a36be75ae0d2454255d357,gx-no-cache=1554463867113 HTTP/1.1" 200 30
186.103.159.46 - - [05/Apr/2019:08:34:47 -0300] "POST /cormun/servlet/solicitudot?gx-no-cache=1554463867593 HTTP/1.1" 200 30
186.103.159.46 - - [05/Apr/2019:08:34:48 -0300] "POST /cormun/servlet/solicitudot?gx-no-cache=1554463867826 HTTP/1.1" 200 1332
186.103.159.46 - - [05/Apr/2019:08:34:48 -0300] "POST /cormun/servlet/solicitudot?gx-no-cache=1554463868275 HTTP/1.1" 200 41
192.168.10.96 - - [05/Apr/2019:08:35:18 -0300] "POST /cormun/servlet/trsolicitudgral?2a7d9f12142cd1eaed89abc00ec0df31,,gx-no-cache=1554470918423 HTTP/1.1" 200 7700
192.168.10.96 - - [05/Apr/2019:08:35:39 -0300] "GET /cormun/servlet/solicitudgral2?UPD,2019,12408, HTTP/1.1" 200 13421
192.168.10.96 - - [05/Apr/2019:08:35:39 -0300] "GET /cormun/static/gxcfg.js?2018371102837 HTTP/1.1" 304 -
192.168.10.96 - - [05/Apr/2019:08:35:40 -0300] "GET /cormun/static/solicitudgral2.js?2018371102928 HTTP/1.1" 304 -
186.103.159.46 - - [05/Apr/2019:08:35:40 -0300] "GET /cormun/servlet/solicitudot?bb706ca0715e1a347859d04a86b20f7c39e1362b9d82578e3ffff69af1b86ea380c7d0dee059c3c279aaa5fc64c8643bc917aa242966550965b9dacd0ba63ca97258b56715a1f45875cb4266a14f024dc06269c1a7753663f41177808f8efc8452fd49e1f4c7b200e815237b54dce914,gx-no-cache=1554463920089 HTTP/1.1" 200 110
192.168.10.96 - - [05/Apr/2019:08:35:40 -0300] "GET /cormun/servlet/solicitudgral2?UPD,2019,12408, HTTP/1.1" 200 13432
186.103.159.46 - - [05/Apr/2019:08:35:40 -0300] "POST /cormun/servlet/solicitudot?gx-no-cache=1554463920368 HTTP/1.1" 200 64
186.103.159.46 - - [05/Apr/2019:08:35:40 -0300] "GET /cormun/servlet/solicitudot?bb706ca0715e1a347859d04a86b20f7c1d3d7e1c160ae2be9e090500f34085e66dd19869d645bebc5c6750cd491966f2c28677d4f46b7f145cfc2d939e5f646d0f367305d4dbbdcb3e1f2c98682ec7b736b4ee7db6cd610fd5d2e40371b28a8ee92060bc872670c2ec0fcae01837128d,gx-no-cache=1554463920604 HTTP/1.1" 200 29
186.103.159.46 - - [05/Apr/2019:08:35:40 -0300] "GET /cormun/servlet/solicitudot?bb706ca0715e1a347859d04a86b20f7cf0ced543ea22693c32decfefa82909e8b054b7a699f9a1c4a429fc0c24e34356,gx-no-cache=1554463920683 HTTP/1.1" 200 30
186.103.159.46 - - [05/Apr/2019:08:35:40 -0300] "POST /cormun/servlet/solicitudot?gx-no-cache=1554463920778 HTTP/1.1" 200 34
192.168.10.96 - - [05/Apr/2019:08:35:41 -0300] "POST /cormun/servlet/solicitudgral2?gx-no-cache=1554470940536 HTTP/1.1" 200 4075
192.168.10.96 - - [05/Apr/2019:08:35:41 -0300] "GET /cormun/servlet/solicitudgral2?e0963eb7126195137043062a5ee2076d92cdcef810da3deae58fcbd1e201afa0673bd89dd55c58e45b7591fb44123ed12ab2113777eb287f915ffa6ee381bfd55a78234e43246640eec05c634f6fbd76e03f8c4ee1aeae435d390d451e28cb2169db551824d004fb1f62f59a5600bc93270dde1294e58039c6894af1d99b72dfe8c4c54d8f010837a1ebb4ab075058b36a1814fac138c4074ad9bfc92db3553be70b27db857b6c7ddc71537c24ec6be501ac44f4a30da9f1a7316788a1c23f165f739ea51409585bff893388abe579c9484f02e4260e4e59e354da307f81659aaa1c5184f00f7746a617b31c934a46fbc863cc5b8892ba6667528fe40078b091012110a53f9a7a4600b66885e76e9dd27f8e8fd291f663221ed6962e43f3224d75f2dc290310690c4805929b21b9c08720e3bc21dc82f61f53008a32096f200ee1b4128c39b14365e19e93925c04dfcd,gx-no-cache=1554470940862 HTTP/1.1" 200 297
192.168.10.96 - - [05/Apr/2019:08:35:41 -0300] "GET /cormun/servlet/solicitudgral2?e0963eb7126195137043062a5ee2076d28245683cbcd0b24931ffa1bfd4df27af67dcb64c692dadba4761cb2ee58a4d7c0f09552772fe7cfbd239a3cd4683c26d83b6ace74cb25224ea33b4bfe263941dfaffa7bff2158c0781739db5959b1e8,gx-no-cache=1554470940885 HTTP/1.1" 200 33
192.168.10.96 - - [05/Apr/2019:08:35:41 -0300] "GET /cormun/servlet/solicitudgral2?e0963eb7126195137043062a5ee2076d337678f3b841e5cf4495781e26eaa813e95b0894ef50e6593ef2d84f221158945cb0e881c8a99dfb82f120032bbbedc0edeab161d29d0464f0241b7ac8cbb55d066dca53593f36cf26a032e3c38355d33f613d9fbed0533194961f1bee144639,gx-no-cache=1554470940912 HTTP/1.1" 200 40
186.103.159.46 - - [05/Apr/2019:08:35:41 -0300] "POST /cormun/servlet/solicitudot?9146d85080f3a214f378164c34f3a290,UPD,2019,15139,,gx-no-cache=1554463920922 HTTP/1.1" 200 93
186.103.159.46 - - [05/Apr/2019:08:35:41 -0300] "GET /cormun/servlet/hpexe_return? HTTP/1.1" 200 1014
186.103.159.46 - - [05/Apr/2019:08:35:42 -0300] "GET /cormun/servlet/trsolicitudot HTTP/1.1" 200 9261
192.168.10.96 - - [05/Apr/2019:08:35:42 -0300] "GET /cormun/servlet/solicitudgral2?e0963eb7126195137043062a5ee2076d07e77cd6bfc8a4a97e7fc7e8ad73dbcb5abf74315a0db6719e2e54156709044c2ab2113777eb287f915ffa6ee381bfd56efd8b7f07da80fe0ae884778e78a993d46f390b475015ebd660ab0972e37b1d,gx-no-cache=1554470942055 HTTP/1.1" 200 30
192.168.10.96 - - [05/Apr/2019:08:35:42 -0300] "POST /cormun/servlet/solicitudgral2?gx-no-cache=1554470942073 HTTP/1.1" 200 67
200.112.233.47 - - [05/Apr/2019:08:35:44 -0300] "GET /cormun/servlet/solicitudot?INS,0,0, HTTP/1.1" 200 14124
186.103.159.46 - - [05/Apr/2019:08:35:44 -0300] "GET /cormun/servlet/trsolicitudot HTTP/1.1" 200 9257
192.168.10.96 - - [05/Apr/2019:08:35:45 -0300] "POST /cormun/servlet/solicitudgral2?gx-no-cache=1554470945487 HTTP/1.1" 200 91
200.112.233.47 - - [05/Apr/2019:08:35:45 -0300] "GET /cormun/servlet/solicitudot?INS,0,0, HTTP/1.1" 200 14129
200.112.233.47 - - [05/Apr/2019:08:35:46 -0300] "GET /cormun/servlet/hlogin HTTP/1.1" 200 1735
192.168.10.96 - - [05/Apr/2019:08:35:47 -0300] "POST /cormun/servlet/solicitudgral2?2a7d9f12142cd1eaed89abc00ec0df31,UPD,2019,12408,,gx-no-cache=1554470947227 HTTP/1.1" 200 12213
192.168.10.96 - - [05/Apr/2019:08:35:47 -0300] "GET /cormun/servlet/solicitudgral2?e0963eb7126195137043062a5ee2076d006446190b5de5fbf5240043c3998364adbfdff81c5472b4518bc8ae39c94f3ec3e269975533c842b2f3a86ba7748b2c7fee8d4de683233303ebff793289ebf0b3c6472fa74d1251b8dbc880de0763e11ec17539c26d527aaa93f783d20affbd,gx-no-cache=1554470947439 HTTP/1.1" 200 29
192.168.10.96 - - [05/Apr/2019:08:35:47 -0300] "GET /cormun/servlet/solicitudgral2?e0963eb7126195137043062a5ee2076d3ad741c0568026cc7c6631fce950aebba2e883459960aeeeb23df758f7cb360b15b00b3fc7375c89fd8f18eb1ea3d26dfdad03c3085ae730edeb1d8d6f10fdaf4f6f983a418624fc00b76facaa4e3bb49519b51005bb9ea4ff17a647d619c628d5270759ccc461b43a03c320b37d7786,gx-no-cache=1554470947455 HTTP/1.1" 200 30
192.168.10.96 - - [05/Apr/2019:08:35:48 -0300] "POST /cormun/servlet/solicitudgral2?2a7d9f12142cd1eaed89abc00ec0df31,UPD,2019,12408,,gx-no-cache=1554470947475 HTTP/1.1" 200 93
192.168.10.96 - - [05/Apr/2019:08:35:48 -0300] "GET /cormun/servlet/hpexe_return? HTTP/1.1" 200 1009
192.168.10.96 - - [05/Apr/2019:08:35:48 -0300] "GET /cormun/servlet/trsolicitudgral? HTTP/1.1" 200 10979
192.168.10.96 - - [05/Apr/2019:08:35:48 -0300] "GET /cormun/servlet/trsolicitudgral? HTTP/1.1" 200 10974
186.103.159.46 - - [05/Apr/2019:08:35:51 -0300] "POST /cormun/servlet/trsolicitudot?9146d85080f3a214f378164c34f3a290,gx-no-cache=1554463930843 HTTP/1.1" 200 5777
186.103.159.46 - - [05/Apr/2019:08:35:51 -0300] "GET /cormun/static/Shared/jqueryui/images/ui-bg_highlight-soft_100_c6c2c8_1x100.png HTTP/1.1" 404 1117
186.103.159.46 - - [05/Apr/2019:08:35:51 -0300] "GET /cormun/static/Shared/jqueryui/images/ui-icons_82798d_256x240.png HTTP/1.1" 404 1089
186.103.159.46 - - [05/Apr/2019:08:35:51 -0300] "GET /cormun/static/Shared/jqueryui/images/ui-bg_flat_55_fafafa_40x100.png HTTP/1.1" 404 1097
186.103.159.46 - - [05/Apr/2019:08:35:51 -0300] "GET /cormun/static/Shared/jqueryui/images/ui-icons_8d78a5_256x240.png HTTP/1.1" 404 1089
186.103.159.46 - - [05/Apr/2019:08:35:52 -0300] "POST /cormun/servlet/trsolicitudot?9146d85080f3a214f378164c34f3a290,gx-no-cache=1554463931660 HTTP/1.1" 200 5719
200.112.233.47 - - [05/Apr/2019:08:36:09 -0300] "POST /cormun/servlet/hlogin?0bbde85a2aeee786fd656ded06fe17c4,gx-no-cache=1554463945431 HTTP/1.1" 200 90
200.112.233.47 - - [05/Apr/2019:08:36:09 -0300] "GET /cormun/servlet/hpexe_link HTTP/1.1" 200 954
200.112.233.47 - - [05/Apr/2019:08:36:09 -0300] "GET /cormun/servlet/solicitudot?INS,0,0, HTTP/1.1" 200 15074
200.112.233.47 - - [05/Apr/2019:08:36:10 -0300] "GET /cormun/servlet/solicitudot?INS,0,0, HTTP/1.1" 200 15079
200.112.233.47 - - [05/Apr/2019:08:36:33 -0300] "POST /cormun/servlet/solicitudot?gx-no-cache=1554463969762 HTTP/1.1" 200 3563
200.112.233.47 - - [05/Apr/2019:08:36:34 -0300] "POST /cormun/servlet/solicitudot?0bbde85a2aeee786fd656ded06fe17c4,INS,0,0,,gx-no-cache=1554463970249 HTTP/1.1" 200 11757
186.103.159.46 - - [05/Apr/2019:08:36:45 -0300] "POST /cormun/servlet/trsolicitudot?9146d85080f3a214f378164c34f3a290,gx-no-cache=1554463985033 HTTP/1.1" 200 4564
186.103.159.46 - - [05/Apr/2019:08:36:46 -0300] "POST /cormun/servlet/trsolicitudot?9146d85080f3a214f378164c34f3a290,gx-no-cache=1554463985784 HTTP/1.1" 200 4316
200.112.233.47 - - [05/Apr/2019:08:36:46 -0300] "GET /cormun/servlet/solicitudot?da1b34548271598c6bb81df4aa6d2a4bcd24cc9561bc9551ff1c707b095820608f819186dd4b3fbc8d07cdbc5aac596a,gx-no-cache=1554463982967 HTTP/1.1" 200 30
200.112.233.47 - - [05/Apr/2019:08:36:46 -0300] "GET /cormun/servlet/solicitudot?da1b34548271598c6bb81df4aa6d2a4b7c9f85dcce147fc4ac3fd8d805563e8035ac07e69ede438b8b6a540128a0972d8f819186dd4b3fbc8d07cdbc5aac596a,gx-no-cache=1554463983140 HTTP/1.1" 200 30
200.112.233.47 - - [05/Apr/2019:08:36:46 -0300] "GET /cormun/servlet/solicitudot?da1b34548271598c6bb81df4aa6d2a4b71711dab7349da8bad695200d2e021d6,gx-no-cache=1554463983249 HTTP/1.1" 200 53
200.112.233.47 - - [05/Apr/2019:08:36:46 -0300] "POST /cormun/servlet/solicitudot?gx-no-cache=1554463983337 HTTP/1.1" 200 297
200.112.233.47 - - [05/Apr/2019:08:36:47 -0300] "GET /cormun/servlet/solicitudot?da1b34548271598c6bb81df4aa6d2a4bc1a563c7140f2532550409f977d4d3bd6a5bd567e78d3d5e737fcee3180d049b93ae5752cfd7d1cb398c8a266b5406c8a9785e295873e8d3cbd468b6ceba0ec34371169dcec1fac2ce0499cd17cd3eb7d68f7c87fd0fae31988021a508a9905e4164588f6e6090cb274bc78dc462063b326cfae321faee77a7ad62a5555e00142b3f3a3581fb0d4642f57415ef66c0a88c5bbda86b7011775724758ac45dc4f23882eb5e02f09077664926fb4ffc99eb3db297040294b02f108f602a7ae0370da46cb95a9f2894bd7696d1af3063ff2ce0a449be688e6e546a63cd3c4ca06abb4eee627eec32f00e2e01d746a82b59ff9cd0af47b93b17aceb0c5b6a310682e654319af010d3d1b65b08acee948cb38cbf66a59abaf6369917d354f8a1c675740811ad8753e9f8171e8e116ed35c6c89e4c9e849798b6b7f1ca568dccbaa5a4cc95c95beeaf951e144feacd98ee6afc716caa2481c80e6f3d0435c1842b3fa5cd75591b8471ac81d969e179f83ba513d4ac9f2d77398cce9f1161c105b95acd8,gx-no-cache=1554463983440 HTTP/1.1" 200 30
200.112.233.47 - - [05/Apr/2019:08:36:51 -0300] "POST /cormun/servlet/solicitudot?gx-no-cache=1554463987837 HTTP/1.1" 200 30
200.112.233.47 - - [05/Apr/2019:08:38:00 -0300] "POST /cormun/servlet/solicitudot?gx-no-cache=1554464056621 HTTP/1.1" 200 1333
200.112.233.47 - - [05/Apr/2019:08:38:00 -0300] "POST /cormun/servlet/solicitudot?gx-no-cache=1554464056758 HTTP/1.1" 200 38
200.112.233.47 - - [05/Apr/2019:08:38:00 -0300] "GET /cormun/servlet/solicitudot?da1b34548271598c6bb81df4aa6d2a4baeb5b45dbd970a5d12d9cc316604ceafc84aec5eb61ec5c4b89a902b16b928a26e9eebb0a6621d465dbe7a9a95ca25af4e9605d41a016e4208efe90727ea4c0267cbbe0bafe7659feff9f849a1030cf5ff66ab0d7f46952254cbcc5774133f2a,gx-no-cache=1554464056819 HTTP/1.1" 200 110
190.171.141.138 - - [05/Apr/2019:08:39:03 -0300] "GET /cormun/servlet/trsolicitudot? HTTP/1.1" 200 7680
190.171.141.138 - - [05/Apr/2019:08:39:04 -0300] "GET /cormun/servlet/trsolicitudot? HTTP/1.1" 200 7680
190.171.141.138 - - [05/Apr/2019:08:39:06 -0300] "GET /cormun/servlet/solicitudot?INS,0,0, HTTP/1.1" 200 15362
190.171.141.138 - - [05/Apr/2019:08:39:07 -0300] "GET /cormun/servlet/solicitudot?INS,0,0, HTTP/1.1" 200 15367
200.54.103.162 - - [05/Apr/2019:08:39:44 -0300] "GET /cormun/servlet/trlicencias HTTP/1.1" 200 6136
200.54.103.162 - - [05/Apr/2019:08:39:46 -0300] "GET /cormun/servlet/trlicencias HTTP/1.1" 200 6134
200.54.103.162 - - [05/Apr/2019:08:39:46 -0300] "GET /cormun/servlet/hlogin HTTP/1.1" 200 1740
190.171.141.82 - - [05/Apr/2019:08:39:48 -0300] "GET /cormun/servlet/solicitudot?INS,0,0, HTTP/1.1" 200 15253
190.171.141.82 - - [05/Apr/2019:08:39:50 -0300] "GET /cormun/servlet/solicitudot?INS,0,0, HTTP/1.1" 200 15238
200.54.103.162 - - [05/Apr/2019:08:39:57 -0300] "POST /cormun/servlet/hlogin?d04e3195e7a097a2feec48cad83af4da,gx-no-cache=1554464177629 HTTP/1.1" 200 90
200.54.103.162 - - [05/Apr/2019:08:39:58 -0300] "GET /cormun/servlet/hpexe_link HTTP/1.1" 200 959
200.54.103.162 - - [05/Apr/2019:08:39:58 -0300] "GET /cormun/servlet/trlicencias HTTP/1.1" 200 12282
200.54.103.162 - - [05/Apr/2019:08:39:58 -0300] "GET /cormun/servlet/trlicencias HTTP/1.1" 200 12280
190.171.141.82 - - [05/Apr/2019:08:40:24 -0300] "POST /cormun/servlet/solicitudot?gx-no-cache=1554464199505 HTTP/1.1" 200 3450
190.171.141.82 - - [05/Apr/2019:08:40:24 -0300] "POST /cormun/servlet/solicitudot?4032617c1c3e1728e67f072c049ef7fe,INS,0,0,,gx-no-cache=1554464200027 HTTP/1.1" 200 11918
200.54.103.162 - - [05/Apr/2019:08:40:29 -0300] "POST /cormun/servlet/trlicencias?d04e3195e7a097a2feec48cad83af4da,gx-no-cache=1554464208102 HTTP/1.1" 200 9470
190.171.141.82 - - [05/Apr/2019:08:40:33 -0300] "GET /cormun/servlet/solicitudot?d4467b3de920d96317532b5366bd795a2f5816d4421a84679e16b14ef1e0020441db0f20f351d289accf7c684bf9dbf4,gx-no-cache=1554464208957 HTTP/1.1" 200 30
200.112.233.47 - - [05/Apr/2019:08:40:58 -0300] "POST /cormun/servlet/solicitudot?gx-no-cache=1554464234343 HTTP/1.1" 200 64
190.171.141.82 - - [05/Apr/2019:08:41:48 -0300] "GET /cormun/servlet/solicitudot?d4467b3de920d96317532b5366bd795a92cb8ded092d1efc410d1a522e85f9ce6cd44af13c282902eefd13b87367ac2f07a44c4361a859ee085637cc1fb1209d,gx-no-cache=1554464283534 HTTP/1.1" 200 30
190.171.141.138 - - [05/Apr/2019:08:42:06 -0300] "POST /cormun/servlet/solicitudot?gx-no-cache=1554464304113 HTTP/1.1" 200 3596
190.171.141.138 - - [05/Apr/2019:08:42:06 -0300] "POST /cormun/servlet/solicitudot?04c4ca6606490dbe7863e006bcdfd9f1,INS,0,0,,gx-no-cache=1554464304591 HTTP/1.1" 200 12023
186.103.159.46 - - [05/Apr/2019:08:42:10 -0300] "GET /cormun/servlet/hlogin HTTP/1.1" 200 1724
186.103.159.46 - - [05/Apr/2019:08:42:10 -0300] "GET /cormun/static/gxtimezone.js?85251 HTTP/1.1" 200 5781
186.103.159.46 - - [05/Apr/2019:08:42:10 -0300] "GET /cormun/static/gxcfg.js?20177612122725 HTTP/1.1" 200 953
186.103.159.46 - - [05/Apr/2019:08:42:10 -0300] "GET /cormun/static/messages.spa.js?85251 HTTP/1.1" 200 30736
186.103.159.46 - - [05/Apr/2019:08:42:10 -0300] "GET /cormun/static/Resources/ComunLogin.png HTTP/1.1" 200 17326
186.103.159.46 - - [05/Apr/2019:08:42:10 -0300] "GET /cormun/static/Resources/Spanish/PXTools.css?1155365 HTTP/1.1" 200 89042
186.103.159.46 - - [05/Apr/2019:08:42:10 -0300] "GET /cormun/static/hlogin.js?20177612122738 HTTP/1.1" 200 2136
186.103.159.46 - - [05/Apr/2019:08:42:11 -0300] "GET /cormun/static/gxgral.js?85251 HTTP/1.1" 200 384558
186.103.159.46 - - [05/Apr/2019:08:42:11 -0300] "GET /cormun/static/Resources/PXToolsLoginTop.png HTTP/1.1" 200 1337
186.103.159.46 - - [05/Apr/2019:08:42:11 -0300] "GET /cormun/static/Resources/PXToolsLoginBackground.png HTTP/1.1" 200 1164
186.103.159.46 - - [05/Apr/2019:08:42:11 -0300] "GET /cormun/static/Resources/PXToolsButtonBackground2.png HTTP/1.1" 200 1181
186.103.159.46 - - [05/Apr/2019:08:42:11 -0300] "GET /cormun/static/Resources/PXToolsLoginBottom.png HTTP/1.1" 200 1389
186.103.159.46 - - [05/Apr/2019:08:42:11 -0300] "GET /cormun/static/Resources/PXToolsButtonLeft21.png HTTP/1.1" 200 1287
186.103.159.46 - - [05/Apr/2019:08:42:11 -0300] "GET /cormun/static/Resources/PXToolsButtonRight21.png HTTP/1.1" 200 1283
190.171.141.138 - - [05/Apr/2019:08:42:11 -0300] "GET /cormun/servlet/solicitudot?dd2c1b2999cd6fe74638877c19e5afcf618634cf41fd210026ff171ef28334de6ac041cf6c76d30584fd53a34670fc86,gx-no-cache=1554464309326 HTTP/1.1" 200 30
186.103.159.46 - - [05/Apr/2019:08:42:11 -0300] "GET /cormun/static/Resources/indicator.gif HTTP/1.1" 200 1553
186.103.159.46 - - [05/Apr/2019:08:42:11 -0300] "GET /cormun/servlet/hlogin HTTP/1.1" 200 1729
190.171.141.138 - - [05/Apr/2019:08:42:11 -0300] "GET /cormun/servlet/solicitudot?dd2c1b2999cd6fe74638877c19e5afcf7cf6d0f18e937493a6d946bb457bb77a2787e654ac619ba26823102cd16a02f0,gx-no-cache=1554464309433 HTTP/1.1" 200 30
186.103.159.46 - - [05/Apr/2019:08:42:11 -0300] "GET /favicon.ico HTTP/1.1" 200 21630
190.171.141.138 - - [05/Apr/2019:08:42:11 -0300] "GET /cormun/servlet/solicitudot?dd2c1b2999cd6fe74638877c19e5afcf502c5b4940026341abe7e2ca9196ca7d,gx-no-cache=1554464309556 HTTP/1.1" 200 53
190.171.141.138 - - [05/Apr/2019:08:42:11 -0300] "POST /cormun/servlet/solicitudot?gx-no-cache=1554464309659 HTTP/1.1" 200 240
190.171.141.138 - - [05/Apr/2019:08:42:11 -0300] "GET /cormun/servlet/solicitudot?dd2c1b2999cd6fe74638877c19e5afcf9d1e8ca10041755ab257879bb8c682e0de307a9c10259057eae24a030227957a24b20e396a94f15984da3a2d4da899667cee95a1e4f6ae9aa0bfe1a56bcc7765e1759f4a7890d49828ef146a61fb5b4974f363a8ae162eab7ae74111b0312e46066f5df5715c4bc62d620835d0f50ec18b69c71a070eef8bbec6e701a609b8e96b21a1ca20b46ed924327c576c89788f94fbfc874ab8a19c19a1dafe8ef1d231d18ef37046a86d277a20d2112683c238b250f27bd1b2fb609aa1ddc3edacbacddb3ae612e73522956c772b4c694b6da84b46274ccc36223115ca3eda3ab089f3e443d4fd297bb6a3e4b4c7c3af40a3c25d3dba59ee34239ae58b3ba98527f78f39b3741ed3db30b2c7f43cf78310f12b25fd909fde8e0f6384f52d877f3ad18df4e47ca81729b13a7cca5d0e2bd33efbb20ddd41734267f8c405cc9da79110170af9ff3273312cac7fd7bbee5b43b99f13701effd32c51540faccd80c7b501a67bd608a19cb623e387b9fb637129ab31,gx-no-cache=1554464309751 HTTP/1.1" 200 30
190.171.141.82 - - [05/Apr/2019:08:42:13 -0300] "POST /cormun/servlet/solicitudot?4032617c1c3e1728e67f072c049ef7fe,INS,0,0,,gx-no-cache=1554464308685 HTTP/1.1" 200 12108
190.171.141.82 - - [05/Apr/2019:08:42:13 -0300] "GET /cormun/static/Shared/jqueryui/images/ui-bg_highlight-soft_100_c6c2c8_1x100.png HTTP/1.1" 404 1117
190.171.141.82 - - [05/Apr/2019:08:42:13 -0300] "GET /cormun/static/Shared/jqueryui/images/ui-bg_flat_55_fafafa_40x100.png HTTP/1.1" 404 1097
190.171.141.82 - - [05/Apr/2019:08:42:13 -0300] "GET /cormun/static/Shared/jqueryui/images/ui-icons_82798d_256x240.png HTTP/1.1" 404 1089
190.171.141.82 - - [05/Apr/2019:08:42:13 -0300] "GET /cormun/static/Shared/jqueryui/images/ui-icons_8d78a5_256x240.png HTTP/1.1" 404 1089
190.171.141.82 - - [05/Apr/2019:08:42:16 -0300] "GET /cormun/servlet/solicitudot?d4467b3de920d96317532b5366bd795a67d48a6d61242044854746144b14e4d6,gx-no-cache=1554464312165 HTTP/1.1" 200 29
190.171.141.82 - - [05/Apr/2019:08:42:16 -0300] "POST /cormun/servlet/solicitudot?gx-no-cache=1554464312264 HTTP/1.1" 200 297
190.171.141.138 - - [05/Apr/2019:08:42:16 -0300] "POST /cormun/servlet/solicitudot?gx-no-cache=1554464314759 HTTP/1.1" 200 30
190.171.141.82 - - [05/Apr/2019:08:42:19 -0300] "GET /cormun/servlet/solicitudot?d4467b3de920d96317532b5366bd795a8d95e5d87a587b53c793b529e9470f51526f2de58ac26ee8c50f8d813060eb750f81f3dc31250ad0508c3b2ed74f34fb5d9d4004e70fb0fae5b768269b4da0f391e24b90cfcb119bac65da85a908f92fed844c7a041e9e0ba86718f209cf8c0a987b7193d2529eb92ae0d3f529d130b6010c27f4371998d8875145e1d5db268450605f69ef7f8fcd13326223f28d90413e04bd6d50e6ea4e4a589d6df92712d53a259cbc93d57440397bbf635065a45a50cbe013d9de9b9275f53b3b47626b7c56485ff7a0c63d11864cdcf2dffdc6417dd2f113dc1cf9bb8bbc615049a0fe51c72c73ecacbd27d85aeb5c6c0666fe4a1e4ba8348cece3626f88e3505ccaa3d94e3f5cb0676c05ca8966cd60a8a61e6d5b369d9a79e38e67951b1c2e28bbf64597675514fb5b5a39aaac35ea00c0d5929fb4782f7f275e312584d18a5121e21bc35a88761ef9debb90d22244999f54be09d1e673174274ce5e041e17baedf9badffbfa19ea24b74dbc161b5e506ffa945116c1d3b1403b77feec0d5c1809b20a,gx-no-cache=1554464314562 HTTP/1.1" 200 30
190.171.141.82 - - [05/Apr/2019:08:42:20 -0300] "POST /cormun/servlet/solicitudot?gx-no-cache=1554464316411 HTTP/1.1" 200 30
190.171.141.138 - - [05/Apr/2019:08:42:21 -0300] "GET /cormun/servlet/prfichaempleado?,MD,,gxPopupLevel%3D0%3B HTTP/1.1" 200 9565
190.171.141.138 - - [05/Apr/2019:08:42:21 -0300] "GET /cormun/static/gxcfg.js?20177612134814 HTTP/1.1" 200 953
190.171.141.138 - - [05/Apr/2019:08:42:21 -0300] "GET /cormun/static/prfichaempleado.js?20177612134999 HTTP/1.1" 200 16006
200.112.233.47 - - [05/Apr/2019:08:42:34 -0300] "POST /cormun/servlet/solicitudot?gx-no-cache=1554464331095 HTTP/1.1" 200 64
190.171.141.138 - - [05/Apr/2019:08:42:36 -0300] "POST /cormun/servlet/prfichaempleado?04c4ca6606490dbe7863e006bcdfd9f1,,MD,,gxPopupLevel%3D0%3B,gx-no-cache=1554464333787 HTTP/1.1" 200 3427
200.112.233.47 - - [05/Apr/2019:08:42:36 -0300] "GET /cormun/servlet/solicitudot?da1b34548271598c6bb81df4aa6d2a4b3b5b5f1f4f78b7506101a59ca2fd8529940cff4b6c882a941e80e10115654c5147873c2446e51ee5c4a1eb40511bd89763bc822c3d7a303cf0e0e6ed30b072bfe0977235c8d716b99b85343ce5f2ff3ce3931dc3926aa44253708956438bf3e0,gx-no-cache=1554464333086 HTTP/1.1" 200 29
190.171.141.138 - - [05/Apr/2019:08:42:41 -0300] "GET /cormun/servlet/prlicenciaspermisos?8177648,L,,MD,,gxPopupLevel%3D0%3B HTTP/1.1" 200 6571
190.171.141.138 - - [05/Apr/2019:08:42:41 -0300] "GET /cormun/static/gxcfg.js?20176272053834 HTTP/1.1" 200 953
190.171.141.138 - - [05/Apr/2019:08:42:41 -0300] "GET /cormun/static/prlicenciaspermisos.js?20176272054050 HTTP/1.1" 200 13379
200.112.233.47 - - [05/Apr/2019:08:42:44 -0300] "GET /cormun/servlet/solicitudot?da1b34548271598c6bb81df4aa6d2a4bdc3a958b09c1b25884e515e8e99919bf3e4f877c06c50cd70844c5ba7f6833cc,gx-no-cache=1554464341343 HTTP/1.1" 200 30
190.171.141.138 - - [05/Apr/2019:08:42:46 -0300] "POST /cormun/servlet/solicitudot?gx-no-cache=1554464344294 HTTP/1.1" 200 1334
190.171.141.138 - - [05/Apr/2019:08:42:50 -0300] "POST /cormun/servlet/solicitudot?gx-no-cache=1554464348083 HTTP/1.1" 200 41
190.171.141.138 - - [05/Apr/2019:08:42:50 -0300] "GET /cormun/servlet/solicitudot?dd2c1b2999cd6fe74638877c19e5afcf41618a59db41826c03d344e4fba477cad5a68ab9a4e8430dac4389b3667350ad949ab19c7ba82889a2b9ceacb1e5757fe04b49e9097e625e0a10f82cb3b714c7c2f71c186db49106731ed09bd895524d0263bb9fcb75900ec4e931ca19b8da60,gx-no-cache=1554464348174 HTTP/1.1" 200 110
192.168.10.96 - - [05/Apr/2019:08:43:04 -0300] "GET /cormun/servlet/trsolicitudgral? HTTP/1.1" 200 10974
192.168.10.96 - - [05/Apr/2019:08:43:05 -0300] "GET /cormun/servlet/trsolicitudgral? HTTP/1.1" 200 10974
192.168.10.96 - - [05/Apr/2019:08:43:19 -0300] "POST /cormun/servlet/trsolicitudgral?2a7d9f12142cd1eaed89abc00ec0df31,,gx-no-cache=1554471398974 HTTP/1.1" 200 7301
190.171.141.138 - - [05/Apr/2019:08:43:32 -0300] "POST /cormun/servlet/solicitudot?gx-no-cache=1554464390184 HTTP/1.1" 200 97
190.171.141.138 - - [05/Apr/2019:08:43:45 -0300] "GET /cormun/servlet/solicitudot?dd2c1b2999cd6fe74638877c19e5afcf5726050ca24cf560a5b120c885a157ec583c415a6c4583f06bf1ff15923dc9e62940730df04564d921767cb284816573b16538bc777f2d308bbce34452487619515f57c10d5dbe6ef8caf9df247bcb0b6dab8e9ebe181d937d01e1394d6c4d278011e9fe04f55d90f259a9963ca21597450bc8263d0204e9cb355c41e5111a2490c0c2a15b2298600166e2731cce35ed,gx-no-cache=1554464403505 HTTP/1.1" 200 29
190.171.141.138 - - [05/Apr/2019:08:43:45 -0300] "GET /cormun/static/menuarrow.gif HTTP/1.1" 404 1015
190.171.141.138 - - [05/Apr/2019:08:43:50 -0300] "GET /cormun/servlet/solicitudot?dd2c1b2999cd6fe74638877c19e5afcf644179bc58c2d1cda8e0b6b156f2c76a051cae9e9cb1300f05678e6d8d2b76fe,gx-no-cache=1554464408117 HTTP/1.1" 200 30
190.171.141.138 - - [05/Apr/2019:08:43:50 -0300] "POST /cormun/servlet/solicitudot?gx-no-cache=1554464408251 HTTP/1.1" 200 34
190.171.143.106 - - [05/Apr/2019:08:43:57 -0300] "GET /cormun/servlet/hlogin HTTP/1.1" 200 1711
190.171.143.106 - - [05/Apr/2019:08:43:59 -0300] "POST /cormun/servlet/hlogin?43aa133ebbde319721a4704f0695929f,gx-no-cache=1554464417069 HTTP/1.1" 200 90
190.171.143.106 - - [05/Apr/2019:08:43:59 -0300] "GET /cormun/servlet/hpexe_link HTTP/1.1" 200 942
190.171.143.106 - - [05/Apr/2019:08:43:59 -0300] "GET /cormun/servlet/hhome HTTP/1.1" 200 4065
190.171.143.106 - - [05/Apr/2019:08:44:00 -0300] "GET /cormun/servlet/hhome HTTP/1.1" 200 4061
190.171.143.106 - - [05/Apr/2019:08:44:03 -0300] "GET /cormun/servlet/trsolicitudot? HTTP/1.1" 200 8679
190.171.143.106 - - [05/Apr/2019:08:44:04 -0300] "GET /cormun/servlet/trsolicitudot? HTTP/1.1" 200 8677
190.171.141.138 - - [05/Apr/2019:08:44:06 -0300] "POST /cormun/servlet/solicitudot?gx-no-cache=1554464424062 HTTP/1.1" 200 240
190.171.141.138 - - [05/Apr/2019:08:44:06 -0300] "GET /cormun/servlet/solicitudot?dd2c1b2999cd6fe74638877c19e5afcf9d1e8ca10041755ab257879bb8c682e0de307a9c10259057eae24a030227957a24b20e396a94f15984da3a2d4da899667cee95a1e4f6ae9aa0bfe1a56bcc7765e1759f4a7890d49828ef146a61fb5b4974f363a8ae162eab7ae74111b0312e46066f5df5715c4bc62d620835d0f50ec18b69c71a070eef8bbec6e701a609b8e96b21a1ca20b46ed924327c576c89788f94fbfc874ab8a19c19a1dafe8ef1d231d18ef37046a86d277a20d2112683c238b250f27bd1b2fb609aa1ddc3edacbacddb3ae612e73522956c772b4c694b6da84b46274ccc36223115ca3eda3ab089f3e443d4fd297bb6a3e4b4c7c3af40a3c25d3dba59ee34239ae58b3ba98527f78f39b3741ed3db30b2c7f43cf78310f12b25fd909fde8e0f6384f52d877f3ad18df4e47ca81729b13a7cca5d0e2bd33efbb20ddd41734267f8c405cc9da79110170af9ff3273312cac7fd7bbee5b43b99f13701effd32c51540faccd80c7b501a6764c9367260d2b3ddea21a955afa4a0f,gx-no-cache=1554464424163 HTTP/1.1" 200 30
190.171.141.138 - - [05/Apr/2019:08:44:06 -0300] "POST /cormun/servlet/solicitudot?gx-no-cache=1554464424257 HTTP/1.1" 200 30
190.171.141.138 - - [05/Apr/2019:08:44:06 -0300] "POST /cormun/servlet/solicitudot?gx-no-cache=1554464424334 HTTP/1.1" 200 1333
190.171.141.138 - - [05/Apr/2019:08:44:06 -0300] "POST /cormun/servlet/solicitudot?gx-no-cache=1554464424471 HTTP/1.1" 200 41
190.171.141.138 - - [05/Apr/2019:08:44:06 -0300] "GET /cormun/servlet/solicitudot?dd2c1b2999cd6fe74638877c19e5afcf41618a59db41826c03d344e4fba477cad5a68ab9a4e8430dac4389b3667350ad949ab19c7ba82889a2b9ceacb1e5757fe04b49e9097e625e0a10f82cb3b714c7c2f71c186db49106731ed09bd895524d0263bb9fcb75900ec4e931ca19b8da60,gx-no-cache=1554464424549 HTTP/1.1" 200 110
190.171.143.106 - - [05/Apr/2019:08:44:07 -0300] "GET /cormun/servlet/solicitudot?INS,0,0, HTTP/1.1" 200 14967
190.171.141.138 - - [05/Apr/2019:08:44:07 -0300] "POST /cormun/servlet/solicitudot?gx-no-cache=1554464424629 HTTP/1.1" 200 97
190.171.141.138 - - [05/Apr/2019:08:44:07 -0300] "GET /cormun/servlet/solicitudot?dd2c1b2999cd6fe74638877c19e5afcf644179bc58c2d1cda8e0b6b156f2c76a051cae9e9cb1300f05678e6d8d2b76fe,gx-no-cache=1554464425557 HTTP/1.1" 200 30
190.171.141.138 - - [05/Apr/2019:08:44:07 -0300] "POST /cormun/servlet/solicitudot?gx-no-cache=1554464425668 HTTP/1.1" 200 34
190.171.143.106 - - [05/Apr/2019:08:44:07 -0300] "GET /cormun/servlet/solicitudot?INS,0,0, HTTP/1.1" 200 14972
190.171.143.106 - - [05/Apr/2019:08:44:10 -0300] "GET /cormun/servlet/prfichaempleado?,MD,,gxPopupLevel%3D0%3B HTTP/1.1" 200 9368
190.171.141.138 - - [05/Apr/2019:08:44:17 -0300] "POST /cormun/servlet/solicitudot?04c4ca6606490dbe7863e006bcdfd9f1,INS,0,0,,gx-no-cache=1554464434450 HTTP/1.1" 200 93
190.171.141.138 - - [05/Apr/2019:08:44:17 -0300] "GET /cormun/servlet/hpexe_return? HTTP/1.1" 200 1004
190.171.141.138 - - [05/Apr/2019:08:44:17 -0300] "GET /cormun/servlet/trsolicitudot HTTP/1.1" 200 9164
190.171.141.138 - - [05/Apr/2019:08:44:18 -0300] "GET /cormun/servlet/trsolicitudot HTTP/1.1" 200 9160
190.171.141.82 - - [05/Apr/2019:08:44:22 -0300] "POST /cormun/servlet/solicitudot?gx-no-cache=1554464438055 HTTP/1.1" 200 1331
190.171.141.82 - - [05/Apr/2019:08:44:22 -0300] "POST /cormun/servlet/solicitudot?gx-no-cache=1554464438175 HTTP/1.1" 200 38
190.171.141.82 - - [05/Apr/2019:08:44:22 -0300] "GET /cormun/servlet/solicitudot?d4467b3de920d96317532b5366bd795a760d7511edd16a1cd4ad18167441781280853b42c435654550530c9d586354dd95cce243836b79649dcbbb9b7887f39a81eb7ece49c23585ce406d43bb901bc09833259ab229742e33cfbe1e7b3f2cdf5a1949d717c73831944916cfb4cad6d2,gx-no-cache=1554464438260 HTTP/1.1" 200 110
190.171.141.82 - - [05/Apr/2019:08:44:22 -0300] "POST /cormun/servlet/solicitudot?gx-no-cache=1554464438360 HTTP/1.1" 200 64
190.171.141.82 - - [05/Apr/2019:08:44:22 -0300] "GET /cormun/servlet/solicitudot?d4467b3de920d96317532b5366bd795ae61aeeb4912d645a8ecf6819e33a365bb29adfedacfd50006e413be3a1cb39032365374375b6aaa50adba1947c143d720eba1dda6e378ecac3cd3f4c87c7d0cae12633c1caf9aa2984d66b17bc9d19acecf3c30e3ffe1b9aaa31e04bdcb7a4da,gx-no-cache=1554464438475 HTTP/1.1" 200 29
200.112.233.47 - - [05/Apr/2019:08:44:27 -0300] "POST /cormun/servlet/solicitudot?gx-no-cache=1554464442361 HTTP/1.1" 200 30
190.171.143.106 - - [05/Apr/2019:08:44:29 -0300] "POST /cormun/servlet/prfichaempleado?43aa133ebbde319721a4704f0695929f,,MD,,gxPopupLevel%3D0%3B,gx-no-cache=1554464446573 HTTP/1.1" 200 3473
190.171.143.106 - - [05/Apr/2019:08:44:31 -0300] "POST /cormun/servlet/solicitudot?gx-no-cache=1554464449178 HTTP/1.1" 200 3581
190.171.143.106 - - [05/Apr/2019:08:44:32 -0300] "POST /cormun/servlet/solicitudot?43aa133ebbde319721a4704f0695929f,INS,0,0,,gx-no-cache=1554464449423 HTTP/1.1" 200 11811
190.171.143.106 - - [05/Apr/2019:08:44:32 -0300] "GET /cormun/servlet/solicitudot?40469197ddb992d07549b2e63e1fef489a829b3cc46c1b2a498fa81a8bc3523d87817d3f8a8d75efa6a231918c1daf46,gx-no-cache=1554464449695 HTTP/1.1" 200 30
200.112.233.47 - - [05/Apr/2019:08:44:32 -0300] "POST /cormun/servlet/solicitudot?0bbde85a2aeee786fd656ded06fe17c4,INS,0,0,,gx-no-cache=1554464447907 HTTP/1.1" 200 93
200.112.233.47 - - [05/Apr/2019:08:44:32 -0300] "GET /cormun/servlet/hpexe_return? HTTP/1.1" 200 1000
200.112.233.47 - - [05/Apr/2019:08:44:32 -0300] "GET /cormun/servlet/hhome HTTP/1.1" 200 4340
200.112.233.47 - - [05/Apr/2019:08:44:33 -0300] "GET /cormun/servlet/hhome HTTP/1.1" 200 4336
190.171.143.106 - - [05/Apr/2019:08:44:33 -0300] "GET /cormun/servlet/solicitudot?40469197ddb992d07549b2e63e1fef485f142212686d7ba16a73dd244aecb4586185f860f2041dec343682bc7d7f76bbe3f857ab82e7c96ebf6884f1bcb64039,gx-no-cache=1554464451374 HTTP/1.1" 200 30
190.171.143.106 - - [05/Apr/2019:08:44:33 -0300] "GET /cormun/servlet/solicitudot?40469197ddb992d07549b2e63e1fef486d0e90fa789bc2a76a7c7b4817f09c4b,gx-no-cache=1554464451437 HTTP/1.1" 200 53
190.171.143.106 - - [05/Apr/2019:08:44:33 -0300] "POST /cormun/servlet/solicitudot?gx-no-cache=1554464451477 HTTP/1.1" 200 255
190.171.143.106 - - [05/Apr/2019:08:44:34 -0300] "GET /cormun/servlet/solicitudot?40469197ddb992d07549b2e63e1fef48312b42b8533ab2e7fc8e286a9ce37985ce1808a537528ce44c862793013c2df1b6728e66efdec3cd440d7e0109cf3fd3174d2d5a3d26689ca43bf56bc6c30dc191cb919367e029c9e36f2de615b7496991f5ff238abee77cbb975366097d677cde77f7c8d4c38b2adcd7417d78f6fa3ee4de12d616eff698dd1234b481d7046b34b9b535c645de374684ae515f14fc9e8330d4f64100cfae907c55e3c0ff05da939ff465510261da80e8c71de2c31276a072e5e3805b884b5e9fd1ee4f23e47bdda74538cccef6e8cb2a00918f1799a20baf3b25fba0f2c2e688e4bf82c67ba4ca967194b7c65dc4305be10d9566bfe311e9da6539d6d55931ab39162ed1dfebcbfac198d503774e396a16639f89b0add1730893872b4373de25602ccad366817bf3fb19a6008632fadcf7438fc19c1dd9ea36992dee904792d01408b757115548cb8980315fb894b1921e2bca629e2a3274ba22dd4ff3c6a1a01e7903f4cd8315a5fafd15ccd30fa237b73c832b4a95,gx-no-cache=1554464451559 HTTP/1.1" 200 30
190.171.141.138 - - [05/Apr/2019:08:44:34 -0300] "GET /cormun/servlet/solicitudot?INS,0,0, HTTP/1.1" 200 15362
190.171.141.138 - - [05/Apr/2019:08:44:35 -0300] "GET /cormun/servlet/solicitudot?INS,0,0, HTTP/1.1" 200 15367
200.112.233.47 - - [05/Apr/2019:08:44:35 -0300] "GET /cormun/servlet/trautorizarsolicitud? HTTP/1.1" 200 7452
200.112.233.47 - - [05/Apr/2019:08:44:36 -0300] "GET /cormun/servlet/trautorizarsolicitud? HTTP/1.1" 200 7450
190.171.141.82 - - [05/Apr/2019:08:44:38 -0300] "POST /cormun/servlet/solicitudot?gx-no-cache=1554464453796 HTTP/1.1" 200 30
190.171.141.82 - - [05/Apr/2019:08:44:38 -0300] "POST /cormun/servlet/solicitudot?gx-no-cache=1554464453864 HTTP/1.1" 200 1331
190.171.141.82 - - [05/Apr/2019:08:44:38 -0300] "POST /cormun/servlet/solicitudot?gx-no-cache=1554464453926 HTTP/1.1" 200 38
190.171.141.82 - - [05/Apr/2019:08:44:38 -0300] "GET /cormun/servlet/solicitudot?d4467b3de920d96317532b5366bd795a760d7511edd16a1cd4ad18167441781280853b42c435654550530c9d586354dd95cce243836b79649dcbbb9b7887f39a81eb7ece49c23585ce406d43bb901bc09833259ab229742e33cfbe1e7b3f2cdf5a1949d717c73831944916cfb4cad6d2,gx-no-cache=1554464453971 HTTP/1.1" 200 110
200.112.233.47 - - [05/Apr/2019:08:44:39 -0300] "GET /cormun/servlet/trsolicitudot? HTTP/1.1" 200 8902
200.112.233.47 - - [05/Apr/2019:08:44:39 -0300] "GET /cormun/servlet/trsolicitudot? HTTP/1.1" 200 8901
190.171.141.82 - - [05/Apr/2019:08:44:42 -0300] "POST /cormun/servlet/solicitudot?gx-no-cache=1554464457828 HTTP/1.1" 200 97
200.112.233.47 - - [05/Apr/2019:08:44:45 -0300] "POST /cormun/servlet/trsolicitudot?0bbde85a2aeee786fd656ded06fe17c4,,gx-no-cache=1554464461822 HTTP/1.1" 200 4752
200.112.233.47 - - [05/Apr/2019:08:44:46 -0300] "GET /cormun/static/Shared/jqueryui/images/ui-bg_highlight-soft_100_c6c2c8_1x100.png HTTP/1.1" 404 1117
200.112.233.47 - - [05/Apr/2019:08:44:46 -0300] "GET /cormun/static/Shared/jqueryui/images/ui-icons_82798d_256x240.png HTTP/1.1" 404 1089
200.112.233.47 - - [05/Apr/2019:08:44:46 -0300] "GET /cormun/static/Shared/jqueryui/images/ui-icons_8d78a5_256x240.png HTTP/1.1" 404 1089
200.112.233.47 - - [05/Apr/2019:08:44:46 -0300] "GET /cormun/static/Shared/jqueryui/images/ui-bg_flat_55_fafafa_40x100.png HTTP/1.1" 404 1097
200.112.233.47 - - [05/Apr/2019:08:44:46 -0300] "POST /cormun/servlet/trsolicitudot?0bbde85a2aeee786fd656ded06fe17c4,,gx-no-cache=1554464462497 HTTP/1.1" 200 4533
190.171.141.82 - - [05/Apr/2019:08:44:46 -0300] "GET /cormun/static/menuarrow.gif HTTP/1.1" 404 1015
190.171.141.82 - - [05/Apr/2019:08:44:49 -0300] "GET /cormun/servlet/solicitudot?d4467b3de920d96317532b5366bd795aa8a6b79aa4acd51eb24d59013a248640416dd6967c76f12b8f21c4d0f9a664a5,gx-no-cache=1554464464778 HTTP/1.1" 200 30
