186.103.159.46 - - [04/Apr/2019:16:04:08 -0300] "POST /cormun/servlet/solicitudot?gx-no-cache=1554404427615 HTTP/1.1" 200 1333
186.103.159.46 - - [04/Apr/2019:16:04:08 -0300] "POST /cormun/servlet/solicitudot?gx-no-cache=1554404427965 HTTP/1.1" 200 41
186.103.159.46 - - [04/Apr/2019:16:04:08 -0300] "GET /cormun/servlet/solicitudot?cc354a83ee18077ac7ec967a91ba0066f65771379a5fbfef88cae4d43aae2992fc35a598119795a3dc19e045e664435d170bb8e7c1adff0801faea45cfb1ebdad59a16ca7f95017a65fca6e9c0634bb85f0574e42c2c8ea102c866cf6365c3ac9db92382a142a86faa5eb5d2de02e2a3,gx-no-cache=1554404428172 HTTP/1.1" 200 110
186.103.159.46 - - [04/Apr/2019:16:04:09 -0300] "POST /cormun/servlet/solicitudot?gx-no-cache=1554404428492 HTTP/1.1" 200 64
186.103.159.46 - - [04/Apr/2019:16:04:09 -0300] "GET /cormun/servlet/solicitudot?cc354a83ee18077ac7ec967a91ba0066ed562d620ffa75e83314113b480759ec1e7f87793fbff55aad148b610a0eb9d5,gx-no-cache=1554404428690 HTTP/1.1" 200 30
186.103.159.46 - - [04/Apr/2019:16:04:09 -0300] "POST /cormun/servlet/solicitudot?gx-no-cache=1554404428824 HTTP/1.1" 200 30
186.103.159.46 - - [04/Apr/2019:16:04:10 -0300] "POST /cormun/servlet/solicitudot?728c3bfdaf11562de507ff3125016fde,INS,0,0,,gx-no-cache=1554404429190 HTTP/1.1" 200 93
186.103.159.46 - - [04/Apr/2019:16:04:11 -0300] "GET /cormun/servlet/hpexe_return? HTTP/1.1" 200 1015
186.103.159.46 - - [04/Apr/2019:16:04:12 -0300] "GET /cormun/servlet/trsolicitudot HTTP/1.1" 200 9528
186.103.159.46 - - [04/Apr/2019:16:04:15 -0300] "GET /cormun/servlet/trsolicitudot HTTP/1.1" 200 9524
186.103.159.46 - - [04/Apr/2019:16:04:24 -0300] "POST /cormun/servlet/trsolicitudot?728c3bfdaf11562de507ff3125016fde,gx-no-cache=1554404444038 HTTP/1.1" 200 106
186.103.159.46 - - [04/Apr/2019:16:04:25 -0300] "GET /cormun/servlet/solicitudot?UPD,2019,15133, HTTP/1.1" 200 15530
186.103.159.46 - - [04/Apr/2019:16:04:28 -0300] "GET /cormun/servlet/solicitudot?UPD,2019,15133, HTTP/1.1" 200 15540
186.103.159.46 - - [04/Apr/2019:16:04:28 -0300] "POST /cormun/servlet/solicitudot?gx-no-cache=1554404447927 HTTP/1.1" 200 3608
186.103.159.46 - - [04/Apr/2019:16:04:30 -0300] "POST /cormun/servlet/solicitudot?728c3bfdaf11562de507ff3125016fde,UPD,2019,15133,,gx-no-cache=1554404448708 HTTP/1.1" 200 11908
186.103.159.46 - - [04/Apr/2019:16:04:31 -0300] "GET /cormun/servlet/solicitudot?cc354a83ee18077ac7ec967a91ba0066bd222092cc05c3f01321ca16259562f6cfb399dc52622bb9181f6b8fbe584260,gx-no-cache=1554404450549 HTTP/1.1" 200 30
186.103.159.46 - - [04/Apr/2019:16:04:31 -0300] "GET /cormun/servlet/solicitudot?cc354a83ee18077ac7ec967a91ba0066dfd2489f70bd9495ad21c381d2a88259b20ad5d36121ab2fe851059e2b248afea9a226b9dc3d32b939b3b22f9e6a573e,gx-no-cache=1554404451029 HTTP/1.1" 200 30
186.103.159.46 - - [04/Apr/2019:16:04:31 -0300] "GET /cormun/servlet/solicitudot?cc354a83ee18077ac7ec967a91ba0066cbecdc92da9874034dc6d63806b637e83583e5a5f462141d9d2c64cbd3fd1ae78031ae863c21bb99505ef2caf92d8d47,gx-no-cache=1554404451144 HTTP/1.1" 200 53
186.103.159.46 - - [04/Apr/2019:16:04:32 -0300] "POST /cormun/servlet/solicitudot?gx-no-cache=1554404451254 HTTP/1.1" 200 254
186.103.159.46 - - [04/Apr/2019:16:04:32 -0300] "GET /cormun/servlet/solicitudot?cc354a83ee18077ac7ec967a91ba0066366ee5c3d1f9637b057d4a150d39bc68ae9aa00dbb86a06cfd63c90958f8443fd58ed025fade71a3aaf35f40b44a76715a76312a6273be4b444410776e7e94c44caad7ec6fb467541495e432ba7bb57946cd343faeca7c1601f7857e82fcc2e6a9794fcad3479261607f6554a5f62e66d3a4281f412d1e99a66b5cb2a183e4d177882e8ef5b3c8c39b7f5c7b325ab8f1f82082026178b0c23c76dd6e37887ac20b4319af85dc48b6f1b3413dc048da94551795e4e2cf74feed17249e743995ca25ae477ffa69367f622167758cd77690dda8a0b391f997ea3f2f874a82443dbdc004a6a0fd6b492478468e05da61befc102654f7393ac69669362aecf948a91e6418ce9100416a1e629ca72cd186cd1ca1ad9ed83f7c6f16e5d9db7c85f3b55b167de94ff57084569add431b3ba920b42c44612e002a7f7ecd926f44b67f0c5c5d771edbb9fd9d51102b12933a4792139c44f4cdaf36959f611829082626b6c5bd4b35bb410ca9d5ee1a4e3ad0763b3a,gx-no-cache=1554404451599 HTTP/1.1" 200 30
186.103.159.46 - - [04/Apr/2019:16:04:32 -0300] "POST /cormun/servlet/solicitudot?gx-no-cache=1554404452078 HTTP/1.1" 200 30
186.103.159.46 - - [04/Apr/2019:16:04:32 -0300] "POST /cormun/servlet/solicitudot?gx-no-cache=1554404452280 HTTP/1.1" 200 1333
186.103.159.46 - - [04/Apr/2019:16:04:33 -0300] "POST /cormun/servlet/solicitudot?gx-no-cache=1554404452531 HTTP/1.1" 200 41
186.103.159.46 - - [04/Apr/2019:16:04:40 -0300] "GET /cormun/servlet/solicitudot?cc354a83ee18077ac7ec967a91ba0066f65771379a5fbfef88cae4d43aae2992fc35a598119795a3dc19e045e664435d170bb8e7c1adff0801faea45cfb1ebdad59a16ca7f95017a65fca6e9c0634bb85f0574e42c2c8ea102c866cf6365c3ac9db92382a142a86faa5eb5d2de02e2a3,gx-no-cache=1554404459968 HTTP/1.1" 200 110
186.103.159.46 - - [04/Apr/2019:16:04:52 -0300] "POST /cormun/servlet/solicitudot?gx-no-cache=1554404472174 HTTP/1.1" 200 72
186.103.159.46 - - [04/Apr/2019:16:05:06 -0300] "GET /cormun/servlet/solicitudot?cc354a83ee18077ac7ec967a91ba0066a66419afe428e4e5dc4842ba6be638e6477452fa721de2dfecf6e5c149f433b445a91e7c2a035d07fd764f2192418bf445033bce5f66960322f2cc1234c9d0ca92dd62d064cc81ba252c3214931866c7456c979f146366827c2827f0f708c234e9a3a70160ece1e7e1b09ead7dc31733103a3dff3e0225204281ab722ebd3bf42562c27a5014eb2aa809060a7ff7f703,gx-no-cache=1554404486057 HTTP/1.1" 200 30
186.103.159.46 - - [04/Apr/2019:16:05:17 -0300] "GET /cormun/servlet/solicitudot?cc354a83ee18077ac7ec967a91ba0066ed562d620ffa75e83314113b480759ec1e7f87793fbff55aad148b610a0eb9d5,gx-no-cache=1554404496526 HTTP/1.1" 200 30
186.103.159.46 - - [04/Apr/2019:16:05:17 -0300] "POST /cormun/servlet/solicitudot?gx-no-cache=1554404496695 HTTP/1.1" 200 30
186.103.159.46 - - [04/Apr/2019:16:05:18 -0300] "POST /cormun/servlet/solicitudot?728c3bfdaf11562de507ff3125016fde,UPD,2019,15133,,gx-no-cache=1554404496867 HTTP/1.1" 200 93
186.103.159.46 - - [04/Apr/2019:16:05:18 -0300] "GET /cormun/servlet/hpexe_return? HTTP/1.1" 200 1021
186.103.159.46 - - [04/Apr/2019:16:05:19 -0300] "GET /cormun/servlet/trsolicitudot HTTP/1.1" 200 9552
186.103.159.46 - - [04/Apr/2019:16:05:22 -0300] "GET /cormun/servlet/trsolicitudot HTTP/1.1" 200 9548
200.54.103.162 - - [04/Apr/2019:16:05:34 -0300] "GET /cormun/servlet/hlogin HTTP/1.1" 200 1720
190.171.141.90 - - [04/Apr/2019:16:05:41 -0300] "GET /cormun/servlet/trpermisosadjuntos?15105760,20190404175428,P, HTTP/1.1" 200 6540
190.171.141.90 - - [04/Apr/2019:16:05:41 -0300] "GET /cormun/servlet/trpermisosadjuntos?15105760,20190404175428,P, HTTP/1.1" 200 6518
200.54.103.162 - - [04/Apr/2019:16:05:45 -0300] "POST /cormun/servlet/hlogin?d49cb547b5d32bf657a0a6ee43ac3e97,gx-no-cache=1554404524066 HTTP/1.1" 200 90
200.54.103.162 - - [04/Apr/2019:16:05:46 -0300] "GET /cormun/servlet/hpexe_link HTTP/1.1" 200 950
200.54.103.162 - - [04/Apr/2019:16:05:46 -0300] "GET /cormun/servlet/hhome HTTP/1.1" 200 4338
200.54.103.162 - - [04/Apr/2019:16:05:47 -0300] "GET /cormun/servlet/hhome HTTP/1.1" 200 4334
200.54.103.162 - - [04/Apr/2019:16:05:50 -0300] "GET /cormun/servlet/trlicencias? HTTP/1.1" 200 12662
200.54.103.162 - - [04/Apr/2019:16:05:51 -0300] "GET /cormun/servlet/trlicencias? HTTP/1.1" 200 12668
192.168.10.96 - - [04/Apr/2019:16:06:31 -0300] "GET /cormun/servlet/vesolicitudgral?2016,2664,,SolicitudOTAdjuntos HTTP/1.1" 200 17360
192.168.10.96 - - [04/Apr/2019:16:06:31 -0300] "GET /cormun/pexe_scrolldiv.js HTTP/1.1" 404 1009
192.168.10.96 - - [04/Apr/2019:16:06:37 -0300] "POST /cormun/servlet/acontrolpreferencessavestate?None,DZAMUDIO,true HTTP/1.1" 200 35
190.171.141.90 - - [04/Apr/2019:16:06:54 -0300] "GET /cormun/servlet/permisosadjuntos?INS,15105760,P,20190404175428,, HTTP/1.1" 200 5849
190.171.141.90 - - [04/Apr/2019:16:06:56 -0300] "GET /cormun/servlet/permisosadjuntos?INS,15105760,P,20190404175428,, HTTP/1.1" 200 5850
190.171.141.90 - - [04/Apr/2019:16:06:58 -0300] "GET /cormun/servlet/permisosadjuntos?INS,15105760,P,20190404175428,, HTTP/1.1" 200 5850
190.171.141.90 - - [04/Apr/2019:16:07:00 -0300] "GET /cormun/servlet/permisosadjuntos?INS,15105760,P,20190404175428,, HTTP/1.1" 200 5850
190.171.141.90 - - [04/Apr/2019:16:07:00 -0300] "GET /cormun/static/about:blank HTTP/1.1" 404 1011
190.171.141.90 - - [04/Apr/2019:16:07:03 -0300] "GET /cormun/servlet/permisosadjuntos?INS,15105760,P,20190404175428,, HTTP/1.1" 200 5839
190.171.141.90 - - [04/Apr/2019:16:07:13 -0300] "POST /cormun/servlet/permisosadjuntos?9ed705ce1c75ef671843ef615b81f02b,INS,15105760,P,20190404175428,, HTTP/1.1" 200 116
190.171.141.90 - - [04/Apr/2019:16:07:14 -0300] "GET /cormun/servlet/hpexe_return? HTTP/1.1" 200 1038
190.171.141.90 - - [04/Apr/2019:16:07:18 -0300] "GET /cormun/servlet/trpermisosadjuntos?15105760,20190404175428,P, HTTP/1.1" 200 7018
190.171.141.90 - - [04/Apr/2019:16:07:21 -0300] "GET /cormun/servlet/trpermisosadjuntos?15105760,20190404175428,P, HTTP/1.1" 200 7013
190.171.141.90 - - [04/Apr/2019:16:07:41 -0300] "GET /cormun/PublicTempStorage/doc022358201904041601093991668.pdf HTTP/1.1" 200 131130
190.171.141.90 - - [04/Apr/2019:16:07:47 -0300] "GET /cormun/servlet/trpermisosadjuntos?15105760,20190404175428,P, HTTP/1.1" 200 6955
190.171.141.90 - - [04/Apr/2019:16:07:49 -0300] "GET /cormun/servlet/permisosadjuntos?INS,15105760,P,20190404175428,, HTTP/1.1" 200 5852
190.171.141.90 - - [04/Apr/2019:16:07:51 -0300] "GET /cormun/servlet/permisosadjuntos?INS,15105760,P,20190404175428,, HTTP/1.1" 200 5840
190.171.141.90 - - [04/Apr/2019:16:08:00 -0300] "POST /cormun/servlet/permisosadjuntos?9ed705ce1c75ef671843ef615b81f02b,INS,15105760,P,20190404175428,, HTTP/1.1" 200 116
190.171.141.90 - - [04/Apr/2019:16:08:00 -0300] "GET /cormun/servlet/hpexe_return? HTTP/1.1" 200 1038
190.171.141.90 - - [04/Apr/2019:16:08:04 -0300] "GET /cormun/servlet/trpermisosadjuntos?15105760,20190404175428,P, HTTP/1.1" 200 7123
190.171.141.90 - - [04/Apr/2019:16:08:07 -0300] "GET /cormun/servlet/trpermisosadjuntos?15105760,20190404175428,P, HTTP/1.1" 200 7056
190.171.141.90 - - [04/Apr/2019:16:08:10 -0300] "GET /cormun/servlet/permisosadjuntos?DLT,15105760,P,20190404175428,20190404180108, HTTP/1.1" 200 5880
190.171.141.90 - - [04/Apr/2019:16:08:11 -0300] "GET /cormun/PublicTempStorage/doc022358201904041601097957938.pdf HTTP/1.1" 200 131130
190.171.141.90 - - [04/Apr/2019:16:08:11 -0300] "GET /cormun/static/Shared/jqueryui/images/ui-icons_8d78a5_256x240.png HTTP/1.1" 404 1089
190.171.141.90 - - [04/Apr/2019:16:08:11 -0300] "GET /cormun/static/Shared/jqueryui/images/ui-icons_82798d_256x240.png HTTP/1.1" 404 1089
190.171.141.90 - - [04/Apr/2019:16:08:11 -0300] "GET /cormun/static/Shared/jqueryui/images/ui-bg_flat_55_fafafa_40x100.png HTTP/1.1" 404 1097
190.171.141.90 - - [04/Apr/2019:16:08:11 -0300] "GET /cormun/static/Shared/jqueryui/images/ui-bg_highlight-soft_100_c6c2c8_1x100.png HTTP/1.1" 404 1117
190.171.141.90 - - [04/Apr/2019:16:08:14 -0300] "GET /cormun/servlet/permisosadjuntos?DLT,15105760,P,20190404175428,20190404180108, HTTP/1.1" 200 5870
190.171.141.90 - - [04/Apr/2019:16:08:14 -0300] "POST /cormun/servlet/permisosadjuntos?9ed705ce1c75ef671843ef615b81f02b,DLT,15105760,P,20190404175428,20190404180108,,gx-no-cache=1554404669327 HTTP/1.1" 200 93
190.171.141.90 - - [04/Apr/2019:16:08:15 -0300] "GET /cormun/servlet/hpexe_return? HTTP/1.1" 200 1044
190.171.141.90 - - [04/Apr/2019:16:08:16 -0300] "GET /cormun/servlet/trpermisosadjuntos?15105760,20190404175428,P, HTTP/1.1" 200 7017
190.171.141.90 - - [04/Apr/2019:16:08:18 -0300] "GET /cormun/servlet/trpermisosadjuntos?15105760,20190404175428,P, HTTP/1.1" 200 7014
190.171.141.90 - - [04/Apr/2019:16:08:20 -0300] "POST /cormun/servlet/trpermisosadjuntos?9ed705ce1c75ef671843ef615b81f02b,15105760,20190404175428,P,,gx-no-cache=1554404676630 HTTP/1.1" 200 90
190.171.141.90 - - [04/Apr/2019:16:08:21 -0300] "GET /cormun/servlet/hpexe_link HTTP/1.1" 200 1005
190.171.141.90 - - [04/Apr/2019:16:08:24 -0300] "GET /cormun/servlet/trpermisosgoce?gx-no-cache=1554403869236 HTTP/1.1" 200 9080
190.171.141.90 - - [04/Apr/2019:16:08:26 -0300] "GET /cormun/servlet/trpermisosgoce?gx-no-cache=1554403869236 HTTP/1.1" 200 9089
190.171.141.90 - - [04/Apr/2019:16:08:31 -0300] "POST /cormun/servlet/trpermisosgoce?9ed705ce1c75ef671843ef615b81f02b,gx-no-cache=1554403869236,gx-no-cache=1554404685469 HTTP/1.1" 200 6215
190.171.141.90 - - [04/Apr/2019:16:08:31 -0300] "GET /cormun/static/Shared/jqueryui/images/ui-bg_highlight-soft_100_c6c2c8_1x100.png HTTP/1.1" 404 1117
190.171.141.90 - - [04/Apr/2019:16:08:31 -0300] "GET /cormun/static/Shared/jqueryui/images/ui-bg_flat_55_fafafa_40x100.png HTTP/1.1" 404 1097
190.171.141.90 - - [04/Apr/2019:16:08:31 -0300] "GET /cormun/static/Shared/jqueryui/images/ui-icons_8d78a5_256x240.png HTTP/1.1" 404 1089
190.171.141.90 - - [04/Apr/2019:16:08:31 -0300] "GET /cormun/static/Shared/jqueryui/images/ui-icons_82798d_256x240.png HTTP/1.1" 404 1089
190.171.141.90 - - [04/Apr/2019:16:08:52 -0300] "GET /cormun/servlet/permisogoce?INS,0,,, HTTP/1.1" 200 7077
190.171.141.90 - - [04/Apr/2019:16:08:54 -0300] "GET /cormun/servlet/permisogoce?INS,0,,, HTTP/1.1" 200 7056
190.171.141.90 - - [04/Apr/2019:16:08:56 -0300] "GET /cormun/servlet/prfichaempleado?,MD,,gxPopupLevel%3D0%3B HTTP/1.1" 200 9290
190.171.141.90 - - [04/Apr/2019:16:09:04 -0300] "POST /cormun/servlet/prfichaempleado?9ed705ce1c75ef671843ef615b81f02b,,MD,,gxPopupLevel%3D0%3B,gx-no-cache=1554404720939 HTTP/1.1" 200 3419
190.171.141.90 - - [04/Apr/2019:16:09:10 -0300] "GET /cormun/servlet/permisogoce?d93cc973cc27fa6af3d089643994dc99efbaaf587863b78dba1584852e55e97f9d98a79b2d69e345f5919536e33c162b9573cc582c53bf39558d483aade8ec7f,gx-no-cache=1554404725806 HTTP/1.1" 200 85
190.171.141.90 - - [04/Apr/2019:16:09:10 -0300] "GET /cormun/static/menuarrow.gif HTTP/1.1" 404 1015
190.171.141.90 - - [04/Apr/2019:16:09:18 -0300] "GET /cormun/servlet/permisogoce?d93cc973cc27fa6af3d089643994dc994953684b6311586fe472e2b68001ed3b52047a763bc35c543b041641a608d30ad59ef19d25bb1d206cc21550d859ccf3,gx-no-cache=1554404734397 HTTP/1.1" 200 47
190.171.141.90 - - [04/Apr/2019:16:09:28 -0300] "POST /cormun/servlet/permisogoce?9ed705ce1c75ef671843ef615b81f02b,INS,0,,,,gx-no-cache=1554404735893 HTTP/1.1" 200 93
190.171.141.90 - - [04/Apr/2019:16:09:28 -0300] "GET /cormun/servlet/hpexe_return? HTTP/1.1" 200 1033
190.171.141.90 - - [04/Apr/2019:16:09:30 -0300] "GET /cormun/servlet/trpermisosgoce?gx-no-cache=1554403869236 HTTP/1.1" 200 9228
190.171.141.90 - - [04/Apr/2019:16:09:33 -0300] "GET /cormun/servlet/trpermisosgoce?gx-no-cache=1554403869236 HTTP/1.1" 200 9275
190.171.141.90 - - [04/Apr/2019:16:09:53 -0300] "GET /cormun/servlet/trpermisosadjuntos?12515846,20190404180211,P, HTTP/1.1" 200 6546
190.171.141.90 - - [04/Apr/2019:16:09:55 -0300] "GET /cormun/servlet/trpermisosadjuntos?12515846,20190404180211,P, HTTP/1.1" 200 6524
190.171.141.90 - - [04/Apr/2019:16:09:58 -0300] "GET /cormun/servlet/permisosadjuntos?INS,12515846,P,20190404180211,, HTTP/1.1" 200 5858
190.171.141.90 - - [04/Apr/2019:16:09:58 -0300] "GET /cormun/static/about:blank HTTP/1.1" 404 1011
190.171.141.90 - - [04/Apr/2019:16:10:00 -0300] "GET /cormun/servlet/permisosadjuntos?INS,12515846,P,20190404180211,, HTTP/1.1" 200 5846
190.171.141.90 - - [04/Apr/2019:16:10:05 -0300] "POST /cormun/servlet/permisosadjuntos?9ed705ce1c75ef671843ef615b81f02b,INS,12515846,P,20190404180211,, HTTP/1.1" 200 116
190.171.141.90 - - [04/Apr/2019:16:10:05 -0300] "GET /cormun/servlet/hpexe_return? HTTP/1.1" 200 1039
190.171.141.90 - - [04/Apr/2019:16:10:07 -0300] "GET /cormun/servlet/trpermisosadjuntos?12515846,20190404180211,P, HTTP/1.1" 200 7022
190.171.141.90 - - [04/Apr/2019:16:10:09 -0300] "GET /cormun/servlet/trpermisosadjuntos?12515846,20190404180211,P, HTTP/1.1" 200 7019
190.171.141.90 - - [04/Apr/2019:16:10:11 -0300] "POST /cormun/servlet/trpermisosadjuntos?9ed705ce1c75ef671843ef615b81f02b,12515846,20190404180211,P,,gx-no-cache=1554404787053 HTTP/1.1" 200 90
190.171.141.90 - - [04/Apr/2019:16:10:11 -0300] "GET /cormun/servlet/hpexe_link HTTP/1.1" 200 1005
190.171.141.90 - - [04/Apr/2019:16:10:14 -0300] "GET /cormun/servlet/trpermisosgoce?gx-no-cache=1554403869236 HTTP/1.1" 200 9252
190.171.141.90 - - [04/Apr/2019:16:10:17 -0300] "GET /cormun/servlet/trpermisosgoce?gx-no-cache=1554403869236 HTTP/1.1" 200 9196
190.171.141.90 - - [04/Apr/2019:16:10:22 -0300] "POST /cormun/servlet/trpermisosgoce?9ed705ce1c75ef671843ef615b81f02b,gx-no-cache=1554403869236,gx-no-cache=1554404794563 HTTP/1.1" 200 6383
190.171.141.90 - - [04/Apr/2019:16:10:22 -0300] "GET /cormun/static/Shared/jqueryui/images/ui-icons_82798d_256x240.png HTTP/1.1" 404 1089
190.171.141.90 - - [04/Apr/2019:16:10:22 -0300] "GET /cormun/static/Shared/jqueryui/images/ui-bg_highlight-soft_100_c6c2c8_1x100.png HTTP/1.1" 404 1117
190.171.141.90 - - [04/Apr/2019:16:10:22 -0300] "GET /cormun/static/Shared/jqueryui/images/ui-icons_8d78a5_256x240.png HTTP/1.1" 404 1089
190.171.141.90 - - [04/Apr/2019:16:10:22 -0300] "GET /cormun/static/Shared/jqueryui/images/ui-bg_flat_55_fafafa_40x100.png HTTP/1.1" 404 1097
190.171.141.90 - - [04/Apr/2019:16:10:30 -0300] "GET /cormun/servlet/permisogoce?INS,0,,, HTTP/1.1" 200 7080
190.171.141.90 - - [04/Apr/2019:16:10:32 -0300] "GET /cormun/servlet/permisogoce?INS,0,,, HTTP/1.1" 200 7078
190.171.141.90 - - [04/Apr/2019:16:10:34 -0300] "GET /cormun/servlet/permisogoce?INS,0,,, HTTP/1.1" 200 7079
190.171.141.90 - - [04/Apr/2019:16:10:35 -0300] "GET /cormun/servlet/permisogoce?INS,0,,, HTTP/1.1" 200 7078
190.171.141.90 - - [04/Apr/2019:16:10:39 -0300] "GET /cormun/servlet/permisogoce?INS,0,,, HTTP/1.1" 200 7056
190.171.141.90 - - [04/Apr/2019:16:10:40 -0300] "GET /cormun/servlet/prfichaempleado?,MD,,gxPopupLevel%3D0%3B HTTP/1.1" 200 9290
190.171.141.90 - - [04/Apr/2019:16:10:47 -0300] "POST /cormun/servlet/prfichaempleado?9ed705ce1c75ef671843ef615b81f02b,,MD,,gxPopupLevel%3D0%3B,gx-no-cache=1554404822937 HTTP/1.1" 200 3674
190.171.141.90 - - [04/Apr/2019:16:10:55 -0300] "GET /cormun/servlet/permisogoce?d93cc973cc27fa6af3d089643994dc991345e1f3e4b7dd7e4b29ec35c503dd4c9d98a79b2d69e345f5919536e33c162b9573cc582c53bf39558d483aade8ec7f,gx-no-cache=1554404830366 HTTP/1.1" 200 84
190.171.141.90 - - [04/Apr/2019:16:10:55 -0300] "GET /cormun/static/menuarrow.gif HTTP/1.1" 404 1015
190.171.141.90 - - [04/Apr/2019:16:11:01 -0300] "GET /cormun/servlet/permisogoce?d93cc973cc27fa6af3d089643994dc995d8c0f4c6a57739a52070979807c164029063bbdfca03371c62d3d590f91a2c0d59ef19d25bb1d206cc21550d859ccf3,gx-no-cache=1554404837602 HTTP/1.1" 200 47
190.171.141.90 - - [04/Apr/2019:16:11:14 -0300] "POST /cormun/servlet/permisogoce?9ed705ce1c75ef671843ef615b81f02b,INS,0,,,,gx-no-cache=1554404839540 HTTP/1.1" 200 93
190.171.141.90 - - [04/Apr/2019:16:11:14 -0300] "GET /cormun/servlet/hpexe_return? HTTP/1.1" 200 1033
190.171.141.90 - - [04/Apr/2019:16:11:18 -0300] "GET /cormun/servlet/trpermisosgoce?gx-no-cache=1554403869236 HTTP/1.1" 200 9459
190.171.141.90 - - [04/Apr/2019:16:11:22 -0300] "GET /cormun/servlet/trpermisosgoce?gx-no-cache=1554403869236 HTTP/1.1" 200 9476
186.103.159.46 - - [04/Apr/2019:16:11:29 -0300] "POST /cormun/servlet/trsolicitudot?728c3bfdaf11562de507ff3125016fde,gx-no-cache=1554404867870 HTTP/1.1" 200 107
186.103.159.46 - - [04/Apr/2019:16:11:30 -0300] "GET /cormun/servlet/trsolicitudadjuntos?2019,15133, HTTP/1.1" 200 6164
186.103.159.46 - - [04/Apr/2019:16:11:31 -0300] "GET /cormun/static/gxcfg.js?20177612135366 HTTP/1.1" 200 953
186.103.159.46 - - [04/Apr/2019:16:11:31 -0300] "GET /cormun/static/trsolicitudadjuntos.js?20177612135632 HTTP/1.1" 200 17922
186.103.159.46 - - [04/Apr/2019:16:11:35 -0300] "GET /cormun/servlet/trsolicitudadjuntos?2019,15133, HTTP/1.1" 200 6164
186.103.159.46 - - [04/Apr/2019:16:11:39 -0300] "GET /cormun/servlet/solicitudotadjuntos?INS,2019,15133,,1, HTTP/1.1" 200 6111
186.103.159.46 - - [04/Apr/2019:16:11:39 -0300] "GET /cormun/static/gxcfg.js?2017761244068 HTTP/1.1" 200 953
186.103.159.46 - - [04/Apr/2019:16:11:39 -0300] "GET /cormun/static/solicitudotadjuntos.js?2017761244086 HTTP/1.1" 200 11771
186.103.159.46 - - [04/Apr/2019:16:11:40 -0300] "GET /cormun/static/about:blank HTTP/1.1" 404 1011
186.103.159.46 - - [04/Apr/2019:16:11:42 -0300] "GET /cormun/servlet/solicitudotadjuntos?INS,2019,15133,,1, HTTP/1.1" 200 6105
186.103.159.46 - - [04/Apr/2019:16:11:42 -0300] "GET /cormun/servlet/solicitudotadjuntos?cc354a83ee18077ac7ec967a91ba00665a43177b6f3a58b3c3a0a45d363bf8729c27971b7f8059b19c9a2190f81c0692,gx-no-cache=1554404881441 HTTP/1.1" 200 30
186.103.159.46 - - [04/Apr/2019:16:11:43 -0300] "POST /cormun/servlet/solicitudotadjuntos?728c3bfdaf11562de507ff3125016fde,INS,2019,15133,,1,,gx-no-cache=1554404881869 HTTP/1.1" 200 3891
186.103.159.46 - - [04/Apr/2019:16:11:47 -0300] "POST /cormun/servlet/solicitudotadjuntos?gx-no-cache=1554404886986 HTTP/1.1" 200 26
190.171.141.90 - - [04/Apr/2019:16:11:47 -0300] "GET /cormun/servlet/trpermisosadjuntos?15524011,20190404180354,P, HTTP/1.1" 200 6547
190.171.141.90 - - [04/Apr/2019:16:11:49 -0300] "GET /cormun/servlet/trpermisosadjuntos?15524011,20190404180354,P, HTTP/1.1" 200 6526
190.171.141.90 - - [04/Apr/2019:16:11:51 -0300] "GET /cormun/servlet/permisosadjuntos?INS,15524011,P,20190404180354,, HTTP/1.1" 200 5857
190.171.141.90 - - [04/Apr/2019:16:11:51 -0300] "GET /cormun/static/about:blank HTTP/1.1" 404 1011
190.171.141.90 - - [04/Apr/2019:16:11:52 -0300] "GET /cormun/servlet/permisosadjuntos?INS,15524011,P,20190404180354,, HTTP/1.1" 200 5848
190.171.141.90 - - [04/Apr/2019:16:11:57 -0300] "POST /cormun/servlet/permisosadjuntos?9ed705ce1c75ef671843ef615b81f02b,INS,15524011,P,20190404180354,, HTTP/1.1" 200 116
190.171.141.90 - - [04/Apr/2019:16:11:57 -0300] "GET /cormun/servlet/hpexe_return? HTTP/1.1" 200 1038
190.171.141.90 - - [04/Apr/2019:16:11:58 -0300] "GET /cormun/servlet/trpermisosadjuntos?15524011,20190404180354,P, HTTP/1.1" 200 7024
190.171.141.90 - - [04/Apr/2019:16:11:59 -0300] "GET /cormun/servlet/trpermisosadjuntos?15524011,20190404180354,P, HTTP/1.1" 200 7018
186.103.159.46 - - [04/Apr/2019:16:12:01 -0300] "GET /cormun/servlet/solicitudotadjuntos?cc354a83ee18077ac7ec967a91ba0066cad5292f217749f2d4b5f8c24ddb5101,gx-no-cache=1554404900554 HTTP/1.1" 200 30
186.103.159.46 - - [04/Apr/2019:16:12:01 -0300] "GET /cormun/servlet/solicitudotadjuntos?cc354a83ee18077ac7ec967a91ba0066cad5292f217749f2d4b5f8c24ddb5101,gx-no-cache=1554404900727 HTTP/1.1" 200 30
190.171.141.90 - - [04/Apr/2019:16:12:02 -0300] "POST /cormun/servlet/trpermisosadjuntos?9ed705ce1c75ef671843ef615b81f02b,15524011,20190404180354,P,,gx-no-cache=1554404899266 HTTP/1.1" 200 90
186.103.159.46 - - [04/Apr/2019:16:12:02 -0300] "POST /cormun/servlet/solicitudotadjuntos?728c3bfdaf11562de507ff3125016fde,INS,2019,15133,,1, HTTP/1.1" 200 116
190.171.141.90 - - [04/Apr/2019:16:12:02 -0300] "GET /cormun/servlet/hpexe_link HTTP/1.1" 200 1005
186.103.159.46 - - [04/Apr/2019:16:12:03 -0300] "GET /cormun/servlet/hpexe_return? HTTP/1.1" 200 1034
190.171.141.90 - - [04/Apr/2019:16:12:03 -0300] "GET /cormun/servlet/trpermisosgoce?gx-no-cache=1554403869236 HTTP/1.1" 200 9451
190.171.141.90 - - [04/Apr/2019:16:12:04 -0300] "GET /cormun/servlet/trpermisosgoce?gx-no-cache=1554403869236 HTTP/1.1" 200 9470
186.103.159.46 - - [04/Apr/2019:16:12:04 -0300] "GET /cormun/servlet/trsolicitudadjuntos?2019,15133, HTTP/1.1" 200 8735
186.103.159.46 - - [04/Apr/2019:16:12:07 -0300] "GET /cormun/servlet/trsolicitudadjuntos?2019,15133, HTTP/1.1" 200 8728
190.171.141.90 - - [04/Apr/2019:16:12:07 -0300] "POST /cormun/servlet/trpermisosgoce?9ed705ce1c75ef671843ef615b81f02b,gx-no-cache=1554403869236,gx-no-cache=1554404903474 HTTP/1.1" 200 6600
190.171.141.90 - - [04/Apr/2019:16:12:07 -0300] "GET /cormun/static/Shared/jqueryui/images/ui-icons_8d78a5_256x240.png HTTP/1.1" 404 1089
190.171.141.90 - - [04/Apr/2019:16:12:07 -0300] "GET /cormun/static/Shared/jqueryui/images/ui-icons_82798d_256x240.png HTTP/1.1" 404 1089
190.171.141.90 - - [04/Apr/2019:16:12:07 -0300] "GET /cormun/static/Shared/jqueryui/images/ui-bg_flat_55_fafafa_40x100.png HTTP/1.1" 404 1097
190.171.141.90 - - [04/Apr/2019:16:12:07 -0300] "GET /cormun/static/Shared/jqueryui/images/ui-bg_highlight-soft_100_c6c2c8_1x100.png HTTP/1.1" 404 1117
186.103.159.46 - - [04/Apr/2019:16:12:11 -0300] "GET /cormun/servlet/solicitudotadjuntos?INS,2019,15133,,1, HTTP/1.1" 200 6111
186.103.159.46 - - [04/Apr/2019:16:12:12 -0300] "GET /cormun/static/about:blank HTTP/1.1" 404 1011
186.103.159.46 - - [04/Apr/2019:16:12:14 -0300] "GET /cormun/servlet/solicitudotadjuntos?INS,2019,15133,,1, HTTP/1.1" 200 6105
186.103.159.46 - - [04/Apr/2019:16:12:14 -0300] "GET /cormun/servlet/solicitudotadjuntos?cc354a83ee18077ac7ec967a91ba00665a43177b6f3a58b3c3a0a45d363bf8729c27971b7f8059b19c9a2190f81c0692,gx-no-cache=1554404914137 HTTP/1.1" 200 30
186.103.159.46 - - [04/Apr/2019:16:12:15 -0300] "POST /cormun/servlet/solicitudotadjuntos?728c3bfdaf11562de507ff3125016fde,INS,2019,15133,,1,,gx-no-cache=1554404914287 HTTP/1.1" 200 3892
190.171.141.90 - - [04/Apr/2019:16:12:15 -0300] "GET /cormun/servlet/permisogoce?INS,0,,, HTTP/1.1" 200 7078
190.171.141.90 - - [04/Apr/2019:16:12:17 -0300] "GET /cormun/servlet/permisogoce?INS,0,,, HTTP/1.1" 200 7055
186.103.159.46 - - [04/Apr/2019:16:12:18 -0300] "POST /cormun/servlet/solicitudotadjuntos?gx-no-cache=1554404917786 HTTP/1.1" 200 26
190.171.141.90 - - [04/Apr/2019:16:12:19 -0300] "GET /cormun/servlet/prfichaempleado?,MD,,gxPopupLevel%3D0%3B HTTP/1.1" 200 9290
186.103.159.46 - - [04/Apr/2019:16:12:25 -0300] "GET /cormun/servlet/solicitudotadjuntos?cc354a83ee18077ac7ec967a91ba0066cad5292f217749f2d4b5f8c24ddb5101,gx-no-cache=1554404924653 HTTP/1.1" 200 30
186.103.159.46 - - [04/Apr/2019:16:12:25 -0300] "GET /cormun/servlet/solicitudotadjuntos?cc354a83ee18077ac7ec967a91ba0066cad5292f217749f2d4b5f8c24ddb5101,gx-no-cache=1554404924996 HTTP/1.1" 200 30
190.171.141.90 - - [04/Apr/2019:16:12:26 -0300] "POST /cormun/servlet/prfichaempleado?9ed705ce1c75ef671843ef615b81f02b,,MD,,gxPopupLevel%3D0%3B,gx-no-cache=1554404923136 HTTP/1.1" 200 3674
186.103.159.46 - - [04/Apr/2019:16:12:27 -0300] "POST /cormun/servlet/solicitudotadjuntos?728c3bfdaf11562de507ff3125016fde,INS,2019,15133,,1, HTTP/1.1" 200 116
186.103.159.46 - - [04/Apr/2019:16:12:27 -0300] "GET /cormun/servlet/hpexe_return? HTTP/1.1" 200 1034
186.103.159.46 - - [04/Apr/2019:16:12:29 -0300] "GET /cormun/servlet/trsolicitudadjuntos?2019,15133, HTTP/1.1" 200 8953
186.103.159.46 - - [04/Apr/2019:16:12:32 -0300] "GET /cormun/servlet/trsolicitudadjuntos?2019,15133, HTTP/1.1" 200 8954
190.171.141.90 - - [04/Apr/2019:16:12:33 -0300] "GET /cormun/servlet/permisogoce?d93cc973cc27fa6af3d089643994dc991345e1f3e4b7dd7e4b29ec35c503dd4c9d98a79b2d69e345f5919536e33c162b9573cc582c53bf39558d483aade8ec7f,gx-no-cache=1554404928922 HTTP/1.1" 200 86
190.171.141.90 - - [04/Apr/2019:16:12:33 -0300] "GET /cormun/static/menuarrow.gif HTTP/1.1" 404 1015
186.103.159.46 - - [04/Apr/2019:16:12:37 -0300] "GET /cormun/servlet/solicitudotadjuntos?INS,2019,15133,,1, HTTP/1.1" 200 6111
186.103.159.46 - - [04/Apr/2019:16:12:39 -0300] "GET /cormun/static/about:blank HTTP/1.1" 404 1011
186.103.159.46 - - [04/Apr/2019:16:12:40 -0300] "GET /cormun/servlet/solicitudotadjuntos?INS,2019,15133,,1, HTTP/1.1" 200 6105
186.103.159.46 - - [04/Apr/2019:16:12:40 -0300] "GET /cormun/servlet/solicitudotadjuntos?cc354a83ee18077ac7ec967a91ba00665a43177b6f3a58b3c3a0a45d363bf8729c27971b7f8059b19c9a2190f81c0692,gx-no-cache=1554404940224 HTTP/1.1" 200 30
186.103.159.46 - - [04/Apr/2019:16:12:41 -0300] "POST /cormun/servlet/solicitudotadjuntos?728c3bfdaf11562de507ff3125016fde,INS,2019,15133,,1,,gx-no-cache=1554404940366 HTTP/1.1" 200 3892
190.171.141.90 - - [04/Apr/2019:16:12:42 -0300] "GET /cormun/servlet/permisogoce?d93cc973cc27fa6af3d089643994dc995d8c0f4c6a57739a52070979807c1640e4abd5330fc9f57697f73b75af3184a0d59ef19d25bb1d206cc21550d859ccf3,gx-no-cache=1554404939608 HTTP/1.1" 200 47
186.103.159.46 - - [04/Apr/2019:16:12:45 -0300] "POST /cormun/servlet/solicitudotadjuntos?gx-no-cache=1554404944976 HTTP/1.1" 200 26
190.171.141.90 - - [04/Apr/2019:16:12:47 -0300] "POST /cormun/servlet/permisogoce?9ed705ce1c75ef671843ef615b81f02b,INS,0,,,,gx-no-cache=1554404940906 HTTP/1.1" 200 93
190.171.141.90 - - [04/Apr/2019:16:12:47 -0300] "GET /cormun/servlet/hpexe_return? HTTP/1.1" 200 1033
190.171.141.90 - - [04/Apr/2019:16:12:48 -0300] "GET /cormun/servlet/trpermisosgoce?gx-no-cache=1554403869236 HTTP/1.1" 200 9618
190.171.141.90 - - [04/Apr/2019:16:12:49 -0300] "GET /cormun/servlet/trpermisosgoce?gx-no-cache=1554403869236 HTTP/1.1" 200 9643
186.103.159.46 - - [04/Apr/2019:16:13:06 -0300] "GET /cormun/servlet/solicitudotadjuntos?cc354a83ee18077ac7ec967a91ba0066cad5292f217749f2d4b5f8c24ddb5101,gx-no-cache=1554404965518 HTTP/1.1" 200 30
186.103.159.46 - - [04/Apr/2019:16:13:06 -0300] "GET /cormun/servlet/solicitudotadjuntos?cc354a83ee18077ac7ec967a91ba0066cad5292f217749f2d4b5f8c24ddb5101,gx-no-cache=1554404965938 HTTP/1.1" 200 30
186.103.159.46 - - [04/Apr/2019:16:13:08 -0300] "POST /cormun/servlet/solicitudotadjuntos?728c3bfdaf11562de507ff3125016fde,INS,2019,15133,,1, HTTP/1.1" 200 116
186.103.159.46 - - [04/Apr/2019:16:13:08 -0300] "GET /cormun/servlet/hpexe_return? HTTP/1.1" 200 1034
186.103.159.46 - - [04/Apr/2019:16:13:10 -0300] "GET /cormun/servlet/trsolicitudadjuntos?2019,15133, HTTP/1.1" 200 9139
190.171.141.90 - - [04/Apr/2019:16:13:13 -0300] "GET /cormun/servlet/trpermisosadjuntos?15524011,20190404180535,P, HTTP/1.1" 200 6547
186.103.159.46 - - [04/Apr/2019:16:13:14 -0300] "GET /cormun/servlet/trsolicitudadjuntos?2019,15133, HTTP/1.1" 200 9138
190.171.141.90 - - [04/Apr/2019:16:13:14 -0300] "GET /cormun/servlet/trpermisosadjuntos?15524011,20190404180535,P, HTTP/1.1" 200 6526
190.171.141.90 - - [04/Apr/2019:16:13:16 -0300] "GET /cormun/servlet/permisosadjuntos?INS,15524011,P,20190404180535,, HTTP/1.1" 200 5857
190.171.141.90 - - [04/Apr/2019:16:13:16 -0300] "GET /cormun/static/about:blank HTTP/1.1" 404 1011
190.171.141.90 - - [04/Apr/2019:16:13:17 -0300] "GET /cormun/servlet/permisosadjuntos?INS,15524011,P,20190404180535,, HTTP/1.1" 200 5848
186.103.159.46 - - [04/Apr/2019:16:13:19 -0300] "GET /cormun/servlet/solicitudotadjuntos?INS,2019,15133,,1, HTTP/1.1" 200 6112
186.103.159.46 - - [04/Apr/2019:16:13:20 -0300] "GET /cormun/static/about:blank HTTP/1.1" 404 1011
190.171.141.90 - - [04/Apr/2019:16:13:21 -0300] "POST /cormun/servlet/permisosadjuntos?9ed705ce1c75ef671843ef615b81f02b,INS,15524011,P,20190404180535,, HTTP/1.1" 200 116
190.171.141.90 - - [04/Apr/2019:16:13:22 -0300] "GET /cormun/servlet/hpexe_return? HTTP/1.1" 200 1038
186.103.159.46 - - [04/Apr/2019:16:13:22 -0300] "GET /cormun/servlet/solicitudotadjuntos?INS,2019,15133,,1, HTTP/1.1" 200 6105
186.103.159.46 - - [04/Apr/2019:16:13:22 -0300] "GET /cormun/servlet/solicitudotadjuntos?cc354a83ee18077ac7ec967a91ba00665a43177b6f3a58b3c3a0a45d363bf8729c27971b7f8059b19c9a2190f81c0692,gx-no-cache=1554404981616 HTTP/1.1" 200 30
186.103.159.46 - - [04/Apr/2019:16:13:22 -0300] "POST /cormun/servlet/solicitudotadjuntos?728c3bfdaf11562de507ff3125016fde,INS,2019,15133,,1,,gx-no-cache=1554404981792 HTTP/1.1" 200 3891
190.171.141.90 - - [04/Apr/2019:16:13:22 -0300] "GET /cormun/servlet/trpermisosadjuntos?15524011,20190404180535,P, HTTP/1.1" 200 7022
190.171.141.90 - - [04/Apr/2019:16:13:24 -0300] "GET /cormun/servlet/trpermisosadjuntos?15524011,20190404180535,P, HTTP/1.1" 200 7018
190.171.141.90 - - [04/Apr/2019:16:13:26 -0300] "POST /cormun/servlet/trpermisosadjuntos?9ed705ce1c75ef671843ef615b81f02b,15524011,20190404180535,P,,gx-no-cache=1554404983387 HTTP/1.1" 200 90
190.171.141.90 - - [04/Apr/2019:16:13:27 -0300] "GET /cormun/servlet/hpexe_link HTTP/1.1" 200 1005
186.103.159.46 - - [04/Apr/2019:16:13:28 -0300] "POST /cormun/servlet/solicitudotadjuntos?gx-no-cache=1554404987748 HTTP/1.1" 200 26
190.171.141.90 - - [04/Apr/2019:16:13:28 -0300] "GET /cormun/servlet/trpermisosgoce?gx-no-cache=1554403869236 HTTP/1.1" 200 9621
190.171.141.90 - - [04/Apr/2019:16:13:30 -0300] "GET /cormun/servlet/trpermisosgoce?gx-no-cache=1554403869236 HTTP/1.1" 200 9633
190.171.141.90 - - [04/Apr/2019:16:13:33 -0300] "POST /cormun/servlet/trpermisosgoce?9ed705ce1c75ef671843ef615b81f02b,gx-no-cache=1554403869236,gx-no-cache=1554404988203 HTTP/1.1" 200 6763
190.171.141.90 - - [04/Apr/2019:16:13:33 -0300] "GET /cormun/static/Shared/jqueryui/images/ui-bg_highlight-soft_100_c6c2c8_1x100.png HTTP/1.1" 404 1117
190.171.141.90 - - [04/Apr/2019:16:13:33 -0300] "GET /cormun/static/Shared/jqueryui/images/ui-bg_flat_55_fafafa_40x100.png HTTP/1.1" 404 1097
190.171.141.90 - - [04/Apr/2019:16:13:33 -0300] "GET /cormun/static/Shared/jqueryui/images/ui-icons_8d78a5_256x240.png HTTP/1.1" 404 1089
190.171.141.90 - - [04/Apr/2019:16:13:33 -0300] "GET /cormun/static/Shared/jqueryui/images/ui-icons_82798d_256x240.png HTTP/1.1" 404 1089
186.103.159.46 - - [04/Apr/2019:16:13:35 -0300] "GET /cormun/servlet/solicitudotadjuntos?cc354a83ee18077ac7ec967a91ba0066cad5292f217749f2d4b5f8c24ddb5101,gx-no-cache=1554404995065 HTTP/1.1" 200 30
186.103.159.46 - - [04/Apr/2019:16:13:35 -0300] "GET /cormun/servlet/solicitudotadjuntos?cc354a83ee18077ac7ec967a91ba0066cad5292f217749f2d4b5f8c24ddb5101,gx-no-cache=1554404995133 HTTP/1.1" 200 30
190.171.141.90 - - [04/Apr/2019:16:13:36 -0300] "GET /cormun/servlet/permisogoce?INS,0,,, HTTP/1.1" 200 7077
186.103.159.46 - - [04/Apr/2019:16:13:37 -0300] "POST /cormun/servlet/solicitudotadjuntos?728c3bfdaf11562de507ff3125016fde,INS,2019,15133,,1, HTTP/1.1" 200 116
186.103.159.46 - - [04/Apr/2019:16:13:37 -0300] "GET /cormun/servlet/hpexe_return? HTTP/1.1" 200 1034
190.171.141.90 - - [04/Apr/2019:16:13:37 -0300] "GET /cormun/servlet/permisogoce?INS,0,,, HTTP/1.1" 200 7057
186.103.159.46 - - [04/Apr/2019:16:13:39 -0300] "GET /cormun/servlet/trsolicitudadjuntos?2019,15133, HTTP/1.1" 200 9352
190.171.141.90 - - [04/Apr/2019:16:13:40 -0300] "GET /cormun/servlet/prfichaempleado?,MD,,gxPopupLevel%3D0%3B HTTP/1.1" 200 9290
186.103.159.46 - - [04/Apr/2019:16:13:42 -0300] "GET /cormun/servlet/trsolicitudadjuntos?2019,15133, HTTP/1.1" 200 9350
186.103.159.46 - - [04/Apr/2019:16:13:45 -0300] "GET /cormun/servlet/solicitudotadjuntos?INS,2019,15133,,1, HTTP/1.1" 200 6111
186.103.159.46 - - [04/Apr/2019:16:13:46 -0300] "GET /cormun/static/about:blank HTTP/1.1" 404 1011
186.103.159.46 - - [04/Apr/2019:16:13:48 -0300] "GET /cormun/servlet/solicitudotadjuntos?INS,2019,15133,,1, HTTP/1.1" 200 6104
186.103.159.46 - - [04/Apr/2019:16:13:48 -0300] "GET /cormun/servlet/solicitudotadjuntos?cc354a83ee18077ac7ec967a91ba00665a43177b6f3a58b3c3a0a45d363bf8729c27971b7f8059b19c9a2190f81c0692,gx-no-cache=1554405007759 HTTP/1.1" 200 30
186.103.159.46 - - [04/Apr/2019:16:13:49 -0300] "POST /cormun/servlet/solicitudotadjuntos?728c3bfdaf11562de507ff3125016fde,INS,2019,15133,,1,,gx-no-cache=1554405007980 HTTP/1.1" 200 3891
190.171.141.90 - - [04/Apr/2019:16:13:51 -0300] "POST /cormun/servlet/prfichaempleado?9ed705ce1c75ef671843ef615b81f02b,,MD,,gxPopupLevel%3D0%3B,gx-no-cache=1554405008143 HTTP/1.1" 200 3470
186.103.159.46 - - [04/Apr/2019:16:13:53 -0300] "POST /cormun/servlet/solicitudotadjuntos?gx-no-cache=1554405012801 HTTP/1.1" 200 26
190.171.141.90 - - [04/Apr/2019:16:13:57 -0300] "GET /cormun/servlet/permisogoce?d93cc973cc27fa6af3d089643994dc99bd13c259c1783bca7b5c9745ad002a919d98a79b2d69e345f5919536e33c162b9573cc582c53bf39558d483aade8ec7f,gx-no-cache=1554405013075 HTTP/1.1" 200 77
190.171.141.90 - - [04/Apr/2019:16:13:57 -0300] "GET /cormun/static/menuarrow.gif HTTP/1.1" 404 1015
186.103.159.46 - - [04/Apr/2019:16:14:01 -0300] "GET /cormun/servlet/solicitudotadjuntos?cc354a83ee18077ac7ec967a91ba0066cad5292f217749f2d4b5f8c24ddb5101,gx-no-cache=1554405020916 HTTP/1.1" 200 30
186.103.159.46 - - [04/Apr/2019:16:14:01 -0300] "GET /cormun/servlet/solicitudotadjuntos?cc354a83ee18077ac7ec967a91ba0066cad5292f217749f2d4b5f8c24ddb5101,gx-no-cache=1554405021017 HTTP/1.1" 200 30
186.103.159.46 - - [04/Apr/2019:16:14:03 -0300] "POST /cormun/servlet/solicitudotadjuntos?728c3bfdaf11562de507ff3125016fde,INS,2019,15133,,1, HTTP/1.1" 200 116
190.171.141.90 - - [04/Apr/2019:16:14:03 -0300] "GET /cormun/servlet/permisogoce?d93cc973cc27fa6af3d089643994dc99bfbed4cdaff9b8865a4237db0ca443b5fee3a27f5b87e6b875e82b59f2d699ead59ef19d25bb1d206cc21550d859ccf3,gx-no-cache=1554405020584 HTTP/1.1" 200 47
186.103.159.46 - - [04/Apr/2019:16:14:04 -0300] "GET /cormun/servlet/hpexe_return? HTTP/1.1" 200 1034
186.103.159.46 - - [04/Apr/2019:16:14:05 -0300] "GET /cormun/servlet/trsolicitudadjuntos?2019,15133, HTTP/1.1" 200 9622
186.103.159.46 - - [04/Apr/2019:16:14:08 -0300] "GET /cormun/servlet/trsolicitudadjuntos?2019,15133, HTTP/1.1" 200 9617
190.171.141.90 - - [04/Apr/2019:16:14:08 -0300] "POST /cormun/servlet/permisogoce?9ed705ce1c75ef671843ef615b81f02b,INS,0,,,,gx-no-cache=1554405022603 HTTP/1.1" 200 93
190.171.141.90 - - [04/Apr/2019:16:14:08 -0300] "GET /cormun/servlet/hpexe_return? HTTP/1.1" 200 1033
190.171.141.90 - - [04/Apr/2019:16:14:09 -0300] "GET /cormun/servlet/trpermisosgoce?gx-no-cache=1554403869236 HTTP/1.1" 200 9796
190.171.141.90 - - [04/Apr/2019:16:14:11 -0300] "GET /cormun/servlet/trpermisosgoce?gx-no-cache=1554403869236 HTTP/1.1" 200 9794
190.171.141.90 - - [04/Apr/2019:16:14:38 -0300] "GET /cormun/servlet/trpermisosadjuntos?15105760,20190404180655,P, HTTP/1.1" 200 6539
190.171.141.90 - - [04/Apr/2019:16:14:39 -0300] "GET /cormun/servlet/trpermisosadjuntos?15105760,20190404180655,P, HTTP/1.1" 200 6518
190.171.141.90 - - [04/Apr/2019:16:14:42 -0300] "GET /cormun/servlet/permisosadjuntos?INS,15105760,P,20190404180655,, HTTP/1.1" 200 5850
190.171.141.90 - - [04/Apr/2019:16:14:42 -0300] "GET /cormun/static/about:blank HTTP/1.1" 404 1011
190.171.141.90 - - [04/Apr/2019:16:14:43 -0300] "GET /cormun/servlet/permisosadjuntos?INS,15105760,P,20190404180655,, HTTP/1.1" 200 5839
190.171.141.90 - - [04/Apr/2019:16:14:47 -0300] "POST /cormun/servlet/permisosadjuntos?9ed705ce1c75ef671843ef615b81f02b,INS,15105760,P,20190404180655,, HTTP/1.1" 200 116
190.171.141.90 - - [04/Apr/2019:16:14:47 -0300] "GET /cormun/servlet/hpexe_return? HTTP/1.1" 200 1038
190.171.141.90 - - [04/Apr/2019:16:14:48 -0300] "GET /cormun/servlet/trpermisosadjuntos?15105760,20190404180655,P, HTTP/1.1" 200 7012
190.171.141.90 - - [04/Apr/2019:16:14:49 -0300] "GET /cormun/servlet/trpermisosadjuntos?15105760,20190404180655,P, HTTP/1.1" 200 7008
190.171.141.90 - - [04/Apr/2019:16:14:58 -0300] "POST /cormun/servlet/trpermisosadjuntos?9ed705ce1c75ef671843ef615b81f02b,15105760,20190404180655,P,,gx-no-cache=1554405075286 HTTP/1.1" 200 90
190.171.141.90 - - [04/Apr/2019:16:14:58 -0300] "GET /cormun/servlet/hpexe_link HTTP/1.1" 200 1005
190.171.141.90 - - [04/Apr/2019:16:15:00 -0300] "GET /cormun/servlet/trpermisosgoce?gx-no-cache=1554403869236 HTTP/1.1" 200 9774
190.171.141.90 - - [04/Apr/2019:16:15:02 -0300] "GET /cormun/servlet/trpermisosgoce?gx-no-cache=1554403869236 HTTP/1.1" 200 9812
190.171.141.90 - - [04/Apr/2019:16:15:05 -0300] "POST /cormun/servlet/trpermisosgoce?9ed705ce1c75ef671843ef615b81f02b,gx-no-cache=1554403869236,gx-no-cache=1554405080366 HTTP/1.1" 200 6957
190.171.141.90 - - [04/Apr/2019:16:15:05 -0300] "GET /cormun/static/Shared/jqueryui/images/ui-bg_highlight-soft_100_c6c2c8_1x100.png HTTP/1.1" 404 1117
190.171.141.90 - - [04/Apr/2019:16:15:05 -0300] "GET /cormun/static/Shared/jqueryui/images/ui-icons_8d78a5_256x240.png HTTP/1.1" 404 1089
190.171.141.90 - - [04/Apr/2019:16:15:05 -0300] "GET /cormun/static/Shared/jqueryui/images/ui-bg_flat_55_fafafa_40x100.png HTTP/1.1" 404 1097
190.171.141.90 - - [04/Apr/2019:16:15:05 -0300] "GET /cormun/static/Shared/jqueryui/images/ui-icons_82798d_256x240.png HTTP/1.1" 404 1089
186.103.159.46 - - [04/Apr/2019:16:15:11 -0300] "GET /cormun/servlet/solicitudotadjuntos?INS,2019,15133,,1, HTTP/1.1" 200 6111
186.103.159.46 - - [04/Apr/2019:16:15:12 -0300] "GET /cormun/static/about:blank HTTP/1.1" 404 1011
186.103.159.46 - - [04/Apr/2019:16:15:14 -0300] "GET /cormun/servlet/solicitudotadjuntos?INS,2019,15133,,1, HTTP/1.1" 200 6105
186.103.159.46 - - [04/Apr/2019:16:15:14 -0300] "GET /cormun/servlet/solicitudotadjuntos?cc354a83ee18077ac7ec967a91ba00665a43177b6f3a58b3c3a0a45d363bf8729c27971b7f8059b19c9a2190f81c0692,gx-no-cache=1554405093748 HTTP/1.1" 200 30
186.103.159.46 - - [04/Apr/2019:16:15:14 -0300] "POST /cormun/servlet/solicitudotadjuntos?728c3bfdaf11562de507ff3125016fde,INS,2019,15133,,1,,gx-no-cache=1554405093887 HTTP/1.1" 200 3892
186.103.159.46 - - [04/Apr/2019:16:15:23 -0300] "POST /cormun/servlet/solicitudotadjuntos?gx-no-cache=1554405102376 HTTP/1.1" 200 26
190.171.141.90 - - [04/Apr/2019:16:15:25 -0300] "GET /cormun/servlet/permisogoce?INS,0,,, HTTP/1.1" 200 7079
190.171.141.90 - - [04/Apr/2019:16:15:27 -0300] "GET /cormun/servlet/permisogoce?INS,0,,, HTTP/1.1" 200 7055
190.171.141.90 - - [04/Apr/2019:16:15:30 -0300] "GET /cormun/servlet/prfichaempleado?,MD,,gxPopupLevel%3D0%3B HTTP/1.1" 200 9290
186.103.159.46 - - [04/Apr/2019:16:15:33 -0300] "GET /cormun/servlet/solicitudotadjuntos?cc354a83ee18077ac7ec967a91ba0066cad5292f217749f2d4b5f8c24ddb5101,gx-no-cache=1554405113166 HTTP/1.1" 200 30
186.103.159.46 - - [04/Apr/2019:16:15:33 -0300] "GET /cormun/servlet/solicitudotadjuntos?cc354a83ee18077ac7ec967a91ba0066cad5292f217749f2d4b5f8c24ddb5101,gx-no-cache=1554405113240 HTTP/1.1" 200 30
190.171.141.90 - - [04/Apr/2019:16:15:35 -0300] "POST /cormun/servlet/prfichaempleado?9ed705ce1c75ef671843ef615b81f02b,,MD,,gxPopupLevel%3D0%3B,gx-no-cache=1554405112428 HTTP/1.1" 200 4609
186.103.159.46 - - [04/Apr/2019:16:15:37 -0300] "POST /cormun/servlet/solicitudotadjuntos?728c3bfdaf11562de507ff3125016fde,INS,2019,15133,,1, HTTP/1.1" 200 116
186.103.159.46 - - [04/Apr/2019:16:15:37 -0300] "GET /cormun/servlet/hpexe_return? HTTP/1.1" 200 1034
186.103.159.46 - - [04/Apr/2019:16:15:40 -0300] "GET /cormun/servlet/trsolicitudadjuntos?2019,15133, HTTP/1.1" 200 9834
190.171.141.90 - - [04/Apr/2019:16:15:41 -0300] "GET /cormun/servlet/permisogoce?d93cc973cc27fa6af3d089643994dc99e2634a9c9897291943e1d5c4a39d79939d98a79b2d69e345f5919536e33c162b9573cc582c53bf39558d483aade8ec7f,gx-no-cache=1554405117775 HTTP/1.1" 200 73
190.171.141.90 - - [04/Apr/2019:16:15:41 -0300] "GET /cormun/static/menuarrow.gif HTTP/1.1" 404 1015
186.103.159.46 - - [04/Apr/2019:16:15:43 -0300] "GET /cormun/servlet/trsolicitudadjuntos?2019,15133, HTTP/1.1" 200 9836
190.171.141.90 - - [04/Apr/2019:16:15:47 -0300] "GET /cormun/servlet/permisogoce?d93cc973cc27fa6af3d089643994dc990ec29c385730d68c6b8d1c33667af95e4c4ea75d9d0d8b2933c908dfac15486ed59ef19d25bb1d206cc21550d859ccf3,gx-no-cache=1554405123679 HTTP/1.1" 200 46
190.171.141.90 - - [04/Apr/2019:16:15:51 -0300] "POST /cormun/servlet/permisogoce?9ed705ce1c75ef671843ef615b81f02b,INS,0,,,,gx-no-cache=1554405124514 HTTP/1.1" 200 93
190.171.141.90 - - [04/Apr/2019:16:15:51 -0300] "GET /cormun/servlet/hpexe_return? HTTP/1.1" 200 1033
186.103.159.46 - - [04/Apr/2019:16:15:53 -0300] "GET /cormun/servlet/trsolicitudot? HTTP/1.1" 200 9554
190.171.141.90 - - [04/Apr/2019:16:15:53 -0300] "GET /cormun/servlet/trpermisosgoce?gx-no-cache=1554403869236 HTTP/1.1" 200 10034
190.171.141.90 - - [04/Apr/2019:16:15:55 -0300] "GET /cormun/servlet/trpermisosgoce?gx-no-cache=1554403869236 HTTP/1.1" 200 10010
186.103.159.46 - - [04/Apr/2019:16:15:58 -0300] "GET /cormun/servlet/trsolicitudot? HTTP/1.1" 200 9548
186.103.159.46 - - [04/Apr/2019:16:16:00 -0300] "POST /cormun/servlet/trsolicitudot?728c3bfdaf11562de507ff3125016fde,,gx-no-cache=1554405139209 HTTP/1.1" 200 106
186.103.159.46 - - [04/Apr/2019:16:16:03 -0300] "GET /cormun/servlet/solicitudot?UPD,2019,15133, HTTP/1.1" 200 15574
186.103.159.46 - - [04/Apr/2019:16:16:07 -0300] "GET /cormun/servlet/solicitudot?UPD,2019,15133, HTTP/1.1" 200 15583
186.103.159.46 - - [04/Apr/2019:16:16:07 -0300] "POST /cormun/servlet/solicitudot?gx-no-cache=1554405145505 HTTP/1.1" 200 3608
186.103.159.46 - - [04/Apr/2019:16:16:10 -0300] "POST /cormun/servlet/solicitudot?728c3bfdaf11562de507ff3125016fde,UPD,2019,15133,,gx-no-cache=1554405147674 HTTP/1.1" 200 11907
186.103.159.46 - - [04/Apr/2019:16:16:11 -0300] "GET /cormun/servlet/solicitudot?cc354a83ee18077ac7ec967a91ba0066bd222092cc05c3f01321ca16259562f6cfb399dc52622bb9181f6b8fbe584260,gx-no-cache=1554405150108 HTTP/1.1" 200 30
186.103.159.46 - - [04/Apr/2019:16:16:11 -0300] "GET /cormun/servlet/solicitudot?cc354a83ee18077ac7ec967a91ba0066dfd2489f70bd9495ad21c381d2a88259b20ad5d36121ab2fe851059e2b248afea9a226b9dc3d32b939b3b22f9e6a573e,gx-no-cache=1554405150807 HTTP/1.1" 200 30
186.103.159.46 - - [04/Apr/2019:16:16:12 -0300] "GET /cormun/servlet/solicitudot?cc354a83ee18077ac7ec967a91ba0066cbecdc92da9874034dc6d63806b637e83583e5a5f462141d9d2c64cbd3fd1ae78031ae863c21bb99505ef2caf92d8d47,gx-no-cache=1554405151438 HTTP/1.1" 200 53
186.103.159.46 - - [04/Apr/2019:16:16:13 -0300] "POST /cormun/servlet/solicitudot?gx-no-cache=1554405152290 HTTP/1.1" 200 254
186.103.159.46 - - [04/Apr/2019:16:16:14 -0300] "GET /cormun/servlet/solicitudot?cc354a83ee18077ac7ec967a91ba0066366ee5c3d1f9637b057d4a150d39bc68ae9aa00dbb86a06cfd63c90958f8443fd58ed025fade71a3aaf35f40b44a76715a76312a6273be4b444410776e7e94c44caad7ec6fb467541495e432ba7bb57946cd343faeca7c1601f7857e82fcc2e6a9794fcad3479261607f6554a5f62e66d3a4281f412d1e99a66b5cb2a183e4d177882e8ef5b3c8c39b7f5c7b325ab8f1f82082026178b0c23c76dd6e37887ac20b4319af85dc48b6f1b3413dc048da94551795e4e2cf74feed17249e743995ca25ae477ffa69367f622167758cd77690dda8a0b391f997ea3f2f874a82443dbdc004a6a0fd6b492478468e05da61befc102654f7393ac69669362aecf948a91e6418ce9100416a1e629ca72cd186cd1ca1ad9ed83f7c6f16e5d9db7c85f3b55b167de94ff57084569add431b3ba920b42c44612e002a7f7ecd926f44b67f0c5c5d771edbb9fd9d51102b12933a4792139c44f4cdaf36959f611829082626b6c5bd4b35bb410ca9d5ee1a4e3ad0763b3a,gx-no-cache=1554405153278 HTTP/1.1" 200 30
186.103.159.46 - - [04/Apr/2019:16:16:15 -0300] "POST /cormun/servlet/solicitudot?gx-no-cache=1554405153929 HTTP/1.1" 200 30
186.103.159.46 - - [04/Apr/2019:16:16:15 -0300] "POST /cormun/servlet/solicitudot?gx-no-cache=1554405154651 HTTP/1.1" 200 1335
186.103.159.46 - - [04/Apr/2019:16:16:16 -0300] "POST /cormun/servlet/solicitudot?gx-no-cache=1554405155501 HTTP/1.1" 200 41
190.171.141.90 - - [04/Apr/2019:16:16:37 -0300] "GET /cormun/servlet/trpermisosadjuntos?16881035,20190404180845,P, HTTP/1.1" 200 6542
190.171.141.90 - - [04/Apr/2019:16:16:38 -0300] "GET /cormun/servlet/trpermisosadjuntos?16881035,20190404180845,P, HTTP/1.1" 200 6519
190.171.141.90 - - [04/Apr/2019:16:16:40 -0300] "GET /cormun/servlet/permisosadjuntos?INS,16881035,P,20190404180845,, HTTP/1.1" 200 5851
190.171.141.90 - - [04/Apr/2019:16:16:40 -0300] "GET /cormun/static/about:blank HTTP/1.1" 404 1011
190.171.141.90 - - [04/Apr/2019:16:16:41 -0300] "GET /cormun/servlet/permisosadjuntos?INS,16881035,P,20190404180845,, HTTP/1.1" 200 5843
190.171.141.90 - - [04/Apr/2019:16:16:46 -0300] "POST /cormun/servlet/permisosadjuntos?9ed705ce1c75ef671843ef615b81f02b,INS,16881035,P,20190404180845,, HTTP/1.1" 200 116
190.171.141.90 - - [04/Apr/2019:16:16:46 -0300] "GET /cormun/servlet/hpexe_return? HTTP/1.1" 200 1038
190.171.141.90 - - [04/Apr/2019:16:16:46 -0300] "GET /cormun/servlet/trpermisosadjuntos?16881035,20190404180845,P, HTTP/1.1" 200 7018
190.171.141.90 - - [04/Apr/2019:16:16:47 -0300] "GET /cormun/servlet/trpermisosadjuntos?16881035,20190404180845,P, HTTP/1.1" 200 7015
190.171.141.90 - - [04/Apr/2019:16:16:49 -0300] "POST /cormun/servlet/trpermisosadjuntos?9ed705ce1c75ef671843ef615b81f02b,16881035,20190404180845,P,,gx-no-cache=1554405186233 HTTP/1.1" 200 90
190.171.141.90 - - [04/Apr/2019:16:16:49 -0300] "GET /cormun/servlet/hpexe_link HTTP/1.1" 200 1006
190.171.141.90 - - [04/Apr/2019:16:16:50 -0300] "GET /cormun/servlet/trpermisosgoce?gx-no-cache=1554403869236 HTTP/1.1" 200 9992
190.171.141.90 - - [04/Apr/2019:16:16:52 -0300] "GET /cormun/servlet/trpermisosgoce?gx-no-cache=1554403869236 HTTP/1.1" 200 10011
190.171.141.90 - - [04/Apr/2019:16:16:55 -0300] "POST /cormun/servlet/trpermisosgoce?9ed705ce1c75ef671843ef615b81f02b,gx-no-cache=1554403869236,gx-no-cache=1554405190377 HTTP/1.1" 200 7154
190.171.141.90 - - [04/Apr/2019:16:16:55 -0300] "GET /cormun/static/Shared/jqueryui/images/ui-icons_8d78a5_256x240.png HTTP/1.1" 404 1089
190.171.141.90 - - [04/Apr/2019:16:16:55 -0300] "GET /cormun/static/Shared/jqueryui/images/ui-bg_highlight-soft_100_c6c2c8_1x100.png HTTP/1.1" 404 1117
190.171.141.90 - - [04/Apr/2019:16:16:55 -0300] "GET /cormun/static/Shared/jqueryui/images/ui-icons_82798d_256x240.png HTTP/1.1" 404 1089
190.171.141.90 - - [04/Apr/2019:16:16:55 -0300] "GET /cormun/static/Shared/jqueryui/images/ui-bg_flat_55_fafafa_40x100.png HTTP/1.1" 404 1097
190.171.141.90 - - [04/Apr/2019:16:17:09 -0300] "GET /cormun/servlet/permisogoce?INS,0,,, HTTP/1.1" 200 7077
190.171.141.90 - - [04/Apr/2019:16:17:11 -0300] "GET /cormun/servlet/permisogoce?INS,0,,, HTTP/1.1" 200 7056
186.103.159.46 - - [04/Apr/2019:16:17:16 -0300] "GET /cormun/servlet/solicitudot?cc354a83ee18077ac7ec967a91ba0066f65771379a5fbfef88cae4d43aae2992fc35a598119795a3dc19e045e664435d170bb8e7c1adff0801faea45cfb1ebdad59a16ca7f95017a65fca6e9c0634bb85f0574e42c2c8ea102c866cf6365c3ac9db92382a142a86faa5eb5d2de02e2a3,gx-no-cache=1554405215025 HTTP/1.1" 200 110
186.103.159.46 - - [04/Apr/2019:16:17:17 -0300] "POST /cormun/servlet/solicitudot?gx-no-cache=1554405215777 HTTP/1.1" 200 67
186.103.159.46 - - [04/Apr/2019:16:17:17 -0300] "GET /cormun/servlet/solicitudot?cc354a83ee18077ac7ec967a91ba0066d77e9e0c93c78a57264688bc5c24a3b4477452fa721de2dfecf6e5c149f433b445a91e7c2a035d07fd764f2192418bf445033bce5f66960322f2cc1234c9d0ca92dd62d064cc81ba252c3214931866c7456c979f146366827c2827f0f708c234e9a3a70160ece1e7e1b09ead7dc31733103a3dff3e0225204281ab722ebd3bf42562c27a5014eb2aa809060a7ff7f703,gx-no-cache=1554405216579 HTTP/1.1" 200 29
186.103.159.46 - - [04/Apr/2019:16:17:18 -0300] "GET /cormun/servlet/solicitudot?cc354a83ee18077ac7ec967a91ba0066ed562d620ffa75e83314113b480759ec1e7f87793fbff55aad148b610a0eb9d5,gx-no-cache=1554405217251 HTTP/1.1" 200 30
