186.79.244.184 - - [04/Apr/2019:15:31:05 -0300] "GET /cormun/servlet/trpermisosgoce HTTP/1.1" 200 9111
186.79.244.184 - - [04/Apr/2019:15:31:12 -0300] "POST /cormun/servlet/trpermisosgoce?312722fbcfddb1c2f0fd647e4f678aab,gx-no-cache=1554402445662 HTTP/1.1" 200 6208
186.79.244.184 - - [04/Apr/2019:15:31:13 -0300] "GET /cormun/static/Shared/jqueryui/images/ui-icons_8d78a5_256x240.png HTTP/1.1" 404 1089
186.79.244.184 - - [04/Apr/2019:15:31:13 -0300] "GET /cormun/static/Shared/jqueryui/images/ui-bg_flat_55_fafafa_40x100.png HTTP/1.1" 404 1097
186.79.244.184 - - [04/Apr/2019:15:31:13 -0300] "GET /cormun/static/Shared/jqueryui/images/ui-icons_82798d_256x240.png HTTP/1.1" 404 1089
186.79.244.184 - - [04/Apr/2019:15:31:13 -0300] "GET /cormun/static/Shared/jqueryui/images/ui-bg_highlight-soft_100_c6c2c8_1x100.png HTTP/1.1" 404 1117
186.103.159.46 - - [04/Apr/2019:15:31:16 -0300] "GET /cormun/servlet/solicitudot?cc354a83ee18077ac7ec967a91ba0066e23c4ee2cb2a068bba1ace6f9a95629792b2f6e18d6271d792c3b7a86c98e2fbca6ac311d6b38aaf6b2808591e9c61d08ee9de83527735b292690463ae8fe7446676156ad4949223231dbb56b5e0cf938c954fd90bb46d5436d243a5e28f6ced56817277c11e36dee10ba9271a03f760d7be97e2eec322a4c7b73e6c952147062d29a9f1e2988bbd69ebd6473a4086dd,gx-no-cache=1554402454442 HTTP/1.1" 200 29
186.103.159.46 - - [04/Apr/2019:15:31:16 -0300] "GET /cormun/static/menuarrow.gif HTTP/1.1" 404 1015
186.79.244.184 - - [04/Apr/2019:15:31:21 -0300] "GET /cormun/servlet/trautorizarpermisogoce? HTTP/1.1" 200 7997
186.103.159.46 - - [04/Apr/2019:15:31:22 -0300] "GET /cormun/servlet/solicitudot?cc354a83ee18077ac7ec967a91ba0066ed562d620ffa75e83314113b480759ec1e7f87793fbff55aad148b610a0eb9d5,gx-no-cache=1554402460267 HTTP/1.1" 200 30
186.79.244.184 - - [04/Apr/2019:15:31:23 -0300] "GET /cormun/servlet/trautorizarpermisogoce? HTTP/1.1" 200 7996
186.79.244.184 - - [04/Apr/2019:15:31:26 -0300] "POST /cormun/servlet/trautorizarpermisogoce?312722fbcfddb1c2f0fd647e4f678aab,,gx-no-cache=1554402461901 HTTP/1.1" 200 4428
186.79.244.184 - - [04/Apr/2019:15:31:26 -0300] "GET /cormun/static/Shared/jqueryui/images/ui-icons_82798d_256x240.png HTTP/1.1" 404 1089
186.79.244.184 - - [04/Apr/2019:15:31:26 -0300] "GET /cormun/static/Shared/jqueryui/images/ui-bg_flat_55_fafafa_40x100.png HTTP/1.1" 404 1097
186.79.244.184 - - [04/Apr/2019:15:31:26 -0300] "GET /cormun/static/Shared/jqueryui/images/ui-bg_highlight-soft_100_c6c2c8_1x100.png HTTP/1.1" 404 1117
186.79.244.184 - - [04/Apr/2019:15:31:26 -0300] "GET /cormun/static/Shared/jqueryui/images/ui-icons_8d78a5_256x240.png HTTP/1.1" 404 1089
186.79.244.184 - - [04/Apr/2019:15:31:34 -0300] "GET /cormun/servlet/trpermisosgoce? HTTP/1.1" 200 9073
186.103.159.46 - - [04/Apr/2019:15:31:42 -0300] "POST /cormun/servlet/solicitudot?gx-no-cache=1554402475781 HTTP/1.1" 200 30
186.79.244.184 - - [04/Apr/2019:15:31:42 -0300] "GET /cormun/servlet/trpermisosgoce? HTTP/1.1" 200 9012
186.79.244.184 - - [04/Apr/2019:15:31:44 -0300] "GET /cormun/servlet/permisogoce?INS,0,,, HTTP/1.1" 200 7188
186.79.244.184 - - [04/Apr/2019:15:31:48 -0300] "GET /cormun/servlet/permisogoce?INS,0,,, HTTP/1.1" 200 7188
186.103.159.46 - - [04/Apr/2019:15:31:49 -0300] "POST /cormun/servlet/solicitudot?728c3bfdaf11562de507ff3125016fde,INS,0,0,,gx-no-cache=1554402483742 HTTP/1.1" 200 93
186.103.159.46 - - [04/Apr/2019:15:31:49 -0300] "GET /cormun/servlet/hpexe_return? HTTP/1.1" 200 1015
186.103.159.46 - - [04/Apr/2019:15:31:50 -0300] "GET /cormun/static/gxcfg.js?2016101716175148 HTTP/1.1" 200 953
186.103.159.46 - - [04/Apr/2019:15:31:50 -0300] "GET /cormun/static/hpexe_return.js?2016101716175153 HTTP/1.1" 200 1633
186.79.244.184 - - [04/Apr/2019:15:31:51 -0300] "GET /cormun/servlet/prfichaempleado?,MD,,gxPopupLevel%3D0%3B HTTP/1.1" 200 9421
186.103.159.46 - - [04/Apr/2019:15:31:51 -0300] "GET /cormun/static/Resources/Spanish/PXTools.css?167811 HTTP/1.1" 200 89042
186.103.159.46 - - [04/Apr/2019:15:31:54 -0300] "GET /cormun/servlet/trsolicitudot HTTP/1.1" 200 8684
186.79.244.184 - - [04/Apr/2019:15:32:04 -0300] "POST /cormun/servlet/prfichaempleado?312722fbcfddb1c2f0fd647e4f678aab,,MD,,gxPopupLevel%3D0%3B,gx-no-cache=1554402499707 HTTP/1.1" 200 3480
186.103.159.46 - - [04/Apr/2019:15:32:04 -0300] "GET /cormun/servlet/trsolicitudot HTTP/1.1" 200 8680
186.79.244.184 - - [04/Apr/2019:15:32:13 -0300] "GET /cormun/servlet/permisogoce?f49a7e0c2b3a6c7f2f8a9d8e4d16ec625698272617e60c557add05298eed465360a3ab3ee7a6baca5ee9ee3d6500c605a3e01c5bb958fdf3ae3c90b8b66b2c80,gx-no-cache=1554402509827 HTTP/1.1" 200 81
186.103.159.46 - - [04/Apr/2019:15:32:24 -0300] "GET /cormun/servlet/solicitudot?INS,0,0, HTTP/1.1" 200 14953
186.103.159.46 - - [04/Apr/2019:15:32:30 -0300] "GET /cormun/servlet/solicitudot?INS,0,0, HTTP/1.1" 200 14957
186.79.244.184 - - [04/Apr/2019:15:32:31 -0300] "GET /cormun/static/menuarrow.gif HTTP/1.1" 404 1015
186.103.159.46 - - [04/Apr/2019:15:32:32 -0300] "POST /cormun/servlet/solicitudot?gx-no-cache=1554402530786 HTTP/1.1" 200 3508
186.103.159.46 - - [04/Apr/2019:15:32:32 -0300] "GET /cormun/static/Shared/jqueryui/images/ui-bg_highlight-soft_100_c6c2c8_1x100.png HTTP/1.1" 404 1117
186.103.159.46 - - [04/Apr/2019:15:32:32 -0300] "GET /cormun/static/Shared/jqueryui/images/ui-icons_82798d_256x240.png HTTP/1.1" 404 1089
186.103.159.46 - - [04/Apr/2019:15:32:32 -0300] "GET /cormun/static/Shared/jqueryui/images/ui-bg_flat_55_994d53_40x100.png HTTP/1.1" 404 1097
186.103.159.46 - - [04/Apr/2019:15:32:32 -0300] "GET /cormun/static/Shared/jqueryui/images/ui-icons_ebccce_256x240.png HTTP/1.1" 404 1089
186.103.159.46 - - [04/Apr/2019:15:32:33 -0300] "GET /cormun/servlet/solicitudot?cc354a83ee18077ac7ec967a91ba0066b5d8d2b60988db51937dd973438da038,gx-no-cache=1554402532044 HTTP/1.1" 200 111
186.103.159.46 - - [04/Apr/2019:15:32:35 -0300] "GET /cormun/servlet/solicitudot?cc354a83ee18077ac7ec967a91ba0066f2b74b5a6ee12cad25f74b34dd272550,gx-no-cache=1554402533486 HTTP/1.1" 200 94
186.103.159.46 - - [04/Apr/2019:15:32:37 -0300] "GET /cormun/servlet/solicitudot?cc354a83ee18077ac7ec967a91ba0066609fc11aa1db1d7ea20f23153396d5d5,gx-no-cache=1554402535147 HTTP/1.1" 200 29
186.79.244.184 - - [04/Apr/2019:15:32:40 -0300] "GET /cormun/servlet/permisogoce?f49a7e0c2b3a6c7f2f8a9d8e4d16ec628cd5ce1038c6da8af550bc2cc6633dc8cc9f18cc0931aaa88a97664a2c2f6a31d9725e5d7157cfcf90e6cb9dd85f555f,gx-no-cache=1554402536087 HTTP/1.1" 200 47
186.103.159.46 - - [04/Apr/2019:15:32:47 -0300] "GET /cormun/servlet/solicitudot?cc354a83ee18077ac7ec967a91ba006656a57733776e2f15ef26c798152d9f0533fad69b9696b27bad2ca39d6c4e5deb8ec6df29de37ff16c50893e88baa5537c1b5af6b4b53074845254a4adb255aea83f666dd498f0fd1ee8531c818f19d7c70abca5b1702eab98161ee64b81cfbbfbc8e815c81fb7cee63c8fa515c33d00fd27670113c46460f2f16cb64bb2bb2095a76d76eac64d063364707400509d7c11a766c650bc2a25a3e94ecbb1a7be4599ef2ad17cbd61abbd27b9f9edaacdda9f3a264d04b5b14dff45678822e4a90dc1cbbaf06977d6ff407e1a3c1917f76976fabf9d75570e1a70721c31d1fb7c89192b2f6e18d6271d792c3b7a86c98e2fb32f09054d19fc4f702a8d5a6310a2d7338b7862bbf70f82b0f559e351ce715092469e207d25dd47af3be0df8c89c8fe76187e302b67e6a912bd8408df4292fac5437dadd6c1b99b9e1df62dd751939fa,gx-no-cache=1554402544486 HTTP/1.1" 200 256
186.79.244.184 - - [04/Apr/2019:15:32:57 -0300] "POST /cormun/servlet/permisogoce?312722fbcfddb1c2f0fd647e4f678aab,INS,0,,,,gx-no-cache=1554402540213 HTTP/1.1" 200 93
186.79.244.184 - - [04/Apr/2019:15:32:57 -0300] "GET /cormun/servlet/hpexe_return? HTTP/1.1" 200 1003
186.79.244.184 - - [04/Apr/2019:15:33:00 -0300] "GET /cormun/servlet/trpermisosgoce HTTP/1.1" 200 9341
186.79.244.184 - - [04/Apr/2019:15:33:00 -0300] "GET /cormun/servlet/trpermisosgoce HTTP/1.1" 200 9332
186.103.159.46 - - [04/Apr/2019:15:33:08 -0300] "POST /cormun/servlet/solicitudot?gx-no-cache=1554402566572 HTTP/1.1" 200 3590
186.103.159.46 - - [04/Apr/2019:15:33:09 -0300] "POST /cormun/servlet/solicitudot?728c3bfdaf11562de507ff3125016fde,INS,0,0,,gx-no-cache=1554402568811 HTTP/1.1" 200 11834
186.103.159.46 - - [04/Apr/2019:15:33:10 -0300] "GET /cormun/servlet/solicitudot?cc354a83ee18077ac7ec967a91ba0066bd222092cc05c3f01321ca16259562f6c3cc8949ed9114d0a0f5fa4224289423,gx-no-cache=1554402569799 HTTP/1.1" 200 30
186.103.159.46 - - [04/Apr/2019:15:33:11 -0300] "GET /cormun/servlet/solicitudot?cc354a83ee18077ac7ec967a91ba0066dfd2489f70bd9495ad21c381d2a88259b20ad5d36121ab2fe851059e2b248afed204468af292e6435c850413b12d5456,gx-no-cache=1554402570244 HTTP/1.1" 200 30
186.79.244.184 - - [04/Apr/2019:15:33:11 -0300] "GET /cormun/servlet/apermisogoceprn?13572647,P,20190404172503,PU HTTP/1.1" 200 1663
186.103.159.46 - - [04/Apr/2019:15:33:29 -0300] "GET /cormun/servlet/solicitudot?cc354a83ee18077ac7ec967a91ba00668a8b09edd3925391341b345b4498bc2a,gx-no-cache=1554402587975 HTTP/1.1" 200 53
186.103.159.46 - - [04/Apr/2019:15:33:29 -0300] "POST /cormun/servlet/solicitudot?gx-no-cache=1554402588768 HTTP/1.1" 200 257
186.103.159.46 - - [04/Apr/2019:15:33:29 -0300] "GET /cormun/servlet/solicitudot?cc354a83ee18077ac7ec967a91ba0066366ee5c3d1f9637b057d4a150d39bc68ae9aa00dbb86a06cfd63c90958f8443fd58ed025fade71a3aaf35f40b44a76715a76312a6273be4b444410776e7e94c44caad7ec6fb467541495e432ba7bb57946cd343faeca7c1601f7857e82fcc2e6a9794fcad3479261607f6554a5f62e66d3a4281f412d1e99a66b5cb2a183e4d177882e8ef5b3c8c39b7f5c7b325ab8f1f82082026178b0c23c76dd6e37887ac20b4319af85dc48b6f1b3413dc048da94551795e4e2cf74feed17249e743995ca25ae477ffa69367f622167758cd77690dda8a0b391f997ea3f2f874a82443dbdc004a6a0fd6b492478468e05da61befc102654f7393ac69669362aecf948a91e6418ce9100416a1e629ca72cd186cd1ca1ad9ed83f7c6f16e5d9db7c85f3b55b167de94ff57084569add431b3ba920b42c44612e002a7f7ecd926f44b67f0c5c5d771edbb9fd9d51102b12933a4792139c44f4cdaf36959f611829082626b6c50cbf4a8b5fcb583b0a25c8379e72943f,gx-no-cache=1554402588967 HTTP/1.1" 200 30
186.103.159.46 - - [04/Apr/2019:15:33:29 -0300] "POST /cormun/servlet/solicitudot?gx-no-cache=1554402589259 HTTP/1.1" 200 30
186.103.159.46 - - [04/Apr/2019:15:33:30 -0300] "POST /cormun/servlet/solicitudot?gx-no-cache=1554402589455 HTTP/1.1" 200 1333
186.103.159.46 - - [04/Apr/2019:15:33:30 -0300] "POST /cormun/servlet/solicitudot?gx-no-cache=1554402589822 HTTP/1.1" 200 38
186.103.159.46 - - [04/Apr/2019:15:33:30 -0300] "GET /cormun/servlet/solicitudot?cc354a83ee18077ac7ec967a91ba0066f65771379a5fbfef88cae4d43aae2992fc35a598119795a3dc19e045e664435d170bb8e7c1adff0801faea45cfb1ebdad59a16ca7f95017a65fca6e9c0634bb85f0574e42c2c8ea102c866cf6365c3ac9db92382a142a86faa5eb5d2de02e2a3,gx-no-cache=1554402590053 HTTP/1.1" 200 110
186.103.159.46 - - [04/Apr/2019:15:33:31 -0300] "POST /cormun/servlet/solicitudot?gx-no-cache=1554402590308 HTTP/1.1" 200 69
186.103.159.46 - - [04/Apr/2019:15:36:03 -0300] "POST /cormun/servlet/solicitudot?gx-no-cache=1554402737611 HTTP/1.1" 200 257
186.67.164.138 - - [04/Apr/2019:15:36:44 -0300] "POST /cormun/servlet/solicitudot?gx-no-cache=1554402780299 HTTP/1.1" 200 30
186.67.164.138 - - [04/Apr/2019:15:36:51 -0300] "POST /cormun/servlet/solicitudot?3d48e8677128edd631b01ac5ad7a6a66,INS,0,0,,gx-no-cache=1554402787314 HTTP/1.1" 200 93
186.67.164.138 - - [04/Apr/2019:15:36:51 -0300] "GET /cormun/servlet/hpexe_return? HTTP/1.1" 200 1029
186.67.164.138 - - [04/Apr/2019:15:36:54 -0300] "GET /cormun/servlet/trsolicitudot?gx-no-cache=1554400597157 HTTP/1.1" 200 8635
186.67.164.138 - - [04/Apr/2019:15:36:57 -0300] "GET /cormun/servlet/trsolicitudot?gx-no-cache=1554400597157 HTTP/1.1" 200 8651
192.168.10.96 - - [04/Apr/2019:15:43:58 -0300] "GET /cormun/servlet/vesolicitudgral?2016,2664,,SolicitudOTAdjuntos HTTP/1.1" 200 15952
186.103.159.46 - - [04/Apr/2019:15:44:02 -0300] "GET /cormun/servlet/hlogin HTTP/1.1" 200 1733
186.103.159.46 - - [04/Apr/2019:15:44:17 -0300] "POST /cormun/servlet/hlogin?728c3bfdaf11562de507ff3125016fde,gx-no-cache=1554403230499 HTTP/1.1" 200 90
186.103.159.46 - - [04/Apr/2019:15:44:18 -0300] "GET /cormun/servlet/hpexe_link HTTP/1.1" 200 971
186.103.159.46 - - [04/Apr/2019:15:44:20 -0300] "GET /cormun/servlet/solicitudot?INS,0,0, HTTP/1.1" 200 14953
186.103.159.46 - - [04/Apr/2019:15:44:23 -0300] "GET /cormun/servlet/solicitudot?INS,0,0, HTTP/1.1" 200 14957
186.103.159.46 - - [04/Apr/2019:15:44:51 -0300] "POST /cormun/servlet/solicitudot?gx-no-cache=1554403266568 HTTP/1.1" 200 3590
186.103.159.46 - - [04/Apr/2019:15:44:57 -0300] "POST /cormun/servlet/solicitudot?728c3bfdaf11562de507ff3125016fde,INS,0,0,,gx-no-cache=1554403271316 HTTP/1.1" 200 11833
186.103.159.46 - - [04/Apr/2019:15:45:12 -0300] "GET /cormun/servlet/solicitudot?cc354a83ee18077ac7ec967a91ba0066bd222092cc05c3f01321ca16259562f6c3cc8949ed9114d0a0f5fa4224289423,gx-no-cache=1554403291065 HTTP/1.1" 200 30
200.54.246.54 - - [04/Apr/2019:15:45:27 -0300] "GET /cormun/servlet/hlogin HTTP/1.1" 200 1718
200.54.246.54 - - [04/Apr/2019:15:45:37 -0300] "POST /cormun/servlet/hlogin?32c43b22a02ca1fa9e22b990a7895da9,gx-no-cache=1554403309576 HTTP/1.1" 200 425
200.54.246.54 - - [04/Apr/2019:15:45:50 -0300] "POST /cormun/servlet/hlogin?32c43b22a02ca1fa9e22b990a7895da9,gx-no-cache=1554403322028 HTTP/1.1" 200 90
200.54.246.54 - - [04/Apr/2019:15:45:50 -0300] "GET /cormun/servlet/hpexe_link HTTP/1.1" 200 948
200.54.246.54 - - [04/Apr/2019:15:45:50 -0300] "GET /cormun/servlet/hhome HTTP/1.1" 200 4338
200.54.246.54 - - [04/Apr/2019:15:45:51 -0300] "GET /cormun/servlet/hhome HTTP/1.1" 200 4335
200.54.246.54 - - [04/Apr/2019:15:46:00 -0300] "GET /cormun/servlet/trsolicitudot? HTTP/1.1" 200 7556
186.103.159.46 - - [04/Apr/2019:15:46:02 -0300] "GET /cormun/servlet/solicitudot?cc354a83ee18077ac7ec967a91ba006651fac6299e272e658cd590427f27ff3a21550dfaabd4f3baaa9a451d785043ed4f6d03dc22f98d2f731eae69d36cd217,gx-no-cache=1554403340547 HTTP/1.1" 200 30
200.54.246.54 - - [04/Apr/2019:15:46:02 -0300] "GET /cormun/servlet/trsolicitudot? HTTP/1.1" 200 7554
186.103.159.46 - - [04/Apr/2019:15:46:04 -0300] "GET /cormun/servlet/solicitudot?cc354a83ee18077ac7ec967a91ba00668a8b09edd3925391341b345b4498bc2a,gx-no-cache=1554403342223 HTTP/1.1" 200 53
186.103.159.46 - - [04/Apr/2019:15:46:06 -0300] "POST /cormun/servlet/solicitudot?gx-no-cache=1554403344110 HTTP/1.1" 200 255
200.54.246.54 - - [04/Apr/2019:15:46:08 -0300] "GET /cormun/servlet/solicitudot?INS,0,0, HTTP/1.1" 200 15223
186.103.159.46 - - [04/Apr/2019:15:46:13 -0300] "GET /cormun/servlet/solicitudot?cc354a83ee18077ac7ec967a91ba0066366ee5c3d1f9637b057d4a150d39bc68ae9aa00dbb86a06cfd63c90958f8443fd58ed025fade71a3aaf35f40b44a76715a76312a6273be4b444410776e7e94c44caad7ec6fb467541495e432ba7bb57946cd343faeca7c1601f7857e82fcc2e6a9794fcad3479261607f6554a5f62e66d3a4281f412d1e99a66b5cb2a183e4d177882e8ef5b3c8c39b7f5c7b325ab8f1f82082026178b0c23c76dd6e37887ac20b4319af85dc48b6f1b3413dc048da94551795e4e2cf74feed17249e743995ca25ae477ffa69367f622167758cd77690dda8a0b391f997ea3f2f874a82443dbdc004a6a0fd6b492478468e05da61befc102654f7393ac69669362aecf948a91e6418ce9100416a1e629ca72cd186cd1ca1ad9ed83f7c6f16e5d9db7c85f3b55b167de94ff57084569add431b3ba920b42c44612e002a7f7ecd926f44b67f0c5c5d771edbb9fd9d51102b12933a4792139c44f4cdaf36959f611829082626b6c50cbf4a8b5fcb583b0a25c8379e72943f,gx-no-cache=1554403346113 HTTP/1.1" 200 30
186.67.172.234 - - [04/Apr/2019:15:46:13 -0300] "POST /cormun/servlet/solicitudot?32c43b22a02ca1fa9e22b990a7895da9,INS,0,0,,gx-no-cache=1554403345503 HTTP/1.1" 200 93
200.54.246.54 - - [04/Apr/2019:15:46:13 -0300] "GET /cormun/servlet/solicitudot?INS,0,0, HTTP/1.1" 200 15229
186.67.172.234 - - [04/Apr/2019:15:46:14 -0300] "GET /cormun/servlet/hpexe_return? HTTP/1.1" 200 1004
186.67.172.234 - - [04/Apr/2019:15:46:14 -0300] "GET /cormun/servlet/trsolicitudot HTTP/1.1" 200 7558
186.67.172.234 - - [04/Apr/2019:15:46:14 -0300] "GET /cormun/servlet/trsolicitudot HTTP/1.1" 200 7554
186.103.159.46 - - [04/Apr/2019:15:46:16 -0300] "POST /cormun/servlet/solicitudot?gx-no-cache=1554403355580 HTTP/1.1" 200 30
186.67.172.234 - - [04/Apr/2019:15:46:17 -0300] "GET /cormun/servlet/trautorizarsolicitud? HTTP/1.1" 200 10624
186.67.172.234 - - [04/Apr/2019:15:46:18 -0300] "GET /cormun/servlet/trautorizarsolicitud? HTTP/1.1" 200 10624
186.103.159.46 - - [04/Apr/2019:15:46:28 -0300] "POST /cormun/servlet/solicitudot?gx-no-cache=1554403367717 HTTP/1.1" 200 1333
186.103.159.46 - - [04/Apr/2019:15:46:28 -0300] "POST /cormun/servlet/solicitudot?gx-no-cache=1554403368101 HTTP/1.1" 200 38
186.67.172.234 - - [04/Apr/2019:15:46:28 -0300] "GET /cormun/servlet/trsolicitudot? HTTP/1.1" 200 7555
186.103.159.46 - - [04/Apr/2019:15:46:28 -0300] "GET /cormun/servlet/solicitudot?cc354a83ee18077ac7ec967a91ba0066f65771379a5fbfef88cae4d43aae2992fc35a598119795a3dc19e045e664435d170bb8e7c1adff0801faea45cfb1ebdad59a16ca7f95017a65fca6e9c0634bb85f0574e42c2c8ea102c866cf6365c3ac9db92382a142a86faa5eb5d2de02e2a3,gx-no-cache=1554403368287 HTTP/1.1" 200 110
186.67.172.234 - - [04/Apr/2019:15:46:29 -0300] "GET /cormun/servlet/trsolicitudot? HTTP/1.1" 200 7554
186.67.172.234 - - [04/Apr/2019:15:46:31 -0300] "GET /cormun/servlet/solicitudot?INS,0,0, HTTP/1.1" 200 15223
186.67.172.234 - - [04/Apr/2019:15:46:32 -0300] "GET /cormun/servlet/solicitudot?INS,0,0, HTTP/1.1" 200 15229
186.103.159.46 - - [04/Apr/2019:15:46:43 -0300] "POST /cormun/servlet/solicitudot?gx-no-cache=1554403382220 HTTP/1.1" 200 69
186.67.172.234 - - [04/Apr/2019:15:46:43 -0300] "POST /cormun/servlet/solicitudot?gx-no-cache=1554403375024 HTTP/1.1" 200 3547
186.67.172.234 - - [04/Apr/2019:15:46:43 -0300] "POST /cormun/servlet/solicitudot?32c43b22a02ca1fa9e22b990a7895da9,INS,0,0,,gx-no-cache=1554403375525 HTTP/1.1" 200 11994
186.103.159.46 - - [04/Apr/2019:15:46:50 -0300] "GET /cormun/servlet/solicitudot?cc354a83ee18077ac7ec967a91ba0066e23c4ee2cb2a068bba1ace6f9a95629792b2f6e18d6271d792c3b7a86c98e2fbca6ac311d6b38aaf6b2808591e9c61d08ee9de83527735b292690463ae8fe7446676156ad4949223231dbb56b5e0cf938c954fd90bb46d5436d243a5e28f6ced56817277c11e36dee10ba9271a03f760d7be97e2eec322a4c7b73e6c952147062d29a9f1e2988bbd69ebd6473a4086dd,gx-no-cache=1554403389998 HTTP/1.1" 200 29
186.67.172.234 - - [04/Apr/2019:15:46:50 -0300] "GET /cormun/servlet/solicitudot?d7eb346cee5325a1059d911495ae8d0e2f7b6378badd6f05504aa1e1b85602504404838baee4ea48e1c757c13729e494,gx-no-cache=1554403382685 HTTP/1.1" 200 30
186.67.172.234 - - [04/Apr/2019:15:46:50 -0300] "GET /cormun/servlet/solicitudot?d7eb346cee5325a1059d911495ae8d0e386197c1ca3fd36f63c89fd59ff3c44a8b07695a3489d4dba38439b3c810b9d8,gx-no-cache=1554403382884 HTTP/1.1" 200 103
186.67.172.234 - - [04/Apr/2019:15:46:51 -0300] "GET /cormun/servlet/solicitudot?d7eb346cee5325a1059d911495ae8d0e38e6d08741ae8792cb6a570c6ae475bc,gx-no-cache=1554403383092 HTTP/1.1" 200 51
186.67.172.234 - - [04/Apr/2019:15:46:51 -0300] "POST /cormun/servlet/solicitudot?gx-no-cache=1554403383322 HTTP/1.1" 200 255
186.67.172.234 - - [04/Apr/2019:15:46:51 -0300] "GET /cormun/static/Shared/jqueryui/images/ui-bg_flat_55_994d53_40x100.png HTTP/1.1" 404 1097
186.67.172.234 - - [04/Apr/2019:15:46:51 -0300] "GET /cormun/static/Shared/jqueryui/images/ui-icons_ebccce_256x240.png HTTP/1.1" 404 1089
186.103.159.46 - - [04/Apr/2019:15:46:51 -0300] "GET /cormun/static/menuarrow.gif HTTP/1.1" 404 1015
186.67.172.234 - - [04/Apr/2019:15:46:51 -0300] "GET /cormun/static/Shared/jqueryui/images/ui-icons_82798d_256x240.png HTTP/1.1" 404 1089
186.67.172.234 - - [04/Apr/2019:15:46:51 -0300] "GET /cormun/static/Shared/jqueryui/images/ui-bg_highlight-soft_100_c6c2c8_1x100.png HTTP/1.1" 404 1117
186.67.172.234 - - [04/Apr/2019:15:46:53 -0300] "GET /cormun/servlet/solicitudot?d7eb346cee5325a1059d911495ae8d0e3caf397d7dcaf660eab51542240f3003797e4a67d0973f72d66d5c8da053cfcdde1812f1dcfafe543e98f8f571a25365f4d9b2f3d9bad220470fcd59116db748e61c3237499ebceba177899717fb59d3f5e2d56af9441e93cf17cd21d2507688a119ca14369f22b2367359a343e6db09e2a5ae8a141ddc483925c4104a0ba7532cba822b6ba4a2c8d224c481b9b0e04fd0fe9a67e1640baf62ab479ffbf53649016aaecd4a119b40e76982d16f16ba8674dd259e469121fd409a03833542a381ad5e0961c836c8156d6b09d1b3c0a94f5da12325628a7c17b206fe05c8c63344da119ec22cf24236608eafa57af00ceb0be408184661795db51c794a764fb68144a8a1f8d0375d27df6ac5a0b36f5415aa839aaf7bfee494cbe76eb070a2ae98ea0e15f762978d05964a49e77346a8208235f413090a91eed046b7e7a8fc7cd0a7011f9a94814800551f7dfeb7b3d343c8be6354efa1df85d59a8e538b5e4928c2a7ccdda2d2465d52994ede0a8685d6,gx-no-cache=1554403383500 HTTP/1.1" 200 30
186.67.172.234 - - [04/Apr/2019:15:46:53 -0300] "POST /cormun/servlet/solicitudot?gx-no-cache=1554403385227 HTTP/1.1" 200 30
186.67.172.234 - - [04/Apr/2019:15:46:53 -0300] "POST /cormun/servlet/solicitudot?gx-no-cache=1554403385385 HTTP/1.1" 200 1334
186.67.172.234 - - [04/Apr/2019:15:46:53 -0300] "POST /cormun/servlet/solicitudot?gx-no-cache=1554403385961 HTTP/1.1" 200 38
186.103.159.46 - - [04/Apr/2019:15:46:53 -0300] "GET /cormun/servlet/solicitudot?cc354a83ee18077ac7ec967a91ba0066ed562d620ffa75e83314113b480759ec1e7f87793fbff55aad148b610a0eb9d5,gx-no-cache=1554403393343 HTTP/1.1" 200 30
186.67.172.234 - - [04/Apr/2019:15:46:54 -0300] "GET /cormun/servlet/solicitudot?d7eb346cee5325a1059d911495ae8d0e728679f3a73573a4f3c90bfe58c564ae266b83de4109d1a36bd683a8843b349247ef8aa6501e9fe1b026d4b388e0ed2972c589ba0447933fb08ceccf7efefae3037c2388de867da6e3e49b56baf775d614fe0313e894ac75c975146961b99025,gx-no-cache=1554403386081 HTTP/1.1" 200 110
186.103.159.46 - - [04/Apr/2019:15:47:03 -0300] "POST /cormun/servlet/solicitudot?gx-no-cache=1554403402849 HTTP/1.1" 200 30
186.67.172.234 - - [04/Apr/2019:15:47:08 -0300] "POST /cormun/servlet/solicitudot?gx-no-cache=1554403399773 HTTP/1.1" 200 30
186.103.159.46 - - [04/Apr/2019:15:47:12 -0300] "POST /cormun/servlet/solicitudot?728c3bfdaf11562de507ff3125016fde,INS,0,0,,gx-no-cache=1554403410445 HTTP/1.1" 200 93
186.103.159.46 - - [04/Apr/2019:15:47:12 -0300] "GET /cormun/servlet/hpexe_return? HTTP/1.1" 200 1015
186.103.159.46 - - [04/Apr/2019:15:47:13 -0300] "GET /cormun/servlet/trsolicitudot HTTP/1.1" 200 9129
186.103.159.46 - - [04/Apr/2019:15:47:15 -0300] "GET /cormun/servlet/trsolicitudot HTTP/1.1" 200 9126
186.103.159.46 - - [04/Apr/2019:15:47:22 -0300] "GET /cormun/servlet/solicitudot?INS,0,0, HTTP/1.1" 200 14950
186.103.159.46 - - [04/Apr/2019:15:47:24 -0300] "GET /cormun/servlet/solicitudot?INS,0,0, HTTP/1.1" 200 14955
186.67.172.234 - - [04/Apr/2019:15:47:28 -0300] "POST /cormun/servlet/solicitudot?gx-no-cache=1554403418514 HTTP/1.1" 200 1334
186.67.172.234 - - [04/Apr/2019:15:47:29 -0300] "POST /cormun/servlet/solicitudot?gx-no-cache=1554403420390 HTTP/1.1" 200 38
186.67.172.234 - - [04/Apr/2019:15:47:29 -0300] "GET /cormun/servlet/solicitudot?d7eb346cee5325a1059d911495ae8d0e728679f3a73573a4f3c90bfe58c564ae266b83de4109d1a36bd683a8843b349247ef8aa6501e9fe1b026d4b388e0ed2972c589ba0447933fb08ceccf7efefae3037c2388de867da6e3e49b56baf775d614fe0313e894ac75c975146961b99025,gx-no-cache=1554403421618 HTTP/1.1" 200 110
186.67.172.234 - - [04/Apr/2019:15:47:36 -0300] "POST /cormun/servlet/solicitudot?gx-no-cache=1554403426325 HTTP/1.1" 200 69
186.67.172.234 - - [04/Apr/2019:15:47:39 -0300] "GET /cormun/servlet/solicitudot?d7eb346cee5325a1059d911495ae8d0e9886363e7ed5df052e6c76d680242e38bdb7446feb603c488d75f17b12e940314337b5c0849ef7bb32231cc1522e36067aa7db4bd78e93260a35cb3b43b8a12bc86663a2101812e8a2846cc6938eae602f41b96d4a583d91c7a51f47702c5a1933812dc11676fd705f00e734063534d0b675e2149a5afe6efcd439b475a6fc89dbbdf69ee81e3b01e2401a501f8aaee0efb6d06d092117b5f082f0ca205360e7abae3ba201c95651174021d18ffce73a6f404e6730e2d17e9b37b0ae0d282ba5,gx-no-cache=1554403431942 HTTP/1.1" 200 29
186.103.159.46 - - [04/Apr/2019:15:47:46 -0300] "POST /cormun/servlet/solicitudot?gx-no-cache=1554403445450 HTTP/1.1" 200 3450
186.103.159.46 - - [04/Apr/2019:15:47:46 -0300] "POST /cormun/servlet/solicitudot?728c3bfdaf11562de507ff3125016fde,INS,0,0,,gx-no-cache=1554403445856 HTTP/1.1" 200 11683
186.67.172.234 - - [04/Apr/2019:15:47:48 -0300] "GET /cormun/static/menuarrow.gif HTTP/1.1" 404 1015
186.67.172.234 - - [04/Apr/2019:15:47:52 -0300] "GET /cormun/servlet/solicitudot?d7eb346cee5325a1059d911495ae8d0ec0b633020d7e067afc1331894fc535a9f01801dc7d6a74038d2ea6099166b90f,gx-no-cache=1554403443691 HTTP/1.1" 200 30
186.103.159.46 - - [04/Apr/2019:15:47:56 -0300] "GET /cormun/servlet/solicitudot?cc354a83ee18077ac7ec967a91ba00665de2238500ae06cd2d6ae665dea7c401c3cc8949ed9114d0a0f5fa4224289423,gx-no-cache=1554403455622 HTTP/1.1" 200 30
186.67.172.234 - - [04/Apr/2019:15:48:07 -0300] "POST /cormun/servlet/solicitudot?gx-no-cache=1554403459808 HTTP/1.1" 200 30
186.67.172.234 - - [04/Apr/2019:15:48:36 -0300] "POST /cormun/servlet/solicitudot?32c43b22a02ca1fa9e22b990a7895da9,INS,0,0,,gx-no-cache=1554403486283 HTTP/1.1" 200 12328
186.67.172.234 - - [04/Apr/2019:15:49:29 -0300] "GET /cormun/servlet/solicitudot?d7eb346cee5325a1059d911495ae8d0e6a5a3e9e02ebda02ea4e94002e8f90734c04fc745cd4202b8a5ef8f5de555e3a4404838baee4ea48e1c757c13729e494,gx-no-cache=1554403540799 HTTP/1.1" 200 30
186.67.172.234 - - [04/Apr/2019:15:49:29 -0300] "POST /cormun/servlet/solicitudot?gx-no-cache=1554403541491 HTTP/1.1" 200 254
186.67.172.234 - - [04/Apr/2019:15:49:29 -0300] "GET /cormun/servlet/solicitudot?d7eb346cee5325a1059d911495ae8d0e3caf397d7dcaf660eab51542240f3003797e4a67d0973f72d66d5c8da053cfcdde1812f1dcfafe543e98f8f571a25365f4d9b2f3d9bad220470fcd59116db748e61c3237499ebceba177899717fb59d3f5e2d56af9441e93cf17cd21d2507688a119ca14369f22b2367359a343e6db09e2a5ae8a141ddc483925c4104a0ba7532cba822b6ba4a2c8d224c481b9b0e04fd0fe9a67e1640baf62ab479ffbf53649016aaecd4a119b40e76982d16f16ba8674dd259e469121fd409a03833542a381ad5e0961c836c8156d6b09d1b3c0a94f5da12325628a7c17b206fe05c8c63344da119ec22cf24236608eafa57af00ceb0be408184661795db51c794a764fb68144a8a1f8d0375d27df6ac5a0b36f5415aa839aaf7bfee494cbe76eb070a2ae98ea0e15f762978d05964a49e77346a8208235f413090a91eed046b7e7a8fc7cd0a7011f9a94814800551f7dfeb7b3d343c8be6354efa1df85d59a8e538b5e49281d42b217582b4374b88e4c3cbf1130f9,gx-no-cache=1554403541538 HTTP/1.1" 200 30
186.67.172.234 - - [04/Apr/2019:15:49:29 -0300] "POST /cormun/servlet/solicitudot?gx-no-cache=1554403541562 HTTP/1.1" 200 30
186.67.172.234 - - [04/Apr/2019:15:49:29 -0300] "POST /cormun/servlet/solicitudot?gx-no-cache=1554403541605 HTTP/1.1" 200 1333
186.67.172.234 - - [04/Apr/2019:15:49:29 -0300] "POST /cormun/servlet/solicitudot?gx-no-cache=1554403541660 HTTP/1.1" 200 41
186.67.172.234 - - [04/Apr/2019:15:49:29 -0300] "GET /cormun/servlet/solicitudot?d7eb346cee5325a1059d911495ae8d0e728679f3a73573a4f3c90bfe58c564ae266b83de4109d1a36bd683a8843b349247ef8aa6501e9fe1b026d4b388e0ed2972c589ba0447933fb08ceccf7efefae3037c2388de867da6e3e49b56baf775d614fe0313e894ac75c975146961b99025,gx-no-cache=1554403541684 HTTP/1.1" 200 110
186.67.172.234 - - [04/Apr/2019:15:49:29 -0300] "POST /cormun/servlet/solicitudot?gx-no-cache=1554403541718 HTTP/1.1" 200 97
186.67.172.234 - - [04/Apr/2019:15:49:29 -0300] "GET /cormun/servlet/solicitudot?d7eb346cee5325a1059d911495ae8d0ec0b633020d7e067afc1331894fc535a9f01801dc7d6a74038d2ea6099166b90f,gx-no-cache=1554403541773 HTTP/1.1" 200 30
186.67.172.234 - - [04/Apr/2019:15:49:29 -0300] "POST /cormun/servlet/solicitudot?gx-no-cache=1554403541843 HTTP/1.1" 200 30
186.67.172.234 - - [04/Apr/2019:15:49:29 -0300] "POST /cormun/servlet/solicitudot?32c43b22a02ca1fa9e22b990a7895da9,INS,0,0,,gx-no-cache=1554403541892 HTTP/1.1" 200 12388
186.67.172.234 - - [04/Apr/2019:15:49:41 -0300] "POST /cormun/servlet/solicitudot?32c43b22a02ca1fa9e22b990a7895da9,INS,0,0,,gx-no-cache=1554403550593 HTTP/1.1" 200 12435
190.171.143.106 - - [04/Apr/2019:15:49:42 -0300] "GET /cormun/servlet/hlogin HTTP/1.1" 200 1721
190.171.143.106 - - [04/Apr/2019:15:49:46 -0300] "POST /cormun/servlet/hlogin?a2515d551d3314921ff4dbb44e25e7b5,gx-no-cache=1554403563179 HTTP/1.1" 200 90
190.171.143.106 - - [04/Apr/2019:15:49:46 -0300] "GET /cormun/servlet/hpexe_link HTTP/1.1" 200 952
190.171.143.106 - - [04/Apr/2019:15:49:46 -0300] "GET /cormun/servlet/hhome HTTP/1.1" 200 4076
190.171.143.106 - - [04/Apr/2019:15:49:48 -0300] "GET /cormun/servlet/hhome HTTP/1.1" 200 4072
190.171.143.106 - - [04/Apr/2019:15:50:14 -0300] "GET /cormun/servlet/trlicencias? HTTP/1.1" 200 9341
190.171.143.106 - - [04/Apr/2019:15:50:19 -0300] "GET /cormun/servlet/trlicencias? HTTP/1.1" 200 9402
190.171.143.106 - - [04/Apr/2019:15:50:26 -0300] "GET /cormun/servlet/trlicencias? HTTP/1.1" 200 9399
190.171.143.106 - - [04/Apr/2019:15:50:45 -0300] "GET /cormun/servlet/trlicencias? HTTP/1.1" 200 9372
190.171.143.106 - - [04/Apr/2019:15:50:52 -0300] "GET /cormun/servlet/trlicencias? HTTP/1.1" 200 9399
190.171.141.90 - - [04/Apr/2019:15:52:36 -0300] "GET /cormun/servlet/trpermisosgoce? HTTP/1.1" 200 6123
190.171.141.90 - - [04/Apr/2019:15:52:38 -0300] "GET /cormun/servlet/hlogin HTTP/1.1" 200 1739
190.171.141.90 - - [04/Apr/2019:15:52:39 -0300] "GET /cormun/servlet/trpermisosgoce? HTTP/1.1" 200 6115
190.171.141.90 - - [04/Apr/2019:15:52:44 -0300] "POST /cormun/servlet/hlogin?9ed705ce1c75ef671843ef615b81f02b,gx-no-cache=1554403741918 HTTP/1.1" 200 451
190.171.141.90 - - [04/Apr/2019:15:52:50 -0300] "POST /cormun/servlet/hlogin?9ed705ce1c75ef671843ef615b81f02b,gx-no-cache=1554403747393 HTTP/1.1" 200 90
190.171.141.90 - - [04/Apr/2019:15:52:50 -0300] "GET /cormun/servlet/hpexe_link HTTP/1.1" 200 957
190.171.141.90 - - [04/Apr/2019:15:52:50 -0300] "GET /cormun/servlet/trpermisosgoce HTTP/1.1" 200 8183
190.171.141.90 - - [04/Apr/2019:15:52:51 -0300] "GET /cormun/servlet/trpermisosgoce HTTP/1.1" 200 8181
190.171.141.90 - - [04/Apr/2019:15:52:57 -0300] "GET /cormun/servlet/permisogoce?INS,0,,, HTTP/1.1" 200 7049
190.171.141.90 - - [04/Apr/2019:15:52:57 -0300] "GET /cormun/servlet/permisogoce?INS,0,,, HTTP/1.1" 200 7055
190.171.141.90 - - [04/Apr/2019:15:53:03 -0300] "GET /cormun/servlet/prfichaempleado?,MD,,gxPopupLevel%3D0%3B HTTP/1.1" 200 9290
190.171.141.90 - - [04/Apr/2019:15:53:25 -0300] "POST /cormun/servlet/prfichaempleado?9ed705ce1c75ef671843ef615b81f02b,,MD,,gxPopupLevel%3D0%3B,gx-no-cache=1554403781756 HTTP/1.1" 200 3413
190.171.141.90 - - [04/Apr/2019:15:53:32 -0300] "GET /cormun/servlet/permisogoce?d93cc973cc27fa6af3d089643994dc9997899e10fb6b65f7ce1cceeaa26919609d98a79b2d69e345f5919536e33c162b9573cc582c53bf39558d483aade8ec7f,gx-no-cache=1554403788324 HTTP/1.1" 200 81
190.171.141.90 - - [04/Apr/2019:15:53:33 -0300] "GET /cormun/static/menuarrow.gif HTTP/1.1" 404 1015
190.171.141.90 - - [04/Apr/2019:15:53:36 -0300] "GET /cormun/servlet/permisogoce?d93cc973cc27fa6af3d089643994dc9992022fafae304bcd94a72d6bcc0b5f87a1583350936e4b12b919884dc5ad709dd59ef19d25bb1d206cc21550d859ccf3,gx-no-cache=1554403793853 HTTP/1.1" 200 46
190.171.141.90 - - [04/Apr/2019:15:53:40 -0300] "POST /cormun/servlet/permisogoce?9ed705ce1c75ef671843ef615b81f02b,INS,0,,,,gx-no-cache=1554403795840 HTTP/1.1" 200 93
190.171.141.90 - - [04/Apr/2019:15:53:40 -0300] "GET /cormun/servlet/hpexe_return? HTTP/1.1" 200 1011
190.171.141.90 - - [04/Apr/2019:15:53:41 -0300] "GET /cormun/servlet/trpermisosgoce HTTP/1.1" 200 8436
190.171.141.90 - - [04/Apr/2019:15:53:41 -0300] "GET /cormun/servlet/trpermisosgoce HTTP/1.1" 200 8433
190.171.141.90 - - [04/Apr/2019:15:54:16 -0300] "GET /cormun/servlet/trpermisosadjuntos?17471409,20190404174617,P, HTTP/1.1" 200 6520
190.171.141.90 - - [04/Apr/2019:15:54:17 -0300] "GET /cormun/servlet/trpermisosadjuntos?17471409,20190404174617,P, HTTP/1.1" 200 6521
190.171.141.90 - - [04/Apr/2019:15:54:19 -0300] "GET /cormun/servlet/permisosadjuntos?INS,17471409,P,20190404174617,, HTTP/1.1" 200 5853
190.171.141.90 - - [04/Apr/2019:15:54:20 -0300] "GET /cormun/static/about:blank HTTP/1.1" 404 1011
190.171.141.90 - - [04/Apr/2019:15:54:20 -0300] "GET /cormun/servlet/permisosadjuntos?INS,17471409,P,20190404174617,, HTTP/1.1" 200 5840
190.171.141.90 - - [04/Apr/2019:15:54:26 -0300] "POST /cormun/servlet/permisosadjuntos?9ed705ce1c75ef671843ef615b81f02b,INS,17471409,P,20190404174617,, HTTP/1.1" 200 116
190.171.141.90 - - [04/Apr/2019:15:54:26 -0300] "GET /cormun/servlet/hpexe_return? HTTP/1.1" 200 1038
190.171.141.90 - - [04/Apr/2019:15:54:26 -0300] "GET /cormun/servlet/trpermisosadjuntos?17471409,20190404174617,P, HTTP/1.1" 200 7016
190.171.141.90 - - [04/Apr/2019:15:54:27 -0300] "GET /cormun/servlet/trpermisosadjuntos?17471409,20190404174617,P, HTTP/1.1" 200 7013
190.171.141.90 - - [04/Apr/2019:15:54:35 -0300] "POST /cormun/servlet/trpermisosadjuntos?9ed705ce1c75ef671843ef615b81f02b,17471409,20190404174617,P,,gx-no-cache=1554403852363 HTTP/1.1" 200 90
190.171.141.90 - - [04/Apr/2019:15:54:35 -0300] "GET /cormun/servlet/hpexe_link HTTP/1.1" 200 983
190.171.141.90 - - [04/Apr/2019:15:54:35 -0300] "GET /cormun/servlet/trpermisosgoce HTTP/1.1" 200 8434
190.171.141.90 - - [04/Apr/2019:15:54:36 -0300] "GET /cormun/servlet/trpermisosgoce HTTP/1.1" 200 8433
190.171.141.90 - - [04/Apr/2019:15:54:42 -0300] "POST /cormun/servlet/trpermisosgoce?9ed705ce1c75ef671843ef615b81f02b,gx-no-cache=1554403858286 HTTP/1.1" 200 5594
190.171.141.90 - - [04/Apr/2019:15:54:42 -0300] "GET /cormun/static/Shared/jqueryui/images/ui-bg_highlight-soft_100_c6c2c8_1x100.png HTTP/1.1" 404 1117
190.171.141.90 - - [04/Apr/2019:15:54:42 -0300] "GET /cormun/static/Shared/jqueryui/images/ui-icons_82798d_256x240.png HTTP/1.1" 404 1089
190.171.141.90 - - [04/Apr/2019:15:54:42 -0300] "GET /cormun/static/Shared/jqueryui/images/ui-bg_flat_55_fafafa_40x100.png HTTP/1.1" 404 1097
190.171.141.90 - - [04/Apr/2019:15:54:42 -0300] "GET /cormun/static/Shared/jqueryui/images/ui-icons_8d78a5_256x240.png HTTP/1.1" 404 1089
190.171.141.90 - - [04/Apr/2019:15:54:52 -0300] "POST /cormun/servlet/trpermisosgoce?9ed705ce1c75ef671843ef615b81f02b,gx-no-cache=1554403869236 HTTP/1.1" 200 5594
190.171.141.90 - - [04/Apr/2019:15:56:22 -0300] "GET /cormun/servlet/permisogoce?INS,0,,, HTTP/1.1" 200 7049
190.171.141.90 - - [04/Apr/2019:15:56:23 -0300] "GET /cormun/servlet/permisogoce?INS,0,,, HTTP/1.1" 200 7055
190.171.141.90 - - [04/Apr/2019:15:56:45 -0300] "GET /cormun/servlet/prfichaempleado?,MD,,gxPopupLevel%3D0%3B HTTP/1.1" 200 9290
190.171.141.90 - - [04/Apr/2019:15:56:55 -0300] "POST /cormun/servlet/prfichaempleado?9ed705ce1c75ef671843ef615b81f02b,,MD,,gxPopupLevel%3D0%3B,gx-no-cache=1554403991820 HTTP/1.1" 200 3417
190.171.141.90 - - [04/Apr/2019:15:56:59 -0300] "GET /cormun/servlet/permisogoce?d93cc973cc27fa6af3d089643994dc995df1c32de7b68b456870383c721337f6444efa3258e77c99cb8b30ade0c9c38c,gx-no-cache=1554403995678 HTTP/1.1" 200 82
190.171.141.90 - - [04/Apr/2019:15:56:59 -0300] "GET /cormun/static/menuarrow.gif HTTP/1.1" 404 1015
190.171.141.90 - - [04/Apr/2019:15:57:04 -0300] "GET /cormun/servlet/permisogoce?d93cc973cc27fa6af3d089643994dc993737bd5ac8c258e7dc01a5106817007abe14ae6b00ac11c836ce9badf976a392773ceada445ada97fe16b27ff0501c68,gx-no-cache=1554404001661 HTTP/1.1" 200 46
190.171.141.90 - - [04/Apr/2019:15:57:08 -0300] "POST /cormun/servlet/permisogoce?9ed705ce1c75ef671843ef615b81f02b,INS,0,,,,gx-no-cache=1554404002845 HTTP/1.1" 200 93
190.171.141.90 - - [04/Apr/2019:15:57:08 -0300] "GET /cormun/servlet/hpexe_return? HTTP/1.1" 200 1033
190.171.141.90 - - [04/Apr/2019:15:57:09 -0300] "GET /cormun/servlet/trpermisosgoce?gx-no-cache=1554403869236 HTTP/1.1" 200 8674
190.171.141.90 - - [04/Apr/2019:15:57:10 -0300] "GET /cormun/servlet/trpermisosgoce?gx-no-cache=1554403869236 HTTP/1.1" 200 8693
186.103.159.186 - - [04/Apr/2019:15:57:39 -0300] "GET /cormun/servlet/hlogin HTTP/1.1" 200 1719
186.103.159.186 - - [04/Apr/2019:15:57:41 -0300] "GET /cormun/servlet/hlogin HTTP/1.1" 200 1729
190.171.141.90 - - [04/Apr/2019:15:57:45 -0300] "GET /cormun/servlet/trpermisosadjuntos?8933803,20190404174942,P, HTTP/1.1" 200 6547
190.171.141.90 - - [04/Apr/2019:15:57:46 -0300] "GET /cormun/servlet/trpermisosadjuntos?8933803,20190404174942,P, HTTP/1.1" 200 6526
190.171.141.90 - - [04/Apr/2019:15:57:47 -0300] "GET /cormun/servlet/permisosadjuntos?INS,8933803,P,20190404174942,, HTTP/1.1" 200 5857
190.171.141.90 - - [04/Apr/2019:15:57:47 -0300] "GET /cormun/static/about:blank HTTP/1.1" 404 1011
190.171.141.90 - - [04/Apr/2019:15:57:48 -0300] "GET /cormun/servlet/permisosadjuntos?INS,8933803,P,20190404174942,, HTTP/1.1" 200 5847
186.103.159.186 - - [04/Apr/2019:15:57:52 -0300] "POST /cormun/servlet/hlogin?cf66cda5dcfcedf7d9b5beae57190b3e,gx-no-cache=1554404049070 HTTP/1.1" 200 90
186.103.159.186 - - [04/Apr/2019:15:57:53 -0300] "GET /cormun/servlet/hpexe_link HTTP/1.1" 200 950
190.171.141.90 - - [04/Apr/2019:15:57:55 -0300] "POST /cormun/servlet/permisosadjuntos?9ed705ce1c75ef671843ef615b81f02b,INS,8933803,P,20190404174942,, HTTP/1.1" 200 116
186.103.159.186 - - [04/Apr/2019:15:57:55 -0300] "GET /cormun/servlet/hhome HTTP/1.1" 200 4027
190.171.141.90 - - [04/Apr/2019:15:57:55 -0300] "GET /cormun/servlet/hpexe_return? HTTP/1.1" 200 1037
190.171.141.90 - - [04/Apr/2019:15:57:56 -0300] "GET /cormun/servlet/trpermisosadjuntos?8933803,20190404174942,P, HTTP/1.1" 200 7023
190.171.141.90 - - [04/Apr/2019:15:57:56 -0300] "GET /cormun/servlet/trpermisosadjuntos?8933803,20190404174942,P, HTTP/1.1" 200 7019
186.103.159.186 - - [04/Apr/2019:15:57:57 -0300] "GET /cormun/servlet/hhome HTTP/1.1" 200 4024
186.103.159.186 - - [04/Apr/2019:15:58:00 -0300] "GET /cormun/servlet/trlicencias? HTTP/1.1" 200 10249
190.171.141.90 - - [04/Apr/2019:15:58:03 -0300] "POST /cormun/servlet/trpermisosadjuntos?9ed705ce1c75ef671843ef615b81f02b,8933803,20190404174942,P,,gx-no-cache=1554404059637 HTTP/1.1" 200 90
190.171.141.90 - - [04/Apr/2019:15:58:03 -0300] "GET /cormun/servlet/hpexe_link HTTP/1.1" 200 1003
186.103.159.186 - - [04/Apr/2019:15:58:03 -0300] "GET /cormun/servlet/trlicencias? HTTP/1.1" 200 10248
190.171.141.90 - - [04/Apr/2019:15:58:03 -0300] "GET /cormun/servlet/trpermisosgoce?gx-no-cache=1554403869236 HTTP/1.1" 200 8672
190.171.141.90 - - [04/Apr/2019:15:58:04 -0300] "GET /cormun/servlet/trpermisosgoce?gx-no-cache=1554403869236 HTTP/1.1" 200 8693
190.171.141.90 - - [04/Apr/2019:15:58:07 -0300] "POST /cormun/servlet/trpermisosgoce?9ed705ce1c75ef671843ef615b81f02b,gx-no-cache=1554403869236,gx-no-cache=1554404063282 HTTP/1.1" 200 5819
190.171.141.90 - - [04/Apr/2019:15:58:07 -0300] "GET /cormun/static/Shared/jqueryui/images/ui-bg_highlight-soft_100_c6c2c8_1x100.png HTTP/1.1" 404 1117
190.171.141.90 - - [04/Apr/2019:15:58:07 -0300] "GET /cormun/static/Shared/jqueryui/images/ui-bg_flat_55_fafafa_40x100.png HTTP/1.1" 404 1097
190.171.141.90 - - [04/Apr/2019:15:58:07 -0300] "GET /cormun/static/Shared/jqueryui/images/ui-icons_82798d_256x240.png HTTP/1.1" 404 1089
190.171.141.90 - - [04/Apr/2019:15:58:07 -0300] "GET /cormun/static/Shared/jqueryui/images/ui-icons_8d78a5_256x240.png HTTP/1.1" 404 1089
190.171.141.90 - - [04/Apr/2019:15:58:10 -0300] "GET /cormun/servlet/permisogoce?INS,0,,, HTTP/1.1" 200 7077
190.171.141.90 - - [04/Apr/2019:15:58:11 -0300] "GET /cormun/servlet/permisogoce?INS,0,,, HTTP/1.1" 200 7055
190.171.141.90 - - [04/Apr/2019:15:58:14 -0300] "GET /cormun/servlet/prfichaempleado?,MD,,gxPopupLevel%3D0%3B HTTP/1.1" 200 9290
190.171.141.90 - - [04/Apr/2019:15:59:05 -0300] "POST /cormun/servlet/prfichaempleado?9ed705ce1c75ef671843ef615b81f02b,,MD,,gxPopupLevel%3D0%3B,gx-no-cache=1554404121305 HTTP/1.1" 200 3481
186.103.159.46 - - [04/Apr/2019:15:59:19 -0300] "GET /cormun/servlet/solicitudot?cc354a83ee18077ac7ec967a91ba0066e7e5975a06a511875ff266e002f34c3284e1decb899873f55259b3b7f5f9c62eae484cb21e7a6ed78466edfb457365b4,gx-no-cache=1554404137413 HTTP/1.1" 200 30
186.103.159.46 - - [04/Apr/2019:15:59:20 -0300] "GET /cormun/static/Resources/resize.gif HTTP/1.1" 200 77
186.103.159.46 - - [04/Apr/2019:15:59:23 -0300] "GET /cormun/servlet/prbanco?,MD,,gxPopupLevel%3D0%3B HTTP/1.1" 200 6635
186.103.159.46 - - [04/Apr/2019:15:59:23 -0300] "GET /cormun/static/Resources/PXToolsMenuSearch.png HTTP/1.1" 200 2914
186.103.159.46 - - [04/Apr/2019:15:59:23 -0300] "GET /cormun/static/Resources/PXToolsMenuSearchCancel.png HTTP/1.1" 200 2972
186.103.159.46 - - [04/Apr/2019:15:59:23 -0300] "GET /cormun/static/gxcfg.js?20181161016094 HTTP/1.1" 200 953
186.103.159.46 - - [04/Apr/2019:15:59:24 -0300] "GET /cormun/static/prbanco.js?2018116101633 HTTP/1.1" 200 10693
186.103.159.46 - - [04/Apr/2019:15:59:25 -0300] "GET /cormun/static/menusearch.js?201610171694467 HTTP/1.1" 200 1424
186.103.159.46 - - [04/Apr/2019:15:59:25 -0300] "GET /cormun/static/hmpwkw011.js?20177612121862 HTTP/1.1" 200 1968
190.171.141.90 - - [04/Apr/2019:15:59:33 -0300] "GET /cormun/servlet/permisogoce?d93cc973cc27fa6af3d089643994dc990f87f2ba9e76a68d2f21efc3cba000699d98a79b2d69e345f5919536e33c162b9573cc582c53bf39558d483aade8ec7f,gx-no-cache=1554404149737 HTTP/1.1" 200 87
190.171.141.90 - - [04/Apr/2019:15:59:34 -0300] "GET /cormun/static/menuarrow.gif HTTP/1.1" 404 1015
186.103.159.46 - - [04/Apr/2019:15:59:35 -0300] "GET /cormun/servlet/solicitudot?cc354a83ee18077ac7ec967a91ba00668a8b09edd3925391341b345b4498bc2a,gx-no-cache=1554404153922 HTTP/1.1" 200 53
190.171.141.90 - - [04/Apr/2019:15:59:41 -0300] "GET /cormun/servlet/permisogoce?d93cc973cc27fa6af3d089643994dc9935c0acf61fb299578b1e81dace2994691ffadd15208a082395212ba17e514b55d59ef19d25bb1d206cc21550d859ccf3,gx-no-cache=1554404157854 HTTP/1.1" 200 48
190.171.141.90 - - [04/Apr/2019:15:59:47 -0300] "POST /cormun/servlet/permisogoce?9ed705ce1c75ef671843ef615b81f02b,INS,0,,,,gx-no-cache=1554404162195 HTTP/1.1" 200 93
190.171.141.90 - - [04/Apr/2019:15:59:47 -0300] "GET /cormun/servlet/hpexe_return? HTTP/1.1" 200 1033
190.171.141.90 - - [04/Apr/2019:15:59:49 -0300] "GET /cormun/servlet/trpermisosgoce?gx-no-cache=1554403869236 HTTP/1.1" 200 8849
190.171.141.90 - - [04/Apr/2019:15:59:49 -0300] "GET /cormun/servlet/trpermisosgoce?gx-no-cache=1554403869236 HTTP/1.1" 200 8869
186.103.159.46 - - [04/Apr/2019:16:00:06 -0300] "POST /cormun/servlet/solicitudot?gx-no-cache=1554404185509 HTTP/1.1" 200 297
190.171.141.90 - - [04/Apr/2019:16:00:27 -0300] "GET /cormun/servlet/trpermisosadjuntos?17526119,20190404175130,P, HTTP/1.1" 200 6545
190.171.141.90 - - [04/Apr/2019:16:00:28 -0300] "GET /cormun/servlet/trpermisosadjuntos?17526119,20190404175130,P, HTTP/1.1" 200 6523
190.171.141.90 - - [04/Apr/2019:16:00:30 -0300] "GET /cormun/servlet/permisosadjuntos?INS,17526119,P,20190404175130,, HTTP/1.1" 200 5856
190.171.141.90 - - [04/Apr/2019:16:00:30 -0300] "GET /cormun/static/about:blank HTTP/1.1" 404 1011
190.171.141.90 - - [04/Apr/2019:16:00:30 -0300] "GET /cormun/servlet/permisosadjuntos?INS,17526119,P,20190404175130,, HTTP/1.1" 200 5845
186.103.159.46 - - [04/Apr/2019:16:00:36 -0300] "GET /cormun/servlet/solicitudot?cc354a83ee18077ac7ec967a91ba0066366ee5c3d1f9637b057d4a150d39bc68c79cc594aab5d56ce357fdf753864f30d58ed025fade71a3aaf35f40b44a76715a76312a6273be4b444410776e7e94c44caad7ec6fb467541495e432ba7bb57946cd343faeca7c1601f7857e82fcc2e6a9794fcad3479261607f6554a5f62e66d3a4281f412d1e99a66b5cb2a183e4d177882e8ef5b3c8c39b7f5c7b325ab8f1f82082026178b0c23c76dd6e37887ac20b4319af85dc48b6f1b3413dc048da94551795e4e2cf74feed17249e743995ca25ae477ffa69367f622167758cd77690dda8a0b391f997ea3f2f874a82443dbd87fa288ae5b619ee281ab8d5733ac435102654f7393ac69669362aecf948a91e5d5e34d5160fb76f9d16e8b66dd2b9f5a77dc266d376403a19547470f8765a092596b37cd0cc2fd61a44c165a02246baada19368607b2a781bc1b2268b682bdcf08677c60d1c7e44a7b3ce6359589dca75e8793a4509fa8f9a06fb0968de2d180922cbbdbdc55acc20748f29193af10a4f6d03dc22f98d2f731eae69d36cd217,gx-no-cache=1554404214782 HTTP/1.1" 200 30
190.171.141.90 - - [04/Apr/2019:16:00:39 -0300] "POST /cormun/servlet/permisosadjuntos?9ed705ce1c75ef671843ef615b81f02b,INS,17526119,P,20190404175130,, HTTP/1.1" 200 116
190.171.141.90 - - [04/Apr/2019:16:00:39 -0300] "GET /cormun/servlet/hpexe_return? HTTP/1.1" 200 1038
190.171.141.90 - - [04/Apr/2019:16:00:40 -0300] "GET /cormun/servlet/trpermisosadjuntos?17526119,20190404175130,P, HTTP/1.1" 200 7020
190.171.141.90 - - [04/Apr/2019:16:00:40 -0300] "GET /cormun/servlet/trpermisosadjuntos?17526119,20190404175130,P, HTTP/1.1" 200 7018
186.103.159.46 - - [04/Apr/2019:16:00:42 -0300] "POST /cormun/servlet/solicitudot?gx-no-cache=1554404221909 HTTP/1.1" 200 30
190.171.141.90 - - [04/Apr/2019:16:00:43 -0300] "POST /cormun/servlet/trpermisosadjuntos?9ed705ce1c75ef671843ef615b81f02b,17526119,20190404175130,P,,gx-no-cache=1554404220041 HTTP/1.1" 200 90
190.171.141.90 - - [04/Apr/2019:16:00:43 -0300] "GET /cormun/servlet/hpexe_link HTTP/1.1" 200 1004
190.171.141.90 - - [04/Apr/2019:16:00:44 -0300] "GET /cormun/servlet/trpermisosgoce?gx-no-cache=1554403869236 HTTP/1.1" 200 8846
186.103.159.46 - - [04/Apr/2019:16:00:47 -0300] "POST /cormun/servlet/solicitudot?gx-no-cache=1554404224375 HTTP/1.1" 200 1331
190.171.141.90 - - [04/Apr/2019:16:00:47 -0300] "GET /cormun/servlet/trpermisosgoce?gx-no-cache=1554403869236 HTTP/1.1" 200 8869
186.103.159.46 - - [04/Apr/2019:16:00:47 -0300] "POST /cormun/servlet/solicitudot?gx-no-cache=1554404226721 HTTP/1.1" 200 38
190.171.141.90 - - [04/Apr/2019:16:00:51 -0300] "POST /cormun/servlet/trpermisosgoce?9ed705ce1c75ef671843ef615b81f02b,gx-no-cache=1554403869236,gx-no-cache=1554404227473 HTTP/1.1" 200 5992
190.171.141.90 - - [04/Apr/2019:16:00:52 -0300] "GET /cormun/static/Shared/jqueryui/images/ui-bg_flat_55_fafafa_40x100.png HTTP/1.1" 404 1097
190.171.141.90 - - [04/Apr/2019:16:00:52 -0300] "GET /cormun/static/Shared/jqueryui/images/ui-bg_highlight-soft_100_c6c2c8_1x100.png HTTP/1.1" 404 1117
190.171.141.90 - - [04/Apr/2019:16:00:52 -0300] "GET /cormun/static/Shared/jqueryui/images/ui-icons_82798d_256x240.png HTTP/1.1" 404 1089
190.171.141.90 - - [04/Apr/2019:16:00:52 -0300] "GET /cormun/static/Shared/jqueryui/images/ui-icons_8d78a5_256x240.png HTTP/1.1" 404 1089
190.171.141.90 - - [04/Apr/2019:16:01:09 -0300] "GET /cormun/servlet/permisogoce?INS,0,,, HTTP/1.1" 200 7077
190.171.141.90 - - [04/Apr/2019:16:01:09 -0300] "GET /cormun/servlet/permisogoce?INS,0,,, HTTP/1.1" 200 7055
190.171.141.90 - - [04/Apr/2019:16:01:12 -0300] "GET /cormun/servlet/prfichaempleado?,MD,,gxPopupLevel%3D0%3B HTTP/1.1" 200 9290
190.171.141.90 - - [04/Apr/2019:16:01:23 -0300] "POST /cormun/servlet/prfichaempleado?9ed705ce1c75ef671843ef615b81f02b,,MD,,gxPopupLevel%3D0%3B,gx-no-cache=1554404259623 HTTP/1.1" 200 6082
190.171.141.90 - - [04/Apr/2019:16:01:42 -0300] "GET /cormun/servlet/permisogoce?d93cc973cc27fa6af3d089643994dc99bd13c259c1783bca7b5c9745ad002a919d98a79b2d69e345f5919536e33c162b9573cc582c53bf39558d483aade8ec7f,gx-no-cache=1554404279512 HTTP/1.1" 200 74
190.171.141.90 - - [04/Apr/2019:16:01:42 -0300] "GET /cormun/static/menuarrow.gif HTTP/1.1" 404 1015
190.171.141.90 - - [04/Apr/2019:16:01:51 -0300] "GET /cormun/servlet/permisogoce?d93cc973cc27fa6af3d089643994dc99bfbed4cdaff9b8865a4237db0ca443b5794d5e6a0f0d6f10eebae8996eab56aa2510471e3a4375719e575d7a84d43840,gx-no-cache=1554404288119 HTTP/1.1" 200 47
190.171.141.90 - - [04/Apr/2019:16:01:52 -0300] "POST /cormun/servlet/permisogoce?9ed705ce1c75ef671843ef615b81f02b,INS,0,,,,gx-no-cache=1554404288273 HTTP/1.1" 200 93
190.171.141.90 - - [04/Apr/2019:16:01:52 -0300] "GET /cormun/servlet/hpexe_return? HTTP/1.1" 200 1033
190.171.141.90 - - [04/Apr/2019:16:01:53 -0300] "GET /cormun/servlet/trpermisosgoce?gx-no-cache=1554403869236 HTTP/1.1" 200 9080
190.171.141.90 - - [04/Apr/2019:16:01:54 -0300] "GET /cormun/servlet/trpermisosgoce?gx-no-cache=1554403869236 HTTP/1.1" 200 9079
186.103.159.46 - - [04/Apr/2019:16:02:40 -0300] "GET /cormun/servlet/solicitudot?cc354a83ee18077ac7ec967a91ba0066f65771379a5fbfef88cae4d43aae2992fc35a598119795a3dc19e045e664435d170bb8e7c1adff0801faea45cfb1ebdad59a16ca7f95017a65fca6e9c0634bb85f0574e42c2c8ea102c866cf6365c3ac9db92382a142a86faa5eb5d2de02e2a3,gx-no-cache=1554404339874 HTTP/1.1" 200 110
190.171.143.106 - - [04/Apr/2019:16:03:14 -0300] "GET /cormun/servlet/trsolicitudot? HTTP/1.1" 200 8688
190.171.143.106 - - [04/Apr/2019:16:03:15 -0300] "GET /cormun/servlet/trsolicitudot? HTTP/1.1" 200 8688
186.103.159.46 - - [04/Apr/2019:16:03:20 -0300] "POST /cormun/servlet/solicitudot?gx-no-cache=1554404378958 HTTP/1.1" 200 69
186.103.159.46 - - [04/Apr/2019:16:03:32 -0300] "GET /cormun/servlet/solicitudot?cc354a83ee18077ac7ec967a91ba0066e23c4ee2cb2a068bba1ace6f9a95629792b2f6e18d6271d792c3b7a86c98e2fbfbf07e86bafde46b47419b449a29e733a8025f7cf8ab4d826d29795d3472ee2a103a3dff3e0225204281ab722ebd3bf42562c27a5014eb2aa809060a7ff7f703,gx-no-cache=1554404392200 HTTP/1.1" 200 29
186.103.159.46 - - [04/Apr/2019:16:03:33 -0300] "GET /cormun/static/menuarrow.gif HTTP/1.1" 404 1015
186.103.159.46 - - [04/Apr/2019:16:03:35 -0300] "GET /cormun/servlet/solicitudot?cc354a83ee18077ac7ec967a91ba0066ed562d620ffa75e83314113b480759ec1e7f87793fbff55aad148b610a0eb9d5,gx-no-cache=1554404395092 HTTP/1.1" 200 30
186.103.159.46 - - [04/Apr/2019:16:03:44 -0300] "POST /cormun/servlet/solicitudot?gx-no-cache=1554404403652 HTTP/1.1" 200 30
190.171.143.106 - - [04/Apr/2019:16:03:52 -0300] "GET /cormun/servlet/trsolicitudot? HTTP/1.1" 200 8688
190.171.143.106 - - [04/Apr/2019:16:03:53 -0300] "GET /cormun/servlet/trsolicitudot? HTTP/1.1" 200 8688
190.171.143.106 - - [04/Apr/2019:16:04:02 -0300] "POST /cormun/servlet/trsolicitudot?a2515d551d3314921ff4dbb44e25e7b5,,gx-no-cache=1554404417708 HTTP/1.1" 200 11006
186.103.159.46 - - [04/Apr/2019:16:04:07 -0300] "GET /cormun/servlet/solicitudot?cc354a83ee18077ac7ec967a91ba0066366ee5c3d1f9637b057d4a150d39bc68c79cc594aab5d56ce357fdf753864f30d58ed025fade71a3aaf35f40b44a76715a76312a6273be4b444410776e7e94c44caad7ec6fb467541495e432ba7bb57946cd343faeca7c1601f7857e82fcc2e6a9794fcad3479261607f6554a5f62e66d3a4281f412d1e99a66b5cb2a183e4d177882e8ef5b3c8c39b7f5c7b325ab8f1f82082026178b0c23c76dd6e37887ac20b4319af85dc48b6f1b3413dc048da94551795e4e2cf74feed17249e743995ca25ae477ffa69367f622167758cd77690dda8a0b391f997ea3f2f874a82443dbd87fa288ae5b619ee281ab8d5733ac435102654f7393ac69669362aecf948a91e5d5e34d5160fb76f9d16e8b66dd2b9f5a77dc266d376403a19547470f8765a092596b37cd0cc2fd61a44c165a02246baada19368607b2a781bc1b2268b682bdcf08677c60d1c7e44a7b3ce6359589dca75e8793a4509fa8f9a06fb0968de2d18b9000366d8b9e9cfba5323eca44981e64f6d03dc22f98d2f731eae69d36cd217,gx-no-cache=1554404426871 HTTP/1.1" 200 30
186.103.159.46 - - [04/Apr/2019:16:04:08 -0300] "POST /cormun/servlet/solicitudot?gx-no-cache=1554404427407 HTTP/1.1" 200 30
