190.171.141.106 - - [03/Apr/2019:08:45:22 -0300] "GET /cormun/servlet/hhome HTTP/1.1" 200 4005
190.171.141.106 - - [03/Apr/2019:08:45:24 -0300] "GET /cormun/servlet/hhome HTTP/1.1" 200 4001
190.171.141.106 - - [03/Apr/2019:08:45:28 -0300] "GET /cormun/servlet/trsolicitudot? HTTP/1.1" 200 10589
190.171.141.106 - - [03/Apr/2019:08:45:30 -0300] "GET /cormun/servlet/trsolicitudot? HTTP/1.1" 200 10587
190.171.142.42 - - [03/Apr/2019:08:45:56 -0300] "POST /cormun/servlet/prfichaempleado?804ba6330d51a97fd6daf447c4824fd6,,MD,,gxPopupLevel%3D0%3B,gx-no-cache=1554291738397 HTTP/1.1" 200 3418
200.54.246.54 - - [03/Apr/2019:08:45:58 -0300] "GET /cormun/servlet/hlogin HTTP/1.1" 200 1740
190.171.142.42 - - [03/Apr/2019:08:46:01 -0300] "POST /cormun/servlet/solicitudot?gx-no-cache=1554291743593 HTTP/1.1" 200 3587
190.171.142.42 - - [03/Apr/2019:08:46:01 -0300] "POST /cormun/servlet/solicitudot?804ba6330d51a97fd6daf447c4824fd6,INS,0,0,,gx-no-cache=1554291743777 HTTP/1.1" 200 12038
190.171.142.42 - - [03/Apr/2019:08:46:06 -0300] "GET /cormun/servlet/solicitudot?e7d687f340c85887f26d2bd8f044b0877d4eb8448d5364a84052139847aa2f9a894f63ae4cec71c2fdba50ee32f127b6,gx-no-cache=1554291749136 HTTP/1.1" 200 30
190.171.142.42 - - [03/Apr/2019:08:46:06 -0300] "GET /cormun/servlet/solicitudot?e7d687f340c85887f26d2bd8f044b08763f9493896b3d843dd66285d7fe0ec815db6309ce2433945441d182d81dc3ad5dcda4511aaa673ce6803c54ab4b0b2cc,gx-no-cache=1554291749217 HTTP/1.1" 200 30
190.171.142.42 - - [03/Apr/2019:08:46:06 -0300] "GET /cormun/servlet/solicitudot?e7d687f340c85887f26d2bd8f044b087481a566a9235a7b9bf55cca5e053fd37,gx-no-cache=1554291749283 HTTP/1.1" 200 53
190.171.142.42 - - [03/Apr/2019:08:46:06 -0300] "POST /cormun/servlet/solicitudot?gx-no-cache=1554291749358 HTTP/1.1" 200 255
190.171.142.42 - - [03/Apr/2019:08:46:06 -0300] "GET /cormun/servlet/solicitudot?e7d687f340c85887f26d2bd8f044b087687f9ca01a01ef8527ccca86aa7be430caf582f57180718090e260fe39e77744cf5fe5851c8f273c6227c9261edd7c7acf9ea85b32fd4662313f1d795f7303c2cea03f583799ec45edeaf2024d4133e01065b2e01aa0862063ea8412cfb52ae4cc4c751d1eb9f45bea910f396aa586e9d148067200cbb246935e63c81ec49766e0066a0162a12817021358b9665663579643940832a27bff9211222c0fb804afa4ac61d6464bd4ccb6f1684d729bc9ccdfc1494dbd1772a8d642639f5b136fa86799d037c13c030e2882befcea2206bb468a88bdcfe81e6e25c6e3057abcf060220e3fe0a52ea22436a7905d719f6c89e7a16459bd538846e6fa599b7b752034c2226cff550233020741f6a4fd3640838763193488fa9d4c1e678ed74d525b8b1c98708a7278ef6ecd46da99904734009d891ad977d3f3568f37b95d9c68aabeb7569b359873a06126215bf8c2f9d775907e1f89eddf87c1688ee71da3ce77a9d4f7f938783080e369044003acef33d4,gx-no-cache=1554291749450 HTTP/1.1" 200 30
190.171.142.42 - - [03/Apr/2019:08:46:06 -0300] "POST /cormun/servlet/solicitudot?gx-no-cache=1554291749517 HTTP/1.1" 200 30
190.171.142.42 - - [03/Apr/2019:08:46:07 -0300] "POST /cormun/servlet/solicitudot?gx-no-cache=1554291749598 HTTP/1.1" 200 1316
190.171.142.42 - - [03/Apr/2019:08:46:07 -0300] "POST /cormun/servlet/solicitudot?gx-no-cache=1554291749692 HTTP/1.1" 200 38
190.171.142.42 - - [03/Apr/2019:08:46:07 -0300] "GET /cormun/servlet/solicitudot?e7d687f340c85887f26d2bd8f044b0872618192bb4d17d7b43795c7561f1abb3449db4174606fcffdac6f1853e3149904d453b573f56e4c712c511176d92be9805dd07c043dd26faf6bb65f9342a37ed00ae29e842be04a0b35c6221dfcad0837cf15a2e9107985645ba167a466a5404,gx-no-cache=1554291749768 HTTP/1.1" 200 110
190.171.141.90 - - [03/Apr/2019:08:46:15 -0300] "GET /cormun/servlet/prbanco?,MD,,gxPopupLevel%3D0%3B HTTP/1.1" 200 6567
190.171.141.90 - - [03/Apr/2019:08:46:15 -0300] "GET /cormun/static/gxcfg.js?20181161016094 HTTP/1.1" 200 953
190.171.141.90 - - [03/Apr/2019:08:46:15 -0300] "GET /cormun/static/prbanco.js?2018116101633 HTTP/1.1" 200 10693
190.171.141.90 - - [03/Apr/2019:08:46:22 -0300] "GET /cormun/servlet/solicitudot?283bcfd053f8906684de4e60ec8abab73e9e2cf1e2b83546d39b01906adecff7a8e2ac12baa41dbfe34dde6a8721a1ce42266000b8d4e20adab69fba1f85fb5f,gx-no-cache=1554291759872 HTTP/1.1" 200 30
190.171.141.90 - - [03/Apr/2019:08:46:23 -0300] "GET /cormun/servlet/solicitudot?283bcfd053f8906684de4e60ec8abab7f85f3843ae6f159400ebf074adc32ae7,gx-no-cache=1554291761122 HTTP/1.1" 200 53
190.171.142.42 - - [03/Apr/2019:08:46:28 -0300] "POST /cormun/servlet/solicitudot?gx-no-cache=1554291770301 HTTP/1.1" 200 1316
190.171.142.42 - - [03/Apr/2019:08:46:28 -0300] "POST /cormun/servlet/solicitudot?gx-no-cache=1554291770661 HTTP/1.1" 200 38
190.171.142.42 - - [03/Apr/2019:08:46:28 -0300] "GET /cormun/servlet/solicitudot?e7d687f340c85887f26d2bd8f044b0872618192bb4d17d7b43795c7561f1abb3449db4174606fcffdac6f1853e3149904d453b573f56e4c712c511176d92be9805dd07c043dd26faf6bb65f9342a37ed00ae29e842be04a0b35c6221dfcad0837cf15a2e9107985645ba167a466a5404,gx-no-cache=1554291770832 HTTP/1.1" 200 110
190.171.142.42 - - [03/Apr/2019:08:46:28 -0300] "POST /cormun/servlet/solicitudot?gx-no-cache=1554291771009 HTTP/1.1" 200 110
190.171.141.90 - - [03/Apr/2019:08:46:37 -0300] "POST /cormun/servlet/solicitudot?gx-no-cache=1554291775170 HTTP/1.1" 200 255
190.171.142.42 - - [03/Apr/2019:08:46:38 -0300] "GET /cormun/servlet/solicitudot?e7d687f340c85887f26d2bd8f044b0872c320efd50015f8fce54fca311fb45ec3a687f143f2ae71ae3e03243284092226f9b202f0484f5c50f85bff138d610bf2ca689ae6180d3948fecd43b7bb6716aa5c4376fb008668795aee135397c2fe2b1ccbeb353ed68892b265d67fd0ce33c83cafa6464172128886aa120ea7205e7286d5bf4f681d28c917435804c0a09098a24003f40da8b7de2e09be4f7fabfef,gx-no-cache=1554291781227 HTTP/1.1" 200 29
190.171.141.90 - - [03/Apr/2019:08:46:39 -0300] "GET /cormun/servlet/solicitudot?283bcfd053f8906684de4e60ec8abab733edb345f3412e1298e96570b11b38de5119e388115947fa350277683ab02e0e1b77c5733381240ed06551d7488a45c8b0731814c545668ca82b8b735c8fde4bdc01b9f335f75b7487faaa837ee24e2e94e8990b9398ddd8917f826742db8eb91ae57d378b9e237fee188bc07ae389b598550dc5426139975e67e31cbc784c8b992b37a7cc6df0a7d6400219c13f5d1fd6458d0e281c31996753617a6a883a6a13f215441a7c6cd0baf7f487c9e283a247be6aa78ef31a92bd300ddf1aad7e8ae4a4c920fbe2977bd9c8e85baba6868d6b3dbbf56afd472ae23a7a3b02bc23cb9febb21b9fab9643a56374d634ed5f27249f62e071a9fa304f2d67e2844404fa8a1dcd6b74bc0a25c805463db0e9a04c8619c0a79e6ec8d0684d6e4de8ae5f75299d6557f101d8ed33fc7cdb7ba1afd2f8e9711afb04e75a55afe34c5d642f3502ed977422a7b7f62f2e24b7b7d293868bb51cf5fb96b186ff93d4a96ef05f3092be004a2d7f275eabec76f8453bc41c,gx-no-cache=1554291776843 HTTP/1.1" 200 30
190.171.142.42 - - [03/Apr/2019:08:46:39 -0300] "GET /cormun/static/menuarrow.gif HTTP/1.1" 404 1015
190.171.141.90 - - [03/Apr/2019:08:46:43 -0300] "POST /cormun/servlet/solicitudot?gx-no-cache=1554291781298 HTTP/1.1" 200 30
190.171.142.42 - - [03/Apr/2019:08:46:44 -0300] "GET /cormun/servlet/solicitudot?e7d687f340c85887f26d2bd8f044b087f580401221af7938e91b0d83815b3e6b667d9890634a277ce364a54990a41bb9,gx-no-cache=1554291787166 HTTP/1.1" 200 30
190.171.141.90 - - [03/Apr/2019:08:46:45 -0300] "POST /cormun/servlet/solicitudot?gx-no-cache=1554291783074 HTTP/1.1" 200 1317
190.171.141.90 - - [03/Apr/2019:08:46:45 -0300] "POST /cormun/servlet/solicitudot?gx-no-cache=1554291783166 HTTP/1.1" 200 38
190.171.141.90 - - [03/Apr/2019:08:47:03 -0300] "GET /cormun/servlet/solicitudot?283bcfd053f8906684de4e60ec8abab7c59ca148bc022c967a29240026193713e805fac0b9e333580e969b30b9e31c1fd744a3e955d95f5336f43bf8c92a06bf03401e08054b6782abee752a2b12b45930a0af22f9e3f21c9927126ad6d58b31e66f660a14d3054307f295bdc68f60e8,gx-no-cache=1554291800415 HTTP/1.1" 200 110
190.171.141.90 - - [03/Apr/2019:08:47:03 -0300] "POST /cormun/servlet/solicitudot?gx-no-cache=1554291800530 HTTP/1.1" 200 97
190.171.141.90 - - [03/Apr/2019:08:47:04 -0300] "GET /cormun/servlet/solicitudot?283bcfd053f8906684de4e60ec8abab7c59ca148bc022c967a29240026193713e805fac0b9e333580e969b30b9e31c1fd744a3e955d95f5336f43bf8c92a06bf03401e08054b6782abee752a2b12b45930a0af22f9e3f21c9927126ad6d58b31e66f660a14d3054307f295bdc68f60e8,gx-no-cache=1554291801846 HTTP/1.1" 200 110
190.171.141.90 - - [03/Apr/2019:08:47:05 -0300] "GET /cormun/servlet/solicitudot?283bcfd053f8906684de4e60ec8abab77b038af24e7767d6e921270c093fa4521b7daa5c7f0c7cff46edad2ad191958e,gx-no-cache=1554291803208 HTTP/1.1" 200 30
190.171.141.90 - - [03/Apr/2019:08:47:13 -0300] "POST /cormun/servlet/solicitudot?gx-no-cache=1554291810497 HTTP/1.1" 200 30
190.171.142.42 - - [03/Apr/2019:08:47:14 -0300] "POST /cormun/servlet/solicitudot?gx-no-cache=1554291816760 HTTP/1.1" 200 30
190.171.141.90 - - [03/Apr/2019:08:47:17 -0300] "POST /cormun/servlet/solicitudot?f40770fba99aeac185c7f3adddc4d24c,INS,0,0,,gx-no-cache=1554291814654 HTTP/1.1" 200 93
190.171.141.90 - - [03/Apr/2019:08:47:18 -0300] "GET /cormun/servlet/hpexe_return? HTTP/1.1" 200 1005
190.171.141.90 - - [03/Apr/2019:08:47:18 -0300] "GET /cormun/servlet/trsolicitudot HTTP/1.1" 200 8814
190.171.141.90 - - [03/Apr/2019:08:47:19 -0300] "GET /cormun/servlet/trsolicitudot HTTP/1.1" 200 8810
190.171.141.90 - - [03/Apr/2019:08:47:21 -0300] "POST /cormun/servlet/trsolicitudot?f40770fba99aeac185c7f3adddc4d24c,gx-no-cache=1554291818208 HTTP/1.1" 200 4765
190.171.141.90 - - [03/Apr/2019:08:47:21 -0300] "GET /cormun/static/Shared/jqueryui/images/ui-bg_highlight-soft_100_c6c2c8_1x100.png HTTP/1.1" 404 1117
190.171.141.90 - - [03/Apr/2019:08:47:21 -0300] "GET /cormun/static/Shared/jqueryui/images/ui-icons_8d78a5_256x240.png HTTP/1.1" 404 1089
190.171.141.90 - - [03/Apr/2019:08:47:21 -0300] "GET /cormun/static/Shared/jqueryui/images/ui-icons_82798d_256x240.png HTTP/1.1" 404 1089
190.171.141.90 - - [03/Apr/2019:08:47:21 -0300] "GET /cormun/static/Shared/jqueryui/images/ui-bg_flat_55_fafafa_40x100.png HTTP/1.1" 404 1097
190.171.141.90 - - [03/Apr/2019:08:47:21 -0300] "POST /cormun/servlet/trsolicitudot?f40770fba99aeac185c7f3adddc4d24c,gx-no-cache=1554291818795 HTTP/1.1" 200 4525
190.171.141.90 - - [03/Apr/2019:08:47:23 -0300] "GET /cormun/servlet/trautorizarsolicitud? HTTP/1.1" 200 8702
190.171.141.90 - - [03/Apr/2019:08:47:24 -0300] "GET /cormun/servlet/trautorizarsolicitud? HTTP/1.1" 200 8702
190.171.141.90 - - [03/Apr/2019:08:47:26 -0300] "POST /cormun/servlet/trautorizarsolicitud?f40770fba99aeac185c7f3adddc4d24c,,gx-no-cache=1554291823754 HTTP/1.1" 200 4694
190.171.141.90 - - [03/Apr/2019:08:47:26 -0300] "GET /cormun/static/Shared/jqueryui/images/ui-bg_highlight-soft_100_c6c2c8_1x100.png HTTP/1.1" 404 1117
190.171.141.90 - - [03/Apr/2019:08:47:26 -0300] "GET /cormun/static/Shared/jqueryui/images/ui-icons_82798d_256x240.png HTTP/1.1" 404 1089
190.171.141.90 - - [03/Apr/2019:08:47:26 -0300] "GET /cormun/static/Shared/jqueryui/images/ui-bg_flat_55_fafafa_40x100.png HTTP/1.1" 404 1097
190.171.141.90 - - [03/Apr/2019:08:47:26 -0300] "GET /cormun/static/Shared/jqueryui/images/ui-icons_8d78a5_256x240.png HTTP/1.1" 404 1089
190.171.141.90 - - [03/Apr/2019:08:47:27 -0300] "POST /cormun/servlet/trautorizarsolicitud?f40770fba99aeac185c7f3adddc4d24c,,gx-no-cache=1554291824273 HTTP/1.1" 200 4457
186.103.159.186 - - [03/Apr/2019:08:47:35 -0300] "GET /cormun/servlet/trlicencias? HTTP/1.1" 200 10535
190.171.142.42 - - [03/Apr/2019:08:47:37 -0300] "POST /cormun/servlet/solicitudot?gx-no-cache=1554291839597 HTTP/1.1" 200 30
186.103.159.186 - - [03/Apr/2019:08:47:38 -0300] "GET /cormun/servlet/trlicencias? HTTP/1.1" 200 10533
186.103.159.186 - - [03/Apr/2019:08:47:38 -0300] "GET /favicon.ico HTTP/1.1" 200 21630
190.171.142.42 - - [03/Apr/2019:08:47:44 -0300] "POST /cormun/servlet/solicitudot?gx-no-cache=1554291847018 HTTP/1.1" 200 1316
190.171.142.42 - - [03/Apr/2019:08:47:44 -0300] "POST /cormun/servlet/solicitudot?gx-no-cache=1554291847306 HTTP/1.1" 200 40
190.171.142.42 - - [03/Apr/2019:08:47:44 -0300] "GET /cormun/servlet/solicitudot?e7d687f340c85887f26d2bd8f044b0872618192bb4d17d7b43795c7561f1abb3449db4174606fcffdac6f1853e3149904d453b573f56e4c712c511176d92be9805dd07c043dd26faf6bb65f9342a37ed00ae29e842be04a0b35c6221dfcad0837cf15a2e9107985645ba167a466a5404,gx-no-cache=1554291847395 HTTP/1.1" 200 110
190.171.142.42 - - [03/Apr/2019:08:47:44 -0300] "POST /cormun/servlet/solicitudot?gx-no-cache=1554291847483 HTTP/1.1" 200 109
190.171.142.42 - - [03/Apr/2019:08:47:45 -0300] "GET /cormun/servlet/solicitudot?e7d687f340c85887f26d2bd8f044b087f580401221af7938e91b0d83815b3e6b667d9890634a277ce364a54990a41bb9,gx-no-cache=1554291847582 HTTP/1.1" 200 30
190.171.142.42 - - [03/Apr/2019:08:47:45 -0300] "POST /cormun/servlet/solicitudot?gx-no-cache=1554291847680 HTTP/1.1" 200 30
190.171.142.42 - - [03/Apr/2019:08:47:46 -0300] "POST /cormun/servlet/solicitudot?804ba6330d51a97fd6daf447c4824fd6,INS,0,0,,gx-no-cache=1554291847812 HTTP/1.1" 200 93
190.171.142.42 - - [03/Apr/2019:08:47:46 -0300] "GET /cormun/servlet/hpexe_return? HTTP/1.1" 200 1006
190.171.142.42 - - [03/Apr/2019:08:47:46 -0300] "GET /cormun/static/gxcfg.js?2016101716175148 HTTP/1.1" 200 953
190.171.142.42 - - [03/Apr/2019:08:47:46 -0300] "GET /cormun/static/hpexe_return.js?2016101716175153 HTTP/1.1" 200 1633
190.171.142.42 - - [03/Apr/2019:08:47:46 -0300] "GET /cormun/static/Resources/Spanish/PXTools.css?167811 HTTP/1.1" 200 89042
190.171.142.42 - - [03/Apr/2019:08:47:47 -0300] "GET /cormun/servlet/trsolicitudot HTTP/1.1" 200 8882
190.171.142.42 - - [03/Apr/2019:08:47:47 -0300] "GET /cormun//static/Resources/PXToolsActionView.png HTTP/1.1" 200 2995
190.171.142.42 - - [03/Apr/2019:08:47:48 -0300] "GET /cormun//static/Resources/PXTools/ActionInsert.png HTTP/1.1" 200 1482
190.171.142.42 - - [03/Apr/2019:08:47:48 -0300] "GET /cormun//static/Resources/PXToolsGridDelete.png HTTP/1.1" 200 357
190.171.142.42 - - [03/Apr/2019:08:47:48 -0300] "GET /cormun//static/Resources/PXToolsRemoveAllAction.png HTTP/1.1" 200 3558
190.171.142.42 - - [03/Apr/2019:08:47:48 -0300] "GET /cormun/servlet/trsolicitudot HTTP/1.1" 200 8878
190.171.142.42 - - [03/Apr/2019:08:47:48 -0300] "GET /cormun//static/Resources/PXToolsGridUpdate.png HTTP/1.1" 200 2984
190.171.141.82 - - [03/Apr/2019:08:47:55 -0300] "GET /cormun/servlet/solicitudot?b5ba30f3ef7a2f3a6f32124508b7c39efd5ac478f4a0d3a2889142921d1246301bc41e34f3e782f41635e6d40e3f2b9d2687aea48da605628113a77b32efb365a0656396f36836ca833d24632ef0c7661be7c69a4899f3d6e31cddc9471ea78e5ca0e3ef33bdedf618b2b1c21bc1b8d7,gx-no-cache=1554291851921 HTTP/1.1" 200 110
190.171.142.42 - - [03/Apr/2019:08:47:55 -0300] "POST /cormun/servlet/trsolicitudot?804ba6330d51a97fd6daf447c4824fd6,gx-no-cache=1554291857683 HTTP/1.1" 200 4752
190.171.142.42 - - [03/Apr/2019:08:47:56 -0300] "GET /cormun/static/Shared/jqueryui/images/ui-bg_highlight-soft_100_c6c2c8_1x100.png HTTP/1.1" 404 1117
190.171.142.42 - - [03/Apr/2019:08:47:56 -0300] "GET /cormun/static/Shared/jqueryui/images/ui-icons_8d78a5_256x240.png HTTP/1.1" 404 1089
190.171.142.42 - - [03/Apr/2019:08:47:56 -0300] "GET /cormun/static/Shared/jqueryui/images/ui-bg_flat_55_fafafa_40x100.png HTTP/1.1" 404 1097
190.171.142.42 - - [03/Apr/2019:08:47:56 -0300] "GET /cormun/static/Shared/jqueryui/images/ui-icons_82798d_256x240.png HTTP/1.1" 404 1089
190.171.142.42 - - [03/Apr/2019:08:47:56 -0300] "POST /cormun/servlet/trsolicitudot?804ba6330d51a97fd6daf447c4824fd6,gx-no-cache=1554291858541 HTTP/1.1" 200 4527
190.171.142.42 - - [03/Apr/2019:08:47:59 -0300] "GET /cormun/servlet/trsolicitudot? HTTP/1.1" 200 7504
190.171.142.42 - - [03/Apr/2019:08:48:00 -0300] "GET /cormun/servlet/trsolicitudot? HTTP/1.1" 200 7504
190.171.141.106 - - [03/Apr/2019:08:48:01 -0300] "POST /cormun/servlet/trsolicitudot?230da9dd8c6f968a4e8445e4ca13c7a7,,gx-no-cache=1554291859242 HTTP/1.1" 200 106
190.171.141.106 - - [03/Apr/2019:08:48:02 -0300] "GET /cormun/servlet/solicitudot?UPD,2019,15072, HTTP/1.1" 200 15492
190.171.141.106 - - [03/Apr/2019:08:48:04 -0300] "GET /cormun/servlet/solicitudot?UPD,2019,15072, HTTP/1.1" 200 15501
190.171.141.106 - - [03/Apr/2019:08:48:05 -0300] "POST /cormun/servlet/solicitudot?gx-no-cache=1554291863130 HTTP/1.1" 200 3571
190.171.141.106 - - [03/Apr/2019:08:48:06 -0300] "POST /cormun/servlet/solicitudot?230da9dd8c6f968a4e8445e4ca13c7a7,UPD,2019,15072,,gx-no-cache=1554291864464 HTTP/1.1" 200 11906
190.171.142.42 - - [03/Apr/2019:08:48:06 -0300] "GET /cormun/servlet/trautorizarsolicitud? HTTP/1.1" 200 8773
190.171.142.42 - - [03/Apr/2019:08:48:06 -0300] "GET /cormun/static/gxcfg.js?2017111423403364 HTTP/1.1" 200 953
190.171.141.106 - - [03/Apr/2019:08:48:06 -0300] "GET /cormun/servlet/solicitudot?43bf0d6c07d0d96cda24fbdb8c773f8b90a20d53e0b1f0b094b3c4c03daf1d9ed225951bef83593f5efd45330ebe9502,gx-no-cache=1554291865316 HTTP/1.1" 200 30
190.171.142.42 - - [03/Apr/2019:08:48:06 -0300] "GET /cormun/static/trautorizarsolicitud.js?201711142340425 HTTP/1.1" 200 53910
190.171.141.106 - - [03/Apr/2019:08:48:07 -0300] "GET /cormun/servlet/solicitudot?43bf0d6c07d0d96cda24fbdb8c773f8b2f66c6fcfbe2b39ac0dfedd4614f834b2da7f6c42b1aded329fd5da239d84cc0c3a8765a184b589bd557f3c0a11aa613,gx-no-cache=1554291865659 HTTP/1.1" 200 30
190.171.141.106 - - [03/Apr/2019:08:48:07 -0300] "GET /cormun/servlet/solicitudot?43bf0d6c07d0d96cda24fbdb8c773f8b8f3327c261bca041699c4b2fcdbd95061f1840b77cb372e5bf8d1264fcf8f0e3f7adec22ea732208ae5c88f60ec2cdb2,gx-no-cache=1554291865933 HTTP/1.1" 200 53
190.171.142.42 - - [03/Apr/2019:08:48:07 -0300] "GET /cormun/servlet/trautorizarsolicitud? HTTP/1.1" 200 8772
190.171.141.106 - - [03/Apr/2019:08:48:07 -0300] "POST /cormun/servlet/solicitudot?gx-no-cache=1554291866276 HTTP/1.1" 200 297
190.171.141.106 - - [03/Apr/2019:08:48:08 -0300] "GET /cormun/servlet/solicitudot?43bf0d6c07d0d96cda24fbdb8c773f8bcf5ee0b741b38b4926d4f1ff46657df69afd94333f89dd826fe3bd89255b520aab933ccab440653ce257f267a7e33686d65f04df5a6d0d3074c95b75c1571bf993efc7a82038c0586c3bdc7bf5d39f343091fbba5ec526baa5a50242a5dfccaed6af04871cf72081fd8da659bbcc07a8e103984c76fc5bfaa64bb6990166083e1028fc63a6352702ea5a939d9dfd9ce808e2376abd0e4c4b61d94afd8a66f92937e5439ce7e2467b09c54c249f80d5cda0d0e7ed8f78a8cedbec53eb556f4e66aa6d32d80585a440105b4f7a566ab2b9981b4a43a3dbf69696e569bda30b249339fd447be2cdb0636ac278dfc02ea73575229f7db8dcfedfd8385561987afbe0887cab63f68fd9c0a2837afb50490bf58c6d8adb091fa5c7552c6980616e6f0916492b0e6faea93a3293e7c61dfd74969d4f497a1e67da8ede93cc68634c55ff4fcb67fb9633ccc880a38fcbc6adc15f576972ed96eb0bee2a84e0863881831cd7e5046af2784a05d8170d13eb9be7351b2bf0f70b4715be51560e1227f1ac19,gx-no-cache=1554291866647 HTTP/1.1" 200 30
190.171.141.106 - - [03/Apr/2019:08:48:08 -0300] "POST /cormun/servlet/solicitudot?gx-no-cache=1554291866910 HTTP/1.1" 200 30
190.171.141.106 - - [03/Apr/2019:08:48:08 -0300] "POST /cormun/servlet/solicitudot?gx-no-cache=1554291867192 HTTP/1.1" 200 1316
190.171.141.106 - - [03/Apr/2019:08:48:08 -0300] "POST /cormun/servlet/solicitudot?gx-no-cache=1554291867548 HTTP/1.1" 200 41
190.171.142.42 - - [03/Apr/2019:08:48:12 -0300] "POST /cormun/servlet/trautorizarsolicitud?804ba6330d51a97fd6daf447c4824fd6,,gx-no-cache=1554291873882 HTTP/1.1" 200 4686
190.171.142.42 - - [03/Apr/2019:08:48:12 -0300] "GET /cormun/static/Shared/jqueryui/images/ui-bg_highlight-soft_100_c6c2c8_1x100.png HTTP/1.1" 404 1117
190.171.142.42 - - [03/Apr/2019:08:48:12 -0300] "GET /cormun/static/Shared/jqueryui/images/ui-icons_82798d_256x240.png HTTP/1.1" 404 1089
190.171.142.42 - - [03/Apr/2019:08:48:12 -0300] "GET /cormun/static/Shared/jqueryui/images/ui-bg_flat_55_fafafa_40x100.png HTTP/1.1" 404 1097
190.171.142.42 - - [03/Apr/2019:08:48:12 -0300] "GET /cormun/static/Shared/jqueryui/images/ui-icons_8d78a5_256x240.png HTTP/1.1" 404 1089
190.171.142.42 - - [03/Apr/2019:08:48:12 -0300] "POST /cormun/servlet/trautorizarsolicitud?804ba6330d51a97fd6daf447c4824fd6,,gx-no-cache=1554291874749 HTTP/1.1" 200 4462
190.171.141.82 - - [03/Apr/2019:08:48:16 -0300] "POST /cormun/servlet/solicitudot?gx-no-cache=1554291872136 HTTP/1.1" 200 97
190.171.141.90 - - [03/Apr/2019:08:48:33 -0300] "GET /cormun/servlet/trsolicitudot? HTTP/1.1" 200 7429
190.171.141.90 - - [03/Apr/2019:08:48:34 -0300] "GET /cormun/servlet/trsolicitudot? HTTP/1.1" 200 7429
190.171.141.90 - - [03/Apr/2019:08:48:35 -0300] "GET /cormun/servlet/solicitudot?INS,0,0, HTTP/1.1" 200 15086
190.171.141.90 - - [03/Apr/2019:08:48:36 -0300] "GET /cormun/servlet/solicitudot?INS,0,0, HTTP/1.1" 200 15091
190.171.141.82 - - [03/Apr/2019:08:48:38 -0300] "GET /cormun/servlet/solicitudot?b5ba30f3ef7a2f3a6f32124508b7c39e1eba5684a79a143bca7504f9e2e6fcfb37ae80ec8cece8f307ef81b53732fb553bf9b044d9baa572e15a82c4622ec96da1ff6699ca56871aad780e101ed019af5371b8f8da0a6b76ddc5233d6af7296b6478bc01180160740b103e28df078723,gx-no-cache=1554291894648 HTTP/1.1" 200 29
190.171.141.82 - - [03/Apr/2019:08:48:38 -0300] "GET /cormun/static/menuarrow.gif HTTP/1.1" 404 1015
190.171.141.82 - - [03/Apr/2019:08:48:41 -0300] "GET /cormun/servlet/solicitudot?b5ba30f3ef7a2f3a6f32124508b7c39e9166fa54455320370cb145321b9dc441fc863009ba359fe1d57743b9b9e9ae76,gx-no-cache=1554291898295 HTTP/1.1" 200 30
190.171.141.90 - - [03/Apr/2019:08:48:53 -0300] "POST /cormun/servlet/solicitudot?gx-no-cache=1554291910954 HTTP/1.1" 200 3458
190.171.141.90 - - [03/Apr/2019:08:48:54 -0300] "POST /cormun/servlet/solicitudot?f40770fba99aeac185c7f3adddc4d24c,INS,0,0,,gx-no-cache=1554291911423 HTTP/1.1" 200 11884
190.171.141.90 - - [03/Apr/2019:08:48:57 -0300] "GET /cormun/servlet/solicitudot?283bcfd053f8906684de4e60ec8abab78fe23820eb55558ef168b541be51de4542266000b8d4e20adab69fba1f85fb5f,gx-no-cache=1554291914913 HTTP/1.1" 200 30
190.171.141.82 - - [03/Apr/2019:08:49:07 -0300] "POST /cormun/servlet/solicitudot?gx-no-cache=1554291923351 HTTP/1.1" 200 30
190.171.141.82 - - [03/Apr/2019:08:49:08 -0300] "POST /cormun/servlet/solicitudot?37f0bfa12ae6caf187b539efad7332cf,INS,0,0,,gx-no-cache=1554291923670 HTTP/1.1" 200 93
190.171.141.82 - - [03/Apr/2019:08:49:08 -0300] "GET /cormun/servlet/hpexe_return? HTTP/1.1" 200 1013
190.171.141.82 - - [03/Apr/2019:08:49:08 -0300] "GET /cormun/servlet/trsolicitudot HTTP/1.1" 200 8899
190.171.141.82 - - [03/Apr/2019:08:49:09 -0300] "GET /cormun/servlet/trsolicitudot HTTP/1.1" 200 8895
190.171.142.42 - - [03/Apr/2019:08:49:20 -0300] "GET /cormun/servlet/trsolicitudot? HTTP/1.1" 200 7504
190.171.142.42 - - [03/Apr/2019:08:49:21 -0300] "GET /cormun/servlet/trsolicitudot? HTTP/1.1" 200 7504
190.171.142.42 - - [03/Apr/2019:08:49:23 -0300] "GET /cormun/servlet/solicitudot?INS,0,0, HTTP/1.1" 200 15162
190.171.142.42 - - [03/Apr/2019:08:49:24 -0300] "GET /cormun/servlet/solicitudot?INS,0,0, HTTP/1.1" 200 15167
190.171.142.42 - - [03/Apr/2019:08:49:27 -0300] "GET /cormun/servlet/prfichaempleado?,MD,,gxPopupLevel%3D0%3B HTTP/1.1" 200 9379
190.171.141.82 - - [03/Apr/2019:08:49:30 -0300] "GET /cormun/servlet/solicitudot?INS,0,0, HTTP/1.1" 200 15221
190.171.141.82 - - [03/Apr/2019:08:49:31 -0300] "GET /cormun/servlet/solicitudot?INS,0,0, HTTP/1.1" 200 15226
190.171.141.82 - - [03/Apr/2019:08:49:41 -0300] "POST /cormun/servlet/solicitudot?gx-no-cache=1554291957080 HTTP/1.1" 200 3459
190.171.141.82 - - [03/Apr/2019:08:49:41 -0300] "POST /cormun/servlet/solicitudot?37f0bfa12ae6caf187b539efad7332cf,INS,0,0,,gx-no-cache=1554291957741 HTTP/1.1" 200 11886
190.171.141.82 - - [03/Apr/2019:08:49:45 -0300] "GET /cormun/servlet/solicitudot?b5ba30f3ef7a2f3a6f32124508b7c39eea3920f404955c09c4b1b645ba9b031bee8c437aa5955f3926d7d5b699defb3c,gx-no-cache=1554291962252 HTTP/1.1" 200 30
186.103.159.186 - - [03/Apr/2019:08:50:15 -0300] "GET /cormun/servlet/hlogin HTTP/1.1" 200 1720
190.171.142.42 - - [03/Apr/2019:08:50:22 -0300] "POST /cormun/servlet/prfichaempleado?804ba6330d51a97fd6daf447c4824fd6,,MD,,gxPopupLevel%3D0%3B,gx-no-cache=1554292004184 HTTP/1.1" 200 3413
186.103.159.186 - - [03/Apr/2019:08:50:23 -0300] "POST /cormun/servlet/hlogin?ce30681839e391acb3183186db0de1d5,gx-no-cache=1554292000961 HTTP/1.1" 200 90
186.103.159.186 - - [03/Apr/2019:08:50:23 -0300] "GET /cormun/servlet/hpexe_link HTTP/1.1" 200 954
186.103.159.186 - - [03/Apr/2019:08:50:24 -0300] "GET /cormun/servlet/trlicencias HTTP/1.1" 200 10536
186.103.159.186 - - [03/Apr/2019:08:50:27 -0300] "GET /cormun/servlet/trlicencias HTTP/1.1" 200 10534
190.171.142.42 - - [03/Apr/2019:08:50:27 -0300] "POST /cormun/servlet/solicitudot?gx-no-cache=1554292009709 HTTP/1.1" 200 3562
190.171.142.42 - - [03/Apr/2019:08:50:28 -0300] "POST /cormun/servlet/solicitudot?804ba6330d51a97fd6daf447c4824fd6,INS,0,0,,gx-no-cache=1554292010216 HTTP/1.1" 200 11955
190.171.142.42 - - [03/Apr/2019:08:50:28 -0300] "GET /cormun/servlet/solicitudot?e7d687f340c85887f26d2bd8f044b0877a8f2edecb2160eed1db855728d6f82a894f63ae4cec71c2fdba50ee32f127b6,gx-no-cache=1554292010695 HTTP/1.1" 200 30
186.103.159.186 - - [03/Apr/2019:08:50:30 -0300] "GET /cormun/servlet/trpermisosgoce? HTTP/1.1" 200 9257
186.103.159.186 - - [03/Apr/2019:08:50:32 -0300] "GET /cormun/servlet/trpermisosgoce? HTTP/1.1" 200 9257
186.103.159.186 - - [03/Apr/2019:08:50:35 -0300] "GET /cormun/servlet/permisogoce?INS,0,,, HTTP/1.1" 200 6865
190.171.142.42 - - [03/Apr/2019:08:50:35 -0300] "GET /cormun/servlet/solicitudot?e7d687f340c85887f26d2bd8f044b087cea49fb6127aa14343d95e1f3f028620dc092296dae0289019b4f7dc9afeeceaa7defd8dcd86eb285dc8c88983ad3694,gx-no-cache=1554292018125 HTTP/1.1" 200 30
190.171.142.42 - - [03/Apr/2019:08:50:36 -0300] "GET /cormun/servlet/solicitudot?e7d687f340c85887f26d2bd8f044b08785fa4cbc5e7549bef095de616a4969d4,gx-no-cache=1554292018367 HTTP/1.1" 200 51
190.171.142.42 - - [03/Apr/2019:08:50:36 -0300] "POST /cormun/servlet/solicitudot?gx-no-cache=1554292018687 HTTP/1.1" 200 240
186.103.159.186 - - [03/Apr/2019:08:50:36 -0300] "GET /cormun/servlet/permisogoce?INS,0,,, HTTP/1.1" 200 6863
190.171.142.42 - - [03/Apr/2019:08:50:37 -0300] "GET /cormun/servlet/solicitudot?e7d687f340c85887f26d2bd8f044b087687f9ca01a01ef8527ccca86aa7be430376ad76757b2d83c411e874824711189cf5fe5851c8f273c6227c9261edd7c7acf9ea85b32fd4662313f1d795f7303c2cea03f583799ec45edeaf2024d4133e01065b2e01aa0862063ea8412cfb52ae4cc4c751d1eb9f45bea910f396aa586e9d148067200cbb246935e63c81ec49766e0066a0162a12817021358b9665663579643940832a27bff9211222c0fb804afa4ac61d6464bd4ccb6f1684d729bc9ccdfc1494dbd1772a8d642639f5b136fa86799d037c13c030e2882befcea2206bb468a88bdcfe81e6e25c6e3057abcf060328b45f20313f4190f38e855d64746d6e7a16459bd538846e6fa599b7b7520346a71eef600a3d23b79efce5c8b5f5f741991f236cf1d5e5e1d98dbb5324a51cb67625824fdaee8dc10c0f739b9cb723c4f943646fdba15792e48d4a3b82f8707cb7c03a1ea9e5b4fc7840e32ff1c998fae07c7d13288370e74849077591b2d0bfda0c413347251dae83c60451ecf1824,gx-no-cache=1554292019349 HTTP/1.1" 200 30
190.171.142.42 - - [03/Apr/2019:08:50:37 -0300] "POST /cormun/servlet/solicitudot?gx-no-cache=1554292019652 HTTP/1.1" 200 30
190.171.142.42 - - [03/Apr/2019:08:50:37 -0300] "POST /cormun/servlet/solicitudot?gx-no-cache=1554292019928 HTTP/1.1" 200 1316
190.171.142.42 - - [03/Apr/2019:08:50:37 -0300] "POST /cormun/servlet/solicitudot?gx-no-cache=1554292020345 HTTP/1.1" 200 38
190.171.142.42 - - [03/Apr/2019:08:50:38 -0300] "GET /cormun/servlet/solicitudot?e7d687f340c85887f26d2bd8f044b0872618192bb4d17d7b43795c7561f1abb3449db4174606fcffdac6f1853e3149904d453b573f56e4c712c511176d92be9805dd07c043dd26faf6bb65f9342a37ed00ae29e842be04a0b35c6221dfcad0837cf15a2e9107985645ba167a466a5404,gx-no-cache=1554292020588 HTTP/1.1" 200 110
190.171.141.82 - - [03/Apr/2019:08:50:38 -0300] "GET /cormun/servlet/solicitudot?b5ba30f3ef7a2f3a6f32124508b7c39edecb8361dd1d64a43565e7c2bca3eb87fcbdb762811ecb6b73a1382098e7be820ec62fe56e58b0a38f0f5856d0cfae53,gx-no-cache=1554292014543 HTTP/1.1" 200 30
190.171.141.82 - - [03/Apr/2019:08:50:38 -0300] "GET /cormun/servlet/solicitudot?b5ba30f3ef7a2f3a6f32124508b7c39e4b2fc115e920a3025927c5195155d3d9,gx-no-cache=1554292014830 HTTP/1.1" 200 29
190.171.141.82 - - [03/Apr/2019:08:50:39 -0300] "POST /cormun/servlet/solicitudot?gx-no-cache=1554292016111 HTTP/1.1" 200 255
190.171.141.82 - - [03/Apr/2019:08:50:41 -0300] "GET /cormun/servlet/solicitudot?b5ba30f3ef7a2f3a6f32124508b7c39e4930781862bee2c201e6fbbec4833f2cceb8bc86c8f86c25f0b6ab2ded1715558f11367fc0e39f2371d2e709265bf35f42dd4e4bca49069c1f95a8fe5b19f74c640323abd726d7e51106d98e26d26e2abc937de0d9d2e6f7ac979c7bd4825b1f7587cd25e0574f208e58206b443e8d6e4a5e2779f3a5c6096dd2b3576e425fcfaf76e54fe600c52a6c7eb21f91a862762cddbc0fb6e6572bb20f4d05065723d02b79d55f3899dd9258d3f2a96dd615f98b93333911e7d66cccaa1d0a593b3f98c8e902545f7756c5a8b60ece2450b6425c1c6284c7b3c06cb316dee500b683fc8b55b5705d1ae045601205e3d967d8dd5d9a993c3ae4c38aa08e8eea3fd88b6905ccf00799c34e74bf80a952f425ad377f9171438ac33123baa81a7cb96fef0e7090123135135673bd0538f10ee443719c30142722d5fce8e91351c10c5e1b94a5c43611aea8a5e2cbf8fac54b6e106f2d37b2fd1e28a278addd8846c8cb91005f8dcd3cc34451ac81a4f5e163720cc7,gx-no-cache=1554292017507 HTTP/1.1" 200 30
186.103.159.186 - - [03/Apr/2019:08:50:43 -0300] "GET /cormun/servlet/permisogoce?fa316290ed628eee168af69e0243d985f18d5a68259650ce973db309bfb5f45d0873e61220791c59488b2f3840b4504fbd4fec33ec0c1f0e6c0515f0c818b7b6,gx-no-cache=1554292021433 HTTP/1.1" 200 75
186.103.159.186 - - [03/Apr/2019:08:50:44 -0300] "GET /cormun/static/menuarrow.gif HTTP/1.1" 404 1015
190.171.141.82 - - [03/Apr/2019:08:50:46 -0300] "POST /cormun/servlet/solicitudot?gx-no-cache=1554292023078 HTTP/1.1" 200 30
190.171.142.42 - - [03/Apr/2019:08:50:48 -0300] "POST /cormun/servlet/solicitudot?gx-no-cache=1554292030908 HTTP/1.1" 200 30
190.171.142.42 - - [03/Apr/2019:08:50:49 -0300] "POST /cormun/servlet/solicitudot?gx-no-cache=1554292031272 HTTP/1.1" 200 1316
190.171.142.42 - - [03/Apr/2019:08:50:49 -0300] "POST /cormun/servlet/solicitudot?gx-no-cache=1554292031673 HTTP/1.1" 200 38
190.171.142.42 - - [03/Apr/2019:08:50:49 -0300] "GET /cormun/servlet/solicitudot?e7d687f340c85887f26d2bd8f044b0872618192bb4d17d7b43795c7561f1abb3449db4174606fcffdac6f1853e3149904d453b573f56e4c712c511176d92be9805dd07c043dd26faf6bb65f9342a37ed00ae29e842be04a0b35c6221dfcad0837cf15a2e9107985645ba167a466a5404,gx-no-cache=1554292032005 HTTP/1.1" 200 110
190.171.141.82 - - [03/Apr/2019:08:50:50 -0300] "GET /cormun/servlet/prsolicitudot?13504088,,,,,MD,,gxPopupLevel%3D0%3B HTTP/1.1" 200 6071
190.171.142.42 - - [03/Apr/2019:08:50:50 -0300] "POST /cormun/servlet/solicitudot?gx-no-cache=1554292032376 HTTP/1.1" 200 110
190.171.142.42 - - [03/Apr/2019:08:50:50 -0300] "GET /cormun/servlet/solicitudot?e7d687f340c85887f26d2bd8f044b0872c320efd50015f8fce54fca311fb45ec3a687f143f2ae71ae3e03243284092221ca26143687f3e30b39fb67d20ddb849b7f47821b0444977deb3db08037dfd32b65d1e6f22fbcd4d38a7096c4d46d850133d265810382083710f8055044b0d35,gx-no-cache=1554292032769 HTTP/1.1" 200 29
190.171.141.82 - - [03/Apr/2019:08:50:50 -0300] "GET /cormun/static/gxcfg.js?2017111422591492 HTTP/1.1" 200 953
190.171.141.82 - - [03/Apr/2019:08:50:50 -0300] "GET /cormun/static/prsolicitudot.js?2017111422591715 HTTP/1.1" 200 13680
186.103.159.186 - - [03/Apr/2019:08:50:50 -0300] "GET /cormun/servlet/permisogoce?fa316290ed628eee168af69e0243d985d95d0b9e3f11691e0237156f6961a27a4930d73f9ae0ed6ae040fb49fea21bf5a9cd88429899c823d5ea7e7bbb40cbb1,gx-no-cache=1554292028264 HTTP/1.1" 200 44
186.103.159.186 - - [03/Apr/2019:08:50:57 -0300] "POST /cormun/servlet/permisogoce?ce30681839e391acb3183186db0de1d5,INS,0,,,,gx-no-cache=1554292032691 HTTP/1.1" 200 93
186.103.159.186 - - [03/Apr/2019:08:50:57 -0300] "GET /cormun/servlet/hpexe_return? HTTP/1.1" 200 1010
186.103.159.186 - - [03/Apr/2019:08:50:57 -0300] "GET /cormun/static/gxcfg.js?2016101716175148 HTTP/1.1" 304 -
186.103.159.186 - - [03/Apr/2019:08:50:58 -0300] "GET /cormun/servlet/trpermisosgoce HTTP/1.1" 200 9544
186.103.159.186 - - [03/Apr/2019:08:51:00 -0300] "GET /cormun/servlet/trpermisosgoce HTTP/1.1" 200 9537
186.103.159.186 - - [03/Apr/2019:08:51:02 -0300] "GET /cormun/servlet/apermisogoceprn?19592894,P,20190403104355,PU HTTP/1.1" 200 1649
190.171.141.82 - - [03/Apr/2019:08:51:13 -0300] "POST /cormun/servlet/solicitudot?gx-no-cache=1554292049323 HTTP/1.1" 200 1313
190.171.141.82 - - [03/Apr/2019:08:51:13 -0300] "POST /cormun/servlet/solicitudot?gx-no-cache=1554292050236 HTTP/1.1" 200 38
190.171.141.82 - - [03/Apr/2019:08:51:14 -0300] "GET /cormun/servlet/solicitudot?b5ba30f3ef7a2f3a6f32124508b7c39efd5ac478f4a0d3a2889142921d1246301bc41e34f3e782f41635e6d40e3f2b9d2687aea48da605628113a77b32efb365a0656396f36836ca833d24632ef0c7661be7c69a4899f3d6e31cddc9471ea78e5ca0e3ef33bdedf618b2b1c21bc1b8d7,gx-no-cache=1554292050404 HTTP/1.1" 200 110
190.171.141.82 - - [03/Apr/2019:08:51:14 -0300] "POST /cormun/servlet/solicitudot?gx-no-cache=1554292050607 HTTP/1.1" 200 64
190.171.142.42 - - [03/Apr/2019:08:51:14 -0300] "GET /cormun/static/menuarrow.gif HTTP/1.1" 404 1015
190.171.141.82 - - [03/Apr/2019:08:51:14 -0300] "GET /cormun/servlet/solicitudot?b5ba30f3ef7a2f3a6f32124508b7c39e1eba5684a79a143bca7504f9e2e6fcfb37ae80ec8cece8f307ef81b53732fb553bf9b044d9baa572e15a82c4622ec96da1ff6699ca56871aad780e101ed019af5371b8f8da0a6b76ddc5233d6af7296b6478bc01180160740b103e28df078723,gx-no-cache=1554292050832 HTTP/1.1" 200 29
190.171.141.82 - - [03/Apr/2019:08:51:14 -0300] "GET /cormun/servlet/solicitudot?b5ba30f3ef7a2f3a6f32124508b7c39e9166fa54455320370cb145321b9dc441fc863009ba359fe1d57743b9b9e9ae76,gx-no-cache=1554292051032 HTTP/1.1" 200 30
190.171.142.42 - - [03/Apr/2019:08:51:18 -0300] "GET /cormun/servlet/solicitudot?e7d687f340c85887f26d2bd8f044b087f580401221af7938e91b0d83815b3e6bcf907a3a1963c9941883dd8821656e2b,gx-no-cache=1554292061235 HTTP/1.1" 200 30
190.171.141.82 - - [03/Apr/2019:08:51:24 -0300] "GET /cormun/servlet/solicitudot?b5ba30f3ef7a2f3a6f32124508b7c39efd5ac478f4a0d3a2889142921d1246301bc41e34f3e782f41635e6d40e3f2b9d2687aea48da605628113a77b32efb365a0656396f36836ca833d24632ef0c7661be7c69a4899f3d6e31cddc9471ea78e5ca0e3ef33bdedf618b2b1c21bc1b8d7,gx-no-cache=1554292061168 HTTP/1.1" 200 110
190.171.141.82 - - [03/Apr/2019:08:51:34 -0300] "POST /cormun/servlet/solicitudot?gx-no-cache=1554292070153 HTTP/1.1" 200 97
190.171.142.42 - - [03/Apr/2019:08:51:40 -0300] "POST /cormun/servlet/solicitudot?gx-no-cache=1554292082878 HTTP/1.1" 200 30
190.171.142.42 - - [03/Apr/2019:08:51:52 -0300] "POST /cormun/servlet/solicitudot?804ba6330d51a97fd6daf447c4824fd6,INS,0,0,,gx-no-cache=1554292093867 HTTP/1.1" 200 12338
190.171.142.42 - - [03/Apr/2019:08:51:53 -0300] "GET /cormun/static/Shared/jqueryui/images/ui-bg_highlight-soft_100_c6c2c8_1x100.png HTTP/1.1" 404 1117
190.171.142.42 - - [03/Apr/2019:08:51:53 -0300] "GET /cormun/static/Shared/jqueryui/images/ui-bg_flat_55_994d53_40x100.png HTTP/1.1" 404 1097
190.171.142.42 - - [03/Apr/2019:08:51:53 -0300] "GET /cormun/static/Shared/jqueryui/images/ui-icons_ebccce_256x240.png HTTP/1.1" 404 1089
190.171.142.42 - - [03/Apr/2019:08:51:53 -0300] "GET /cormun/static/Shared/jqueryui/images/ui-icons_82798d_256x240.png HTTP/1.1" 404 1089
190.171.141.82 - - [03/Apr/2019:08:51:57 -0300] "POST /cormun/servlet/solicitudot?gx-no-cache=1554292092537 HTTP/1.1" 200 33
190.171.141.82 - - [03/Apr/2019:08:52:01 -0300] "POST /cormun/servlet/solicitudot?37f0bfa12ae6caf187b539efad7332cf,INS,0,0,,gx-no-cache=1554292093931 HTTP/1.1" 200 93
190.171.141.82 - - [03/Apr/2019:08:52:01 -0300] "GET /cormun/servlet/hpexe_return? HTTP/1.1" 200 1013
190.171.142.42 - - [03/Apr/2019:08:52:02 -0300] "POST /cormun/servlet/solicitudot?gx-no-cache=1554292104727 HTTP/1.1" 200 1316
190.171.141.82 - - [03/Apr/2019:08:52:02 -0300] "GET /cormun/servlet/trsolicitudot HTTP/1.1" 200 9239
190.171.142.42 - - [03/Apr/2019:08:52:03 -0300] "POST /cormun/servlet/solicitudot?gx-no-cache=1554292105285 HTTP/1.1" 200 41
190.171.142.42 - - [03/Apr/2019:08:52:03 -0300] "GET /cormun/servlet/solicitudot?e7d687f340c85887f26d2bd8f044b0872618192bb4d17d7b43795c7561f1abb3449db4174606fcffdac6f1853e3149904d453b573f56e4c712c511176d92be9805dd07c043dd26faf6bb65f9342a37ed00ae29e842be04a0b35c6221dfcad0837cf15a2e9107985645ba167a466a5404,gx-no-cache=1554292105635 HTTP/1.1" 200 110
190.171.142.42 - - [03/Apr/2019:08:52:03 -0300] "POST /cormun/servlet/solicitudot?gx-no-cache=1554292106036 HTTP/1.1" 200 109
190.171.141.82 - - [03/Apr/2019:08:52:04 -0300] "GET /cormun/servlet/trsolicitudot HTTP/1.1" 200 9235
190.171.142.42 - - [03/Apr/2019:08:52:04 -0300] "GET /cormun/servlet/solicitudot?e7d687f340c85887f26d2bd8f044b087f580401221af7938e91b0d83815b3e6bcf907a3a1963c9941883dd8821656e2b,gx-no-cache=1554292106510 HTTP/1.1" 200 30
190.171.142.42 - - [03/Apr/2019:08:52:04 -0300] "POST /cormun/servlet/solicitudot?gx-no-cache=1554292106922 HTTP/1.1" 200 30
190.171.142.42 - - [03/Apr/2019:08:52:06 -0300] "POST /cormun/servlet/solicitudot?804ba6330d51a97fd6daf447c4824fd6,INS,0,0,,gx-no-cache=1554292107313 HTTP/1.1" 200 12392
190.171.141.82 - - [03/Apr/2019:08:52:08 -0300] "GET /cormun/servlet/solicitudot?INS,0,0, HTTP/1.1" 200 15221
190.171.141.82 - - [03/Apr/2019:08:52:10 -0300] "GET /cormun/servlet/solicitudot?INS,0,0, HTTP/1.1" 200 15226
190.171.142.42 - - [03/Apr/2019:08:52:22 -0300] "POST /cormun/servlet/solicitudot?gx-no-cache=1554292124445 HTTP/1.1" 200 30
190.171.141.106 - - [03/Apr/2019:08:52:30 -0300] "GET /cormun/servlet/solicitudot?43bf0d6c07d0d96cda24fbdb8c773f8b7f333e8c14deb83ed813aec78038a12ecb026a58e11cd5e973c45059adef9d958478b0c1f52b28f2229bc72157cd9bbb5b6f8e5c7eeb790f05084280f72ebfcf2980122d2709addcb9c334e5d022da104557cca824c670d346ff33cbac40c5d0,gx-no-cache=1554292129164 HTTP/1.1" 200 110
190.171.141.106 - - [03/Apr/2019:08:52:31 -0300] "POST /cormun/servlet/solicitudot?gx-no-cache=1554292129629 HTTP/1.1" 200 67
190.171.141.106 - - [03/Apr/2019:08:52:31 -0300] "GET /cormun/servlet/solicitudot?43bf0d6c07d0d96cda24fbdb8c773f8b912a73bc4dd23cd5e6a85504afbdc27ceeec673402900c283b25b0b0bb3be0adb38ffb15b46643cb20c5b3f53f88600437cdcc8e16f3aba75379ce3aa385632421eeceb0f3952071bab1a337eede558844ee44bacf63aba111b414a7238ef952,gx-no-cache=1554292130003 HTTP/1.1" 200 29
190.171.141.106 - - [03/Apr/2019:08:52:31 -0300] "GET /cormun/servlet/solicitudot?43bf0d6c07d0d96cda24fbdb8c773f8bfb0f87668f638a7da5c7f6e52aaa423e519a7f0d51e6118395bdc328fa8c54dd,gx-no-cache=1554292130189 HTTP/1.1" 200 30
190.171.141.106 - - [03/Apr/2019:08:52:31 -0300] "POST /cormun/servlet/solicitudot?gx-no-cache=1554292130339 HTTP/1.1" 200 30
190.171.141.106 - - [03/Apr/2019:08:52:32 -0300] "POST /cormun/servlet/solicitudot?230da9dd8c6f968a4e8445e4ca13c7a7,UPD,2019,15072,,gx-no-cache=1554292130581 HTTP/1.1" 200 93
190.171.141.106 - - [03/Apr/2019:08:52:32 -0300] "GET /cormun/servlet/hpexe_return? HTTP/1.1" 200 1014
190.171.141.106 - - [03/Apr/2019:08:52:34 -0300] "GET /cormun/servlet/trsolicitudot HTTP/1.1" 200 10588
190.171.141.106 - - [03/Apr/2019:08:52:36 -0300] "GET /cormun/servlet/trsolicitudot HTTP/1.1" 200 10584
190.171.141.90 - - [03/Apr/2019:08:52:40 -0300] "POST /cormun/servlet/solicitudot?gx-no-cache=1554292137525 HTTP/1.1" 200 3490
190.171.141.90 - - [03/Apr/2019:08:52:41 -0300] "POST /cormun/servlet/solicitudot?f40770fba99aeac185c7f3adddc4d24c,INS,0,0,,gx-no-cache=1554292138438 HTTP/1.1" 200 11990
190.171.141.90 - - [03/Apr/2019:08:52:44 -0300] "GET /cormun/servlet/solicitudot?283bcfd053f8906684de4e60ec8abab7b575454c5f00c4ea9fb3fdb7f644bdce01b01999b5732b13a5b098f3740c7ab4,gx-no-cache=1554292141229 HTTP/1.1" 200 30
190.171.141.82 - - [03/Apr/2019:08:53:23 -0300] "POST /cormun/servlet/solicitudot?gx-no-cache=1554292179728 HTTP/1.1" 200 3459
190.171.141.82 - - [03/Apr/2019:08:53:24 -0300] "POST /cormun/servlet/solicitudot?37f0bfa12ae6caf187b539efad7332cf,INS,0,0,,gx-no-cache=1554292180377 HTTP/1.1" 200 11886
190.171.141.82 - - [03/Apr/2019:08:53:25 -0300] "GET /cormun/servlet/solicitudot?b5ba30f3ef7a2f3a6f32124508b7c39eea3920f404955c09c4b1b645ba9b031bee8c437aa5955f3926d7d5b699defb3c,gx-no-cache=1554292181849 HTTP/1.1" 200 30
192.168.10.89 - - [03/Apr/2019:08:53:28 -0300] "GET /cormun/servlet/trsolicitudgral? HTTP/1.1" 500 10
192.168.10.89 - - [03/Apr/2019:08:53:36 -0300] "GET /cormun/servlet/hlogin HTTP/1.1" 200 1722
192.168.10.89 - - [03/Apr/2019:08:53:44 -0300] "POST /cormun/servlet/hlogin?4a7e70cb2dd5cd599f8b53986d632577,gx-no-cache=1554299223635 HTTP/1.1" 200 90
192.168.10.89 - - [03/Apr/2019:08:53:44 -0300] "GET /cormun/servlet/hpexe_link HTTP/1.1" 200 949
192.168.10.89 - - [03/Apr/2019:08:53:44 -0300] "GET /cormun/servlet/hhome HTTP/1.1" 200 3866
192.168.10.89 - - [03/Apr/2019:08:53:56 -0300] "GET /cormun/servlet/trsolicitudgral? HTTP/1.1" 200 27947
190.171.141.90 - - [03/Apr/2019:08:54:01 -0300] "POST /cormun/servlet/solicitudot?f40770fba99aeac185c7f3adddc4d24c,INS,0,0,,gx-no-cache=1554292218212 HTTP/1.1" 200 12119
190.171.141.90 - - [03/Apr/2019:08:54:02 -0300] "GET /cormun/static/Shared/jqueryui/images/ui-bg_highlight-soft_100_c6c2c8_1x100.png HTTP/1.1" 404 1117
190.171.141.90 - - [03/Apr/2019:08:54:02 -0300] "GET /cormun/static/Shared/jqueryui/images/ui-icons_82798d_256x240.png HTTP/1.1" 404 1089
190.171.141.90 - - [03/Apr/2019:08:54:02 -0300] "GET /cormun/static/Shared/jqueryui/images/ui-icons_8d78a5_256x240.png HTTP/1.1" 404 1089
190.171.141.90 - - [03/Apr/2019:08:54:02 -0300] "GET /cormun/static/Shared/jqueryui/images/ui-bg_flat_55_fafafa_40x100.png HTTP/1.1" 404 1097
190.171.141.90 - - [03/Apr/2019:08:54:03 -0300] "GET /cormun/servlet/solicitudot?283bcfd053f8906684de4e60ec8abab7872d8679398e5b525a36583f30979e851bbcbdd12a3338938edf6772eb6c57af83653c99de88c3cde4e629c06ded988c,gx-no-cache=1554292220669 HTTP/1.1" 200 30
190.171.141.90 - - [03/Apr/2019:08:54:04 -0300] "GET /cormun/servlet/solicitudot?283bcfd053f8906684de4e60ec8abab7fa6be002f8652a9c074546a3b98cdddb,gx-no-cache=1554292220980 HTTP/1.1" 200 29
46.174.191.29 - - [03/Apr/2019:08:54:04 -0300] "GET / HTTP/1.0" 200 11197
190.171.142.42 - - [03/Apr/2019:08:54:04 -0300] "POST /cormun/servlet/solicitudot?gx-no-cache=1554292226706 HTTP/1.1" 200 1315
190.171.141.90 - - [03/Apr/2019:08:54:06 -0300] "POST /cormun/servlet/solicitudot?gx-no-cache=1554292223698 HTTP/1.1" 200 255
190.171.141.90 - - [03/Apr/2019:08:54:08 -0300] "GET /cormun/servlet/solicitudot?283bcfd053f8906684de4e60ec8abab733edb345f3412e1298e96570b11b38de5119e388115947fa350277683ab02e0e1b77c5733381240ed06551d7488a45c8b0731814c545668ca82b8b735c8fde4bdc01b9f335f75b7487faaa837ee24e2e94e8990b9398ddd8917f826742db8eb91ae57d378b9e237fee188bc07ae389b598550dc5426139975e67e31cbc784c8b992b37a7cc6df0a7d6400219c13f5d1fd6458d0e281c31996753617a6a883a6a13f215441a7c6cd0baf7f487c9e283a247be6aa78ef31a92bd300ddf1aad7e8ae4a4c920fbe2977bd9c8e85baba6868d6b3dbbf56afd472ae23a7a3b02bc23cb9febb21b9fab9643a56374d634ed5f27249f62e071a9fa304f2d67e2844404fa8a1dcd6b74bc0a25c805463db0e9a04c8619c0a79e6ec8d0684d6e4de8ae5f75299d6557f101d8ed33fc7cdb7ba1afd2f8e9711afb04e75a55afe34c5d642f3502ed977422a7b7f62f2e24b7b7d293868bb51cf5fb96b186ff93d4a96ef05f30c222ddbbfeea615536f511e15cc0828c,gx-no-cache=1554292225876 HTTP/1.1" 200 30
190.171.141.82 - - [03/Apr/2019:08:54:11 -0300] "GET /cormun/servlet/solicitudot?b5ba30f3ef7a2f3a6f32124508b7c39edecb8361dd1d64a43565e7c2bca3eb87fcbdb762811ecb6b73a1382098e7be820ec62fe56e58b0a38f0f5856d0cfae53,gx-no-cache=1554292227936 HTTP/1.1" 200 30
190.171.141.90 - - [03/Apr/2019:08:54:11 -0300] "POST /cormun/servlet/solicitudot?gx-no-cache=1554292229002 HTTP/1.1" 200 30
190.171.141.82 - - [03/Apr/2019:08:54:12 -0300] "GET /cormun/servlet/solicitudot?b5ba30f3ef7a2f3a6f32124508b7c39e4b2fc115e920a3025927c5195155d3d9,gx-no-cache=1554292229164 HTTP/1.1" 200 29
190.171.141.90 - - [03/Apr/2019:08:54:13 -0300] "POST /cormun/servlet/solicitudot?gx-no-cache=1554292230220 HTTP/1.1" 200 1316
190.171.141.90 - - [03/Apr/2019:08:54:13 -0300] "POST /cormun/servlet/solicitudot?gx-no-cache=1554292230721 HTTP/1.1" 200 38
190.171.141.82 - - [03/Apr/2019:08:54:15 -0300] "POST /cormun/servlet/solicitudot?gx-no-cache=1554292231558 HTTP/1.1" 200 255
190.171.141.82 - - [03/Apr/2019:08:54:17 -0300] "GET /cormun/servlet/solicitudot?b5ba30f3ef7a2f3a6f32124508b7c39e4930781862bee2c201e6fbbec4833f2cceb8bc86c8f86c25f0b6ab2ded1715558f11367fc0e39f2371d2e709265bf35f42dd4e4bca49069c1f95a8fe5b19f74c640323abd726d7e51106d98e26d26e2abc937de0d9d2e6f7ac979c7bd4825b1f7587cd25e0574f208e58206b443e8d6e4a5e2779f3a5c6096dd2b3576e425fcfaf76e54fe600c52a6c7eb21f91a862762cddbc0fb6e6572bb20f4d05065723d02b79d55f3899dd9258d3f2a96dd615f98b93333911e7d66cccaa1d0a593b3f98c8e902545f7756c5a8b60ece2450b6425c1c6284c7b3c06cb316dee500b683fc8b55b5705d1ae045601205e3d967d8dd5d9a993c3ae4c38aa08e8eea3fd88b6905ccf00799c34e74bf80a952f425ad377f9171438ac33123baa81a7cb96fef0e7090123135135673bd0538f10ee443719c30142722d5fce8e91351c10c5e1b94a5c43611aea8a5e2cbf8fac54b6e106f2d37b2fd1e28a278addd8846c8cb91005f8dcd3cc34451ac81a4f5e163720cc7,gx-no-cache=1554292233659 HTTP/1.1" 200 30
190.171.141.82 - - [03/Apr/2019:08:54:21 -0300] "POST /cormun/servlet/solicitudot?gx-no-cache=1554292237271 HTTP/1.1" 200 30
190.171.141.82 - - [03/Apr/2019:08:54:22 -0300] "GET /cormun/servlet/prsolicitudot?13504088,,,,,MD,,gxPopupLevel%3D0%3B HTTP/1.1" 200 6112
192.168.10.89 - - [03/Apr/2019:08:54:26 -0300] "POST /cormun/servlet/trsolicitudgral?4a7e70cb2dd5cd599f8b53986d632577,,gx-no-cache=1554299266723 HTTP/1.1" 200 6650
190.171.141.82 - - [03/Apr/2019:08:54:29 -0300] "POST /cormun/servlet/solicitudot?gx-no-cache=1554292245405 HTTP/1.1" 200 1313
190.171.141.82 - - [03/Apr/2019:08:54:29 -0300] "POST /cormun/servlet/solicitudot?gx-no-cache=1554292245563 HTTP/1.1" 200 38
190.171.141.82 - - [03/Apr/2019:08:54:29 -0300] "GET /cormun/servlet/solicitudot?b5ba30f3ef7a2f3a6f32124508b7c39efd5ac478f4a0d3a2889142921d1246301bc41e34f3e782f41635e6d40e3f2b9d2687aea48da605628113a77b32efb365a0656396f36836ca833d24632ef0c7661be7c69a4899f3d6e31cddc9471ea78e5ca0e3ef33bdedf618b2b1c21bc1b8d7,gx-no-cache=1554292245715 HTTP/1.1" 200 110
190.171.141.82 - - [03/Apr/2019:08:54:29 -0300] "POST /cormun/servlet/solicitudot?gx-no-cache=1554292245897 HTTP/1.1" 200 64
190.171.141.82 - - [03/Apr/2019:08:54:29 -0300] "GET /cormun/servlet/solicitudot?b5ba30f3ef7a2f3a6f32124508b7c39e1eba5684a79a143bca7504f9e2e6fcfb37ae80ec8cece8f307ef81b53732fb553bf9b044d9baa572e15a82c4622ec96da1ff6699ca56871aad780e101ed019af5371b8f8da0a6b76ddc5233d6af7296b6478bc01180160740b103e28df078723,gx-no-cache=1554292246053 HTTP/1.1" 200 29
190.171.141.82 - - [03/Apr/2019:08:54:29 -0300] "GET /cormun/servlet/solicitudot?b5ba30f3ef7a2f3a6f32124508b7c39e9166fa54455320370cb145321b9dc441fc863009ba359fe1d57743b9b9e9ae76,gx-no-cache=1554292246218 HTTP/1.1" 200 30
192.168.10.89 - - [03/Apr/2019:08:54:33 -0300] "POST /cormun/servlet/trsolicitudgral?4a7e70cb2dd5cd599f8b53986d632577,,gx-no-cache=1554299273553 HTTP/1.1" 200 5490
192.168.10.89 - - [03/Apr/2019:08:54:34 -0300] "GET /cormun/static/Shared/jqueryui/images/ui-bg_highlight-soft_100_c6c2c8_1x100.png HTTP/1.1" 404 1117
192.168.10.89 - - [03/Apr/2019:08:54:34 -0300] "GET /cormun/static/Shared/jqueryui/images/ui-bg_flat_55_fafafa_40x100.png HTTP/1.1" 404 1097
192.168.10.89 - - [03/Apr/2019:08:54:34 -0300] "GET /cormun/static/Shared/jqueryui/images/ui-icons_82798d_256x240.png HTTP/1.1" 404 1089
192.168.10.89 - - [03/Apr/2019:08:54:34 -0300] "GET /cormun/static/Shared/jqueryui/images/ui-icons_8d78a5_256x240.png HTTP/1.1" 404 1089
190.171.141.138 - - [03/Apr/2019:08:54:35 -0300] "GET /cormun/servlet/hlogin HTTP/1.1" 200 1724
192.168.10.89 - - [03/Apr/2019:08:54:35 -0300] "GET /cormun/servlet/trautorizarot? HTTP/1.1" 200 9594
190.171.141.138 - - [03/Apr/2019:08:54:35 -0300] "GET /cormun/static/gxcfg.js?20177612122725 HTTP/1.1" 304 -
192.168.10.89 - - [03/Apr/2019:08:54:39 -0300] "POST /cormun/servlet/trautorizarot?4a7e70cb2dd5cd599f8b53986d632577,,gx-no-cache=1554299278888 HTTP/1.1" 200 5356
192.168.10.89 - - [03/Apr/2019:08:54:40 -0300] "GET /cormun/servlet/trsolicitudgral? HTTP/1.1" 200 8358
190.171.141.82 - - [03/Apr/2019:08:54:41 -0300] "GET /cormun/servlet/solicitudot?b5ba30f3ef7a2f3a6f32124508b7c39efd5ac478f4a0d3a2889142921d1246301bc41e34f3e782f41635e6d40e3f2b9d2687aea48da605628113a77b32efb365a0656396f36836ca833d24632ef0c7661be7c69a4899f3d6e31cddc9471ea78e5ca0e3ef33bdedf618b2b1c21bc1b8d7,gx-no-cache=1554292257681 HTTP/1.1" 200 110
190.171.141.82 - - [03/Apr/2019:08:54:52 -0300] "POST /cormun/servlet/solicitudot?gx-no-cache=1554292268888 HTTP/1.1" 200 72
192.168.10.89 - - [03/Apr/2019:08:54:53 -0300] "POST /cormun/servlet/trsolicitudgral?4a7e70cb2dd5cd599f8b53986d632577,,gx-no-cache=1554299293219 HTTP/1.1" 200 6650
192.168.10.89 - - [03/Apr/2019:08:54:56 -0300] "GET /cormun/servlet/solicitudgral?UPD,2019,14984, HTTP/1.1" 200 12483
192.168.10.89 - - [03/Apr/2019:08:54:57 -0300] "POST /cormun/servlet/solicitudgral?gx-no-cache=1554299297305 HTTP/1.1" 200 4022
192.168.10.89 - - [03/Apr/2019:08:54:57 -0300] "GET /cormun/servlet/solicitudgral?94fa6c75ba0f5ebd919ae02ac603fc5d81e7fa99e29b620271b4309458fd82c7259991b3ac43a43708ba7a4d41e6ae769f8b04798c9f55ed962dbf9c8558320cfc7f629383cbe96ee59e4a97da5100f1a980054638721d5ad2ccbfa4eaa5ab5042c553ccc6f85558e9d61f53e7834f10009fa51b7bcf71c9d5a77e223121dab9411c2c4e58a8b9989e46b60784ce94f4e56d45b10be6da55cc0bd3a2785a3388bbf21d35a720e176d1402fdc842ca1491b6bf9c47c5a99c10fb0beb0c77314980fe5c79d7756e7354eb0e521f161331c650a125e7c47c1a26fe380eec14fa116afcb09996f3faeee0605ecbb2b262f76462bac2c08f632e7d569a143db04248c8981d1afe676432def4f3b27742698c541beff02a162d91cddfb6faa09503282bde1a6cd391b6690b3029494b326fe407c4889bbcfbbe8c51da5694d16bfd55a24002dbfeca7bbeba4efb1c5d6fd7080,gx-no-cache=1554299297881 HTTP/1.1" 200 297
192.168.10.89 - - [03/Apr/2019:08:54:58 -0300] "GET /cormun/servlet/solicitudgral?94fa6c75ba0f5ebd919ae02ac603fc5daf4f6fb5e2b2c89572575013306782a281a4cbf56367f6c3450149b2865ba73e9f8b04798c9f55ed962dbf9c8558320cb6be3b8a5a06a5852f543155ee0762f523a2aa48744f04cddd76fcfb6e4e79ab,gx-no-cache=1554299298529 HTTP/1.1" 200 30
192.168.10.89 - - [03/Apr/2019:08:54:59 -0300] "POST /cormun/servlet/solicitudgral?gx-no-cache=1554299298965 HTTP/1.1" 200 83
192.168.10.89 - - [03/Apr/2019:08:54:59 -0300] "GET /cormun/servlet/solicitudgral?94fa6c75ba0f5ebd919ae02ac603fc5dabb663c6c2cb62e0ded4ed1e9e58263c94180c018793003b8ab3050d1cf73cca8981d1afe676432def4f3b27742698c5e30f0a4e78d11d32e9bd535a5d34083d04457fa20a8a70277cd955885b2a0298dcf7429b01e4e32f3e9311b02440ae7193675714dcc4835a781cf4ba959376864a422cc0794c81acf4c21bcb839f13b25f1723c2b380663dbdde4bece874e4b2,gx-no-cache=1554299299452 HTTP/1.1" 200 49
192.168.10.89 - - [03/Apr/2019:08:55:00 -0300] "POST /cormun/servlet/solicitudgral?4a7e70cb2dd5cd599f8b53986d632577,UPD,2019,14984,,gx-no-cache=1554299299981 HTTP/1.1" 200 11425
