200.54.107.2 - - [02/Apr/2019:15:32:11 -0300] "GET /cormun/servlet/hhome HTTP/1.1" 200 4304
200.54.107.2 - - [02/Apr/2019:15:32:18 -0300] "GET /cormun/servlet/trsolicitudot? HTTP/1.1" 200 7523
200.54.107.2 - - [02/Apr/2019:15:32:18 -0300] "GET /cormun/servlet/trsolicitudot? HTTP/1.1" 200 7522
200.54.107.2 - - [02/Apr/2019:15:32:25 -0300] "POST /cormun/servlet/trsolicitudot?cbc0b4f605acf15dff5367b504f08ec0,,gx-no-cache=1554229723959 HTTP/1.1" 200 8780
200.54.103.162 - - [02/Apr/2019:15:32:30 -0300] "GET /cormun/servlet/solicitudot?cd4d5d33f1e204057d454cae038c64f4957b2cc898cd80bd0f252558eecb113c5031eca06a60102c84a2a494fe2f01ce,gx-no-cache=1554229728665 HTTP/1.1" 200 30
200.54.103.162 - - [02/Apr/2019:15:32:31 -0300] "POST /cormun/servlet/solicitudot?gx-no-cache=1554229728924 HTTP/1.1" 200 256
200.54.103.162 - - [02/Apr/2019:15:32:31 -0300] "GET /cormun/servlet/solicitudot?cd4d5d33f1e204057d454cae038c64f4d485f7d01e8a24d363f8c79b45a0766586ebe2de4ba4b67b80aac588bf9e5f97e1c10c728444f56ca528836972ddd99ff419714fe33ddc225696b8c8c49aaeec97b77494ff3a79ed378c96147be84fe694ed3301e89c3cc6d9e3d374123e8e93baaaa3a9dcaaee3ad95e969c3904370c3a0a37174409a741456c60e924797ed654ab006589ce3b7bf9855383040b4c39e6ee1100583f8565917a76b6976c9b331ccb738f24e311725f5a10a70958c892f34b685ab0c327332acf9f007a0ff27fa56a318102ef9984212d956917f3e30fd06d2c784f75a6d121814699b6a29c7086e15bc943b83bc189281875a8d6e89c6d656e7fc8ef3ab403bd7cbaf9aebe4e38ae48335323d5c06a9eb13dc6f5a91d2e53e5b49e480eea9746a7748896c01d1c0b87a17c94731131b850a51f60fe0277efae7564422635c78ec17b1bb69e99a0f5473e2043914a549a1bbb9a26bc08ac684b20015e7a40be6d8f876fb50af71c224c659deed34981f14c6f087c8ff4,gx-no-cache=1554229729514 HTTP/1.1" 200 30
200.54.103.162 - - [02/Apr/2019:15:32:31 -0300] "POST /cormun/servlet/solicitudot?gx-no-cache=1554229729579 HTTP/1.1" 200 30
200.54.103.162 - - [02/Apr/2019:15:32:31 -0300] "POST /cormun/servlet/solicitudot?gx-no-cache=1554229729700 HTTP/1.1" 200 1316
200.54.103.162 - - [02/Apr/2019:15:32:31 -0300] "POST /cormun/servlet/solicitudot?gx-no-cache=1554229729846 HTTP/1.1" 200 40
200.54.103.162 - - [02/Apr/2019:15:32:31 -0300] "GET /cormun/servlet/solicitudot?cd4d5d33f1e204057d454cae038c64f4d2490d86559e16c4f857ae7bf8509697c3db7fe305a6bded82df364bfd8ca4ce4f656bab5f10d607d03e1472129a5de1847f185d71b38c269a4d6b0aa6affa3d4269b4311a0344ad31f4928c5e1042c3a2e41c0c0ce6f344f820616b9792463f,gx-no-cache=1554229729907 HTTP/1.1" 200 110
200.54.103.162 - - [02/Apr/2019:15:32:32 -0300] "POST /cormun/servlet/solicitudot?gx-no-cache=1554229729987 HTTP/1.1" 200 97
200.54.103.162 - - [02/Apr/2019:15:32:35 -0300] "GET /cormun/static/menuarrow.gif HTTP/1.1" 404 1015
200.54.103.162 - - [02/Apr/2019:15:32:37 -0300] "POST /cormun/servlet/solicitudot?gx-no-cache=1554229735104 HTTP/1.1" 200 256
200.54.103.162 - - [02/Apr/2019:15:32:37 -0300] "GET /cormun/servlet/solicitudot?cd4d5d33f1e204057d454cae038c64f4d485f7d01e8a24d363f8c79b45a0766586ebe2de4ba4b67b80aac588bf9e5f97e1c10c728444f56ca528836972ddd99ff419714fe33ddc225696b8c8c49aaeec97b77494ff3a79ed378c96147be84fe694ed3301e89c3cc6d9e3d374123e8e93baaaa3a9dcaaee3ad95e969c3904370c3a0a37174409a741456c60e924797ed654ab006589ce3b7bf9855383040b4c39e6ee1100583f8565917a76b6976c9b331ccb738f24e311725f5a10a70958c892f34b685ab0c327332acf9f007a0ff27fa56a318102ef9984212d956917f3e30fd06d2c784f75a6d121814699b6a29c7086e15bc943b83bc189281875a8d6e89c6d656e7fc8ef3ab403bd7cbaf9aebe4e38ae48335323d5c06a9eb13dc6f5a91d2e53e5b49e480eea9746a7748896c01d1c0b87a17c94731131b850a51f60fe0277efae7564422635c78ec17b1bb69e99a0f5473e2043914a549a1bbb9a26bc08ac684b20015e7a40be6d8f876fb50af71c224c659deed34981f14c6f087c8ff4,gx-no-cache=1554229735258 HTTP/1.1" 200 30
200.54.103.162 - - [02/Apr/2019:15:32:37 -0300] "POST /cormun/servlet/solicitudot?gx-no-cache=1554229735714 HTTP/1.1" 200 30
200.54.103.162 - - [02/Apr/2019:15:32:38 -0300] "POST /cormun/servlet/solicitudot?gx-no-cache=1554229735873 HTTP/1.1" 200 1316
200.54.103.162 - - [02/Apr/2019:15:32:38 -0300] "POST /cormun/servlet/solicitudot?gx-no-cache=1554229736160 HTTP/1.1" 200 40
200.54.103.162 - - [02/Apr/2019:15:32:38 -0300] "GET /cormun/servlet/solicitudot?cd4d5d33f1e204057d454cae038c64f4d2490d86559e16c4f857ae7bf8509697c3db7fe305a6bded82df364bfd8ca4ce4f656bab5f10d607d03e1472129a5de1847f185d71b38c269a4d6b0aa6affa3d4269b4311a0344ad31f4928c5e1042c3a2e41c0c0ce6f344f820616b9792463f,gx-no-cache=1554229736305 HTTP/1.1" 200 110
200.54.103.162 - - [02/Apr/2019:15:32:38 -0300] "POST /cormun/servlet/solicitudot?gx-no-cache=1554229736463 HTTP/1.1" 200 97
200.54.103.162 - - [02/Apr/2019:15:32:47 -0300] "GET /cormun/servlet/solicitudot?cd4d5d33f1e204057d454cae038c64f4d1a380341e984621c132d33edf01bb91cf6bb06b55221d1dbb36771dda3acd85,gx-no-cache=1554229745512 HTTP/1.1" 200 30
200.54.103.162 - - [02/Apr/2019:15:32:47 -0300] "POST /cormun/servlet/solicitudot?gx-no-cache=1554229745887 HTTP/1.1" 200 33
200.54.103.162 - - [02/Apr/2019:15:32:54 -0300] "POST /cormun/servlet/solicitudot?be527a73188832d3b7458d3f884883e5,INS,0,0,,gx-no-cache=1554229751707 HTTP/1.1" 200 12344
200.54.103.162 - - [02/Apr/2019:15:33:10 -0300] "GET /cormun/servlet/solicitudot?cd4d5d33f1e204057d454cae038c64f4957b2cc898cd80bd0f252558eecb113c5031eca06a60102c84a2a494fe2f01ce,gx-no-cache=1554229767986 HTTP/1.1" 200 30
200.54.103.162 - - [02/Apr/2019:15:33:10 -0300] "POST /cormun/servlet/solicitudot?gx-no-cache=1554229768112 HTTP/1.1" 200 256
200.54.103.162 - - [02/Apr/2019:15:33:10 -0300] "GET /cormun/servlet/solicitudot?cd4d5d33f1e204057d454cae038c64f4d485f7d01e8a24d363f8c79b45a0766586ebe2de4ba4b67b80aac588bf9e5f97e1c10c728444f56ca528836972ddd99ff419714fe33ddc225696b8c8c49aaeec97b77494ff3a79ed378c96147be84fe694ed3301e89c3cc6d9e3d374123e8e93baaaa3a9dcaaee3ad95e969c3904370c3a0a37174409a741456c60e924797ed654ab006589ce3b7bf9855383040b4c39e6ee1100583f8565917a76b6976c9b331ccb738f24e311725f5a10a70958c892f34b685ab0c327332acf9f007a0ff27fa56a318102ef9984212d956917f3e30fd06d2c784f75a6d121814699b6a29c7086e15bc943b83bc189281875a8d6e89c6d656e7fc8ef3ab403bd7cbaf9aebe4e38ae48335323d5c06a9eb13dc6f5a91d2e53e5b49e480eea9746a7748896c01d1c0b87a17c94731131b850a51f60fe0277efae7564422635c78ec17b1bb69e99a0f5473e2043914a549a1bbb9a26bc08ac684b20015e7a40be6d8f876fb50af71c224c659deed34981f14c6f087c8ff4,gx-no-cache=1554229768241 HTTP/1.1" 200 30
200.54.103.162 - - [02/Apr/2019:15:33:10 -0300] "POST /cormun/servlet/solicitudot?gx-no-cache=1554229768376 HTTP/1.1" 200 30
200.54.103.162 - - [02/Apr/2019:15:33:10 -0300] "POST /cormun/servlet/solicitudot?gx-no-cache=1554229768551 HTTP/1.1" 200 1316
200.54.103.162 - - [02/Apr/2019:15:33:11 -0300] "POST /cormun/servlet/solicitudot?gx-no-cache=1554229768737 HTTP/1.1" 200 40
200.54.103.162 - - [02/Apr/2019:15:33:11 -0300] "GET /cormun/servlet/solicitudot?cd4d5d33f1e204057d454cae038c64f4d2490d86559e16c4f857ae7bf8509697c3db7fe305a6bded82df364bfd8ca4ce4f656bab5f10d607d03e1472129a5de1847f185d71b38c269a4d6b0aa6affa3d4269b4311a0344ad31f4928c5e1042c3a2e41c0c0ce6f344f820616b9792463f,gx-no-cache=1554229769904 HTTP/1.1" 200 110
200.54.103.162 - - [02/Apr/2019:15:33:12 -0300] "POST /cormun/servlet/solicitudot?gx-no-cache=1554229770046 HTTP/1.1" 200 97
200.54.103.162 - - [02/Apr/2019:15:33:12 -0300] "GET /cormun/servlet/solicitudot?cd4d5d33f1e204057d454cae038c64f4d1a380341e984621c132d33edf01bb91cf6bb06b55221d1dbb36771dda3acd85,gx-no-cache=1554229770325 HTTP/1.1" 200 30
200.54.103.162 - - [02/Apr/2019:15:33:12 -0300] "POST /cormun/servlet/solicitudot?gx-no-cache=1554229770465 HTTP/1.1" 200 33
200.54.103.162 - - [02/Apr/2019:15:33:13 -0300] "POST /cormun/servlet/solicitudot?be527a73188832d3b7458d3f884883e5,INS,0,0,,gx-no-cache=1554229770653 HTTP/1.1" 200 12408
200.54.103.162 - - [02/Apr/2019:15:33:46 -0300] "GET /cormun/servlet/solicitudot?cd4d5d33f1e204057d454cae038c64f4957b2cc898cd80bd0f252558eecb113c5031eca06a60102c84a2a494fe2f01ce,gx-no-cache=1554229804321 HTTP/1.1" 200 30
200.54.103.162 - - [02/Apr/2019:15:33:46 -0300] "POST /cormun/servlet/solicitudot?gx-no-cache=1554229804520 HTTP/1.1" 200 256
200.54.103.162 - - [02/Apr/2019:15:33:46 -0300] "GET /cormun/servlet/solicitudot?cd4d5d33f1e204057d454cae038c64f4d485f7d01e8a24d363f8c79b45a0766586ebe2de4ba4b67b80aac588bf9e5f97e1c10c728444f56ca528836972ddd99ff419714fe33ddc225696b8c8c49aaeec97b77494ff3a79ed378c96147be84fe694ed3301e89c3cc6d9e3d374123e8e93baaaa3a9dcaaee3ad95e969c3904370c3a0a37174409a741456c60e924797ed654ab006589ce3b7bf9855383040b4c39e6ee1100583f8565917a76b6976c9b331ccb738f24e311725f5a10a70958c892f34b685ab0c327332acf9f007a0ff27fa56a318102ef9984212d956917f3e30fd06d2c784f75a6d121814699b6a29c7086e15bc943b83bc189281875a8d6e89c6d656e7fc8ef3ab403bd7cbaf9aebe4e38ae48335323d5c06a9eb13dc6f5a91d2e53e5b49e480eea9746a7748896c01d1c0b87a17c94731131b850a51f60fe0277efae7564422635c78ec17b1bb69e99a0f5473e2043914a549a1bbb9a26bc08ac684b20015e7a40be6d8f876fb50af71c224c659deed34981f14c6f087c8ff4,gx-no-cache=1554229804634 HTTP/1.1" 200 30
200.54.103.162 - - [02/Apr/2019:15:33:46 -0300] "POST /cormun/servlet/solicitudot?gx-no-cache=1554229804730 HTTP/1.1" 200 30
200.54.103.162 - - [02/Apr/2019:15:33:46 -0300] "POST /cormun/servlet/solicitudot?gx-no-cache=1554229804883 HTTP/1.1" 200 1316
200.54.103.162 - - [02/Apr/2019:15:33:47 -0300] "POST /cormun/servlet/solicitudot?gx-no-cache=1554229805069 HTTP/1.1" 200 40
200.54.103.162 - - [02/Apr/2019:15:33:47 -0300] "GET /cormun/servlet/solicitudot?cd4d5d33f1e204057d454cae038c64f4d2490d86559e16c4f857ae7bf8509697c3db7fe305a6bded82df364bfd8ca4ce4f656bab5f10d607d03e1472129a5de1847f185d71b38c269a4d6b0aa6affa3d4269b4311a0344ad31f4928c5e1042c3a2e41c0c0ce6f344f820616b9792463f,gx-no-cache=1554229805162 HTTP/1.1" 200 110
200.54.103.162 - - [02/Apr/2019:15:33:47 -0300] "POST /cormun/servlet/solicitudot?gx-no-cache=1554229805263 HTTP/1.1" 200 97
200.54.103.162 - - [02/Apr/2019:15:33:47 -0300] "GET /cormun/servlet/solicitudot?cd4d5d33f1e204057d454cae038c64f4d1a380341e984621c132d33edf01bb91cf6bb06b55221d1dbb36771dda3acd85,gx-no-cache=1554229805404 HTTP/1.1" 200 30
200.54.103.162 - - [02/Apr/2019:15:33:47 -0300] "POST /cormun/servlet/solicitudot?gx-no-cache=1554229805534 HTTP/1.1" 200 33
200.54.103.162 - - [02/Apr/2019:15:33:47 -0300] "POST /cormun/servlet/solicitudot?be527a73188832d3b7458d3f884883e5,INS,0,0,,gx-no-cache=1554229805686 HTTP/1.1" 200 12455
190.171.142.42 - - [02/Apr/2019:15:38:03 -0300] "POST /cormun/servlet/solicitudot?ca3ed753513b285f73e7b7bec74f435f,INS,0,0,,gx-no-cache=1554230064652 HTTP/1.1" 200 93
190.171.142.42 - - [02/Apr/2019:15:38:03 -0300] "GET /cormun/servlet/hpexe_return? HTTP/1.1" 200 1007
190.171.142.42 - - [02/Apr/2019:15:38:03 -0300] "GET /cormun/servlet/trsolicitudot HTTP/1.1" 200 7510
190.171.142.42 - - [02/Apr/2019:15:38:04 -0300] "GET /cormun/servlet/trsolicitudot HTTP/1.1" 200 7507
186.67.172.234 - - [02/Apr/2019:15:41:14 -0300] "GET /cormun/servlet/hlogin HTTP/1.1" 200 1717
186.67.172.234 - - [02/Apr/2019:15:41:26 -0300] "POST /cormun/servlet/hlogin?4ef79478976232847b2b12cfed427fd7,gx-no-cache=1554230259906 HTTP/1.1" 200 90
186.67.172.234 - - [02/Apr/2019:15:41:26 -0300] "GET /cormun/servlet/hpexe_link HTTP/1.1" 200 947
186.67.172.234 - - [02/Apr/2019:15:41:26 -0300] "GET /cormun/servlet/hhome HTTP/1.1" 200 4338
186.67.172.234 - - [02/Apr/2019:15:41:26 -0300] "GET /cormun/servlet/hhome HTTP/1.1" 200 4334
186.67.172.234 - - [02/Apr/2019:15:41:30 -0300] "GET /cormun/servlet/trsolicitudot? HTTP/1.1" 200 7555
186.67.172.234 - - [02/Apr/2019:15:41:30 -0300] "GET /cormun/servlet/trsolicitudot? HTTP/1.1" 200 7553
186.67.172.234 - - [02/Apr/2019:15:41:33 -0300] "GET /cormun/servlet/solicitudot?INS,0,0, HTTP/1.1" 200 15208
186.67.172.234 - - [02/Apr/2019:15:41:34 -0300] "GET /cormun/servlet/solicitudot?INS,0,0, HTTP/1.1" 200 15212
186.67.172.234 - - [02/Apr/2019:15:41:44 -0300] "POST /cormun/servlet/solicitudot?gx-no-cache=1554230278152 HTTP/1.1" 200 3457
186.67.172.234 - - [02/Apr/2019:15:41:44 -0300] "POST /cormun/servlet/solicitudot?4ef79478976232847b2b12cfed427fd7,INS,0,0,,gx-no-cache=1554230278576 HTTP/1.1" 200 11876
186.67.172.234 - - [02/Apr/2019:15:41:49 -0300] "GET /cormun/servlet/solicitudot?74f0e30af085531fad6a74c1f0f9b42ebf45ca08b7f2ecaded599995f370ba2c42bbaf1b21f329efb8c16fdae81fd602,gx-no-cache=1554230283337 HTTP/1.1" 200 30
186.67.172.234 - - [02/Apr/2019:15:43:28 -0300] "GET /cormun/servlet/prbanco?,MD,,gxPopupLevel%3D0%3B HTTP/1.1" 200 6722
186.67.172.234 - - [02/Apr/2019:15:43:34 -0300] "GET /cormun/servlet/solicitudot?74f0e30af085531fad6a74c1f0f9b42e847bbc548617167ace85b87a470cb04f6d1183bc377d7d71ceb098cc845e4438827a417d44c25fed083beff141791427,gx-no-cache=1554230387765 HTTP/1.1" 200 30
186.67.172.234 - - [02/Apr/2019:15:43:37 -0300] "GET /cormun/servlet/solicitudot?74f0e30af085531fad6a74c1f0f9b42e4f69405b0fa2134835cf297c15ecf286,gx-no-cache=1554230391238 HTTP/1.1" 200 53
186.67.172.234 - - [02/Apr/2019:15:43:55 -0300] "POST /cormun/servlet/solicitudot?gx-no-cache=1554230409108 HTTP/1.1" 200 297
186.67.172.234 - - [02/Apr/2019:15:43:55 -0300] "GET /cormun/servlet/solicitudot?74f0e30af085531fad6a74c1f0f9b42e98b0ac810b55b8b8df0fe293ca619d4c26960893067d98b3d0a048b6f6e86bcbc54084da1e738b6056e7fda2c81b50221a36c3b2f1085ab4d6082c9278a1f882b9710a2e48c60bb962d8238667aad4aabacc5a4e686ceaa09dc6000e4821af212aa01fe48419d6ca12e072b9178684dff02f24ad4fcb6e4f628bafd1c91551a66a444207f0868a2e53f07bb05565415c92c09cd8650c9da15c5bc1eb64bf7aa76f7c8871ff1d7dc07fa26c0d57b588543c28885023d3a29c2e96ab1b770beaa7981b1fcc2c0f643a871da3b9ffc69e4d2bf1da55b8325849400551efd6824fcc852883f4f2d3a0e54ab294a0a01d7ef691e69ea61fe4d8d50f2bdb83a22d6082dbfd82cd597f0faabfd64bc448b6ec866acd6d157ee3c0e330908c9e4e461eecfc5eae5648b1a2222d3ba14f504c5417f663a871cb820dedce9a2af2d38337966571e147bd5214b202c99da33a7c581944199e23b9f3cc537ad020eea2c7746faa39afffa1685be70737bbe9e83fe561bde961102c51627dddd657e52670e58c,gx-no-cache=1554230409192 HTTP/1.1" 200 30
186.67.172.234 - - [02/Apr/2019:15:43:58 -0300] "POST /cormun/servlet/solicitudot?gx-no-cache=1554230411921 HTTP/1.1" 200 30
186.67.172.234 - - [02/Apr/2019:15:44:01 -0300] "POST /cormun/servlet/solicitudot?gx-no-cache=1554230415263 HTTP/1.1" 200 1315
186.67.172.234 - - [02/Apr/2019:15:44:01 -0300] "POST /cormun/servlet/solicitudot?gx-no-cache=1554230415369 HTTP/1.1" 200 38
186.67.172.234 - - [02/Apr/2019:15:44:18 -0300] "GET /cormun/servlet/solicitudot?74f0e30af085531fad6a74c1f0f9b42ed2a28f63651566645b1b18186c8e58a9150c1b3ae067001f1707acb29ec82722c26f01a76f427312a10c9c506ec56095eaaacece31eb5c43645d7d9d0ebd6351925fc0c7af453959d3ec477b8c57721916deea81a8df9e099646c63ba1b40dc4,gx-no-cache=1554230432689 HTTP/1.1" 200 110
186.67.172.234 - - [02/Apr/2019:15:44:47 -0300] "POST /cormun/servlet/solicitudot?gx-no-cache=1554230460920 HTTP/1.1" 200 69
186.67.172.234 - - [02/Apr/2019:15:45:06 -0300] "GET /cormun/servlet/solicitudot?74f0e30af085531fad6a74c1f0f9b42e2323febc10fd5b336f3fbf3f8d22ac92ec8c394389f1c08d725da1e304a8b8a7021a6a0736d85d179f2c067da247e5998fa503201ddca8468b76f823c4c0b3e2b84cd521469c8285fa9d8ecbd0e6a3bd1219b7dac75fdffbc81e3a35c87486df,gx-no-cache=1554230479984 HTTP/1.1" 200 29
186.67.172.234 - - [02/Apr/2019:15:45:06 -0300] "GET /cormun/static/menuarrow.gif HTTP/1.1" 404 1015
192.168.10.89 - - [02/Apr/2019:15:45:07 -0300] "GET /cormun/servlet/hlogin HTTP/1.1" 200 1717
192.168.10.89 - - [02/Apr/2019:15:45:07 -0300] "GET /cormun/servlet/hlogin HTTP/1.1" 200 1727
186.67.172.234 - - [02/Apr/2019:15:45:09 -0300] "GET /cormun/servlet/solicitudot?74f0e30af085531fad6a74c1f0f9b42e406e477e0f08697ded03bfbf7f8e687a41157e65114ae4ad4153d6ea29485daf,gx-no-cache=1554230482886 HTTP/1.1" 200 30
192.168.10.96 - - [02/Apr/2019:15:45:14 -0300] "GET /cormun/servlet/trsolicitudgral? HTTP/1.1" 500 10
192.168.10.89 - - [02/Apr/2019:15:45:15 -0300] "POST /cormun/servlet/hlogin?79cd85e1ed12a829d47fec524cf5d38d,gx-no-cache=1554237515348 HTTP/1.1" 200 90
192.168.10.89 - - [02/Apr/2019:15:45:15 -0300] "GET /cormun/servlet/hpexe_link HTTP/1.1" 200 949
192.168.10.89 - - [02/Apr/2019:15:45:15 -0300] "GET /cormun/servlet/hhome HTTP/1.1" 200 3865
192.168.10.89 - - [02/Apr/2019:15:45:15 -0300] "GET /cormun/static/SmoothNavMenu/resources/ddsmoothmenu.js HTTP/1.1" 304 -
186.67.172.234 - - [02/Apr/2019:15:45:15 -0300] "POST /cormun/servlet/solicitudot?gx-no-cache=1554230489395 HTTP/1.1" 200 30
192.168.10.96 - - [02/Apr/2019:15:45:16 -0300] "GET /cormun/servlet/hlogin HTTP/1.1" 200 1720
192.168.10.96 - - [02/Apr/2019:15:45:19 -0300] "GET /cormun/servlet/hlogin HTTP/1.1" 200 1720
192.168.10.89 - - [02/Apr/2019:15:45:21 -0300] "GET /cormun/servlet/trsolicitudgral? HTTP/1.1" 200 28249
192.168.10.96 - - [02/Apr/2019:15:45:25 -0300] "POST /cormun/servlet/hlogin?e3718c1566c4d442d1aaeb014ea3e46a,gx-no-cache=1554237525284 HTTP/1.1" 200 90
192.168.10.96 - - [02/Apr/2019:15:45:25 -0300] "GET /cormun/servlet/hpexe_link HTTP/1.1" 200 951
192.168.10.96 - - [02/Apr/2019:15:45:25 -0300] "GET /cormun/servlet/hhome HTTP/1.1" 200 4773
192.168.10.96 - - [02/Apr/2019:15:45:25 -0300] "GET /cormun/servlet/hhome HTTP/1.1" 200 4769
192.168.10.89 - - [02/Apr/2019:15:45:30 -0300] "GET /cormun/servlet/solicitudgral3?UPD,2019,15036, HTTP/1.1" 200 13192
192.168.10.89 - - [02/Apr/2019:15:45:31 -0300] "POST /cormun/servlet/solicitudgral3?gx-no-cache=1554237532031 HTTP/1.1" 200 4240
192.168.10.89 - - [02/Apr/2019:15:45:32 -0300] "GET /cormun/servlet/solicitudgral3?8ec6df1ce047e93b994b9d36467e03a1357e14810edc5b7d2799778ec75f94d7a2bca2531adf928ac887c20af1dd55a5bdb0b72ccf76390a3816bb43f3fe4cde4b5aec4ea6ea31bc5763ff03341a03645e4b6441d678e16565712396d04b876f24d3b9ca2dfeb550bdd5fe7334c9d2fe7084ed3c756e22fb69d4e0e33555efcbcc7e7901665db3c8caa3eb2d47a794f0f19d37053472af512553e408676dd6b93fc561e242342429c6c98de918de2212053f2396b58998c942250243729918d2d9f33b9619012b022a2760e072dac066f17725714a27b6a212edd08152afbdfced34ee79e7f7ef139d90aff8dacddb97eecc0a4f3169caee1211d689722e133709b4afbb1762ad4024574043f6fe81b8a02a529fd698c2cce872f1ff1cfdc893c0b4662a5080a874b64673f5313e24e33cd66ea90c4e9827d9870555cd4e4b719b8345de6fc827e5e12b288a342de113,gx-no-cache=1554237532311 HTTP/1.1" 200 240
192.168.10.89 - - [02/Apr/2019:15:45:32 -0300] "GET /cormun/servlet/solicitudgral3?8ec6df1ce047e93b994b9d36467e03a1582a22100d9121b645bc41b2f2e5e316c31daad87436762046526d9d186d770eb716d3980d4b79ad785d5f13a0fb5547bdb0b72ccf76390a3816bb43f3fe4cde5d900b3fa6541493ff7f57e46de33305,gx-no-cache=1554237532329 HTTP/1.1" 200 42
192.168.10.89 - - [02/Apr/2019:15:45:32 -0300] "GET /cormun/servlet/solicitudgral3?8ec6df1ce047e93b994b9d36467e03a1178e777d12b9056ee46de8c6568b73e1839087f699b039d45bc33b1099e87ae8153dffb13b214a847b6dbe6e2b8c4c26d94b7193737fdcc42081b07003f35497ee8e2f115ff28d65395c030faf1706507555661d03a9eede964b8c39060dd43ea5ea45d26eef8dbf38e1d086e358fd10,gx-no-cache=1554237532401 HTTP/1.1" 200 41
192.168.10.89 - - [02/Apr/2019:15:45:33 -0300] "GET /cormun/servlet/solicitudgral3?8ec6df1ce047e93b994b9d36467e03a1a4b4dc9ec7f12178feb808a26dd582e500e6b29412ed5ad7629c8a98044b0404bdb0b72ccf76390a3816bb43f3fe4cde922c89d176be6868562df99d76b445c52d702d46b725f0c67fe0da2bcb7b8de0,gx-no-cache=1554237534051 HTTP/1.1" 200 30
192.168.10.89 - - [02/Apr/2019:15:45:34 -0300] "POST /cormun/servlet/solicitudgral3?gx-no-cache=1554237534498 HTTP/1.1" 200 97
192.168.10.96 - - [02/Apr/2019:15:45:40 -0300] "GET /cormun/servlet/trsolicitudgral? HTTP/1.1" 200 29173
186.67.172.234 - - [02/Apr/2019:15:45:41 -0300] "POST /cormun/servlet/solicitudot?4ef79478976232847b2b12cfed427fd7,INS,0,0,,gx-no-cache=1554230514924 HTTP/1.1" 200 93
186.67.172.234 - - [02/Apr/2019:15:45:41 -0300] "GET /cormun/servlet/hpexe_return? HTTP/1.1" 200 1003
186.67.172.234 - - [02/Apr/2019:15:45:41 -0300] "GET /cormun/servlet/trsolicitudot HTTP/1.1" 200 8908
192.168.10.96 - - [02/Apr/2019:15:45:42 -0300] "GET /cormun/servlet/trsolicitudgral? HTTP/1.1" 200 29171
186.67.172.234 - - [02/Apr/2019:15:45:42 -0300] "GET /cormun/servlet/trsolicitudot HTTP/1.1" 200 8906
192.168.10.89 - - [02/Apr/2019:15:45:43 -0300] "POST /cormun/servlet/solicitudgral3?79cd85e1ed12a829d47fec524cf5d38d,UPD,2019,15036,,gx-no-cache=1554237543472 HTTP/1.1" 200 93
192.168.10.89 - - [02/Apr/2019:15:45:43 -0300] "GET /cormun/servlet/hpexe_return? HTTP/1.1" 200 1012
192.168.10.89 - - [02/Apr/2019:15:45:44 -0300] "GET /cormun/servlet/trsolicitudgral HTTP/1.1" 200 28251
186.67.172.234 - - [02/Apr/2019:15:45:50 -0300] "POST /cormun/servlet/trsolicitudot?4ef79478976232847b2b12cfed427fd7,gx-no-cache=1554230524663 HTTP/1.1" 200 4748
186.67.172.234 - - [02/Apr/2019:15:45:51 -0300] "GET /cormun/static/Shared/jqueryui/images/ui-bg_highlight-soft_100_c6c2c8_1x100.png HTTP/1.1" 404 1117
186.67.172.234 - - [02/Apr/2019:15:45:51 -0300] "GET /cormun/static/Shared/jqueryui/images/ui-icons_82798d_256x240.png HTTP/1.1" 404 1089
186.67.172.234 - - [02/Apr/2019:15:45:51 -0300] "GET /cormun/static/Shared/jqueryui/images/ui-icons_8d78a5_256x240.png HTTP/1.1" 404 1089
186.67.172.234 - - [02/Apr/2019:15:45:51 -0300] "GET /cormun/static/Shared/jqueryui/images/ui-bg_flat_55_fafafa_40x100.png HTTP/1.1" 404 1097
186.67.172.234 - - [02/Apr/2019:15:45:51 -0300] "POST /cormun/servlet/trsolicitudot?4ef79478976232847b2b12cfed427fd7,gx-no-cache=1554230524927 HTTP/1.1" 200 4528
192.168.10.89 - - [02/Apr/2019:15:45:52 -0300] "POST /cormun/servlet/trsolicitudgral?79cd85e1ed12a829d47fec524cf5d38d,gx-no-cache=1554237552257 HTTP/1.1" 200 7029
192.168.10.96 - - [02/Apr/2019:15:45:55 -0300] "POST /cormun/servlet/trsolicitudgral?e3718c1566c4d442d1aaeb014ea3e46a,,gx-no-cache=1554237555177 HTTP/1.1" 200 7327
192.168.10.89 - - [02/Apr/2019:15:45:58 -0300] "GET /cormun/servlet/solicitudgral?UPD,2019,15016, HTTP/1.1" 200 12479
192.168.10.89 - - [02/Apr/2019:15:45:59 -0300] "POST /cormun/servlet/solicitudgral?gx-no-cache=1554237559831 HTTP/1.1" 200 4076
192.168.10.89 - - [02/Apr/2019:15:45:59 -0300] "GET /cormun/servlet/solicitudgral?8ec6df1ce047e93b994b9d36467e03a1357e14810edc5b7d2799778ec75f94d7a2bca2531adf928ac887c20af1dd55a5bdb0b72ccf76390a3816bb43f3fe4cde4b5aec4ea6ea31bc5763ff03341a03645e4b6441d678e16565712396d04b876f24d3b9ca2dfeb550bdd5fe7334c9d2fe7084ed3c756e22fb69d4e0e33555efcbcc7e7901665db3c8caa3eb2d47a794f0f19d37053472af512553e408676dd6b93fc561e242342429c6c98de918de2212053f2396b58998c942250243729918d2d9f33b9619012b022a2760e072dac066f17725714a27b6a212edd08152afbdfced34ee79e7f7ef139d90aff8dacddb97eecc0a4f3169caee1211d689722e133709b4afbb1762ad4024574043f6fe81b8a02a529fd698c2cce872f1ff1cfdc893c0b4662a5080a874b64673f5313e24e33cd66ea90c4e9827d9870555cd4e4b719b8345de6fc827e5e12b288a342de113,gx-no-cache=1554237560060 HTTP/1.1" 200 240
192.168.10.96 - - [02/Apr/2019:15:46:01 -0300] "POST /cormun/servlet/trsolicitudgral?e3718c1566c4d442d1aaeb014ea3e46a,,gx-no-cache=1554237561236 HTTP/1.1" 200 5954
192.168.10.89 - - [02/Apr/2019:15:46:01 -0300] "GET /cormun/servlet/solicitudgral?8ec6df1ce047e93b994b9d36467e03a1a4b4dc9ec7f12178feb808a26dd582e500e6b29412ed5ad7629c8a98044b0404bdb0b72ccf76390a3816bb43f3fe4cde922c89d176be6868562df99d76b445c52d702d46b725f0c67fe0da2bcb7b8de0,gx-no-cache=1554237561391 HTTP/1.1" 200 30
192.168.10.89 - - [02/Apr/2019:15:46:01 -0300] "POST /cormun/servlet/solicitudgral?gx-no-cache=1554237561566 HTTP/1.1" 200 97
192.168.10.89 - - [02/Apr/2019:15:46:01 -0300] "GET /cormun/servlet/solicitudgral?8ec6df1ce047e93b994b9d36467e03a1671f2a3e3d31b1732775b13f8c3c5f5aae054fa19d847254e4f04f8cdab6d81c09b4afbb1762ad4024574043f6fe81b8a988feb3c0a9bac7d95d7d6e84057c188923d54b05ab17adaaff65d7715558f07e3c0f257d951f220559bff607219dc35a0a4604574712d13d8e956b956cdb23f09e383f1b3199d13a215e578ef6f305c738edb02c1ff94b7f4e803164f546d7260303acc7a46af36c8377280bdc2c4270c7e25121ef1b31649006e3665c7f072d047f64f87f30d7f32cb19e61e0058d,gx-no-cache=1554237561741 HTTP/1.1" 200 49
192.168.10.89 - - [02/Apr/2019:15:46:03 -0300] "POST /cormun/servlet/solicitudgral?79cd85e1ed12a829d47fec524cf5d38d,UPD,2019,15016,,gx-no-cache=1554237563308 HTTP/1.1" 200 11417
192.168.10.96 - - [02/Apr/2019:15:46:03 -0300] "POST /cormun/servlet/trsolicitudgral?e3718c1566c4d442d1aaeb014ea3e46a,,gx-no-cache=1554237563938 HTTP/1.1" 200 5957
192.168.10.89 - - [02/Apr/2019:15:46:05 -0300] "GET /cormun/servlet/solicitudgral?8ec6df1ce047e93b994b9d36467e03a17c726ad474dbbb05c6e2e79c51ddb2d2bc3e02db229125bc2dd39b76fa31e568c83ed7b011e2a8bbf86f07ff5484fd3068389849b089ee63c95e2571a4f5555b0e3637f46da0b026d5ebf897447506dcbe6ae14d1166e2ab4da708b90acb6085556039729adc2645a74b28b2785831afc96de6103953b68fd41265e5633e0f4383299d66fb32824f3a15131f0b8bd871,gx-no-cache=1554237566011 HTTP/1.1" 200 30
192.168.10.89 - - [02/Apr/2019:15:46:07 -0300] "POST /cormun/servlet/solicitudgral?79cd85e1ed12a829d47fec524cf5d38d,UPD,2019,15016,,gx-no-cache=1554237567330 HTTP/1.1" 200 93
192.168.10.89 - - [02/Apr/2019:15:46:07 -0300] "GET /cormun/servlet/hpexe_return? HTTP/1.1" 200 1032
192.168.10.89 - - [02/Apr/2019:15:46:07 -0300] "GET /cormun/servlet/trsolicitudgral?gx-no-cache=1554237552257 HTTP/1.1" 200 10108
192.168.10.96 - - [02/Apr/2019:15:46:08 -0300] "POST /cormun/servlet/trsolicitudgral?e3718c1566c4d442d1aaeb014ea3e46a,,gx-no-cache=1554237568730 HTTP/1.1" 200 5958
192.168.10.96 - - [02/Apr/2019:15:46:11 -0300] "POST /cormun/servlet/trsolicitudgral?e3718c1566c4d442d1aaeb014ea3e46a,,gx-no-cache=1554237571874 HTTP/1.1" 200 7311
192.168.10.89 - - [02/Apr/2019:15:46:12 -0300] "GET /cormun/servlet/solicitudgral3?UPD,2019,15036, HTTP/1.1" 200 13214
192.168.10.89 - - [02/Apr/2019:15:46:13 -0300] "POST /cormun/servlet/solicitudgral3?gx-no-cache=1554237573555 HTTP/1.1" 200 4240
192.168.10.89 - - [02/Apr/2019:15:46:13 -0300] "GET /cormun/servlet/solicitudgral3?8ec6df1ce047e93b994b9d36467e03a1357e14810edc5b7d2799778ec75f94d7a2bca2531adf928ac887c20af1dd55a5bdb0b72ccf76390a3816bb43f3fe4cde4b5aec4ea6ea31bc5763ff03341a03645e4b6441d678e16565712396d04b876f24d3b9ca2dfeb550bdd5fe7334c9d2fe7084ed3c756e22fb69d4e0e33555efcbcc7e7901665db3c8caa3eb2d47a794f0f19d37053472af512553e408676dd6b93fc561e242342429c6c98de918de2212053f2396b58998c942250243729918d2d9f33b9619012b022a2760e072dac066f17725714a27b6a212edd08152afbdfced34ee79e7f7ef139d90aff8dacddb97eecc0a4f3169caee1211d689722e133709b4afbb1762ad4024574043f6fe81b8a02a529fd698c2cce872f1ff1cfdc893c0b4662a5080a874b64673f5313e24e33cd66ea90c4e9827d9870555cd4e4b719b8345de6fc827e5e12b288a342de113,gx-no-cache=1554237573748 HTTP/1.1" 200 240
192.168.10.89 - - [02/Apr/2019:15:46:13 -0300] "GET /cormun/servlet/solicitudgral3?8ec6df1ce047e93b994b9d36467e03a1582a22100d9121b645bc41b2f2e5e316c31daad87436762046526d9d186d770eb716d3980d4b79ad785d5f13a0fb5547bdb0b72ccf76390a3816bb43f3fe4cde5d900b3fa6541493ff7f57e46de33305,gx-no-cache=1554237573765 HTTP/1.1" 200 42
192.168.10.89 - - [02/Apr/2019:15:46:13 -0300] "GET /cormun/servlet/solicitudgral3?8ec6df1ce047e93b994b9d36467e03a1178e777d12b9056ee46de8c6568b73e1839087f699b039d45bc33b1099e87ae8153dffb13b214a847b6dbe6e2b8c4c26d94b7193737fdcc42081b07003f35497ee8e2f115ff28d65395c030faf1706507555661d03a9eede964b8c39060dd43ea5ea45d26eef8dbf38e1d086e358fd10,gx-no-cache=1554237573829 HTTP/1.1" 200 41
192.168.10.89 - - [02/Apr/2019:15:46:13 -0300] "GET /cormun/servlet/solicitudgral3?8ec6df1ce047e93b994b9d36467e03a1a4b4dc9ec7f12178feb808a26dd582e500e6b29412ed5ad7629c8a98044b0404bdb0b72ccf76390a3816bb43f3fe4cde922c89d176be6868562df99d76b445c52d702d46b725f0c67fe0da2bcb7b8de0,gx-no-cache=1554237574234 HTTP/1.1" 200 30
192.168.10.89 - - [02/Apr/2019:15:46:13 -0300] "POST /cormun/servlet/solicitudgral3?gx-no-cache=1554237574256 HTTP/1.1" 200 97
192.168.10.89 - - [02/Apr/2019:15:46:14 -0300] "POST /cormun/servlet/solicitudgral3?79cd85e1ed12a829d47fec524cf5d38d,UPD,2019,15036,,gx-no-cache=1554237574287 HTTP/1.1" 200 11903
192.168.10.89 - - [02/Apr/2019:15:46:14 -0300] "GET /cormun/servlet/solicitudgral3?8ec6df1ce047e93b994b9d36467e03a11e180e04695fa33f02f34cd95b0a7207bc3e02db229125bc2dd39b76fa31e568c83ed7b011e2a8bbf86f07ff5484fd3068389849b089ee63c95e2571a4f5555b0e3637f46da0b026d5ebf897447506dcbe6ae14d1166e2ab4da708b90acb6085556039729adc2645a74b28b2785831afc96de6103953b68fd41265e5633e0f4383299d66fb32824f3a15131f0b8bd871,gx-no-cache=1554237574503 HTTP/1.1" 200 29
192.168.10.89 - - [02/Apr/2019:15:46:14 -0300] "GET /cormun/servlet/solicitudgral3?8ec6df1ce047e93b994b9d36467e03a1b02a59aa8e88bd08ae12c335e4e49e4b08a98be8ee0b2db7c8630b016fb1a50cec65a381cd339105704f0759dcb6f657bdb0b72ccf76390a3816bb43f3fe4cdea402a3fea54fbd065d6ea500ca72e045079dc3104b69feb006a97a1c9de851732c23a337a5cd01f6f94dfcfdb4c7050a,gx-no-cache=1554237574517 HTTP/1.1" 200 30
192.168.10.96 - - [02/Apr/2019:15:46:15 -0300] "POST /cormun/servlet/trsolicitudgral?e3718c1566c4d442d1aaeb014ea3e46a,,gx-no-cache=1554237575559 HTTP/1.1" 200 8289
192.168.10.89 - - [02/Apr/2019:15:46:23 -0300] "POST /cormun/servlet/solicitudgral3?79cd85e1ed12a829d47fec524cf5d38d,UPD,2019,15036,,gx-no-cache=1554237583555 HTTP/1.1" 200 93
192.168.10.89 - - [02/Apr/2019:15:46:23 -0300] "GET /cormun/servlet/hpexe_return? HTTP/1.1" 200 1035
192.168.10.89 - - [02/Apr/2019:15:46:23 -0300] "GET /cormun/servlet/trsolicitudgral?gx-no-cache=1554237552257 HTTP/1.1" 200 10108
192.168.10.89 - - [02/Apr/2019:15:46:32 -0300] "POST /cormun/servlet/trsolicitudgral?79cd85e1ed12a829d47fec524cf5d38d,gx-no-cache=1554237552257,gx-no-cache=1554237592738 HTTP/1.1" 200 5471
192.168.10.89 - - [02/Apr/2019:15:46:32 -0300] "GET /cormun/static/Shared/jqueryui/images/ui-bg_flat_55_fafafa_40x100.png HTTP/1.1" 404 1097
192.168.10.89 - - [02/Apr/2019:15:46:32 -0300] "GET /cormun/static/Shared/jqueryui/images/ui-bg_highlight-soft_100_c6c2c8_1x100.png HTTP/1.1" 404 1117
192.168.10.89 - - [02/Apr/2019:15:46:32 -0300] "GET /cormun/static/Shared/jqueryui/images/ui-icons_8d78a5_256x240.png HTTP/1.1" 404 1089
192.168.10.89 - - [02/Apr/2019:15:46:32 -0300] "GET /cormun/static/Shared/jqueryui/images/ui-icons_82798d_256x240.png HTTP/1.1" 404 1089
192.168.10.89 - - [02/Apr/2019:15:46:34 -0300] "GET /cormun/servlet/trautorizarot? HTTP/1.1" 200 9960
186.103.159.187 - - [02/Apr/2019:15:46:35 -0300] "GET /cormun/servlet/hhome HTTP/1.1" 200 3418
186.103.159.187 - - [02/Apr/2019:15:46:37 -0300] "GET /cormun/servlet/hhome HTTP/1.1" 200 3428
186.103.159.187 - - [02/Apr/2019:15:46:37 -0300] "GET /cormun/servlet/hlogin HTTP/1.1" 200 1730
192.168.10.89 - - [02/Apr/2019:15:46:38 -0300] "POST /cormun/servlet/trautorizarot?79cd85e1ed12a829d47fec524cf5d38d,,gx-no-cache=1554237598348 HTTP/1.1" 200 6923
192.168.10.89 - - [02/Apr/2019:15:46:40 -0300] "POST /cormun/servlet/trautorizarot?79cd85e1ed12a829d47fec524cf5d38d,,gx-no-cache=1554237600207 HTTP/1.1" 200 5343
186.103.159.187 - - [02/Apr/2019:15:46:50 -0300] "POST /cormun/servlet/hlogin?c98b2cbb3fc64ab5644270e77101373e,gx-no-cache=1554234322571 HTTP/1.1" 200 90
186.103.159.187 - - [02/Apr/2019:15:46:50 -0300] "GET /cormun/servlet/hpexe_link HTTP/1.1" 200 950
186.103.159.187 - - [02/Apr/2019:15:46:50 -0300] "GET /cormun/servlet/hhome HTTP/1.1" 200 4005
186.103.159.187 - - [02/Apr/2019:15:46:51 -0300] "GET /cormun/servlet/hhome HTTP/1.1" 200 4002
186.103.159.187 - - [02/Apr/2019:15:47:02 -0300] "GET /cormun/servlet/trlicencias? HTTP/1.1" 200 9950
186.103.159.187 - - [02/Apr/2019:15:47:04 -0300] "GET /cormun/servlet/trlicencias? HTTP/1.1" 200 9948
186.103.159.187 - - [02/Apr/2019:15:47:08 -0300] "GET /cormun/servlet/licenciaspermisos?INS,0,,, HTTP/1.1" 200 7537
186.103.159.187 - - [02/Apr/2019:15:47:09 -0300] "GET /cormun/servlet/licenciaspermisos?INS,0,,, HTTP/1.1" 200 7536
186.103.159.187 - - [02/Apr/2019:15:47:28 -0300] "GET /cormun/servlet/prfichaempleado?,MD,,gxPopupLevel%3D0%3B HTTP/1.1" 200 9292
186.103.159.187 - - [02/Apr/2019:15:47:28 -0300] "GET /cormun/static/gxcfg.js?20177612134814 HTTP/1.1" 200 953
186.103.159.187 - - [02/Apr/2019:15:47:28 -0300] "GET /cormun/static/prfichaempleado.js?20177612134999 HTTP/1.1" 200 16006
186.103.159.187 - - [02/Apr/2019:15:47:34 -0300] "GET /cormun/servlet/licenciaspermisos?8b713010e264197797403b1d33a0d088ad5ec71b6f8b809c20a47625a0e3e81481b6f581e8fb69d8a3b54ae0cb94b622,gx-no-cache=1554234366476 HTTP/1.1" 200 96
186.103.159.187 - - [02/Apr/2019:15:47:34 -0300] "POST /cormun/servlet/licenciaspermisos?c98b2cbb3fc64ab5644270e77101373e,INS,0,,,,gx-no-cache=1554234366532 HTTP/1.1" 200 4753
192.168.15.12 - - [02/Apr/2019:15:47:45 -0300] "POST /digitalizacion/servlet/trdocumentos?f641a9e273fe1b16222dada653b806e8,,gx-no-cache=1554230731403 HTTP/1.1" 200 2858
207.46.13.156 - - [02/Apr/2019:15:47:46 -0300] "GET /cormun/servlet/wbsecusr01 HTTP/1.1" 302 -
192.168.15.12 - - [02/Apr/2019:15:47:47 -0300] "POST /digitalizacion/servlet/trdocumentos?f641a9e273fe1b16222dada653b806e8,,gx-no-cache=1554230733786 HTTP/1.1" 200 2858
186.103.159.187 - - [02/Apr/2019:15:47:50 -0300] "GET /cormun/static/menuarrow.gif HTTP/1.1" 404 1015
186.103.159.187 - - [02/Apr/2019:15:50:00 -0300] "GET /cormun/servlet/licenciaspermisos?8b713010e264197797403b1d33a0d088944d06f95de07c6d700dbe8204069c8b1177743e4659bdc24a0033466edcfd39333b9a2dbd0f08d2c926263cc8115446f9b2070fcca2fc9d824772df8e74aa9e834fdd1ddcd27bf0f38486bf23882be2d8566bafbf8343a873c599f0aed8f016d3906d31791f48962e9b7d9b22a415a4b57da35cffbbd99785ea6d0320b646d6fa62612b9ced76a0a29a20dd149152c67037c379613a21bfdb33bdfee8269cd3,gx-no-cache=1554234512510 HTTP/1.1" 200 30
186.103.159.187 - - [02/Apr/2019:15:50:00 -0300] "GET /cormun/servlet/licenciaspermisos?8b713010e264197797403b1d33a0d088589e24923331fbda5f1ed4cd498f73da78191dc5a6ce4cd2e80d88b6bd26e37a9b768b92359386969ee70b76d1eb6ef4736593376ebc2ee11b58ae37bf47479e399960ded93338b04f6881643407ab0ff6e2048c7d23586cbedccd7f51a35c55517460adcafe60447e38af545895d2e5a631ba6fc436f5271f63d41254e1f6284ee4f5cbcbcf2674f56aecbd1ad19e809b826371f17c2a8e0c57a0fab275699c,gx-no-cache=1554234512727 HTTP/1.1" 200 29
186.103.159.187 - - [02/Apr/2019:15:50:00 -0300] "POST /cormun/servlet/licenciaspermisos?c98b2cbb3fc64ab5644270e77101373e,INS,0,,,,gx-no-cache=1554234512816 HTTP/1.1" 200 4930
186.103.159.187 - - [02/Apr/2019:15:50:01 -0300] "GET /cormun/static/Shared/jqueryui/images/ui-bg_highlight-soft_100_c6c2c8_1x100.png HTTP/1.1" 404 1117
186.103.159.187 - - [02/Apr/2019:15:50:01 -0300] "GET /cormun/static/Shared/jqueryui/images/ui-icons_82798d_256x240.png HTTP/1.1" 404 1089
186.103.159.187 - - [02/Apr/2019:15:50:01 -0300] "GET /cormun/static/Shared/jqueryui/images/ui-icons_ebccce_256x240.png HTTP/1.1" 404 1089
186.103.159.187 - - [02/Apr/2019:15:50:01 -0300] "GET /cormun/static/Shared/jqueryui/images/ui-bg_flat_55_994d53_40x100.png HTTP/1.1" 404 1097
186.103.159.187 - - [02/Apr/2019:15:50:56 -0300] "GET /cormun/servlet/licenciaspermisos?8b713010e264197797403b1d33a0d088944d06f95de07c6d700dbe8204069c8b1177743e4659bdc24a0033466edcfd39333b9a2dbd0f08d2c926263cc8115446f9b2070fcca2fc9d824772df8e74aa9e834fdd1ddcd27bf0f38486bf23882be2fc416e3e1a3cfc0c37087eaeffc4a522d3906d31791f48962e9b7d9b22a415a49297268c57d5f45d90cc37e4fa2908ccf7c556f3f755c0abf919196b3bc2c687e7cfd0a69dd885779ddda4057a9de29545f5917a17a55c93e64f6ba765113616b4d08aa1ded062d35bf21f6bb6fe69fd1eebf69de57364add88e447622b98026,gx-no-cache=1554234568232 HTTP/1.1" 200 30
186.103.159.187 - - [02/Apr/2019:15:50:56 -0300] "GET /cormun/servlet/licenciaspermisos?8b713010e264197797403b1d33a0d088589e24923331fbda5f1ed4cd498f73da78191dc5a6ce4cd2e80d88b6bd26e37a9b768b92359386969ee70b76d1eb6ef4736593376ebc2ee11b58ae37bf47479e399960ded93338b04f6881643407ab0fbfd5e2792a8fe838c966ec62babfff70517460adcafe60447e38af545895d2e5c05528b1431288f28ec52ee4fb5ac6457a93985c0e0a345d8e20294d118609f5dd88428f4ee626950325349c7bc058fc6c409c14af315a3332ccd7fb17f47fc0bcadf96c86d17bf32a4f18f4d3836826c383d37441e5c9bc2ff489ee23bf213a,gx-no-cache=1554234568404 HTTP/1.1" 200 29
186.103.159.187 - - [02/Apr/2019:15:50:56 -0300] "POST /cormun/servlet/licenciaspermisos?c98b2cbb3fc64ab5644270e77101373e,INS,0,,,,gx-no-cache=1554234568477 HTTP/1.1" 200 93
186.103.159.187 - - [02/Apr/2019:15:50:56 -0300] "GET /cormun/servlet/hpexe_return? HTTP/1.1" 200 1012
186.103.159.187 - - [02/Apr/2019:15:50:57 -0300] "GET /cormun/servlet/trlicencias HTTP/1.1" 200 10358
186.103.159.187 - - [02/Apr/2019:15:50:58 -0300] "GET /cormun/servlet/trlicencias HTTP/1.1" 200 10353
190.171.141.106 - - [02/Apr/2019:15:52:53 -0300] "GET /cormun/servlet/hlogin HTTP/1.1" 200 1727
190.171.141.106 - - [02/Apr/2019:15:52:53 -0300] "GET /cormun/static/Resources/ComunLogin.png HTTP/1.1" 304 -
190.171.141.106 - - [02/Apr/2019:15:52:53 -0300] "GET /cormun/static/Resources/PXToolsLoginTop.png HTTP/1.1" 304 -
190.171.141.106 - - [02/Apr/2019:15:52:53 -0300] "GET /cormun/static/Resources/PXToolsLoginBackground.png HTTP/1.1" 304 -
190.171.141.106 - - [02/Apr/2019:15:52:54 -0300] "GET /cormun/static/Resources/PXToolsLoginBottom.png HTTP/1.1" 200 1389
190.171.141.106 - - [02/Apr/2019:15:52:54 -0300] "GET /cormun/servlet/hlogin HTTP/1.1" 200 1737
190.171.141.106 - - [02/Apr/2019:15:52:54 -0300] "GET /cormun/static/Resources/indicator.gif HTTP/1.1" 304 -
190.171.141.106 - - [02/Apr/2019:15:52:54 -0300] "GET /cormun/static/Resources/indicator.gif HTTP/1.1" 200 1553
190.171.141.106 - - [02/Apr/2019:15:52:55 -0300] "POST /cormun/servlet/hlogin?f5201ab54c9a241d0a20744b2bf5f036,gx-no-cache=1554230954224 HTTP/1.1" 200 90
190.171.141.106 - - [02/Apr/2019:15:52:56 -0300] "GET /cormun/servlet/hpexe_link HTTP/1.1" 200 955
190.171.141.106 - - [02/Apr/2019:15:52:56 -0300] "GET /cormun/servlet/hhome HTTP/1.1" 200 4005
190.171.141.106 - - [02/Apr/2019:15:52:56 -0300] "GET /cormun/static/Resources/PXToolsHeaderActionsLeft.png HTTP/1.1" 304 -
190.171.141.106 - - [02/Apr/2019:15:52:57 -0300] "GET /cormun/static/Resources/PXToolsHeaderActionsBackground.png HTTP/1.1" 304 -
190.171.141.106 - - [02/Apr/2019:15:52:57 -0300] "GET /cormun/static/Resources/PXToolsHeaderActionsRight.png HTTP/1.1" 304 -
190.171.141.106 - - [02/Apr/2019:15:52:57 -0300] "GET /cormun/static/Resources/PXToolsDataTitle.png HTTP/1.1" 304 -
190.171.141.106 - - [02/Apr/2019:15:52:57 -0300] "GET /cormun/static/Resources/PXToolsHeaderSecurity.png HTTP/1.1" 304 -
190.171.141.106 - - [02/Apr/2019:15:52:57 -0300] "GET /cormun/static/Resources/PXToolsHeaderPreferences.png HTTP/1.1" 304 -
190.171.141.106 - - [02/Apr/2019:15:52:57 -0300] "GET /cormun/static/Resources/PXToolsHeaderLogin.png HTTP/1.1" 304 -
190.171.141.106 - - [02/Apr/2019:15:52:57 -0300] "GET /cormun/static/Resources/PXToolsHeaderHome.png HTTP/1.1" 304 -
190.171.141.106 - - [02/Apr/2019:15:52:57 -0300] "GET /cormun/static/scaMessage/scaMessageRender.js HTTP/1.1" 304 -
190.171.141.106 - - [02/Apr/2019:15:52:57 -0300] "GET /cormun/servlet/hhome HTTP/1.1" 200 4002
186.67.172.234 - - [02/Apr/2019:15:53:07 -0300] "GET /cormun/servlet/trautorizarsolicitud? HTTP/1.1" 200 10293
186.67.172.234 - - [02/Apr/2019:15:53:08 -0300] "GET /cormun/servlet/trautorizarsolicitud? HTTP/1.1" 200 10293
186.103.159.46 - - [02/Apr/2019:15:53:12 -0300] "GET /cormun/servlet/trlicencias? HTTP/1.1" 200 6129
186.103.159.187 - - [02/Apr/2019:15:53:14 -0300] "GET /cormun/servlet/trlicenciaspermisosadjuntos?9543879,20190402000000,L, HTTP/1.1" 200 6363
186.103.159.46 - - [02/Apr/2019:15:53:15 -0300] "GET /cormun/servlet/trlicencias? HTTP/1.1" 200 6129
186.103.159.46 - - [02/Apr/2019:15:53:15 -0300] "GET /cormun/servlet/hlogin HTTP/1.1" 200 1736
186.103.159.187 - - [02/Apr/2019:15:53:16 -0300] "GET /cormun/servlet/trlicenciaspermisosadjuntos?9543879,20190402000000,L, HTTP/1.1" 200 6363
186.103.159.187 - - [02/Apr/2019:15:53:18 -0300] "GET /cormun/servlet/licenciaspermisosadjuntos?INS,9543879,L,20190402000000,, HTTP/1.1" 200 5655
190.171.141.106 - - [02/Apr/2019:15:53:18 -0300] "GET /cormun/servlet/trsolicitudot? HTTP/1.1" 200 7218
186.103.159.187 - - [02/Apr/2019:15:53:18 -0300] "GET /cormun/static/about:blank HTTP/1.1" 404 1011
190.171.141.106 - - [02/Apr/2019:15:53:19 -0300] "GET /cormun/static/Resources/PXToolsDataSearch.png HTTP/1.1" 304 -
186.103.159.187 - - [02/Apr/2019:15:53:19 -0300] "GET /cormun/servlet/licenciaspermisosadjuntos?INS,9543879,L,20190402000000,, HTTP/1.1" 200 5645
190.171.141.106 - - [02/Apr/2019:15:53:19 -0300] "GET /cormun/static/Resources/PXToolsActionExcel.png HTTP/1.1" 304 -
190.171.141.106 - - [02/Apr/2019:15:53:19 -0300] "GET /cormun/servlet/trsolicitudot? HTTP/1.1" 200 7217
186.103.159.46 - - [02/Apr/2019:15:53:26 -0300] "POST /cormun/servlet/hlogin?cd4143cc8a8b5c31397ad4bffcc88ab4,gx-no-cache=1554230984459 HTTP/1.1" 200 90
186.103.159.46 - - [02/Apr/2019:15:53:26 -0300] "GET /cormun/servlet/hpexe_link HTTP/1.1" 200 954
186.103.159.46 - - [02/Apr/2019:15:53:27 -0300] "GET /cormun/servlet/trlicencias HTTP/1.1" 200 9361
186.103.159.46 - - [02/Apr/2019:15:53:29 -0300] "GET /cormun/servlet/trlicencias HTTP/1.1" 200 9359
190.171.141.106 - - [02/Apr/2019:15:53:31 -0300] "GET /cormun/servlet/solicitudot?INS,0,0, HTTP/1.1" 200 14889
190.171.141.106 - - [02/Apr/2019:15:53:32 -0300] "GET /cormun/servlet/solicitudot?INS,0,0, HTTP/1.1" 200 14893
186.103.159.187 - - [02/Apr/2019:15:53:45 -0300] "POST /cormun/servlet/licenciaspermisosadjuntos?c98b2cbb3fc64ab5644270e77101373e,INS,9543879,L,20190402000000,, HTTP/1.1" 200 116
186.103.159.187 - - [02/Apr/2019:15:53:45 -0300] "GET /cormun/servlet/hpexe_return? HTTP/1.1" 200 1041
186.103.159.187 - - [02/Apr/2019:15:53:46 -0300] "GET /cormun/servlet/trlicenciaspermisosadjuntos?9543879,20190402000000,L, HTTP/1.1" 200 6837
186.103.159.187 - - [02/Apr/2019:15:53:47 -0300] "GET /cormun/servlet/trlicenciaspermisosadjuntos?9543879,20190402000000,L, HTTP/1.1" 200 6834
186.103.159.187 - - [02/Apr/2019:15:53:53 -0300] "POST /cormun/servlet/trlicenciaspermisosadjuntos?c98b2cbb3fc64ab5644270e77101373e,9543879,20190402000000,L,,gx-no-cache=1554234745337 HTTP/1.1" 200 90
186.103.159.187 - - [02/Apr/2019:15:53:53 -0300] "GET /cormun/servlet/hpexe_link HTTP/1.1" 200 984
186.103.159.187 - - [02/Apr/2019:15:53:53 -0300] "GET /cormun/servlet/trlicencias HTTP/1.1" 200 10355
186.103.159.187 - - [02/Apr/2019:15:53:55 -0300] "GET /cormun/servlet/trlicencias HTTP/1.1" 200 10353
186.103.159.187 - - [02/Apr/2019:15:54:04 -0300] "GET /cormun/servlet/alicenciaprn?9543879,L,20190402000000,PU HTTP/1.1" 200 1544
186.67.172.234 - - [02/Apr/2019:15:54:35 -0300] "GET /cormun/servlet/trsolicitudot? HTTP/1.1" 200 7554
186.67.172.234 - - [02/Apr/2019:15:54:36 -0300] "GET /cormun/servlet/trsolicitudot? HTTP/1.1" 200 7553
186.67.172.234 - - [02/Apr/2019:15:54:38 -0300] "GET /cormun/servlet/solicitudot?INS,0,0, HTTP/1.1" 200 15208
186.67.172.234 - - [02/Apr/2019:15:54:39 -0300] "GET /cormun/servlet/solicitudot?INS,0,0, HTTP/1.1" 200 15212
186.103.159.187 - - [02/Apr/2019:15:54:54 -0300] "GET /cormun/servlet/trsolicitudot? HTTP/1.1" 200 10371
186.67.172.234 - - [02/Apr/2019:15:54:56 -0300] "POST /cormun/servlet/solicitudot?gx-no-cache=1554231069791 HTTP/1.1" 200 3458
186.67.172.234 - - [02/Apr/2019:15:54:57 -0300] "POST /cormun/servlet/solicitudot?4ef79478976232847b2b12cfed427fd7,INS,0,0,,gx-no-cache=1554231070382 HTTP/1.1" 200 11877
186.103.159.187 - - [02/Apr/2019:15:54:57 -0300] "GET /cormun/servlet/trsolicitudot? HTTP/1.1" 200 10372
186.67.172.234 - - [02/Apr/2019:15:54:59 -0300] "GET /cormun/servlet/solicitudot?74f0e30af085531fad6a74c1f0f9b42ef8748b33a20ac0b3de017c752023195242bbaf1b21f329efb8c16fdae81fd602,gx-no-cache=1554231073158 HTTP/1.1" 200 30
190.171.141.138 - - [02/Apr/2019:15:55:22 -0300] "GET /cormun/servlet/hlogin HTTP/1.1" 200 1720
190.171.141.138 - - [02/Apr/2019:15:55:32 -0300] "POST /cormun/servlet/hlogin?5c773f0393e99e6a3104f2db3373c830,gx-no-cache=1554231112023 HTTP/1.1" 200 90
190.171.141.138 - - [02/Apr/2019:15:55:32 -0300] "GET /cormun/servlet/hpexe_link HTTP/1.1" 200 951
190.171.141.138 - - [02/Apr/2019:15:55:33 -0300] "GET /cormun/servlet/hhome HTTP/1.1" 200 4469
190.171.141.138 - - [02/Apr/2019:15:55:34 -0300] "GET /cormun/servlet/hhome HTTP/1.1" 200 4465
190.171.141.138 - - [02/Apr/2019:15:55:39 -0300] "GET /cormun/servlet/trlicencias? HTTP/1.1" 200 12550
190.171.141.138 - - [02/Apr/2019:15:55:40 -0300] "GET /cormun/servlet/trlicencias? HTTP/1.1" 200 12548
190.171.141.138 - - [02/Apr/2019:15:55:43 -0300] "GET /cormun/servlet/trlicenciaspermisosadjuntos?16881409,20190402000000,L, HTTP/1.1" 200 6847
190.171.141.138 - - [02/Apr/2019:15:55:43 -0300] "GET /cormun/servlet/trlicenciaspermisosadjuntos?16881409,20190402000000,L, HTTP/1.1" 200 6847
190.171.141.138 - - [02/Apr/2019:15:55:47 -0300] "GET /cormun/servlet/licenciaspermisosadjuntos?INS,16881409,L,20190402000000,, HTTP/1.1" 200 6118
190.171.141.138 - - [02/Apr/2019:15:55:48 -0300] "GET /cormun/static/about:blank HTTP/1.1" 404 1011
190.171.141.138 - - [02/Apr/2019:15:55:48 -0300] "GET /cormun/servlet/licenciaspermisosadjuntos?INS,16881409,L,20190402000000,, HTTP/1.1" 200 6107
190.171.141.138 - - [02/Apr/2019:15:56:02 -0300] "POST /cormun/servlet/licenciaspermisosadjuntos?5c773f0393e99e6a3104f2db3373c830,INS,16881409,L,20190402000000,, HTTP/1.1" 200 116
190.171.141.138 - - [02/Apr/2019:15:56:02 -0300] "GET /cormun/servlet/hpexe_return? HTTP/1.1" 200 1043
190.171.141.138 - - [02/Apr/2019:15:56:03 -0300] "GET /cormun/servlet/trlicenciaspermisosadjuntos?16881409,20190402000000,L, HTTP/1.1" 200 7372
190.171.141.138 - - [02/Apr/2019:15:56:04 -0300] "GET /cormun/servlet/trlicenciaspermisosadjuntos?16881409,20190402000000,L, HTTP/1.1" 200 7368
190.171.141.138 - - [02/Apr/2019:15:56:10 -0300] "POST /cormun/servlet/trlicenciaspermisosadjuntos?5c773f0393e99e6a3104f2db3373c830,16881409,20190402000000,L,,gx-no-cache=1554231149270 HTTP/1.1" 200 90
190.171.141.138 - - [02/Apr/2019:15:56:10 -0300] "GET /cormun/servlet/hpexe_link HTTP/1.1" 200 985
190.171.141.138 - - [02/Apr/2019:15:56:10 -0300] "GET /cormun/servlet/trlicencias HTTP/1.1" 200 12550
190.171.141.138 - - [02/Apr/2019:15:56:12 -0300] "GET /cormun/servlet/trlicencias HTTP/1.1" 200 12548
190.171.141.138 - - [02/Apr/2019:15:56:18 -0300] "POST /cormun/servlet/trlicencias?5c773f0393e99e6a3104f2db3373c830,gx-no-cache=1554231157170 HTTP/1.1" 200 9610
190.171.141.138 - - [02/Apr/2019:15:56:19 -0300] "GET /cormun/static/Shared/jqueryui/images/ui-icons_82798d_256x240.png HTTP/1.1" 404 1089
190.171.141.138 - - [02/Apr/2019:15:56:19 -0300] "GET /cormun/static/Shared/jqueryui/images/ui-bg_highlight-soft_100_c6c2c8_1x100.png HTTP/1.1" 404 1117
190.171.141.138 - - [02/Apr/2019:15:56:19 -0300] "GET /cormun/static/Shared/jqueryui/images/ui-bg_flat_55_fafafa_40x100.png HTTP/1.1" 404 1097
190.171.141.138 - - [02/Apr/2019:15:56:19 -0300] "GET /cormun/static/Shared/jqueryui/images/ui-icons_8d78a5_256x240.png HTTP/1.1" 404 1089
186.103.159.187 - - [02/Apr/2019:15:57:02 -0300] "GET /cormun/servlet/trsolicitudot? HTTP/1.1" 200 10372
186.103.159.187 - - [02/Apr/2019:15:57:03 -0300] "GET /cormun/servlet/trsolicitudot? HTTP/1.1" 200 10372
186.103.159.187 - - [02/Apr/2019:15:57:19 -0300] "GET /cormun/servlet/solicitudot?INS,0,0, HTTP/1.1" 200 14888
186.103.159.187 - - [02/Apr/2019:15:57:20 -0300] "GET /cormun/servlet/solicitudot?INS,0,0, HTTP/1.1" 200 14893
186.67.172.234 - - [02/Apr/2019:15:57:39 -0300] "GET /cormun/servlet/prbanco?,MD,,gxPopupLevel%3D0%3B HTTP/1.1" 200 6722
186.67.172.234 - - [02/Apr/2019:15:57:43 -0300] "GET /cormun/servlet/solicitudot?74f0e30af085531fad6a74c1f0f9b42e4239b89d9e18c6534d39d822bc87c07da7a21fba2ebc960b4b2f35fd930dc21b2058f71b0becedc2efaf4dd65585df77,gx-no-cache=1554231237568 HTTP/1.1" 200 30
186.67.172.234 - - [02/Apr/2019:15:57:45 -0300] "GET /cormun/servlet/solicitudot?74f0e30af085531fad6a74c1f0f9b42e4f69405b0fa2134835cf297c15ecf286,gx-no-cache=1554231239273 HTTP/1.1" 200 53
186.103.159.187 - - [02/Apr/2019:15:57:48 -0300] "POST /cormun/servlet/solicitudot?gx-no-cache=1554234980314 HTTP/1.1" 200 3570
186.103.159.187 - - [02/Apr/2019:15:57:49 -0300] "POST /cormun/servlet/solicitudot?c98b2cbb3fc64ab5644270e77101373e,INS,0,0,,gx-no-cache=1554234981194 HTTP/1.1" 200 11793
190.171.143.106 - - [02/Apr/2019:15:57:55 -0300] "GET /cormun/servlet/hlogin HTTP/1.1" 200 1722
190.171.141.106 - - [02/Apr/2019:15:57:55 -0300] "GET /cormun/servlet/hlogin HTTP/1.1" 200 1719
190.171.143.106 - - [02/Apr/2019:15:57:57 -0300] "POST /cormun/servlet/hlogin?c4302af9f36c2a476525e9080fbdd64e,gx-no-cache=1554231254739 HTTP/1.1" 200 90
190.171.141.106 - - [02/Apr/2019:15:57:57 -0300] "POST /cormun/servlet/hlogin?9f9cc2b9112d390b80d3b272dcae1dfb,gx-no-cache=1554231255777 HTTP/1.1" 200 90
190.171.143.106 - - [02/Apr/2019:15:57:57 -0300] "GET /cormun/servlet/hpexe_link HTTP/1.1" 200 950
190.171.141.106 - - [02/Apr/2019:15:57:57 -0300] "GET /cormun/servlet/hpexe_link HTTP/1.1" 200 951
190.171.143.106 - - [02/Apr/2019:15:57:57 -0300] "GET /cormun/servlet/hhome HTTP/1.1" 200 4074
190.171.141.106 - - [02/Apr/2019:15:57:57 -0300] "GET /cormun/servlet/hhome HTTP/1.1" 200 4000
190.171.143.106 - - [02/Apr/2019:15:57:58 -0300] "GET /cormun/servlet/hhome HTTP/1.1" 200 4070
190.171.141.106 - - [02/Apr/2019:15:57:58 -0300] "GET /cormun/servlet/hhome HTTP/1.1" 200 3997
186.103.159.187 - - [02/Apr/2019:15:58:00 -0300] "GET /cormun/servlet/solicitudot?2017ad403fe3a866834c0a466c3a0a0ee9586a77095dfccbaee73373dbc26b907657b5a507989bfa468571f061180f63,gx-no-cache=1554234992584 HTTP/1.1" 200 30
186.103.159.187 - - [02/Apr/2019:15:58:01 -0300] "GET /cormun/servlet/solicitudot?2017ad403fe3a866834c0a466c3a0a0edc1d2acff09f466d126d9405c1c38ca02fed0a5bf2f2496c8529e9aceea2dbcb49c494047c1ac06421042d9ad1fccdd4,gx-no-cache=1554234993130 HTTP/1.1" 200 30
186.103.159.187 - - [02/Apr/2019:15:58:01 -0300] "GET /cormun/servlet/solicitudot?2017ad403fe3a866834c0a466c3a0a0ea020ed08734a7f71228e89e25a8f69ee,gx-no-cache=1554234993256 HTTP/1.1" 200 53
186.103.159.187 - - [02/Apr/2019:15:58:01 -0300] "POST /cormun/servlet/solicitudot?gx-no-cache=1554234993387 HTTP/1.1" 200 255
186.67.172.234 - - [02/Apr/2019:15:58:01 -0300] "POST /cormun/servlet/solicitudot?4ef79478976232847b2b12cfed427fd7,INS,0,0,,gx-no-cache=1554231255310 HTTP/1.1" 200 12095
186.67.172.234 - - [02/Apr/2019:15:58:01 -0300] "GET /cormun/static/Shared/jqueryui/images/ui-bg_highlight-soft_100_c6c2c8_1x100.png HTTP/1.1" 404 1117
186.67.172.234 - - [02/Apr/2019:15:58:02 -0300] "GET /cormun/static/Shared/jqueryui/images/ui-icons_8d78a5_256x240.png HTTP/1.1" 404 1089
