186.67.172.234 - - [02/Apr/2019:15:58:02 -0300] "GET /cormun/static/Shared/jqueryui/images/ui-icons_82798d_256x240.png HTTP/1.1" 404 1089
186.67.172.234 - - [02/Apr/2019:15:58:02 -0300] "GET /cormun/static/Shared/jqueryui/images/ui-bg_flat_55_fafafa_40x100.png HTTP/1.1" 404 1097
186.103.159.187 - - [02/Apr/2019:15:58:02 -0300] "GET /cormun/servlet/solicitudot?2017ad403fe3a866834c0a466c3a0a0e47e6db1590f26f472d4df29508e1e2f9c1c8384046bc57971982f4ea453bd69966b7372ecdb44b72a9639f029d4213f107e1a14207337ce912772dc908313bbe53bfe9220809426fc869fa41c0eb0989f1f502b7ef9eed09a9eacb2ae99f1c72a71c439e46e2f9f49b2e65d58d6b84af24260cc339fbf8443307d295b7948540feb92a2dda0b694ef21a8dd24bb84ee6aaaca8a975074110dafbc6efef0ea8bcf295f0890cb32d97e5245e60775165178c03bbec3f079f8be89bbfe49089d06e3a0008e71118addeabdeec17ef9b2ba9795b9b049d8c7cb48070dddc0638d8c0948ae32916ea0ea4a07ecfb6693c88bf333b9a2dbd0f08d2c926263cc811544627f12a20add4c8356651f5b43fcc896cf1e5818a33b7240a1eb65b9cbe06581dcbbfacb76317f71040aab63ec0f65689022fb6bbca4b7e75f9d3ba8a353beff2eb148623c7b51496bdf9588d9f1c93a3b1f358d259d87447545d7dcbf1816966798c47ee214bf6e169f06756e21b7ae3,gx-no-cache=1554234994000 HTTP/1.1" 200 30
190.171.143.106 - - [02/Apr/2019:15:58:03 -0300] "GET /cormun/servlet/trsolicitudot? HTTP/1.1" 200 8622
190.171.143.106 - - [02/Apr/2019:15:58:03 -0300] "GET /cormun/servlet/trsolicitudot? HTTP/1.1" 200 8620
186.67.172.234 - - [02/Apr/2019:15:58:04 -0300] "GET /cormun/servlet/solicitudot?74f0e30af085531fad6a74c1f0f9b42ea9e72f2ae2d8bf089a6e9e6d9e86cd9d8342d37468f29e2c6ac7a3604a72162d50c1875a80523ef90761a843d764289b,gx-no-cache=1554231258586 HTTP/1.1" 200 53
186.67.172.234 - - [02/Apr/2019:15:58:04 -0300] "POST /cormun/servlet/solicitudot?gx-no-cache=1554231258707 HTTP/1.1" 200 297
186.67.172.234 - - [02/Apr/2019:15:58:05 -0300] "GET /cormun/servlet/solicitudot?74f0e30af085531fad6a74c1f0f9b42e98b0ac810b55b8b8df0fe293ca619d4c26960893067d98b3d0a048b6f6e86bcbc54084da1e738b6056e7fda2c81b50221a36c3b2f1085ab4d6082c9278a1f882b9710a2e48c60bb962d8238667aad4aabacc5a4e686ceaa09dc6000e4821af212aa01fe48419d6ca12e072b9178684dff02f24ad4fcb6e4f628bafd1c91551a66a444207f0868a2e53f07bb05565415c92c09cd8650c9da15c5bc1eb64bf7aa76f7c8871ff1d7dc07fa26c0d57b588543c28885023d3a29c2e96ab1b770beaa7981b1fcc2c0f643a871da3b9ffc69e4d2bf1da55b8325849400551efd6824fcc852883f4f2d3a0e54ab294a0a01d7ef691e69ea61fe4d8d50f2bdb83a22d6082dbfd82cd597f0faabfd64bc448b6ec866acd6d157ee3c0e330908c9e4e461eecfc5eae5648b1a2222d3ba14f504c5417f663a871cb820dedce9a2af2d38337966571e147bd5214b202c99da33a7c581944199e23b9f3cc537ad020eea2c7746faa39afffa1685be70737bbe9e83fe561bde961102c51627dddd657e52670e58c,gx-no-cache=1554231258845 HTTP/1.1" 200 30
186.67.172.234 - - [02/Apr/2019:15:58:06 -0300] "POST /cormun/servlet/solicitudot?gx-no-cache=1554231260572 HTTP/1.1" 200 30
190.171.141.106 - - [02/Apr/2019:15:58:07 -0300] "GET /cormun/servlet/trsolicitudot? HTTP/1.1" 200 7209
190.171.143.106 - - [02/Apr/2019:15:58:07 -0300] "GET /cormun/static/menuarrow.gif HTTP/1.1" 404 1015
190.171.141.106 - - [02/Apr/2019:15:58:08 -0300] "GET /cormun/servlet/trsolicitudot? HTTP/1.1" 200 7208
186.67.172.234 - - [02/Apr/2019:15:58:09 -0300] "POST /cormun/servlet/solicitudot?gx-no-cache=1554231263036 HTTP/1.1" 200 1315
186.67.172.234 - - [02/Apr/2019:15:58:09 -0300] "POST /cormun/servlet/solicitudot?gx-no-cache=1554231263147 HTTP/1.1" 200 38
190.171.141.106 - - [02/Apr/2019:15:58:11 -0300] "GET /cormun/servlet/solicitudot?INS,0,0, HTTP/1.1" 200 14883
190.171.141.106 - - [02/Apr/2019:15:58:12 -0300] "GET /cormun/servlet/solicitudot?INS,0,0, HTTP/1.1" 200 14888
186.103.159.187 - - [02/Apr/2019:15:58:15 -0300] "POST /cormun/servlet/solicitudot?gx-no-cache=1554235007934 HTTP/1.1" 200 30
190.171.143.106 - - [02/Apr/2019:15:58:19 -0300] "POST /cormun/servlet/trsolicitudot?c4302af9f36c2a476525e9080fbdd64e,,gx-no-cache=1554231276806 HTTP/1.1" 200 11623
186.67.172.234 - - [02/Apr/2019:15:58:20 -0300] "GET /cormun/servlet/solicitudot?74f0e30af085531fad6a74c1f0f9b42ed2a28f63651566645b1b18186c8e58a9150c1b3ae067001f1707acb29ec82722c26f01a76f427312a10c9c506ec56095eaaacece31eb5c43645d7d9d0ebd6351925fc0c7af453959d3ec477b8c57721916deea81a8df9e099646c63ba1b40dc4,gx-no-cache=1554231273392 HTTP/1.1" 200 110
186.67.172.234 - - [02/Apr/2019:15:58:21 -0300] "POST /cormun/servlet/solicitudot?gx-no-cache=1554231274415 HTTP/1.1" 200 69
186.67.172.234 - - [02/Apr/2019:15:58:31 -0300] "GET /cormun/servlet/solicitudot?74f0e30af085531fad6a74c1f0f9b42e2323febc10fd5b336f3fbf3f8d22ac92ec8c394389f1c08d725da1e304a8b8a7021a6a0736d85d179f2c067da247e5998fa503201ddca8468b76f823c4c0b3e2b84cd521469c8285fa9d8ecbd0e6a3bd1219b7dac75fdffbc81e3a35c87486df,gx-no-cache=1554231285742 HTTP/1.1" 200 29
186.67.172.234 - - [02/Apr/2019:15:58:32 -0300] "GET /cormun/static/menuarrow.gif HTTP/1.1" 404 1015
186.103.159.187 - - [02/Apr/2019:15:58:32 -0300] "POST /cormun/servlet/solicitudot?gx-no-cache=1554235024957 HTTP/1.1" 200 30
186.67.172.234 - - [02/Apr/2019:15:58:34 -0300] "GET /cormun/servlet/solicitudot?74f0e30af085531fad6a74c1f0f9b42e406e477e0f08697ded03bfbf7f8e687a41157e65114ae4ad4153d6ea29485daf,gx-no-cache=1554231288324 HTTP/1.1" 200 30
186.67.172.234 - - [02/Apr/2019:15:58:40 -0300] "POST /cormun/servlet/solicitudot?gx-no-cache=1554231294073 HTTP/1.1" 200 30
186.103.159.187 - - [02/Apr/2019:15:58:52 -0300] "POST /cormun/servlet/solicitudot?gx-no-cache=1554235043735 HTTP/1.1" 200 1315
186.103.159.187 - - [02/Apr/2019:15:58:52 -0300] "GET /cormun/static/menuarrow.gif HTTP/1.1" 404 1015
186.103.159.187 - - [02/Apr/2019:15:58:53 -0300] "GET /cormun/servlet/prlicenciaspermisos?9543879,L,,MD,,gxPopupLevel%3D0%3B HTTP/1.1" 200 7707
186.103.159.187 - - [02/Apr/2019:15:58:54 -0300] "GET /cormun/static/gxcfg.js?20176272053834 HTTP/1.1" 200 953
186.103.159.187 - - [02/Apr/2019:15:58:54 -0300] "GET /cormun/static/prlicenciaspermisos.js?20176272054050 HTTP/1.1" 200 13379
186.67.172.234 - - [02/Apr/2019:15:59:01 -0300] "POST /cormun/servlet/solicitudot?4ef79478976232847b2b12cfed427fd7,INS,0,0,,gx-no-cache=1554231314328 HTTP/1.1" 200 93
186.67.172.234 - - [02/Apr/2019:15:59:01 -0300] "GET /cormun/servlet/hpexe_return? HTTP/1.1" 200 1003
186.67.172.234 - - [02/Apr/2019:15:59:01 -0300] "GET /cormun/servlet/trsolicitudot HTTP/1.1" 200 8911
186.67.172.234 - - [02/Apr/2019:15:59:01 -0300] "GET /cormun/servlet/trsolicitudot HTTP/1.1" 200 8907
186.103.159.187 - - [02/Apr/2019:15:59:15 -0300] "POST /cormun/servlet/solicitudot?gx-no-cache=1554235067835 HTTP/1.1" 200 41
186.67.172.234 - - [02/Apr/2019:15:59:15 -0300] "POST /cormun/servlet/trsolicitudot?4ef79478976232847b2b12cfed427fd7,gx-no-cache=1554231328651 HTTP/1.1" 200 4750
186.103.159.187 - - [02/Apr/2019:15:59:15 -0300] "GET /cormun/servlet/solicitudot?2017ad403fe3a866834c0a466c3a0a0e0dec3a76f7cfb4131cd104992c4bcddbc88bd9982ed27759981a5d040b7f1e0514ffaf73d91fc1edc5e09ca7882a472827a1f3e1b6badc0dadcd26b541e27f3526ca035261dfc134ab5ca93f309e607466f1b64cd5ecae5bff29eb88d51e2e81,gx-no-cache=1554235068157 HTTP/1.1" 200 110
186.67.172.234 - - [02/Apr/2019:15:59:16 -0300] "GET /cormun/static/Shared/jqueryui/images/ui-bg_highlight-soft_100_c6c2c8_1x100.png HTTP/1.1" 404 1117
186.67.172.234 - - [02/Apr/2019:15:59:16 -0300] "GET /cormun/static/Shared/jqueryui/images/ui-icons_8d78a5_256x240.png HTTP/1.1" 404 1089
186.67.172.234 - - [02/Apr/2019:15:59:16 -0300] "GET /cormun/static/Shared/jqueryui/images/ui-icons_82798d_256x240.png HTTP/1.1" 404 1089
186.67.172.234 - - [02/Apr/2019:15:59:16 -0300] "GET /cormun/static/Shared/jqueryui/images/ui-bg_flat_55_fafafa_40x100.png HTTP/1.1" 404 1097
186.103.159.187 - - [02/Apr/2019:15:59:16 -0300] "POST /cormun/servlet/solicitudot?gx-no-cache=1554235068253 HTTP/1.1" 200 97
186.67.172.234 - - [02/Apr/2019:15:59:16 -0300] "POST /cormun/servlet/trsolicitudot?4ef79478976232847b2b12cfed427fd7,gx-no-cache=1554231329912 HTTP/1.1" 200 4528
186.103.159.187 - - [02/Apr/2019:15:59:30 -0300] "GET /cormun/servlet/solicitudot?2017ad403fe3a866834c0a466c3a0a0e4c763e857a59e0749dcbbe9420a7edf5886b15b26be7d10619f8ce174b55b669e3e6f286c6a510b50b9f3d566c0707ba823ef4b3a4fe4bdf0cd2bce95020e47ae73a434bf24bc5d608a32869f1b58933c2f5712aef5dfc544d1e3010a62c11f222c3f693d0ec8298b3ca925ad700c299a0cc8e17546b045984112999c1b74f511383a4ad8faf49f512a92606c0b82f73,gx-no-cache=1554235082785 HTTP/1.1" 200 29
186.103.159.187 - - [02/Apr/2019:15:59:38 -0300] "GET /cormun/servlet/solicitudot?2017ad403fe3a866834c0a466c3a0a0e593c4496c64f4744e89ccad3fdc34bc0ae8b57e9a9189744127fa6925b27759a,gx-no-cache=1554235090779 HTTP/1.1" 200 30
186.103.159.187 - - [02/Apr/2019:15:59:38 -0300] "POST /cormun/servlet/solicitudot?gx-no-cache=1554235090916 HTTP/1.1" 200 135
186.103.159.187 - - [02/Apr/2019:15:59:38 -0300] "GET /cormun/static/Shared/jqueryui/images/ui-bg_highlight-soft_100_c6c2c8_1x100.png HTTP/1.1" 404 1117
186.103.159.187 - - [02/Apr/2019:15:59:39 -0300] "GET /cormun/static/Shared/jqueryui/images/ui-icons_82798d_256x240.png HTTP/1.1" 404 1089
186.103.159.187 - - [02/Apr/2019:15:59:39 -0300] "GET /cormun/static/Shared/jqueryui/images/ui-bg_flat_55_994d53_40x100.png HTTP/1.1" 404 1097
186.103.159.187 - - [02/Apr/2019:15:59:39 -0300] "GET /cormun/static/Shared/jqueryui/images/ui-icons_ebccce_256x240.png HTTP/1.1" 404 1089
190.171.141.106 - - [02/Apr/2019:16:00:05 -0300] "POST /cormun/servlet/solicitudot?gx-no-cache=1554231382919 HTTP/1.1" 200 3457
190.171.141.106 - - [02/Apr/2019:16:00:05 -0300] "POST /cormun/servlet/solicitudot?9f9cc2b9112d390b80d3b272dcae1dfb,INS,0,0,,gx-no-cache=1554231383551 HTTP/1.1" 200 11672
186.67.172.234 - - [02/Apr/2019:16:00:10 -0300] "GET /cormun/servlet/trautorizarsolicitud? HTTP/1.1" 200 10622
186.67.172.234 - - [02/Apr/2019:16:00:11 -0300] "GET /cormun/servlet/trautorizarsolicitud? HTTP/1.1" 200 10621
190.171.141.106 - - [02/Apr/2019:16:00:14 -0300] "GET /cormun/servlet/solicitudot?2b4890bd1f9ed913ef180141bb24e08a284b4566d4ddc611f720639fb39679a94694f8e3a20f490f5704e6b309cdebd7,gx-no-cache=1554231392602 HTTP/1.1" 200 30
186.103.159.187 - - [02/Apr/2019:16:00:30 -0300] "POST /cormun/servlet/solicitudot?gx-no-cache=1554235142105 HTTP/1.1" 200 135
186.103.159.187 - - [02/Apr/2019:16:00:31 -0300] "POST /cormun/servlet/solicitudot?c98b2cbb3fc64ab5644270e77101373e,INS,0,0,,gx-no-cache=1554235142899 HTTP/1.1" 200 12205
186.103.159.187 - - [02/Apr/2019:16:01:02 -0300] "GET /cormun/servlet/prcontratosol?17503462,,,,,MD,,gxPopupLevel%3D0%3B HTTP/1.1" 200 9227
186.103.159.187 - - [02/Apr/2019:16:01:03 -0300] "GET /cormun/static/gxcfg.js?201761413223964 HTTP/1.1" 200 953
186.103.159.187 - - [02/Apr/2019:16:01:03 -0300] "GET /cormun/static/prcontratosol.js?201761413224174 HTTP/1.1" 200 15806
186.103.159.187 - - [02/Apr/2019:16:01:13 -0300] "POST /cormun/servlet/solicitudot?gx-no-cache=1554235185844 HTTP/1.1" 200 30
186.103.159.187 - - [02/Apr/2019:16:01:13 -0300] "POST /cormun/servlet/solicitudot?gx-no-cache=1554235185971 HTTP/1.1" 200 1315
186.103.159.187 - - [02/Apr/2019:16:01:14 -0300] "POST /cormun/servlet/solicitudot?gx-no-cache=1554235186260 HTTP/1.1" 200 41
186.103.159.187 - - [02/Apr/2019:16:01:14 -0300] "GET /cormun/servlet/solicitudot?2017ad403fe3a866834c0a466c3a0a0e0dec3a76f7cfb4131cd104992c4bcddbc88bd9982ed27759981a5d040b7f1e0514ffaf73d91fc1edc5e09ca7882a472827a1f3e1b6badc0dadcd26b541e27f3526ca035261dfc134ab5ca93f309e607466f1b64cd5ecae5bff29eb88d51e2e81,gx-no-cache=1554235186755 HTTP/1.1" 200 110
186.103.159.187 - - [02/Apr/2019:16:01:14 -0300] "POST /cormun/servlet/solicitudot?gx-no-cache=1554235186836 HTTP/1.1" 200 97
186.103.159.187 - - [02/Apr/2019:16:01:28 -0300] "POST /cormun/servlet/solicitudot?gx-no-cache=1554235200738 HTTP/1.1" 200 30
186.103.159.187 - - [02/Apr/2019:16:01:38 -0300] "POST /cormun/servlet/solicitudot?gx-no-cache=1554235210974 HTTP/1.1" 200 1315
186.103.159.187 - - [02/Apr/2019:16:01:38 -0300] "POST /cormun/servlet/solicitudot?gx-no-cache=1554235211101 HTTP/1.1" 200 41
186.103.159.187 - - [02/Apr/2019:16:01:39 -0300] "GET /cormun/servlet/solicitudot?2017ad403fe3a866834c0a466c3a0a0e0dec3a76f7cfb4131cd104992c4bcddbc88bd9982ed27759981a5d040b7f1e0514ffaf73d91fc1edc5e09ca7882a472827a1f3e1b6badc0dadcd26b541e27f3526ca035261dfc134ab5ca93f309e607466f1b64cd5ecae5bff29eb88d51e2e81,gx-no-cache=1554235211189 HTTP/1.1" 200 110
186.103.159.187 - - [02/Apr/2019:16:01:40 -0300] "POST /cormun/servlet/solicitudot?gx-no-cache=1554235211621 HTTP/1.1" 200 97
186.103.159.187 - - [02/Apr/2019:16:01:41 -0300] "POST /cormun/servlet/solicitudot?gx-no-cache=1554235212393 HTTP/1.1" 200 34
186.103.159.187 - - [02/Apr/2019:16:01:41 -0300] "POST /cormun/servlet/solicitudot?c98b2cbb3fc64ab5644270e77101373e,INS,0,0,,gx-no-cache=1554235213402 HTTP/1.1" 200 12207
190.171.143.106 - - [02/Apr/2019:16:01:52 -0300] "POST /cormun/servlet/trsolicitudot?c4302af9f36c2a476525e9080fbdd64e,,gx-no-cache=1554231489109 HTTP/1.1" 200 107
190.171.143.106 - - [02/Apr/2019:16:01:52 -0300] "GET /cormun/servlet/trsolicitudadjuntos?2019,15017, HTTP/1.1" 200 6125
190.171.143.106 - - [02/Apr/2019:16:01:52 -0300] "GET /cormun/static/trsolicitudadjuntos.js?20177612135632 HTTP/1.1" 200 17922
190.171.143.106 - - [02/Apr/2019:16:01:53 -0300] "GET /cormun/static/gxcfg.js?20177612135366 HTTP/1.1" 200 953
190.171.143.106 - - [02/Apr/2019:16:01:53 -0300] "GET /cormun/servlet/trsolicitudadjuntos?2019,15017, HTTP/1.1" 200 6125
190.171.143.106 - - [02/Apr/2019:16:02:20 -0300] "GET /cormun/servlet/trsolicitudot? HTTP/1.1" 200 14426
190.171.143.106 - - [02/Apr/2019:16:02:21 -0300] "GET /cormun/servlet/trsolicitudot? HTTP/1.1" 200 14423
186.103.159.187 - - [02/Apr/2019:16:02:41 -0300] "GET /cormun/servlet/hhome HTTP/1.1" 200 3992
186.103.159.187 - - [02/Apr/2019:16:02:43 -0300] "GET /cormun/servlet/hhome HTTP/1.1" 200 4002
186.103.159.187 - - [02/Apr/2019:16:02:46 -0300] "GET /cormun/servlet/trsolicitudot? HTTP/1.1" 200 10377
186.103.159.187 - - [02/Apr/2019:16:02:47 -0300] "GET /cormun/servlet/trsolicitudot? HTTP/1.1" 200 10376
186.103.159.187 - - [02/Apr/2019:16:02:56 -0300] "GET /cormun/servlet/solicitudot?INS,0,0, HTTP/1.1" 200 14890
186.103.159.187 - - [02/Apr/2019:16:02:58 -0300] "GET /cormun/servlet/solicitudot?INS,0,0, HTTP/1.1" 200 14895
186.103.159.187 - - [02/Apr/2019:16:03:20 -0300] "POST /cormun/servlet/solicitudot?gx-no-cache=1554235311695 HTTP/1.1" 200 3551
186.103.159.187 - - [02/Apr/2019:16:03:21 -0300] "POST /cormun/servlet/solicitudot?c98b2cbb3fc64ab5644270e77101373e,INS,0,0,,gx-no-cache=1554235312979 HTTP/1.1" 200 11764
186.103.159.187 - - [02/Apr/2019:16:03:35 -0300] "GET /cormun/servlet/solicitudot?2017ad403fe3a866834c0a466c3a0a0e40b829929e688beb66b42d1ed4dab6027657b5a507989bfa468571f061180f63,gx-no-cache=1554235327920 HTTP/1.1" 200 30
186.103.159.187 - - [02/Apr/2019:16:03:35 -0300] "GET /cormun/servlet/solicitudot?2017ad403fe3a866834c0a466c3a0a0e0518a90af25ec4fef296a7969230242189ff56cf232fe607d2305a90261e018df1855a9af01239fa0552afa2add25c97,gx-no-cache=1554235328005 HTTP/1.1" 200 30
186.103.159.187 - - [02/Apr/2019:16:03:35 -0300] "GET /cormun/servlet/solicitudot?2017ad403fe3a866834c0a466c3a0a0eee9e121a916daa3156d22f7cf6fe89ae,gx-no-cache=1554235328134 HTTP/1.1" 200 51
186.103.159.187 - - [02/Apr/2019:16:03:36 -0300] "POST /cormun/servlet/solicitudot?gx-no-cache=1554235328218 HTTP/1.1" 200 255
186.103.159.187 - - [02/Apr/2019:16:03:37 -0300] "GET /cormun/servlet/solicitudot?2017ad403fe3a866834c0a466c3a0a0e47e6db1590f26f472d4df29508e1e2f9c1c8384046bc57971982f4ea453bd69966b7372ecdb44b72a9639f029d4213f107e1a14207337ce912772dc908313bbe53bfe9220809426fc869fa41c0eb0989f1f502b7ef9eed09a9eacb2ae99f1c72a71c439e46e2f9f49b2e65d58d6b84af24260cc339fbf8443307d295b7948540feb92a2dda0b694ef21a8dd24bb84ee6aaaca8a975074110dafbc6efef0ea8bcf295f0890cb32d97e5245e60775165178c03bbec3f079f8be89bbfe49089d06e3a0008e71118addeabdeec17ef9b2ba9795b9b049d8c7cb48070dddc0638d8c0948ae32916ea0ea4a07ecfb6693c88bf333b9a2dbd0f08d2c926263cc811544627f12a20add4c8356651f5b43fcc896cf1e5818a33b7240a1eb65b9cbe06581dcbbfacb76317f71040aab63ec0f65689022fb6bbca4b7e75f9d3ba8a353beff2eb148623c7b51496bdf9588d9f1c93a3b1f358d259d87447545d7dcbf1816966798c47ee214bf6e169f06756e21b7ae3,gx-no-cache=1554235328622 HTTP/1.1" 200 30
186.103.159.187 - - [02/Apr/2019:16:03:57 -0300] "POST /cormun/servlet/solicitudot?gx-no-cache=1554235350080 HTTP/1.1" 200 30
186.103.159.187 - - [02/Apr/2019:16:04:01 -0300] "POST /cormun/servlet/solicitudot?gx-no-cache=1554235353411 HTTP/1.1" 200 1317
186.103.159.187 - - [02/Apr/2019:16:04:01 -0300] "POST /cormun/servlet/solicitudot?gx-no-cache=1554235353519 HTTP/1.1" 200 38
186.103.159.187 - - [02/Apr/2019:16:04:01 -0300] "GET /cormun/servlet/solicitudot?2017ad403fe3a866834c0a466c3a0a0e0dec3a76f7cfb4131cd104992c4bcddbc88bd9982ed27759981a5d040b7f1e0514ffaf73d91fc1edc5e09ca7882a472827a1f3e1b6badc0dadcd26b541e27f3526ca035261dfc134ab5ca93f309e607466f1b64cd5ecae5bff29eb88d51e2e81,gx-no-cache=1554235353576 HTTP/1.1" 200 110
186.103.159.187 - - [02/Apr/2019:16:04:08 -0300] "POST /cormun/servlet/solicitudot?gx-no-cache=1554235360892 HTTP/1.1" 200 69
186.103.159.187 - - [02/Apr/2019:16:04:10 -0300] "GET /cormun/servlet/solicitudot?2017ad403fe3a866834c0a466c3a0a0e4c763e857a59e0749dcbbe9420a7edf5886b15b26be7d10619f8ce174b55b669e3e6f286c6a510b50b9f3d566c0707ba823ef4b3a4fe4bdf0cd2bce95020e47ae73a434bf24bc5d608a32869f1b58933c2f5712aef5dfc544d1e3010a62c11f222c3f693d0ec8298b3ca925ad700c299a0cc8e17546b045984112999c1b74f511383a4ad8faf49f512a92606c0b82f73,gx-no-cache=1554235363105 HTTP/1.1" 200 29
186.103.159.187 - - [02/Apr/2019:16:04:18 -0300] "GET /cormun/static/menuarrow.gif HTTP/1.1" 404 1015
186.103.159.187 - - [02/Apr/2019:16:04:22 -0300] "GET /cormun/servlet/solicitudot?2017ad403fe3a866834c0a466c3a0a0e593c4496c64f4744e89ccad3fdc34bc0585e7a066c9ee79d70e64d122d209344,gx-no-cache=1554235374496 HTTP/1.1" 200 30
186.103.159.187 - - [02/Apr/2019:16:04:41 -0300] "POST /cormun/servlet/solicitudot?gx-no-cache=1554235393602 HTTP/1.1" 200 30
190.171.141.106 - - [02/Apr/2019:16:05:10 -0300] "GET /cormun/servlet/solicitudot?2b4890bd1f9ed913ef180141bb24e08aa3c50d1ffcf0ece4812a51d46e1cac1613da140dd6d553aab3c6a100c9eb45684e769e9ea675e4e1a549ba4ddcf6394f,gx-no-cache=1554231688455 HTTP/1.1" 200 30
190.171.141.106 - - [02/Apr/2019:16:05:14 -0300] "GET /cormun/servlet/solicitudot?2b4890bd1f9ed913ef180141bb24e08a936342a84dffd66849e698ad57146c94,gx-no-cache=1554231693236 HTTP/1.1" 200 53
190.171.143.106 - - [02/Apr/2019:16:05:20 -0300] "GET /cormun/servlet/trpermisosgoce? HTTP/1.1" 200 9246
190.171.143.106 - - [02/Apr/2019:16:05:21 -0300] "GET /cormun/servlet/trpermisosgoce? HTTP/1.1" 200 9245
190.171.143.106 - - [02/Apr/2019:16:05:27 -0300] "POST /cormun/servlet/trpermisosgoce?c4302af9f36c2a476525e9080fbdd64e,,gx-no-cache=1554231705142 HTTP/1.1" 200 6147
190.171.143.106 - - [02/Apr/2019:16:05:28 -0300] "POST /cormun/servlet/trpermisosgoce?c4302af9f36c2a476525e9080fbdd64e,,gx-no-cache=1554231705532 HTTP/1.1" 200 6125
190.171.141.106 - - [02/Apr/2019:16:05:50 -0300] "POST /cormun/servlet/solicitudot?gx-no-cache=1554231729140 HTTP/1.1" 200 297
190.171.141.106 - - [02/Apr/2019:16:05:50 -0300] "GET /cormun/servlet/solicitudot?2b4890bd1f9ed913ef180141bb24e08af7510a9da5ba871cbe4da71424153ff78d79c391b4aa2c7d9fd58d0acf18f87f24402e28a8338cec95d095a6b22123d27cf71ba43cdb1fb836029880587be332bb2b496fa4a62f3209fe25b1a4824075f735b92cd3b8f2f54357a31bcfdbfeb05fbdf8868188cd27eb1a64a154cdc4a7d8024a421df1b7a11cf5dd0b7fa7ee31f49d4e76ed9b91a75ec4767e7188a3cdbf1ba214685a9c6b19263361cabeeacad5a4d75d98456541fc9ae21e598284ef08853d13b942530be93bb23eead77afd8cc787cec61e1968bd687791326b6c8d2620bac070686e6f720c750f39c42712a17b53811c58c438f0f66ed049795000d43aa159f586919c0a25dcae7b80ef6ee0478456f8e0c2e40fc79768e3504eadb4a4479440c638701796a4b46095e5c8d6a83e53b904f232ce286ce1e3528e7c0a0b3d8ce5d996f56a43d151c9744b0523892dc484f662ad7bca17705c6f9530597ca13a6d19809870d9f7f8e0f30155c27662c2c42adc3cb23128e5ace23e08488f44c29e0630cdb56ddf3a6fbeabb2,gx-no-cache=1554231729207 HTTP/1.1" 200 30
190.171.141.106 - - [02/Apr/2019:16:06:10 -0300] "POST /cormun/servlet/solicitudot?gx-no-cache=1554231748682 HTTP/1.1" 200 30
186.67.164.138 - - [02/Apr/2019:16:06:57 -0300] "GET /cormun/servlet/hlogin HTTP/1.1" 200 1723
200.54.103.162 - - [02/Apr/2019:16:06:58 -0300] "GET /cormun/servlet/hlogin HTTP/1.1" 200 1723
186.67.164.138 - - [02/Apr/2019:16:07:01 -0300] "GET /cormun/servlet/hlogin HTTP/1.1" 200 1723
186.67.164.138 - - [02/Apr/2019:16:07:02 -0300] "GET /cormun/servlet/hlogin HTTP/1.1" 200 1733
200.54.103.162 - - [02/Apr/2019:16:07:05 -0300] "POST /cormun/servlet/hlogin?528af4f080656494744a4a33869064fd,gx-no-cache=1554231803147 HTTP/1.1" 200 90
200.54.103.162 - - [02/Apr/2019:16:07:05 -0300] "GET /cormun/servlet/hpexe_link HTTP/1.1" 200 954
200.54.103.162 - - [02/Apr/2019:16:07:05 -0300] "GET /cormun/servlet/hhome HTTP/1.1" 200 4342
200.54.103.162 - - [02/Apr/2019:16:07:07 -0300] "GET /cormun/servlet/hhome HTTP/1.1" 200 4338
190.171.141.82 - - [02/Apr/2019:16:07:09 -0300] "GET /cormun/servlet/hlogin HTTP/1.1" 200 1725
200.54.103.162 - - [02/Apr/2019:16:07:10 -0300] "GET /cormun/servlet/trcontratounov2? HTTP/1.1" 200 17672
190.171.141.82 - - [02/Apr/2019:16:07:10 -0300] "GET /cormun/servlet/hlogin HTTP/1.1" 200 1730
200.54.103.162 - - [02/Apr/2019:16:07:12 -0300] "GET /cormun/servlet/trcontratounov2? HTTP/1.1" 200 17677
190.171.141.106 - - [02/Apr/2019:16:07:16 -0300] "POST /cormun/servlet/solicitudot?gx-no-cache=1554231814794 HTTP/1.1" 200 1316
190.171.141.106 - - [02/Apr/2019:16:07:16 -0300] "POST /cormun/servlet/solicitudot?gx-no-cache=1554231815091 HTTP/1.1" 200 38
200.54.103.162 - - [02/Apr/2019:16:07:22 -0300] "POST /cormun/servlet/trcontratounov2?528af4f080656494744a4a33869064fd,,gx-no-cache=1554231819395 HTTP/1.1" 200 16129
200.54.103.162 - - [02/Apr/2019:16:07:29 -0300] "POST /cormun/servlet/trcontratounov2?528af4f080656494744a4a33869064fd,,gx-no-cache=1554231827059 HTTP/1.1" 200 17382
186.103.159.187 - - [02/Apr/2019:16:07:41 -0300] "POST /cormun/servlet/solicitudot?c98b2cbb3fc64ab5644270e77101373e,INS,0,0,,gx-no-cache=1554235572810 HTTP/1.1" 200 93
186.103.159.187 - - [02/Apr/2019:16:07:41 -0300] "GET /cormun/servlet/hpexe_return? HTTP/1.1" 200 1006
200.54.103.162 - - [02/Apr/2019:16:07:41 -0300] "GET /cormun/servlet/trsolicitudot? HTTP/1.1" 200 7549
186.103.159.187 - - [02/Apr/2019:16:07:41 -0300] "GET /cormun/servlet/trsolicitudot HTTP/1.1" 200 10831
186.67.164.138 - - [02/Apr/2019:16:07:42 -0300] "POST /cormun/servlet/hlogin?f68f11c6fb74a6ebc132a6069326e858,gx-no-cache=1554231841434 HTTP/1.1" 200 90
186.67.164.138 - - [02/Apr/2019:16:07:42 -0300] "GET /cormun/servlet/hpexe_link HTTP/1.1" 200 954
186.67.164.138 - - [02/Apr/2019:16:07:43 -0300] "GET /cormun/servlet/hhome HTTP/1.1" 200 4131
186.103.159.187 - - [02/Apr/2019:16:07:43 -0300] "GET /cormun/servlet/trsolicitudot HTTP/1.1" 200 10826
200.54.103.162 - - [02/Apr/2019:16:07:43 -0300] "GET /cormun/servlet/trsolicitudot? HTTP/1.1" 200 7549
186.67.164.138 - - [02/Apr/2019:16:07:44 -0300] "GET /cormun/servlet/hhome HTTP/1.1" 200 4127
200.54.103.162 - - [02/Apr/2019:16:07:49 -0300] "GET /cormun/servlet/solicitudot?INS,0,0, HTTP/1.1" 200 15207
186.67.164.138 - - [02/Apr/2019:16:07:50 -0300] "GET /cormun/servlet/trautorizarsolicitud? HTTP/1.1" 200 8581
186.67.164.138 - - [02/Apr/2019:16:07:50 -0300] "GET /cormun/servlet/trautorizarsolicitud? HTTP/1.1" 200 8579
200.54.103.162 - - [02/Apr/2019:16:07:52 -0300] "GET /cormun/servlet/solicitudot?INS,0,0, HTTP/1.1" 200 15212
186.103.159.187 - - [02/Apr/2019:16:07:54 -0300] "POST /cormun/servlet/trsolicitudot?c98b2cbb3fc64ab5644270e77101373e,gx-no-cache=1554235586938 HTTP/1.1" 200 7562
186.103.159.187 - - [02/Apr/2019:16:07:55 -0300] "GET /cormun/static/Shared/jqueryui/images/ui-bg_highlight-soft_100_c6c2c8_1x100.png HTTP/1.1" 404 1117
186.103.159.187 - - [02/Apr/2019:16:07:55 -0300] "GET /cormun/static/Shared/jqueryui/images/ui-icons_82798d_256x240.png HTTP/1.1" 404 1089
186.103.159.187 - - [02/Apr/2019:16:07:55 -0300] "GET /cormun/static/Shared/jqueryui/images/ui-bg_flat_55_fafafa_40x100.png HTTP/1.1" 404 1097
186.103.159.187 - - [02/Apr/2019:16:07:55 -0300] "GET /cormun/static/Shared/jqueryui/images/ui-icons_8d78a5_256x240.png HTTP/1.1" 404 1089
186.103.159.187 - - [02/Apr/2019:16:07:55 -0300] "POST /cormun/servlet/trsolicitudot?c98b2cbb3fc64ab5644270e77101373e,gx-no-cache=1554235587560 HTTP/1.1" 200 7505
190.171.141.106 - - [02/Apr/2019:16:08:00 -0300] "GET /cormun/servlet/solicitudot?2b4890bd1f9ed913ef180141bb24e08a41bcd7cbe69a00e8e247d2f87e0316971850d2c637f7c6f67cb446ded6a87794473bba48652a6ecdfc9f545949f658e74263e33b3f79c65c98b98b3811f152d113d8ccc247a54a5cf663a4a8ee5e0a3a2ccd497755e1fa29119d0d9bd28bb119,gx-no-cache=1554231858553 HTTP/1.1" 200 110
190.171.141.106 - - [02/Apr/2019:16:08:00 -0300] "POST /cormun/servlet/solicitudot?gx-no-cache=1554231858798 HTTP/1.1" 200 72
200.54.103.162 - - [02/Apr/2019:16:08:11 -0300] "POST /cormun/servlet/solicitudot?gx-no-cache=1554231869813 HTTP/1.1" 200 3555
200.54.103.162 - - [02/Apr/2019:16:08:12 -0300] "POST /cormun/servlet/solicitudot?528af4f080656494744a4a33869064fd,INS,0,0,,gx-no-cache=1554231870127 HTTP/1.1" 200 12001
200.54.103.162 - - [02/Apr/2019:16:08:14 -0300] "GET /cormun/servlet/solicitudot?9f7d405e739a42e128d93c2dbe9bd718b3ba8e3470e5f242934f7d527bd7683e18da5aaf22e0ce515733b44551314563,gx-no-cache=1554231872535 HTTP/1.1" 200 30
200.54.103.162 - - [02/Apr/2019:16:08:14 -0300] "GET /cormun/servlet/solicitudot?9f7d405e739a42e128d93c2dbe9bd718eaef454f0fda4d2d803cd2ac11322a68e8107fcacae335fa64ad88cb3a1bc6e1,gx-no-cache=1554231872634 HTTP/1.1" 200 30
200.54.103.162 - - [02/Apr/2019:16:08:14 -0300] "GET /cormun/servlet/solicitudot?9f7d405e739a42e128d93c2dbe9bd7180d7b791812a4d1987a183feedae968e2,gx-no-cache=1554231872699 HTTP/1.1" 200 70
200.54.103.162 - - [02/Apr/2019:16:08:14 -0300] "POST /cormun/servlet/solicitudot?gx-no-cache=1554231872814 HTTP/1.1" 200 255
200.54.103.162 - - [02/Apr/2019:16:08:14 -0300] "GET /cormun/servlet/solicitudot?9f7d405e739a42e128d93c2dbe9bd718b81e81f39201a3b2305f7b5df4a7c87046bfd054d5f64225040e57c28bb83dad5ddf0495c59c63e70625d1b884486aa635d2e4e2c0e04b47acd6a8c7def57b6892d75b92153971495dc0ee5ffe3e031e96ae411cd08276edf3fff82d12eb358a695cd95ecf6dd4c0c60fb1291bb9a8899ef699fb6bb4a8b4ff5a5a5369c0438f0c8e4bc378296ac17d8d87b04e435b0e3705d8924b047d6aa58be6c9210d1b30c8c4cdcc3178e174d9150a10280b8c914d0ca86d35c68eb04170e740df4681884784dcccdd8c2360f1dd028c7c1cd2b2221af22ce5fd1315e7bffcaf569504848319259c5ff9619575fcf758be2d6e1ba40cab87adf96c9407b720353c11278d7691f980144b1f65f5338ca3b68a7d635bfab31bbed34b111e2973b385528c87bf4f3e92a11f390bf4fd982ea745d99ba4a14c0219ce2b6a483470fbf753e7b02221455ead3b13af5aad924a7aefd26d4153afe28e9fbe78807d77ed536dbe294c2a5cc8c6e37831a1dcc8d0d137d570,gx-no-cache=1554231872926 HTTP/1.1" 200 30
200.54.103.162 - - [02/Apr/2019:16:08:17 -0300] "POST /cormun/servlet/solicitudot?gx-no-cache=1554231875012 HTTP/1.1" 200 30
186.67.164.138 - - [02/Apr/2019:16:08:17 -0300] "POST /cormun/servlet/trautorizarsolicitud?f68f11c6fb74a6ebc132a6069326e858,,gx-no-cache=1554231875926 HTTP/1.1" 200 4701
186.67.164.138 - - [02/Apr/2019:16:08:17 -0300] "GET /cormun/static/Shared/jqueryui/images/ui-bg_highlight-soft_100_c6c2c8_1x100.png HTTP/1.1" 404 1117
186.67.164.138 - - [02/Apr/2019:16:08:17 -0300] "GET /cormun/static/Shared/jqueryui/images/ui-icons_82798d_256x240.png HTTP/1.1" 404 1089
186.67.164.138 - - [02/Apr/2019:16:08:17 -0300] "GET /cormun/static/Shared/jqueryui/images/ui-bg_flat_55_fafafa_40x100.png HTTP/1.1" 404 1097
186.67.164.138 - - [02/Apr/2019:16:08:17 -0300] "GET /cormun/static/Shared/jqueryui/images/ui-icons_8d78a5_256x240.png HTTP/1.1" 404 1089
186.67.164.138 - - [02/Apr/2019:16:08:17 -0300] "POST /cormun/servlet/trautorizarsolicitud?f68f11c6fb74a6ebc132a6069326e858,,gx-no-cache=1554231876589 HTTP/1.1" 200 4470
200.54.103.162 - - [02/Apr/2019:16:08:18 -0300] "GET /cormun/servlet/prsolicitudot?9448944,,,,,MD,,gxPopupLevel%3D0%3B HTTP/1.1" 200 6270
200.54.103.162 - - [02/Apr/2019:16:08:22 -0300] "POST /cormun/servlet/solicitudot?gx-no-cache=1554231880583 HTTP/1.1" 200 1316
200.54.103.162 - - [02/Apr/2019:16:08:23 -0300] "POST /cormun/servlet/solicitudot?gx-no-cache=1554231880963 HTTP/1.1" 200 38
200.54.103.162 - - [02/Apr/2019:16:08:23 -0300] "GET /cormun/servlet/solicitudot?9f7d405e739a42e128d93c2dbe9bd718856d8e7d2093f9db1c4df823b596da77d314ff0395129d9e300a8a9f72142886b7a8a9d7fbfefd58264beee44261b5b04825a382a2f6437fed4341c766008a9f41b8b2cda350b0de46eb369baeb28cef9bdca1c6c6f9d71be91c4eb4f8a25bd4,gx-no-cache=1554231881106 HTTP/1.1" 200 110
200.54.103.162 - - [02/Apr/2019:16:08:23 -0300] "POST /cormun/servlet/solicitudot?gx-no-cache=1554231881262 HTTP/1.1" 200 97
200.54.103.162 - - [02/Apr/2019:16:08:23 -0300] "GET /cormun/servlet/solicitudot?9f7d405e739a42e128d93c2dbe9bd718234fe8cca55116723046d44178dbdcf08eeffcd18d7884a21b9a0672102fb768f041b653288c1fce63ca6defb1f72da0872a7559572b7ff7b0bd645c867904feb4d488ed042838eab905729709e8e902f96236b1c3216382d1cb59da8166c85844f42a9401d9626248c2b0d9dac53e8c324c087d3b6c3ecbcf2c6f9f559a234f0c6a9638615385b2685d787335104365,gx-no-cache=1554231881437 HTTP/1.1" 200 29
200.54.103.162 - - [02/Apr/2019:16:08:23 -0300] "GET /cormun/servlet/solicitudot?9f7d405e739a42e128d93c2dbe9bd71878eac9a5a1a656a4d7ab0045451f26cf34f9b33e9f92bd84d976c77cbfa493d6,gx-no-cache=1554231881589 HTTP/1.1" 200 134
200.54.103.162 - - [02/Apr/2019:16:08:23 -0300] "GET /cormun/static/Shared/jqueryui/images/ui-bg_highlight-soft_100_c6c2c8_1x100.png HTTP/1.1" 404 1117
200.54.103.162 - - [02/Apr/2019:16:08:23 -0300] "GET /cormun/static/Shared/jqueryui/images/ui-icons_82798d_256x240.png HTTP/1.1" 404 1089
200.54.103.162 - - [02/Apr/2019:16:08:23 -0300] "GET /cormun/static/Shared/jqueryui/images/ui-icons_ebccce_256x240.png HTTP/1.1" 404 1089
200.54.103.162 - - [02/Apr/2019:16:08:23 -0300] "GET /cormun/static/Shared/jqueryui/images/ui-bg_flat_55_994d53_40x100.png HTTP/1.1" 404 1097
200.54.103.162 - - [02/Apr/2019:16:08:39 -0300] "GET /cormun/static/menuarrow.gif HTTP/1.1" 404 1015
190.171.141.82 - - [02/Apr/2019:16:08:41 -0300] "POST /cormun/servlet/hlogin?b33c3b20545647c42bc20cf061b281b5,gx-no-cache=1554231897564 HTTP/1.1" 200 90
190.171.141.82 - - [02/Apr/2019:16:08:41 -0300] "GET /cormun/servlet/hpexe_link HTTP/1.1" 200 949
190.171.141.82 - - [02/Apr/2019:16:08:41 -0300] "GET /cormun/servlet/hhome HTTP/1.1" 200 4342
190.171.141.82 - - [02/Apr/2019:16:08:42 -0300] "GET /cormun/servlet/hhome HTTP/1.1" 200 4338
200.54.103.162 - - [02/Apr/2019:16:08:46 -0300] "GET /cormun/servlet/solicitudot?9f7d405e739a42e128d93c2dbe9bd71863a32898cd836ee4c30aa1cd7f785ac0a2b15720e83ea30ed180053d63e104e5,gx-no-cache=1554231904004 HTTP/1.1" 200 30
200.54.103.162 - - [02/Apr/2019:16:08:46 -0300] "POST /cormun/servlet/solicitudot?gx-no-cache=1554231904148 HTTP/1.1" 200 33
200.54.103.162 - - [02/Apr/2019:16:08:51 -0300] "POST /cormun/servlet/solicitudot?528af4f080656494744a4a33869064fd,INS,0,0,,gx-no-cache=1554231908802 HTTP/1.1" 200 93
200.54.103.162 - - [02/Apr/2019:16:08:51 -0300] "GET /cormun/servlet/hpexe_return? HTTP/1.1" 200 1010
200.54.103.162 - - [02/Apr/2019:16:08:51 -0300] "GET /cormun/servlet/trsolicitudot HTTP/1.1" 200 8921
200.54.103.162 - - [02/Apr/2019:16:08:53 -0300] "GET /cormun/servlet/trsolicitudot HTTP/1.1" 200 8919
200.54.103.162 - - [02/Apr/2019:16:08:55 -0300] "GET /cormun/servlet/vesolicitudot?2019,15061,, HTTP/1.1" 200 8754
200.54.103.162 - - [02/Apr/2019:16:08:55 -0300] "GET /cormun/pexe_scrolldiv.js HTTP/1.1" 404 1009
200.54.103.162 - - [02/Apr/2019:16:08:55 -0300] "GET /cormun/pexe_scrolldiv.js HTTP/1.1" 404 1009
200.54.103.162 - - [02/Apr/2019:16:08:57 -0300] "GET /cormun/servlet/vesolicitudot?2019,15061,, HTTP/1.1" 200 8753
190.171.141.106 - - [02/Apr/2019:16:08:58 -0300] "POST /cormun/servlet/solicitudot?gx-no-cache=1554231917328 HTTP/1.1" 200 72
200.54.103.162 - - [02/Apr/2019:16:09:43 -0300] "POST /cormun/servlet/vesolicitudot?528af4f080656494744a4a33869064fd,2019,15061,,,gx-no-cache=1554231961308 HTTP/1.1" 200 90
200.54.103.162 - - [02/Apr/2019:16:09:43 -0300] "GET /cormun/servlet/hpexe_link HTTP/1.1" 200 967
200.54.103.162 - - [02/Apr/2019:16:09:43 -0300] "GET /cormun/servlet/trsolicitudot HTTP/1.1" 200 8919
200.54.103.162 - - [02/Apr/2019:16:09:45 -0300] "GET /cormun/servlet/trsolicitudot HTTP/1.1" 200 8919
200.54.103.162 - - [02/Apr/2019:16:09:53 -0300] "POST /cormun/servlet/trsolicitudot?528af4f080656494744a4a33869064fd,gx-no-cache=1554231971223 HTTP/1.1" 200 4751
200.54.103.162 - - [02/Apr/2019:16:09:53 -0300] "GET /cormun/static/Shared/jqueryui/images/ui-bg_highlight-soft_100_c6c2c8_1x100.png HTTP/1.1" 404 1117
200.54.103.162 - - [02/Apr/2019:16:09:53 -0300] "GET /cormun/static/Shared/jqueryui/images/ui-icons_82798d_256x240.png HTTP/1.1" 404 1089
200.54.103.162 - - [02/Apr/2019:16:09:53 -0300] "GET /cormun/static/Shared/jqueryui/images/ui-bg_flat_55_fafafa_40x100.png HTTP/1.1" 404 1097
200.54.103.162 - - [02/Apr/2019:16:09:53 -0300] "GET /cormun/static/Shared/jqueryui/images/ui-icons_8d78a5_256x240.png HTTP/1.1" 404 1089
200.54.103.162 - - [02/Apr/2019:16:09:53 -0300] "POST /cormun/servlet/trsolicitudot?528af4f080656494744a4a33869064fd,gx-no-cache=1554231971644 HTTP/1.1" 200 4533
186.103.159.187 - - [02/Apr/2019:16:10:03 -0300] "GET /cormun/servlet/solicitudot?INS,0,0, HTTP/1.1" 200 14890
186.103.159.187 - - [02/Apr/2019:16:10:04 -0300] "GET /cormun/servlet/solicitudot?INS,0,0, HTTP/1.1" 200 14895
186.103.159.187 - - [02/Apr/2019:16:10:20 -0300] "POST /cormun/servlet/solicitudot?gx-no-cache=1554235732378 HTTP/1.1" 200 3450
186.103.159.187 - - [02/Apr/2019:16:10:20 -0300] "POST /cormun/servlet/solicitudot?c98b2cbb3fc64ab5644270e77101373e,INS,0,0,,gx-no-cache=1554235732637 HTTP/1.1" 200 11666
200.54.103.162 - - [02/Apr/2019:16:10:34 -0300] "GET /cormun/servlet/hlogin HTTP/1.1" 200 1739
186.103.159.187 - - [02/Apr/2019:16:10:42 -0300] "POST /cormun/servlet/solicitudot?gx-no-cache=1554235754360 HTTP/1.1" 200 3554
186.103.159.187 - - [02/Apr/2019:16:10:42 -0300] "POST /cormun/servlet/solicitudot?c98b2cbb3fc64ab5644270e77101373e,INS,0,0,,gx-no-cache=1554235754865 HTTP/1.1" 200 11844
186.103.159.187 - - [02/Apr/2019:16:10:45 -0300] "GET /cormun/servlet/solicitudot?2017ad403fe3a866834c0a466c3a0a0e3c5d10ac5ad966abb7ea1dc4f2d1abf21be688ccff691ab346425f8c87dac0f9,gx-no-cache=1554235757286 HTTP/1.1" 200 30
186.103.159.187 - - [02/Apr/2019:16:10:45 -0300] "GET /cormun/servlet/solicitudot?2017ad403fe3a866834c0a466c3a0a0e617a58e918bef7a3d1eeb97eecb86e8fd134bad90aff567d8e4273629440667e,gx-no-cache=1554235757330 HTTP/1.1" 200 30
186.103.159.187 - - [02/Apr/2019:16:10:45 -0300] "GET /cormun/servlet/solicitudot?2017ad403fe3a866834c0a466c3a0a0eee9e121a916daa3156d22f7cf6fe89ae,gx-no-cache=1554235757356 HTTP/1.1" 200 51
186.103.159.187 - - [02/Apr/2019:16:10:45 -0300] "POST /cormun/servlet/solicitudot?gx-no-cache=1554235757392 HTTP/1.1" 200 255
186.103.159.187 - - [02/Apr/2019:16:10:45 -0300] "GET /cormun/servlet/solicitudot?2017ad403fe3a866834c0a466c3a0a0e47e6db1590f26f472d4df29508e1e2f9c1c8384046bc57971982f4ea453bd69966b7372ecdb44b72a9639f029d4213f107e1a14207337ce912772dc908313bbe53bfe9220809426fc869fa41c0eb0989f1f502b7ef9eed09a9eacb2ae99f1c72a71c439e46e2f9f49b2e65d58d6b84af24260cc339fbf8443307d295b7948540feb92a2dda0b694ef21a8dd24bb84ee6aaaca8a975074110dafbc6efef0ea8bcf295f0890cb32d97e5245e60775165178c03bbec3f079f8be89bbfe49089d06e3a0008e71118addeabdeec17ef9b2ba9795b9b049d8c7cb48070dddc0638d8c0948ae32916ea0ea4a07ecfb6693c88bf333b9a2dbd0f08d2c926263cc811544627f12a20add4c8356651f5b43fcc896cf1e5818a33b7240a1eb65b9cbe06581dcbbfacb76317f71040aab63ec0f65689022fb6bbca4b7e75f9d3ba8a353beff2eb148623c7b51496bdf9588d9f1c93a3b1f358d259d87447545d7dcbf1816966798c47ee214bf6e169f06756e21b7ae3,gx-no-cache=1554235757437 HTTP/1.1" 200 30
190.171.141.106 - - [02/Apr/2019:16:10:48 -0300] "GET /cormun/servlet/solicitudot?2b4890bd1f9ed913ef180141bb24e08a4a84090175a95ff4c39990777424a9fbad953302f682f3905632f4b1f5b347c8792455533f1091c97f8385469105b49c306dea4112fd31d320ca22498508b27dc146b863b1a24cdb8f0da937dba0a2785895ca6948923b521ef2ab2aa3d449d6,gx-no-cache=1554232027236 HTTP/1.1" 200 29
186.103.159.187 - - [02/Apr/2019:16:10:49 -0300] "POST /cormun/servlet/solicitudot?gx-no-cache=1554235761224 HTTP/1.1" 200 30
186.103.159.187 - - [02/Apr/2019:16:10:55 -0300] "POST /cormun/servlet/solicitudot?gx-no-cache=1554235767415 HTTP/1.1" 200 1317
186.103.159.187 - - [02/Apr/2019:16:10:55 -0300] "POST /cormun/servlet/solicitudot?gx-no-cache=1554235767484 HTTP/1.1" 200 38
186.103.159.187 - - [02/Apr/2019:16:10:55 -0300] "GET /cormun/servlet/solicitudot?2017ad403fe3a866834c0a466c3a0a0e0dec3a76f7cfb4131cd104992c4bcddbc88bd9982ed27759981a5d040b7f1e0514ffaf73d91fc1edc5e09ca7882a472827a1f3e1b6badc0dadcd26b541e27f3526ca035261dfc134ab5ca93f309e607466f1b64cd5ecae5bff29eb88d51e2e81,gx-no-cache=1554235767515 HTTP/1.1" 200 110
186.103.159.187 - - [02/Apr/2019:16:11:06 -0300] "POST /cormun/servlet/solicitudot?gx-no-cache=1554235778593 HTTP/1.1" 200 69
190.171.141.106 - - [02/Apr/2019:16:11:09 -0300] "GET /cormun/servlet/solicitudot?2b4890bd1f9ed913ef180141bb24e08aabbc53af715c71320f1580fd14f74e3a8ac655dd361608bb9f19163e5283c924,gx-no-cache=1554232047832 HTTP/1.1" 200 30
186.103.159.187 - - [02/Apr/2019:16:11:21 -0300] "GET /cormun/servlet/solicitudot?2017ad403fe3a866834c0a466c3a0a0e4c763e857a59e0749dcbbe9420a7edf5886b15b26be7d10619f8ce174b55b6690e3b67b3bd9ecca773a8d1ab20341dff823ef4b3a4fe4bdf0cd2bce95020e47ae73a434bf24bc5d608a32869f1b58933c2f5712aef5dfc544d1e3010a62c11f222c3f693d0ec8298b3ca925ad700c299a0cc8e17546b045984112999c1b74f511383a4ad8faf49f512a92606c0b82f73,gx-no-cache=1554235794075 HTTP/1.1" 200 29
186.103.159.187 - - [02/Apr/2019:16:11:22 -0300] "GET /cormun/servlet/solicitudot?2017ad403fe3a866834c0a466c3a0a0eebf41702d077cc8479c918879929a464,gx-no-cache=1554235794185 HTTP/1.1" 200 30
186.103.159.187 - - [02/Apr/2019:16:11:22 -0300] "POST /cormun/servlet/solicitudot?gx-no-cache=1554235794269 HTTP/1.1" 200 30
190.171.141.106 - - [02/Apr/2019:16:11:25 -0300] "POST /cormun/servlet/solicitudot?gx-no-cache=1554232063281 HTTP/1.1" 200 30
186.103.159.187 - - [02/Apr/2019:16:11:27 -0300] "GET /cormun/static/menuarrow.gif HTTP/1.1" 404 1015
186.103.159.187 - - [02/Apr/2019:16:11:33 -0300] "GET /cormun/servlet/solicitudot?2017ad403fe3a866834c0a466c3a0a0e593c4496c64f4744e89ccad3fdc34bc0585e7a066c9ee79d70e64d122d209344,gx-no-cache=1554235805159 HTTP/1.1" 200 30
186.103.159.187 - - [02/Apr/2019:16:11:41 -0300] "POST /cormun/servlet/solicitudot?gx-no-cache=1554235813281 HTTP/1.1" 200 30
186.103.159.187 - - [02/Apr/2019:16:11:42 -0300] "POST /cormun/servlet/solicitudot?c98b2cbb3fc64ab5644270e77101373e,INS,0,0,,gx-no-cache=1554235813394 HTTP/1.1" 200 93
186.103.159.187 - - [02/Apr/2019:16:11:42 -0300] "GET /cormun/servlet/hpexe_return? HTTP/1.1" 200 1027
186.103.159.187 - - [02/Apr/2019:16:11:42 -0300] "GET /cormun/servlet/trsolicitudot?gx-no-cache=1554235587560 HTTP/1.1" 200 10798
186.103.159.187 - - [02/Apr/2019:16:11:44 -0300] "GET /cormun/servlet/trsolicitudot?gx-no-cache=1554235587560 HTTP/1.1" 200 10816
186.103.159.187 - - [02/Apr/2019:16:11:49 -0300] "POST /cormun/servlet/trsolicitudot?c98b2cbb3fc64ab5644270e77101373e,gx-no-cache=1554235587560,gx-no-cache=1554235820952 HTTP/1.1" 200 7563
186.103.159.187 - - [02/Apr/2019:16:11:49 -0300] "GET /cormun/static/Shared/jqueryui/images/ui-bg_highlight-soft_100_c6c2c8_1x100.png HTTP/1.1" 404 1117
186.103.159.187 - - [02/Apr/2019:16:11:49 -0300] "GET /cormun/static/Shared/jqueryui/images/ui-icons_82798d_256x240.png HTTP/1.1" 404 1089
186.103.159.187 - - [02/Apr/2019:16:11:49 -0300] "GET /cormun/static/Shared/jqueryui/images/ui-icons_8d78a5_256x240.png HTTP/1.1" 404 1089
186.103.159.187 - - [02/Apr/2019:16:11:50 -0300] "GET /cormun/static/Shared/jqueryui/images/ui-bg_flat_55_fafafa_40x100.png HTTP/1.1" 404 1097
186.103.159.187 - - [02/Apr/2019:16:11:51 -0300] "POST /cormun/servlet/trsolicitudot?c98b2cbb3fc64ab5644270e77101373e,gx-no-cache=1554235587560,gx-no-cache=1554235821798 HTTP/1.1" 200 7505
186.103.159.187 - - [02/Apr/2019:16:11:55 -0300] "GET /cormun/servlet/solicitudot?INS,0,0, HTTP/1.1" 200 14912
186.103.159.187 - - [02/Apr/2019:16:11:56 -0300] "GET /cormun/servlet/solicitudot?INS,0,0, HTTP/1.1" 200 14895
186.103.159.187 - - [02/Apr/2019:16:12:12 -0300] "POST /cormun/servlet/solicitudot?gx-no-cache=1554235844241 HTTP/1.1" 200 3564
186.103.159.187 - - [02/Apr/2019:16:12:13 -0300] "POST /cormun/servlet/solicitudot?c98b2cbb3fc64ab5644270e77101373e,INS,0,0,,gx-no-cache=1554235845105 HTTP/1.1" 200 11811
186.103.159.187 - - [02/Apr/2019:16:12:15 -0300] "GET /cormun/servlet/solicitudot?2017ad403fe3a866834c0a466c3a0a0e86ecd38cddb82d4aeea65a569c7858a27657b5a507989bfa468571f061180f63,gx-no-cache=1554235847162 HTTP/1.1" 200 30
186.103.159.187 - - [02/Apr/2019:16:12:15 -0300] "GET /cormun/servlet/solicitudot?2017ad403fe3a866834c0a466c3a0a0e89efd08ab6896a7adfbf2c2c4b5337570fd4a29c1ada372599f03a860ce94f0a4781a3a430420d3d59a9b026c26e67e3,gx-no-cache=1554235847306 HTTP/1.1" 200 30
186.103.159.187 - - [02/Apr/2019:16:12:15 -0300] "GET /cormun/servlet/solicitudot?2017ad403fe3a866834c0a466c3a0a0ea020ed08734a7f71228e89e25a8f69ee,gx-no-cache=1554235847431 HTTP/1.1" 200 53
186.103.159.187 - - [02/Apr/2019:16:12:15 -0300] "POST /cormun/servlet/solicitudot?gx-no-cache=1554235847542 HTTP/1.1" 200 255
186.103.159.187 - - [02/Apr/2019:16:12:15 -0300] "GET /cormun/servlet/solicitudot?2017ad403fe3a866834c0a466c3a0a0e47e6db1590f26f472d4df29508e1e2f9c1c8384046bc57971982f4ea453bd69966b7372ecdb44b72a9639f029d4213f107e1a14207337ce912772dc908313bbe53bfe9220809426fc869fa41c0eb0989f1f502b7ef9eed09a9eacb2ae99f1c72a71c439e46e2f9f49b2e65d58d6b84af24260cc339fbf8443307d295b7948540feb92a2dda0b694ef21a8dd24bb84ee6aaaca8a975074110dafbc6efef0ea8bcf295f0890cb32d97e5245e60775165178c03bbec3f079f8be89bbfe49089d06e3a0008e71118addeabdeec17ef9b2ba9795b9b049d8c7cb48070dddc0638d8c0948ae32916ea0ea4a07ecfb6693c88bf333b9a2dbd0f08d2c926263cc811544627f12a20add4c8356651f5b43fcc896cf1e5818a33b7240a1eb65b9cbe06581dcbbfacb76317f71040aab63ec0f65689022fb6bbca4b7e75f9d3ba8a353beff2eb148623c7b51496bdf9588d9f1c93a3b1f358d259d87447545d7dcbf1816966798c47ee214bf6e169f06756e21b7ae3,gx-no-cache=1554235847648 HTTP/1.1" 200 30
186.103.159.187 - - [02/Apr/2019:16:12:19 -0300] "POST /cormun/servlet/solicitudot?gx-no-cache=1554235851432 HTTP/1.1" 200 30
186.103.159.187 - - [02/Apr/2019:16:12:25 -0300] "POST /cormun/servlet/solicitudot?gx-no-cache=1554235857616 HTTP/1.1" 200 1317
186.103.159.187 - - [02/Apr/2019:16:12:26 -0300] "POST /cormun/servlet/solicitudot?gx-no-cache=1554235857760 HTTP/1.1" 200 38
190.171.141.106 - - [02/Apr/2019:16:12:26 -0300] "POST /cormun/servlet/solicitudot?9f9cc2b9112d390b80d3b272dcae1dfb,INS,0,0,,gx-no-cache=1554232123838 HTTP/1.1" 200 93
186.103.159.187 - - [02/Apr/2019:16:12:26 -0300] "GET /cormun/servlet/solicitudot?2017ad403fe3a866834c0a466c3a0a0e0dec3a76f7cfb4131cd104992c4bcddbc88bd9982ed27759981a5d040b7f1e0514ffaf73d91fc1edc5e09ca7882a472827a1f3e1b6badc0dadcd26b541e27f3526ca035261dfc134ab5ca93f309e607466f1b64cd5ecae5bff29eb88d51e2e81,gx-no-cache=1554235858287 HTTP/1.1" 200 110
190.171.141.106 - - [02/Apr/2019:16:12:26 -0300] "GET /cormun/servlet/hpexe_return? HTTP/1.1" 200 1005
190.171.141.106 - - [02/Apr/2019:16:12:26 -0300] "GET /cormun/servlet/trsolicitudot HTTP/1.1" 200 8590
190.171.141.106 - - [02/Apr/2019:16:12:27 -0300] "GET /cormun/servlet/trsolicitudot HTTP/1.1" 200 8585
186.103.159.187 - - [02/Apr/2019:16:12:28 -0300] "POST /cormun/servlet/solicitudot?gx-no-cache=1554235860444 HTTP/1.1" 200 69
190.171.141.106 - - [02/Apr/2019:16:12:31 -0300] "GET /cormun/servlet/solicitudot?INS,0,0, HTTP/1.1" 200 14884
190.171.141.106 - - [02/Apr/2019:16:12:32 -0300] "GET /cormun/servlet/solicitudot?INS,0,0, HTTP/1.1" 200 14888
186.103.159.187 - - [02/Apr/2019:16:12:43 -0300] "GET /cormun/servlet/solicitudot?2017ad403fe3a866834c0a466c3a0a0e4c763e857a59e0749dcbbe9420a7edf5886b15b26be7d10619f8ce174b55b669e3e6f286c6a510b50b9f3d566c0707ba823ef4b3a4fe4bdf0cd2bce95020e47ae73a434bf24bc5d608a32869f1b58933c2f5712aef5dfc544d1e3010a62c11f222c3f693d0ec8298b3ca925ad700c299a0cc8e17546b045984112999c1b74f511383a4ad8faf49f512a92606c0b82f73,gx-no-cache=1554235875051 HTTP/1.1" 200 29
186.103.159.187 - - [02/Apr/2019:16:12:43 -0300] "GET /cormun/static/menuarrow.gif HTTP/1.1" 404 1015
186.103.159.187 - - [02/Apr/2019:16:12:48 -0300] "GET /cormun/servlet/solicitudot?2017ad403fe3a866834c0a466c3a0a0e593c4496c64f4744e89ccad3fdc34bc0585e7a066c9ee79d70e64d122d209344,gx-no-cache=1554235880236 HTTP/1.1" 200 30
186.103.159.187 - - [02/Apr/2019:16:12:57 -0300] "POST /cormun/servlet/solicitudot?gx-no-cache=1554235889793 HTTP/1.1" 200 30
190.171.143.106 - - [02/Apr/2019:16:13:06 -0300] "GET /cormun/servlet/trsolicitudot? HTTP/1.1" 200 14424
190.171.143.106 - - [02/Apr/2019:16:13:07 -0300] "GET /cormun/servlet/trsolicitudot? HTTP/1.1" 200 14423
190.171.141.106 - - [02/Apr/2019:16:13:11 -0300] "POST /cormun/servlet/solicitudot?gx-no-cache=1554232169695 HTTP/1.1" 200 3566
190.171.141.106 - - [02/Apr/2019:16:13:12 -0300] "POST /cormun/servlet/solicitudot?9f9cc2b9112d390b80d3b272dcae1dfb,INS,0,0,,gx-no-cache=1554232170311 HTTP/1.1" 200 11773
186.103.159.187 - - [02/Apr/2019:16:13:13 -0300] "POST /cormun/servlet/solicitudot?c98b2cbb3fc64ab5644270e77101373e,INS,0,0,,gx-no-cache=1554235905100 HTTP/1.1" 200 93
186.103.159.187 - - [02/Apr/2019:16:13:13 -0300] "GET /cormun/servlet/hpexe_return? HTTP/1.1" 200 1027
186.103.159.187 - - [02/Apr/2019:16:13:13 -0300] "GET /cormun/servlet/trsolicitudot?gx-no-cache=1554235587560 HTTP/1.1" 200 10843
186.103.159.187 - - [02/Apr/2019:16:13:15 -0300] "GET /cormun/servlet/trsolicitudot?gx-no-cache=1554235587560 HTTP/1.1" 200 10860
186.103.159.187 - - [02/Apr/2019:16:13:19 -0300] "POST /cormun/servlet/trsolicitudot?c98b2cbb3fc64ab5644270e77101373e,gx-no-cache=1554235587560,gx-no-cache=1554235911156 HTTP/1.1" 200 7563
186.103.159.187 - - [02/Apr/2019:16:13:19 -0300] "GET /cormun/static/Shared/jqueryui/images/ui-bg_flat_55_fafafa_40x100.png HTTP/1.1" 404 1097
186.103.159.187 - - [02/Apr/2019:16:13:19 -0300] "GET /cormun/static/Shared/jqueryui/images/ui-icons_8d78a5_256x240.png HTTP/1.1" 404 1089
186.103.159.187 - - [02/Apr/2019:16:13:19 -0300] "GET /cormun/static/Shared/jqueryui/images/ui-bg_highlight-soft_100_c6c2c8_1x100.png HTTP/1.1" 404 1117
186.103.159.187 - - [02/Apr/2019:16:13:20 -0300] "GET /cormun/static/Shared/jqueryui/images/ui-icons_82798d_256x240.png HTTP/1.1" 404 1089
186.103.159.187 - - [02/Apr/2019:16:13:20 -0300] "POST /cormun/servlet/trsolicitudot?c98b2cbb3fc64ab5644270e77101373e,gx-no-cache=1554235587560,gx-no-cache=1554235911998 HTTP/1.1" 200 7505
190.171.141.106 - - [02/Apr/2019:16:13:21 -0300] "GET /cormun/servlet/solicitudot?2b4890bd1f9ed913ef180141bb24e08a19195f1d76221c2bb6605f0405ffe89a4694f8e3a20f490f5704e6b309cdebd7,gx-no-cache=1554232179902 HTTP/1.1" 200 30
190.171.141.106 - - [02/Apr/2019:16:13:21 -0300] "GET /cormun/servlet/solicitudot?2b4890bd1f9ed913ef180141bb24e08a26d432c94c4613e8ce69dfc46efe24dd8872e465343e75d251b76b887f89842ca604b4d942c33e4519cfdd444f6a9945,gx-no-cache=1554232180181 HTTP/1.1" 200 30
190.171.141.106 - - [02/Apr/2019:16:13:21 -0300] "GET /cormun/servlet/solicitudot?2b4890bd1f9ed913ef180141bb24e08af678772853ff0c18e556af38ed17b3ff,gx-no-cache=1554232180249 HTTP/1.1" 200 51
190.171.141.106 - - [02/Apr/2019:16:13:21 -0300] "POST /cormun/servlet/solicitudot?gx-no-cache=1554232180304 HTTP/1.1" 200 256
190.171.141.106 - - [02/Apr/2019:16:13:21 -0300] "GET /cormun/servlet/solicitudot?2b4890bd1f9ed913ef180141bb24e08af7510a9da5ba871cbe4da71424153ff764f8d64e4aa0e2fb8fd4864826f4a46d24402e28a8338cec95d095a6b22123d27cf71ba43cdb1fb836029880587be332bb2b496fa4a62f3209fe25b1a4824075f735b92cd3b8f2f54357a31bcfdbfeb05fbdf8868188cd27eb1a64a154cdc4a7d8024a421df1b7a11cf5dd0b7fa7ee31f49d4e76ed9b91a75ec4767e7188a3cdbf1ba214685a9c6b19263361cabeeacad5a4d75d98456541fc9ae21e598284ef08853d13b942530be93bb23eead77afd8cc787cec61e1968bd687791326b6c8d2620bac070686e6f720c750f39c42712a17b53811c58c438f0f66ed049795000d43aa159f586919c0a25dcae7b80ef6ee0478456f8e0c2e40fc79768e3504eadb4a4479440c638701796a4b46095e5c8d6a83e53b904f232ce286ce1e3528e7c6866959ddbc0ace529cd82cc0f18a33d3deebb98179216fa0094d48e52fb1bfcc6ed1108a1770b8e749e45b788cb490f5ce2cad0dc5795e13b3b8a74af200d91,gx-no-cache=1554232180402 HTTP/1.1" 200 30
186.103.159.187 - - [02/Apr/2019:16:13:23 -0300] "POST /cormun/servlet/trsolicitudot?c98b2cbb3fc64ab5644270e77101373e,gx-no-cache=1554235587560,gx-no-cache=1554235915506 HTTP/1.1" 200 90
186.103.159.187 - - [02/Apr/2019:16:13:23 -0300] "GET /cormun/servlet/hpexe_link HTTP/1.1" 200 975
186.103.159.187 - - [02/Apr/2019:16:13:23 -0300] "GET /cormun/servlet/hhome HTTP/1.1" 200 4005
190.171.141.106 - - [02/Apr/2019:16:13:24 -0300] "POST /cormun/servlet/solicitudot?gx-no-cache=1554232183107 HTTP/1.1" 200 30
186.103.159.187 - - [02/Apr/2019:16:13:24 -0300] "GET /cormun/servlet/hhome HTTP/1.1" 200 4002
186.103.159.187 - - [02/Apr/2019:16:13:31 -0300] "GET /cormun/servlet/hlogin HTTP/1.1" 200 1730
186.103.159.187 - - [02/Apr/2019:16:13:40 -0300] "POST /cormun/servlet/hlogin?c98b2cbb3fc64ab5644270e77101373e,gx-no-cache=1554235932209 HTTP/1.1" 200 441
186.103.159.187 - - [02/Apr/2019:16:13:46 -0300] "POST /cormun/servlet/hlogin?c98b2cbb3fc64ab5644270e77101373e,gx-no-cache=1554235938719 HTTP/1.1" 200 90
186.103.159.187 - - [02/Apr/2019:16:13:46 -0300] "GET /cormun/servlet/hpexe_link HTTP/1.1" 200 950
186.103.159.187 - - [02/Apr/2019:16:13:46 -0300] "GET /cormun/servlet/hhome HTTP/1.1" 200 4237
190.171.141.106 - - [02/Apr/2019:16:13:47 -0300] "POST /cormun/servlet/solicitudot?gx-no-cache=1554232205883 HTTP/1.1" 200 1315
190.171.141.106 - - [02/Apr/2019:16:13:47 -0300] "POST /cormun/servlet/solicitudot?gx-no-cache=1554232206226 HTTP/1.1" 200 38
