190.171.141.106 - - [02/Apr/2019:17:03:27 -0300] "GET /cormun/servlet/solicitudot?2b4890bd1f9ed913ef180141bb24e08aabbc53af715c71320f1580fd14f74e3a8ac655dd361608bb9f19163e5283c924,gx-no-cache=1554235185767 HTTP/1.1" 200 30
190.171.141.106 - - [02/Apr/2019:17:03:27 -0300] "POST /cormun/servlet/solicitudot?gx-no-cache=1554235185909 HTTP/1.1" 200 30
190.171.141.106 - - [02/Apr/2019:17:03:27 -0300] "POST /cormun/servlet/solicitudot?9f9cc2b9112d390b80d3b272dcae1dfb,UPD,2019,15068,,gx-no-cache=1554235186068 HTTP/1.1" 200 93
190.171.141.106 - - [02/Apr/2019:17:03:28 -0300] "GET /cormun/servlet/hpexe_return? HTTP/1.1" 200 1012
190.171.152.114 - - [02/Apr/2019:17:03:28 -0300] "POST /cormun/servlet/solicitudot?fe71d48f6928b0dff3979eb0e31b4070,INS,0,0,,gx-no-cache=1554235186365 HTTP/1.1" 200 93
190.171.141.106 - - [02/Apr/2019:17:03:28 -0300] "GET /cormun/servlet/trsolicitudot HTTP/1.1" 200 10620
190.171.152.114 - - [02/Apr/2019:17:03:28 -0300] "GET /cormun/servlet/hpexe_return? HTTP/1.1" 200 1009
190.171.141.106 - - [02/Apr/2019:17:03:29 -0300] "GET /cormun/servlet/trsolicitudot HTTP/1.1" 200 10616
190.171.152.114 - - [02/Apr/2019:17:03:29 -0300] "GET /cormun/servlet/trsolicitudot HTTP/1.1" 200 8818
190.171.152.114 - - [02/Apr/2019:17:03:30 -0300] "GET /cormun//static/Resources/PXToolsRemoveAllAction.png HTTP/1.1" 200 3558
190.171.152.114 - - [02/Apr/2019:17:03:30 -0300] "GET /cormun//static/Resources/PXToolsActionView.png HTTP/1.1" 200 2995
190.171.152.114 - - [02/Apr/2019:17:03:39 -0300] "GET /cormun/servlet/solicitudot?INS,0,0, HTTP/1.1" 200 15142
190.171.152.138 - - [02/Apr/2019:17:04:03 -0300] "GET /cormun/servlet/trlicenciaspermisosadjuntos?8838737,20190402000000,L, HTTP/1.1" 200 6299
190.171.152.138 - - [02/Apr/2019:17:04:04 -0300] "GET /cormun/servlet/trlicenciaspermisosadjuntos?8838737,20190402000000,L, HTTP/1.1" 200 6299
190.171.152.114 - - [02/Apr/2019:17:04:04 -0300] "POST /cormun/servlet/solicitudot?gx-no-cache=1554235222616 HTTP/1.1" 200 3450
190.171.152.114 - - [02/Apr/2019:17:04:06 -0300] "POST /cormun/servlet/solicitudot?fe71d48f6928b0dff3979eb0e31b4070,INS,0,0,,gx-no-cache=1554235223186 HTTP/1.1" 200 11876
190.171.152.114 - - [02/Apr/2019:17:04:07 -0300] "GET /cormun/servlet/solicitudot?a5c05ec08f686fb2f8b989c142906841e821db1606911856cb6d2950b1d6b9a1fda23f027fb5032627f1ef0fc619fd45,gx-no-cache=1554235225565 HTTP/1.1" 200 30
190.171.152.138 - - [02/Apr/2019:17:04:08 -0300] "GET /cormun/servlet/licenciaspermisosadjuntos?INS,8838737,L,20190402000000,, HTTP/1.1" 200 5594
190.171.152.138 - - [02/Apr/2019:17:04:08 -0300] "GET /cormun/static/about:blank HTTP/1.1" 404 1011
190.171.152.138 - - [02/Apr/2019:17:04:08 -0300] "GET /cormun/servlet/licenciaspermisosadjuntos?INS,8838737,L,20190402000000,, HTTP/1.1" 200 5583
190.171.141.106 - - [02/Apr/2019:17:04:18 -0300] "POST /cormun/servlet/trsolicitudot?9f9cc2b9112d390b80d3b272dcae1dfb,gx-no-cache=1554235235981 HTTP/1.1" 200 106
190.171.141.106 - - [02/Apr/2019:17:04:19 -0300] "GET /cormun/servlet/solicitudot?UPD,2019,15068, HTTP/1.1" 200 15604
190.171.141.106 - - [02/Apr/2019:17:04:20 -0300] "GET /cormun/servlet/solicitudot?UPD,2019,15068, HTTP/1.1" 200 15613
190.171.141.106 - - [02/Apr/2019:17:04:22 -0300] "POST /cormun/servlet/solicitudot?gx-no-cache=1554235239054 HTTP/1.1" 200 3571
190.171.141.106 - - [02/Apr/2019:17:04:23 -0300] "POST /cormun/servlet/solicitudot?9f9cc2b9112d390b80d3b272dcae1dfb,UPD,2019,15068,,gx-no-cache=1554235240938 HTTP/1.1" 200 11927
190.171.141.106 - - [02/Apr/2019:17:04:23 -0300] "GET /cormun/servlet/solicitudot?2b4890bd1f9ed913ef180141bb24e08a78c43e864ecc316f257e2d716af87695099e910218eded17f19f97ff18d1bf5c,gx-no-cache=1554235241760 HTTP/1.1" 200 30
190.171.141.106 - - [02/Apr/2019:17:04:23 -0300] "GET /cormun/servlet/solicitudot?2b4890bd1f9ed913ef180141bb24e08a55edc39faef113b683cf8ae98cc39248b8613f9f9115739c6a66c9eb5e9a64b41b62bd6cacdd91f5c885b738f9e3431a,gx-no-cache=1554235241908 HTTP/1.1" 200 30
190.171.141.106 - - [02/Apr/2019:17:04:23 -0300] "GET /cormun/servlet/solicitudot?2b4890bd1f9ed913ef180141bb24e08a96fb270091dbe13de3d76e79b77d49b38b1f18cb77abff53817c6fc692cdf9e04512755db8ae8597e88decb95cf85b82,gx-no-cache=1554235242046 HTTP/1.1" 200 53
190.171.141.106 - - [02/Apr/2019:17:04:23 -0300] "POST /cormun/servlet/solicitudot?gx-no-cache=1554235242192 HTTP/1.1" 200 297
190.171.141.106 - - [02/Apr/2019:17:04:23 -0300] "GET /cormun/servlet/solicitudot?2b4890bd1f9ed913ef180141bb24e08af7510a9da5ba871cbe4da71424153ff78d79c391b4aa2c7d9fd58d0acf18f87f24402e28a8338cec95d095a6b22123d27cf71ba43cdb1fb836029880587be332bb2b496fa4a62f3209fe25b1a4824075f735b92cd3b8f2f54357a31bcfdbfeb05fbdf8868188cd27eb1a64a154cdc4a7d8024a421df1b7a11cf5dd0b7fa7ee31f49d4e76ed9b91a75ec4767e7188a3cdbf1ba214685a9c6b19263361cabeeacad5a4d75d98456541fc9ae21e598284ef08853d13b942530be93bb23eead77afd8cc787cec61e1968bd687791326b6c8d2620bac070686e6f720c750f39c42712a17b53811c58c438f0f66ed049795000d43aa159f586919c0a25dcae7b80ef6ee0478456f8e0c2e40fc79768e3504eadb4a4479440c638701796a4b46095e5c8d6a83e53b904f232ce286ce1e3528e7c0a0b3d8ce5d996f56a43d151c9744b0523892dc484f662ad7bca17705c6f9530597ca13a6d19809870d9f7f8e0f30155c03bfd905f77fd4ea8b8c9653e38ef25488f44c29e0630cdb56ddf3a6fbeabb2,gx-no-cache=1554235242353 HTTP/1.1" 200 30
190.171.141.106 - - [02/Apr/2019:17:04:24 -0300] "POST /cormun/servlet/solicitudot?gx-no-cache=1554235242491 HTTP/1.1" 200 30
190.171.141.106 - - [02/Apr/2019:17:04:24 -0300] "POST /cormun/servlet/solicitudot?gx-no-cache=1554235242650 HTTP/1.1" 200 1315
190.171.141.106 - - [02/Apr/2019:17:04:24 -0300] "POST /cormun/servlet/solicitudot?gx-no-cache=1554235242823 HTTP/1.1" 200 41
190.171.141.106 - - [02/Apr/2019:17:04:49 -0300] "GET /cormun/servlet/solicitudot?2b4890bd1f9ed913ef180141bb24e08a41bcd7cbe69a00e8e247d2f87e0316971850d2c637f7c6f67cb446ded6a87794473bba48652a6ecdfc9f545949f658e74263e33b3f79c65c98b98b3811f152d113d8ccc247a54a5cf663a4a8ee5e0a3a2ccd497755e1fa29119d0d9bd28bb119,gx-no-cache=1554235267814 HTTP/1.1" 200 110
190.171.154.42 - - [02/Apr/2019:17:04:58 -0300] "GET /cormun/servlet/prsolicitudot?15806207,,,,,MD,,gxPopupLevel%3D0%3B HTTP/1.1" 200 6087
190.171.153.26 - - [02/Apr/2019:17:04:59 -0300] "POST /cormun/servlet/solicitudot?gx-no-cache=1554235277656 HTTP/1.1" 200 3450
190.171.153.26 - - [02/Apr/2019:17:05:01 -0300] "POST /cormun/servlet/solicitudot?2b9cdaa93835b49dd64078f31ccad9f2,INS,0,0,,gx-no-cache=1554235278225 HTTP/1.1" 200 11880
190.171.141.106 - - [02/Apr/2019:17:05:03 -0300] "POST /cormun/servlet/solicitudot?gx-no-cache=1554235280166 HTTP/1.1" 200 76
190.171.154.42 - - [02/Apr/2019:17:05:03 -0300] "POST /cormun/servlet/solicitudot?gx-no-cache=1554235279960 HTTP/1.1" 200 1316
190.171.153.26 - - [02/Apr/2019:17:05:03 -0300] "GET /cormun/servlet/solicitudot?a12ee4826c45c0b66e4cf3fb42e4a08b13454c532fccfe9dcc7e873677c3197ea30154510b66bd954f431727e17740ff,gx-no-cache=1554235282756 HTTP/1.1" 200 30
190.171.154.42 - - [02/Apr/2019:17:05:03 -0300] "POST /cormun/servlet/solicitudot?gx-no-cache=1554235280141 HTTP/1.1" 200 38
190.171.154.42 - - [02/Apr/2019:17:05:03 -0300] "GET /cormun/servlet/solicitudot?4157eb2095921d58658126d53618b288dc836d8cdeddfdb8242904b7c2b406acfdf1c193168af00bd21f2ffc7ea192a4a3ceb807a08a7bcd6d2f02fe8750f99995e8e304b69963ceed7b1a8b8fa68d035b7aa49b5fd3a227fa25ce17d0b9bbecafde5a26abc3d8fad75e4afb4b956a77,gx-no-cache=1554235280263 HTTP/1.1" 200 110
190.171.154.42 - - [02/Apr/2019:17:05:04 -0300] "POST /cormun/servlet/solicitudot?gx-no-cache=1554235280366 HTTP/1.1" 200 72
190.171.154.42 - - [02/Apr/2019:17:05:04 -0300] "GET /cormun/servlet/solicitudot?4157eb2095921d58658126d53618b288caa89e3f34a2fee86893b7228ad7418f53c9a4cf0d0854e17cfa86dc55287955ab79653aa6dcbf9359ac3bc138dfd094f0b182d584a317a552c602f01886bd581107260ed2df1c7f2f9021abad5ab51ea1fd164e1aec1816315fdf9d6b05b7ac426371a5695ecfd215eb8614e3f130ed0df4b238e8dfc700ad0a680f8f85b87210674658275c8f0eed289df731fe3966,gx-no-cache=1554235280488 HTTP/1.1" 200 29
190.171.154.42 - - [02/Apr/2019:17:05:04 -0300] "GET /cormun/servlet/solicitudot?4157eb2095921d58658126d53618b288b56bc2fdacc84c2a74b8a1de3d4a186845ad650b5c42fcbdafd5cf9579237f51,gx-no-cache=1554235280542 HTTP/1.1" 200 134
190.171.154.42 - - [02/Apr/2019:17:05:04 -0300] "GET /cormun/static/Shared/jqueryui/images/ui-bg_highlight-soft_100_c6c2c8_1x100.png HTTP/1.1" 404 1117
190.171.154.42 - - [02/Apr/2019:17:05:04 -0300] "GET /cormun/static/Shared/jqueryui/images/ui-icons_82798d_256x240.png HTTP/1.1" 404 1089
190.171.154.42 - - [02/Apr/2019:17:05:04 -0300] "GET /cormun/static/Shared/jqueryui/images/ui-bg_flat_55_994d53_40x100.png HTTP/1.1" 404 1097
190.171.154.42 - - [02/Apr/2019:17:05:04 -0300] "GET /cormun/static/Shared/jqueryui/images/ui-icons_ebccce_256x240.png HTTP/1.1" 404 1089
190.171.154.42 - - [02/Apr/2019:17:05:32 -0300] "GET /cormun/static/menuarrow.gif HTTP/1.1" 404 1015
190.171.141.106 - - [02/Apr/2019:17:05:38 -0300] "GET /cormun/servlet/solicitudot?2b4890bd1f9ed913ef180141bb24e08a58b1ecef3e02917a592839b9d91ffa7fb004f9c10daaeec374fff1ba1a3c1357fbc1fc3602898d13568b948b66e3b41b8731a649681135291a103dd240f40f25f5c1c73dbcf82b7997b6b82a0b17095bc5f679772a26a04da84383ce945e4ca8,gx-no-cache=1554235316412 HTTP/1.1" 200 29
190.171.141.106 - - [02/Apr/2019:17:05:38 -0300] "GET /cormun/servlet/solicitudot?2b4890bd1f9ed913ef180141bb24e08aabbc53af715c71320f1580fd14f74e3a8ac655dd361608bb9f19163e5283c924,gx-no-cache=1554235316911 HTTP/1.1" 200 30
190.171.141.106 - - [02/Apr/2019:17:05:38 -0300] "POST /cormun/servlet/solicitudot?gx-no-cache=1554235317082 HTTP/1.1" 200 30
190.171.141.106 - - [02/Apr/2019:17:05:39 -0300] "POST /cormun/servlet/solicitudot?9f9cc2b9112d390b80d3b272dcae1dfb,UPD,2019,15068,,gx-no-cache=1554235317273 HTTP/1.1" 200 93
190.171.141.106 - - [02/Apr/2019:17:05:39 -0300] "GET /cormun/servlet/hpexe_return? HTTP/1.1" 200 1012
190.171.154.42 - - [02/Apr/2019:17:05:39 -0300] "GET /cormun/servlet/solicitudot?4157eb2095921d58658126d53618b28804ae86dd5f811dc127a073f43829494345ad650b5c42fcbdafd5cf9579237f51,gx-no-cache=1554235315540 HTTP/1.1" 200 30
190.171.141.106 - - [02/Apr/2019:17:05:40 -0300] "GET /cormun/servlet/trsolicitudot HTTP/1.1" 200 10619
190.171.141.106 - - [02/Apr/2019:17:05:40 -0300] "GET /cormun/servlet/trsolicitudot HTTP/1.1" 200 10614
190.171.154.42 - - [02/Apr/2019:17:05:54 -0300] "POST /cormun/servlet/solicitudot?gx-no-cache=1554235330461 HTTP/1.1" 200 105
190.171.141.106 - - [02/Apr/2019:17:06:00 -0300] "POST /cormun/servlet/trsolicitudot?9f9cc2b9112d390b80d3b272dcae1dfb,gx-no-cache=1554235338367 HTTP/1.1" 200 7325
190.171.141.106 - - [02/Apr/2019:17:06:01 -0300] "POST /cormun/servlet/trsolicitudot?9f9cc2b9112d390b80d3b272dcae1dfb,gx-no-cache=1554235339431 HTTP/1.1" 200 7303
190.171.153.26 - - [02/Apr/2019:17:06:04 -0300] "GET /cormun/servlet/solicitudot?a12ee4826c45c0b66e4cf3fb42e4a08b946e7d171f823657e22b8b66098076d7b5264c9342917943622df9c67ef0b3a4b60ff034242ebef552127ac0ef117c85,gx-no-cache=1554235342662 HTTP/1.1" 200 30
190.171.141.106 - - [02/Apr/2019:17:06:05 -0300] "GET /cormun/servlet/solicitudot?INS,0,0, HTTP/1.1" 200 14882
190.171.141.106 - - [02/Apr/2019:17:06:09 -0300] "GET /cormun/servlet/solicitudot?INS,0,0, HTTP/1.1" 200 14887
190.171.153.26 - - [02/Apr/2019:17:06:10 -0300] "GET /cormun/static/Resources/resize.gif HTTP/1.1" 200 77
190.171.153.26 - - [02/Apr/2019:17:06:11 -0300] "GET /cormun/servlet/prbanco?,MD,,gxPopupLevel%3D0%3B HTTP/1.1" 200 6410
190.171.153.26 - - [02/Apr/2019:17:06:11 -0300] "GET /cormun/static/prbanco.js?2018116101633 HTTP/1.1" 200 10693
190.171.153.26 - - [02/Apr/2019:17:06:11 -0300] "GET /cormun/static/gxcfg.js?20181161016094 HTTP/1.1" 200 953
190.171.153.26 - - [02/Apr/2019:17:06:11 -0300] "GET /cormun/static/menusearch.js?201610171694467 HTTP/1.1" 200 1424
190.171.153.26 - - [02/Apr/2019:17:06:11 -0300] "GET /cormun/static/hmpwkw011.js?20177612121862 HTTP/1.1" 200 1968
190.171.153.26 - - [02/Apr/2019:17:06:12 -0300] "GET /cormun/static/Resources/PXToolsMenuSearch.png HTTP/1.1" 200 2914
190.171.153.26 - - [02/Apr/2019:17:06:12 -0300] "GET /cormun/static/Resources/PXToolsButtonRight21.png HTTP/1.1" 200 1283
190.171.153.26 - - [02/Apr/2019:17:06:12 -0300] "GET /cormun/static/Resources/PXToolsMenuSearchCancel.png HTTP/1.1" 200 2972
190.171.153.26 - - [02/Apr/2019:17:06:13 -0300] "POST /cormun/servlet/acontrolpreferencessavestate?None,BQUINTANILLA,true HTTP/1.1" 200 35
190.171.153.26 - - [02/Apr/2019:17:06:16 -0300] "GET /cormun/servlet/solicitudot?a12ee4826c45c0b66e4cf3fb42e4a08b7b36106f546c073a753138f66d42733f,gx-no-cache=1554235355366 HTTP/1.1" 200 53
190.171.153.26 - - [02/Apr/2019:17:06:30 -0300] "POST /cormun/servlet/solicitudot?gx-no-cache=1554235369364 HTTP/1.1" 200 297
190.171.153.26 - - [02/Apr/2019:17:06:30 -0300] "GET /cormun/servlet/solicitudot?a12ee4826c45c0b66e4cf3fb42e4a08b7573edc90d7cee8b27ca924a37fd005f050c34f2f4c95e4b50357fa749b51c68cf463c8255c05f5715a178b0c6363d3fe9ca56dbb5325b1911ad72ff52cfb1a75200edfb24ec2f0f6bd8701218182e30529c972958b1753a7a79c47ed3fa348d5368400e3e40409564431f8fbbe152299011d7d6984e88892eb150a88a9fe55cf3774ec2a5750353905de6115409e6af16692d69c828bd77a4af55993750c328579553d56a0097a0a71c0059a1835d23dfe8b2c4c61d1a1e3109550dff94c4a56ce6512468540518a50b20573773951f64b24ad6e93b2fd38e05f783e68717c48b0a19b7c56fb489aa1191c240d56141f8fcb617745ed13c16949f1b75f01d5004766f5f32743e27ca9346486a73fedc6cfe5e13a7a35744adae68842af47e1e8c697c98a32d626376b92d95bd596a4afa85c8bc4faaa8e0eb259217f452799c340913697192403b4706f50b8094610737762d2d90abddfaf3b26c4aac941170cb19924d155772753527c3805747cf52b5d5b57eaeb9d6dbd2f197c76fe2551b,gx-no-cache=1554235369583 HTTP/1.1" 200 30
190.171.153.26 - - [02/Apr/2019:17:06:32 -0300] "POST /cormun/servlet/solicitudot?gx-no-cache=1554235371729 HTTP/1.1" 200 30
190.171.141.106 - - [02/Apr/2019:17:06:33 -0300] "POST /cormun/servlet/solicitudot?gx-no-cache=1554235371171 HTTP/1.1" 200 3571
190.171.141.106 - - [02/Apr/2019:17:06:34 -0300] "POST /cormun/servlet/solicitudot?9f9cc2b9112d390b80d3b272dcae1dfb,INS,0,0,,gx-no-cache=1554235372218 HTTP/1.1" 200 11793
190.171.153.26 - - [02/Apr/2019:17:06:35 -0300] "POST /cormun/servlet/solicitudot?gx-no-cache=1554235374033 HTTP/1.1" 200 1313
190.171.153.26 - - [02/Apr/2019:17:06:35 -0300] "POST /cormun/servlet/solicitudot?gx-no-cache=1554235374407 HTTP/1.1" 200 38
190.171.154.42 - - [02/Apr/2019:17:06:41 -0300] "POST /cormun/servlet/solicitudot?gx-no-cache=1554235377311 HTTP/1.1" 200 33
190.171.141.106 - - [02/Apr/2019:17:07:09 -0300] "POST /cormun/servlet/solicitudot?9f9cc2b9112d390b80d3b272dcae1dfb,INS,0,0,,gx-no-cache=1554235405795 HTTP/1.1" 200 93
190.171.141.106 - - [02/Apr/2019:17:07:09 -0300] "GET /cormun/servlet/hpexe_return? HTTP/1.1" 200 1027
190.171.141.106 - - [02/Apr/2019:17:07:10 -0300] "GET /cormun/servlet/trsolicitudot?gx-no-cache=1554235339431 HTTP/1.1" 200 10187
190.171.141.106 - - [02/Apr/2019:17:07:11 -0300] "GET /cormun/servlet/trsolicitudot?gx-no-cache=1554235339431 HTTP/1.1" 200 10207
190.171.141.106 - - [02/Apr/2019:17:07:13 -0300] "GET /cormun/servlet/solicitudot?INS,0,0, HTTP/1.1" 200 14904
190.171.141.106 - - [02/Apr/2019:17:07:14 -0300] "GET /cormun/servlet/solicitudot?INS,0,0, HTTP/1.1" 200 14886
190.171.153.26 - - [02/Apr/2019:17:07:16 -0300] "GET /cormun/servlet/solicitudot?a12ee4826c45c0b66e4cf3fb42e4a08bd7b39f45b96b70c5d5bfd1060e596cf769a6d14f3399b542be19aab5843d3d26098963d42764a4405d5600a7f4812161bc0fcecba57343181d9fffa2917ff51e44b86d92e18775b21472026d282f582479b50990825a29e318ccb4f35a62353c,gx-no-cache=1554235415761 HTTP/1.1" 200 110
190.171.153.26 - - [02/Apr/2019:17:07:17 -0300] "POST /cormun/servlet/solicitudot?gx-no-cache=1554235415990 HTTP/1.1" 200 64
190.171.141.106 - - [02/Apr/2019:17:07:18 -0300] "POST /cormun/servlet/solicitudot?gx-no-cache=1554235416714 HTTP/1.1" 200 3508
190.171.141.106 - - [02/Apr/2019:17:07:18 -0300] "GET /cormun/static/Shared/jqueryui/images/ui-bg_highlight-soft_100_c6c2c8_1x100.png HTTP/1.1" 404 1117
190.171.141.106 - - [02/Apr/2019:17:07:19 -0300] "GET /cormun/servlet/solicitudot?2b4890bd1f9ed913ef180141bb24e08ae4f481c0bdf9704643d698c10e3c6e71,gx-no-cache=1554235417323 HTTP/1.1" 200 111
190.171.141.106 - - [02/Apr/2019:17:07:19 -0300] "GET /cormun/static/Shared/jqueryui/images/ui-icons_82798d_256x240.png HTTP/1.1" 404 1089
190.171.141.106 - - [02/Apr/2019:17:07:19 -0300] "GET /cormun/servlet/solicitudot?2b4890bd1f9ed913ef180141bb24e08a8d71d48eaa29672b3eed4e512477b107,gx-no-cache=1554235417886 HTTP/1.1" 200 94
190.171.141.106 - - [02/Apr/2019:17:07:19 -0300] "GET /cormun/static/Shared/jqueryui/images/ui-bg_flat_55_994d53_40x100.png HTTP/1.1" 404 1097
190.171.141.106 - - [02/Apr/2019:17:07:19 -0300] "GET /cormun/static/Shared/jqueryui/images/ui-icons_ebccce_256x240.png HTTP/1.1" 404 1089
190.171.141.106 - - [02/Apr/2019:17:07:20 -0300] "GET /cormun/servlet/solicitudot?2b4890bd1f9ed913ef180141bb24e08a6a0b707b0b77f18c0ba79dff93157f4a,gx-no-cache=1554235418351 HTTP/1.1" 200 29
190.171.153.26 - - [02/Apr/2019:17:07:20 -0300] "GET /cormun/servlet/solicitudot?a12ee4826c45c0b66e4cf3fb42e4a08b9b5f918b7b021dd4a66686a50ebae49c92d2c62b21f92675b880065efb5ce3c87226e0f081441d345946b08990e8d1dee7edf091315c745853191bbade5d7b46f1d264255a53b0f9763a8d2dbdc4c59012e47c144a165755799b4130b964d9b6,gx-no-cache=1554235419526 HTTP/1.1" 200 29
190.171.153.26 - - [02/Apr/2019:17:07:20 -0300] "GET /cormun/static/menuarrow.gif HTTP/1.1" 404 1015
190.171.141.106 - - [02/Apr/2019:17:07:22 -0300] "GET /cormun/servlet/solicitudot?2b4890bd1f9ed913ef180141bb24e08a0c62962afc69e885d5f4f21e9b92e48c9f6247d56e0fc62b1f44810f68008ce0ccbbaf5aa64c8908b980ae34057569d0189ca471c6215e85cce39e4627e32aa962b1b1cc279097e761fdbc0b52bbcec5e7ca1392f56af78dfb064e9e70cd64aa454d6ffeb1db4833d497f72efd9b3dee092d75b04e56f10255de0940a7932fe06fe0031d9fd35971d22b05edba4bf6bee8a135f0765df93c359a682e5481d034bc91923f3e1fec9b876f21a11b206fad8909b818f048c529eab6bf5ea296f43ab8c602b4644efa7d72e60a62158a293ca8a15e7b282b257f69b29147eb3fb3aead953302f682f3905632f4b1f5b347c8750aa6c089683dba56e162566f50c994902e3a576c8d774e6500ab9ca3b8bc00202e3a0b9a7fa3eb2385df4fe406995c54308f42d9dc00bdc2f6f3bbf1cf837a2e77f340c138bc4cf15bcda57d2de08f,gx-no-cache=1554235421283 HTTP/1.1" 200 255
190.171.153.26 - - [02/Apr/2019:17:07:25 -0300] "GET /cormun/servlet/solicitudot?a12ee4826c45c0b66e4cf3fb42e4a08b3dc0c753a780567de0862bd6bedddbf138cb0a89f0efa08722af32f0fcd77f6b,gx-no-cache=1554235423929 HTTP/1.1" 200 30
190.171.153.26 - - [02/Apr/2019:17:07:25 -0300] "POST /cormun/servlet/solicitudot?gx-no-cache=1554235424176 HTTP/1.1" 200 30
190.171.141.106 - - [02/Apr/2019:17:07:27 -0300] "GET /cormun/servlet/solicitudot?2b4890bd1f9ed913ef180141bb24e08af7510a9da5ba871cbe4da71424153ff7bf7305b48fcd0293d07dd5b869d2c45924402e28a8338cec95d095a6b22123d27cf71ba43cdb1fb836029880587be332bb2b496fa4a62f3209fe25b1a4824075f735b92cd3b8f2f54357a31bcfdbfeb05fbdf8868188cd27eb1a64a154cdc4a7d8024a421df1b7a11cf5dd0b7fa7ee31f49d4e76ed9b91a75ec4767e7188a3cdbf1ba214685a9c6b19263361cabeeacad5a4d75d98456541fc9ae21e598284ef08853d13b942530be93bb23eead77afd8cc787cec61e1968bd687791326b6c8d2620bac070686e6f720c750f39c4271228ca5569b95b35994be8289b04431e42d43aa159f586919c0a25dcae7b80ef6ef2d3591bdf7415cc0b7ca1270ab1625deb39f35a42ceba3b73b6ce6d0440245d34a412a4e2f9e1dfc80e0a842af23a98e52f8f4230fe8de73d60f8927476fd46e213ed76a5a80ded0375ee9189b811c1c6bb6f53a5f044a3f948f793f901a8cc5987c9f2fe735a6c94917e553ef3f62c,gx-no-cache=1554235424675 HTTP/1.1" 200 30
190.171.141.106 - - [02/Apr/2019:17:07:33 -0300] "POST /cormun/servlet/solicitudot?gx-no-cache=1554235431773 HTTP/1.1" 200 30
190.171.141.106 - - [02/Apr/2019:17:07:47 -0300] "POST /cormun/servlet/solicitudot?gx-no-cache=1554235444183 HTTP/1.1" 200 3571
190.171.141.106 - - [02/Apr/2019:17:07:48 -0300] "POST /cormun/servlet/solicitudot?9f9cc2b9112d390b80d3b272dcae1dfb,INS,0,0,,gx-no-cache=1554235445843 HTTP/1.1" 200 11824
40.77.194.178 - - [02/Apr/2019:17:07:49 -0300] "GET /cormun/static/gxui/gxui-all.css?110300 HTTP/1.1" 200 2179
40.77.195.47 - - [02/Apr/2019:17:07:49 -0300] "GET /cormun/static/Shared/ext/resources/css/ext-all.css?205870 HTTP/1.1" 200 416045
40.77.193.105 - - [02/Apr/2019:17:07:50 -0300] "GET /cormun/static/calendar-system.css?75620 HTTP/1.1" 200 5572
40.77.195.7 - - [02/Apr/2019:17:07:53 -0300] "GET /cormun/static/SmoothNavMenu/resources/ddsmoothmenu.css?1012540 HTTP/1.1" 200 2223
40.77.194.122 - - [02/Apr/2019:17:07:54 -0300] "GET /cormun/static/Resources/Spanish/PXTools.css?17315867 HTTP/1.1" 200 89042
40.77.253.59 - - [02/Apr/2019:17:07:59 -0300] "GET /cormun/static/gxcfg.js?20176272054169 HTTP/1.1" 200 953
190.171.141.106 - - [02/Apr/2019:17:08:00 -0300] "GET /cormun/servlet/solicitudot?2b4890bd1f9ed913ef180141bb24e08a78c43e864ecc316f257e2d716af876954694f8e3a20f490f5704e6b309cdebd7,gx-no-cache=1554235459165 HTTP/1.1" 200 30
190.171.141.106 - - [02/Apr/2019:17:08:01 -0300] "GET /cormun/servlet/solicitudot?2b4890bd1f9ed913ef180141bb24e08a55edc39faef113b683cf8ae98cc39248b8613f9f9115739c6a66c9eb5e9a64b4f7285043c6a1b9963c6829735e2eef79,gx-no-cache=1554235459423 HTTP/1.1" 200 30
190.171.141.106 - - [02/Apr/2019:17:08:01 -0300] "GET /cormun/servlet/solicitudot?2b4890bd1f9ed913ef180141bb24e08a936342a84dffd66849e698ad57146c94,gx-no-cache=1554235459568 HTTP/1.1" 200 53
190.171.141.106 - - [02/Apr/2019:17:08:01 -0300] "POST /cormun/servlet/solicitudot?gx-no-cache=1554235459700 HTTP/1.1" 200 297
40.77.193.185 - - [02/Apr/2019:17:08:01 -0300] "GET /cormun/static/calendar-es.js?85251 HTTP/1.1" 200 1901
190.171.141.106 - - [02/Apr/2019:17:08:01 -0300] "GET /cormun/servlet/solicitudot?2b4890bd1f9ed913ef180141bb24e08af7510a9da5ba871cbe4da71424153ff78d79c391b4aa2c7d9fd58d0acf18f87f24402e28a8338cec95d095a6b22123d27cf71ba43cdb1fb836029880587be332bb2b496fa4a62f3209fe25b1a4824075f735b92cd3b8f2f54357a31bcfdbfeb05fbdf8868188cd27eb1a64a154cdc4a7d8024a421df1b7a11cf5dd0b7fa7ee31f49d4e76ed9b91a75ec4767e7188a3cdbf1ba214685a9c6b19263361cabeeacad5a4d75d98456541fc9ae21e598284ef08853d13b942530be93bb23eead77afd8cc787cec61e1968bd687791326b6c8d2620bac070686e6f720c750f39c42712a17b53811c58c438f0f66ed049795000d43aa159f586919c0a25dcae7b80ef6ee0478456f8e0c2e40fc79768e3504eadb4a4479440c638701796a4b46095e5c8d6a83e53b904f232ce286ce1e3528e7c0a0b3d8ce5d996f56a43d151c9744b0523892dc484f662ad7bca17705c6f9530597ca13a6d19809870d9f7f8e0f30155c03bfd905f77fd4ea8b8c9653e38ef25488f44c29e0630cdb56ddf3a6fbeabb2,gx-no-cache=1554235459864 HTTP/1.1" 200 30
190.171.141.106 - - [02/Apr/2019:17:08:02 -0300] "POST /cormun/servlet/solicitudot?gx-no-cache=1554235460003 HTTP/1.1" 200 30
190.171.141.106 - - [02/Apr/2019:17:08:02 -0300] "POST /cormun/servlet/solicitudot?gx-no-cache=1554235460573 HTTP/1.1" 200 1316
190.171.141.106 - - [02/Apr/2019:17:08:02 -0300] "POST /cormun/servlet/solicitudot?gx-no-cache=1554235460811 HTTP/1.1" 200 38
40.77.252.112 - - [02/Apr/2019:17:08:06 -0300] "GET /cormun/static/gxui/gxui-all.js HTTP/1.1" 200 107772
40.77.195.154 - - [02/Apr/2019:17:08:09 -0300] "GET /cormun/static/PXToolsJavascripts/pexe_cookies.js HTTP/1.1" 200 792
40.77.253.128 - - [02/Apr/2019:17:08:10 -0300] "GET /cormun/static/Shared/ext/ext-all.js HTTP/1.1" 200 1289687
40.77.194.232 - - [02/Apr/2019:17:08:12 -0300] "GET /cormun/static/PXToolsJavascripts/pexe_grid.js HTTP/1.1" 200 7559
40.77.193.237 - - [02/Apr/2019:17:08:13 -0300] "GET /cormun/static/PXToolsJavascripts/pexe_windows.js HTTP/1.1" 200 15207
190.171.154.42 - - [02/Apr/2019:17:08:15 -0300] "POST /cormun/servlet/solicitudot?6e66e8746178442451f4021c5517d882,INS,0,0,,gx-no-cache=1554235471106 HTTP/1.1" 200 12350
40.77.192.116 - - [02/Apr/2019:17:08:17 -0300] "GET /cormun/static/PXToolsJavascripts/pexe_oavdivfix.js HTTP/1.1" 200 639
40.77.194.144 - - [02/Apr/2019:17:08:20 -0300] "GET /cormun/static/PXToolsJavascripts/pexe_tabs.js HTTP/1.1" 200 3748
40.77.253.14 - - [02/Apr/2019:17:08:24 -0300] "GET /cormun/static/trlicencias.js?20176272054837 HTTP/1.1" 200 41883
40.77.194.144 - - [02/Apr/2019:17:08:26 -0300] "GET /cormun/static/hwchdr01.js?201752511465785 HTTP/1.1" 200 1183
40.77.253.59 - - [02/Apr/2019:17:08:33 -0300] "GET /cormun/static/Shared/jquery/jquery-1.10.2.min.js HTTP/1.1" 200 273199
40.77.192.251 - - [02/Apr/2019:17:08:33 -0300] "GET /cormun/static/Shared/ext/ext-all.js HTTP/1.1" 200 1289687
190.171.141.106 - - [02/Apr/2019:17:08:38 -0300] "POST /cormun/servlet/solicitudot?gx-no-cache=1554235496727 HTTP/1.1" 200 1316
190.171.141.106 - - [02/Apr/2019:17:08:38 -0300] "POST /cormun/servlet/solicitudot?gx-no-cache=1554235497103 HTTP/1.1" 200 38
190.171.141.106 - - [02/Apr/2019:17:08:38 -0300] "GET /cormun/servlet/solicitudot?2b4890bd1f9ed913ef180141bb24e08a41bcd7cbe69a00e8e247d2f87e0316971850d2c637f7c6f67cb446ded6a87794473bba48652a6ecdfc9f545949f658e74263e33b3f79c65c98b98b3811f152d113d8ccc247a54a5cf663a4a8ee5e0a3a2ccd497755e1fa29119d0d9bd28bb119,gx-no-cache=1554235497238 HTTP/1.1" 200 110
186.103.156.24 - - [02/Apr/2019:17:08:45 -0300] "GET /cormun/servlet/hlogin HTTP/1.1" 200 1722
190.171.141.106 - - [02/Apr/2019:17:08:46 -0300] "POST /cormun/servlet/solicitudot?gx-no-cache=1554235505073 HTTP/1.1" 200 69
186.103.156.24 - - [02/Apr/2019:17:08:54 -0300] "POST /cormun/servlet/hlogin?c2d10126f61a78d3868e875199c8fb9e,gx-no-cache=1554235511721 HTTP/1.1" 200 429
190.171.141.106 - - [02/Apr/2019:17:08:56 -0300] "GET /cormun/servlet/solicitudot?2b4890bd1f9ed913ef180141bb24e08a4a84090175a95ff4c39990777424a9fbad953302f682f3905632f4b1f5b347c8792455533f1091c97f8385469105b49c306dea4112fd31d320ca22498508b27dc146b863b1a24cdb8f0da937dba0a2785895ca6948923b521ef2ab2aa3d449d6,gx-no-cache=1554235515245 HTTP/1.1" 200 29
186.103.156.24 - - [02/Apr/2019:17:09:03 -0300] "POST /cormun/servlet/hlogin?c2d10126f61a78d3868e875199c8fb9e,gx-no-cache=1554235519534 HTTP/1.1" 200 90
186.103.156.24 - - [02/Apr/2019:17:09:03 -0300] "GET /cormun/servlet/hpexe_link HTTP/1.1" 200 952
186.103.156.24 - - [02/Apr/2019:17:09:04 -0300] "GET /cormun/servlet/hhome HTTP/1.1" 200 4337
186.103.156.24 - - [02/Apr/2019:17:09:04 -0300] "GET /cormun/servlet/hhome HTTP/1.1" 200 4333
186.103.156.24 - - [02/Apr/2019:17:09:09 -0300] "GET /cormun/servlet/trsolicitudot? HTTP/1.1" 200 7552
186.103.156.24 - - [02/Apr/2019:17:09:09 -0300] "GET /cormun/servlet/trsolicitudot? HTTP/1.1" 200 7550
190.171.141.106 - - [02/Apr/2019:17:09:12 -0300] "GET /cormun/servlet/solicitudot?2b4890bd1f9ed913ef180141bb24e08aabbc53af715c71320f1580fd14f74e3a8ac655dd361608bb9f19163e5283c924,gx-no-cache=1554235531109 HTTP/1.1" 200 30
186.103.156.24 - - [02/Apr/2019:17:09:12 -0300] "GET /cormun/servlet/solicitudot?INS,0,0, HTTP/1.1" 200 15214
186.103.156.24 - - [02/Apr/2019:17:09:13 -0300] "GET /cormun/servlet/solicitudot?INS,0,0, HTTP/1.1" 200 15220
190.171.141.106 - - [02/Apr/2019:17:09:18 -0300] "POST /cormun/servlet/solicitudot?gx-no-cache=1554235536487 HTTP/1.1" 200 30
190.171.154.42 - - [02/Apr/2019:17:09:24 -0300] "GET /cormun/servlet/solicitudot?4157eb2095921d58658126d53618b28811d113490ae2b470e48bdb0d29587523754a4069c3c27c3368827176ce8aeead,gx-no-cache=1554235540214 HTTP/1.1" 200 30
190.171.154.42 - - [02/Apr/2019:17:09:24 -0300] "POST /cormun/servlet/solicitudot?gx-no-cache=1554235540502 HTTP/1.1" 200 256
190.171.154.42 - - [02/Apr/2019:17:09:24 -0300] "GET /cormun/servlet/solicitudot?4157eb2095921d58658126d53618b288face60062e525dbb6a8f738bb9633ac96627346625a7a0f2648ba0803e660c6d21398b344af52a86a4ef2ab6cbf403627a2fdd47133a41adfb4c9e7c2aff52a9ae1faf12d0f2ea6b5978172686cb4b9c2041649053c7e45687979cd7b7fa7eb23871b8badb46b4379b7ec550060de3adac922eca0ece265f43d835c9f8bfe0638218d91c1906b972f6e4535d92e59057c85c70937f65346a2bfd664281d4bbfc1082dacbd3545edd9d320d4fb469d5b36c4abfffae9cdf71d3acaeca604c51c874e15c34b6b7f87a5ba5a4731e74e3e75d954bbf252da32a8b636acae3c08b626e8f89736cc11c59b5e4a62673e4f8c92f1320e3bbeebeb3ebf72d971b81bc54304b4dfcf7480e57107e490b41ace4d157d08263ecafdb6868f417d1d0b6f178625e3506493f4cafd9fa782252fa801eda2de9d239d17de76b0b17497451d3f567c28f83a770a41852c092a2d46c210b18c0d994821a09e6545bdc36f17b1c81c3a6f1726131caff0d6b5de6084bdeb5,gx-no-cache=1554235540698 HTTP/1.1" 200 30
190.171.154.42 - - [02/Apr/2019:17:09:25 -0300] "POST /cormun/servlet/solicitudot?gx-no-cache=1554235541363 HTTP/1.1" 200 30
190.171.154.42 - - [02/Apr/2019:17:09:26 -0300] "POST /cormun/servlet/solicitudot?gx-no-cache=1554235541571 HTTP/1.1" 200 1316
190.171.154.42 - - [02/Apr/2019:17:09:27 -0300] "POST /cormun/servlet/solicitudot?gx-no-cache=1554235542802 HTTP/1.1" 200 41
190.171.154.42 - - [02/Apr/2019:17:09:27 -0300] "GET /cormun/servlet/solicitudot?4157eb2095921d58658126d53618b288dc836d8cdeddfdb8242904b7c2b406acfdf1c193168af00bd21f2ffc7ea192a4a3ceb807a08a7bcd6d2f02fe8750f99995e8e304b69963ceed7b1a8b8fa68d035b7aa49b5fd3a227fa25ce17d0b9bbecafde5a26abc3d8fad75e4afb4b956a77,gx-no-cache=1554235544072 HTTP/1.1" 200 110
190.171.154.42 - - [02/Apr/2019:17:09:28 -0300] "POST /cormun/servlet/solicitudot?gx-no-cache=1554235544235 HTTP/1.1" 200 67
190.171.154.42 - - [02/Apr/2019:17:09:28 -0300] "GET /cormun/servlet/solicitudot?4157eb2095921d58658126d53618b28804ae86dd5f811dc127a073f43829494345ad650b5c42fcbdafd5cf9579237f51,gx-no-cache=1554235544516 HTTP/1.1" 200 30
190.171.154.42 - - [02/Apr/2019:17:09:28 -0300] "POST /cormun/servlet/solicitudot?gx-no-cache=1554235544671 HTTP/1.1" 200 33
190.171.154.42 - - [02/Apr/2019:17:09:32 -0300] "POST /cormun/servlet/solicitudot?6e66e8746178442451f4021c5517d882,INS,0,0,,gx-no-cache=1554235544875 HTTP/1.1" 200 12408
186.103.156.24 - - [02/Apr/2019:17:09:37 -0300] "POST /cormun/servlet/solicitudot?gx-no-cache=1554235548279 HTTP/1.1" 200 3450
186.103.156.24 - - [02/Apr/2019:17:09:39 -0300] "POST /cormun/servlet/solicitudot?c2d10126f61a78d3868e875199c8fb9e,INS,0,0,,gx-no-cache=1554235554732 HTTP/1.1" 200 11883
186.103.156.24 - - [02/Apr/2019:17:09:40 -0300] "GET /cormun/servlet/solicitudot?8bd0fa3e3399a530d254aa7b471a6ad7e9c5e132c8bd82cd2736a21c8bc7b00c8cda3da371ba0f0433319daf3e44a295,gx-no-cache=1554235557170 HTTP/1.1" 200 30
190.171.154.42 - - [02/Apr/2019:17:09:56 -0300] "POST /cormun/servlet/solicitudot?6e66e8746178442451f4021c5517d882,INS,0,0,,gx-no-cache=1554235571565 HTTP/1.1" 200 93
190.171.154.42 - - [02/Apr/2019:17:09:57 -0300] "GET /cormun/servlet/hpexe_return? HTTP/1.1" 200 1006
190.171.154.42 - - [02/Apr/2019:17:09:57 -0300] "GET /cormun/servlet/trsolicitudot HTTP/1.1" 200 10395
190.171.154.42 - - [02/Apr/2019:17:09:59 -0300] "GET /cormun/servlet/trsolicitudot HTTP/1.1" 200 10391
190.171.154.42 - - [02/Apr/2019:17:10:04 -0300] "GET /cormun/servlet/vesolicitudot?2019,15002,, HTTP/1.1" 200 8727
190.171.154.42 - - [02/Apr/2019:17:10:04 -0300] "GET /cormun/pexe_scrolldiv.js HTTP/1.1" 404 1009
190.171.154.42 - - [02/Apr/2019:17:10:05 -0300] "GET /cormun/servlet/vesolicitudot?2019,15002,, HTTP/1.1" 200 8726
190.171.152.114 - - [02/Apr/2019:17:10:21 -0300] "GET /cormun/servlet/prbanco?,MD,,gxPopupLevel%3D0%3B HTTP/1.1" 200 6623
190.171.152.114 - - [02/Apr/2019:17:10:25 -0300] "GET /cormun/servlet/solicitudot?a5c05ec08f686fb2f8b989c142906841abe01bf3ca1e181f390166ff4e3cbda7a4c41d6dcf295d98964e492d3e2fb67ee49506518c08f652f3fa2a1c4d92f6f0,gx-no-cache=1554235603807 HTTP/1.1" 200 30
190.171.152.114 - - [02/Apr/2019:17:10:27 -0300] "GET /cormun/servlet/solicitudot?a5c05ec08f686fb2f8b989c142906841a707ed936288eda1290caadb10607dce,gx-no-cache=1554235605895 HTTP/1.1" 200 53
190.171.141.106 - - [02/Apr/2019:17:10:30 -0300] "POST /cormun/servlet/solicitudot?9f9cc2b9112d390b80d3b272dcae1dfb,INS,0,0,,gx-no-cache=1554235607624 HTTP/1.1" 200 93
190.171.141.106 - - [02/Apr/2019:17:10:30 -0300] "GET /cormun/servlet/hpexe_return? HTTP/1.1" 200 1027
190.171.141.106 - - [02/Apr/2019:17:10:30 -0300] "GET /cormun/servlet/trsolicitudot?gx-no-cache=1554235339431 HTTP/1.1" 200 10585
190.171.141.106 - - [02/Apr/2019:17:10:31 -0300] "GET /cormun/servlet/trsolicitudot?gx-no-cache=1554235339431 HTTP/1.1" 200 10601
190.171.154.42 - - [02/Apr/2019:17:10:59 -0300] "POST /cormun/servlet/vesolicitudot?6e66e8746178442451f4021c5517d882,2019,15002,,,gx-no-cache=1554235634916 HTTP/1.1" 200 93
190.171.154.42 - - [02/Apr/2019:17:10:59 -0300] "GET /cormun/servlet/hpexe_return? HTTP/1.1" 200 1010
190.171.154.42 - - [02/Apr/2019:17:10:59 -0300] "GET /cormun/servlet/trsolicitudot HTTP/1.1" 200 10395
190.171.154.42 - - [02/Apr/2019:17:11:01 -0300] "GET /cormun/servlet/trsolicitudot HTTP/1.1" 200 10391
190.171.154.42 - - [02/Apr/2019:17:11:14 -0300] "GET /cormun/servlet/trsolicitudot? HTTP/1.1" 200 10391
190.171.154.42 - - [02/Apr/2019:17:11:15 -0300] "GET /cormun/servlet/trsolicitudot? HTTP/1.1" 200 10391
190.171.154.42 - - [02/Apr/2019:17:11:19 -0300] "GET /cormun/servlet/solicitudot?INS,0,0, HTTP/1.1" 200 15200
190.171.154.42 - - [02/Apr/2019:17:11:21 -0300] "GET /cormun/servlet/solicitudot?INS,0,0, HTTP/1.1" 200 15205
186.103.156.24 - - [02/Apr/2019:17:11:23 -0300] "GET /cormun/servlet/solicitudot?8bd0fa3e3399a530d254aa7b471a6ad769b54ca28acc48e5b201d17bd69e7de8,gx-no-cache=1554235660028 HTTP/1.1" 200 94
186.103.156.24 - - [02/Apr/2019:17:11:23 -0300] "GET /cormun/static/Shared/jqueryui/images/ui-icons_ebccce_256x240.png HTTP/1.1" 404 1089
186.103.156.24 - - [02/Apr/2019:17:11:23 -0300] "GET /cormun/static/Shared/jqueryui/images/ui-bg_highlight-soft_100_c6c2c8_1x100.png HTTP/1.1" 404 1117
186.103.156.24 - - [02/Apr/2019:17:11:23 -0300] "GET /cormun/static/Shared/jqueryui/images/ui-icons_82798d_256x240.png HTTP/1.1" 404 1089
186.103.156.24 - - [02/Apr/2019:17:11:23 -0300] "GET /cormun/static/Shared/jqueryui/images/ui-bg_flat_55_994d53_40x100.png HTTP/1.1" 404 1097
186.103.156.24 - - [02/Apr/2019:17:11:23 -0300] "GET /cormun/servlet/solicitudot?8bd0fa3e3399a530d254aa7b471a6ad71ce69937cbf1c8f2f8e9ab200031a92f,gx-no-cache=1554235660365 HTTP/1.1" 200 29
190.171.154.42 - - [02/Apr/2019:17:11:27 -0300] "GET /cormun/servlet/prfichaempleado?,MD,,gxPopupLevel%3D0%3B HTTP/1.1" 200 9417
186.103.156.24 - - [02/Apr/2019:17:11:28 -0300] "POST /cormun/servlet/solicitudot?c2d10126f61a78d3868e875199c8fb9e,INS,0,0,,gx-no-cache=1554235664265 HTTP/1.1" 200 12067
186.103.156.24 - - [02/Apr/2019:17:11:28 -0300] "GET /cormun/static/Shared/jqueryui/images/ui-icons_8d78a5_256x240.png HTTP/1.1" 404 1089
186.103.156.24 - - [02/Apr/2019:17:11:28 -0300] "GET /cormun/static/Shared/jqueryui/images/ui-bg_flat_55_fafafa_40x100.png HTTP/1.1" 404 1097
186.103.156.24 - - [02/Apr/2019:17:11:35 -0300] "GET /cormun/servlet/solicitudot?8bd0fa3e3399a530d254aa7b471a6ad769b54ca28acc48e5b201d17bd69e7de8,gx-no-cache=1554235672646 HTTP/1.1" 200 94
186.103.156.24 - - [02/Apr/2019:17:11:35 -0300] "GET /cormun/servlet/solicitudot?8bd0fa3e3399a530d254aa7b471a6ad71ce69937cbf1c8f2f8e9ab200031a92f,gx-no-cache=1554235672782 HTTP/1.1" 200 29
186.103.156.24 - - [02/Apr/2019:17:11:35 -0300] "POST /cormun/servlet/solicitudot?gx-no-cache=1554235672905 HTTP/1.1" 200 297
186.103.156.24 - - [02/Apr/2019:17:11:35 -0300] "GET /cormun/servlet/solicitudot?8bd0fa3e3399a530d254aa7b471a6ad7c0b412e0833c2388bd59a8a22f7190351de961ce90c49cbe321e915401e639a23b90b8e36fe7bca7c3fa2d5ab19b4f8763eb7c1892a8b62bd51e6c27f9eb702340655cd91eb6efc2cdd5875381bd468ff6098b2b169e4e0dceee0f4c492ea6fe67082368c12d32195abc5919cf8548fed0058ec571562d7bd4ddb3c0c07c8298081614d69157c097985c3eadb13ab1a54076b98c9d81620f95807272957b7e9dae6b29bdcfcb7649ca75bedb02a629c62c49d1585d14ef08da6b86fd6f2e481c12c9829b709dea03735abf7e58b54a0922c3fe718749a611d04590727b3452e9bdd423659e012009251a03426213acc56e6f71cd64fe25e831c0b170058ec1a0553dd123d812100c5ca725de72eb41bef08770f8a9929c7245093b55f16c3675f959aa046f636ac98f913ac41fadf32430f3aa0952e7861d22d0e6782fdc55010d7d19e5ecc6aa3bfd0af6b5702bd42f9cd1c5291ea5e96982ee9f291c70eb1bf8a46ceeace64e177bb89bed6649b656527ad8b48dca48e41ea6b19607d72586,gx-no-cache=1554235673065 HTTP/1.1" 200 30
190.171.153.26 - - [02/Apr/2019:17:11:40 -0300] "POST /cormun/servlet/solicitudot?gx-no-cache=1554235678960 HTTP/1.1" 200 30
190.171.154.42 - - [02/Apr/2019:17:11:40 -0300] "POST /cormun/servlet/prfichaempleado?6e66e8746178442451f4021c5517d882,,MD,,gxPopupLevel%3D0%3B,gx-no-cache=1554235677120 HTTP/1.1" 200 3422
186.103.156.24 - - [02/Apr/2019:17:11:43 -0300] "POST /cormun/servlet/solicitudot?gx-no-cache=1554235680495 HTTP/1.1" 200 30
190.171.154.42 - - [02/Apr/2019:17:11:46 -0300] "POST /cormun/servlet/solicitudot?gx-no-cache=1554235682727 HTTP/1.1" 200 3529
190.171.154.42 - - [02/Apr/2019:17:11:47 -0300] "POST /cormun/servlet/solicitudot?6e66e8746178442451f4021c5517d882,INS,0,0,,gx-no-cache=1554235683295 HTTP/1.1" 200 11968
190.171.154.42 - - [02/Apr/2019:17:11:48 -0300] "GET /cormun/servlet/solicitudot?4157eb2095921d58658126d53618b28812165826a8f88cbee1d6d7932fe96477b4fc493cf6612034ddeee199281d137e,gx-no-cache=1554235684444 HTTP/1.1" 200 30
190.171.153.26 - - [02/Apr/2019:17:11:51 -0300] "POST /cormun/servlet/solicitudot?2b9cdaa93835b49dd64078f31ccad9f2,INS,0,0,,gx-no-cache=1554235689824 HTTP/1.1" 200 93
190.171.153.26 - - [02/Apr/2019:17:11:52 -0300] "GET /cormun/servlet/hpexe_return? HTTP/1.1" 200 1003
190.171.153.26 - - [02/Apr/2019:17:11:52 -0300] "GET /cormun/static/hpexe_return.js?2016101716175153 HTTP/1.1" 200 1633
190.171.153.26 - - [02/Apr/2019:17:11:52 -0300] "GET /cormun/static/Resources/Spanish/PXTools.css?167811 HTTP/1.1" 200 89042
190.171.153.26 - - [02/Apr/2019:17:11:52 -0300] "GET /cormun/static/gxcfg.js?2016101716175148 HTTP/1.1" 200 953
190.171.153.26 - - [02/Apr/2019:17:11:53 -0300] "GET /cormun/servlet/trsolicitudot HTTP/1.1" 200 11032
190.171.153.26 - - [02/Apr/2019:17:11:54 -0300] "GET /cormun/servlet/trsolicitudot HTTP/1.1" 200 11028
190.171.154.42 - - [02/Apr/2019:17:12:02 -0300] "GET /cormun/servlet/solicitudot?4157eb2095921d58658126d53618b2886cb3904ec1a6998dec2ad703033c40c2,gx-no-cache=1554235698615 HTTP/1.1" 200 94
190.171.154.42 - - [02/Apr/2019:17:12:02 -0300] "GET /cormun/static/Shared/jqueryui/images/ui-bg_highlight-soft_100_c6c2c8_1x100.png HTTP/1.1" 404 1117
190.171.154.42 - - [02/Apr/2019:17:12:02 -0300] "GET /cormun/static/Shared/jqueryui/images/ui-icons_82798d_256x240.png HTTP/1.1" 404 1089
190.171.154.42 - - [02/Apr/2019:17:12:02 -0300] "GET /cormun/static/Shared/jqueryui/images/ui-icons_ebccce_256x240.png HTTP/1.1" 404 1089
190.171.154.42 - - [02/Apr/2019:17:12:02 -0300] "GET /cormun/servlet/solicitudot?4157eb2095921d58658126d53618b288cc303aff9a65474bae481f7266cc7832,gx-no-cache=1554235698770 HTTP/1.1" 200 123
190.171.154.42 - - [02/Apr/2019:17:12:02 -0300] "GET /cormun/static/Shared/jqueryui/images/ui-bg_flat_55_994d53_40x100.png HTTP/1.1" 404 1097
190.171.153.26 - - [02/Apr/2019:17:12:02 -0300] "POST /cormun/servlet/trsolicitudot?2b9cdaa93835b49dd64078f31ccad9f2,gx-no-cache=1554235701155 HTTP/1.1" 200 8530
190.171.154.42 - - [02/Apr/2019:17:12:02 -0300] "POST /cormun/servlet/solicitudot?gx-no-cache=1554235698987 HTTP/1.1" 200 255
190.171.153.26 - - [02/Apr/2019:17:12:02 -0300] "GET /cormun/static/Shared/jqueryui/images/ui-bg_highlight-soft_100_c6c2c8_1x100.png HTTP/1.1" 404 1117
190.171.153.26 - - [02/Apr/2019:17:12:02 -0300] "GET /cormun/static/Shared/jqueryui/images/ui-icons_82798d_256x240.png HTTP/1.1" 404 1089
190.171.154.42 - - [02/Apr/2019:17:12:02 -0300] "GET /cormun/servlet/solicitudot?4157eb2095921d58658126d53618b288face60062e525dbb6a8f738bb9633ac96627346625a7a0f2648ba0803e660c6d21398b344af52a86a4ef2ab6cbf403627a2fdd47133a41adfb4c9e7c2aff52a9ae1faf12d0f2ea6b5978172686cb4b9c2041649053c7e45687979cd7b7fa7eb23871b8badb46b4379b7ec550060de3adac922eca0ece265f43d835c9f8bfe0638218d91c1906b972f6e4535d92e59057c85c70937f65346a2bfd664281d4bbfc1082dacbd3545edd9d320d4fb469d5b36c4abfffae9cdf71d3acaeca604c51c874e15c34b6b7f87a5ba5a4731e74e3e75d954bbf252da32a8b636acae3c08b626e8f89736cc11c59b5e4a62673e4f8c92f1320e3bbeebeb3ebf72d971b81bc54304b4dfcf7480e57107e490b41ace4d157d08263ecafdb6868f417d1d0b6f178625e3506493f4cafd9fa782252fa801eda2de9d239d17de76b0b17497451d3f567c28f83a770a41852c092a2d46c210b18c0d994821a09e6545bdc36f17b1c815e69038a8589b2f27ea287a56c3d93ef,gx-no-cache=1554235699180 HTTP/1.1" 200 30
190.171.153.26 - - [02/Apr/2019:17:12:02 -0300] "GET /cormun/static/Shared/jqueryui/images/ui-icons_8d78a5_256x240.png HTTP/1.1" 404 1089
190.171.153.26 - - [02/Apr/2019:17:12:03 -0300] "GET /cormun/static/Shared/jqueryui/images/ui-bg_flat_55_fafafa_40x100.png HTTP/1.1" 404 1097
190.171.154.42 - - [02/Apr/2019:17:12:03 -0300] "POST /cormun/servlet/solicitudot?gx-no-cache=1554235699324 HTTP/1.1" 200 30
190.171.154.42 - - [02/Apr/2019:17:12:03 -0300] "POST /cormun/servlet/solicitudot?gx-no-cache=1554235699526 HTTP/1.1" 200 1316
190.171.154.42 - - [02/Apr/2019:17:12:03 -0300] "POST /cormun/servlet/solicitudot?gx-no-cache=1554235699712 HTTP/1.1" 200 38
190.171.154.42 - - [02/Apr/2019:17:12:03 -0300] "GET /cormun/servlet/solicitudot?4157eb2095921d58658126d53618b288dc836d8cdeddfdb8242904b7c2b406acfdf1c193168af00bd21f2ffc7ea192a4a3ceb807a08a7bcd6d2f02fe8750f99995e8e304b69963ceed7b1a8b8fa68d035b7aa49b5fd3a227fa25ce17d0b9bbecafde5a26abc3d8fad75e4afb4b956a77,gx-no-cache=1554235699858 HTTP/1.1" 200 110
192.168.10.89 - - [02/Apr/2019:17:12:10 -0300] "GET /digitalizacion/servlet/wblogin? HTTP/1.1" 200 2311
192.168.10.89 - - [02/Apr/2019:17:12:11 -0300] "GET /digitalizacion/servlet/wblogin? HTTP/1.1" 200 2322
192.168.10.89 - - [02/Apr/2019:17:12:13 -0300] "POST /digitalizacion/servlet/wblogin?59f3492c5bbd6a694554f1980bf29fc0,,gx-no-cache=1554242733371 HTTP/1.1" 200 65
192.168.10.89 - - [02/Apr/2019:17:12:13 -0300] "GET /digitalizacion/servlet/hhome HTTP/1.1" 200 2827
192.168.10.89 - - [02/Apr/2019:17:12:14 -0300] "GET /digitalizacion/servlet/hhome HTTP/1.1" 200 2825
192.168.10.89 - - [02/Apr/2019:17:12:16 -0300] "GET /digitalizacion/servlet/trdocumentos? HTTP/1.1" 200 9883
192.168.10.89 - - [02/Apr/2019:17:12:17 -0300] "POST /digitalizacion/servlet/trdocumentos?gx-no-cache=1554242738058 HTTP/1.1" 200 449
192.168.10.89 - - [02/Apr/2019:17:12:17 -0300] "GET /digitalizacion/servlet/trdocumentos? HTTP/1.1" 200 9880
192.168.10.89 - - [02/Apr/2019:17:12:17 -0300] "POST /digitalizacion/servlet/trdocumentos?gx-no-cache=1554242738108 HTTP/1.1" 200 78
192.168.10.89 - - [02/Apr/2019:17:12:21 -0300] "POST /digitalizacion/servlet/trdocumentos?gx-no-cache=1554242741458 HTTP/1.1" 200 233
192.168.10.89 - - [02/Apr/2019:17:12:27 -0300] "POST /digitalizacion/servlet/trdocumentos?59f3492c5bbd6a694554f1980bf29fc0,,gx-no-cache=1554242746731 HTTP/1.1" 200 6512
190.171.154.42 - - [02/Apr/2019:17:12:44 -0300] "POST /cormun/servlet/solicitudot?gx-no-cache=1554235740528 HTTP/1.1" 200 97
190.171.153.26 - - [02/Apr/2019:17:12:47 -0300] "GET /cormun/servlet/trsolicitudot? HTTP/1.1" 200 11028
190.171.153.26 - - [02/Apr/2019:17:12:48 -0300] "GET /cormun/servlet/trsolicitudot? HTTP/1.1" 200 11028
190.171.153.26 - - [02/Apr/2019:17:12:51 -0300] "GET /cormun/servlet/hlogin HTTP/1.1" 200 1735
190.171.153.26 - - [02/Apr/2019:17:12:51 -0300] "GET /cormun/static/Resources/PXToolsButtonRight21.png HTTP/1.1" 200 1283
190.171.154.42 - - [02/Apr/2019:17:12:53 -0300] "GET /cormun/servlet/prbanco?,MD,,gxPopupLevel%3D0%3B HTTP/1.1" 200 6687
190.171.152.114 - - [02/Apr/2019:17:13:00 -0300] "POST /cormun/servlet/solicitudot?gx-no-cache=1554235758251 HTTP/1.1" 200 255
190.171.152.114 - - [02/Apr/2019:17:13:02 -0300] "GET /cormun/servlet/solicitudot?a5c05ec08f686fb2f8b989c14290684180c03fa1e88339b2c29d3bf1ec8d4e88a1072ad47cb86aa3e21de9d2cb732b0166e4199ff47b3f2133cf15549d50b3f4264d8cc5db0d0d5ff079d76abd003474c817d40525629018246857218ee3b3c364ee9c9be250241bbc5150f40c1ee2253df9205999b37b7caec1b8bc153bafd508115b4b6993d8b76108782a203b691f8a89e09984c643a4abb2a98f550d68f278b089b31207cb47b065e3377e57831d54415a89223722f1883ad713262f7ce7aae1ff6df16044874e87ccf6915e942e5faf254291827973dc9dff2056f5bbf0117077ed9ddc8ee2948c598d069110daa87114ae4a5cf68520b827774e121fe06a96cec61883f6348e7b6893b57857fc1ec5704ba38331a615b8ced07206fa004fd8354d0697a875303d195a6892c8b0a14d90009d3ab0b28dcd362a14f35f270ee702f7339c3487dea96a2916c05df1e5d40f4b8ffd2466c62c09d12b0fb807d0ad66f5874e5e71d696b767af63650c498d70921a76f6a1e5902fe22747a40d,gx-no-cache=1554235760356 HTTP/1.1" 200 30
190.171.152.114 - - [02/Apr/2019:17:13:05 -0300] "POST /cormun/servlet/solicitudot?gx-no-cache=1554235763436 HTTP/1.1" 200 30
186.103.156.24 - - [02/Apr/2019:17:13:06 -0300] "POST /cormun/servlet/solicitudot?gx-no-cache=1554235762804 HTTP/1.1" 200 1314
186.103.156.24 - - [02/Apr/2019:17:13:10 -0300] "GET /cormun/static/menuarrow.gif HTTP/1.1" 404 1015
190.171.154.42 - - [02/Apr/2019:17:13:21 -0300] "GET /cormun/servlet/solicitudot?4157eb2095921d58658126d53618b28866758d6ff04e27a1cf57e3a3ea54a21d,gx-no-cache=1554235777276 HTTP/1.1" 200 45
186.103.156.24 - - [02/Apr/2019:17:13:29 -0300] "POST /cormun/servlet/solicitudot?gx-no-cache=1554235786007 HTTP/1.1" 200 41
190.171.154.42 - - [02/Apr/2019:17:13:42 -0300] "POST /cormun/servlet/solicitudot?gx-no-cache=1554235798558 HTTP/1.1" 200 255
190.171.154.42 - - [02/Apr/2019:17:13:42 -0300] "GET /cormun/servlet/solicitudot?4157eb2095921d58658126d53618b288face60062e525dbb6a8f738bb9633ac96627346625a7a0f2648ba0803e660c6d21398b344af52a86a4ef2ab6cbf403627a2fdd47133a41adfb4c9e7c2aff52a9ae1faf12d0f2ea6b5978172686cb4b9c2041649053c7e45687979cd7b7fa7eb23871b8badb46b4379b7ec550060de3adac922eca0ece265f43d835c9f8bfe0638218d91c1906b972f6e4535d92e59057c85c70937f65346a2bfd664281d4bbfc1082dacbd3545edd9d320d4fb469d5b36c4abfffae9cdf71d3acaeca604c51c874e15c34b6b7f87a5ba5a4731e74e3e75d954bbf252da32a8b636acae3c08b626e8f89736cc11c59b5e4a62673e4f8c92f1320e3bbeebeb3ebf72d971b81bc54304b4dfcf7480e57107e490b41ace4d157d08263ecafdb6868f417d1d0b6f178625e3506493f4cafd9fa782252fa801eda2de9d239d17de76b0b17497451d3f567c28f83a770a41852c092a2d46c210b18c0d994821a09e6545bdc36f17b1c81c3a6f1726131caff0d6b5de6084bdeb5,gx-no-cache=1554235799147 HTTP/1.1" 200 30
190.171.154.42 - - [02/Apr/2019:17:13:45 -0300] "POST /cormun/servlet/solicitudot?gx-no-cache=1554235801403 HTTP/1.1" 200 30
190.171.154.42 - - [02/Apr/2019:17:13:47 -0300] "GET /cormun/servlet/prsolicitudot?15806207,,,,,MD,,gxPopupLevel%3D0%3B HTTP/1.1" 200 6087
190.171.154.42 - - [02/Apr/2019:17:13:51 -0300] "POST /cormun/servlet/solicitudot?gx-no-cache=1554235808211 HTTP/1.1" 200 1316
190.171.154.42 - - [02/Apr/2019:17:13:52 -0300] "POST /cormun/servlet/solicitudot?gx-no-cache=1554235808398 HTTP/1.1" 200 38
190.171.154.42 - - [02/Apr/2019:17:13:52 -0300] "GET /cormun/servlet/solicitudot?4157eb2095921d58658126d53618b288dc836d8cdeddfdb8242904b7c2b406acfdf1c193168af00bd21f2ffc7ea192a4a3ceb807a08a7bcd6d2f02fe8750f99995e8e304b69963ceed7b1a8b8fa68d035b7aa49b5fd3a227fa25ce17d0b9bbecafde5a26abc3d8fad75e4afb4b956a77,gx-no-cache=1554235808563 HTTP/1.1" 200 110
190.171.154.42 - - [02/Apr/2019:17:13:52 -0300] "POST /cormun/servlet/solicitudot?gx-no-cache=1554235808740 HTTP/1.1" 200 72
190.171.154.42 - - [02/Apr/2019:17:13:52 -0300] "GET /cormun/servlet/solicitudot?4157eb2095921d58658126d53618b288caa89e3f34a2fee86893b7228ad7418f53c9a4cf0d0854e17cfa86dc55287955ab79653aa6dcbf9359ac3bc138dfd094f0b182d584a317a552c602f01886bd581107260ed2df1c7f2f9021abad5ab51ea1fd164e1aec1816315fdf9d6b05b7ac426371a5695ecfd215eb8614e3f130ed0df4b238e8dfc700ad0a680f8f85b87210674658275c8f0eed289df731fe3966,gx-no-cache=1554235808879 HTTP/1.1" 200 29
190.171.154.42 - - [02/Apr/2019:17:13:52 -0300] "GET /cormun/servlet/solicitudot?4157eb2095921d58658126d53618b288b56bc2fdacc84c2a74b8a1de3d4a186845ad650b5c42fcbdafd5cf9579237f51,gx-no-cache=1554235809031 HTTP/1.1" 200 134
190.171.154.42 - - [02/Apr/2019:17:14:01 -0300] "GET /cormun/static/menuarrow.gif HTTP/1.1" 404 1015
190.171.154.42 - - [02/Apr/2019:17:14:08 -0300] "GET /cormun/servlet/solicitudot?4157eb2095921d58658126d53618b28804ae86dd5f811dc127a073f43829494345ad650b5c42fcbdafd5cf9579237f51,gx-no-cache=1554235825067 HTTP/1.1" 200 30
190.171.152.114 - - [02/Apr/2019:17:15:23 -0300] "POST /cormun/servlet/solicitudot?gx-no-cache=1554235901971 HTTP/1.1" 200 1313
190.171.152.114 - - [02/Apr/2019:17:15:23 -0300] "POST /cormun/servlet/solicitudot?gx-no-cache=1554235902198 HTTP/1.1" 200 38
190.171.152.114 - - [02/Apr/2019:17:15:33 -0300] "GET /cormun/servlet/solicitudot?a5c05ec08f686fb2f8b989c14290684124934c21a7109c3cce33391fcba79aa58c5ae986b79f550c44f4f0506e676831b5bd5bfb9f38673f97f11404b210d38ec414f8a2d285724eb1254da55b4b88141bc32884bd815664d29372cb54881334ac8aac3689de193ff01eb6611740fd66,gx-no-cache=1554235912166 HTTP/1.1" 200 110
190.171.152.114 - - [02/Apr/2019:17:15:40 -0300] "POST /cormun/servlet/solicitudot?gx-no-cache=1554235918089 HTTP/1.1" 200 64
190.171.152.114 - - [02/Apr/2019:17:15:55 -0300] "POST /cormun/servlet/solicitudot?gx-no-cache=1554235933920 HTTP/1.1" 200 97
190.171.154.42 - - [02/Apr/2019:17:16:15 -0300] "GET /cormun/servlet/solicitudot?4157eb2095921d58658126d53618b28811d113490ae2b470e48bdb0d29587523754a4069c3c27c3368827176ce8aeead,gx-no-cache=1554235951643 HTTP/1.1" 200 30
190.171.154.42 - - [02/Apr/2019:17:16:15 -0300] "POST /cormun/servlet/solicitudot?gx-no-cache=1554235952080 HTTP/1.1" 200 256
190.171.154.42 - - [02/Apr/2019:17:16:16 -0300] "GET /cormun/servlet/solicitudot?4157eb2095921d58658126d53618b288face60062e525dbb6a8f738bb9633ac96627346625a7a0f2648ba0803e660c6d21398b344af52a86a4ef2ab6cbf403627a2fdd47133a41adfb4c9e7c2aff52a9ae1faf12d0f2ea6b5978172686cb4b9c2041649053c7e45687979cd7b7fa7eb23871b8badb46b4379b7ec550060de3adac922eca0ece265f43d835c9f8bfe0638218d91c1906b972f6e4535d92e59057c85c70937f65346a2bfd664281d4bbfc1082dacbd3545edd9d320d4fb469d5b36c4abfffae9cdf71d3acaeca604c51c874e15c34b6b7f87a5ba5a4731e74e3e75d954bbf252da32a8b636acae3c08b626e8f89736cc11c59b5e4a62673e4f8c92f1320e3bbeebeb3ebf72d971b81bc54304b4dfcf7480e57107e490b41ace4d157d08263ecafdb6868f417d1d0b6f178625e3506493f4cafd9fa782252fa801eda2de9d239d17de76b0b17497451d3f567c28f83a770a41852c092a2d46c210b18c0d994821a09e6545bdc36f17b1c81c3a6f1726131caff0d6b5de6084bdeb5,gx-no-cache=1554235952265 HTTP/1.1" 200 30
190.171.154.42 - - [02/Apr/2019:17:16:16 -0300] "POST /cormun/servlet/solicitudot?gx-no-cache=1554235952445 HTTP/1.1" 200 30
190.171.154.42 - - [02/Apr/2019:17:16:16 -0300] "POST /cormun/servlet/solicitudot?gx-no-cache=1554235952610 HTTP/1.1" 200 1316
