190.171.141.106 - - [02/Apr/2019:16:13:47 -0300] "GET /cormun/servlet/solicitudot?2b4890bd1f9ed913ef180141bb24e08a41bcd7cbe69a00e8e247d2f87e0316971850d2c637f7c6f67cb446ded6a87794473bba48652a6ecdfc9f545949f658e74263e33b3f79c65c98b98b3811f152d113d8ccc247a54a5cf663a4a8ee5e0a3a2ccd497755e1fa29119d0d9bd28bb119,gx-no-cache=1554232206256 HTTP/1.1" 200 110
186.103.159.187 - - [02/Apr/2019:16:13:48 -0300] "GET /cormun/servlet/hhome HTTP/1.1" 200 4234
186.103.159.187 - - [02/Apr/2019:16:13:55 -0300] "GET /cormun/servlet/trautorizarsolicitud? HTTP/1.1" 200 9467
186.103.159.187 - - [02/Apr/2019:16:13:56 -0300] "GET /cormun/servlet/trautorizarsolicitud? HTTP/1.1" 200 9466
186.103.159.187 - - [02/Apr/2019:16:14:02 -0300] "POST /cormun/servlet/trautorizarsolicitud?c98b2cbb3fc64ab5644270e77101373e,,gx-no-cache=1554235954143 HTTP/1.1" 200 6266
186.103.159.187 - - [02/Apr/2019:16:14:02 -0300] "GET /cormun/static/Shared/jqueryui/images/ui-bg_highlight-soft_100_c6c2c8_1x100.png HTTP/1.1" 404 1117
186.103.159.187 - - [02/Apr/2019:16:14:02 -0300] "GET /cormun/static/Shared/jqueryui/images/ui-icons_82798d_256x240.png HTTP/1.1" 404 1089
186.103.159.187 - - [02/Apr/2019:16:14:02 -0300] "GET /cormun/static/Shared/jqueryui/images/ui-bg_flat_55_fafafa_40x100.png HTTP/1.1" 404 1097
186.103.159.187 - - [02/Apr/2019:16:14:02 -0300] "GET /cormun/static/Shared/jqueryui/images/ui-icons_8d78a5_256x240.png HTTP/1.1" 404 1089
186.103.159.187 - - [02/Apr/2019:16:14:02 -0300] "POST /cormun/servlet/trautorizarsolicitud?c98b2cbb3fc64ab5644270e77101373e,,gx-no-cache=1554235954601 HTTP/1.1" 200 6210
186.103.159.187 - - [02/Apr/2019:16:14:03 -0300] "POST /cormun/servlet/trautorizarsolicitud?c98b2cbb3fc64ab5644270e77101373e,,gx-no-cache=1554235955755 HTTP/1.1" 200 5872
186.103.159.187 - - [02/Apr/2019:16:14:03 -0300] "POST /cormun/servlet/trautorizarsolicitud?c98b2cbb3fc64ab5644270e77101373e,,gx-no-cache=1554235956050 HTTP/1.1" 200 5816
186.103.159.187 - - [02/Apr/2019:16:14:04 -0300] "POST /cormun/servlet/trautorizarsolicitud?c98b2cbb3fc64ab5644270e77101373e,,gx-no-cache=1554235956974 HTTP/1.1" 200 4675
186.103.159.187 - - [02/Apr/2019:16:14:05 -0300] "POST /cormun/servlet/trautorizarsolicitud?c98b2cbb3fc64ab5644270e77101373e,,gx-no-cache=1554235957184 HTTP/1.1" 200 4453
186.103.159.187 - - [02/Apr/2019:16:14:14 -0300] "GET /cormun/servlet/trcontratosolicitud? HTTP/1.1" 200 14575
186.103.159.187 - - [02/Apr/2019:16:14:14 -0300] "GET /cormun/static/gxcfg.js?20177612214014 HTTP/1.1" 200 953
190.171.141.106 - - [02/Apr/2019:16:14:14 -0300] "POST /cormun/servlet/solicitudot?gx-no-cache=1554232232824 HTTP/1.1" 200 69
186.103.159.187 - - [02/Apr/2019:16:14:14 -0300] "GET /cormun/static/trcontratosolicitud.js?20177612214349 HTTP/1.1" 200 28237
186.103.159.187 - - [02/Apr/2019:16:14:15 -0300] "GET /cormun//static/Resources/PXToolsGridNew.png HTTP/1.1" 200 2949
186.103.159.187 - - [02/Apr/2019:16:14:15 -0300] "GET /cormun/servlet/trcontratosolicitud? HTTP/1.1" 200 14556
190.171.141.82 - - [02/Apr/2019:16:14:21 -0300] "GET /cormun/servlet/trlicencias? HTTP/1.1" 200 11251
192.168.10.89 - - [02/Apr/2019:16:14:24 -0300] "GET /cormun/servlet/hlogin HTTP/1.1" 200 1735
190.171.141.82 - - [02/Apr/2019:16:14:24 -0300] "GET /cormun/servlet/trlicencias? HTTP/1.1" 200 11249
190.171.154.42 - - [02/Apr/2019:16:15:02 -0300] "POST /cormun/servlet/hlogin?74fefa2f12c7af3ebc7f50ee7d4eeed2,gx-no-cache=1554232279084 HTTP/1.1" 440 972
190.171.154.42 - - [02/Apr/2019:16:15:05 -0300] "GET /cormun/servlet/hlogin HTTP/1.1" 200 1729
190.171.154.42 - - [02/Apr/2019:16:15:12 -0300] "POST /cormun/servlet/hlogin?6e66e8746178442451f4021c5517d882,gx-no-cache=1554232288878 HTTP/1.1" 200 443
190.171.154.42 - - [02/Apr/2019:16:15:20 -0300] "POST /cormun/servlet/hlogin?6e66e8746178442451f4021c5517d882,gx-no-cache=1554232296249 HTTP/1.1" 200 90
190.171.154.42 - - [02/Apr/2019:16:15:20 -0300] "GET /cormun/servlet/hpexe_link HTTP/1.1" 200 950
190.171.154.42 - - [02/Apr/2019:16:15:20 -0300] "GET /cormun/servlet/hhome HTTP/1.1" 200 4319
190.171.154.42 - - [02/Apr/2019:16:15:22 -0300] "GET /cormun/servlet/hhome HTTP/1.1" 200 4315
190.171.141.82 - - [02/Apr/2019:16:15:23 -0300] "GET /cormun/servlet/licenciaspermisos?INS,0,,, HTTP/1.1" 200 7886
190.171.141.82 - - [02/Apr/2019:16:15:24 -0300] "GET /cormun/servlet/licenciaspermisos?INS,0,,, HTTP/1.1" 200 7894
190.171.154.42 - - [02/Apr/2019:16:15:29 -0300] "GET /cormun/servlet/trpermisosgoce? HTTP/1.1" 200 9139
190.171.154.42 - - [02/Apr/2019:16:15:31 -0300] "GET /cormun/servlet/trpermisosgoce? HTTP/1.1" 200 9137
190.171.154.42 - - [02/Apr/2019:16:15:34 -0300] "GET /cormun/servlet/permisogoce?INS,0,,, HTTP/1.1" 200 7189
190.171.154.42 - - [02/Apr/2019:16:15:36 -0300] "GET /cormun/servlet/permisogoce?INS,0,,, HTTP/1.1" 200 7189
190.171.154.42 - - [02/Apr/2019:16:15:58 -0300] "GET /cormun/servlet/permisogoce?6b6d0ae36d13a7e05fd0e27c178a65604694d570bd006246d7ad41516531fda24a16ed523c848d93d6bb538a145ff46f73e998d637be1d09afaed7ec2283dc6a,gx-no-cache=1554232335029 HTTP/1.1" 200 79
190.171.154.42 - - [02/Apr/2019:16:15:58 -0300] "GET /cormun/static/menuarrow.gif HTTP/1.1" 404 1015
190.171.154.42 - - [02/Apr/2019:16:16:06 -0300] "GET /cormun/servlet/permisogoce?6b6d0ae36d13a7e05fd0e27c178a656039e1adeb85a75e32d3ab5b958d38c6f9ab672442f57f285b9952e79b4ee9f49ab6a501a3db464982064ba1894b4a437e,gx-no-cache=1554232342406 HTTP/1.1" 200 46
190.171.154.42 - - [02/Apr/2019:16:16:13 -0300] "POST /cormun/servlet/permisogoce?6e66e8746178442451f4021c5517d882,INS,0,,,,gx-no-cache=1554232349661 HTTP/1.1" 200 93
190.171.154.42 - - [02/Apr/2019:16:16:14 -0300] "GET /cormun/servlet/hpexe_return? HTTP/1.1" 200 1009
190.171.154.42 - - [02/Apr/2019:16:16:14 -0300] "GET /cormun/servlet/trpermisosgoce HTTP/1.1" 200 9346
190.171.154.42 - - [02/Apr/2019:16:16:15 -0300] "GET /cormun/servlet/trpermisosgoce HTTP/1.1" 200 9337
190.171.154.42 - - [02/Apr/2019:16:16:31 -0300] "GET /cormun/servlet/apermisogoceprn?16254702,P,20190402180855,PU HTTP/1.1" 200 1654
186.103.159.187 - - [02/Apr/2019:16:16:45 -0300] "POST /cormun/servlet/trcontratosolicitud?c98b2cbb3fc64ab5644270e77101373e,,gx-no-cache=1554236116890 HTTP/1.1" 200 12301
186.103.159.187 - - [02/Apr/2019:16:16:46 -0300] "GET /cormun/static/Resources/PXToolsGridNext.gif HTTP/1.1" 200 369
186.103.159.187 - - [02/Apr/2019:16:16:46 -0300] "GET /cormun/static/Resources/PXToolsGridLast.gif HTTP/1.1" 200 370
190.171.154.42 - - [02/Apr/2019:16:17:15 -0300] "GET /cormun/servlet/hlogin HTTP/1.1" 200 1736
190.171.141.82 - - [02/Apr/2019:16:17:31 -0300] "GET /cormun/servlet/licenciaspermisos?87c1e44a8017e4aa57303bb85af53a3b2a0e26402ae40f5999c090c71408b2c9e9b4a73b8d10a7c617afa00b961116a5,gx-no-cache=1554232427566 HTTP/1.1" 200 105
190.171.141.82 - - [02/Apr/2019:16:17:31 -0300] "POST /cormun/servlet/licenciaspermisos?b33c3b20545647c42bc20cf061b281b5,INS,0,,,,gx-no-cache=1554232427944 HTTP/1.1" 200 4958
190.171.141.82 - - [02/Apr/2019:16:17:37 -0300] "GET /cormun/servlet/trlicencias? HTTP/1.1" 200 11258
190.171.141.82 - - [02/Apr/2019:16:17:39 -0300] "GET /cormun/servlet/trlicencias? HTTP/1.1" 200 11249
186.79.117.47 - - [02/Apr/2019:16:17:39 -0300] "GET /cormun/servlet/hlogin HTTP/1.1" 200 1720
186.79.117.47 - - [02/Apr/2019:16:17:40 -0300] "GET /cormun/servlet/hlogin HTTP/1.1" 200 1731
190.171.141.106 - - [02/Apr/2019:16:17:43 -0300] "GET /cormun/servlet/solicitudot?2b4890bd1f9ed913ef180141bb24e08a41bcd7cbe69a00e8e247d2f87e0316971850d2c637f7c6f67cb446ded6a87794473bba48652a6ecdfc9f545949f658e74263e33b3f79c65c98b98b3811f152d113d8ccc247a54a5cf663a4a8ee5e0a3a2ccd497755e1fa29119d0d9bd28bb119,gx-no-cache=1554232441504 HTTP/1.1" 200 110
186.79.117.47 - - [02/Apr/2019:16:17:50 -0300] "POST /cormun/servlet/hlogin?740fc5f0bf06ab8f91958efd1a2553df,gx-no-cache=1554232449392 HTTP/1.1" 200 90
186.79.117.47 - - [02/Apr/2019:16:17:50 -0300] "GET /cormun/servlet/hpexe_link HTTP/1.1" 200 948
186.79.117.47 - - [02/Apr/2019:16:17:50 -0300] "GET /cormun/servlet/hhome HTTP/1.1" 200 4330
186.79.117.47 - - [02/Apr/2019:16:17:51 -0300] "GET /cormun/servlet/hhome HTTP/1.1" 200 4325
190.171.141.82 - - [02/Apr/2019:16:17:52 -0300] "GET /cormun/static/menuarrow.gif HTTP/1.1" 404 1015
186.79.117.47 - - [02/Apr/2019:16:18:03 -0300] "GET /cormun/servlet/trpermisosgoce? HTTP/1.1" 200 8649
186.79.117.47 - - [02/Apr/2019:16:18:04 -0300] "GET /cormun/servlet/trpermisosgoce? HTTP/1.1" 200 8647
186.79.117.47 - - [02/Apr/2019:16:18:08 -0300] "GET /cormun/servlet/permisogoce?INS,0,,, HTTP/1.1" 200 7195
186.79.117.47 - - [02/Apr/2019:16:18:08 -0300] "GET /cormun/static/gxcfg.js?201776126440 HTTP/1.1" 200 953
186.79.117.47 - - [02/Apr/2019:16:18:09 -0300] "GET /cormun/static/permisogoce.js?2017761264459 HTTP/1.1" 200 27897
186.79.117.47 - - [02/Apr/2019:16:18:09 -0300] "GET /cormun/servlet/permisogoce?INS,0,,, HTTP/1.1" 200 7194
190.171.141.106 - - [02/Apr/2019:16:18:15 -0300] "GET /cormun/servlet/solicitudot?2b4890bd1f9ed913ef180141bb24e08a4a84090175a95ff4c39990777424a9fbad953302f682f3905632f4b1f5b347c8792455533f1091c97f8385469105b49c306dea4112fd31d320ca22498508b27dc146b863b1a24cdb8f0da937dba0a2785895ca6948923b521ef2ab2aa3d449d6,gx-no-cache=1554232473788 HTTP/1.1" 200 29
190.171.141.106 - - [02/Apr/2019:16:18:25 -0300] "GET /cormun/servlet/solicitudot?2b4890bd1f9ed913ef180141bb24e08aabbc53af715c71320f1580fd14f74e3a8ac655dd361608bb9f19163e5283c924,gx-no-cache=1554232483697 HTTP/1.1" 200 30
186.79.117.47 - - [02/Apr/2019:16:18:29 -0300] "GET /cormun/servlet/permisogoce?491d897df0e05ddd4b22cc76bc5e526e8cc192a4243ad754f99a3c9d6f7f1a524a94a15ce4c588ba01b6b399b99547662ffda13a0f872ce476cb6a79976c35ee,gx-no-cache=1554232488098 HTTP/1.1" 200 82
190.171.141.106 - - [02/Apr/2019:16:18:36 -0300] "POST /cormun/servlet/solicitudot?gx-no-cache=1554232494563 HTTP/1.1" 200 30
186.79.117.47 - - [02/Apr/2019:16:18:46 -0300] "GET /cormun/servlet/permisogoce?491d897df0e05ddd4b22cc76bc5e526ef604404d66b41c76080f20a8468a8a2b2cfc1342c2f41958b0731587eb10b5482d96c5a2a745900ef6840e638ce5f189,gx-no-cache=1554232505947 HTTP/1.1" 200 46
186.79.117.47 - - [02/Apr/2019:16:18:49 -0300] "POST /cormun/servlet/permisogoce?740fc5f0bf06ab8f91958efd1a2553df,INS,0,,,,gx-no-cache=1554232507739 HTTP/1.1" 200 93
186.79.117.47 - - [02/Apr/2019:16:18:49 -0300] "GET /cormun/servlet/hpexe_return? HTTP/1.1" 200 1008
186.79.117.47 - - [02/Apr/2019:16:18:49 -0300] "GET /cormun/servlet/trpermisosgoce HTTP/1.1" 200 8922
186.79.117.47 - - [02/Apr/2019:16:18:50 -0300] "GET /cormun/servlet/trpermisosgoce HTTP/1.1" 200 8918
186.79.117.47 - - [02/Apr/2019:16:18:54 -0300] "GET /cormun/servlet/apermisogoceprn?17134154,P,20190402181129,PU HTTP/1.1" 200 1649
190.171.141.82 - - [02/Apr/2019:16:19:00 -0300] "GET /cormun/servlet/licenciaspermisos?87c1e44a8017e4aa57303bb85af53a3bbdabefa9c20b01d4517bd6523223073cc1fd688fa8c7c65a84864f43eb8461d81381c34ea2d943e4d1fec231f564a8fcf87be64b6d9f6ec4d818963c05bbcccd027cec993a9c56925905b2a799be8b62ffcdcd9810aebb4375f6942480468fe17e79a51fc10e3b258f64aa94f3f6dd27eec8ce3f977fc9c0c21691c956e752d7f1ec9fabfbce372b6a310186c0ba4f092af83d2669a378d4338355b24990b98a,gx-no-cache=1554232517613 HTTP/1.1" 200 30
190.171.141.82 - - [02/Apr/2019:16:19:00 -0300] "GET /cormun/servlet/licenciaspermisos?87c1e44a8017e4aa57303bb85af53a3bdff3a66626ae3bb7b0d56d9db2b6d6a9aebb8d1e40a80c9b9283b7e2790dc1f5e52b9bd6ce5256de8bac61f4d089f7c41d45484237e8402f25e4b639b9f5a8a5430176bc371d91a06bf0478c38576a86996c9200227672a8b9045894a4c5a71e725788562ce8d9cea56cd288b5c167c1ced2697cc72943c7873c7fbe9cb8fbc47a639ebdbca0e8ab009b48b527870689fa6f43157fee11eda3280ea32f097f8b,gx-no-cache=1554232517732 HTTP/1.1" 200 29
190.171.141.82 - - [02/Apr/2019:16:19:01 -0300] "POST /cormun/servlet/licenciaspermisos?b33c3b20545647c42bc20cf061b281b5,INS,0,,,,gx-no-cache=1554232517806 HTTP/1.1" 200 93
190.171.141.82 - - [02/Apr/2019:16:19:01 -0300] "GET /cormun/servlet/hpexe_return? HTTP/1.1" 200 1009
190.171.141.82 - - [02/Apr/2019:16:19:02 -0300] "GET /cormun/servlet/hhome HTTP/1.1" 200 4344
190.171.141.82 - - [02/Apr/2019:16:19:02 -0300] "GET /cormun/servlet/hhome HTTP/1.1" 200 4338
190.171.141.106 - - [02/Apr/2019:16:19:08 -0300] "POST /cormun/servlet/solicitudot?9f9cc2b9112d390b80d3b272dcae1dfb,INS,0,0,,gx-no-cache=1554232526281 HTTP/1.1" 200 93
190.171.141.106 - - [02/Apr/2019:16:19:08 -0300] "GET /cormun/servlet/hpexe_return? HTTP/1.1" 200 1005
190.171.141.106 - - [02/Apr/2019:16:19:09 -0300] "GET /cormun/servlet/trsolicitudot HTTP/1.1" 200 8978
190.171.141.106 - - [02/Apr/2019:16:19:09 -0300] "GET /cormun/servlet/trsolicitudot HTTP/1.1" 200 8974
190.171.141.106 - - [02/Apr/2019:16:19:12 -0300] "GET /cormun/servlet/solicitudot?INS,0,0, HTTP/1.1" 200 14883
190.171.141.106 - - [02/Apr/2019:16:19:13 -0300] "GET /cormun/servlet/solicitudot?INS,0,0, HTTP/1.1" 200 14888
190.171.141.82 - - [02/Apr/2019:16:19:28 -0300] "GET /cormun/servlet/trlicencias? HTTP/1.1" 200 11732
190.171.141.82 - - [02/Apr/2019:16:19:28 -0300] "GET /cormun/servlet/trlicencias? HTTP/1.1" 200 11732
190.171.141.82 - - [02/Apr/2019:16:19:35 -0300] "GET /cormun/servlet/licenciaspermisos?UPD,17524221,L,20190402000000, HTTP/1.1" 200 8080
190.171.141.82 - - [02/Apr/2019:16:19:38 -0300] "GET /cormun/servlet/licenciaspermisos?UPD,17524221,L,20190402000000, HTTP/1.1" 200 8099
190.171.141.82 - - [02/Apr/2019:16:19:38 -0300] "GET /cormun/servlet/licenciaspermisos?87c1e44a8017e4aa57303bb85af53a3b2a0e26402ae40f5999c090c71408b2c9a8d6ce22f04bb4da07f08af61010f97f07ae62cff8a252f9b21350813906bd083d3b392c541896f4b00c5763b76a66153b05ea1fe976b925dd1d095412e0da12,gx-no-cache=1554232555302 HTTP/1.1" 200 94
190.171.141.82 - - [02/Apr/2019:16:19:40 -0300] "GET /cormun/servlet/licenciaspermisos?87c1e44a8017e4aa57303bb85af53a3b1309dfcdfbab760835688ff2112eb263c1fd688fa8c7c65a84864f43eb8461d81381c34ea2d943e4d1fec231f564a8fcf87be64b6d9f6ec4d818963c05bbcccd027cec993a9c56925905b2a799be8b6280686b99ce303c87ab559b780340bfb37e79a51fc10e3b258f64aa94f3f6dd27576dff5d01f7bec33bf54f87fb105942182d1d404b0e0b070588a11851ab1baceba3a8a064c6652b69b9d3a75e7a53e2a191c8f510e39bbbe623cbb09d77987ea6feb4bb805aa132a6076ebc76623c0b7c57641a64953740497ddabc64d29848,gx-no-cache=1554232556970 HTTP/1.1" 200 30
190.171.141.82 - - [02/Apr/2019:16:19:40 -0300] "GET /cormun/servlet/licenciaspermisos?87c1e44a8017e4aa57303bb85af53a3bdff3a66626ae3bb7b0d56d9db2b6d6a9aebb8d1e40a80c9b9283b7e2790dc1f5e52b9bd6ce5256de8bac61f4d089f7c41d45484237e8402f25e4b639b9f5a8a5430176bc371d91a06bf0478c38576a864d4c916422ed4874b0c7e98884dda584725788562ce8d9cea56cd288b5c167c1d2962703b8c209c37a393623494092d625756a13e053dcf268e47d0fb0f8001e59385086f8a3feb2ef4a6b16c04b28c23b04f47c07f543d97cc90325eef4229c9cd372450233022830adc9cc3c23914f52d637654288ba3c62afb1bdb153c176,gx-no-cache=1554232557066 HTTP/1.1" 200 29
190.171.141.82 - - [02/Apr/2019:16:19:40 -0300] "POST /cormun/servlet/licenciaspermisos?b33c3b20545647c42bc20cf061b281b5,UPD,17524221,L,20190402000000,,gx-no-cache=1554232557122 HTTP/1.1" 200 93
190.171.141.82 - - [02/Apr/2019:16:19:40 -0300] "GET /cormun/servlet/hpexe_return? HTTP/1.1" 200 1025
190.171.141.82 - - [02/Apr/2019:16:19:40 -0300] "GET /cormun/servlet/trlicencias HTTP/1.1" 200 11741
190.171.141.82 - - [02/Apr/2019:16:19:42 -0300] "GET /cormun/servlet/trlicencias HTTP/1.1" 200 11735
190.171.141.82 - - [02/Apr/2019:16:19:47 -0300] "GET /cormun/servlet/trlicenciaspermisosadjuntos?17524221,20190402000000,L, HTTP/1.1" 200 6689
190.171.141.82 - - [02/Apr/2019:16:19:48 -0300] "GET /cormun/servlet/trlicenciaspermisosadjuntos?17524221,20190402000000,L, HTTP/1.1" 200 6689
190.171.141.82 - - [02/Apr/2019:16:19:50 -0300] "POST /cormun/servlet/trlicenciaspermisosadjuntos?b33c3b20545647c42bc20cf061b281b5,17524221,20190402000000,L,,gx-no-cache=1554232566963 HTTP/1.1" 200 4287
190.171.141.82 - - [02/Apr/2019:16:19:51 -0300] "GET /cormun/servlet/licenciaspermisosadjuntos?INS,17524221,L,20190402000000,, HTTP/1.1" 200 5993
190.171.141.82 - - [02/Apr/2019:16:19:52 -0300] "GET /cormun/static/about:blank HTTP/1.1" 404 1011
190.171.141.82 - - [02/Apr/2019:16:19:52 -0300] "GET /cormun/servlet/licenciaspermisosadjuntos?INS,17524221,L,20190402000000,, HTTP/1.1" 200 5980
190.171.141.82 - - [02/Apr/2019:16:20:04 -0300] "POST /cormun/servlet/licenciaspermisosadjuntos?b33c3b20545647c42bc20cf061b281b5,INS,17524221,L,20190402000000,, HTTP/1.1" 200 116
190.171.141.82 - - [02/Apr/2019:16:20:04 -0300] "GET /cormun/servlet/hpexe_return? HTTP/1.1" 200 1041
190.171.141.82 - - [02/Apr/2019:16:20:05 -0300] "GET /cormun/servlet/trlicenciaspermisosadjuntos?17524221,20190402000000,L, HTTP/1.1" 200 7267
190.171.141.82 - - [02/Apr/2019:16:20:06 -0300] "GET /cormun/servlet/trlicenciaspermisosadjuntos?17524221,20190402000000,L, HTTP/1.1" 200 7263
190.171.141.82 - - [02/Apr/2019:16:20:09 -0300] "POST /cormun/servlet/trlicenciaspermisosadjuntos?b33c3b20545647c42bc20cf061b281b5,17524221,20190402000000,L,,gx-no-cache=1554232586556 HTTP/1.1" 200 90
190.171.141.82 - - [02/Apr/2019:16:20:09 -0300] "GET /cormun/servlet/hpexe_link HTTP/1.1" 200 983
190.171.141.82 - - [02/Apr/2019:16:20:10 -0300] "GET /cormun/servlet/trlicencias HTTP/1.1" 200 11738
190.171.141.82 - - [02/Apr/2019:16:20:10 -0300] "GET /cormun/servlet/trlicencias HTTP/1.1" 200 11735
190.171.141.82 - - [02/Apr/2019:16:20:12 -0300] "GET /cormun/servlet/alicenciaprn?17524221,L,20190402000000,PU HTTP/1.1" 200 1534
190.171.141.106 - - [02/Apr/2019:16:21:05 -0300] "POST /cormun/servlet/solicitudot?gx-no-cache=1554232644151 HTTP/1.1" 200 3566
190.171.141.106 - - [02/Apr/2019:16:21:06 -0300] "POST /cormun/servlet/solicitudot?9f9cc2b9112d390b80d3b272dcae1dfb,INS,0,0,,gx-no-cache=1554232644374 HTTP/1.1" 200 11773
190.171.141.106 - - [02/Apr/2019:16:21:10 -0300] "GET /cormun/servlet/solicitudot?2b4890bd1f9ed913ef180141bb24e08a19195f1d76221c2bb6605f0405ffe89a4694f8e3a20f490f5704e6b309cdebd7,gx-no-cache=1554232649141 HTTP/1.1" 200 30
190.171.141.106 - - [02/Apr/2019:16:21:10 -0300] "GET /cormun/servlet/solicitudot?2b4890bd1f9ed913ef180141bb24e08a26d432c94c4613e8ce69dfc46efe24dd8872e465343e75d251b76b887f89842ca604b4d942c33e4519cfdd444f6a9945,gx-no-cache=1554232649210 HTTP/1.1" 200 30
190.171.141.106 - - [02/Apr/2019:16:21:10 -0300] "GET /cormun/servlet/solicitudot?2b4890bd1f9ed913ef180141bb24e08af678772853ff0c18e556af38ed17b3ff,gx-no-cache=1554232649239 HTTP/1.1" 200 51
190.171.141.106 - - [02/Apr/2019:16:21:10 -0300] "POST /cormun/servlet/solicitudot?gx-no-cache=1554232649273 HTTP/1.1" 200 256
190.171.141.106 - - [02/Apr/2019:16:21:10 -0300] "GET /cormun/servlet/solicitudot?2b4890bd1f9ed913ef180141bb24e08af7510a9da5ba871cbe4da71424153ff764f8d64e4aa0e2fb8fd4864826f4a46d24402e28a8338cec95d095a6b22123d27cf71ba43cdb1fb836029880587be332bb2b496fa4a62f3209fe25b1a4824075f735b92cd3b8f2f54357a31bcfdbfeb05fbdf8868188cd27eb1a64a154cdc4a7d8024a421df1b7a11cf5dd0b7fa7ee31f49d4e76ed9b91a75ec4767e7188a3cdbf1ba214685a9c6b19263361cabeeacad5a4d75d98456541fc9ae21e598284ef08853d13b942530be93bb23eead77afd8cc787cec61e1968bd687791326b6c8d2620bac070686e6f720c750f39c42712a17b53811c58c438f0f66ed049795000d43aa159f586919c0a25dcae7b80ef6ee0478456f8e0c2e40fc79768e3504eadb4a4479440c638701796a4b46095e5c8d6a83e53b904f232ce286ce1e3528e7c6866959ddbc0ace529cd82cc0f18a33d3deebb98179216fa0094d48e52fb1bfcc6ed1108a1770b8e749e45b788cb490f5ce2cad0dc5795e13b3b8a74af200d91,gx-no-cache=1554232649318 HTTP/1.1" 200 30
190.171.141.106 - - [02/Apr/2019:16:21:25 -0300] "POST /cormun/servlet/solicitudot?gx-no-cache=1554232663226 HTTP/1.1" 200 30
190.171.141.106 - - [02/Apr/2019:16:21:48 -0300] "POST /cormun/servlet/solicitudot?gx-no-cache=1554232686398 HTTP/1.1" 200 1315
190.171.141.106 - - [02/Apr/2019:16:21:48 -0300] "POST /cormun/servlet/solicitudot?gx-no-cache=1554232686669 HTTP/1.1" 200 38
190.171.141.106 - - [02/Apr/2019:16:21:48 -0300] "GET /cormun/servlet/solicitudot?2b4890bd1f9ed913ef180141bb24e08a41bcd7cbe69a00e8e247d2f87e0316971850d2c637f7c6f67cb446ded6a87794473bba48652a6ecdfc9f545949f658e74263e33b3f79c65c98b98b3811f152d113d8ccc247a54a5cf663a4a8ee5e0a3a2ccd497755e1fa29119d0d9bd28bb119,gx-no-cache=1554232686730 HTTP/1.1" 200 110
186.67.164.138 - - [02/Apr/2019:16:22:01 -0300] "GET /cormun/servlet/hlogin HTTP/1.1" 200 1723
190.171.141.106 - - [02/Apr/2019:16:22:06 -0300] "POST /cormun/servlet/solicitudot?gx-no-cache=1554232704968 HTTP/1.1" 200 69
190.171.141.106 - - [02/Apr/2019:16:22:21 -0300] "GET /cormun/servlet/solicitudot?2b4890bd1f9ed913ef180141bb24e08a4a84090175a95ff4c39990777424a9fbad953302f682f3905632f4b1f5b347c8792455533f1091c97f8385469105b49c306dea4112fd31d320ca22498508b27dc146b863b1a24cdb8f0da937dba0a2785895ca6948923b521ef2ab2aa3d449d6,gx-no-cache=1554232719371 HTTP/1.1" 200 29
190.171.141.106 - - [02/Apr/2019:16:22:34 -0300] "GET /cormun/servlet/solicitudot?2b4890bd1f9ed913ef180141bb24e08aabbc53af715c71320f1580fd14f74e3a8ac655dd361608bb9f19163e5283c924,gx-no-cache=1554232732237 HTTP/1.1" 200 30
192.168.15.3 - - [02/Apr/2019:16:22:51 -0300] "GET /digitalizacion/servlet/wblogin HTTP/1.1" 200 2305
190.171.141.106 - - [02/Apr/2019:16:22:51 -0300] "POST /cormun/servlet/solicitudot?gx-no-cache=1554232750149 HTTP/1.1" 200 30
192.168.15.3 - - [02/Apr/2019:16:22:51 -0300] "GET /digitalizacion/servlet/wblogin HTTP/1.1" 200 2317
192.168.15.3 - - [02/Apr/2019:16:22:53 -0300] "GET /favicon.ico HTTP/1.1" 200 21630
192.168.15.3 - - [02/Apr/2019:16:22:56 -0300] "POST /digitalizacion/servlet/wblogin?0f382f171eeede82a894fe04901bf764,gx-no-cache=1554232842051 HTTP/1.1" 200 829
192.168.15.3 - - [02/Apr/2019:16:22:59 -0300] "POST /digitalizacion/servlet/wblogin?0f382f171eeede82a894fe04901bf764,gx-no-cache=1554232845051 HTTP/1.1" 200 65
192.168.15.3 - - [02/Apr/2019:16:22:59 -0300] "GET /digitalizacion/servlet/hhome HTTP/1.1" 200 2814
192.168.15.3 - - [02/Apr/2019:16:22:59 -0300] "GET /digitalizacion/static/gxcfg.js?201841414272279 HTTP/1.1" 200 954
192.168.15.3 - - [02/Apr/2019:16:22:59 -0300] "GET /digitalizacion/static/Resources/CormunLogo2.png HTTP/1.1" 200 7733
192.168.15.3 - - [02/Apr/2019:16:22:59 -0300] "GET /digitalizacion/static/Resources/PXToolsHeaderHome.png HTTP/1.1" 200 1364
192.168.15.3 - - [02/Apr/2019:16:22:59 -0300] "GET /digitalizacion/static/Resources/PXToolsDataTitle.png HTTP/1.1" 200 1173
192.168.15.3 - - [02/Apr/2019:16:22:59 -0300] "GET /digitalizacion/static/Resources/PXToolsHeaderPreferences.png HTTP/1.1" 200 1395
192.168.15.3 - - [02/Apr/2019:16:22:59 -0300] "GET /digitalizacion/static/Resources/PXToolsHeaderLogin.png HTTP/1.1" 200 1432
192.168.15.3 - - [02/Apr/2019:16:23:00 -0300] "GET /digitalizacion/static/hhome.js?201841414272287 HTTP/1.1" 200 740
192.168.15.3 - - [02/Apr/2019:16:23:00 -0300] "GET /digitalizacion/static/hwchdr01.js?20184141438371 HTTP/1.1" 200 887
192.168.15.3 - - [02/Apr/2019:16:23:00 -0300] "GET /digitalizacion/static/hpexe_scripts.js?201841414233682 HTTP/1.1" 200 1506
192.168.15.3 - - [02/Apr/2019:16:23:00 -0300] "GET /digitalizacion/static/hpexe_messagecontroller.js?201841414233665 HTTP/1.1" 200 857
192.168.15.3 - - [02/Apr/2019:16:23:00 -0300] "GET /digitalizacion/static/hpexe_messagegenexuscomponent.js?201841414233455 HTTP/1.1" 200 550
192.168.15.3 - - [02/Apr/2019:16:23:00 -0300] "GET /digitalizacion/static/hpexe_messagepopupcomponent.js?201841414233469 HTTP/1.1" 200 568
192.168.15.3 - - [02/Apr/2019:16:23:00 -0300] "GET /digitalizacion/static/hpexe_messagegxuicomponent.js?201841414233441 HTTP/1.1" 200 1103
192.168.15.3 - - [02/Apr/2019:16:23:00 -0300] "GET /digitalizacion/static/gxui/gxui-all.js HTTP/1.1" 200 107772
192.168.15.3 - - [02/Apr/2019:16:23:01 -0300] "GET /digitalizacion/static/SmoothNavMenu/resources/ddsmoothmenu.js HTTP/1.1" 200 12712
192.168.15.3 - - [02/Apr/2019:16:23:01 -0300] "GET /digitalizacion/static/SmoothNavMenu/resources/SmoothNavMenuRender.js HTTP/1.1" 200 5951
192.168.15.3 - - [02/Apr/2019:16:23:03 -0300] "GET /digitalizacion/static/scaMessage/js/jquery.pnotify.min.js HTTP/1.1" 200 13038
192.168.15.3 - - [02/Apr/2019:16:23:03 -0300] "GET /digitalizacion/static/scaMessage/scaMessageRender.js HTTP/1.1" 200 2408
192.168.15.3 - - [02/Apr/2019:16:23:03 -0300] "GET /digitalizacion/static/hmpwkw031.js?20184141427937 HTTP/1.1" 200 3800
192.168.15.3 - - [02/Apr/2019:16:23:11 -0300] "GET /digitalizacion/static/Shared/jqueryui/jquery-ui.min.js HTTP/1.1" 200 240427
192.168.15.3 - - [02/Apr/2019:16:23:11 -0300] "GET /digitalizacion/static/Shared/jquery/jquery-1.10.2.min.js HTTP/1.1" 200 273199
192.168.15.3 - - [02/Apr/2019:16:23:12 -0300] "GET /digitalizacion/static/Shared/jquery/jquery-1.4.2.min.js HTTP/1.1" 200 72174
186.103.159.186 - - [02/Apr/2019:16:23:33 -0300] "GET /cormun/servlet/hlogin HTTP/1.1" 200 1724
190.171.141.106 - - [02/Apr/2019:16:23:38 -0300] "POST /cormun/servlet/solicitudot?9f9cc2b9112d390b80d3b272dcae1dfb,INS,0,0,,gx-no-cache=1554232796423 HTTP/1.1" 200 93
190.171.141.106 - - [02/Apr/2019:16:23:39 -0300] "GET /cormun/servlet/hpexe_return? HTTP/1.1" 200 1005
190.171.141.106 - - [02/Apr/2019:16:23:39 -0300] "GET /cormun/servlet/trsolicitudot HTTP/1.1" 200 9249
190.171.141.106 - - [02/Apr/2019:16:23:40 -0300] "GET /cormun/servlet/trsolicitudot HTTP/1.1" 200 9245
186.103.159.186 - - [02/Apr/2019:16:23:41 -0300] "POST /cormun/servlet/hlogin?b980bca20216b660010c3727775fa0ce,gx-no-cache=1554232799296 HTTP/1.1" 200 90
186.103.159.186 - - [02/Apr/2019:16:23:41 -0300] "GET /cormun/servlet/hpexe_link HTTP/1.1" 200 952
186.103.159.186 - - [02/Apr/2019:16:23:41 -0300] "GET /cormun/servlet/hhome HTTP/1.1" 200 4030
186.103.159.186 - - [02/Apr/2019:16:23:44 -0300] "GET /cormun/servlet/hhome HTTP/1.1" 200 4029
190.171.141.106 - - [02/Apr/2019:16:23:44 -0300] "GET /cormun/servlet/solicitudot?INS,0,0, HTTP/1.1" 200 14883
190.171.141.106 - - [02/Apr/2019:16:23:45 -0300] "GET /cormun/servlet/solicitudot?INS,0,0, HTTP/1.1" 200 14888
186.103.159.186 - - [02/Apr/2019:16:23:47 -0300] "GET /cormun/servlet/trpermisosgoce? HTTP/1.1" 200 9310
192.168.15.3 - - [02/Apr/2019:16:23:48 -0300] "GET /digitalizacion/static/Shared/ext/ext-all.js HTTP/1.1" 200 1289687
186.103.159.186 - - [02/Apr/2019:16:23:49 -0300] "GET /cormun/servlet/trpermisosgoce? HTTP/1.1" 200 9308
192.168.15.3 - - [02/Apr/2019:16:23:49 -0300] "GET /digitalizacion/servlet/hhome HTTP/1.1" 200 2812
192.168.15.3 - - [02/Apr/2019:16:23:49 -0300] "GET /digitalizacion/static/SmoothNavMenu/resources/images/down.gif HTTP/1.1" 200 854
186.103.159.186 - - [02/Apr/2019:16:23:51 -0300] "GET /cormun/servlet/trpermisosadjuntos?17477204,20190402144828,P, HTTP/1.1" 200 6351
186.103.159.186 - - [02/Apr/2019:16:23:53 -0300] "GET /cormun/servlet/trpermisosadjuntos?17477204,20190402144828,P, HTTP/1.1" 200 6351
186.103.159.186 - - [02/Apr/2019:16:23:54 -0300] "GET /cormun/servlet/permisosadjuntos?INS,17477204,P,20190402144828,, HTTP/1.1" 200 5677
186.103.159.186 - - [02/Apr/2019:16:23:55 -0300] "GET /cormun/static/about:blank HTTP/1.1" 404 1011
186.103.159.186 - - [02/Apr/2019:16:23:56 -0300] "GET /cormun/servlet/permisosadjuntos?INS,17477204,P,20190402144828,, HTTP/1.1" 200 5667
186.103.159.186 - - [02/Apr/2019:16:24:06 -0300] "POST /cormun/servlet/permisosadjuntos?b980bca20216b660010c3727775fa0ce,INS,17477204,P,20190402144828,, HTTP/1.1" 200 116
186.103.159.186 - - [02/Apr/2019:16:24:06 -0300] "GET /cormun/servlet/hpexe_return? HTTP/1.1" 200 1040
186.103.159.186 - - [02/Apr/2019:16:24:07 -0300] "GET /cormun/servlet/trpermisosadjuntos?17477204,20190402144828,P, HTTP/1.1" 200 6835
186.103.159.186 - - [02/Apr/2019:16:24:08 -0300] "GET /cormun/servlet/trpermisosadjuntos?17477204,20190402144828,P, HTTP/1.1" 200 6831
186.103.159.186 - - [02/Apr/2019:16:24:10 -0300] "POST /cormun/servlet/trpermisosadjuntos?b980bca20216b660010c3727775fa0ce,17477204,20190402144828,P,,gx-no-cache=1554232828780 HTTP/1.1" 200 90
186.103.159.186 - - [02/Apr/2019:16:24:11 -0300] "GET /cormun/servlet/hpexe_link HTTP/1.1" 200 985
186.103.159.186 - - [02/Apr/2019:16:24:11 -0300] "GET /cormun/servlet/trpermisosgoce HTTP/1.1" 200 9310
186.103.159.186 - - [02/Apr/2019:16:24:12 -0300] "GET /cormun/servlet/trpermisosgoce HTTP/1.1" 200 9308
186.103.159.186 - - [02/Apr/2019:16:24:21 -0300] "POST /cormun/servlet/trpermisosgoce?b980bca20216b660010c3727775fa0ce,gx-no-cache=1554232838854 HTTP/1.1" 200 6490
186.103.159.186 - - [02/Apr/2019:16:24:21 -0300] "GET /cormun/static/Shared/jqueryui/images/ui-bg_highlight-soft_100_c6c2c8_1x100.png HTTP/1.1" 404 1117
186.103.159.186 - - [02/Apr/2019:16:24:21 -0300] "GET /cormun/static/Shared/jqueryui/images/ui-icons_82798d_256x240.png HTTP/1.1" 404 1089
186.103.159.186 - - [02/Apr/2019:16:24:21 -0300] "GET /cormun/static/Shared/jqueryui/images/ui-bg_flat_55_fafafa_40x100.png HTTP/1.1" 404 1097
186.103.159.186 - - [02/Apr/2019:16:24:21 -0300] "GET /cormun/static/Shared/jqueryui/images/ui-icons_8d78a5_256x240.png HTTP/1.1" 404 1089
186.103.159.186 - - [02/Apr/2019:16:24:28 -0300] "GET /cormun/servlet/hlogin HTTP/1.1" 200 1724
192.168.15.3 - - [02/Apr/2019:16:24:30 -0300] "GET /digitalizacion/servlet/trdocumentos? HTTP/1.1" 200 9863
192.168.15.3 - - [02/Apr/2019:16:24:30 -0300] "GET /digitalizacion/static/gxcfg.js?20186221492466 HTTP/1.1" 200 954
192.168.15.3 - - [02/Apr/2019:16:24:30 -0300] "GET /digitalizacion/static/Resources/PXToolsGridFirstDisabled.gif HTTP/1.1" 200 100
192.168.15.3 - - [02/Apr/2019:16:24:30 -0300] "GET /digitalizacion/static/Resources/PXToolsGridPreviousDisabled.gif HTTP/1.1" 200 90
192.168.15.3 - - [02/Apr/2019:16:24:31 -0300] "GET /digitalizacion/static/Resources/PXToolsGridNextDisabled.gif HTTP/1.1" 200 90
192.168.15.3 - - [02/Apr/2019:16:24:31 -0300] "GET /digitalizacion/static/Resources/PXToolsGridLastDisabled.gif HTTP/1.1" 200 98
192.168.15.3 - - [02/Apr/2019:16:24:31 -0300] "GET /digitalizacion/static/Resources/PXToolsGridPage.gif HTTP/1.1" 200 725
192.168.15.3 - - [02/Apr/2019:16:24:31 -0300] "GET /digitalizacion/static/gxdec.js?85251 HTTP/1.1" 200 19729
192.168.15.3 - - [02/Apr/2019:16:24:31 -0300] "GET /digitalizacion/static/trdocumentos.js?20186221492798 HTTP/1.1" 200 22386
192.168.15.3 - - [02/Apr/2019:16:24:31 -0300] "GET /digitalizacion/static/Resources/asc.gif HTTP/1.1" 200 67
192.168.15.3 - - [02/Apr/2019:16:24:31 -0300] "GET /digitalizacion/static/Resources/desc.gif HTTP/1.1" 200 65
192.168.15.3 - - [02/Apr/2019:16:24:31 -0300] "GET /digitalizacion//static/Resources/PXToolsGridDisplay.png HTTP/1.1" 200 525
192.168.15.3 - - [02/Apr/2019:16:24:32 -0300] "GET /digitalizacion/static/Shared/ext/resources/themes/images/default/tools/tool-sprites.gif HTTP/1.1" 200 5434
192.168.15.3 - - [02/Apr/2019:16:24:32 -0300] "GET /digitalizacion/static/Shared/ext/resources/themes/images/default/panel/bg-headersPanel.png HTTP/1.1" 200 255
192.168.15.3 - - [02/Apr/2019:16:24:32 -0300] "GET /digitalizacion/servlet/trdocumentos? HTTP/1.1" 200 9861
192.168.15.3 - - [02/Apr/2019:16:24:32 -0300] "POST /digitalizacion/servlet/trdocumentos?gx-no-cache=1554232938462 HTTP/1.1" 200 449
192.168.15.3 - - [02/Apr/2019:16:24:32 -0300] "POST /digitalizacion/servlet/trdocumentos?gx-no-cache=1554232938886 HTTP/1.1" 200 78
192.168.15.3 - - [02/Apr/2019:16:24:34 -0300] "POST /digitalizacion/servlet/trdocumentos?gx-no-cache=1554232940355 HTTP/1.1" 200 388
186.103.159.186 - - [02/Apr/2019:16:24:34 -0300] "POST /cormun/servlet/hlogin?b980bca20216b660010c3727775fa0ce,gx-no-cache=1554232852810 HTTP/1.1" 200 90
186.103.159.186 - - [02/Apr/2019:16:24:34 -0300] "GET /cormun/servlet/hpexe_link HTTP/1.1" 200 952
186.103.159.186 - - [02/Apr/2019:16:24:35 -0300] "GET /cormun/servlet/hhome HTTP/1.1" 200 4208
186.103.159.186 - - [02/Apr/2019:16:24:37 -0300] "GET /cormun/servlet/hhome HTTP/1.1" 200 4204
192.168.15.3 - - [02/Apr/2019:16:24:38 -0300] "POST /digitalizacion/servlet/trdocumentos?gx-no-cache=1554232944531 HTTP/1.1" 200 78
186.103.159.186 - - [02/Apr/2019:16:24:40 -0300] "GET /cormun/servlet/trautorizarpermisogoce? HTTP/1.1" 200 7887
192.168.15.3 - - [02/Apr/2019:16:24:42 -0300] "POST /digitalizacion/servlet/trdocumentos?0f382f171eeede82a894fe04901bf764,,gx-no-cache=1554232948090 HTTP/1.1" 200 7067
186.103.159.186 - - [02/Apr/2019:16:24:42 -0300] "GET /cormun/servlet/trautorizarpermisogoce? HTTP/1.1" 200 7885
192.168.15.3 - - [02/Apr/2019:16:24:42 -0300] "GET /digitalizacion/static/Resources/PXToolsGridLast.gif HTTP/1.1" 200 370
192.168.15.3 - - [02/Apr/2019:16:24:42 -0300] "GET /digitalizacion/static/Resources/PXToolsGridNext.gif HTTP/1.1" 200 369
190.171.141.106 - - [02/Apr/2019:16:24:42 -0300] "POST /cormun/servlet/solicitudot?gx-no-cache=1554232860721 HTTP/1.1" 200 3458
190.171.141.106 - - [02/Apr/2019:16:24:43 -0300] "POST /cormun/servlet/solicitudot?9f9cc2b9112d390b80d3b272dcae1dfb,INS,0,0,,gx-no-cache=1554232861283 HTTP/1.1" 200 11670
186.103.159.186 - - [02/Apr/2019:16:24:45 -0300] "POST /cormun/servlet/trautorizarpermisogoce?b980bca20216b660010c3727775fa0ce,,gx-no-cache=1554232862417 HTTP/1.1" 200 4443
186.103.159.186 - - [02/Apr/2019:16:24:45 -0300] "GET /cormun/static/Shared/jqueryui/images/ui-bg_highlight-soft_100_c6c2c8_1x100.png HTTP/1.1" 404 1117
186.103.159.186 - - [02/Apr/2019:16:24:45 -0300] "GET /cormun/static/Shared/jqueryui/images/ui-icons_82798d_256x240.png HTTP/1.1" 404 1089
186.103.159.186 - - [02/Apr/2019:16:24:45 -0300] "GET /cormun/static/Shared/jqueryui/images/ui-bg_flat_55_fafafa_40x100.png HTTP/1.1" 404 1097
186.103.159.186 - - [02/Apr/2019:16:24:45 -0300] "GET /cormun/static/Shared/jqueryui/images/ui-icons_8d78a5_256x240.png HTTP/1.1" 404 1089
190.171.141.106 - - [02/Apr/2019:16:24:47 -0300] "GET /cormun/servlet/solicitudot?2b4890bd1f9ed913ef180141bb24e08a284b4566d4ddc611f720639fb39679a94694f8e3a20f490f5704e6b309cdebd7,gx-no-cache=1554232866030 HTTP/1.1" 200 30
192.168.15.3 - - [02/Apr/2019:16:25:21 -0300] "POST /digitalizacion/servlet/trdocumentos?0f382f171eeede82a894fe04901bf764,,gx-no-cache=1554232983522 HTTP/1.1" 200 2857
190.171.141.82 - - [02/Apr/2019:16:25:30 -0300] "POST /cormun/servlet/trlicencias?b33c3b20545647c42bc20cf061b281b5,gx-no-cache=1554232904367 HTTP/1.1" 200 9018
190.171.141.82 - - [02/Apr/2019:16:25:30 -0300] "GET /cormun/static/Shared/jqueryui/images/ui-icons_82798d_256x240.png HTTP/1.1" 404 1089
190.171.141.82 - - [02/Apr/2019:16:25:30 -0300] "GET /cormun/static/Shared/jqueryui/images/ui-bg_highlight-soft_100_c6c2c8_1x100.png HTTP/1.1" 404 1117
190.171.141.82 - - [02/Apr/2019:16:25:31 -0300] "GET /cormun/static/Shared/jqueryui/images/ui-icons_8d78a5_256x240.png HTTP/1.1" 404 1089
190.171.141.82 - - [02/Apr/2019:16:25:32 -0300] "GET /cormun/static/Shared/jqueryui/images/ui-bg_flat_55_fafafa_40x100.png HTTP/1.1" 404 1097
190.171.141.82 - - [02/Apr/2019:16:25:50 -0300] "GET /cormun/servlet/trsolicitudot? HTTP/1.1" 200 7549
190.171.141.82 - - [02/Apr/2019:16:25:52 -0300] "GET /cormun/servlet/trsolicitudot? HTTP/1.1" 200 7548
192.168.15.3 - - [02/Apr/2019:16:26:09 -0300] "POST /digitalizacion/servlet/trdocumentos?gx-no-cache=1554233035125 HTTP/1.1" 200 162
192.168.15.3 - - [02/Apr/2019:16:26:15 -0300] "POST /digitalizacion/servlet/trdocumentos?0f382f171eeede82a894fe04901bf764,,gx-no-cache=1554233040950 HTTP/1.1" 200 3356
192.168.15.3 - - [02/Apr/2019:16:26:18 -0300] "GET /digitalizacion/servlet/wbadjunto?67915,PU HTTP/1.1" 302 -
192.168.15.3 - - [02/Apr/2019:16:26:28 -0300] "GET /digitalizacion/PublicTempStorage/2598747.tmp HTTP/1.1" 200 1327939
192.168.15.3 - - [02/Apr/2019:16:26:57 -0300] "GET /digitalizacion/servlet/wbadjunto?67915,PU HTTP/1.1" 302 -
190.171.141.106 - - [02/Apr/2019:16:27:06 -0300] "GET /cormun/servlet/solicitudot?2b4890bd1f9ed913ef180141bb24e08aa3c50d1ffcf0ece4812a51d46e1cac1613da140dd6d553aab3c6a100c9eb45684e769e9ea675e4e1a549ba4ddcf6394f,gx-no-cache=1554233004514 HTTP/1.1" 200 30
192.168.15.3 - - [02/Apr/2019:16:27:12 -0300] "GET /digitalizacion/PublicTempStorage/8206743.tmp HTTP/1.1" 200 1327939
190.171.141.106 - - [02/Apr/2019:16:27:14 -0300] "GET /cormun/servlet/solicitudot?2b4890bd1f9ed913ef180141bb24e08a936342a84dffd66849e698ad57146c94,gx-no-cache=1554233013230 HTTP/1.1" 200 53
190.171.141.106 - - [02/Apr/2019:16:27:45 -0300] "POST /cormun/servlet/solicitudot?gx-no-cache=1554233044099 HTTP/1.1" 200 255
190.171.141.106 - - [02/Apr/2019:16:27:53 -0300] "GET /cormun/servlet/solicitudot?2b4890bd1f9ed913ef180141bb24e08af7510a9da5ba871cbe4da71424153ff7bf7305b48fcd0293d07dd5b869d2c45924402e28a8338cec95d095a6b22123d27cf71ba43cdb1fb836029880587be332bb2b496fa4a62f3209fe25b1a4824075f735b92cd3b8f2f54357a31bcfdbfeb05fbdf8868188cd27eb1a64a154cdc4a7d8024a421df1b7a11cf5dd0b7fa7ee31f49d4e76ed9b91a75ec4767e7188a3cdbf1ba214685a9c6b19263361cabeeacad5a4d75d98456541fc9ae21e598284ef08853d13b942530be93bb23eead77afd8cc787cec61e1968bd687791326b6c8d2620bac070686e6f720c750f39c42712a7f48f4f918a19824d338f644c046d65d43aa159f586919c0a25dcae7b80ef6ef2d3591bdf7415cc0b7ca1270ab1625deb39f35a42ceba3b73b6ce6d0440245d34a412a4e2f9e1dfc80e0a842af23a98e52f8f4230fe8de73d60f8927476fd46e213ed76a5a80ded0375ee9189b811c1c6bb6f53a5f044a3f948f793f901a8cc5987c9f2fe735a6c94917e553ef3f62c,gx-no-cache=1554233051888 HTTP/1.1" 200 30
190.171.141.106 - - [02/Apr/2019:16:27:58 -0300] "POST /cormun/servlet/solicitudot?gx-no-cache=1554233056610 HTTP/1.1" 200 30
190.171.141.106 - - [02/Apr/2019:16:28:06 -0300] "POST /cormun/servlet/solicitudot?gx-no-cache=1554233064409 HTTP/1.1" 200 256
190.171.141.106 - - [02/Apr/2019:16:28:14 -0300] "POST /cormun/servlet/solicitudot?gx-no-cache=1554233073121 HTTP/1.1" 200 254
190.171.141.106 - - [02/Apr/2019:16:28:28 -0300] "GET /cormun/servlet/solicitudot?2b4890bd1f9ed913ef180141bb24e08af7510a9da5ba871cbe4da71424153ff7bf7305b48fcd0293d07dd5b869d2c45924402e28a8338cec95d095a6b22123d27cf71ba43cdb1fb836029880587be332bb2b496fa4a62f3209fe25b1a4824075f735b92cd3b8f2f54357a31bcfdbfeb05fbdf8868188cd27eb1a64a154cdc4a7d8024a421df1b7a11cf5dd0b7fa7ee31f49d4e76ed9b91a75ec4767e7188a3cdbf1ba214685a9c6b19263361cabeeacad5a4d75d98456541fc9ae21e598284ef08853d13b942530be93bb23eead77afd8cc787cec61e1968bd687791326b6c8d2620bac070686e6f720c750f39c4271228ca5569b95b35994be8289b04431e42d43aa159f586919c0a25dcae7b80ef6ef2d3591bdf7415cc0b7ca1270ab1625deb39f35a42ceba3b73b6ce6d0440245d34a412a4e2f9e1dfc80e0a842af23a98e52f8f4230fe8de73d60f8927476fd46e213ed76a5a80ded0375ee9189b811c1c6bb6f53a5f044a3f948f793f901a8cc4a26da78bde9f4988deec53102c1eea1,gx-no-cache=1554233086428 HTTP/1.1" 200 30
190.171.141.106 - - [02/Apr/2019:16:29:01 -0300] "POST /cormun/servlet/solicitudot?gx-no-cache=1554233120096 HTTP/1.1" 200 256
190.171.141.106 - - [02/Apr/2019:16:29:19 -0300] "GET /cormun/servlet/solicitudot?2b4890bd1f9ed913ef180141bb24e08af7510a9da5ba871cbe4da71424153ff764f8d64e4aa0e2fb8fd4864826f4a46d24402e28a8338cec95d095a6b22123d27cf71ba43cdb1fb836029880587be332bb2b496fa4a62f3209fe25b1a4824075f735b92cd3b8f2f54357a31bcfdbfeb05fbdf8868188cd27eb1a64a154cdc4a7d8024a421df1b7a11cf5dd0b7fa7ee31f49d4e76ed9b91a75ec4767e7188a3cdbf1ba214685a9c6b19263361cabeeacad5a4d75d98456541fc9ae21e598284ef08853d13b942530be93bb23eead77afd8cc787cec61e1968bd687791326b6c8d2620bac070686e6f720c750f39c4271228ca5569b95b35994be8289b04431e42d43aa159f586919c0a25dcae7b80ef6ee0478456f8e0c2e40fc79768e3504eadb4a4479440c638701796a4b46095e5c8d6a83e53b904f232ce286ce1e3528e7c6866959ddbc0ace529cd82cc0f18a33d3deebb98179216fa0094d48e52fb1bfcc6ed1108a1770b8e749e45b788cb490fc191bd65b96005c978abf203f96cacbe,gx-no-cache=1554233137093 HTTP/1.1" 200 30
190.171.141.106 - - [02/Apr/2019:16:29:19 -0300] "POST /cormun/servlet/solicitudot?gx-no-cache=1554233137637 HTTP/1.1" 200 30
190.171.141.106 - - [02/Apr/2019:16:29:40 -0300] "POST /cormun/servlet/solicitudot?gx-no-cache=1554233159200 HTTP/1.1" 200 256
190.171.141.106 - - [02/Apr/2019:16:29:45 -0300] "GET /cormun/servlet/solicitudot?2b4890bd1f9ed913ef180141bb24e08af7510a9da5ba871cbe4da71424153ff7bf7305b48fcd0293d07dd5b869d2c45924402e28a8338cec95d095a6b22123d27cf71ba43cdb1fb836029880587be332bb2b496fa4a62f3209fe25b1a4824075f735b92cd3b8f2f54357a31bcfdbfeb05fbdf8868188cd27eb1a64a154cdc4a7d8024a421df1b7a11cf5dd0b7fa7ee31f49d4e76ed9b91a75ec4767e7188a3cdbf1ba214685a9c6b19263361cabeeacad5a4d75d98456541fc9ae21e598284ef08853d13b942530be93bb23eead77afd8cc787cec61e1968bd687791326b6c8d2620bac070686e6f720c750f39c4271228ca5569b95b35994be8289b04431e42d43aa159f586919c0a25dcae7b80ef6ef2d3591bdf7415cc0b7ca1270ab1625deb39f35a42ceba3b73b6ce6d0440245d34a412a4e2f9e1dfc80e0a842af23a98e52f8f4230fe8de73d60f8927476fd46e213ed76a5a80ded0375ee9189b811c1c6bb6f53a5f044a3f948f793f901a8cc4a26da78bde9f4988deec53102c1eea1,gx-no-cache=1554233163453 HTTP/1.1" 200 30
190.171.141.106 - - [02/Apr/2019:16:29:45 -0300] "POST /cormun/servlet/solicitudot?gx-no-cache=1554233163594 HTTP/1.1" 200 30
190.171.141.106 - - [02/Apr/2019:16:29:45 -0300] "POST /cormun/servlet/solicitudot?gx-no-cache=1554233163757 HTTP/1.1" 200 1317
190.171.141.106 - - [02/Apr/2019:16:29:45 -0300] "POST /cormun/servlet/solicitudot?gx-no-cache=1554233163918 HTTP/1.1" 200 38
190.171.141.106 - - [02/Apr/2019:16:30:21 -0300] "GET /cormun/servlet/solicitudot?2b4890bd1f9ed913ef180141bb24e08a41bcd7cbe69a00e8e247d2f87e0316971850d2c637f7c6f67cb446ded6a87794473bba48652a6ecdfc9f545949f658e74263e33b3f79c65c98b98b3811f152d113d8ccc247a54a5cf663a4a8ee5e0a3a2ccd497755e1fa29119d0d9bd28bb119,gx-no-cache=1554233199477 HTTP/1.1" 200 110
190.171.141.106 - - [02/Apr/2019:16:30:37 -0300] "POST /cormun/servlet/solicitudot?gx-no-cache=1554233215281 HTTP/1.1" 200 69
190.171.141.106 - - [02/Apr/2019:16:31:05 -0300] "GET /cormun/servlet/solicitudot?2b4890bd1f9ed913ef180141bb24e08a4a84090175a95ff4c39990777424a9fbad953302f682f3905632f4b1f5b347c8792455533f1091c97f8385469105b49c306dea4112fd31d320ca22498508b27dc146b863b1a24cdb8f0da937dba0a2785895ca6948923b521ef2ab2aa3d449d6,gx-no-cache=1554233243921 HTTP/1.1" 200 29
190.171.141.106 - - [02/Apr/2019:16:31:17 -0300] "GET /cormun/servlet/solicitudot?2b4890bd1f9ed913ef180141bb24e08aabbc53af715c71320f1580fd14f74e3a8ac655dd361608bb9f19163e5283c924,gx-no-cache=1554233255654 HTTP/1.1" 200 30
190.171.141.106 - - [02/Apr/2019:16:31:27 -0300] "POST /cormun/servlet/solicitudot?gx-no-cache=1554233265935 HTTP/1.1" 200 30
190.171.141.106 - - [02/Apr/2019:16:32:31 -0300] "POST /cormun/servlet/solicitudot?9f9cc2b9112d390b80d3b272dcae1dfb,INS,0,0,,gx-no-cache=1554233329352 HTTP/1.1" 200 93
190.171.141.106 - - [02/Apr/2019:16:32:31 -0300] "GET /cormun/servlet/hpexe_return? HTTP/1.1" 200 1005
190.171.141.106 - - [02/Apr/2019:16:32:31 -0300] "GET /cormun/servlet/trsolicitudot HTTP/1.1" 200 9607
190.171.141.106 - - [02/Apr/2019:16:32:32 -0300] "GET /cormun/servlet/trsolicitudot HTTP/1.1" 200 9603
190.171.141.106 - - [02/Apr/2019:16:33:21 -0300] "GET /cormun/servlet/solicitudot?INS,0,0, HTTP/1.1" 200 14883
190.171.141.106 - - [02/Apr/2019:16:33:22 -0300] "GET /cormun/servlet/solicitudot?INS,0,0, HTTP/1.1" 200 14888
190.171.141.106 - - [02/Apr/2019:16:33:59 -0300] "POST /cormun/servlet/solicitudot?gx-no-cache=1554233417634 HTTP/1.1" 200 3571
190.171.141.106 - - [02/Apr/2019:16:33:59 -0300] "POST /cormun/servlet/solicitudot?9f9cc2b9112d390b80d3b272dcae1dfb,INS,0,0,,gx-no-cache=1554233417946 HTTP/1.1" 200 11794
190.171.141.106 - - [02/Apr/2019:16:34:14 -0300] "GET /cormun/static/Resources/resize.gif HTTP/1.1" 200 77
190.171.141.106 - - [02/Apr/2019:16:34:14 -0300] "GET /cormun/servlet/prbanco?,MD,,gxPopupLevel%3D0%3B HTTP/1.1" 200 6570
190.171.141.106 - - [02/Apr/2019:16:34:14 -0300] "GET /cormun/static/gxcfg.js?20181161016094 HTTP/1.1" 200 953
190.171.141.106 - - [02/Apr/2019:16:34:14 -0300] "GET /cormun/static/Resources/PXToolsMenuSearch.png HTTP/1.1" 200 2914
190.171.141.106 - - [02/Apr/2019:16:34:14 -0300] "GET /cormun/static/Resources/PXToolsMenuSearchCancel.png HTTP/1.1" 200 2972
190.171.141.106 - - [02/Apr/2019:16:34:15 -0300] "GET /cormun/static/menusearch.js?201610171694467 HTTP/1.1" 200 1424
190.171.141.106 - - [02/Apr/2019:16:34:15 -0300] "GET /cormun/static/prbanco.js?2018116101633 HTTP/1.1" 200 10693
190.171.141.106 - - [02/Apr/2019:16:34:15 -0300] "GET /cormun/static/hmpwkw011.js?20177612121862 HTTP/1.1" 200 1968
190.171.141.106 - - [02/Apr/2019:16:34:24 -0300] "POST /cormun/servlet/acontrolpreferencessavestate?None,CD-12,true HTTP/1.1" 200 35
190.171.141.106 - - [02/Apr/2019:16:34:26 -0300] "GET /cormun/servlet/solicitudot?2b4890bd1f9ed913ef180141bb24e08a78c43e864ecc316f257e2d716af876954694f8e3a20f490f5704e6b309cdebd7,gx-no-cache=1554233444631 HTTP/1.1" 200 30
190.171.141.106 - - [02/Apr/2019:16:34:26 -0300] "GET /cormun/servlet/solicitudot?2b4890bd1f9ed913ef180141bb24e08a55edc39faef113b683cf8ae98cc39248b8613f9f9115739c6a66c9eb5e9a64b4f7285043c6a1b9963c6829735e2eef79,gx-no-cache=1554233444684 HTTP/1.1" 200 30
190.171.141.106 - - [02/Apr/2019:16:34:33 -0300] "GET /cormun/servlet/solicitudot?2b4890bd1f9ed913ef180141bb24e08a936342a84dffd66849e698ad57146c94,gx-no-cache=1554233451698 HTTP/1.1" 200 53
190.171.141.106 - - [02/Apr/2019:16:34:33 -0300] "POST /cormun/servlet/solicitudot?gx-no-cache=1554233451939 HTTP/1.1" 200 297
190.171.141.106 - - [02/Apr/2019:16:34:33 -0300] "GET /cormun/servlet/solicitudot?2b4890bd1f9ed913ef180141bb24e08af7510a9da5ba871cbe4da71424153ff78d79c391b4aa2c7d9fd58d0acf18f87f24402e28a8338cec95d095a6b22123d27cf71ba43cdb1fb836029880587be332bb2b496fa4a62f3209fe25b1a4824075f735b92cd3b8f2f54357a31bcfdbfeb05fbdf8868188cd27eb1a64a154cdc4a7d8024a421df1b7a11cf5dd0b7fa7ee31f49d4e76ed9b91a75ec4767e7188a3cdbf1ba214685a9c6b19263361cabeeacad5a4d75d98456541fc9ae21e598284ef08853d13b942530be93bb23eead77afd8cc787cec61e1968bd687791326b6c8d2620bac070686e6f720c750f39c42712a17b53811c58c438f0f66ed049795000d43aa159f586919c0a25dcae7b80ef6ee0478456f8e0c2e40fc79768e3504eadb4a4479440c638701796a4b46095e5c8d6a83e53b904f232ce286ce1e3528e7c0a0b3d8ce5d996f56a43d151c9744b0523892dc484f662ad7bca17705c6f9530597ca13a6d19809870d9f7f8e0f30155c27662c2c42adc3cb23128e5ace23e08488f44c29e0630cdb56ddf3a6fbeabb2,gx-no-cache=1554233452119 HTTP/1.1" 200 30
190.171.141.106 - - [02/Apr/2019:16:34:37 -0300] "POST /cormun/servlet/solicitudot?gx-no-cache=1554233456395 HTTP/1.1" 200 30
190.171.141.106 - - [02/Apr/2019:16:38:14 -0300] "POST /cormun/servlet/solicitudot?gx-no-cache=1554233671391 HTTP/1.1" 200 1316
190.171.141.106 - - [02/Apr/2019:16:38:14 -0300] "POST /cormun/servlet/solicitudot?gx-no-cache=1554233672830 HTTP/1.1" 200 38
190.171.141.106 - - [02/Apr/2019:16:38:58 -0300] "GET /cormun/servlet/solicitudot?2b4890bd1f9ed913ef180141bb24e08a41bcd7cbe69a00e8e247d2f87e0316971850d2c637f7c6f67cb446ded6a87794473bba48652a6ecdfc9f545949f658e74263e33b3f79c65c98b98b3811f152d113d8ccc247a54a5cf663a4a8ee5e0a3a2ccd497755e1fa29119d0d9bd28bb119,gx-no-cache=1554233716939 HTTP/1.1" 200 110
190.171.141.106 - - [02/Apr/2019:16:39:04 -0300] "POST /cormun/servlet/solicitudot?gx-no-cache=1554233722738 HTTP/1.1" 200 69
190.171.141.106 - - [02/Apr/2019:16:39:30 -0300] "GET /cormun/servlet/solicitudot?2b4890bd1f9ed913ef180141bb24e08a4a84090175a95ff4c39990777424a9fbad953302f682f3905632f4b1f5b347c8792455533f1091c97f8385469105b49c306dea4112fd31d320ca22498508b27dc146b863b1a24cdb8f0da937dba0a2785895ca6948923b521ef2ab2aa3d449d6,gx-no-cache=1554233748022 HTTP/1.1" 200 29
190.171.141.106 - - [02/Apr/2019:16:39:58 -0300] "GET /cormun/servlet/solicitudot?2b4890bd1f9ed913ef180141bb24e08aabbc53af715c71320f1580fd14f74e3a8ac655dd361608bb9f19163e5283c924,gx-no-cache=1554233776397 HTTP/1.1" 200 30
190.171.141.106 - - [02/Apr/2019:16:40:09 -0300] "POST /cormun/servlet/solicitudot?gx-no-cache=1554233787231 HTTP/1.1" 200 30
190.171.141.106 - - [02/Apr/2019:16:41:16 -0300] "POST /cormun/servlet/solicitudot?9f9cc2b9112d390b80d3b272dcae1dfb,INS,0,0,,gx-no-cache=1554233854280 HTTP/1.1" 200 93
190.171.141.106 - - [02/Apr/2019:16:41:16 -0300] "GET /cormun/servlet/hpexe_return? HTTP/1.1" 200 1005
190.171.141.106 - - [02/Apr/2019:16:41:17 -0300] "GET /cormun/servlet/trsolicitudot HTTP/1.1" 200 9947
190.171.141.106 - - [02/Apr/2019:16:41:18 -0300] "GET /cormun/servlet/trsolicitudot HTTP/1.1" 200 9942
190.171.141.106 - - [02/Apr/2019:16:41:23 -0300] "GET /cormun/servlet/solicitudot?INS,0,0, HTTP/1.1" 200 14884
190.171.141.106 - - [02/Apr/2019:16:41:24 -0300] "GET /cormun/servlet/solicitudot?INS,0,0, HTTP/1.1" 200 14888
190.171.141.106 - - [02/Apr/2019:16:42:10 -0300] "POST /cormun/servlet/solicitudot?gx-no-cache=1554233908971 HTTP/1.1" 200 3457
190.171.141.106 - - [02/Apr/2019:16:42:11 -0300] "POST /cormun/servlet/solicitudot?9f9cc2b9112d390b80d3b272dcae1dfb,INS,0,0,,gx-no-cache=1554233909525 HTTP/1.1" 200 11668
190.171.141.106 - - [02/Apr/2019:16:42:14 -0300] "GET /cormun/servlet/solicitudot?2b4890bd1f9ed913ef180141bb24e08af96e8160620af986b8ac66fb15710bff4694f8e3a20f490f5704e6b309cdebd7,gx-no-cache=1554233912637 HTTP/1.1" 200 30
190.171.152.114 - - [02/Apr/2019:16:42:56 -0300] "GET /cormun/servlet/hlogin HTTP/1.1" 200 1722
190.171.141.106 - - [02/Apr/2019:16:43:18 -0300] "GET /cormun/servlet/solicitudot?2b4890bd1f9ed913ef180141bb24e08a8d71d48eaa29672b3eed4e512477b107,gx-no-cache=1554233974155 HTTP/1.1" 200 94
190.171.141.106 - - [02/Apr/2019:16:43:19 -0300] "GET /cormun/static/Shared/jqueryui/images/ui-bg_highlight-soft_100_c6c2c8_1x100.png HTTP/1.1" 404 1117
190.171.141.106 - - [02/Apr/2019:16:43:19 -0300] "GET /cormun/static/Shared/jqueryui/images/ui-icons_82798d_256x240.png HTTP/1.1" 404 1089
190.171.141.106 - - [02/Apr/2019:16:43:19 -0300] "GET /cormun/static/Shared/jqueryui/images/ui-bg_flat_55_994d53_40x100.png HTTP/1.1" 404 1097
190.171.141.106 - - [02/Apr/2019:16:43:19 -0300] "GET /cormun/static/Shared/jqueryui/images/ui-icons_ebccce_256x240.png HTTP/1.1" 404 1089
190.171.141.106 - - [02/Apr/2019:16:43:19 -0300] "GET /cormun/servlet/prbanco?,MD,,gxPopupLevel%3D0%3B HTTP/1.1" 200 6572
192.168.10.96 - - [02/Apr/2019:16:43:22 -0300] "POST /cormun/servlet/trsolicitudgral?e3718c1566c4d442d1aaeb014ea3e46a,,gx-no-cache=1554241003091 HTTP/1.1" 440 972
192.168.10.96 - - [02/Apr/2019:16:43:24 -0300] "GET /cormun/servlet/trsolicitudgral? HTTP/1.1" 500 10
192.168.10.96 - - [02/Apr/2019:16:43:26 -0300] "GET /cormun/servlet/hlogin HTTP/1.1" 200 1719
190.171.152.114 - - [02/Apr/2019:16:43:26 -0300] "POST /cormun/servlet/hlogin?fe71d48f6928b0dff3979eb0e31b4070,gx-no-cache=1554233984907 HTTP/1.1" 200 90
190.171.152.114 - - [02/Apr/2019:16:43:26 -0300] "GET /cormun/servlet/hpexe_link HTTP/1.1" 200 952
