190.171.153.26 - - [02/Apr/2019:16:54:16 -0300] "GET /cormun/static/gxtimezone.js?85251 HTTP/1.1" 200 5781
190.171.153.26 - - [02/Apr/2019:16:54:16 -0300] "GET /cormun/static/Resources/Spanish/PXTools.css?1155365 HTTP/1.1" 200 89042
190.171.153.26 - - [02/Apr/2019:16:54:16 -0300] "GET /cormun/static/hlogin.js?20177612122738 HTTP/1.1" 200 2136
190.171.153.26 - - [02/Apr/2019:16:54:17 -0300] "GET /cormun/static/messages.spa.js?85251 HTTP/1.1" 200 30736
190.171.153.26 - - [02/Apr/2019:16:54:17 -0300] "GET /cormun/static/gxgral.js?85251 HTTP/1.1" 200 384558
190.171.153.26 - - [02/Apr/2019:16:54:17 -0300] "GET /cormun/static/Resources/PXToolsLoginBackground.png HTTP/1.1" 200 1164
190.171.153.26 - - [02/Apr/2019:16:54:18 -0300] "GET /cormun/static/Resources/PXToolsButtonBackground2.png HTTP/1.1" 200 1181
190.171.153.26 - - [02/Apr/2019:16:54:18 -0300] "GET /cormun/static/Resources/PXToolsButtonRight21.png HTTP/1.1" 200 1283
190.171.153.26 - - [02/Apr/2019:16:54:18 -0300] "GET /cormun/static/Resources/PXToolsLoginBottom.png HTTP/1.1" 200 1389
190.171.153.26 - - [02/Apr/2019:16:54:18 -0300] "GET /cormun/servlet/hlogin HTTP/1.1" 200 1727
190.171.153.26 - - [02/Apr/2019:16:54:18 -0300] "GET /cormun/static/Resources/indicator.gif HTTP/1.1" 200 1553
190.171.153.26 - - [02/Apr/2019:16:54:18 -0300] "GET /cormun/static/Resources/PXToolsButtonLeft21.png HTTP/1.1" 200 1287
190.171.153.26 - - [02/Apr/2019:16:54:18 -0300] "GET /cormun/static/Resources/PXToolsLoginTop.png HTTP/1.1" 200 1337
190.171.153.26 - - [02/Apr/2019:16:54:18 -0300] "GET /cormun/static/Resources/ComunLogin.png HTTP/1.1" 200 17326
190.171.153.26 - - [02/Apr/2019:16:54:21 -0300] "GET /cormun/static/Resources/PXToolsLoginTop.png HTTP/1.1" 200 1337
190.171.153.26 - - [02/Apr/2019:16:54:21 -0300] "GET /cormun/static/Resources/ComunLogin.png HTTP/1.1" 200 17326
190.171.153.26 - - [02/Apr/2019:16:54:21 -0300] "GET /cormun/static/Resources/PXToolsButtonRight21.png HTTP/1.1" 200 1283
190.171.153.26 - - [02/Apr/2019:16:54:21 -0300] "GET /cormun/static/Resources/PXToolsButtonLeft21.png HTTP/1.1" 200 1287
190.171.153.26 - - [02/Apr/2019:16:54:21 -0300] "GET /favicon.ico HTTP/1.1" 200 21630
190.171.141.106 - - [02/Apr/2019:16:54:34 -0300] "GET /cormun/servlet/solicitudot?2b4890bd1f9ed913ef180141bb24e08a8d71d48eaa29672b3eed4e512477b107,gx-no-cache=1554234653224 HTTP/1.1" 200 94
190.171.141.106 - - [02/Apr/2019:16:54:35 -0300] "GET /cormun/static/Shared/jqueryui/images/ui-bg_highlight-soft_100_c6c2c8_1x100.png HTTP/1.1" 404 1117
190.171.141.106 - - [02/Apr/2019:16:54:35 -0300] "GET /cormun/static/Shared/jqueryui/images/ui-icons_82798d_256x240.png HTTP/1.1" 404 1089
190.171.141.106 - - [02/Apr/2019:16:54:35 -0300] "GET /cormun/static/Shared/jqueryui/images/ui-icons_ebccce_256x240.png HTTP/1.1" 404 1089
190.171.141.106 - - [02/Apr/2019:16:54:35 -0300] "GET /cormun/static/Shared/jqueryui/images/ui-bg_flat_55_994d53_40x100.png HTTP/1.1" 404 1097
190.171.154.42 - - [02/Apr/2019:16:54:38 -0300] "POST /cormun/servlet/solicitudot?6e66e8746178442451f4021c5517d882,INS,0,0,,gx-no-cache=1554234652962 HTTP/1.1" 200 12176
190.171.154.42 - - [02/Apr/2019:16:54:38 -0300] "GET /cormun/static/Shared/jqueryui/images/ui-bg_flat_55_fafafa_40x100.png HTTP/1.1" 404 1097
190.171.154.42 - - [02/Apr/2019:16:54:38 -0300] "GET /cormun/static/Shared/jqueryui/images/ui-icons_8d78a5_256x240.png HTTP/1.1" 404 1089
190.171.141.106 - - [02/Apr/2019:16:54:40 -0300] "GET /cormun/servlet/solicitudot?2b4890bd1f9ed913ef180141bb24e08a936342a84dffd66849e698ad57146c94,gx-no-cache=1554234659078 HTTP/1.1" 200 53
190.171.154.42 - - [02/Apr/2019:16:54:43 -0300] "POST /cormun/servlet/solicitudot?gx-no-cache=1554234660110 HTTP/1.1" 200 3529
190.171.154.42 - - [02/Apr/2019:16:54:44 -0300] "POST /cormun/servlet/solicitudot?6e66e8746178442451f4021c5517d882,INS,0,0,,gx-no-cache=1554234660430 HTTP/1.1" 200 12208
190.171.154.42 - - [02/Apr/2019:16:54:44 -0300] "GET /cormun/servlet/solicitudot?4157eb2095921d58658126d53618b28812165826a8f88cbee1d6d7932fe964775d3a0199a3196bde54939e9ab752da56,gx-no-cache=1554234660841 HTTP/1.1" 200 30
190.171.154.42 - - [02/Apr/2019:16:54:44 -0300] "GET /cormun/servlet/solicitudot?4157eb2095921d58658126d53618b2889691b19902f2a6b65130ebec36f9e0f2,gx-no-cache=1554234660999 HTTP/1.1" 200 103
190.171.154.42 - - [02/Apr/2019:16:54:44 -0300] "GET /cormun/servlet/solicitudot?4157eb2095921d58658126d53618b288cc303aff9a65474bae481f7266cc7832,gx-no-cache=1554234661144 HTTP/1.1" 200 123
190.171.153.26 - - [02/Apr/2019:16:54:55 -0300] "POST /cormun/servlet/hlogin?2b9cdaa93835b49dd64078f31ccad9f2,gx-no-cache=1554234674150 HTTP/1.1" 200 90
190.171.153.26 - - [02/Apr/2019:16:54:55 -0300] "GET /cormun/servlet/hpexe_link HTTP/1.1" 200 948
190.171.153.26 - - [02/Apr/2019:16:54:56 -0300] "GET /cormun/static/gxcfg.js?20177612121792 HTTP/1.1" 200 953
190.171.153.26 - - [02/Apr/2019:16:54:56 -0300] "GET /cormun/static/hpexe_link.js?20177612121795 HTTP/1.1" 200 625
190.171.153.26 - - [02/Apr/2019:16:54:56 -0300] "GET /cormun/servlet/hhome HTTP/1.1" 200 4081
190.171.154.42 - - [02/Apr/2019:16:54:56 -0300] "GET /cormun/servlet/prbanco?,MD,,gxPopupLevel%3D0%3B HTTP/1.1" 200 6687
190.171.154.42 - - [02/Apr/2019:16:54:56 -0300] "GET /cormun/static/gxcfg.js?20181161016094 HTTP/1.1" 200 953
190.171.154.42 - - [02/Apr/2019:16:54:56 -0300] "GET /cormun/static/prbanco.js?2018116101633 HTTP/1.1" 200 10693
190.171.153.26 - - [02/Apr/2019:16:54:56 -0300] "GET /cormun/static/SmoothNavMenu/resources/ddsmoothmenu.css?1012540 HTTP/1.1" 200 2223
190.171.153.26 - - [02/Apr/2019:16:54:56 -0300] "GET /cormun/static/scaMessage/css/jquery.pnotify.default.css?1716380 HTTP/1.1" 200 1707
190.171.153.26 - - [02/Apr/2019:16:54:56 -0300] "GET /cormun/static/SmoothNavMenu/resources/ddsmoothmenu-v.css?1012540 HTTP/1.1" 200 1188
190.171.153.26 - - [02/Apr/2019:16:54:56 -0300] "GET /cormun/static/PXToolsJavascripts/pexe_autoreload.js HTTP/1.1" 200 1762
190.171.153.26 - - [02/Apr/2019:16:54:56 -0300] "GET /cormun/static/PXToolsJavascripts/pexe_cookies.js HTTP/1.1" 200 792
190.171.153.26 - - [02/Apr/2019:16:54:57 -0300] "GET /cormun/static/PXToolsJavascripts/pexe_windows.js HTTP/1.1" 200 15207
190.171.153.26 - - [02/Apr/2019:16:54:57 -0300] "GET /cormun/static/Shared/jqueryui/jquery-ui.min.css?1245370 HTTP/1.1" 200 30288
190.171.153.26 - - [02/Apr/2019:16:54:57 -0300] "GET /cormun/static/PXToolsJavascripts/pexe_grid.js HTTP/1.1" 200 7559
190.171.153.26 - - [02/Apr/2019:16:54:57 -0300] "GET /cormun/static/Resources/Spanish/PXTools.css?11423723 HTTP/1.1" 200 89042
190.171.153.26 - - [02/Apr/2019:16:54:57 -0300] "GET /cormun/static/PXToolsJavascripts/pexe_griddivfix.js HTTP/1.1" 200 6644
190.171.153.26 - - [02/Apr/2019:16:54:57 -0300] "GET /cormun/static/PXToolsJavascripts/pexe_link.js HTTP/1.1" 200 5671
190.171.153.26 - - [02/Apr/2019:16:54:57 -0300] "GET /cormun/static/PXToolsJavascripts/pexe_menudivfix.js HTTP/1.1" 200 333
190.171.153.26 - - [02/Apr/2019:16:54:57 -0300] "GET /cormun/static/PXToolsJavascripts/pexe_menus.js HTTP/1.1" 200 1286
190.171.153.26 - - [02/Apr/2019:16:54:57 -0300] "GET /cormun/static/gxcfg.js?20175251212442 HTTP/1.1" 200 953
190.171.153.26 - - [02/Apr/2019:16:54:57 -0300] "GET /cormun/static/PXToolsJavascripts/pexe_picture.js HTTP/1.1" 200 689
190.171.153.26 - - [02/Apr/2019:16:54:57 -0300] "GET /cormun/static/PXToolsJavascripts/pexe_popup.js HTTP/1.1" 200 13458
190.171.153.26 - - [02/Apr/2019:16:54:57 -0300] "GET /cormun/static/PXToolsJavascripts/pexe_scrolldiv.js HTTP/1.1" 200 4138
190.171.153.26 - - [02/Apr/2019:16:54:57 -0300] "GET /cormun/static/PXToolsJavascripts/pexe_layers.js HTTP/1.1" 200 4114
190.171.153.26 - - [02/Apr/2019:16:54:57 -0300] "GET /cormun/static/PXToolsJavascripts/pexe_oav.js HTTP/1.1" 200 645
190.171.153.26 - - [02/Apr/2019:16:54:57 -0300] "GET /cormun/static/PXToolsJavascripts/pexe_tabdivfix.js HTTP/1.1" 200 876
190.171.153.26 - - [02/Apr/2019:16:54:57 -0300] "GET /cormun/static/PXToolsJavascripts/pexe_oavdivfix.js HTTP/1.1" 200 639
190.171.153.26 - - [02/Apr/2019:16:54:57 -0300] "GET /cormun/static/PXToolsJavascripts/pexe_upload.js HTTP/1.1" 200 1423
190.171.153.26 - - [02/Apr/2019:16:54:57 -0300] "GET /cormun/static/PXToolsJavascripts/PXToolsJavascriptsRender.js HTTP/1.1" 200 367
190.171.153.26 - - [02/Apr/2019:16:54:57 -0300] "GET /cormun/static/PXToolsJavascripts/pexe_tabs.js HTTP/1.1" 200 3748
190.171.153.26 - - [02/Apr/2019:16:54:57 -0300] "GET /cormun/static/RunJS/RunJS.js HTTP/1.1" 200 288
190.171.141.106 - - [02/Apr/2019:16:54:57 -0300] "POST /cormun/servlet/solicitudot?gx-no-cache=1554234675862 HTTP/1.1" 200 255
190.171.153.26 - - [02/Apr/2019:16:54:57 -0300] "GET /cormun/static/Shared/ext/locale/ext-lang-en.js HTTP/1.1" 200 10940
190.171.153.26 - - [02/Apr/2019:16:54:57 -0300] "GET /cormun/static/hhome.js?20175251212450 HTTP/1.1" 200 777
190.171.153.26 - - [02/Apr/2019:16:54:57 -0300] "GET /cormun/static/hpexe_recentlink.js?20177611595044 HTTP/1.1" 200 2144
190.171.153.26 - - [02/Apr/2019:16:54:57 -0300] "GET /cormun/static/hpexe_scripts.js?201752511465715 HTTP/1.1" 200 1544
190.171.153.26 - - [02/Apr/2019:16:54:57 -0300] "GET /cormun/static/hwchdr01.js?201752511465785 HTTP/1.1" 200 1183
190.171.153.26 - - [02/Apr/2019:16:54:57 -0300] "GET /cormun/static/hpexe_messagecontroller.js?20177611595012 HTTP/1.1" 200 870
190.171.153.26 - - [02/Apr/2019:16:54:57 -0300] "GET /cormun/static/hpexe_messagepopupcomponent.js?20161017169425 HTTP/1.1" 200 605
190.171.153.26 - - [02/Apr/2019:16:54:57 -0300] "GET /cormun/static/gxui/gxui-all.js HTTP/1.1" 200 107772
190.171.153.26 - - [02/Apr/2019:16:54:58 -0300] "GET /cormun/static/hpexe_messagegenexuscomponent.js?201752511465344 HTTP/1.1" 200 587
190.171.153.26 - - [02/Apr/2019:16:54:58 -0300] "GET /cormun/static/cmcontrolpreferences.js?201752511465670 HTTP/1.1" 200 1375
190.171.153.26 - - [02/Apr/2019:16:54:58 -0300] "GET /cormun/static/Shared/jquery/jquery-1.4.2.min.js HTTP/1.1" 200 72174
190.171.153.26 - - [02/Apr/2019:16:54:58 -0300] "GET /cormun/static/SmoothNavMenu/resources/ddsmoothmenu.js HTTP/1.1" 200 12712
190.171.153.26 - - [02/Apr/2019:16:54:58 -0300] "GET /cormun/static/SmoothNavMenu/resources/SmoothNavMenuRender.js HTTP/1.1" 200 5951
190.171.153.26 - - [02/Apr/2019:16:54:58 -0300] "GET /cormun/static/scaMessage/js/jquery.pnotify.min.js HTTP/1.1" 200 13038
190.171.153.26 - - [02/Apr/2019:16:54:58 -0300] "GET /cormun/static/Resources/logo4.png HTTP/1.1" 200 6582
190.171.153.26 - - [02/Apr/2019:16:54:58 -0300] "GET /cormun/static/Shared/jquery/jquery-1.10.2.min.js HTTP/1.1" 200 273199
190.171.153.26 - - [02/Apr/2019:16:54:58 -0300] "GET /cormun/static/Shared/jqueryui/jquery-ui.min.js HTTP/1.1" 200 240427
190.171.153.26 - - [02/Apr/2019:16:54:58 -0300] "GET /cormun/static/Resources/PXToolsHeaderActionsLeft.png HTTP/1.1" 200 1118
190.171.153.26 - - [02/Apr/2019:16:54:58 -0300] "GET /cormun/static/scaMessage/scaMessageRender.js HTTP/1.1" 200 11977
190.171.153.26 - - [02/Apr/2019:16:54:59 -0300] "GET /cormun/static/Resources/PXToolsHeaderHome.png HTTP/1.1" 200 4147
190.171.153.26 - - [02/Apr/2019:16:54:59 -0300] "GET /cormun/static/Resources/PXToolsHeaderPreferences.png HTTP/1.1" 200 4189
190.171.153.26 - - [02/Apr/2019:16:54:59 -0300] "GET /cormun/static/Resources/PXToolsHeaderSecurity.png HTTP/1.1" 200 4166
190.171.153.26 - - [02/Apr/2019:16:54:59 -0300] "GET /cormun/static/Resources/PXToolsHeaderActionsRight.png HTTP/1.1" 200 1201
190.171.153.26 - - [02/Apr/2019:16:54:59 -0300] "GET /cormun/static/Resources/PXToolsHeaderBackground2.png HTTP/1.1" 200 1174
190.171.153.26 - - [02/Apr/2019:16:54:59 -0300] "GET /cormun/static/Resources/PXToolsFooterBackground2.png HTTP/1.1" 200 1172
190.171.153.26 - - [02/Apr/2019:16:54:59 -0300] "GET /cormun/static/Resources/PXToolsHeaderActionsBackground.png HTTP/1.1" 200 484
190.171.153.26 - - [02/Apr/2019:16:54:59 -0300] "GET /cormun/static/Resources/PXToolsHeaderLogin.png HTTP/1.1" 200 4279
190.171.153.26 - - [02/Apr/2019:16:54:59 -0300] "GET /cormun/static/hmpwkw03.js?20189613443875 HTTP/1.1" 200 3965
190.171.153.26 - - [02/Apr/2019:16:54:59 -0300] "GET /cormun/static/Resources/PXToolsDataTitle.png HTTP/1.1" 200 1173
190.171.153.26 - - [02/Apr/2019:16:54:59 -0300] "GET /cormun/static/Shared/ext/ext-all.js HTTP/1.1" 200 1289687
190.171.153.26 - - [02/Apr/2019:16:55:00 -0300] "GET /cormun/servlet/hhome HTTP/1.1" 200 4077
190.171.153.26 - - [02/Apr/2019:16:55:00 -0300] "GET /cormun/static/SmoothNavMenu/resources/images/down.gif HTTP/1.1" 200 854
190.171.153.26 - - [02/Apr/2019:16:55:00 -0300] "GET /cormun/static/SmoothNavMenu/resources/images/right.gif HTTP/1.1" 200 860
190.171.141.106 - - [02/Apr/2019:16:55:00 -0300] "GET /cormun/servlet/solicitudot?2b4890bd1f9ed913ef180141bb24e08af7510a9da5ba871cbe4da71424153ff7bf7305b48fcd0293d07dd5b869d2c45924402e28a8338cec95d095a6b22123d27cf71ba43cdb1fb836029880587be332bb2b496fa4a62f3209fe25b1a4824075f735b92cd3b8f2f54357a31bcfdbfeb05fbdf8868188cd27eb1a64a154cdc4a7d8024a421df1b7a11cf5dd0b7fa7ee31f49d4e76ed9b91a75ec4767e7188a3cdbf1ba214685a9c6b19263361cabeeacad5a4d75d98456541fc9ae21e598284ef08853d13b942530be93bb23eead77afd8cc787cec61e1968bd687791326b6c8d2620bac070686e6f720c750f39c4271228ca5569b95b35994be8289b04431e42d43aa159f586919c0a25dcae7b80ef6ef2d3591bdf7415cc0b7ca1270ab1625deb39f35a42ceba3b73b6ce6d0440245d34a412a4e2f9e1dfc80e0a842af23a98e52f8f4230fe8de73d60f8927476fd46e213ed76a5a80ded0375ee9189b811c1c6bb6f53a5f044a3f948f793f901a8cc5987c9f2fe735a6c94917e553ef3f62c,gx-no-cache=1554234679346 HTTP/1.1" 200 30
190.171.141.106 - - [02/Apr/2019:16:55:08 -0300] "POST /cormun/servlet/solicitudot?gx-no-cache=1554234686941 HTTP/1.1" 200 30
190.171.141.106 - - [02/Apr/2019:16:55:25 -0300] "POST /cormun/servlet/solicitudot?gx-no-cache=1554234703140 HTTP/1.1" 200 1316
190.171.141.106 - - [02/Apr/2019:16:55:25 -0300] "POST /cormun/servlet/solicitudot?gx-no-cache=1554234703624 HTTP/1.1" 200 38
192.168.10.96 - - [02/Apr/2019:16:55:37 -0300] "GET /cormun/servlet/trsolicitudgral? HTTP/1.1" 200 13929
190.171.154.42 - - [02/Apr/2019:16:55:37 -0300] "GET /cormun/servlet/prbanco?,MD,,gxPopupLevel%3D0%3B HTTP/1.1" 200 6687
192.168.10.96 - - [02/Apr/2019:16:55:38 -0300] "GET /cormun/servlet/trsolicitudgral? HTTP/1.1" 200 13922
190.171.154.42 - - [02/Apr/2019:16:56:00 -0300] "GET /cormun/servlet/solicitudot?4157eb2095921d58658126d53618b2881681710c84083233ff303200aa6b30e6,gx-no-cache=1554234736382 HTTP/1.1" 200 51
190.171.154.42 - - [02/Apr/2019:16:56:00 -0300] "POST /cormun/servlet/solicitudot?gx-no-cache=1554234736703 HTTP/1.1" 200 255
190.171.154.42 - - [02/Apr/2019:16:56:00 -0300] "GET /cormun/servlet/solicitudot?4157eb2095921d58658126d53618b288face60062e525dbb6a8f738bb9633ac96627346625a7a0f2648ba0803e660c6d21398b344af52a86a4ef2ab6cbf403627a2fdd47133a41adfb4c9e7c2aff52a9ae1faf12d0f2ea6b5978172686cb4b9c2041649053c7e45687979cd7b7fa7eb23871b8badb46b4379b7ec550060de3adac922eca0ece265f43d835c9f8bfe0638218d91c1906b972f6e4535d92e59057c85c70937f65346a2bfd664281d4bbfc1082dacbd3545edd9d320d4fb469d5b36c4abfffae9cdf71d3acaeca604c51c874e15c34b6b7f87a5ba5a4731e74e3e75d954bbf252da32a8b636acae3c08b626e8f89736cc11c59b5e4a62673e4f8c92f1320e3bbeebeb3ebf72d971b81bc54304b4dfcf7480e57107e490b41ace4d157d08263ecafdb6868f417d1d0b6f178625e3506493f4cafd9fa782252fa801eda2de9d239d17de76b0b17497451d3f567c28f83a770a41852c092a2d46c210b18c0d994821a09e6545bdc36f17b1c81c3a6f1726131caff0d6b5de6084bdeb5,gx-no-cache=1554234736880 HTTP/1.1" 200 30
190.171.154.42 - - [02/Apr/2019:16:56:03 -0300] "POST /cormun/servlet/solicitudot?gx-no-cache=1554234739130 HTTP/1.1" 200 30
190.171.141.106 - - [02/Apr/2019:16:56:04 -0300] "GET /cormun/servlet/solicitudot?2b4890bd1f9ed913ef180141bb24e08a41bcd7cbe69a00e8e247d2f87e0316971850d2c637f7c6f67cb446ded6a87794473bba48652a6ecdfc9f545949f658e74263e33b3f79c65c98b98b3811f152d113d8ccc247a54a5cf663a4a8ee5e0a3a2ccd497755e1fa29119d0d9bd28bb119,gx-no-cache=1554234743164 HTTP/1.1" 200 110
190.171.141.106 - - [02/Apr/2019:16:56:05 -0300] "POST /cormun/servlet/solicitudot?gx-no-cache=1554234743414 HTTP/1.1" 200 72
190.171.154.42 - - [02/Apr/2019:16:56:07 -0300] "GET /cormun/servlet/prcontratosol?15806207,,,,,MD,,gxPopupLevel%3D0%3B HTTP/1.1" 200 7999
190.171.154.42 - - [02/Apr/2019:16:56:14 -0300] "POST /cormun/servlet/solicitudot?gx-no-cache=1554234750240 HTTP/1.1" 200 1316
190.171.154.42 - - [02/Apr/2019:16:56:14 -0300] "POST /cormun/servlet/solicitudot?gx-no-cache=1554234750520 HTTP/1.1" 200 38
190.171.154.42 - - [02/Apr/2019:16:56:14 -0300] "GET /cormun/servlet/solicitudot?4157eb2095921d58658126d53618b288dc836d8cdeddfdb8242904b7c2b406acfdf1c193168af00bd21f2ffc7ea192a4a3ceb807a08a7bcd6d2f02fe8750f99995e8e304b69963ceed7b1a8b8fa68d035b7aa49b5fd3a227fa25ce17d0b9bbecafde5a26abc3d8fad75e4afb4b956a77,gx-no-cache=1554234750662 HTTP/1.1" 200 110
190.171.154.42 - - [02/Apr/2019:16:56:14 -0300] "POST /cormun/servlet/solicitudot?gx-no-cache=1554234750835 HTTP/1.1" 200 72
190.171.154.42 - - [02/Apr/2019:16:56:14 -0300] "GET /cormun/servlet/solicitudot?4157eb2095921d58658126d53618b288caa89e3f34a2fee86893b7228ad7418f53c9a4cf0d0854e17cfa86dc552879551e854046d91d9328f897d0cecf212b4ef0b182d584a317a552c602f01886bd581107260ed2df1c7f2f9021abad5ab51ea1fd164e1aec1816315fdf9d6b05b7ac426371a5695ecfd215eb8614e3f130ed0df4b238e8dfc700ad0a680f8f85b87210674658275c8f0eed289df731fe3966,gx-no-cache=1554234750976 HTTP/1.1" 200 29
190.171.154.42 - - [02/Apr/2019:16:56:14 -0300] "GET /cormun/servlet/solicitudot?4157eb2095921d58658126d53618b288b7421009c0d965670e79eeb6db908ff5,gx-no-cache=1554234751109 HTTP/1.1" 200 30
190.171.154.42 - - [02/Apr/2019:16:56:19 -0300] "GET /cormun/servlet/prsolicitudot?15806207,,,,,MD,,gxPopupLevel%3D0%3B HTTP/1.1" 200 6087
190.171.154.42 - - [02/Apr/2019:16:56:19 -0300] "GET /cormun/static/gxcfg.js?2017111422591492 HTTP/1.1" 200 953
190.171.154.42 - - [02/Apr/2019:16:56:19 -0300] "GET /cormun/static/prsolicitudot.js?2017111422591715 HTTP/1.1" 200 13680
190.171.141.106 - - [02/Apr/2019:16:56:19 -0300] "POST /cormun/servlet/solicitudot?gx-no-cache=1554234757641 HTTP/1.1" 200 72
190.171.141.106 - - [02/Apr/2019:16:56:22 -0300] "GET /cormun/servlet/solicitudot?2b4890bd1f9ed913ef180141bb24e08a4a84090175a95ff4c39990777424a9fbad953302f682f3905632f4b1f5b347c8792455533f1091c97f8385469105b49c306dea4112fd31d320ca22498508b27dc146b863b1a24cdb8f0da937dba0a2785895ca6948923b521ef2ab2aa3d449d6,gx-no-cache=1554234760648 HTTP/1.1" 200 29
190.171.152.114 - - [02/Apr/2019:16:56:45 -0300] "GET /cormun/static/Resources/resize.gif HTTP/1.1" 200 77
190.171.152.114 - - [02/Apr/2019:16:56:45 -0300] "GET /cormun/servlet/prbanco?,MD,,gxPopupLevel%3D0%3B HTTP/1.1" 200 6623
190.171.152.114 - - [02/Apr/2019:16:56:45 -0300] "GET /cormun/static/gxcfg.js?20181161016094 HTTP/1.1" 200 953
190.171.152.114 - - [02/Apr/2019:16:56:45 -0300] "GET /cormun/static/Resources/PXToolsMenuSearch.png HTTP/1.1" 200 2914
190.171.152.114 - - [02/Apr/2019:16:56:45 -0300] "GET /cormun/static/Resources/PXToolsMenuSearchCancel.png HTTP/1.1" 200 2972
190.171.152.114 - - [02/Apr/2019:16:56:45 -0300] "GET /cormun/static/prbanco.js?2018116101633 HTTP/1.1" 200 10693
190.171.152.114 - - [02/Apr/2019:16:56:45 -0300] "GET /cormun/static/menusearch.js?201610171694467 HTTP/1.1" 200 1424
190.171.152.114 - - [02/Apr/2019:16:56:45 -0300] "GET /cormun/static/hmpwkw011.js?20177612121862 HTTP/1.1" 200 1968
190.171.152.114 - - [02/Apr/2019:16:56:49 -0300] "GET /cormun/servlet/solicitudot?a5c05ec08f686fb2f8b989c142906841abe01bf3ca1e181f390166ff4e3cbda7a4c41d6dcf295d98964e492d3e2fb67ee49506518c08f652f3fa2a1c4d92f6f0,gx-no-cache=1554234787503 HTTP/1.1" 200 30
190.171.152.114 - - [02/Apr/2019:16:56:51 -0300] "GET /cormun/servlet/solicitudot?a5c05ec08f686fb2f8b989c142906841a707ed936288eda1290caadb10607dce,gx-no-cache=1554234789335 HTTP/1.1" 200 53
190.171.154.42 - - [02/Apr/2019:16:56:58 -0300] "POST /cormun/servlet/solicitudot?6e66e8746178442451f4021c5517d882,INS,0,0,,gx-no-cache=1554234793790 HTTP/1.1" 200 93
190.171.154.42 - - [02/Apr/2019:16:56:59 -0300] "GET /cormun/servlet/hpexe_return? HTTP/1.1" 200 1006
190.171.154.42 - - [02/Apr/2019:16:56:59 -0300] "GET /cormun/servlet/trsolicitudot HTTP/1.1" 200 7539
190.171.154.42 - - [02/Apr/2019:16:57:01 -0300] "GET /cormun/servlet/trsolicitudot HTTP/1.1" 200 7535
190.171.154.42 - - [02/Apr/2019:16:57:06 -0300] "GET /cormun/servlet/trsolicitudot? HTTP/1.1" 200 7535
190.171.152.114 - - [02/Apr/2019:16:57:06 -0300] "POST /cormun/servlet/solicitudot?gx-no-cache=1554234805001 HTTP/1.1" 200 255
190.171.154.42 - - [02/Apr/2019:16:57:08 -0300] "GET /cormun/servlet/trsolicitudot? HTTP/1.1" 200 7535
190.171.152.114 - - [02/Apr/2019:16:57:09 -0300] "GET /cormun/servlet/solicitudot?a5c05ec08f686fb2f8b989c14290684180c03fa1e88339b2c29d3bf1ec8d4e88a1072ad47cb86aa3e21de9d2cb732b0166e4199ff47b3f2133cf15549d50b3f4264d8cc5db0d0d5ff079d76abd003474c817d40525629018246857218ee3b3c364ee9c9be250241bbc5150f40c1ee2253df9205999b37b7caec1b8bc153bafd508115b4b6993d8b76108782a203b691f8a89e09984c643a4abb2a98f550d68f278b089b31207cb47b065e3377e57831d54415a89223722f1883ad713262f7ce7aae1ff6df16044874e87ccf6915e942e5faf254291827973dc9dff2056f5bbf0117077ed9ddc8ee2948c598d069110daa87114ae4a5cf68520b827774e121fe06a96cec61883f6348e7b6893b57857fc1ec5704ba38331a615b8ced07206fa004fd8354d0697a875303d195a6892c8b0a14d90009d3ab0b28dcd362a14f35f270ee702f7339c3487dea96a2916c05df1e5d40f4b8ffd2466c62c09d12b0fb807d0ad66f5874e5e71d696b767af63650c498d70921a76f6a1e5902fe22747a40d,gx-no-cache=1554234807355 HTTP/1.1" 200 30
190.171.152.138 - - [02/Apr/2019:16:57:11 -0300] "GET /cormun/servlet/hhome HTTP/1.1" 200 3420
190.171.152.138 - - [02/Apr/2019:16:57:12 -0300] "GET /cormun/servlet/hlogin HTTP/1.1" 200 1735
190.171.152.138 - - [02/Apr/2019:16:57:12 -0300] "GET /cormun/servlet/hhome HTTP/1.1" 200 3430
190.171.152.114 - - [02/Apr/2019:16:57:12 -0300] "POST /cormun/servlet/solicitudot?gx-no-cache=1554234810817 HTTP/1.1" 200 30
190.171.141.106 - - [02/Apr/2019:16:57:14 -0300] "GET /cormun/servlet/solicitudot?2b4890bd1f9ed913ef180141bb24e08ac9dd17325d3dc10b732de31a0d51036c8ac655dd361608bb9f19163e5283c924,gx-no-cache=1554234812417 HTTP/1.1" 200 170
190.171.154.42 - - [02/Apr/2019:16:57:14 -0300] "POST /cormun/servlet/trsolicitudot?6e66e8746178442451f4021c5517d882,,gx-no-cache=1554234809868 HTTP/1.1" 200 9467
190.171.152.138 - - [02/Apr/2019:16:57:24 -0300] "POST /cormun/servlet/hlogin?a0c90a15b1ea1341ee8a282a2c9e38cd,gx-no-cache=1554238419036 HTTP/1.1" 200 90
190.171.152.138 - - [02/Apr/2019:16:57:25 -0300] "GET /cormun/servlet/hpexe_link HTTP/1.1" 200 953
190.171.152.138 - - [02/Apr/2019:16:57:25 -0300] "GET /cormun/servlet/hhome HTTP/1.1" 200 3952
190.171.152.138 - - [02/Apr/2019:16:57:25 -0300] "GET /cormun/servlet/hhome HTTP/1.1" 200 3949
40.77.167.211 - - [02/Apr/2019:16:57:26 -0300] "GET /cormun/servlet/trlicencias HTTP/1.1" 200 6162
190.171.154.42 - - [02/Apr/2019:16:57:26 -0300] "POST /cormun/servlet/trsolicitudot?6e66e8746178442451f4021c5517d882,,gx-no-cache=1554234822742 HTTP/1.1" 200 4555
190.171.141.106 - - [02/Apr/2019:16:57:29 -0300] "GET /cormun/servlet/solicitudot?2b4890bd1f9ed913ef180141bb24e08aabbc53af715c71320f1580fd14f74e3a8ac655dd361608bb9f19163e5283c924,gx-no-cache=1554234827596 HTTP/1.1" 200 30
190.171.154.42 - - [02/Apr/2019:16:57:33 -0300] "POST /cormun/servlet/trsolicitudot?6e66e8746178442451f4021c5517d882,,gx-no-cache=1554234829312 HTTP/1.1" 200 5947
190.171.152.114 - - [02/Apr/2019:16:57:33 -0300] "POST /cormun/servlet/solicitudot?gx-no-cache=1554234830811 HTTP/1.1" 200 1313
190.171.152.114 - - [02/Apr/2019:16:57:33 -0300] "POST /cormun/servlet/solicitudot?gx-no-cache=1554234832232 HTTP/1.1" 200 38
190.171.141.106 - - [02/Apr/2019:16:57:38 -0300] "POST /cormun/servlet/solicitudot?gx-no-cache=1554234836536 HTTP/1.1" 200 30
190.171.152.114 - - [02/Apr/2019:16:57:38 -0300] "GET /cormun/servlet/solicitudot?a5c05ec08f686fb2f8b989c14290684124934c21a7109c3cce33391fcba79aa58c5ae986b79f550c44f4f0506e676831b5bd5bfb9f38673f97f11404b210d38ec414f8a2d285724eb1254da55b4b88141bc32884bd815664d29372cb54881334ac8aac3689de193ff01eb6611740fd66,gx-no-cache=1554234836707 HTTP/1.1" 200 110
190.171.154.42 - - [02/Apr/2019:16:57:43 -0300] "POST /cormun/servlet/trsolicitudot?6e66e8746178442451f4021c5517d882,,gx-no-cache=1554234838189 HTTP/1.1" 200 7397
190.171.152.114 - - [02/Apr/2019:16:57:45 -0300] "POST /cormun/servlet/solicitudot?gx-no-cache=1554234843328 HTTP/1.1" 200 97
207.46.13.88 - - [02/Apr/2019:16:57:47 -0300] "GET /cormun/static/gxui/gxui-all.css?110300 HTTP/1.1" 200 2179
207.46.13.83 - - [02/Apr/2019:16:57:48 -0300] "GET /cormun/static/Shared/ext/ext-all.js HTTP/1.1" 200 1289687
207.46.13.55 - - [02/Apr/2019:16:57:52 -0300] "GET /cormun/static/Resources/PXToolsDataTitle.png HTTP/1.1" 200 1173
190.171.152.114 - - [02/Apr/2019:16:57:55 -0300] "GET /cormun/servlet/solicitudot?a5c05ec08f686fb2f8b989c142906841574c501ee3c32edeab35c99d5d92166e4d1558bc5ff2e7cb25fb673d5d9762760f08a3db8694a495afec39c6ce2ad325c7fbaa84b037f1f2bf297e184ce49476d6d28026e92a0cc759ccb85a4d0a6f4d44c06132008d52d1a01ad96305f0e4a2,gx-no-cache=1554234854098 HTTP/1.1" 200 29
190.171.152.114 - - [02/Apr/2019:16:57:56 -0300] "GET /cormun/static/menuarrow.gif HTTP/1.1" 404 1015
190.171.154.42 - - [02/Apr/2019:16:57:59 -0300] "GET /cormun/servlet/vesolicitudot?2019,15002,, HTTP/1.1" 200 8727
190.171.154.42 - - [02/Apr/2019:16:57:59 -0300] "GET /cormun/pexe_scrolldiv.js HTTP/1.1" 404 1009
157.55.39.156 - - [02/Apr/2019:16:57:59 -0300] "GET /cormun/static/Shared/ext/resources/css/ext-all.css?205870 HTTP/1.1" 200 416045
157.55.39.156 - - [02/Apr/2019:16:58:00 -0300] "GET /cormun/static/trlicencias.js?20176272054837 HTTP/1.1" 200 41883
190.171.154.42 - - [02/Apr/2019:16:58:01 -0300] "GET /cormun/servlet/vesolicitudot?2019,15002,, HTTP/1.1" 200 8726
190.171.152.138 - - [02/Apr/2019:16:58:25 -0300] "GET /cormun/servlet/trlicencias? HTTP/1.1" 200 9448
190.171.152.138 - - [02/Apr/2019:16:58:26 -0300] "GET /cormun/servlet/trlicencias? HTTP/1.1" 200 9445
190.171.152.138 - - [02/Apr/2019:16:58:31 -0300] "GET /cormun/servlet/licenciaspermisos?INS,0,,, HTTP/1.1" 200 7482
190.171.152.138 - - [02/Apr/2019:16:58:31 -0300] "GET /cormun/servlet/licenciaspermisos?INS,0,,, HTTP/1.1" 200 7482
200.54.107.2 - - [02/Apr/2019:16:58:38 -0300] "GET /cormun/servlet/hlogin HTTP/1.1" 200 1710
190.171.141.106 - - [02/Apr/2019:16:58:52 -0300] "GET /cormun/servlet/solicitudot?2b4890bd1f9ed913ef180141bb24e08a50065e4fea03e2967beb00aaf10f5a8fbb4a4dfdc630b107b92f924eda0fdb70f7285043c6a1b9963c6829735e2eef79,gx-no-cache=1554234910900 HTTP/1.1" 200 30
190.171.141.106 - - [02/Apr/2019:16:58:52 -0300] "POST /cormun/servlet/solicitudot?gx-no-cache=1554234911371 HTTP/1.1" 200 30
200.54.107.2 - - [02/Apr/2019:16:58:53 -0300] "POST /cormun/servlet/hlogin?1dece2850edad4f52aab3932d5951f7c,gx-no-cache=1554234911728 HTTP/1.1" 200 90
200.54.107.2 - - [02/Apr/2019:16:58:53 -0300] "GET /cormun/servlet/hpexe_link HTTP/1.1" 200 942
200.54.107.2 - - [02/Apr/2019:16:58:53 -0300] "GET /cormun/servlet/hhome HTTP/1.1" 200 4293
190.171.141.106 - - [02/Apr/2019:16:58:53 -0300] "POST /cormun/servlet/solicitudot?gx-no-cache=1554234911502 HTTP/1.1" 200 1316
190.171.141.106 - - [02/Apr/2019:16:58:54 -0300] "POST /cormun/servlet/solicitudot?gx-no-cache=1554234912247 HTTP/1.1" 200 41
200.54.107.2 - - [02/Apr/2019:16:58:54 -0300] "GET /cormun/servlet/hhome HTTP/1.1" 200 4289
190.171.141.106 - - [02/Apr/2019:16:58:54 -0300] "GET /cormun/servlet/solicitudot?2b4890bd1f9ed913ef180141bb24e08a41bcd7cbe69a00e8e247d2f87e0316971850d2c637f7c6f67cb446ded6a87794473bba48652a6ecdfc9f545949f658e74263e33b3f79c65c98b98b3811f152d113d8ccc247a54a5cf663a4a8ee5e0a3a2ccd497755e1fa29119d0d9bd28bb119,gx-no-cache=1554234912982 HTTP/1.1" 200 110
190.171.141.106 - - [02/Apr/2019:16:58:54 -0300] "POST /cormun/servlet/solicitudot?gx-no-cache=1554234913043 HTTP/1.1" 200 72
190.171.141.106 - - [02/Apr/2019:16:58:54 -0300] "GET /cormun/servlet/solicitudot?2b4890bd1f9ed913ef180141bb24e08aabbc53af715c71320f1580fd14f74e3a8ac655dd361608bb9f19163e5283c924,gx-no-cache=1554234913116 HTTP/1.1" 200 30
190.171.141.106 - - [02/Apr/2019:16:58:54 -0300] "POST /cormun/servlet/solicitudot?gx-no-cache=1554234913148 HTTP/1.1" 200 30
190.171.141.106 - - [02/Apr/2019:16:58:55 -0300] "POST /cormun/servlet/solicitudot?9f9cc2b9112d390b80d3b272dcae1dfb,INS,0,0,,gx-no-cache=1554234913240 HTTP/1.1" 200 12065
190.171.152.138 - - [02/Apr/2019:16:58:56 -0300] "GET /cormun/servlet/licenciaspermisos?5cdf7fd07aaa82023b0ef3a2a9cdf5c6ea95409ece3b232d5ed890b4e2a11bce47aa74eebbbdd97f3802c9eebceb0556,gx-no-cache=1554238510101 HTTP/1.1" 200 185
190.171.152.138 - - [02/Apr/2019:16:58:56 -0300] "GET /cormun/static/Shared/jqueryui/images/ui-icons_82798d_256x240.png HTTP/1.1" 404 1089
190.171.152.138 - - [02/Apr/2019:16:58:56 -0300] "GET /cormun/static/Shared/jqueryui/images/ui-icons_ebccce_256x240.png HTTP/1.1" 404 1089
190.171.152.138 - - [02/Apr/2019:16:58:56 -0300] "GET /cormun/static/Shared/jqueryui/images/ui-bg_flat_55_994d53_40x100.png HTTP/1.1" 404 1097
190.171.152.138 - - [02/Apr/2019:16:58:56 -0300] "GET /cormun/static/Shared/jqueryui/images/ui-bg_highlight-soft_100_c6c2c8_1x100.png HTTP/1.1" 404 1117
200.54.107.2 - - [02/Apr/2019:16:59:00 -0300] "GET /cormun/servlet/trsolicitudot? HTTP/1.1" 200 7509
200.54.107.2 - - [02/Apr/2019:16:59:00 -0300] "GET /cormun/servlet/trsolicitudot? HTTP/1.1" 200 7508
190.171.141.106 - - [02/Apr/2019:16:59:05 -0300] "GET /cormun/servlet/solicitudot?2b4890bd1f9ed913ef180141bb24e08aabbc53af715c71320f1580fd14f74e3a8ac655dd361608bb9f19163e5283c924,gx-no-cache=1554234923986 HTTP/1.1" 200 30
190.171.141.106 - - [02/Apr/2019:16:59:06 -0300] "POST /cormun/servlet/solicitudot?gx-no-cache=1554234924240 HTTP/1.1" 200 30
190.171.141.106 - - [02/Apr/2019:16:59:07 -0300] "POST /cormun/servlet/solicitudot?9f9cc2b9112d390b80d3b272dcae1dfb,INS,0,0,,gx-no-cache=1554234924866 HTTP/1.1" 200 93
190.171.141.106 - - [02/Apr/2019:16:59:08 -0300] "GET /cormun/servlet/hpexe_return? HTTP/1.1" 200 1005
190.171.141.106 - - [02/Apr/2019:16:59:08 -0300] "GET /cormun/servlet/trsolicitudot HTTP/1.1" 200 10619
190.171.141.106 - - [02/Apr/2019:16:59:09 -0300] "GET /cormun/servlet/trsolicitudot HTTP/1.1" 200 10614
200.54.107.2 - - [02/Apr/2019:16:59:10 -0300] "POST /cormun/servlet/trsolicitudot?1dece2850edad4f52aab3932d5951f7c,,gx-no-cache=1554234928831 HTTP/1.1" 200 8343
200.54.107.2 - - [02/Apr/2019:16:59:31 -0300] "POST /cormun/servlet/trsolicitudot?1dece2850edad4f52aab3932d5951f7c,,gx-no-cache=1554234949232 HTTP/1.1" 200 12322
190.171.152.138 - - [02/Apr/2019:16:59:31 -0300] "GET /cormun/servlet/licenciaspermisos?5cdf7fd07aaa82023b0ef3a2a9cdf5c6ce7c0f58e4946b845e1b0669b42be24847aa74eebbbdd97f3802c9eebceb0556,gx-no-cache=1554238546033 HTTP/1.1" 200 70
190.171.152.138 - - [02/Apr/2019:16:59:32 -0300] "POST /cormun/servlet/licenciaspermisos?a0c90a15b1ea1341ee8a282a2c9e38cd,INS,0,,,,gx-no-cache=1554238546306 HTTP/1.1" 200 4733
190.171.141.106 - - [02/Apr/2019:16:59:34 -0300] "POST /cormun/servlet/trsolicitudot?9f9cc2b9112d390b80d3b272dcae1dfb,gx-no-cache=1554234952797 HTTP/1.1" 200 106
190.171.141.106 - - [02/Apr/2019:16:59:35 -0300] "GET /cormun/servlet/solicitudot?UPD,2019,15068, HTTP/1.1" 200 15555
190.171.141.106 - - [02/Apr/2019:16:59:36 -0300] "GET /cormun/servlet/solicitudot?UPD,2019,15068, HTTP/1.1" 200 15564
190.171.141.106 - - [02/Apr/2019:16:59:36 -0300] "POST /cormun/servlet/solicitudot?gx-no-cache=1554234954875 HTTP/1.1" 200 3571
190.171.141.106 - - [02/Apr/2019:16:59:37 -0300] "POST /cormun/servlet/solicitudot?9f9cc2b9112d390b80d3b272dcae1dfb,UPD,2019,15068,,gx-no-cache=1554234955339 HTTP/1.1" 200 11905
190.171.141.106 - - [02/Apr/2019:16:59:37 -0300] "GET /cormun/servlet/solicitudot?2b4890bd1f9ed913ef180141bb24e08a78c43e864ecc316f257e2d716af87695099e910218eded17f19f97ff18d1bf5c,gx-no-cache=1554234956166 HTTP/1.1" 200 30
190.171.141.106 - - [02/Apr/2019:16:59:37 -0300] "GET /cormun/servlet/solicitudot?2b4890bd1f9ed913ef180141bb24e08a55edc39faef113b683cf8ae98cc39248b8613f9f9115739c6a66c9eb5e9a64b41b62bd6cacdd91f5c885b738f9e3431a,gx-no-cache=1554234956332 HTTP/1.1" 200 30
190.171.141.106 - - [02/Apr/2019:16:59:38 -0300] "GET /cormun/servlet/solicitudot?2b4890bd1f9ed913ef180141bb24e08a96fb270091dbe13de3d76e79b77d49b38b1f18cb77abff53817c6fc692cdf9e04512755db8ae8597e88decb95cf85b82,gx-no-cache=1554234956472 HTTP/1.1" 200 53
190.171.141.106 - - [02/Apr/2019:16:59:38 -0300] "POST /cormun/servlet/solicitudot?gx-no-cache=1554234956622 HTTP/1.1" 200 297
190.171.141.106 - - [02/Apr/2019:16:59:38 -0300] "GET /cormun/servlet/solicitudot?2b4890bd1f9ed913ef180141bb24e08af7510a9da5ba871cbe4da71424153ff78d79c391b4aa2c7d9fd58d0acf18f87f24402e28a8338cec95d095a6b22123d27cf71ba43cdb1fb836029880587be332bb2b496fa4a62f3209fe25b1a4824075f735b92cd3b8f2f54357a31bcfdbfeb05fbdf8868188cd27eb1a64a154cdc4a7d8024a421df1b7a11cf5dd0b7fa7ee31f49d4e76ed9b91a75ec4767e7188a3cdbf1ba214685a9c6b19263361cabeeacad5a4d75d98456541fc9ae21e598284ef08853d13b942530be93bb23eead77afd8cc787cec61e1968bd687791326b6c8d2620bac070686e6f720c750f39c42712a17b53811c58c438f0f66ed049795000d43aa159f586919c0a25dcae7b80ef6ee0478456f8e0c2e40fc79768e3504eadb4a4479440c638701796a4b46095e5c8d6a83e53b904f232ce286ce1e3528e7c0a0b3d8ce5d996f56a43d151c9744b0523892dc484f662ad7bca17705c6f9530597ca13a6d19809870d9f7f8e0f30155c03bfd905f77fd4ea8b8c9653e38ef25488f44c29e0630cdb56ddf3a6fbeabb2,gx-no-cache=1554234957222 HTTP/1.1" 200 30
190.171.141.106 - - [02/Apr/2019:16:59:38 -0300] "POST /cormun/servlet/solicitudot?gx-no-cache=1554234957360 HTTP/1.1" 200 30
190.171.141.106 - - [02/Apr/2019:16:59:39 -0300] "POST /cormun/servlet/solicitudot?gx-no-cache=1554234957524 HTTP/1.1" 200 1315
190.171.141.106 - - [02/Apr/2019:16:59:39 -0300] "POST /cormun/servlet/solicitudot?gx-no-cache=1554234957766 HTTP/1.1" 200 41
190.171.152.114 - - [02/Apr/2019:17:00:09 -0300] "GET /cormun/servlet/solicitudot?a5c05ec08f686fb2f8b989c142906841ee5c827f62ce9319a849f9d34dc6538c82ff4c3f396ecb34ba48b1b15b69b924,gx-no-cache=1554234987813 HTTP/1.1" 200 134
190.171.152.138 - - [02/Apr/2019:17:00:22 -0300] "GET /cormun/static/menuarrow.gif HTTP/1.1" 404 1015
190.171.141.106 - - [02/Apr/2019:17:00:32 -0300] "GET /cormun/servlet/solicitudot?2b4890bd1f9ed913ef180141bb24e08a41bcd7cbe69a00e8e247d2f87e0316971850d2c637f7c6f67cb446ded6a87794473bba48652a6ecdfc9f545949f658e74263e33b3f79c65c98b98b3811f152d113d8ccc247a54a5cf663a4a8ee5e0a3a2ccd497755e1fa29119d0d9bd28bb119,gx-no-cache=1554235009347 HTTP/1.1" 200 110
190.171.141.106 - - [02/Apr/2019:17:00:32 -0300] "POST /cormun/servlet/solicitudot?gx-no-cache=1554235010635 HTTP/1.1" 200 64
190.171.141.106 - - [02/Apr/2019:17:00:32 -0300] "GET /cormun/servlet/solicitudot?2b4890bd1f9ed913ef180141bb24e08a58b1ecef3e02917a592839b9d91ffa7fb004f9c10daaeec374fff1ba1a3c1357fbc1fc3602898d13568b948b66e3b41b8731a649681135291a103dd240f40f25f5c1c73dbcf82b7997b6b82a0b17095bc5f679772a26a04da84383ce945e4ca8,gx-no-cache=1554235010899 HTTP/1.1" 200 29
190.171.141.106 - - [02/Apr/2019:17:00:32 -0300] "GET /cormun/servlet/solicitudot?2b4890bd1f9ed913ef180141bb24e08aabbc53af715c71320f1580fd14f74e3a8ac655dd361608bb9f19163e5283c924,gx-no-cache=1554235011040 HTTP/1.1" 200 30
190.171.141.106 - - [02/Apr/2019:17:00:32 -0300] "POST /cormun/servlet/solicitudot?gx-no-cache=1554235011186 HTTP/1.1" 200 30
190.171.141.106 - - [02/Apr/2019:17:00:33 -0300] "POST /cormun/servlet/solicitudot?9f9cc2b9112d390b80d3b272dcae1dfb,UPD,2019,15068,,gx-no-cache=1554235011368 HTTP/1.1" 200 93
190.171.141.106 - - [02/Apr/2019:17:00:34 -0300] "GET /cormun/servlet/hpexe_return? HTTP/1.1" 200 1012
190.171.141.106 - - [02/Apr/2019:17:00:34 -0300] "GET /cormun/servlet/trsolicitudot HTTP/1.1" 200 10619
190.171.141.106 - - [02/Apr/2019:17:00:35 -0300] "GET /cormun/servlet/trsolicitudot HTTP/1.1" 200 10614
190.171.154.42 - - [02/Apr/2019:17:00:45 -0300] "POST /cormun/servlet/vesolicitudot?6e66e8746178442451f4021c5517d882,2019,15002,,,gx-no-cache=1554235021189 HTTP/1.1" 200 93
190.171.154.42 - - [02/Apr/2019:17:00:45 -0300] "GET /cormun/servlet/hpexe_return? HTTP/1.1" 200 1010
190.171.154.42 - - [02/Apr/2019:17:00:45 -0300] "GET /cormun/servlet/trsolicitudot? HTTP/1.1" 200 10395
190.171.154.42 - - [02/Apr/2019:17:00:47 -0300] "GET /cormun/servlet/trsolicitudot? HTTP/1.1" 200 10391
190.171.154.42 - - [02/Apr/2019:17:00:53 -0300] "GET /cormun/servlet/trsolicitudot? HTTP/1.1" 200 10391
190.171.154.42 - - [02/Apr/2019:17:00:55 -0300] "GET /cormun/servlet/trsolicitudot? HTTP/1.1" 200 10391
190.171.152.114 - - [02/Apr/2019:17:00:56 -0300] "GET /cormun/servlet/solicitudot?a5c05ec08f686fb2f8b989c142906841ee5c827f62ce9319a849f9d34dc6538c82ff4c3f396ecb34ba48b1b15b69b924,gx-no-cache=1554235034971 HTTP/1.1" 200 134
190.171.152.114 - - [02/Apr/2019:17:00:56 -0300] "POST /cormun/servlet/solicitudot?gx-no-cache=1554235035177 HTTP/1.1" 200 30
190.171.154.42 - - [02/Apr/2019:17:01:02 -0300] "GET /cormun/servlet/solicitudot?INS,0,0, HTTP/1.1" 200 15199
190.171.154.42 - - [02/Apr/2019:17:01:03 -0300] "GET /cormun/servlet/solicitudot?INS,0,0, HTTP/1.1" 200 15204
190.171.141.106 - - [02/Apr/2019:17:01:08 -0300] "POST /cormun/servlet/trsolicitudot?9f9cc2b9112d390b80d3b272dcae1dfb,gx-no-cache=1554235030721 HTTP/1.1" 200 106
190.171.141.106 - - [02/Apr/2019:17:01:08 -0300] "GET /cormun/servlet/solicitudot?UPD,2019,15068, HTTP/1.1" 200 15555
190.171.154.42 - - [02/Apr/2019:17:01:08 -0300] "GET /cormun/servlet/prfichaempleado?,MD,,gxPopupLevel%3D0%3B HTTP/1.1" 200 9417
190.171.141.106 - - [02/Apr/2019:17:01:09 -0300] "GET /cormun/servlet/solicitudot?UPD,2019,15068, HTTP/1.1" 200 15564
190.171.141.106 - - [02/Apr/2019:17:01:10 -0300] "POST /cormun/servlet/solicitudot?gx-no-cache=1554235048289 HTTP/1.1" 200 3571
190.171.141.106 - - [02/Apr/2019:17:01:10 -0300] "POST /cormun/servlet/solicitudot?9f9cc2b9112d390b80d3b272dcae1dfb,UPD,2019,15068,,gx-no-cache=1554235048785 HTTP/1.1" 200 11905
190.171.141.106 - - [02/Apr/2019:17:01:10 -0300] "GET /cormun/servlet/solicitudot?2b4890bd1f9ed913ef180141bb24e08a78c43e864ecc316f257e2d716af87695099e910218eded17f19f97ff18d1bf5c,gx-no-cache=1554235049210 HTTP/1.1" 200 30
190.171.141.106 - - [02/Apr/2019:17:01:10 -0300] "GET /cormun/servlet/solicitudot?2b4890bd1f9ed913ef180141bb24e08a55edc39faef113b683cf8ae98cc39248b8613f9f9115739c6a66c9eb5e9a64b41b62bd6cacdd91f5c885b738f9e3431a,gx-no-cache=1554235049306 HTTP/1.1" 200 30
190.171.141.106 - - [02/Apr/2019:17:01:10 -0300] "GET /cormun/servlet/solicitudot?2b4890bd1f9ed913ef180141bb24e08a96fb270091dbe13de3d76e79b77d49b38b1f18cb77abff53817c6fc692cdf9e04512755db8ae8597e88decb95cf85b82,gx-no-cache=1554235049389 HTTP/1.1" 200 53
190.171.141.106 - - [02/Apr/2019:17:01:11 -0300] "POST /cormun/servlet/solicitudot?gx-no-cache=1554235049505 HTTP/1.1" 200 297
190.171.141.106 - - [02/Apr/2019:17:01:11 -0300] "GET /cormun/servlet/solicitudot?2b4890bd1f9ed913ef180141bb24e08af7510a9da5ba871cbe4da71424153ff78d79c391b4aa2c7d9fd58d0acf18f87f24402e28a8338cec95d095a6b22123d27cf71ba43cdb1fb836029880587be332bb2b496fa4a62f3209fe25b1a4824075f735b92cd3b8f2f54357a31bcfdbfeb05fbdf8868188cd27eb1a64a154cdc4a7d8024a421df1b7a11cf5dd0b7fa7ee31f49d4e76ed9b91a75ec4767e7188a3cdbf1ba214685a9c6b19263361cabeeacad5a4d75d98456541fc9ae21e598284ef08853d13b942530be93bb23eead77afd8cc787cec61e1968bd687791326b6c8d2620bac070686e6f720c750f39c42712a17b53811c58c438f0f66ed049795000d43aa159f586919c0a25dcae7b80ef6ee0478456f8e0c2e40fc79768e3504eadb4a4479440c638701796a4b46095e5c8d6a83e53b904f232ce286ce1e3528e7c0a0b3d8ce5d996f56a43d151c9744b0523892dc484f662ad7bca17705c6f9530597ca13a6d19809870d9f7f8e0f30155c03bfd905f77fd4ea8b8c9653e38ef25488f44c29e0630cdb56ddf3a6fbeabb2,gx-no-cache=1554235049651 HTTP/1.1" 200 30
190.171.141.106 - - [02/Apr/2019:17:01:11 -0300] "POST /cormun/servlet/solicitudot?gx-no-cache=1554235049778 HTTP/1.1" 200 30
190.171.141.106 - - [02/Apr/2019:17:01:11 -0300] "POST /cormun/servlet/solicitudot?gx-no-cache=1554235049921 HTTP/1.1" 200 1315
190.171.141.106 - - [02/Apr/2019:17:01:12 -0300] "POST /cormun/servlet/solicitudot?gx-no-cache=1554235050505 HTTP/1.1" 200 41
190.171.154.42 - - [02/Apr/2019:17:01:23 -0300] "POST /cormun/servlet/prfichaempleado?6e66e8746178442451f4021c5517d882,,MD,,gxPopupLevel%3D0%3B,gx-no-cache=1554235059769 HTTP/1.1" 200 3422
190.171.154.42 - - [02/Apr/2019:17:01:30 -0300] "POST /cormun/servlet/solicitudot?gx-no-cache=1554235066490 HTTP/1.1" 200 3529
190.171.154.42 - - [02/Apr/2019:17:01:31 -0300] "POST /cormun/servlet/solicitudot?6e66e8746178442451f4021c5517d882,INS,0,0,,gx-no-cache=1554235066845 HTTP/1.1" 200 11968
190.171.154.42 - - [02/Apr/2019:17:01:31 -0300] "GET /cormun/servlet/solicitudot?4157eb2095921d58658126d53618b28812165826a8f88cbee1d6d7932fe96477b4fc493cf6612034ddeee199281d137e,gx-no-cache=1554235067905 HTTP/1.1" 200 30
190.171.152.114 - - [02/Apr/2019:17:01:39 -0300] "GET /cormun/servlet/solicitudot?a5c05ec08f686fb2f8b989c1429068413f4be9474fbfac2a90534d8486dddca2b72bb6b03a2d94b50cd7ddf29e86d412,gx-no-cache=1554235077500 HTTP/1.1" 200 30
190.171.152.114 - - [02/Apr/2019:17:01:39 -0300] "POST /cormun/servlet/solicitudot?gx-no-cache=1554235077724 HTTP/1.1" 200 30
190.171.153.26 - - [02/Apr/2019:17:01:41 -0300] "GET /cormun/servlet/trsolicitudot? HTTP/1.1" 200 10485
190.171.153.26 - - [02/Apr/2019:17:01:41 -0300] "GET /cormun/static/gxcfg.js?2017111422585916 HTTP/1.1" 200 953
190.171.153.26 - - [02/Apr/2019:17:01:41 -0300] "GET /cormun/static/calendar-system.css?85620 HTTP/1.1" 200 5572
190.171.153.26 - - [02/Apr/2019:17:01:41 -0300] "GET /cormun/static/gxui/gxui-all.css?120300 HTTP/1.1" 200 2179
190.171.153.26 - - [02/Apr/2019:17:01:41 -0300] "GET /cormun/static/calendar.js?85251 HTTP/1.1" 200 26246
190.171.153.26 - - [02/Apr/2019:17:01:41 -0300] "GET /cormun/static/calendar-setup.js?85251 HTTP/1.1" 200 2588
190.171.153.26 - - [02/Apr/2019:17:01:41 -0300] "GET /cormun/static/calendar-es.js?85251 HTTP/1.1" 200 1901
190.171.153.26 - - [02/Apr/2019:17:01:41 -0300] "GET /cormun/static/gxdec.js?85251 HTTP/1.1" 200 19579
190.171.153.26 - - [02/Apr/2019:17:01:41 -0300] "GET /cormun/static/Resources/Spanish/PXTools.css?1255365 HTTP/1.1" 200 89042
190.171.153.26 - - [02/Apr/2019:17:01:41 -0300] "GET /cormun/static/trsolicitudot.js?201711142259839 HTTP/1.1" 200 54041
190.171.153.26 - - [02/Apr/2019:17:01:41 -0300] "GET /cormun/static/Shared/ext/resources/css/ext-all.css?215870 HTTP/1.1" 200 416045
190.171.153.26 - - [02/Apr/2019:17:01:42 -0300] "GET /cormun/static/Resources/PXToolsGridNew.png HTTP/1.1" 200 2949
190.171.153.26 - - [02/Apr/2019:17:01:42 -0300] "GET /cormun/static/Resources/PXTools/calendar.png HTTP/1.1" 200 1306
190.171.153.26 - - [02/Apr/2019:17:01:42 -0300] "GET /cormun/static/Resources/PXToolsGridPreviousDisabled.gif HTTP/1.1" 200 90
190.171.153.26 - - [02/Apr/2019:17:01:42 -0300] "GET /cormun/static/Resources/PXToolsGridFirstDisabled.gif HTTP/1.1" 200 100
190.171.153.26 - - [02/Apr/2019:17:01:42 -0300] "GET /cormun/static/Resources/PXToolsDataSearch.png HTTP/1.1" 200 419
190.171.153.26 - - [02/Apr/2019:17:01:42 -0300] "GET /cormun/static/Resources/PXToolsGridPage.gif HTTP/1.1" 200 725
190.171.153.26 - - [02/Apr/2019:17:01:42 -0300] "GET /cormun/static/Resources/PXToolsGridLastDisabled.gif HTTP/1.1" 200 98
190.171.153.26 - - [02/Apr/2019:17:01:42 -0300] "GET /cormun/static/Resources/PXToolsGridNextDisabled.gif HTTP/1.1" 200 90
190.171.153.26 - - [02/Apr/2019:17:01:42 -0300] "GET /cormun/static/Resources/PXToolsActionExcel.png HTTP/1.1" 200 3187
190.171.153.26 - - [02/Apr/2019:17:01:43 -0300] "GET /cormun/static/Resources/desc.gif HTTP/1.1" 200 65
190.171.153.26 - - [02/Apr/2019:17:01:43 -0300] "GET /cormun/static/Resources/asc.gif HTTP/1.1" 200 67
190.171.153.26 - - [02/Apr/2019:17:01:43 -0300] "GET /cormun//static/Resources/PXToolsActionView.png HTTP/1.1" 200 2995
190.171.153.26 - - [02/Apr/2019:17:01:43 -0300] "GET /cormun//static/Resources/PXToolsRemoveAllAction.png HTTP/1.1" 200 3558
190.171.153.26 - - [02/Apr/2019:17:01:43 -0300] "GET /cormun//static/Resources/PXToolsGridDelete.png HTTP/1.1" 200 357
190.171.153.26 - - [02/Apr/2019:17:01:43 -0300] "GET /cormun//static/Resources/PXToolsGridUpdate.png HTTP/1.1" 200 2984
190.171.153.26 - - [02/Apr/2019:17:01:43 -0300] "GET /cormun//static/Resources/PXTools/ActionInsert.png HTTP/1.1" 200 1482
190.171.153.26 - - [02/Apr/2019:17:01:43 -0300] "GET /cormun/servlet/trsolicitudot? HTTP/1.1" 200 10483
190.171.153.26 - - [02/Apr/2019:17:01:43 -0300] "GET /cormun/static/Shared/ext/resources/themes/images/default/panel/bg-headersPanel.png HTTP/1.1" 200 255
190.171.153.26 - - [02/Apr/2019:17:01:43 -0300] "GET /cormun/static/Shared/ext/resources/themes/images/default/tools/tool-sprites.gif HTTP/1.1" 200 5434
190.171.141.106 - - [02/Apr/2019:17:01:48 -0300] "GET /cormun/servlet/solicitudot?2b4890bd1f9ed913ef180141bb24e08a41bcd7cbe69a00e8e247d2f87e0316971850d2c637f7c6f67cb446ded6a87794473bba48652a6ecdfc9f545949f658e74263e33b3f79c65c98b98b3811f152d113d8ccc247a54a5cf663a4a8ee5e0a3a2ccd497755e1fa29119d0d9bd28bb119,gx-no-cache=1554235087301 HTTP/1.1" 200 110
190.171.153.26 - - [02/Apr/2019:17:01:51 -0300] "GET /cormun/servlet/solicitudot?INS,0,0, HTTP/1.1" 200 14952
190.171.153.26 - - [02/Apr/2019:17:01:51 -0300] "GET /cormun/static/calendar-system.css?75620 HTTP/1.1" 200 5572
190.171.153.26 - - [02/Apr/2019:17:01:51 -0300] "GET /cormun/static/gxcfg.js?20189101114418 HTTP/1.1" 200 953
190.171.153.26 - - [02/Apr/2019:17:01:51 -0300] "GET /cormun/static/Resources/prompt.gif HTTP/1.1" 200 902
190.171.153.26 - - [02/Apr/2019:17:01:52 -0300] "GET /cormun/static/solicitudot.js?20189101114718 HTTP/1.1" 200 71883
190.171.153.26 - - [02/Apr/2019:17:01:52 -0300] "GET /cormun/static/Resources/PXToolsButtonRight21.png HTTP/1.1" 200 1283
190.171.153.26 - - [02/Apr/2019:17:01:52 -0300] "GET /cormun/servlet/solicitudot?INS,0,0, HTTP/1.1" 200 14957
190.171.152.114 - - [02/Apr/2019:17:01:53 -0300] "POST /cormun/servlet/solicitudot?gx-no-cache=1554235091486 HTTP/1.1" 200 30
190.171.154.42 - - [02/Apr/2019:17:02:00 -0300] "GET /cormun/servlet/prbanco?,MD,,gxPopupLevel%3D0%3B HTTP/1.1" 200 6687
190.171.154.42 - - [02/Apr/2019:17:02:10 -0300] "GET /cormun/servlet/solicitudot?4157eb2095921d58658126d53618b28811d113490ae2b470e48bdb0d29587523754a4069c3c27c3368827176ce8aeead,gx-no-cache=1554235107238 HTTP/1.1" 200 30
190.171.154.42 - - [02/Apr/2019:17:02:14 -0300] "GET /cormun/servlet/solicitudot?4157eb2095921d58658126d53618b28866758d6ff04e27a1cf57e3a3ea54a21d,gx-no-cache=1554235111207 HTTP/1.1" 200 45
40.77.167.211 - - [02/Apr/2019:17:02:23 -0300] "GET /cormun/servlet/trlicencias HTTP/1.1" 200 6112
190.171.141.106 - - [02/Apr/2019:17:02:45 -0300] "POST /cormun/servlet/solicitudot?gx-no-cache=1554235141965 HTTP/1.1" 200 102
190.171.154.42 - - [02/Apr/2019:17:02:50 -0300] "POST /cormun/servlet/solicitudot?gx-no-cache=1554235146722 HTTP/1.1" 200 255
190.171.154.42 - - [02/Apr/2019:17:02:50 -0300] "GET /cormun/servlet/solicitudot?4157eb2095921d58658126d53618b288face60062e525dbb6a8f738bb9633ac96627346625a7a0f2648ba0803e660c6d21398b344af52a86a4ef2ab6cbf403627a2fdd47133a41adfb4c9e7c2aff52a9ae1faf12d0f2ea6b5978172686cb4b9c2041649053c7e45687979cd7b7fa7eb23871b8badb46b4379b7ec550060de3adac922eca0ece265f43d835c9f8bfe0638218d91c1906b972f6e4535d92e59057c85c70937f65346a2bfd664281d4bbfc1082dacbd3545edd9d320d4fb469d5b36c4abfffae9cdf71d3acaeca604c51c874e15c34b6b7f87a5ba5a4731e74e3e75d954bbf252da32a8b636acae3c08b626e8f89736cc11c59b5e4a62673e4f8c92f1320e3bbeebeb3ebf72d971b81bc54304b4dfcf7480e57107e490b41ace4d157d08263ecafdb6868f417d1d0b6f178625e3506493f4cafd9fa782252fa801eda2de9d239d17de76b0b17497451d3f567c28f83a770a41852c092a2d46c210b18c0d994821a09e6545bdc36f17b1c815e69038a8589b2f27ea287a56c3d93ef,gx-no-cache=1554235147089 HTTP/1.1" 200 30
190.171.154.42 - - [02/Apr/2019:17:02:55 -0300] "POST /cormun/servlet/solicitudot?gx-no-cache=1554235151620 HTTP/1.1" 200 30
190.171.152.138 - - [02/Apr/2019:17:03:08 -0300] "GET /cormun/servlet/licenciaspermisos?5cdf7fd07aaa82023b0ef3a2a9cdf5c6cd437df68f87dbe9c8bcf57838438dc969b01bd881a6a2e4af25c947934f42879755b31945d88fba3e4e59d47fc9f8034fa2e7c13d7ad40f9e92bf5a96f1eb04ba32287ed6646cdb4d86f7f975b884b318f69c5c71bcf6e061d63df25060d600e6704f5d1d72b5e95c3f105d45ee36e03189a8a04eb8405651b7eeae3be60743b6db86e2b783ff812ae1baf3ccb73ff4b13f6dc7febf527c6061a91dcb3ec7a45e850ae5a92ff94bf83358802090f7dac9b604111e6ab7f211dc350e46e4749953e466759f48bc2a1109449353825d2b,gx-no-cache=1554238762228 HTTP/1.1" 200 30
190.171.152.138 - - [02/Apr/2019:17:03:08 -0300] "GET /cormun/servlet/licenciaspermisos?5cdf7fd07aaa82023b0ef3a2a9cdf5c68cd863530e4c6abc5ebdd87525f494e6fc37829195f558224df447b700c665eb5a625ad504c9c8376c0e298ab406f3b8b0c70667963058e14c528c0bc48abb5b3dc06b985749972953d568726475b306f8cd596eebaf7f97db4593ad7087c12f846cda00ed65a9f8468b80252e36ee006b610f4728dbe7e61fd78d5915435ea63d0ca09a7e61d11396463a2e773df743e9aed1933b3c923ee8c93e506038abb8d37454cd632e779e86fd24278985ee2a6fdd151b66687651081c479bcf3d99e09658e8095ffe573da38f491195441064,gx-no-cache=1554238762535 HTTP/1.1" 200 29
190.171.152.138 - - [02/Apr/2019:17:03:08 -0300] "POST /cormun/servlet/licenciaspermisos?a0c90a15b1ea1341ee8a282a2c9e38cd,INS,0,,,,gx-no-cache=1554238762575 HTTP/1.1" 200 93
190.171.152.138 - - [02/Apr/2019:17:03:08 -0300] "GET /cormun/servlet/hpexe_return? HTTP/1.1" 200 1014
190.171.152.138 - - [02/Apr/2019:17:03:08 -0300] "GET /cormun/servlet/trlicencias HTTP/1.1" 200 9888
190.171.152.138 - - [02/Apr/2019:17:03:09 -0300] "GET /cormun/servlet/trlicencias HTTP/1.1" 200 9883
190.171.152.138 - - [02/Apr/2019:17:03:16 -0300] "GET /cormun/servlet/alicenciaprn?8838737,L,20190402000000,PU HTTP/1.1" 200 1551
190.171.141.106 - - [02/Apr/2019:17:03:27 -0300] "GET /cormun/servlet/solicitudot?2b4890bd1f9ed913ef180141bb24e08a58b1ecef3e02917a592839b9d91ffa7fb004f9c10daaeec374fff1ba1a3c1357fbc1fc3602898d13568b948b66e3b41b8731a649681135291a103dd240f40f25f5c1c73dbcf82b7997b6b82a0b17095bc5f679772a26a04da84383ce945e4ca8,gx-no-cache=1554235185507 HTTP/1.1" 200 29
