190.171.152.114 - - [02/Apr/2019:16:43:27 -0300] "GET /cormun/servlet/hhome HTTP/1.1" 200 4272
190.171.141.106 - - [02/Apr/2019:16:43:33 -0300] "GET /cormun/servlet/solicitudot?2b4890bd1f9ed913ef180141bb24e08a936342a84dffd66849e698ad57146c94,gx-no-cache=1554233991410 HTTP/1.1" 200 53
192.168.10.96 - - [02/Apr/2019:16:43:33 -0300] "POST /cormun/servlet/hlogin?5c3b2b1dc2cc16e2998cdc4dfeac0dc0,gx-no-cache=1554241014113 HTTP/1.1" 200 90
192.168.10.96 - - [02/Apr/2019:16:43:33 -0300] "GET /cormun/servlet/hpexe_link HTTP/1.1" 200 947
192.168.10.96 - - [02/Apr/2019:16:43:34 -0300] "GET /cormun/servlet/hhome HTTP/1.1" 200 4771
190.171.152.114 - - [02/Apr/2019:16:43:34 -0300] "GET /cormun/servlet/trsolicitudot? HTTP/1.1" 200 7485
190.171.152.114 - - [02/Apr/2019:16:43:34 -0300] "GET /cormun/static/gxui/gxui-all.css?120300 HTTP/1.1" 200 2179
190.171.152.114 - - [02/Apr/2019:16:43:34 -0300] "GET /cormun/static/gxcfg.js?2017111422585916 HTTP/1.1" 200 953
190.171.152.114 - - [02/Apr/2019:16:43:34 -0300] "GET /cormun/static/calendar-system.css?85620 HTTP/1.1" 200 5572
192.168.10.96 - - [02/Apr/2019:16:43:34 -0300] "GET /cormun/servlet/hhome HTTP/1.1" 200 4768
190.171.152.114 - - [02/Apr/2019:16:43:34 -0300] "GET /cormun/static/Resources/Spanish/PXTools.css?1255365 HTTP/1.1" 200 89042
190.171.152.114 - - [02/Apr/2019:16:43:34 -0300] "GET /cormun/static/trsolicitudot.js?201711142259839 HTTP/1.1" 200 54041
190.171.152.114 - - [02/Apr/2019:16:43:34 -0300] "GET /cormun/static/Shared/ext/resources/css/ext-all.css?215870 HTTP/1.1" 200 416045
192.168.10.96 - - [02/Apr/2019:16:43:37 -0300] "GET /cormun/servlet/trsolicitudgral? HTTP/1.1" 200 29314
192.168.10.96 - - [02/Apr/2019:16:43:38 -0300] "GET /cormun/servlet/trsolicitudgral? HTTP/1.1" 200 29311
190.171.152.114 - - [02/Apr/2019:16:43:38 -0300] "GET /cormun/servlet/solicitudot?INS,0,0, HTTP/1.1" 200 15141
190.171.152.114 - - [02/Apr/2019:16:43:38 -0300] "GET /cormun/static/gxcfg.js?20189101114418 HTTP/1.1" 200 953
190.171.152.114 - - [02/Apr/2019:16:43:38 -0300] "GET /cormun/static/Resources/prompt.gif HTTP/1.1" 200 902
190.171.152.114 - - [02/Apr/2019:16:43:39 -0300] "GET /cormun/static/solicitudot.js?20189101114718 HTTP/1.1" 200 71883
190.171.141.106 - - [02/Apr/2019:16:43:54 -0300] "POST /cormun/servlet/solicitudot?gx-no-cache=1554234012539 HTTP/1.1" 200 255
192.168.10.96 - - [02/Apr/2019:16:43:55 -0300] "POST /cormun/servlet/trsolicitudgral?5c3b2b1dc2cc16e2998cdc4dfeac0dc0,,gx-no-cache=1554241035946 HTTP/1.1" 200 10580
190.171.141.106 - - [02/Apr/2019:16:43:58 -0300] "GET /cormun/servlet/solicitudot?2b4890bd1f9ed913ef180141bb24e08af7510a9da5ba871cbe4da71424153ff7bf7305b48fcd0293d07dd5b869d2c45924402e28a8338cec95d095a6b22123d27cf71ba43cdb1fb836029880587be332bb2b496fa4a62f3209fe25b1a4824075f735b92cd3b8f2f54357a31bcfdbfeb05fbdf8868188cd27eb1a64a154cdc4a7d8024a421df1b7a11cf5dd0b7fa7ee31f49d4e76ed9b91a75ec4767e7188a3cdbf1ba214685a9c6b19263361cabeeacad5a4d75d98456541fc9ae21e598284ef08853d13b942530be93bb23eead77afd8cc787cec61e1968bd687791326b6c8d2620bac070686e6f720c750f39c4271228ca5569b95b35994be8289b04431e42d43aa159f586919c0a25dcae7b80ef6ef2d3591bdf7415cc0b7ca1270ab1625deb39f35a42ceba3b73b6ce6d0440245d34a412a4e2f9e1dfc80e0a842af23a98e52f8f4230fe8de73d60f8927476fd46e213ed76a5a80ded0375ee9189b811c1c6bb6f53a5f044a3f948f793f901a8cc5987c9f2fe735a6c94917e553ef3f62c,gx-no-cache=1554234017020 HTTP/1.1" 200 30
190.171.141.106 - - [02/Apr/2019:16:44:02 -0300] "POST /cormun/servlet/solicitudot?gx-no-cache=1554234021201 HTTP/1.1" 200 30
190.171.152.114 - - [02/Apr/2019:16:44:28 -0300] "POST /cormun/servlet/solicitudot?gx-no-cache=1554234046338 HTTP/1.1" 200 3450
190.171.152.114 - - [02/Apr/2019:16:44:30 -0300] "POST /cormun/servlet/solicitudot?fe71d48f6928b0dff3979eb0e31b4070,INS,0,0,,gx-no-cache=1554234046942 HTTP/1.1" 200 11878
190.171.152.114 - - [02/Apr/2019:16:44:33 -0300] "GET /cormun/servlet/solicitudot?a5c05ec08f686fb2f8b989c1429068417bf3e20243eb0c6a7f69074edbbdd122fda23f027fb5032627f1ef0fc619fd45,gx-no-cache=1554234051398 HTTP/1.1" 200 30
190.171.142.10 - - [02/Apr/2019:16:44:40 -0300] "GET /cormun/servlet/trlicencias? HTTP/1.1" 200 6129
190.171.141.106 - - [02/Apr/2019:16:44:40 -0300] "POST /cormun/servlet/solicitudot?gx-no-cache=1554234055096 HTTP/1.1" 200 1316
190.171.141.106 - - [02/Apr/2019:16:44:40 -0300] "POST /cormun/servlet/solicitudot?gx-no-cache=1554234058875 HTTP/1.1" 200 38
190.171.142.10 - - [02/Apr/2019:16:44:40 -0300] "GET /cormun/servlet/hlogin HTTP/1.1" 200 1734
190.171.142.10 - - [02/Apr/2019:16:44:40 -0300] "GET /cormun/servlet/trlicencias? HTTP/1.1" 200 6129
190.171.142.10 - - [02/Apr/2019:16:44:42 -0300] "POST /cormun/servlet/hlogin?7120f8180a4fff79c6d237abb96dca48,gx-no-cache=1554234059422 HTTP/1.1" 200 90
190.171.142.10 - - [02/Apr/2019:16:44:42 -0300] "GET /cormun/servlet/hpexe_link HTTP/1.1" 200 952
190.171.142.10 - - [02/Apr/2019:16:44:42 -0300] "GET /cormun/servlet/trlicencias HTTP/1.1" 200 8370
190.171.142.10 - - [02/Apr/2019:16:44:43 -0300] "GET /cormun/servlet/trlicencias HTTP/1.1" 200 8368
190.171.141.106 - - [02/Apr/2019:16:45:15 -0300] "GET /cormun/servlet/solicitudot?2b4890bd1f9ed913ef180141bb24e08a41bcd7cbe69a00e8e247d2f87e0316971850d2c637f7c6f67cb446ded6a87794473bba48652a6ecdfc9f545949f658e74263e33b3f79c65c98b98b3811f152d113d8ccc247a54a5cf663a4a8ee5e0a3a2ccd497755e1fa29119d0d9bd28bb119,gx-no-cache=1554234093866 HTTP/1.1" 200 110
190.171.141.106 - - [02/Apr/2019:16:45:31 -0300] "POST /cormun/servlet/solicitudot?gx-no-cache=1554234110042 HTTP/1.1" 200 69
190.171.154.42 - - [02/Apr/2019:16:45:34 -0300] "POST /cormun/servlet/hlogin?6e66e8746178442451f4021c5517d882,gx-no-cache=1554234110412 HTTP/1.1" 200 90
190.171.154.42 - - [02/Apr/2019:16:45:34 -0300] "GET /cormun/servlet/hpexe_link HTTP/1.1" 200 954
190.171.154.42 - - [02/Apr/2019:16:45:34 -0300] "GET /cormun/servlet/trpermisosgoce HTTP/1.1" 200 9343
190.171.141.106 - - [02/Apr/2019:16:45:35 -0300] "GET /cormun/servlet/solicitudot?2b4890bd1f9ed913ef180141bb24e08a4a84090175a95ff4c39990777424a9fbad953302f682f3905632f4b1f5b347c8792455533f1091c97f8385469105b49c306dea4112fd31d320ca22498508b27dc146b863b1a24cdb8f0da937dba0a2785895ca6948923b521ef2ab2aa3d449d6,gx-no-cache=1554234114168 HTTP/1.1" 200 29
190.171.154.42 - - [02/Apr/2019:16:45:36 -0300] "GET /cormun/servlet/trpermisosgoce HTTP/1.1" 200 9338
190.171.141.106 - - [02/Apr/2019:16:45:45 -0300] "GET /cormun/servlet/solicitudot?2b4890bd1f9ed913ef180141bb24e08aabbc53af715c71320f1580fd14f74e3a8ac655dd361608bb9f19163e5283c924,gx-no-cache=1554234124188 HTTP/1.1" 200 30
190.171.141.106 - - [02/Apr/2019:16:45:51 -0300] "POST /cormun/servlet/solicitudot?gx-no-cache=1554234130240 HTTP/1.1" 200 30
190.171.152.114 - - [02/Apr/2019:16:46:10 -0300] "POST /cormun/servlet/solicitudot?gx-no-cache=1554234148315 HTTP/1.1" 200 3528
190.171.152.114 - - [02/Apr/2019:16:46:10 -0300] "GET /cormun/static/Shared/jqueryui/images/ui-icons_82798d_256x240.png HTTP/1.1" 404 1089
190.171.152.114 - - [02/Apr/2019:16:46:10 -0300] "GET /cormun/static/Shared/jqueryui/images/ui-bg_highlight-soft_100_c6c2c8_1x100.png HTTP/1.1" 404 1117
190.171.152.114 - - [02/Apr/2019:16:46:11 -0300] "GET /cormun/static/Shared/jqueryui/images/ui-bg_flat_55_994d53_40x100.png HTTP/1.1" 404 1097
190.171.152.114 - - [02/Apr/2019:16:46:11 -0300] "GET /cormun/static/Shared/jqueryui/images/ui-icons_ebccce_256x240.png HTTP/1.1" 404 1089
190.171.141.106 - - [02/Apr/2019:16:46:37 -0300] "POST /cormun/servlet/solicitudot?9f9cc2b9112d390b80d3b272dcae1dfb,INS,0,0,,gx-no-cache=1554234174713 HTTP/1.1" 200 12068
190.171.141.106 - - [02/Apr/2019:16:46:55 -0300] "GET /cormun/servlet/solicitudot?2b4890bd1f9ed913ef180141bb24e08aabbc53af715c71320f1580fd14f74e3a8ac655dd361608bb9f19163e5283c924,gx-no-cache=1554234193515 HTTP/1.1" 200 30
190.171.141.106 - - [02/Apr/2019:16:46:55 -0300] "POST /cormun/servlet/solicitudot?gx-no-cache=1554234193732 HTTP/1.1" 200 30
190.171.141.106 - - [02/Apr/2019:16:46:55 -0300] "POST /cormun/servlet/solicitudot?9f9cc2b9112d390b80d3b272dcae1dfb,INS,0,0,,gx-no-cache=1554234193873 HTTP/1.1" 200 12112
190.171.152.114 - - [02/Apr/2019:16:46:56 -0300] "POST /cormun/servlet/solicitudot?gx-no-cache=1554234194152 HTTP/1.1" 200 3457
190.171.152.114 - - [02/Apr/2019:16:46:56 -0300] "POST /cormun/servlet/solicitudot?fe71d48f6928b0dff3979eb0e31b4070,INS,0,0,,gx-no-cache=1554234194585 HTTP/1.1" 200 11950
190.171.152.114 - - [02/Apr/2019:16:46:57 -0300] "GET /cormun/servlet/solicitudot?a5c05ec08f686fb2f8b989c142906841e821db1606911856cb6d2950b1d6b9a15a6bdde02a4f4808f7095cf3a22c3d58,gx-no-cache=1554234195886 HTTP/1.1" 200 30
190.171.154.42 - - [02/Apr/2019:16:47:46 -0300] "GET /cormun/servlet/trsolicitudot? HTTP/1.1" 200 7536
190.171.154.42 - - [02/Apr/2019:16:47:48 -0300] "GET /cormun/servlet/trsolicitudot? HTTP/1.1" 200 7535
190.171.152.242 - - [02/Apr/2019:16:47:52 -0300] "GET /cormun/servlet/hlogin HTTP/1.1" 200 1723
190.171.152.242 - - [02/Apr/2019:16:47:52 -0300] "GET /cormun/static/gxtimezone.js?85251 HTTP/1.1" 200 5781
190.171.152.242 - - [02/Apr/2019:16:47:53 -0300] "GET /cormun/static/gxcfg.js?20177612122725 HTTP/1.1" 200 953
190.171.152.242 - - [02/Apr/2019:16:47:53 -0300] "GET /cormun/static/messages.spa.js?85251 HTTP/1.1" 200 30736
190.171.152.242 - - [02/Apr/2019:16:47:53 -0300] "GET /cormun/static/Resources/ComunLogin.png HTTP/1.1" 200 17326
190.171.152.242 - - [02/Apr/2019:16:47:53 -0300] "GET /cormun/static/Resources/Spanish/PXTools.css?1155365 HTTP/1.1" 200 89042
190.171.152.242 - - [02/Apr/2019:16:47:53 -0300] "GET /cormun/static/hlogin.js?20177612122738 HTTP/1.1" 200 2136
190.171.152.242 - - [02/Apr/2019:16:47:53 -0300] "GET /cormun/static/gxgral.js?85251 HTTP/1.1" 200 384558
190.171.152.242 - - [02/Apr/2019:16:47:53 -0300] "GET /cormun/static/Resources/PXToolsLoginTop.png HTTP/1.1" 200 1337
190.171.152.242 - - [02/Apr/2019:16:47:53 -0300] "GET /cormun/static/Resources/PXToolsLoginBackground.png HTTP/1.1" 200 1164
190.171.152.242 - - [02/Apr/2019:16:47:53 -0300] "GET /cormun/static/Resources/PXToolsButtonBackground2.png HTTP/1.1" 200 1181
190.171.152.242 - - [02/Apr/2019:16:47:53 -0300] "GET /cormun/static/Resources/PXToolsButtonLeft21.png HTTP/1.1" 200 1287
190.171.152.242 - - [02/Apr/2019:16:47:53 -0300] "GET /cormun/static/Resources/PXToolsButtonRight21.png HTTP/1.1" 200 1283
190.171.152.242 - - [02/Apr/2019:16:47:53 -0300] "GET /cormun/static/Resources/PXToolsLoginBottom.png HTTP/1.1" 200 1389
190.171.152.242 - - [02/Apr/2019:16:47:54 -0300] "GET /cormun/servlet/hlogin HTTP/1.1" 200 1730
190.171.152.242 - - [02/Apr/2019:16:47:54 -0300] "GET /cormun/static/Resources/indicator.gif HTTP/1.1" 200 1553
190.171.152.242 - - [02/Apr/2019:16:47:54 -0300] "GET /cormun/static/Resources/indicator.gif HTTP/1.1" 200 1553
190.171.152.242 - - [02/Apr/2019:16:48:02 -0300] "POST /cormun/servlet/hlogin?297dbbf4c1c95bdfd8d5501d863ae937,gx-no-cache=1554234260359 HTTP/1.1" 200 90
190.171.152.242 - - [02/Apr/2019:16:48:02 -0300] "GET /cormun/servlet/hpexe_link HTTP/1.1" 200 949
190.171.152.242 - - [02/Apr/2019:16:48:02 -0300] "GET /cormun/static/gxcfg.js?20177612121792 HTTP/1.1" 200 953
190.171.152.242 - - [02/Apr/2019:16:48:02 -0300] "GET /cormun/servlet/hhome HTTP/1.1" 200 4067
190.171.152.242 - - [02/Apr/2019:16:48:02 -0300] "GET /cormun/static/hpexe_link.js?20177612121795 HTTP/1.1" 200 625
190.171.152.242 - - [02/Apr/2019:16:48:02 -0300] "GET /cormun/static/SmoothNavMenu/resources/ddsmoothmenu.css?1012540 HTTP/1.1" 200 2223
190.171.152.242 - - [02/Apr/2019:16:48:02 -0300] "GET /cormun/static/SmoothNavMenu/resources/ddsmoothmenu-v.css?1012540 HTTP/1.1" 200 1188
190.171.152.242 - - [02/Apr/2019:16:48:03 -0300] "GET /cormun/static/gxcfg.js?20175251212442 HTTP/1.1" 200 953
190.171.152.242 - - [02/Apr/2019:16:48:03 -0300] "GET /cormun/static/scaMessage/css/jquery.pnotify.default.css?1716380 HTTP/1.1" 200 1707
190.171.152.242 - - [02/Apr/2019:16:48:03 -0300] "GET /cormun/static/PXToolsJavascripts/pexe_cookies.js HTTP/1.1" 200 792
190.171.152.242 - - [02/Apr/2019:16:48:03 -0300] "GET /cormun/static/PXToolsJavascripts/pexe_autoreload.js HTTP/1.1" 200 1762
190.171.152.242 - - [02/Apr/2019:16:48:03 -0300] "GET /cormun/static/PXToolsJavascripts/pexe_windows.js HTTP/1.1" 200 15207
190.171.152.242 - - [02/Apr/2019:16:48:03 -0300] "GET /cormun/static/PXToolsJavascripts/pexe_grid.js HTTP/1.1" 200 7559
190.171.152.242 - - [02/Apr/2019:16:48:03 -0300] "GET /cormun/static/PXToolsJavascripts/pexe_link.js HTTP/1.1" 200 5671
190.171.152.242 - - [02/Apr/2019:16:48:03 -0300] "GET /cormun/static/PXToolsJavascripts/pexe_griddivfix.js HTTP/1.1" 200 6644
190.171.152.242 - - [02/Apr/2019:16:48:03 -0300] "GET /cormun/static/PXToolsJavascripts/pexe_menudivfix.js HTTP/1.1" 200 333
190.171.152.242 - - [02/Apr/2019:16:48:03 -0300] "GET /cormun/static/PXToolsJavascripts/pexe_menus.js HTTP/1.1" 200 1286
190.171.152.242 - - [02/Apr/2019:16:48:03 -0300] "GET /cormun/static/PXToolsJavascripts/pexe_layers.js HTTP/1.1" 200 4114
190.171.152.242 - - [02/Apr/2019:16:48:03 -0300] "GET /cormun/static/PXToolsJavascripts/pexe_oav.js HTTP/1.1" 200 645
190.171.152.242 - - [02/Apr/2019:16:48:03 -0300] "GET /cormun/static/PXToolsJavascripts/pexe_oavdivfix.js HTTP/1.1" 200 639
190.171.152.242 - - [02/Apr/2019:16:48:03 -0300] "GET /cormun/static/PXToolsJavascripts/pexe_picture.js HTTP/1.1" 200 689
190.171.152.242 - - [02/Apr/2019:16:48:03 -0300] "GET /cormun/static/Shared/jqueryui/jquery-ui.min.css?1245370 HTTP/1.1" 200 30288
190.171.152.242 - - [02/Apr/2019:16:48:03 -0300] "GET /cormun/static/Resources/Spanish/PXTools.css?11423723 HTTP/1.1" 200 89042
190.171.152.242 - - [02/Apr/2019:16:48:03 -0300] "GET /cormun/static/PXToolsJavascripts/pexe_scrolldiv.js HTTP/1.1" 200 4138
190.171.152.242 - - [02/Apr/2019:16:48:03 -0300] "GET /cormun/static/PXToolsJavascripts/pexe_popup.js HTTP/1.1" 200 13458
190.171.152.242 - - [02/Apr/2019:16:48:03 -0300] "GET /cormun/static/PXToolsJavascripts/pexe_tabdivfix.js HTTP/1.1" 200 876
190.171.152.242 - - [02/Apr/2019:16:48:03 -0300] "GET /cormun/static/PXToolsJavascripts/pexe_tabs.js HTTP/1.1" 200 3748
190.171.152.242 - - [02/Apr/2019:16:48:03 -0300] "GET /cormun/static/PXToolsJavascripts/pexe_upload.js HTTP/1.1" 200 1423
190.171.152.242 - - [02/Apr/2019:16:48:03 -0300] "GET /cormun/static/PXToolsJavascripts/PXToolsJavascriptsRender.js HTTP/1.1" 200 367
190.171.152.242 - - [02/Apr/2019:16:48:03 -0300] "GET /cormun/static/Resources/logo4.png HTTP/1.1" 200 6582
190.171.152.242 - - [02/Apr/2019:16:48:03 -0300] "GET /cormun/static/Resources/PXToolsHeaderActionsLeft.png HTTP/1.1" 200 1118
190.171.152.242 - - [02/Apr/2019:16:48:03 -0300] "GET /cormun/static/RunJS/RunJS.js HTTP/1.1" 200 288
190.171.152.242 - - [02/Apr/2019:16:48:04 -0300] "GET /cormun/static/gxui/gxui-all.js HTTP/1.1" 200 107772
190.171.152.242 - - [02/Apr/2019:16:48:04 -0300] "GET /cormun/static/Shared/ext/locale/ext-lang-en.js HTTP/1.1" 200 10940
190.171.152.242 - - [02/Apr/2019:16:48:04 -0300] "GET /cormun/static/hpexe_recentlink.js?20177611595044 HTTP/1.1" 200 2144
190.171.152.242 - - [02/Apr/2019:16:48:04 -0300] "GET /cormun/static/hwchdr01.js?201752511465785 HTTP/1.1" 200 1183
190.171.152.242 - - [02/Apr/2019:16:48:04 -0300] "GET /cormun/static/hpexe_messagecontroller.js?20177611595012 HTTP/1.1" 200 870
190.171.152.242 - - [02/Apr/2019:16:48:04 -0300] "GET /cormun/static/hpexe_scripts.js?201752511465715 HTTP/1.1" 200 1544
190.171.152.242 - - [02/Apr/2019:16:48:04 -0300] "GET /cormun/static/Resources/PXToolsHeaderPreferences.png HTTP/1.1" 200 4189
190.171.152.242 - - [02/Apr/2019:16:48:04 -0300] "GET /cormun/static/Resources/PXToolsHeaderBackground2.png HTTP/1.1" 200 1174
190.171.152.242 - - [02/Apr/2019:16:48:04 -0300] "GET /cormun/static/Resources/PXToolsHeaderHome.png HTTP/1.1" 200 4147
190.171.152.242 - - [02/Apr/2019:16:48:04 -0300] "GET /cormun/static/Resources/PXToolsFooterBackground2.png HTTP/1.1" 200 1172
190.171.152.242 - - [02/Apr/2019:16:48:04 -0300] "GET /cormun/static/Resources/PXToolsHeaderActionsRight.png HTTP/1.1" 200 1201
190.171.152.242 - - [02/Apr/2019:16:48:04 -0300] "GET /cormun/static/Resources/PXToolsHeaderActionsBackground.png HTTP/1.1" 200 484
190.171.152.242 - - [02/Apr/2019:16:48:04 -0300] "GET /cormun/static/Resources/PXToolsDataTitle.png HTTP/1.1" 200 1173
190.171.152.242 - - [02/Apr/2019:16:48:04 -0300] "GET /cormun/static/Resources/PXToolsHeaderLogin.png HTTP/1.1" 200 4279
190.171.152.242 - - [02/Apr/2019:16:48:04 -0300] "GET /cormun/static/hhome.js?20175251212450 HTTP/1.1" 200 777
190.171.152.242 - - [02/Apr/2019:16:48:04 -0300] "GET /cormun/static/Resources/PXToolsHeaderSecurity.png HTTP/1.1" 200 4166
190.171.152.242 - - [02/Apr/2019:16:48:04 -0300] "GET /cormun/static/hpexe_messagepopupcomponent.js?20161017169425 HTTP/1.1" 200 605
190.171.152.242 - - [02/Apr/2019:16:48:04 -0300] "GET /cormun/static/cmcontrolpreferences.js?201752511465670 HTTP/1.1" 200 1375
190.171.152.242 - - [02/Apr/2019:16:48:04 -0300] "GET /cormun/static/hpexe_messagegenexuscomponent.js?201752511465344 HTTP/1.1" 200 587
190.171.152.242 - - [02/Apr/2019:16:48:04 -0300] "GET /cormun/static/Shared/jquery/jquery-1.4.2.min.js HTTP/1.1" 200 72174
190.171.152.242 - - [02/Apr/2019:16:48:05 -0300] "GET /cormun/static/SmoothNavMenu/resources/SmoothNavMenuRender.js HTTP/1.1" 200 5951
190.171.152.242 - - [02/Apr/2019:16:48:05 -0300] "GET /cormun/static/SmoothNavMenu/resources/ddsmoothmenu.js HTTP/1.1" 200 12712
190.171.152.242 - - [02/Apr/2019:16:48:05 -0300] "GET /cormun/static/scaMessage/js/jquery.pnotify.min.js HTTP/1.1" 200 13038
190.171.152.242 - - [02/Apr/2019:16:48:05 -0300] "GET /cormun/static/scaMessage/scaMessageRender.js HTTP/1.1" 200 11977
190.171.152.242 - - [02/Apr/2019:16:48:05 -0300] "GET /cormun/static/hmpwkw03.js?20189613443875 HTTP/1.1" 200 3965
190.171.152.242 - - [02/Apr/2019:16:48:05 -0300] "GET /cormun/static/Shared/jqueryui/jquery-ui.min.js HTTP/1.1" 200 240427
190.171.152.242 - - [02/Apr/2019:16:48:05 -0300] "GET /cormun/static/Shared/ext/ext-all.js HTTP/1.1" 200 1289687
190.171.152.242 - - [02/Apr/2019:16:48:06 -0300] "GET /cormun/static/Shared/jquery/jquery-1.10.2.min.js HTTP/1.1" 200 273199
190.171.152.242 - - [02/Apr/2019:16:48:06 -0300] "GET /cormun/servlet/hhome HTTP/1.1" 200 4063
190.171.152.242 - - [02/Apr/2019:16:48:06 -0300] "GET /cormun/static/SmoothNavMenu/resources/images/down.gif HTTP/1.1" 200 854
190.171.152.242 - - [02/Apr/2019:16:48:17 -0300] "GET /cormun/servlet/trpermisosgoce? HTTP/1.1" 200 8865
190.171.152.242 - - [02/Apr/2019:16:48:17 -0300] "GET /cormun/static/calendar-system.css?75620 HTTP/1.1" 200 5572
190.171.152.242 - - [02/Apr/2019:16:48:17 -0300] "GET /cormun/static/gxui/gxui-all.css?110300 HTTP/1.1" 200 2179
190.171.152.242 - - [02/Apr/2019:16:48:17 -0300] "GET /cormun/static/calendar.js?85251 HTTP/1.1" 200 26246
190.171.152.242 - - [02/Apr/2019:16:48:17 -0300] "GET /cormun/static/calendar-setup.js?85251 HTTP/1.1" 200 2588
190.171.152.242 - - [02/Apr/2019:16:48:17 -0300] "GET /cormun/static/Resources/PXTools/calendar.png HTTP/1.1" 200 1306
190.171.152.242 - - [02/Apr/2019:16:48:18 -0300] "GET /cormun/static/gxdec.js?85251 HTTP/1.1" 200 19579
190.171.152.242 - - [02/Apr/2019:16:48:18 -0300] "GET /cormun/static/gxcfg.js?20177612163875 HTTP/1.1" 200 953
190.171.152.242 - - [02/Apr/2019:16:48:18 -0300] "GET /cormun/static/calendar-es.js?85251 HTTP/1.1" 200 1901
190.171.152.242 - - [02/Apr/2019:16:48:18 -0300] "GET /cormun/static/trpermisosgoce.js?20177612164335 HTTP/1.1" 200 35904
190.171.152.242 - - [02/Apr/2019:16:48:18 -0300] "GET /cormun/static/Resources/PXToolsDataSearch.png HTTP/1.1" 200 419
190.171.152.242 - - [02/Apr/2019:16:48:18 -0300] "GET /cormun/static/Resources/PXToolsGridFirstDisabled.gif HTTP/1.1" 200 100
190.171.152.242 - - [02/Apr/2019:16:48:18 -0300] "GET /cormun/static/Shared/ext/resources/css/ext-all.css?205870 HTTP/1.1" 200 416045
190.171.152.242 - - [02/Apr/2019:16:48:18 -0300] "GET /cormun/static/Resources/PXToolsGridPreviousDisabled.gif HTTP/1.1" 200 90
190.171.152.242 - - [02/Apr/2019:16:48:18 -0300] "GET /cormun/static/Resources/PXToolsGridNextDisabled.gif HTTP/1.1" 200 90
190.171.152.242 - - [02/Apr/2019:16:48:18 -0300] "GET /cormun/static/Resources/PXToolsGridLastDisabled.gif HTTP/1.1" 200 98
190.171.152.242 - - [02/Apr/2019:16:48:18 -0300] "GET /cormun/static/Resources/PXToolsGridPage.gif HTTP/1.1" 200 725
190.171.152.242 - - [02/Apr/2019:16:48:18 -0300] "GET /cormun/static/Resources/PXToolsGridNew.png HTTP/1.1" 200 2949
190.171.152.242 - - [02/Apr/2019:16:48:18 -0300] "GET /cormun/static/Resources/PXToolsActionExcel.png HTTP/1.1" 200 3187
190.171.152.242 - - [02/Apr/2019:16:48:19 -0300] "GET /cormun/static/Resources/asc.gif HTTP/1.1" 200 67
190.171.152.242 - - [02/Apr/2019:16:48:19 -0300] "GET /cormun//static/Resources/PXToolsGridUpdate.png HTTP/1.1" 200 2984
190.171.152.242 - - [02/Apr/2019:16:48:19 -0300] "GET /cormun//static/Resources/PXToolsGridDisplay.png HTTP/1.1" 200 362
190.171.152.242 - - [02/Apr/2019:16:48:19 -0300] "GET /cormun/static/Resources/desc.gif HTTP/1.1" 200 65
190.171.152.242 - - [02/Apr/2019:16:48:19 -0300] "GET /cormun/servlet/trpermisosgoce? HTTP/1.1" 200 8863
190.171.152.242 - - [02/Apr/2019:16:48:19 -0300] "GET /cormun//static/Resources/PXToolsActionPrint.png HTTP/1.1" 200 3317
190.171.152.242 - - [02/Apr/2019:16:48:19 -0300] "GET /cormun//static/Resources/PXToolsGridDelete.png HTTP/1.1" 200 357
190.171.152.242 - - [02/Apr/2019:16:48:19 -0300] "GET /cormun/static/Shared/ext/resources/themes/images/default/panel/bg-headersPanel.png HTTP/1.1" 200 255
190.171.152.242 - - [02/Apr/2019:16:48:19 -0300] "GET /cormun/static/Shared/ext/resources/themes/images/default/tools/tool-sprites.gif HTTP/1.1" 200 5434
190.171.152.242 - - [02/Apr/2019:16:48:19 -0300] "GET /cormun//static/Resources/PXTools/ActionInsert.png HTTP/1.1" 200 1482
190.171.152.242 - - [02/Apr/2019:16:48:19 -0300] "GET /cormun//static/Resources/PXToolsHeaderFavorites.png HTTP/1.1" 200 2744
190.171.152.242 - - [02/Apr/2019:16:48:19 -0300] "GET /cormun//static/Resources/PXToolsHeaderHelp.png HTTP/1.1" 200 4055
190.171.154.42 - - [02/Apr/2019:16:48:27 -0300] "GET /cormun/servlet/solicitudot?INS,0,0, HTTP/1.1" 200 15198
190.171.154.42 - - [02/Apr/2019:16:48:29 -0300] "GET /cormun/servlet/solicitudot?INS,0,0, HTTP/1.1" 200 15203
190.171.152.242 - - [02/Apr/2019:16:48:31 -0300] "GET /cormun/servlet/trpermisosgoce? HTTP/1.1" 200 8865
190.171.152.242 - - [02/Apr/2019:16:48:31 -0300] "GET /cormun/servlet/trpermisosgoce? HTTP/1.1" 200 8863
190.171.152.242 - - [02/Apr/2019:16:48:34 -0300] "GET /cormun/servlet/permisogoce?INS,0,,, HTTP/1.1" 200 6904
190.171.152.242 - - [02/Apr/2019:16:48:34 -0300] "GET /cormun/static/gxcfg.js?201776126440 HTTP/1.1" 200 953
190.171.152.242 - - [02/Apr/2019:16:48:34 -0300] "GET /cormun/static/Resources/prompt.gif HTTP/1.1" 200 902
190.171.152.242 - - [02/Apr/2019:16:48:34 -0300] "GET /cormun/static/permisogoce.js?2017761264459 HTTP/1.1" 200 27897
190.171.152.242 - - [02/Apr/2019:16:48:34 -0300] "GET /cormun/servlet/permisogoce?INS,0,,, HTTP/1.1" 200 6903
190.171.152.242 - - [02/Apr/2019:16:48:36 -0300] "GET /cormun/static/Resources/resize.gif HTTP/1.1" 200 77
190.171.152.242 - - [02/Apr/2019:16:48:37 -0300] "GET /cormun/servlet/prfichaempleado?,MD,,gxPopupLevel%3D0%3B HTTP/1.1" 200 9369
190.171.152.242 - - [02/Apr/2019:16:48:37 -0300] "GET /cormun/static/gxcfg.js?20177612134814 HTTP/1.1" 200 953
190.171.152.242 - - [02/Apr/2019:16:48:37 -0300] "GET /cormun/static/Resources/PXToolsMenuSearch.png HTTP/1.1" 200 2914
190.171.152.242 - - [02/Apr/2019:16:48:37 -0300] "GET /cormun/static/Resources/PXToolsMenuSearchCancel.png HTTP/1.1" 200 2972
190.171.152.242 - - [02/Apr/2019:16:48:37 -0300] "GET /cormun/static/menusearch.js?201610171694467 HTTP/1.1" 200 1424
190.171.152.242 - - [02/Apr/2019:16:48:37 -0300] "GET /cormun/static/prfichaempleado.js?20177612134999 HTTP/1.1" 200 16006
190.171.152.242 - - [02/Apr/2019:16:48:37 -0300] "GET /cormun/static/hmpwkw011.js?20177612121862 HTTP/1.1" 200 1968
190.171.141.106 - - [02/Apr/2019:16:48:53 -0300] "GET /cormun/servlet/solicitudot?2b4890bd1f9ed913ef180141bb24e08a50065e4fea03e2967beb00aaf10f5a8fbb4a4dfdc630b107b92f924eda0fdb70f7285043c6a1b9963c6829735e2eef79,gx-no-cache=1554234309653 HTTP/1.1" 200 30
190.171.152.242 - - [02/Apr/2019:16:48:53 -0300] "POST /cormun/servlet/prfichaempleado?297dbbf4c1c95bdfd8d5501d863ae937,,MD,,gxPopupLevel%3D0%3B,gx-no-cache=1554234311304 HTTP/1.1" 200 3424
190.171.141.106 - - [02/Apr/2019:16:48:53 -0300] "GET /cormun/servlet/solicitudot?2b4890bd1f9ed913ef180141bb24e08af7510a9da5ba871cbe4da71424153ff7bf7305b48fcd0293d07dd5b869d2c45924402e28a8338cec95d095a6b22123d27cf71ba43cdb1fb836029880587be332bb2b496fa4a62f3209fe25b1a4824075f735b92cd3b8f2f54357a31bcfdbfeb05fbdf8868188cd27eb1a64a154cdc4a7d8024a421df1b7a11cf5dd0b7fa7ee31f49d4e76ed9b91a75ec4767e7188a3cdbf1ba214685a9c6b19263361cabeeacad5a4d75d98456541fc9ae21e598284ef08853d13b942530be93bb23eead77afd8cc787cec61e1968bd687791326b6c8d2620bac070686e6f720c750f39c4271228ca5569b95b35994be8289b04431e42d43aa159f586919c0a25dcae7b80ef6ef2d3591bdf7415cc0b7ca1270ab1625deb39f35a42ceba3b73b6ce6d0440245d34a412a4e2f9e1dfc80e0a842af23a98e52f8f4230fe8de73d60f8927476fd46e213ed76a5a80ded0375ee9189b811c1c6bb6f53a5f044a3f948f793f901a8cc4a26da78bde9f4988deec53102c1eea1,gx-no-cache=1554234311675 HTTP/1.1" 200 30
190.171.141.106 - - [02/Apr/2019:16:48:53 -0300] "POST /cormun/servlet/solicitudot?gx-no-cache=1554234311813 HTTP/1.1" 200 30
190.171.141.106 - - [02/Apr/2019:16:48:53 -0300] "POST /cormun/servlet/solicitudot?gx-no-cache=1554234311977 HTTP/1.1" 200 1316
190.171.141.106 - - [02/Apr/2019:16:48:53 -0300] "POST /cormun/servlet/solicitudot?gx-no-cache=1554234312246 HTTP/1.1" 200 41
190.171.141.106 - - [02/Apr/2019:16:48:54 -0300] "GET /cormun/servlet/solicitudot?2b4890bd1f9ed913ef180141bb24e08a41bcd7cbe69a00e8e247d2f87e0316971850d2c637f7c6f67cb446ded6a87794473bba48652a6ecdfc9f545949f658e74263e33b3f79c65c98b98b3811f152d113d8ccc247a54a5cf663a4a8ee5e0a3a2ccd497755e1fa29119d0d9bd28bb119,gx-no-cache=1554234312360 HTTP/1.1" 200 110
190.171.141.106 - - [02/Apr/2019:16:48:54 -0300] "POST /cormun/servlet/solicitudot?gx-no-cache=1554234312549 HTTP/1.1" 200 67
190.171.141.106 - - [02/Apr/2019:16:48:54 -0300] "GET /cormun/servlet/solicitudot?2b4890bd1f9ed913ef180141bb24e08aabbc53af715c71320f1580fd14f74e3a8ac655dd361608bb9f19163e5283c924,gx-no-cache=1554234312691 HTTP/1.1" 200 30
190.171.141.106 - - [02/Apr/2019:16:48:54 -0300] "POST /cormun/servlet/solicitudot?gx-no-cache=1554234313134 HTTP/1.1" 200 30
190.171.141.106 - - [02/Apr/2019:16:48:56 -0300] "POST /cormun/servlet/solicitudot?9f9cc2b9112d390b80d3b272dcae1dfb,INS,0,0,,gx-no-cache=1554234313313 HTTP/1.1" 200 93
190.171.141.106 - - [02/Apr/2019:16:48:56 -0300] "GET /cormun/servlet/hpexe_return? HTTP/1.1" 200 1005
190.171.141.106 - - [02/Apr/2019:16:48:57 -0300] "GET /cormun/servlet/trsolicitudot HTTP/1.1" 200 10291
190.171.141.106 - - [02/Apr/2019:16:48:57 -0300] "GET /cormun/servlet/trsolicitudot HTTP/1.1" 200 10286
190.171.152.242 - - [02/Apr/2019:16:49:02 -0300] "GET /cormun/servlet/permisogoce?1e121306f6df300039b3401b09b26309382fe87480b70f7b6541dfd9877a8f97ea5e655810055cb4ad85d9920b24b1853e264f9bdb8ac51f0d798d18b16dd31d,gx-no-cache=1554234320313 HTTP/1.1" 200 75
190.171.152.242 - - [02/Apr/2019:16:49:02 -0300] "GET /cormun/static/menuarrow.gif HTTP/1.1" 404 1015
190.171.152.242 - - [02/Apr/2019:16:49:12 -0300] "GET /cormun/servlet/permisogoce?1e121306f6df300039b3401b09b26309eced68b66553dbe6ba116b707633dca67b5913e7afa82cfff44b7ba644a3409c72c5ea9f25b4d3b8fa656cd8715156b3,gx-no-cache=1554234330366 HTTP/1.1" 200 44
190.171.152.242 - - [02/Apr/2019:16:49:32 -0300] "POST /cormun/servlet/permisogoce?297dbbf4c1c95bdfd8d5501d863ae937,INS,0,,,,gx-no-cache=1554234350184 HTTP/1.1" 200 93
190.171.152.242 - - [02/Apr/2019:16:49:32 -0300] "GET /cormun/servlet/hpexe_return? HTTP/1.1" 200 1009
190.171.152.242 - - [02/Apr/2019:16:49:32 -0300] "GET /cormun/static/gxcfg.js?2016101716175148 HTTP/1.1" 200 953
190.171.152.242 - - [02/Apr/2019:16:49:32 -0300] "GET /cormun/static/Resources/Spanish/PXTools.css?167811 HTTP/1.1" 200 89042
190.171.152.242 - - [02/Apr/2019:16:49:32 -0300] "GET /cormun/static/hpexe_return.js?2016101716175153 HTTP/1.1" 200 1633
190.171.152.242 - - [02/Apr/2019:16:49:32 -0300] "GET /cormun/servlet/trpermisosgoce HTTP/1.1" 200 9113
190.171.152.242 - - [02/Apr/2019:16:49:33 -0300] "GET /cormun/servlet/trpermisosgoce HTTP/1.1" 200 9109
190.171.141.106 - - [02/Apr/2019:16:49:40 -0300] "POST /cormun/servlet/trsolicitudot?9f9cc2b9112d390b80d3b272dcae1dfb,gx-no-cache=1554234357047 HTTP/1.1" 200 106
190.171.141.106 - - [02/Apr/2019:16:49:40 -0300] "GET /cormun/servlet/solicitudot?UPD,2019,15068, HTTP/1.1" 200 15489
190.171.141.106 - - [02/Apr/2019:16:49:41 -0300] "GET /cormun/servlet/solicitudot?UPD,2019,15068, HTTP/1.1" 200 15499
190.171.152.242 - - [02/Apr/2019:16:49:42 -0300] "POST /cormun/servlet/trpermisosgoce?297dbbf4c1c95bdfd8d5501d863ae937,gx-no-cache=1554234358187 HTTP/1.1" 200 6020
190.171.141.106 - - [02/Apr/2019:16:49:42 -0300] "POST /cormun/servlet/solicitudot?gx-no-cache=1554234360543 HTTP/1.1" 200 3571
190.171.152.242 - - [02/Apr/2019:16:49:42 -0300] "POST /cormun/servlet/trpermisosgoce?297dbbf4c1c95bdfd8d5501d863ae937,gx-no-cache=1554234360446 HTTP/1.1" 200 5999
190.171.141.106 - - [02/Apr/2019:16:49:42 -0300] "POST /cormun/servlet/solicitudot?9f9cc2b9112d390b80d3b272dcae1dfb,UPD,2019,15068,,gx-no-cache=1554234360945 HTTP/1.1" 200 11903
190.171.141.106 - - [02/Apr/2019:16:49:42 -0300] "GET /cormun/servlet/solicitudot?2b4890bd1f9ed913ef180141bb24e08a78c43e864ecc316f257e2d716af87695099e910218eded17f19f97ff18d1bf5c,gx-no-cache=1554234361202 HTTP/1.1" 200 30
190.171.141.106 - - [02/Apr/2019:16:49:42 -0300] "GET /cormun/servlet/solicitudot?2b4890bd1f9ed913ef180141bb24e08a55edc39faef113b683cf8ae98cc39248b8613f9f9115739c6a66c9eb5e9a64b41b62bd6cacdd91f5c885b738f9e3431a,gx-no-cache=1554234361292 HTTP/1.1" 200 30
190.171.141.106 - - [02/Apr/2019:16:49:42 -0300] "GET /cormun/servlet/solicitudot?2b4890bd1f9ed913ef180141bb24e08a96fb270091dbe13de3d76e79b77d49b38b1f18cb77abff53817c6fc692cdf9e04512755db8ae8597e88decb95cf85b82,gx-no-cache=1554234361336 HTTP/1.1" 200 53
190.171.141.106 - - [02/Apr/2019:16:49:42 -0300] "POST /cormun/servlet/solicitudot?gx-no-cache=1554234361367 HTTP/1.1" 200 297
190.171.141.106 - - [02/Apr/2019:16:49:42 -0300] "GET /cormun/servlet/solicitudot?2b4890bd1f9ed913ef180141bb24e08af7510a9da5ba871cbe4da71424153ff78d79c391b4aa2c7d9fd58d0acf18f87f24402e28a8338cec95d095a6b22123d27cf71ba43cdb1fb836029880587be332bb2b496fa4a62f3209fe25b1a4824075f735b92cd3b8f2f54357a31bcfdbfeb05fbdf8868188cd27eb1a64a154cdc4a7d8024a421df1b7a11cf5dd0b7fa7ee31f49d4e76ed9b91a75ec4767e7188a3cdbf1ba214685a9c6b19263361cabeeacad5a4d75d98456541fc9ae21e598284ef08853d13b942530be93bb23eead77afd8cc787cec61e1968bd687791326b6c8d2620bac070686e6f720c750f39c42712a17b53811c58c438f0f66ed049795000d43aa159f586919c0a25dcae7b80ef6ee0478456f8e0c2e40fc79768e3504eadb4a4479440c638701796a4b46095e5c8d6a83e53b904f232ce286ce1e3528e7c0a0b3d8ce5d996f56a43d151c9744b0523892dc484f662ad7bca17705c6f9530597ca13a6d19809870d9f7f8e0f30155c03bfd905f77fd4ea8b8c9653e38ef25488f44c29e0630cdb56ddf3a6fbeabb2,gx-no-cache=1554234361407 HTTP/1.1" 200 30
190.171.141.106 - - [02/Apr/2019:16:49:42 -0300] "POST /cormun/servlet/solicitudot?gx-no-cache=1554234361436 HTTP/1.1" 200 30
190.171.141.106 - - [02/Apr/2019:16:49:43 -0300] "POST /cormun/servlet/solicitudot?gx-no-cache=1554234361471 HTTP/1.1" 200 1316
190.171.141.106 - - [02/Apr/2019:16:49:43 -0300] "POST /cormun/servlet/solicitudot?gx-no-cache=1554234361537 HTTP/1.1" 200 41
190.171.152.242 - - [02/Apr/2019:16:49:44 -0300] "GET /cormun/servlet/permisogoce?INS,0,,, HTTP/1.1" 200 6904
190.171.152.242 - - [02/Apr/2019:16:49:45 -0300] "GET /cormun/servlet/permisogoce?INS,0,,, HTTP/1.1" 200 6904
190.171.152.242 - - [02/Apr/2019:16:49:47 -0300] "GET /cormun/servlet/prfichaempleado?,MD,,gxPopupLevel%3D0%3B HTTP/1.1" 200 9369
190.171.152.242 - - [02/Apr/2019:16:50:01 -0300] "POST /cormun/servlet/prfichaempleado?297dbbf4c1c95bdfd8d5501d863ae937,,MD,,gxPopupLevel%3D0%3B,gx-no-cache=1554234379304 HTTP/1.1" 200 3424
190.171.152.242 - - [02/Apr/2019:16:50:10 -0300] "GET /cormun/servlet/permisogoce?1e121306f6df300039b3401b09b26309382fe87480b70f7b6541dfd9877a8f97ea5e655810055cb4ad85d9920b24b1853e264f9bdb8ac51f0d798d18b16dd31d,gx-no-cache=1554234388744 HTTP/1.1" 200 75
190.171.152.242 - - [02/Apr/2019:16:50:10 -0300] "GET /cormun/static/menuarrow.gif HTTP/1.1" 404 1015
190.171.152.242 - - [02/Apr/2019:16:50:16 -0300] "GET /cormun/servlet/permisogoce?1e121306f6df300039b3401b09b26309eced68b66553dbe6ba116b707633dca67b5913e7afa82cfff44b7ba644a3409c72c5ea9f25b4d3b8fa656cd8715156b3,gx-no-cache=1554234395166 HTTP/1.1" 200 44
190.171.141.106 - - [02/Apr/2019:16:50:18 -0300] "GET /cormun/servlet/solicitudot?2b4890bd1f9ed913ef180141bb24e08a41bcd7cbe69a00e8e247d2f87e0316971850d2c637f7c6f67cb446ded6a87794473bba48652a6ecdfc9f545949f658e74263e33b3f79c65c98b98b3811f152d113d8ccc247a54a5cf663a4a8ee5e0a3a2ccd497755e1fa29119d0d9bd28bb119,gx-no-cache=1554234396726 HTTP/1.1" 200 110
190.171.141.106 - - [02/Apr/2019:16:50:24 -0300] "POST /cormun/servlet/solicitudot?gx-no-cache=1554234403098 HTTP/1.1" 200 72
190.171.141.106 - - [02/Apr/2019:16:50:33 -0300] "GET /cormun/servlet/solicitudot?2b4890bd1f9ed913ef180141bb24e08a58b1ecef3e02917a592839b9d91ffa7fb004f9c10daaeec374fff1ba1a3c1357fbc1fc3602898d13568b948b66e3b41b8731a649681135291a103dd240f40f25f5c1c73dbcf82b7997b6b82a0b17095bc5f679772a26a04da84383ce945e4ca8,gx-no-cache=1554234411500 HTTP/1.1" 200 29
190.171.141.106 - - [02/Apr/2019:16:50:33 -0300] "GET /cormun/servlet/solicitudot?2b4890bd1f9ed913ef180141bb24e08aabbc53af715c71320f1580fd14f74e3a8ac655dd361608bb9f19163e5283c924,gx-no-cache=1554234411755 HTTP/1.1" 200 30
190.171.141.106 - - [02/Apr/2019:16:50:33 -0300] "POST /cormun/servlet/solicitudot?gx-no-cache=1554234411886 HTTP/1.1" 200 30
190.171.152.242 - - [02/Apr/2019:16:50:40 -0300] "POST /cormun/servlet/permisogoce?297dbbf4c1c95bdfd8d5501d863ae937,INS,0,,,,gx-no-cache=1554234417304 HTTP/1.1" 200 93
190.171.152.242 - - [02/Apr/2019:16:50:41 -0300] "GET /cormun/servlet/hpexe_return? HTTP/1.1" 200 1031
190.171.152.242 - - [02/Apr/2019:16:50:41 -0300] "GET /cormun/servlet/trpermisosgoce?gx-no-cache=1554234360446 HTTP/1.1" 200 9117
190.171.152.242 - - [02/Apr/2019:16:50:41 -0300] "GET /cormun/servlet/trpermisosgoce?gx-no-cache=1554234360446 HTTP/1.1" 200 9136
190.171.152.242 - - [02/Apr/2019:16:50:44 -0300] "GET /cormun/servlet/apermisogoceprn?13302901,P,20190402184305,PU HTTP/1.1" 200 1660
190.171.154.42 - - [02/Apr/2019:16:50:56 -0300] "POST /cormun/servlet/solicitudot?gx-no-cache=1554234432519 HTTP/1.1" 200 3508
190.171.154.42 - - [02/Apr/2019:16:50:56 -0300] "GET /cormun/static/Shared/jqueryui/images/ui-bg_highlight-soft_100_c6c2c8_1x100.png HTTP/1.1" 404 1117
190.171.154.42 - - [02/Apr/2019:16:50:57 -0300] "GET /cormun/static/Shared/jqueryui/images/ui-icons_82798d_256x240.png HTTP/1.1" 404 1089
190.171.154.42 - - [02/Apr/2019:16:50:57 -0300] "GET /cormun/static/Shared/jqueryui/images/ui-bg_flat_55_994d53_40x100.png HTTP/1.1" 404 1097
190.171.154.42 - - [02/Apr/2019:16:50:57 -0300] "GET /cormun/servlet/solicitudot?4157eb2095921d58658126d53618b2886f605d3d857b5261491e5abbf34cf321,gx-no-cache=1554234433279 HTTP/1.1" 200 111
190.171.154.42 - - [02/Apr/2019:16:50:57 -0300] "GET /cormun/static/Shared/jqueryui/images/ui-icons_ebccce_256x240.png HTTP/1.1" 404 1089
192.168.10.96 - - [02/Apr/2019:16:51:14 -0300] "GET /cormun/servlet/hlogin HTTP/1.1" 200 1738
192.168.10.96 - - [02/Apr/2019:16:51:37 -0300] "POST /cormun/servlet/hlogin?5c3b2b1dc2cc16e2998cdc4dfeac0dc0,gx-no-cache=1554241497846 HTTP/1.1" 200 455
192.168.10.96 - - [02/Apr/2019:16:51:43 -0300] "POST /cormun/servlet/hlogin?5c3b2b1dc2cc16e2998cdc4dfeac0dc0,gx-no-cache=1554241503875 HTTP/1.1" 200 455
190.171.141.106 - - [02/Apr/2019:16:51:45 -0300] "POST /cormun/servlet/solicitudot?9f9cc2b9112d390b80d3b272dcae1dfb,UPD,2019,15068,,gx-no-cache=1554234482787 HTTP/1.1" 200 93
190.171.141.106 - - [02/Apr/2019:16:51:45 -0300] "GET /cormun/servlet/hpexe_return? HTTP/1.1" 200 1012
190.171.141.106 - - [02/Apr/2019:16:51:46 -0300] "GET /cormun/servlet/trsolicitudot HTTP/1.1" 200 10314
190.171.141.106 - - [02/Apr/2019:16:51:47 -0300] "GET /cormun/servlet/trsolicitudot HTTP/1.1" 200 10310
192.168.10.96 - - [02/Apr/2019:16:51:48 -0300] "POST /cormun/servlet/hlogin?5c3b2b1dc2cc16e2998cdc4dfeac0dc0,gx-no-cache=1554241509107 HTTP/1.1" 200 455
190.171.154.42 - - [02/Apr/2019:16:51:51 -0300] "POST /cormun/servlet/solicitudot?gx-no-cache=1554234487898 HTTP/1.1" 200 3455
190.171.152.242 - - [02/Apr/2019:16:51:53 -0300] "GET /cormun/servlet/hlogin HTTP/1.1" 200 1759
190.171.154.42 - - [02/Apr/2019:16:51:53 -0300] "POST /cormun/servlet/solicitudot?6e66e8746178442451f4021c5517d882,INS,0,0,,gx-no-cache=1554234488350 HTTP/1.1" 200 11890
190.171.154.42 - - [02/Apr/2019:16:51:54 -0300] "GET /cormun/servlet/prfichaempleado?,MD,,gxPopupLevel%3D0%3B HTTP/1.1" 200 9417
190.171.154.42 - - [02/Apr/2019:16:52:05 -0300] "GET /cormun/servlet/solicitudot?4157eb2095921d58658126d53618b2886b119350aac38eeb493766b64a000b2a3dada1a71a869c1017447b386b3799ca,gx-no-cache=1554234501922 HTTP/1.1" 200 111
190.171.141.106 - - [02/Apr/2019:16:52:12 -0300] "POST /cormun/servlet/trsolicitudot?9f9cc2b9112d390b80d3b272dcae1dfb,gx-no-cache=1554234510418 HTTP/1.1" 200 106
190.171.141.106 - - [02/Apr/2019:16:52:12 -0300] "GET /cormun/servlet/solicitudot?UPD,2019,15068, HTTP/1.1" 200 15555
190.171.141.106 - - [02/Apr/2019:16:52:13 -0300] "GET /cormun/servlet/solicitudot?UPD,2019,15068, HTTP/1.1" 200 15564
190.171.141.106 - - [02/Apr/2019:16:52:14 -0300] "POST /cormun/servlet/solicitudot?gx-no-cache=1554234512408 HTTP/1.1" 200 3571
190.171.141.106 - - [02/Apr/2019:16:52:15 -0300] "POST /cormun/servlet/solicitudot?9f9cc2b9112d390b80d3b272dcae1dfb,UPD,2019,15068,,gx-no-cache=1554234513312 HTTP/1.1" 200 11905
190.171.141.106 - - [02/Apr/2019:16:52:16 -0300] "GET /cormun/servlet/solicitudot?2b4890bd1f9ed913ef180141bb24e08a78c43e864ecc316f257e2d716af87695099e910218eded17f19f97ff18d1bf5c,gx-no-cache=1554234514407 HTTP/1.1" 200 30
190.171.141.106 - - [02/Apr/2019:16:52:16 -0300] "GET /cormun/servlet/solicitudot?2b4890bd1f9ed913ef180141bb24e08a55edc39faef113b683cf8ae98cc39248b8613f9f9115739c6a66c9eb5e9a64b41b62bd6cacdd91f5c885b738f9e3431a,gx-no-cache=1554234514577 HTTP/1.1" 200 30
190.171.141.106 - - [02/Apr/2019:16:52:16 -0300] "GET /cormun/servlet/solicitudot?2b4890bd1f9ed913ef180141bb24e08a96fb270091dbe13de3d76e79b77d49b38b1f18cb77abff53817c6fc692cdf9e04512755db8ae8597e88decb95cf85b82,gx-no-cache=1554234515019 HTTP/1.1" 200 53
190.171.141.106 - - [02/Apr/2019:16:52:16 -0300] "POST /cormun/servlet/solicitudot?gx-no-cache=1554234515165 HTTP/1.1" 200 297
190.171.141.106 - - [02/Apr/2019:16:52:16 -0300] "GET /cormun/servlet/solicitudot?2b4890bd1f9ed913ef180141bb24e08af7510a9da5ba871cbe4da71424153ff78d79c391b4aa2c7d9fd58d0acf18f87f24402e28a8338cec95d095a6b22123d27cf71ba43cdb1fb836029880587be332bb2b496fa4a62f3209fe25b1a4824075f735b92cd3b8f2f54357a31bcfdbfeb05fbdf8868188cd27eb1a64a154cdc4a7d8024a421df1b7a11cf5dd0b7fa7ee31f49d4e76ed9b91a75ec4767e7188a3cdbf1ba214685a9c6b19263361cabeeacad5a4d75d98456541fc9ae21e598284ef08853d13b942530be93bb23eead77afd8cc787cec61e1968bd687791326b6c8d2620bac070686e6f720c750f39c42712a17b53811c58c438f0f66ed049795000d43aa159f586919c0a25dcae7b80ef6ee0478456f8e0c2e40fc79768e3504eadb4a4479440c638701796a4b46095e5c8d6a83e53b904f232ce286ce1e3528e7c0a0b3d8ce5d996f56a43d151c9744b0523892dc484f662ad7bca17705c6f9530597ca13a6d19809870d9f7f8e0f30155c03bfd905f77fd4ea8b8c9653e38ef25488f44c29e0630cdb56ddf3a6fbeabb2,gx-no-cache=1554234515331 HTTP/1.1" 200 30
190.171.141.106 - - [02/Apr/2019:16:52:17 -0300] "POST /cormun/servlet/solicitudot?gx-no-cache=1554234515470 HTTP/1.1" 200 30
190.171.141.106 - - [02/Apr/2019:16:52:17 -0300] "POST /cormun/servlet/solicitudot?gx-no-cache=1554234515650 HTTP/1.1" 200 1315
192.168.10.96 - - [02/Apr/2019:16:52:17 -0300] "POST /cormun/servlet/hlogin?5c3b2b1dc2cc16e2998cdc4dfeac0dc0,gx-no-cache=1554241537780 HTTP/1.1" 200 455
190.171.141.106 - - [02/Apr/2019:16:52:17 -0300] "POST /cormun/servlet/solicitudot?gx-no-cache=1554234515905 HTTP/1.1" 200 41
192.168.10.96 - - [02/Apr/2019:16:52:22 -0300] "POST /cormun/servlet/hlogin?5c3b2b1dc2cc16e2998cdc4dfeac0dc0,gx-no-cache=1554241542651 HTTP/1.1" 200 455
190.171.141.106 - - [02/Apr/2019:16:52:34 -0300] "GET /cormun/servlet/solicitudot?2b4890bd1f9ed913ef180141bb24e08a41bcd7cbe69a00e8e247d2f87e0316971850d2c637f7c6f67cb446ded6a87794473bba48652a6ecdfc9f545949f658e74263e33b3f79c65c98b98b3811f152d113d8ccc247a54a5cf663a4a8ee5e0a3a2ccd497755e1fa29119d0d9bd28bb119,gx-no-cache=1554234533224 HTTP/1.1" 200 110
190.171.141.106 - - [02/Apr/2019:16:52:35 -0300] "POST /cormun/servlet/solicitudot?gx-no-cache=1554234533483 HTTP/1.1" 200 64
190.171.141.106 - - [02/Apr/2019:16:52:35 -0300] "GET /cormun/servlet/solicitudot?2b4890bd1f9ed913ef180141bb24e08a58b1ecef3e02917a592839b9d91ffa7fb004f9c10daaeec374fff1ba1a3c1357fbc1fc3602898d13568b948b66e3b41b8731a649681135291a103dd240f40f25f5c1c73dbcf82b7997b6b82a0b17095bc5f679772a26a04da84383ce945e4ca8,gx-no-cache=1554234533740 HTTP/1.1" 200 29
190.171.141.106 - - [02/Apr/2019:16:52:35 -0300] "GET /cormun/servlet/solicitudot?2b4890bd1f9ed913ef180141bb24e08aabbc53af715c71320f1580fd14f74e3a8ac655dd361608bb9f19163e5283c924,gx-no-cache=1554234533875 HTTP/1.1" 200 30
190.171.141.106 - - [02/Apr/2019:16:52:36 -0300] "POST /cormun/servlet/solicitudot?gx-no-cache=1554234534018 HTTP/1.1" 200 30
190.171.141.106 - - [02/Apr/2019:16:52:36 -0300] "POST /cormun/servlet/solicitudot?9f9cc2b9112d390b80d3b272dcae1dfb,UPD,2019,15068,,gx-no-cache=1554234534640 HTTP/1.1" 200 93
190.171.141.106 - - [02/Apr/2019:16:52:36 -0300] "GET /cormun/servlet/hpexe_return? HTTP/1.1" 200 1012
190.171.141.106 - - [02/Apr/2019:16:52:37 -0300] "GET /cormun/servlet/trsolicitudot HTTP/1.1" 200 10314
190.171.141.106 - - [02/Apr/2019:16:52:38 -0300] "GET /cormun/servlet/trsolicitudot HTTP/1.1" 200 10310
192.168.10.96 - - [02/Apr/2019:16:52:40 -0300] "POST /cormun/servlet/hlogin?5c3b2b1dc2cc16e2998cdc4dfeac0dc0,gx-no-cache=1554241560379 HTTP/1.1" 200 454
192.168.10.96 - - [02/Apr/2019:16:52:46 -0300] "POST /cormun/servlet/hlogin?5c3b2b1dc2cc16e2998cdc4dfeac0dc0,gx-no-cache=1554241566443 HTTP/1.1" 200 90
192.168.10.96 - - [02/Apr/2019:16:52:46 -0300] "GET /cormun/servlet/hpexe_link HTTP/1.1" 200 954
192.168.10.96 - - [02/Apr/2019:16:52:46 -0300] "GET /cormun/servlet/trsolicitudgral? HTTP/1.1" 200 13923
192.168.10.96 - - [02/Apr/2019:16:52:47 -0300] "GET /cormun/servlet/trsolicitudgral? HTTP/1.1" 200 13922
190.171.141.106 - - [02/Apr/2019:16:52:47 -0300] "POST /cormun/servlet/trsolicitudot?9f9cc2b9112d390b80d3b272dcae1dfb,gx-no-cache=1554234544234 HTTP/1.1" 200 106
190.171.141.106 - - [02/Apr/2019:16:52:47 -0300] "GET /cormun/servlet/solicitudot?UPD,2019,15068, HTTP/1.1" 200 15555
190.171.141.106 - - [02/Apr/2019:16:52:48 -0300] "GET /cormun/servlet/solicitudot?UPD,2019,15068, HTTP/1.1" 200 15564
190.171.141.106 - - [02/Apr/2019:16:52:49 -0300] "POST /cormun/servlet/solicitudot?gx-no-cache=1554234547236 HTTP/1.1" 200 3571
190.171.141.106 - - [02/Apr/2019:16:52:49 -0300] "POST /cormun/servlet/solicitudot?9f9cc2b9112d390b80d3b272dcae1dfb,UPD,2019,15068,,gx-no-cache=1554234547629 HTTP/1.1" 200 11905
190.171.141.106 - - [02/Apr/2019:16:52:49 -0300] "GET /cormun/servlet/solicitudot?2b4890bd1f9ed913ef180141bb24e08a78c43e864ecc316f257e2d716af87695099e910218eded17f19f97ff18d1bf5c,gx-no-cache=1554234548211 HTTP/1.1" 200 30
190.171.141.106 - - [02/Apr/2019:16:52:50 -0300] "GET /cormun/servlet/solicitudot?2b4890bd1f9ed913ef180141bb24e08a55edc39faef113b683cf8ae98cc39248b8613f9f9115739c6a66c9eb5e9a64b41b62bd6cacdd91f5c885b738f9e3431a,gx-no-cache=1554234548367 HTTP/1.1" 200 30
190.171.141.106 - - [02/Apr/2019:16:52:50 -0300] "GET /cormun/servlet/solicitudot?2b4890bd1f9ed913ef180141bb24e08a96fb270091dbe13de3d76e79b77d49b38b1f18cb77abff53817c6fc692cdf9e04512755db8ae8597e88decb95cf85b82,gx-no-cache=1554234548514 HTTP/1.1" 200 53
190.171.141.106 - - [02/Apr/2019:16:52:50 -0300] "POST /cormun/servlet/solicitudot?gx-no-cache=1554234548665 HTTP/1.1" 200 297
190.171.141.106 - - [02/Apr/2019:16:52:50 -0300] "GET /cormun/servlet/solicitudot?2b4890bd1f9ed913ef180141bb24e08af7510a9da5ba871cbe4da71424153ff78d79c391b4aa2c7d9fd58d0acf18f87f24402e28a8338cec95d095a6b22123d27cf71ba43cdb1fb836029880587be332bb2b496fa4a62f3209fe25b1a4824075f735b92cd3b8f2f54357a31bcfdbfeb05fbdf8868188cd27eb1a64a154cdc4a7d8024a421df1b7a11cf5dd0b7fa7ee31f49d4e76ed9b91a75ec4767e7188a3cdbf1ba214685a9c6b19263361cabeeacad5a4d75d98456541fc9ae21e598284ef08853d13b942530be93bb23eead77afd8cc787cec61e1968bd687791326b6c8d2620bac070686e6f720c750f39c42712a17b53811c58c438f0f66ed049795000d43aa159f586919c0a25dcae7b80ef6ee0478456f8e0c2e40fc79768e3504eadb4a4479440c638701796a4b46095e5c8d6a83e53b904f232ce286ce1e3528e7c0a0b3d8ce5d996f56a43d151c9744b0523892dc484f662ad7bca17705c6f9530597ca13a6d19809870d9f7f8e0f30155c03bfd905f77fd4ea8b8c9653e38ef25488f44c29e0630cdb56ddf3a6fbeabb2,gx-no-cache=1554234548834 HTTP/1.1" 200 30
190.171.141.106 - - [02/Apr/2019:16:52:50 -0300] "POST /cormun/servlet/solicitudot?gx-no-cache=1554234548959 HTTP/1.1" 200 30
190.171.141.106 - - [02/Apr/2019:16:52:50 -0300] "POST /cormun/servlet/solicitudot?gx-no-cache=1554234549106 HTTP/1.1" 200 1315
190.171.141.106 - - [02/Apr/2019:16:52:51 -0300] "POST /cormun/servlet/solicitudot?gx-no-cache=1554234549281 HTTP/1.1" 200 41
192.168.10.96 - - [02/Apr/2019:16:52:51 -0300] "GET /cormun/servlet/trsecurityuser01? HTTP/1.1" 200 12272
192.168.10.96 - - [02/Apr/2019:16:52:52 -0300] "GET /cormun/servlet/trsecurityuser01? HTTP/1.1" 200 12272
190.171.154.42 - - [02/Apr/2019:16:52:56 -0300] "POST /cormun/servlet/solicitudot?gx-no-cache=1554234549141 HTTP/1.1" 200 3455
190.171.154.42 - - [02/Apr/2019:16:52:59 -0300] "POST /cormun/servlet/solicitudot?6e66e8746178442451f4021c5517d882,INS,0,0,,gx-no-cache=1554234553355 HTTP/1.1" 200 11956
192.168.10.96 - - [02/Apr/2019:16:52:59 -0300] "GET /cormun/servlet/securityusers?UPD,15, HTTP/1.1" 200 7845
190.171.154.42 - - [02/Apr/2019:16:52:59 -0300] "GET /cormun/servlet/solicitudot?4157eb2095921d58658126d53618b2886b119350aac38eeb493766b64a000b2a3dada1a71a869c1017447b386b3799ca,gx-no-cache=1554234556059 HTTP/1.1" 200 111
192.168.10.96 - - [02/Apr/2019:16:53:00 -0300] "GET /cormun/servlet/securityusers?UPD,15, HTTP/1.1" 200 7844
190.171.141.106 - - [02/Apr/2019:16:53:16 -0300] "GET /cormun/servlet/trsolicitudot HTTP/1.1" 200 10314
190.171.154.42 - - [02/Apr/2019:16:53:16 -0300] "GET /cormun/servlet/prfichaempleado?,MD,,gxPopupLevel%3D0%3B HTTP/1.1" 200 9417
190.171.141.106 - - [02/Apr/2019:16:53:17 -0300] "GET /cormun/servlet/trsolicitudot HTTP/1.1" 200 10310
190.171.154.42 - - [02/Apr/2019:16:53:31 -0300] "POST /cormun/servlet/prfichaempleado?6e66e8746178442451f4021c5517d882,,MD,,gxPopupLevel%3D0%3B,gx-no-cache=1554234587072 HTTP/1.1" 200 3422
190.171.154.42 - - [02/Apr/2019:16:53:34 -0300] "POST /cormun/servlet/solicitudot?gx-no-cache=1554234590706 HTTP/1.1" 200 3529
190.171.154.42 - - [02/Apr/2019:16:53:35 -0300] "POST /cormun/servlet/solicitudot?6e66e8746178442451f4021c5517d882,INS,0,0,,gx-no-cache=1554234591274 HTTP/1.1" 200 12093
190.171.154.42 - - [02/Apr/2019:16:53:35 -0300] "GET /cormun/servlet/solicitudot?4157eb2095921d58658126d53618b28812165826a8f88cbee1d6d7932fe96477b4fc493cf6612034ddeee199281d137e,gx-no-cache=1554234592038 HTTP/1.1" 200 30
190.171.141.106 - - [02/Apr/2019:16:53:43 -0300] "GET /cormun/servlet/solicitudot?INS,0,0, HTTP/1.1" 200 14884
190.171.141.106 - - [02/Apr/2019:16:53:44 -0300] "GET /cormun/servlet/solicitudot?INS,0,0, HTTP/1.1" 200 14888
190.171.154.42 - - [02/Apr/2019:16:53:47 -0300] "GET /cormun/servlet/solicitudot?4157eb2095921d58658126d53618b2889691b19902f2a6b65130ebec36f9e0f2,gx-no-cache=1554234604259 HTTP/1.1" 200 103
190.171.154.42 - - [02/Apr/2019:16:53:48 -0300] "GET /cormun/servlet/solicitudot?4157eb2095921d58658126d53618b288cc303aff9a65474bae481f7266cc7832,gx-no-cache=1554234604486 HTTP/1.1" 200 123
190.171.154.42 - - [02/Apr/2019:16:53:48 -0300] "POST /cormun/servlet/solicitudot?gx-no-cache=1554234604689 HTTP/1.1" 200 255
190.171.154.42 - - [02/Apr/2019:16:53:48 -0300] "GET /cormun/servlet/solicitudot?4157eb2095921d58658126d53618b288face60062e525dbb6a8f738bb9633ac96627346625a7a0f2648ba0803e660c6d21398b344af52a86a4ef2ab6cbf403627a2fdd47133a41adfb4c9e7c2aff52a9ae1faf12d0f2ea6b5978172686cb4b9c2041649053c7e45687979cd7b7fa7eb23871b8badb46b4379b7ec550060de3adac922eca0ece265f43d835c9f8bfe0638218d91c1906b972f6e4535d92e59057c85c70937f65346a2bfd664281d4bbfc1082dacbd3545edd9d320d4fb469d5b36c4abfffae9cdf71d3acaeca604c51c874e15c34b6b7f87a5ba5a4731e74e3e75d954bbf252da32a8b636acae3c08b626e8f89736cc11c59b5e4a62673e4f8c92f1320e3bbeebeb3ebf72d971b81bc54304b4dfcf7480e57107e490b41ace4d157d08263ecafdb6868f417d1d0b6f178625e3506493f4cafd9fa782252fa801eda2de9d239d17de76b0b17497451d3f567c28f83a770a41852c092a2d46c210b18c0d994821a09e6545bdc36f17b1c815e69038a8589b2f27ea287a56c3d93ef,gx-no-cache=1554234604902 HTTP/1.1" 200 30
190.171.141.106 - - [02/Apr/2019:16:54:03 -0300] "POST /cormun/servlet/solicitudot?gx-no-cache=1554234621743 HTTP/1.1" 200 3457
190.171.141.106 - - [02/Apr/2019:16:54:04 -0300] "POST /cormun/servlet/solicitudot?9f9cc2b9112d390b80d3b272dcae1dfb,INS,0,0,,gx-no-cache=1554234622216 HTTP/1.1" 200 11669
190.171.141.106 - - [02/Apr/2019:16:54:07 -0300] "GET /cormun/servlet/solicitudot?2b4890bd1f9ed913ef180141bb24e08af96e8160620af986b8ac66fb15710bff4694f8e3a20f490f5704e6b309cdebd7,gx-no-cache=1554234625639 HTTP/1.1" 200 30
190.171.153.26 - - [02/Apr/2019:16:54:16 -0300] "GET /cormun/servlet/hlogin HTTP/1.1" 200 1717
190.171.153.26 - - [02/Apr/2019:16:54:16 -0300] "GET /cormun/static/gxcfg.js?20177612122725 HTTP/1.1" 200 953
