190.171.154.42 - - [02/Apr/2019:12:01:08 -0300] "GET /cormun/servlet/solicitudot?e8de552c1703b9c3af9d097b3b1bac40356356712dfab2176540666d2bdf5cb6,gx-no-cache=1554217046054 HTTP/1.1" 200 53
190.171.154.42 - - [02/Apr/2019:12:01:09 -0300] "POST /cormun/servlet/solicitudot?gx-no-cache=1554217046237 HTTP/1.1" 200 297
190.171.154.42 - - [02/Apr/2019:12:01:09 -0300] "GET /cormun/servlet/solicitudot?e8de552c1703b9c3af9d097b3b1bac40ad3b1db4d237b74f1730b7f5a97e18f007bd208e1cfd59308f91d635ec1fbfeb9416b03388998eb94f1f0074459aaf0be2899182a4cd7b64a4271d9ab315d618837e80b69d760130a7a45834d983341b95f907a980c13ba445f4b719d13e5630673b759f58a883de7d3c648d8b2e167a1aac8f4c2630bc49d000f48f15630be01f8b51f802c37f12e93b5143daf71679519e9c32529110d78ba1c96f62add8497bf145d9c5edaaadc10309d438017b2175bb64723af19d5ce8cdeb549d321e1265f0c737f315e36b5a5cb63703886ee5644c828ab6066b15915c8cdcaf493910810da108cf2ed1584b95687486039c00337e8c1a0ccb8a20f16226089b6b1163f0adda195ed6216ce88fcb10c266cf3438706d89b7a69b74edc289bccf10b1b0a41a35165a6416ff2dfefc30c4a459aa3effd6782adf4d057197865ac4e8574cec6f65a95b0d312057012e4e2bff8bb0bb5ca2e42aa842f07ebb027a1e7c4efadd164a41446a1e5b57bec3d78c79c2088b5b66641928f98670cffca0bf357410,gx-no-cache=1554217046447 HTTP/1.1" 200 30
186.67.172.234 - - [02/Apr/2019:12:01:09 -0300] "GET /cormun/servlet/solicitudot?INS,0,0, HTTP/1.1" 200 15211
186.67.172.234 - - [02/Apr/2019:12:01:10 -0300] "GET /cormun/servlet/solicitudot?INS,0,0, HTTP/1.1" 200 15216
190.171.154.42 - - [02/Apr/2019:12:01:12 -0300] "POST /cormun/servlet/solicitudot?gx-no-cache=1554217049675 HTTP/1.1" 200 30
190.171.154.42 - - [02/Apr/2019:12:01:15 -0300] "GET /cormun/servlet/prcontratosol?17522175,,,,,MD,,gxPopupLevel%3D0%3B HTTP/1.1" 200 8650
190.171.149.90 - - [02/Apr/2019:12:01:20 -0300] "GET /cormun/servlet/trpermisosadjuntos?10363308,20190319112650,P, HTTP/1.1" 200 7099
190.171.149.90 - - [02/Apr/2019:12:01:20 -0300] "GET /cormun/static/gxcfg.js?201762817193957 HTTP/1.1" 200 953
190.171.149.90 - - [02/Apr/2019:12:01:20 -0300] "GET /cormun/static/Resources/Spanish/PXTools.css?17315867 HTTP/1.1" 200 40960
190.171.149.90 - - [02/Apr/2019:12:01:21 -0300] "GET /cormun/static/trpermisosadjuntos.js?201762817194366 HTTP/1.1" 304 -
190.171.149.90 - - [02/Apr/2019:12:01:21 -0300] "GET /cormun/servlet/trpermisosadjuntos?10363308,20190319112650,P, HTTP/1.1" 200 7099
190.171.154.42 - - [02/Apr/2019:12:01:21 -0300] "POST /cormun/servlet/solicitudot?gx-no-cache=1554217058629 HTTP/1.1" 200 1316
190.171.154.42 - - [02/Apr/2019:12:01:21 -0300] "POST /cormun/servlet/solicitudot?gx-no-cache=1554217058827 HTTP/1.1" 200 38
190.171.149.90 - - [02/Apr/2019:12:01:21 -0300] "GET /cormun/PublicTempStorage/permiso_ada8927179.pdf HTTP/1.1" 200 134714
190.171.149.90 - - [02/Apr/2019:12:01:21 -0300] "GET /cormun/PublicTempStorage/permiso_ada8927179.pdf HTTP/1.1" 206 3642
190.171.154.42 - - [02/Apr/2019:12:01:21 -0300] "GET /cormun/servlet/solicitudot?e8de552c1703b9c3af9d097b3b1bac40635209f75a29e9f5d7d0f8146c4e1c5c0ab978637b4aebb86b3743e5773725a42c02f2ebebf471173ca544b8b9df969a5407a574a8120c55be93503a04b34e95e346a07f9383196ae85cdd354051c87b07ec27468b7e895215639feadd79c9df,gx-no-cache=1554217058971 HTTP/1.1" 200 110
190.171.154.42 - - [02/Apr/2019:12:01:22 -0300] "POST /cormun/servlet/solicitudot?gx-no-cache=1554217059128 HTTP/1.1" 200 110
190.171.149.90 - - [02/Apr/2019:12:01:22 -0300] "GET /cormun/PublicTempStorage/permiso_ada8927179.pdf HTTP/1.1" 206 65536
190.171.154.42 - - [02/Apr/2019:12:01:22 -0300] "GET /cormun/servlet/solicitudot?e8de552c1703b9c3af9d097b3b1bac404073ce17cb1712b9c4f58a2241ca8575569b386ba4fadc6bf58d1ff6d7b6a6f4e66ea50767b2ee63a1c673a185c611d3ee91b59e42f9fccae2d0f134043c19d27472a48df7ad7d7f39b3829f9483115d27ec5ba7a2d3f17241eeb4b1992b13e2,gx-no-cache=1554217059313 HTTP/1.1" 200 29
190.171.154.42 - - [02/Apr/2019:12:01:22 -0300] "GET /cormun/servlet/solicitudot?e8de552c1703b9c3af9d097b3b1bac409fdc1beea7ec85ccba3ec0178513a263b1b2e8016843fb9a8b95f358ab0cb331,gx-no-cache=1554217059437 HTTP/1.1" 200 134
190.171.154.42 - - [02/Apr/2019:12:01:22 -0300] "GET /cormun/static/Shared/jqueryui/images/ui-bg_highlight-soft_100_c6c2c8_1x100.png HTTP/1.1" 404 1117
190.171.154.42 - - [02/Apr/2019:12:01:22 -0300] "GET /cormun/static/Shared/jqueryui/images/ui-icons_82798d_256x240.png HTTP/1.1" 404 1089
190.171.154.42 - - [02/Apr/2019:12:01:22 -0300] "GET /cormun/static/Shared/jqueryui/images/ui-bg_flat_55_994d53_40x100.png HTTP/1.1" 404 1097
190.171.154.42 - - [02/Apr/2019:12:01:22 -0300] "GET /cormun/static/Shared/jqueryui/images/ui-icons_ebccce_256x240.png HTTP/1.1" 404 1089
190.171.154.42 - - [02/Apr/2019:12:01:27 -0300] "GET /cormun/static/menuarrow.gif HTTP/1.1" 404 1015
190.171.149.90 - - [02/Apr/2019:12:01:32 -0300] "GET /cormun/servlet/trpermisosgoce HTTP/1.1" 200 8663
190.171.149.90 - - [02/Apr/2019:12:01:32 -0300] "GET /cormun/servlet/trpermisosgoce HTTP/1.1" 200 8659
190.171.154.42 - - [02/Apr/2019:12:01:38 -0300] "GET /cormun/servlet/solicitudot?e8de552c1703b9c3af9d097b3b1bac4090a2280e2af3e95a1c31908a7bd803f1b1b2e8016843fb9a8b95f358ab0cb331,gx-no-cache=1554217075687 HTTP/1.1" 200 30
190.171.149.90 - - [02/Apr/2019:12:01:39 -0300] "GET /cormun/servlet/trautorizarpermisogoce? HTTP/1.1" 200 7127
190.171.149.90 - - [02/Apr/2019:12:01:40 -0300] "GET /cormun/static/gxcfg.js?20177612165975 HTTP/1.1" 200 953
190.171.149.90 - - [02/Apr/2019:12:01:40 -0300] "GET /cormun/static/trautorizarpermisogoce.js?2017761217384 HTTP/1.1" 304 -
190.171.149.90 - - [02/Apr/2019:12:01:40 -0300] "GET /cormun/servlet/trautorizarpermisogoce? HTTP/1.1" 200 7126
190.171.149.90 - - [02/Apr/2019:12:01:48 -0300] "GET /cormun/static/menuarrow.gif HTTP/1.1" 404 1015
186.67.172.234 - - [02/Apr/2019:12:01:49 -0300] "POST /cormun/servlet/solicitudot?gx-no-cache=1554217083195 HTTP/1.1" 200 3547
186.67.172.234 - - [02/Apr/2019:12:01:49 -0300] "POST /cormun/servlet/solicitudot?dd269ab4fbaad1b85d8920511b1e533a,INS,0,0,,gx-no-cache=1554217083648 HTTP/1.1" 200 11978
190.171.149.90 - - [02/Apr/2019:12:01:57 -0300] "POST /cormun/servlet/trautorizarpermisogoce?8b9452a9713f698166cf9db5e5c93d6b,,gx-no-cache=1554217092934 HTTP/1.1" 200 4334
186.67.172.234 - - [02/Apr/2019:12:01:57 -0300] "GET /cormun/servlet/solicitudot?49bf9ef21535ec0697756332861f485dfc834ac215d7db9dc5239df4a308adc981b3d4eff767fcc0292ed0d34a995d15,gx-no-cache=1554217091438 HTTP/1.1" 200 30
186.67.172.234 - - [02/Apr/2019:12:01:57 -0300] "GET /cormun/servlet/solicitudot?49bf9ef21535ec0697756332861f485d9de1e7e9856cfea803ca125755aa15b87f82c642d15e85ee68d8d862a9caf936,gx-no-cache=1554217091558 HTTP/1.1" 200 103
186.67.172.234 - - [02/Apr/2019:12:01:57 -0300] "GET /cormun/static/Shared/jqueryui/images/ui-bg_highlight-soft_100_c6c2c8_1x100.png HTTP/1.1" 404 1117
186.67.172.234 - - [02/Apr/2019:12:01:57 -0300] "GET /cormun/static/Shared/jqueryui/images/ui-icons_82798d_256x240.png HTTP/1.1" 404 1089
186.67.172.234 - - [02/Apr/2019:12:01:57 -0300] "GET /cormun/static/Shared/jqueryui/images/ui-bg_flat_55_994d53_40x100.png HTTP/1.1" 404 1097
186.67.172.234 - - [02/Apr/2019:12:01:57 -0300] "GET /cormun/static/Shared/jqueryui/images/ui-icons_ebccce_256x240.png HTTP/1.1" 404 1089
186.67.172.234 - - [02/Apr/2019:12:01:57 -0300] "GET /cormun/servlet/solicitudot?49bf9ef21535ec0697756332861f485d801ff0b509e50b6003806a2dbba791dc,gx-no-cache=1554217091777 HTTP/1.1" 200 51
186.67.172.234 - - [02/Apr/2019:12:01:57 -0300] "POST /cormun/servlet/solicitudot?gx-no-cache=1554217091854 HTTP/1.1" 200 255
186.67.172.234 - - [02/Apr/2019:12:01:58 -0300] "GET /cormun/servlet/solicitudot?49bf9ef21535ec0697756332861f485d20f13409e4651d1dbdedce074aa255c450c61d9744522e70ad25f6297e694bc355b896270c888f0b1e52ffbab342806ed557c4d4e8d28f1a5e3a4ba35245306bb298cdcf7079bee47a4ebb9c7ad077d30d68fbde2d844106d3beb2ebcfc98b72196af893722c472df5c34938cfcb82d6a040a018d9b96eba3fa197927a0ca89d7c6f1f4fcfe3bb4624c2fe530e11a0506064bc419e71897dcf58323a93e01ab31be513ca65e37cac5f339486337bc46e49304459bd5c5a97ea4732d5ee01cee390a692ff1f732fecc9ca7e71a88ff12b23bc3e02f655c310b429c350872ac3735df8b866813907588cf38889d258b2b53ecd78181318c619d739269ba608b646e91814329c7dcd52c0c5ac3d771555a28d4237015258a0f61507c446e55d8361c0faabe2b4d1f473e067f1a2d0e10df024851c154f09dc4a43e9483b1c26ea7c7249b5f4232b42c87a0898ec628b40a6ab62a1caf51f9177b592b0948ef166c25277d08136df1dfcc251e992fd6736ec,gx-no-cache=1554217091951 HTTP/1.1" 200 30
186.67.172.234 - - [02/Apr/2019:12:01:58 -0300] "POST /cormun/servlet/solicitudot?gx-no-cache=1554217092046 HTTP/1.1" 200 30
190.171.149.90 - - [02/Apr/2019:12:01:58 -0300] "POST /cormun/servlet/trautorizarpermisogoce?8b9452a9713f698166cf9db5e5c93d6b,,gx-no-cache=1554217094196 HTTP/1.1" 200 4333
186.67.172.234 - - [02/Apr/2019:12:01:58 -0300] "POST /cormun/servlet/solicitudot?gx-no-cache=1554217092163 HTTP/1.1" 200 1315
186.67.172.234 - - [02/Apr/2019:12:01:58 -0300] "POST /cormun/servlet/solicitudot?gx-no-cache=1554217092281 HTTP/1.1" 200 38
186.67.172.234 - - [02/Apr/2019:12:01:58 -0300] "GET /cormun/servlet/solicitudot?49bf9ef21535ec0697756332861f485d8776c9db12d25acaa061e964d6884b55b4b0897d40c08d24bdf7f925ecb6fa8faed19b9bb914716ad1d310c290e16a9867f7bfec0e0ab9cd8fbac2045ae7d237f51157e1cdd6523aceb0bcd0efe6c61eeedff8081f00cd5250034a11ad4c5aa8,gx-no-cache=1554217092367 HTTP/1.1" 200 110
186.103.159.187 - - [02/Apr/2019:12:02:13 -0300] "GET /cormun/servlet/permisogoce?bf79339f6366d4d31008d09e0e462dab4a38da7de6ee0a7dca1cb418905b8e619ad0280fa5a74e81c694d6399abfac22486b9f7a0e5ea9adabfc312b9dfc0e03,gx-no-cache=1554220845069 HTTP/1.1" 200 76
186.103.159.187 - - [02/Apr/2019:12:02:13 -0300] "GET /cormun/static/menuarrow.gif HTTP/1.1" 404 1015
190.171.149.90 - - [02/Apr/2019:12:02:13 -0300] "POST /cormun/servlet/trautorizarpermisogoce?8b9452a9713f698166cf9db5e5c93d6b,,gx-no-cache=1554217108275 HTTP/1.1" 200 5170
190.171.149.90 - - [02/Apr/2019:12:02:18 -0300] "POST /cormun/servlet/trautorizarpermisogoce?8b9452a9713f698166cf9db5e5c93d6b,,gx-no-cache=1554217114849 HTTP/1.1" 200 5188
190.171.149.90 - - [02/Apr/2019:12:02:19 -0300] "GET /cormun/static/Shared/jqueryui/images/ui-bg_highlight-soft_100_c6c2c8_1x100.png HTTP/1.1" 404 1117
190.171.149.90 - - [02/Apr/2019:12:02:19 -0300] "GET /cormun/static/Shared/jqueryui/images/ui-icons_82798d_256x240.png HTTP/1.1" 404 1089
190.171.149.90 - - [02/Apr/2019:12:02:19 -0300] "GET /cormun/static/Shared/jqueryui/images/ui-bg_flat_55_fafafa_40x100.png HTTP/1.1" 404 1097
190.171.149.90 - - [02/Apr/2019:12:02:19 -0300] "GET /cormun/static/Shared/jqueryui/images/ui-icons_8d78a5_256x240.png HTTP/1.1" 404 1089
186.67.172.234 - - [02/Apr/2019:12:02:22 -0300] "POST /cormun/servlet/solicitudot?gx-no-cache=1554217116669 HTTP/1.1" 200 97
190.171.149.90 - - [02/Apr/2019:12:02:24 -0300] "GET /cormun/servlet/trpermisosadjuntos?10363308,20190319112650,P, HTTP/1.1" 200 7105
190.171.149.90 - - [02/Apr/2019:12:02:24 -0300] "GET /cormun/servlet/trpermisosadjuntos?10363308,20190319112650,P, HTTP/1.1" 200 7105
190.171.149.90 - - [02/Apr/2019:12:02:24 -0300] "GET /cormun/PublicTempStorage/permiso_ada9210797.pdf HTTP/1.1" 200 134714
190.171.149.90 - - [02/Apr/2019:12:02:25 -0300] "GET /cormun/PublicTempStorage/permiso_ada9210797.pdf HTTP/1.1" 206 65536
190.171.149.90 - - [02/Apr/2019:12:02:25 -0300] "GET /cormun/PublicTempStorage/permiso_ada9210797.pdf HTTP/1.1" 206 3642
186.67.172.234 - - [02/Apr/2019:12:02:30 -0300] "GET /cormun/servlet/solicitudot?49bf9ef21535ec0697756332861f485d097e6f4e79aeaf90109406334ef89b98838db8d2adef07b6fbae9787d34cd2103f887a53123083827a664f8456316ee567a2ccdb0e77cd1076eae50521b9651fd16e2ed7084a808b6e0a68d9ddc51e92c75b14f4b5badab108c27a06e74f283c1f23181e33af5d4f2a567a57c415752114f4ea1713b165d2460a0d4848d81282dc1095569026c882ea4b5dcc40b67b68a6f9e3ca6f8771a0d7606e97f80e539f9a58266a20551de8109d1f5567ba43c66dae1cf4af65847bf37ffcfd8c94b899,gx-no-cache=1554217123996 HTTP/1.1" 200 29
190.171.149.90 - - [02/Apr/2019:12:02:30 -0300] "GET /cormun/servlet/permisosadjuntos?INS,10363308,P,20190319112650,, HTTP/1.1" 200 5943
190.171.149.90 - - [02/Apr/2019:12:02:30 -0300] "GET /cormun/static/gxcfg.js?201762717441171 HTTP/1.1" 200 953
190.171.149.90 - - [02/Apr/2019:12:02:30 -0300] "GET /cormun/static/permisosadjuntos.js?201762717441184 HTTP/1.1" 304 -
190.171.149.90 - - [02/Apr/2019:12:02:30 -0300] "GET /cormun/static/about:blank HTTP/1.1" 404 1011
190.171.149.90 - - [02/Apr/2019:12:02:30 -0300] "GET /cormun/static/Resources/PXToolsButtonRight21.png HTTP/1.1" 200 1283
190.171.149.90 - - [02/Apr/2019:12:02:30 -0300] "GET /cormun/static/Resources/PXToolsButtonLeft21.png HTTP/1.1" 200 1287
190.171.149.90 - - [02/Apr/2019:12:02:31 -0300] "GET /cormun/servlet/permisosadjuntos?INS,10363308,P,20190319112650,, HTTP/1.1" 200 5933
186.103.159.187 - - [02/Apr/2019:12:02:32 -0300] "GET /cormun/servlet/permisogoce?bf79339f6366d4d31008d09e0e462dabaab55821ce6c1f8ba72f26ec58c1d8ce81a706fd653e2d9ba898d4617a2811d2fc2e375d811be74caeb285c2f881ea59,gx-no-cache=1554220863924 HTTP/1.1" 200 47
186.67.172.234 - - [02/Apr/2019:12:02:34 -0300] "GET /cormun/static/menuarrow.gif HTTP/1.1" 404 1015
186.67.172.234 - - [02/Apr/2019:12:02:37 -0300] "GET /cormun/servlet/solicitudot?49bf9ef21535ec0697756332861f485de230952aae82bdc363a23f6cc778362f9caaa5dfe8b75882a46964157087734c,gx-no-cache=1554217131183 HTTP/1.1" 200 30
190.171.149.90 - - [02/Apr/2019:12:02:37 -0300] "GET /cormun/servlet/trpermisosadjuntos?10363308,20190319112650,P, HTTP/1.1" 200 7104
186.67.164.138 - - [02/Apr/2019:12:02:37 -0300] "GET /cormun/servlet/hlogin HTTP/1.1" 200 1727
190.171.149.90 - - [02/Apr/2019:12:02:38 -0300] "GET /cormun/servlet/trpermisosadjuntos?10363308,20190319112650,P, HTTP/1.1" 200 7104
190.171.149.90 - - [02/Apr/2019:12:02:38 -0300] "GET /cormun/PublicTempStorage/permiso_ada592156.pdf HTTP/1.1" 200 134714
186.67.164.138 - - [02/Apr/2019:12:02:38 -0300] "GET /cormun/servlet/hlogin HTTP/1.1" 200 1738
190.171.149.90 - - [02/Apr/2019:12:02:38 -0300] "GET /cormun/PublicTempStorage/permiso_ada592156.pdf HTTP/1.1" 206 3642
190.171.149.90 - - [02/Apr/2019:12:02:38 -0300] "GET /cormun/PublicTempStorage/permiso_ada592156.pdf HTTP/1.1" 206 65536
186.67.172.234 - - [02/Apr/2019:12:02:43 -0300] "POST /cormun/servlet/solicitudot?gx-no-cache=1554217137193 HTTP/1.1" 200 30
186.67.164.138 - - [02/Apr/2019:12:02:43 -0300] "POST /cormun/servlet/hlogin?0e770445ce48809cccf0832319fe2f94,gx-no-cache=1554217141725 HTTP/1.1" 200 90
186.67.164.138 - - [02/Apr/2019:12:02:44 -0300] "GET /cormun/servlet/hpexe_link HTTP/1.1" 200 957
186.67.164.138 - - [02/Apr/2019:12:02:44 -0300] "GET /cormun/servlet/hhome HTTP/1.1" 200 4054
186.67.164.138 - - [02/Apr/2019:12:02:45 -0300] "GET /cormun/servlet/hhome HTTP/1.1" 200 4050
190.171.149.90 - - [02/Apr/2019:12:02:47 -0300] "GET /cormun/PublicTempStorage/permiso_ada592156.pdf HTTP/1.1" 304 -
190.171.149.90 - - [02/Apr/2019:12:02:47 -0300] "GET /cormun/PublicTempStorage/permiso_ada592156.pdf HTTP/1.1" 304 -
200.54.103.162 - - [02/Apr/2019:12:02:53 -0300] "GET /cormun/servlet/hlogin HTTP/1.1" 200 1721
200.54.103.162 - - [02/Apr/2019:12:02:55 -0300] "GET /cormun/servlet/hlogin HTTP/1.1" 200 1731
190.171.149.90 - - [02/Apr/2019:12:03:01 -0300] "GET /cormun/servlet/trpermisosadjuntos?10363308,20190319112650,P, HTTP/1.1" 200 7104
190.171.149.90 - - [02/Apr/2019:12:03:01 -0300] "GET /cormun/servlet/trpermisosadjuntos?10363308,20190319112650,P, HTTP/1.1" 200 7105
190.171.149.90 - - [02/Apr/2019:12:03:01 -0300] "GET /cormun/PublicTempStorage/permiso_ada2420585.pdf HTTP/1.1" 200 134714
190.171.149.90 - - [02/Apr/2019:12:03:02 -0300] "GET /cormun/PublicTempStorage/permiso_ada2420585.pdf HTTP/1.1" 206 65536
190.171.149.90 - - [02/Apr/2019:12:03:02 -0300] "GET /cormun/PublicTempStorage/permiso_ada2420585.pdf HTTP/1.1" 206 3642
200.54.103.162 - - [02/Apr/2019:12:03:02 -0300] "POST /cormun/servlet/hlogin?5481b87c82ef72bcf968d196a617a99f,gx-no-cache=1554217160552 HTTP/1.1" 200 90
200.54.103.162 - - [02/Apr/2019:12:03:02 -0300] "GET /cormun/servlet/hpexe_link HTTP/1.1" 200 948
200.54.103.162 - - [02/Apr/2019:12:03:03 -0300] "GET /cormun/servlet/hhome HTTP/1.1" 200 4336
186.103.159.187 - - [02/Apr/2019:12:03:03 -0300] "POST /cormun/servlet/permisogoce?f268516658c492ca6fea65081f15361c,INS,0,,,,gx-no-cache=1554220894537 HTTP/1.1" 200 93
186.103.159.187 - - [02/Apr/2019:12:03:03 -0300] "GET /cormun/servlet/hpexe_return? HTTP/1.1" 200 1015
186.103.159.187 - - [02/Apr/2019:12:03:03 -0300] "GET /cormun/servlet/trpermisosgoce HTTP/1.1" 200 7799
200.54.103.162 - - [02/Apr/2019:12:03:04 -0300] "GET /cormun/servlet/hhome HTTP/1.1" 200 4332
186.103.159.187 - - [02/Apr/2019:12:03:05 -0300] "GET /cormun/servlet/trpermisosgoce HTTP/1.1" 200 7795
190.171.149.90 - - [02/Apr/2019:12:03:06 -0300] "GET /cormun/servlet/trautorizarpermisogoce? HTTP/1.1" 200 7960
190.171.149.90 - - [02/Apr/2019:12:03:07 -0300] "GET /cormun/servlet/trautorizarpermisogoce? HTTP/1.1" 200 7959
190.171.149.90 - - [02/Apr/2019:12:03:08 -0300] "GET /cormun/servlet/trpermisosgoce HTTP/1.1" 200 8663
200.54.103.162 - - [02/Apr/2019:12:03:09 -0300] "GET /cormun/servlet/trsolicitudot? HTTP/1.1" 200 7550
190.171.149.90 - - [02/Apr/2019:12:03:09 -0300] "GET /cormun/servlet/trpermisosgoce HTTP/1.1" 200 8659
200.54.103.162 - - [02/Apr/2019:12:03:11 -0300] "GET /cormun/servlet/trsolicitudot? HTTP/1.1" 200 7547
186.67.172.234 - - [02/Apr/2019:12:03:19 -0300] "POST /cormun/servlet/solicitudot?gx-no-cache=1554217173404 HTTP/1.1" 200 30
200.54.103.162 - - [02/Apr/2019:12:03:20 -0300] "GET /cormun/servlet/trcontratounov2? HTTP/1.1" 200 17680
200.54.103.162 - - [02/Apr/2019:12:03:23 -0300] "GET /cormun/servlet/trcontratounov2? HTTP/1.1" 200 17673
186.103.159.187 - - [02/Apr/2019:12:03:25 -0300] "GET /cormun/servlet/permisogoce?INS,0,,, HTTP/1.1" 200 6850
186.103.159.187 - - [02/Apr/2019:12:03:26 -0300] "GET /cormun/servlet/permisogoce?INS,0,,, HTTP/1.1" 200 6849
190.171.149.90 - - [02/Apr/2019:12:03:32 -0300] "GET /cormun/servlet/trlicencias? HTTP/1.1" 200 8665
190.171.149.90 - - [02/Apr/2019:12:03:32 -0300] "GET /cormun/static/gxcfg.js?20176272054169 HTTP/1.1" 200 953
190.171.149.90 - - [02/Apr/2019:12:03:32 -0300] "GET /cormun/servlet/trlicencias? HTTP/1.1" 200 8664
200.54.103.162 - - [02/Apr/2019:12:03:37 -0300] "GET /cormun/servlet/trsolicitudot? HTTP/1.1" 200 7548
200.54.103.162 - - [02/Apr/2019:12:03:39 -0300] "GET /cormun/servlet/trsolicitudot? HTTP/1.1" 200 7547
200.54.103.162 - - [02/Apr/2019:12:03:44 -0300] "GET /cormun/servlet/trautorizarsolicitud? HTTP/1.1" 200 7448
200.54.103.162 - - [02/Apr/2019:12:03:44 -0300] "GET /cormun/static/gxcfg.js?2017111423403364 HTTP/1.1" 200 953
200.54.103.162 - - [02/Apr/2019:12:03:44 -0300] "GET /cormun/static/trautorizarsolicitud.js?201711142340425 HTTP/1.1" 200 53910
200.54.103.162 - - [02/Apr/2019:12:03:46 -0300] "GET /cormun/servlet/trautorizarsolicitud? HTTP/1.1" 200 7448
200.54.103.162 - - [02/Apr/2019:12:03:50 -0300] "GET /cormun/servlet/trvisualizadoreventos? HTTP/1.1" 200 7101
200.54.103.162 - - [02/Apr/2019:12:03:50 -0300] "GET /cormun/static/gxcfg.js?20175251251426 HTTP/1.1" 200 953
200.54.103.162 - - [02/Apr/2019:12:03:50 -0300] "GET /cormun/static/Resources/PXToolsActionPrint.png HTTP/1.1" 200 3317
200.54.103.162 - - [02/Apr/2019:12:03:50 -0300] "GET /cormun/static/trvisualizadoreventos.js?20175251251768 HTTP/1.1" 200 19318
200.54.103.162 - - [02/Apr/2019:12:03:51 -0300] "GET /cormun/servlet/trvisualizadoreventos? HTTP/1.1" 200 7101
200.54.103.162 - - [02/Apr/2019:12:03:55 -0300] "GET /cormun/servlet/trsolicitudot? HTTP/1.1" 200 7548
200.54.103.162 - - [02/Apr/2019:12:03:57 -0300] "GET /cormun/servlet/trsolicitudot? HTTP/1.1" 200 7547
200.54.103.162 - - [02/Apr/2019:12:04:02 -0300] "GET /cormun/servlet/hlogin HTTP/1.1" 200 1738
186.67.172.234 - - [02/Apr/2019:12:04:09 -0300] "GET /cormun/servlet/solicitudot?49bf9ef21535ec0697756332861f485d56eed54df4035dccd4cd5bd0c168524f3d87463909953ed056f6d60db4b88f1fda2ab787e4da2d6317635d402c12a7ee,gx-no-cache=1554217223590 HTTP/1.1" 200 30
186.67.172.234 - - [02/Apr/2019:12:04:09 -0300] "POST /cormun/servlet/solicitudot?gx-no-cache=1554217223820 HTTP/1.1" 200 254
186.67.172.234 - - [02/Apr/2019:12:04:09 -0300] "GET /cormun/servlet/solicitudot?49bf9ef21535ec0697756332861f485d20f13409e4651d1dbdedce074aa255c450c61d9744522e70ad25f6297e694bc355b896270c888f0b1e52ffbab342806ed557c4d4e8d28f1a5e3a4ba35245306bb298cdcf7079bee47a4ebb9c7ad077d30d68fbde2d844106d3beb2ebcfc98b72196af893722c472df5c34938cfcb82d6a040a018d9b96eba3fa197927a0ca89d7c6f1f4fcfe3bb4624c2fe530e11a0506064bc419e71897dcf58323a93e01ab31be513ca65e37cac5f339486337bc46e49304459bd5c5a97ea4732d5ee01cee390a692ff1f732fecc9ca7e71a88ff12b23bc3e02f655c310b429c350872ac3735df8b866813907588cf38889d258b2b53ecd78181318c619d739269ba608b646e91814329c7dcd52c0c5ac3d771555a28d4237015258a0f61507c446e55d8361c0faabe2b4d1f473e067f1a2d0e10df024851c154f09dc4a43e9483b1c26ea7c7249b5f4232b42c87a0898ec628b40a6ab62a1caf51f9177b592b0948ef166c20024eed5e4af6d36ef02cb76c13d6e09,gx-no-cache=1554217223926 HTTP/1.1" 200 30
186.67.172.234 - - [02/Apr/2019:12:04:10 -0300] "POST /cormun/servlet/solicitudot?gx-no-cache=1554217223980 HTTP/1.1" 200 30
186.67.172.234 - - [02/Apr/2019:12:04:10 -0300] "POST /cormun/servlet/solicitudot?gx-no-cache=1554217224038 HTTP/1.1" 200 1315
186.67.172.234 - - [02/Apr/2019:12:04:10 -0300] "POST /cormun/servlet/solicitudot?gx-no-cache=1554217224109 HTTP/1.1" 200 41
186.67.172.234 - - [02/Apr/2019:12:04:10 -0300] "GET /cormun/servlet/solicitudot?49bf9ef21535ec0697756332861f485d8776c9db12d25acaa061e964d6884b55b4b0897d40c08d24bdf7f925ecb6fa8faed19b9bb914716ad1d310c290e16a9867f7bfec0e0ab9cd8fbac2045ae7d237f51157e1cdd6523aceb0bcd0efe6c61eeedff8081f00cd5250034a11ad4c5aa8,gx-no-cache=1554217224177 HTTP/1.1" 200 110
186.103.159.187 - - [02/Apr/2019:12:04:15 -0300] "GET /cormun/servlet/permisogoce?bf79339f6366d4d31008d09e0e462dabfc364d769eaf2f1bd571ebeeb8ccd3639ad0280fa5a74e81c694d6399abfac22486b9f7a0e5ea9adabfc312b9dfc0e03,gx-no-cache=1554220967380 HTTP/1.1" 200 81
186.103.159.187 - - [02/Apr/2019:12:04:15 -0300] "GET /cormun/static/menuarrow.gif HTTP/1.1" 404 1015
186.103.159.187 - - [02/Apr/2019:12:04:29 -0300] "GET /cormun/servlet/permisogoce?bf79339f6366d4d31008d09e0e462dab2447470127cb526e04e94ed9d1a8d1ce365dd4d9cddb2504c36a99455158e6bbfc2e375d811be74caeb285c2f881ea59,gx-no-cache=1554220981698 HTTP/1.1" 200 46
186.67.172.234 - - [02/Apr/2019:12:04:34 -0300] "POST /cormun/servlet/solicitudot?gx-no-cache=1554217248172 HTTP/1.1" 200 69
192.168.10.96 - - [02/Apr/2019:12:04:42 -0300] "POST /cormun/servlet/trsolicitudgral?a5ce210676614e6b08b7cc8a5c5cdb32,,gx-no-cache=1554224282323 HTTP/1.1" 200 5271
186.67.172.234 - - [02/Apr/2019:12:04:42 -0300] "GET /cormun/servlet/solicitudot?49bf9ef21535ec0697756332861f485de230952aae82bdc363a23f6cc778362f9caaa5dfe8b75882a46964157087734c,gx-no-cache=1554217256621 HTTP/1.1" 200 30
186.67.172.234 - - [02/Apr/2019:12:04:42 -0300] "POST /cormun/servlet/solicitudot?gx-no-cache=1554217256711 HTTP/1.1" 200 30
186.67.172.234 - - [02/Apr/2019:12:04:44 -0300] "POST /cormun/servlet/solicitudot?dd269ab4fbaad1b85d8920511b1e533a,INS,0,0,,gx-no-cache=1554217256817 HTTP/1.1" 200 12305
190.171.154.42 - - [02/Apr/2019:12:04:44 -0300] "POST /cormun/servlet/solicitudot?gx-no-cache=1554217261866 HTTP/1.1" 200 62
186.103.159.187 - - [02/Apr/2019:12:04:51 -0300] "POST /cormun/servlet/permisogoce?f268516658c492ca6fea65081f15361c,INS,0,,,,gx-no-cache=1554221002731 HTTP/1.1" 200 93
186.103.159.187 - - [02/Apr/2019:12:04:51 -0300] "GET /cormun/servlet/hpexe_return? HTTP/1.1" 200 1015
186.103.159.187 - - [02/Apr/2019:12:04:51 -0300] "GET /cormun/servlet/trpermisosgoce HTTP/1.1" 200 8087
190.171.154.42 - - [02/Apr/2019:12:04:53 -0300] "POST /cormun/servlet/solicitudot?gx-no-cache=1554217270130 HTTP/1.1" 200 55
186.103.159.187 - - [02/Apr/2019:12:04:53 -0300] "GET /cormun/servlet/trpermisosgoce HTTP/1.1" 200 8084
186.103.159.187 - - [02/Apr/2019:12:05:06 -0300] "GET /cormun/servlet/trpermisosadjuntos?15993933,20190402135646,P, HTTP/1.1" 200 6330
186.103.159.187 - - [02/Apr/2019:12:05:06 -0300] "GET /cormun/static/gxcfg.js?201762817193957 HTTP/1.1" 200 953
186.103.159.187 - - [02/Apr/2019:12:05:06 -0300] "GET /cormun/static/trpermisosadjuntos.js?201762817194366 HTTP/1.1" 200 20158
186.103.159.187 - - [02/Apr/2019:12:05:08 -0300] "GET /cormun/servlet/trpermisosadjuntos?15993933,20190402135646,P, HTTP/1.1" 200 6330
190.171.154.42 - - [02/Apr/2019:12:05:09 -0300] "POST /cormun/servlet/solicitudot?gx-no-cache=1554217286939 HTTP/1.1" 200 55
186.67.172.234 - - [02/Apr/2019:12:05:21 -0300] "GET /cormun/servlet/solicitudot?49bf9ef21535ec0697756332861f485d56eed54df4035dccd4cd5bd0c168524f3d87463909953ed056f6d60db4b88f1fda2ab787e4da2d6317635d402c12a7ee,gx-no-cache=1554217294827 HTTP/1.1" 200 30
186.67.172.234 - - [02/Apr/2019:12:05:21 -0300] "POST /cormun/servlet/solicitudot?gx-no-cache=1554217295088 HTTP/1.1" 200 254
186.67.172.234 - - [02/Apr/2019:12:05:21 -0300] "GET /cormun/servlet/solicitudot?49bf9ef21535ec0697756332861f485d20f13409e4651d1dbdedce074aa255c450c61d9744522e70ad25f6297e694bc355b896270c888f0b1e52ffbab342806ed557c4d4e8d28f1a5e3a4ba35245306bb298cdcf7079bee47a4ebb9c7ad077d30d68fbde2d844106d3beb2ebcfc98b72196af893722c472df5c34938cfcb82d6a040a018d9b96eba3fa197927a0ca89d7c6f1f4fcfe3bb4624c2fe530e11a0506064bc419e71897dcf58323a93e01ab31be513ca65e37cac5f339486337bc46e49304459bd5c5a97ea4732d5ee01cee390a692ff1f732fecc9ca7e71a88ff12b23bc3e02f655c310b429c350872ac3735df8b866813907588cf38889d258b2b53ecd78181318c619d739269ba608b646e91814329c7dcd52c0c5ac3d771555a28d4237015258a0f61507c446e55d8361c0faabe2b4d1f473e067f1a2d0e10df024851c154f09dc4a43e9483b1c26ea7c7249b5f4232b42c87a0898ec628b40a6ab62a1caf51f9177b592b0948ef166c20024eed5e4af6d36ef02cb76c13d6e09,gx-no-cache=1554217295234 HTTP/1.1" 200 30
186.67.172.234 - - [02/Apr/2019:12:05:21 -0300] "POST /cormun/servlet/solicitudot?gx-no-cache=1554217295348 HTTP/1.1" 200 30
186.67.172.234 - - [02/Apr/2019:12:05:21 -0300] "POST /cormun/servlet/solicitudot?gx-no-cache=1554217295445 HTTP/1.1" 200 1315
186.67.172.234 - - [02/Apr/2019:12:05:21 -0300] "POST /cormun/servlet/solicitudot?gx-no-cache=1554217295573 HTTP/1.1" 200 41
186.67.172.234 - - [02/Apr/2019:12:05:21 -0300] "GET /cormun/servlet/solicitudot?49bf9ef21535ec0697756332861f485d8776c9db12d25acaa061e964d6884b55b4b0897d40c08d24bdf7f925ecb6fa8faed19b9bb914716ad1d310c290e16a9867f7bfec0e0ab9cd8fbac2045ae7d237f51157e1cdd6523aceb0bcd0efe6c61eeedff8081f00cd5250034a11ad4c5aa8,gx-no-cache=1554217295686 HTTP/1.1" 200 110
186.67.172.234 - - [02/Apr/2019:12:05:22 -0300] "POST /cormun/servlet/solicitudot?gx-no-cache=1554217295804 HTTP/1.1" 200 97
186.67.172.234 - - [02/Apr/2019:12:05:22 -0300] "GET /cormun/servlet/solicitudot?49bf9ef21535ec0697756332861f485de230952aae82bdc363a23f6cc778362f9caaa5dfe8b75882a46964157087734c,gx-no-cache=1554217296319 HTTP/1.1" 200 30
186.67.172.234 - - [02/Apr/2019:12:05:22 -0300] "POST /cormun/servlet/solicitudot?gx-no-cache=1554217296389 HTTP/1.1" 200 30
186.67.172.234 - - [02/Apr/2019:12:05:22 -0300] "POST /cormun/servlet/solicitudot?dd269ab4fbaad1b85d8920511b1e533a,INS,0,0,,gx-no-cache=1554217296460 HTTP/1.1" 200 12352
190.171.141.138 - - [02/Apr/2019:12:05:30 -0300] "GET /cormun/servlet/trsolicitudot? HTTP/1.1" 200 7501
190.171.141.138 - - [02/Apr/2019:12:05:31 -0300] "GET /cormun/servlet/trsolicitudot? HTTP/1.1" 200 7501
190.171.141.138 - - [02/Apr/2019:12:05:33 -0300] "GET /cormun/servlet/solicitudot?INS,0,0, HTTP/1.1" 200 15346
190.171.141.138 - - [02/Apr/2019:12:05:34 -0300] "GET /cormun/static/gxcfg.js?20189101114418 HTTP/1.1" 304 -
190.171.141.138 - - [02/Apr/2019:12:05:34 -0300] "GET /cormun/servlet/solicitudot?INS,0,0, HTTP/1.1" 200 15351
190.171.154.42 - - [02/Apr/2019:12:05:45 -0300] "POST /cormun/servlet/solicitudot?gx-no-cache=1554217322588 HTTP/1.1" 200 110
190.171.141.138 - - [02/Apr/2019:12:05:54 -0300] "POST /cormun/servlet/solicitudot?gx-no-cache=1554217332193 HTTP/1.1" 200 3450
190.171.141.138 - - [02/Apr/2019:12:05:55 -0300] "POST /cormun/servlet/solicitudot?3efa7135ac34b6d8458c07c94fcfe381,INS,0,0,,gx-no-cache=1554217332876 HTTP/1.1" 200 11879
190.171.141.138 - - [02/Apr/2019:12:05:57 -0300] "GET /cormun/servlet/solicitudot?6cdfa72a75638411bae2b294679ca42aa3c517872a165002824abea3d3348f5b3cf7b95d18bfc37d9d204a107d6f342b,gx-no-cache=1554217335332 HTTP/1.1" 200 30
200.111.191.210 - - [02/Apr/2019:12:07:16 -0300] "GET /cormun/servlet/trpermisosgoce? HTTP/1.1" 200 15341
200.111.191.210 - - [02/Apr/2019:12:07:16 -0300] "GET /cormun/servlet/trpermisosgoce? HTTP/1.1" 200 15373
200.111.191.210 - - [02/Apr/2019:12:07:18 -0300] "GET /cormun/servlet/trpermisosadjuntos?15994474,20190402121611,P, HTTP/1.1" 200 6344
200.111.191.210 - - [02/Apr/2019:12:07:19 -0300] "GET /cormun/servlet/trpermisosadjuntos?15994474,20190402121611,P, HTTP/1.1" 200 6344
200.111.191.210 - - [02/Apr/2019:12:07:20 -0300] "GET /cormun/servlet/permisosadjuntos?INS,15994474,P,20190402121611,, HTTP/1.1" 200 5670
200.111.191.210 - - [02/Apr/2019:12:07:20 -0300] "GET /cormun/static/about:blank HTTP/1.1" 404 1011
200.111.191.210 - - [02/Apr/2019:12:07:20 -0300] "GET /cormun/servlet/permisosadjuntos?INS,15994474,P,20190402121611,, HTTP/1.1" 200 5660
200.111.191.210 - - [02/Apr/2019:12:07:32 -0300] "POST /cormun/servlet/permisosadjuntos?14aa8b9890c2334ce6bb109925a8e517,INS,15994474,P,20190402121611,, HTTP/1.1" 200 116
200.111.191.210 - - [02/Apr/2019:12:07:32 -0300] "GET /cormun/servlet/hpexe_return? HTTP/1.1" 200 1037
200.111.191.210 - - [02/Apr/2019:12:07:32 -0300] "GET /cormun/servlet/trpermisosadjuntos?15994474,20190402121611,P, HTTP/1.1" 200 6804
200.111.191.210 - - [02/Apr/2019:12:07:33 -0300] "GET /cormun/servlet/trpermisosadjuntos?15994474,20190402121611,P, HTTP/1.1" 200 6801
200.111.191.210 - - [02/Apr/2019:12:07:36 -0300] "GET /cormun/servlet/trpermisosgoce? HTTP/1.1" 200 15349
200.111.191.210 - - [02/Apr/2019:12:07:36 -0300] "GET /cormun/servlet/trpermisosgoce? HTTP/1.1" 200 15302
200.54.246.54 - - [02/Apr/2019:12:07:37 -0300] "GET /cormun/servlet/solicitudot?49bf9ef21535ec0697756332861f485d56eed54df4035dccd4cd5bd0c168524f3d87463909953ed056f6d60db4b88f1fda2ab787e4da2d6317635d402c12a7ee,gx-no-cache=1554217431417 HTTP/1.1" 200 30
200.54.246.54 - - [02/Apr/2019:12:07:37 -0300] "POST /cormun/servlet/solicitudot?gx-no-cache=1554217431615 HTTP/1.1" 200 254
200.54.246.54 - - [02/Apr/2019:12:07:37 -0300] "GET /cormun/servlet/solicitudot?49bf9ef21535ec0697756332861f485d20f13409e4651d1dbdedce074aa255c450c61d9744522e70ad25f6297e694bc355b896270c888f0b1e52ffbab342806ed557c4d4e8d28f1a5e3a4ba35245306bb298cdcf7079bee47a4ebb9c7ad077d30d68fbde2d844106d3beb2ebcfc98b72196af893722c472df5c34938cfcb82d6a040a018d9b96eba3fa197927a0ca89d7c6f1f4fcfe3bb4624c2fe530e11a0506064bc419e71897dcf58323a93e01ab31be513ca65e37cac5f339486337bc46e49304459bd5c5a97ea4732d5ee01cee390a692ff1f732fecc9ca7e71a88ff12b23bc3e02f655c310b429c350872ac3735df8b866813907588cf38889d258b2b53ecd78181318c619d739269ba608b646e91814329c7dcd52c0c5ac3d771555a28d4237015258a0f61507c446e55d8361c0faabe2b4d1f473e067f1a2d0e10df024851c154f09dc4a43e9483b1c26ea7c7249b5f4232b42c87a0898ec628b40a6ab62a1caf51f9177b592b0948ef166c20024eed5e4af6d36ef02cb76c13d6e09,gx-no-cache=1554217431762 HTTP/1.1" 200 30
200.54.246.54 - - [02/Apr/2019:12:07:37 -0300] "POST /cormun/servlet/solicitudot?gx-no-cache=1554217431865 HTTP/1.1" 200 30
200.54.246.54 - - [02/Apr/2019:12:07:38 -0300] "POST /cormun/servlet/solicitudot?gx-no-cache=1554217432001 HTTP/1.1" 200 1316
200.54.246.54 - - [02/Apr/2019:12:07:38 -0300] "POST /cormun/servlet/solicitudot?gx-no-cache=1554217432138 HTTP/1.1" 200 41
200.54.246.54 - - [02/Apr/2019:12:07:38 -0300] "GET /cormun/servlet/solicitudot?49bf9ef21535ec0697756332861f485d8776c9db12d25acaa061e964d6884b55b4b0897d40c08d24bdf7f925ecb6fa8faed19b9bb914716ad1d310c290e16a9867f7bfec0e0ab9cd8fbac2045ae7d237f51157e1cdd6523aceb0bcd0efe6c61eeedff8081f00cd5250034a11ad4c5aa8,gx-no-cache=1554217432610 HTTP/1.1" 200 110
200.54.246.54 - - [02/Apr/2019:12:07:38 -0300] "POST /cormun/servlet/solicitudot?gx-no-cache=1554217432687 HTTP/1.1" 200 67
200.54.246.54 - - [02/Apr/2019:12:07:39 -0300] "GET /cormun/servlet/solicitudot?49bf9ef21535ec0697756332861f485de230952aae82bdc363a23f6cc778362f9caaa5dfe8b75882a46964157087734c,gx-no-cache=1554217432920 HTTP/1.1" 200 30
200.54.246.54 - - [02/Apr/2019:12:07:39 -0300] "POST /cormun/servlet/solicitudot?gx-no-cache=1554217433041 HTTP/1.1" 200 30
200.111.191.210 - - [02/Apr/2019:12:07:39 -0300] "POST /cormun/servlet/trpermisosgoce?14aa8b9890c2334ce6bb109925a8e517,,gx-no-cache=1554217512438 HTTP/1.1" 200 12587
200.54.246.54 - - [02/Apr/2019:12:07:39 -0300] "POST /cormun/servlet/solicitudot?dd269ab4fbaad1b85d8920511b1e533a,INS,0,0,,gx-no-cache=1554217433148 HTTP/1.1" 200 12417
200.111.191.210 - - [02/Apr/2019:12:07:39 -0300] "GET /cormun/static/Shared/jqueryui/images/ui-bg_highlight-soft_100_c6c2c8_1x100.png HTTP/1.1" 404 1117
200.111.191.210 - - [02/Apr/2019:12:07:39 -0300] "GET /cormun/static/Shared/jqueryui/images/ui-icons_82798d_256x240.png HTTP/1.1" 404 1089
200.111.191.210 - - [02/Apr/2019:12:07:39 -0300] "GET /cormun/static/Shared/jqueryui/images/ui-bg_flat_55_fafafa_40x100.png HTTP/1.1" 404 1097
200.111.191.210 - - [02/Apr/2019:12:07:39 -0300] "GET /cormun/static/Shared/jqueryui/images/ui-icons_8d78a5_256x240.png HTTP/1.1" 404 1089
200.111.191.210 - - [02/Apr/2019:12:07:43 -0300] "GET /cormun/servlet/trpermisosadjuntos?17521323,20190402114717,P, HTTP/1.1" 200 6340
200.111.191.210 - - [02/Apr/2019:12:07:43 -0300] "GET /cormun/servlet/trpermisosadjuntos?17521323,20190402114717,P, HTTP/1.1" 200 6340
200.111.191.210 - - [02/Apr/2019:12:07:44 -0300] "GET /cormun/servlet/permisosadjuntos?INS,17521323,P,20190402114717,, HTTP/1.1" 200 5669
200.111.191.210 - - [02/Apr/2019:12:07:44 -0300] "GET /cormun/static/about:blank HTTP/1.1" 404 1011
200.111.191.210 - - [02/Apr/2019:12:07:45 -0300] "GET /cormun/servlet/permisosadjuntos?INS,17521323,P,20190402114717,, HTTP/1.1" 200 5659
190.171.141.138 - - [02/Apr/2019:12:07:51 -0300] "GET /cormun/servlet/prbanco?,MD,,gxPopupLevel%3D0%3B HTTP/1.1" 200 6858
200.111.191.210 - - [02/Apr/2019:12:07:52 -0300] "POST /cormun/servlet/permisosadjuntos?14aa8b9890c2334ce6bb109925a8e517,INS,17521323,P,20190402114717,, HTTP/1.1" 200 116
190.171.141.138 - - [02/Apr/2019:12:07:52 -0300] "GET /cormun/static/gxcfg.js?20181161016094 HTTP/1.1" 304 -
200.111.191.210 - - [02/Apr/2019:12:07:52 -0300] "GET /cormun/servlet/hpexe_return? HTTP/1.1" 200 1037
200.111.191.210 - - [02/Apr/2019:12:07:52 -0300] "GET /cormun/servlet/trpermisosadjuntos?17521323,20190402114717,P, HTTP/1.1" 200 6803
200.111.191.210 - - [02/Apr/2019:12:07:52 -0300] "GET /cormun/servlet/trpermisosadjuntos?17521323,20190402114717,P, HTTP/1.1" 200 6799
200.111.191.210 - - [02/Apr/2019:12:07:54 -0300] "GET /cormun/servlet/permisosadjuntos?INS,17521323,P,20190402114717,, HTTP/1.1" 200 5669
200.111.191.210 - - [02/Apr/2019:12:07:54 -0300] "GET /cormun/static/about:blank HTTP/1.1" 404 1011
200.111.191.210 - - [02/Apr/2019:12:07:54 -0300] "GET /cormun/servlet/permisosadjuntos?INS,17521323,P,20190402114717,, HTTP/1.1" 200 5659
200.111.191.210 - - [02/Apr/2019:12:07:55 -0300] "GET /cormun/servlet/trlicencias? HTTP/1.1" 200 13342
200.111.191.210 - - [02/Apr/2019:12:07:56 -0300] "GET /cormun/servlet/trlicencias? HTTP/1.1" 200 13305
190.171.141.138 - - [02/Apr/2019:12:07:57 -0300] "GET /cormun/servlet/solicitudot?6cdfa72a75638411bae2b294679ca42afa112c9c45e394cd90472ab26b309f817356426245bc6c45d49170290cc6d09a3cf7b95d18bfc37d9d204a107d6f342b,gx-no-cache=1554217454622 HTTP/1.1" 200 30
200.111.191.210 - - [02/Apr/2019:12:07:57 -0300] "GET /cormun/servlet/trpermisosgoce? HTTP/1.1" 200 15270
200.111.191.210 - - [02/Apr/2019:12:07:57 -0300] "GET /cormun/servlet/trpermisosgoce? HTTP/1.1" 200 15305
190.171.141.138 - - [02/Apr/2019:12:07:58 -0300] "GET /cormun/servlet/solicitudot?6cdfa72a75638411bae2b294679ca42a6ca58638d5c9aef25750698ab40b0ee2,gx-no-cache=1554217456223 HTTP/1.1" 200 53
200.111.191.210 - - [02/Apr/2019:12:08:00 -0300] "POST /cormun/servlet/trpermisosgoce?14aa8b9890c2334ce6bb109925a8e517,,gx-no-cache=1554217533789 HTTP/1.1" 200 12544
200.111.191.210 - - [02/Apr/2019:12:08:01 -0300] "GET /cormun/servlet/trpermisosadjuntos?12359432,20190402111858,P, HTTP/1.1" 200 6350
200.111.191.210 - - [02/Apr/2019:12:08:02 -0300] "GET /cormun/servlet/trpermisosadjuntos?12359432,20190402111858,P, HTTP/1.1" 200 6350
200.111.191.210 - - [02/Apr/2019:12:08:03 -0300] "GET /cormun/servlet/permisosadjuntos?INS,12359432,P,20190402111858,, HTTP/1.1" 200 5680
200.111.191.210 - - [02/Apr/2019:12:08:03 -0300] "GET /cormun/static/about:blank HTTP/1.1" 404 1011
200.111.191.210 - - [02/Apr/2019:12:08:03 -0300] "GET /cormun/servlet/permisosadjuntos?INS,12359432,P,20190402111858,, HTTP/1.1" 200 5670
200.111.191.210 - - [02/Apr/2019:12:08:09 -0300] "POST /cormun/servlet/permisosadjuntos?14aa8b9890c2334ce6bb109925a8e517,INS,12359432,P,20190402111858,, HTTP/1.1" 200 116
200.111.191.210 - - [02/Apr/2019:12:08:10 -0300] "GET /cormun/servlet/hpexe_return? HTTP/1.1" 200 1037
200.111.191.210 - - [02/Apr/2019:12:08:10 -0300] "GET /cormun/servlet/trpermisosadjuntos?12359432,20190402111858,P, HTTP/1.1" 200 6809
200.111.191.210 - - [02/Apr/2019:12:08:10 -0300] "GET /cormun/servlet/trpermisosadjuntos?12359432,20190402111858,P, HTTP/1.1" 200 6806
200.111.191.210 - - [02/Apr/2019:12:08:12 -0300] "GET /cormun/servlet/trpermisosgoce? HTTP/1.1" 200 15295
200.111.191.210 - - [02/Apr/2019:12:08:12 -0300] "GET /cormun/servlet/trpermisosgoce? HTTP/1.1" 200 15360
200.111.191.210 - - [02/Apr/2019:12:08:14 -0300] "POST /cormun/servlet/trpermisosgoce?14aa8b9890c2334ce6bb109925a8e517,,gx-no-cache=1554217547458 HTTP/1.1" 200 12523
190.171.141.138 - - [02/Apr/2019:12:08:17 -0300] "POST /cormun/servlet/solicitudot?gx-no-cache=1554217474954 HTTP/1.1" 200 255
190.171.141.138 - - [02/Apr/2019:12:08:19 -0300] "GET /cormun/servlet/solicitudot?6cdfa72a75638411bae2b294679ca42ac59590bf5a8f7c7475459d9a5fef5b20101ffae9073a7dabc9c4a0e4ef4ee681f841edca6c035fa5ebc713ab2b1ddbdf90de2a0829bc9ed0d5f1fdd3995a5d07f706203823436078c3da507eb396c5c23198adc5e3e8a44c25a6298bd8f28bcdd4bc4016c859c622758d5012252eca836629f24fb50d526a6955ee7318d599d2938a224b8ef4fb65570101c344ffcbfd9d2bdcf67e9c95bffcb7da4ac89de67be68527bf01d1adb7f52940b956f50a42a02742a88f0e2adac49bd86a58e68bb42a2a72863294c165607e8014c54796f2b877cf69a9716a0838a95d46e1a5d6aad9d5c26e92411575c334c81c3a3c34838f32d2320893ebc9d316133911f7cd15e20384f7e8bda986fc39c39d86954c9231fc223ede5b24ee09a6a1e85cc71bd3c5629eea094a3a33010e0d66dfc080855f3aa42de36ff18c29f70b861f5f0ae9d22fdb09204a2e62b20d916c9ebb8e0975060a0114e7ea200859bca032e4b5d1a19133acb1ccd82c6722f22c9f6742e2,gx-no-cache=1554217477462 HTTP/1.1" 200 30
190.171.141.138 - - [02/Apr/2019:12:08:22 -0300] "POST /cormun/servlet/solicitudot?gx-no-cache=1554217480377 HTTP/1.1" 200 30
190.171.141.138 - - [02/Apr/2019:12:08:24 -0300] "POST /cormun/servlet/solicitudot?gx-no-cache=1554217482067 HTTP/1.1" 200 1313
190.171.141.138 - - [02/Apr/2019:12:08:24 -0300] "POST /cormun/servlet/solicitudot?gx-no-cache=1554217482156 HTTP/1.1" 200 38
200.54.246.54 - - [02/Apr/2019:12:08:34 -0300] "POST /cormun/servlet/solicitudot?dd269ab4fbaad1b85d8920511b1e533a,INS,0,0,,gx-no-cache=1554217487085 HTTP/1.1" 200 93
200.54.246.54 - - [02/Apr/2019:12:08:34 -0300] "GET /cormun/servlet/hpexe_return? HTTP/1.1" 200 1007
200.54.246.54 - - [02/Apr/2019:12:08:34 -0300] "GET /cormun/servlet/trsolicitudot HTTP/1.1" 200 8913
200.54.246.54 - - [02/Apr/2019:12:08:35 -0300] "GET /cormun/servlet/trsolicitudot HTTP/1.1" 200 8911
200.54.246.54 - - [02/Apr/2019:12:08:38 -0300] "GET /cormun/servlet/solicitudot?INS,0,0, HTTP/1.1" 200 15211
200.54.246.54 - - [02/Apr/2019:12:08:39 -0300] "GET /cormun/servlet/solicitudot?INS,0,0, HTTP/1.1" 200 15216
186.103.159.187 - - [02/Apr/2019:12:08:42 -0300] "GET /cormun/servlet/permisosadjuntos?INS,15993933,P,20190402135646,, HTTP/1.1" 200 5657
186.103.159.187 - - [02/Apr/2019:12:08:42 -0300] "GET /cormun/static/gxcfg.js?201762717441171 HTTP/1.1" 200 953
186.103.159.187 - - [02/Apr/2019:12:08:42 -0300] "GET /cormun/static/permisosadjuntos.js?201762717441184 HTTP/1.1" 200 8724
186.103.159.187 - - [02/Apr/2019:12:08:43 -0300] "GET /cormun/static/about:blank HTTP/1.1" 404 1011
186.103.159.187 - - [02/Apr/2019:12:08:44 -0300] "GET /cormun/servlet/permisosadjuntos?INS,15993933,P,20190402135646,, HTTP/1.1" 200 5646
186.103.159.187 - - [02/Apr/2019:12:08:53 -0300] "POST /cormun/servlet/permisosadjuntos?f268516658c492ca6fea65081f15361c,INS,15993933,P,20190402135646,, HTTP/1.1" 200 116
186.103.159.187 - - [02/Apr/2019:12:08:53 -0300] "GET /cormun/servlet/hpexe_return? HTTP/1.1" 200 1045
186.103.159.187 - - [02/Apr/2019:12:08:53 -0300] "GET /cormun/servlet/trpermisosadjuntos?15993933,20190402135646,P, HTTP/1.1" 200 6804
200.54.246.54 - - [02/Apr/2019:12:08:54 -0300] "POST /cormun/servlet/solicitudot?gx-no-cache=1554217507765 HTTP/1.1" 200 3458
200.54.246.54 - - [02/Apr/2019:12:08:54 -0300] "POST /cormun/servlet/solicitudot?dd269ab4fbaad1b85d8920511b1e533a,INS,0,0,,gx-no-cache=1554217508227 HTTP/1.1" 200 11879
186.103.159.187 - - [02/Apr/2019:12:08:55 -0300] "GET /cormun/servlet/trpermisosadjuntos?15993933,20190402135646,P, HTTP/1.1" 200 6798
186.103.159.187 - - [02/Apr/2019:12:08:57 -0300] "POST /cormun/servlet/trpermisosadjuntos?f268516658c492ca6fea65081f15361c,15993933,20190402135646,P,,gx-no-cache=1554221249618 HTTP/1.1" 200 90
186.103.159.187 - - [02/Apr/2019:12:08:57 -0300] "GET /cormun/servlet/hpexe_link HTTP/1.1" 200 989
186.103.159.187 - - [02/Apr/2019:12:08:58 -0300] "GET /cormun/servlet/trpermisosgoce HTTP/1.1" 200 8085
186.103.159.187 - - [02/Apr/2019:12:08:59 -0300] "GET /cormun/servlet/trpermisosgoce HTTP/1.1" 200 8087
186.103.159.187 - - [02/Apr/2019:12:09:06 -0300] "GET /cormun/servlet/trpermisosadjuntos?11142406,20190402135344,P, HTTP/1.1" 200 6325
200.54.246.54 - - [02/Apr/2019:12:09:06 -0300] "GET /cormun/servlet/solicitudot?49bf9ef21535ec0697756332861f485d7ea61f15f818723a94b2c5097f0d937881b3d4eff767fcc0292ed0d34a995d15,gx-no-cache=1554217520820 HTTP/1.1" 200 30
186.103.159.187 - - [02/Apr/2019:12:09:07 -0300] "GET /cormun/servlet/trpermisosadjuntos?11142406,20190402135344,P, HTTP/1.1" 200 6325
186.103.159.187 - - [02/Apr/2019:12:09:09 -0300] "GET /cormun/servlet/permisosadjuntos?INS,11142406,P,20190402135344,, HTTP/1.1" 200 5652
186.103.159.187 - - [02/Apr/2019:12:09:10 -0300] "GET /cormun/static/about:blank HTTP/1.1" 404 1011
186.103.159.187 - - [02/Apr/2019:12:09:10 -0300] "GET /cormun/servlet/permisosadjuntos?INS,11142406,P,20190402135344,, HTTP/1.1" 200 5642
186.103.159.187 - - [02/Apr/2019:12:09:20 -0300] "POST /cormun/servlet/permisosadjuntos?f268516658c492ca6fea65081f15361c,INS,11142406,P,20190402135344,, HTTP/1.1" 200 116
186.103.159.187 - - [02/Apr/2019:12:09:20 -0300] "GET /cormun/servlet/hpexe_return? HTTP/1.1" 200 1044
186.103.159.187 - - [02/Apr/2019:12:09:20 -0300] "GET /cormun/servlet/trpermisosadjuntos?11142406,20190402135344,P, HTTP/1.1" 200 6796
186.103.159.187 - - [02/Apr/2019:12:09:21 -0300] "GET /cormun/servlet/trpermisosadjuntos?11142406,20190402135344,P, HTTP/1.1" 200 6793
186.103.159.187 - - [02/Apr/2019:12:09:26 -0300] "POST /cormun/servlet/trpermisosadjuntos?f268516658c492ca6fea65081f15361c,11142406,20190402135344,P,,gx-no-cache=1554221278633 HTTP/1.1" 200 90
186.103.159.187 - - [02/Apr/2019:12:09:26 -0300] "GET /cormun/servlet/hpexe_link HTTP/1.1" 200 988
186.103.159.187 - - [02/Apr/2019:12:09:27 -0300] "GET /cormun/servlet/trpermisosgoce HTTP/1.1" 200 8085
186.103.159.187 - - [02/Apr/2019:12:09:28 -0300] "GET /cormun/servlet/trpermisosgoce HTTP/1.1" 200 8087
200.54.246.54 - - [02/Apr/2019:12:09:34 -0300] "GET /cormun/servlet/solicitudot?49bf9ef21535ec0697756332861f485d3e1489b527222edf9dc67066df41a622,gx-no-cache=1554217548542 HTTP/1.1" 200 94
200.54.246.54 - - [02/Apr/2019:12:09:34 -0300] "GET /cormun/static/Shared/jqueryui/images/ui-bg_highlight-soft_100_c6c2c8_1x100.png HTTP/1.1" 404 1117
200.54.246.54 - - [02/Apr/2019:12:09:34 -0300] "GET /cormun/static/Shared/jqueryui/images/ui-icons_82798d_256x240.png HTTP/1.1" 404 1089
200.54.246.54 - - [02/Apr/2019:12:09:34 -0300] "GET /cormun/static/Shared/jqueryui/images/ui-bg_flat_55_994d53_40x100.png HTTP/1.1" 404 1097
200.54.246.54 - - [02/Apr/2019:12:09:34 -0300] "GET /cormun/static/Shared/jqueryui/images/ui-icons_ebccce_256x240.png HTTP/1.1" 404 1089
200.54.246.54 - - [02/Apr/2019:12:09:34 -0300] "GET /cormun/servlet/solicitudot?49bf9ef21535ec0697756332861f485d23cd8792c9233aba078f17ee0b154ac2,gx-no-cache=1554217548585 HTTP/1.1" 200 29
200.54.246.54 - - [02/Apr/2019:12:09:34 -0300] "POST /cormun/servlet/solicitudot?gx-no-cache=1554217548617 HTTP/1.1" 200 297
200.54.246.54 - - [02/Apr/2019:12:09:34 -0300] "GET /cormun/servlet/solicitudot?49bf9ef21535ec0697756332861f485d20f13409e4651d1dbdedce074aa255c4ae4f198f03fd76ebc2bffee0c160e75a55b896270c888f0b1e52ffbab342806ed557c4d4e8d28f1a5e3a4ba35245306bb298cdcf7079bee47a4ebb9c7ad077d30d68fbde2d844106d3beb2ebcfc98b72196af893722c472df5c34938cfcb82d6a040a018d9b96eba3fa197927a0ca89d7c6f1f4fcfe3bb4624c2fe530e11a0506064bc419e71897dcf58323a93e01ab31be513ca65e37cac5f339486337bc46e49304459bd5c5a97ea4732d5ee01cee390a692ff1f732fecc9ca7e71a88ff12b23bc3e02f655c310b429c350872ac3735488cf2681a57de7f21384a6371b97333ecd78181318c619d739269ba608b646a57ac6361c385fee46c4020659cf3fd23567276b6ae9be02bf58e31d7f96d1d6cc768cd505c268b20b3d40e48cda418dcdb243afed2efbd1ffa806fe537bc5413b77a5beac53f81f96ab226da48be740e530e73f2248db1ab12cd2413f551ec616b66a9610f9d9ab6cbc72b066af6bfbfeebf4207b75fe3328f7c3b87396db72,gx-no-cache=1554217548650 HTTP/1.1" 200 30
200.54.246.54 - - [02/Apr/2019:12:09:34 -0300] "POST /cormun/servlet/solicitudot?gx-no-cache=1554217548679 HTTP/1.1" 200 30
200.54.246.54 - - [02/Apr/2019:12:09:34 -0300] "POST /cormun/servlet/solicitudot?gx-no-cache=1554217548722 HTTP/1.1" 200 1315
200.54.246.54 - - [02/Apr/2019:12:09:34 -0300] "POST /cormun/servlet/solicitudot?gx-no-cache=1554217548777 HTTP/1.1" 200 38
200.54.246.54 - - [02/Apr/2019:12:09:34 -0300] "GET /cormun/servlet/solicitudot?49bf9ef21535ec0697756332861f485d8776c9db12d25acaa061e964d6884b55b4b0897d40c08d24bdf7f925ecb6fa8faed19b9bb914716ad1d310c290e16a9867f7bfec0e0ab9cd8fbac2045ae7d237f51157e1cdd6523aceb0bcd0efe6c61eeedff8081f00cd5250034a11ad4c5aa8,gx-no-cache=1554217548804 HTTP/1.1" 200 110
200.54.246.54 - - [02/Apr/2019:12:09:34 -0300] "POST /cormun/servlet/solicitudot?gx-no-cache=1554217548829 HTTP/1.1" 200 69
200.54.246.54 - - [02/Apr/2019:12:09:34 -0300] "GET /cormun/servlet/solicitudot?49bf9ef21535ec0697756332861f485d097e6f4e79aeaf90109406334ef89b98838db8d2adef07b6fbae9787d34cd210ec55af7fdc602a4fff2b513041379d4d5c14dd58dabc1d0dd4b82cf428cbe97b69c76717c96208a42f90f632960d5ef66ed22c7af3a637b835fbc58cbf5688da,gx-no-cache=1554217548879 HTTP/1.1" 200 29
186.103.159.187 - - [02/Apr/2019:12:09:35 -0300] "POST /cormun/servlet/trpermisosgoce?f268516658c492ca6fea65081f15361c,gx-no-cache=1554221287034 HTTP/1.1" 200 5362
186.103.159.187 - - [02/Apr/2019:12:09:35 -0300] "GET /cormun/static/Shared/jqueryui/images/ui-bg_highlight-soft_100_c6c2c8_1x100.png HTTP/1.1" 404 1117
186.103.159.187 - - [02/Apr/2019:12:09:35 -0300] "GET /cormun/static/Shared/jqueryui/images/ui-icons_82798d_256x240.png HTTP/1.1" 404 1089
186.103.159.187 - - [02/Apr/2019:12:09:35 -0300] "GET /cormun/static/Shared/jqueryui/images/ui-bg_flat_55_fafafa_40x100.png HTTP/1.1" 404 1097
186.103.159.187 - - [02/Apr/2019:12:09:35 -0300] "GET /cormun/static/Shared/jqueryui/images/ui-icons_8d78a5_256x240.png HTTP/1.1" 404 1089
186.103.159.187 - - [02/Apr/2019:12:09:38 -0300] "POST /cormun/servlet/trpermisosgoce?f268516658c492ca6fea65081f15361c,gx-no-cache=1554221289648 HTTP/1.1" 200 5335
186.103.159.187 - - [02/Apr/2019:12:09:45 -0300] "POST /cormun/servlet/trpermisosgoce?f268516658c492ca6fea65081f15361c,gx-no-cache=1554221297030 HTTP/1.1" 200 90
186.103.159.187 - - [02/Apr/2019:12:09:45 -0300] "GET /cormun/servlet/hpexe_link HTTP/1.1" 200 963
186.103.159.187 - - [02/Apr/2019:12:09:45 -0300] "GET /cormun/servlet/hhome HTTP/1.1" 200 4013
186.103.159.187 - - [02/Apr/2019:12:09:46 -0300] "GET /cormun/servlet/hhome HTTP/1.1" 200 4010
186.103.159.46 - - [02/Apr/2019:12:10:13 -0300] "GET /cormun/servlet/hlogin HTTP/1.1" 200 1730
186.103.159.46 - - [02/Apr/2019:12:10:14 -0300] "GET /cormun/servlet/hlogin HTTP/1.1" 200 1736
186.103.159.46 - - [02/Apr/2019:12:10:28 -0300] "POST /cormun/servlet/hlogin?a74476a0fb0860603ac5a2c1607d7565,gx-no-cache=1554217606854 HTTP/1.1" 200 90
186.103.159.46 - - [02/Apr/2019:12:10:28 -0300] "GET /cormun/servlet/hpexe_link HTTP/1.1" 200 955
186.103.159.46 - - [02/Apr/2019:12:10:28 -0300] "GET /cormun/static/gxcfg.js?20177612121792 HTTP/1.1" 200 953
186.103.159.46 - - [02/Apr/2019:12:10:28 -0300] "GET /cormun/static/hpexe_link.js?20177612121795 HTTP/1.1" 200 625
186.103.159.46 - - [02/Apr/2019:12:10:29 -0300] "GET /cormun/servlet/hhome HTTP/1.1" 200 4056
186.103.159.46 - - [02/Apr/2019:12:10:30 -0300] "GET /cormun/static/Resources/Spanish/PXTools.css?11423723 HTTP/1.1" 200 89042
186.103.159.46 - - [02/Apr/2019:12:10:30 -0300] "GET /cormun/static/gxcfg.js?20175251212442 HTTP/1.1" 200 953
186.103.159.46 - - [02/Apr/2019:12:10:30 -0300] "GET /cormun/static/hhome.js?20175251212450 HTTP/1.1" 200 777
186.103.159.46 - - [02/Apr/2019:12:10:32 -0300] "GET /cormun/servlet/hhome HTTP/1.1" 200 4052
186.103.159.46 - - [02/Apr/2019:12:10:32 -0300] "GET /cormun/static/SmoothNavMenu/resources/images/down.gif HTTP/1.1" 200 854
186.103.159.46 - - [02/Apr/2019:12:10:40 -0300] "GET /cormun/servlet/trsolicitudot? HTTP/1.1" 200 8680
186.103.159.46 - - [02/Apr/2019:12:10:41 -0300] "GET /cormun/static/gxui/gxui-all.css?120300 HTTP/1.1" 200 2179
186.103.159.46 - - [02/Apr/2019:12:10:41 -0300] "GET /cormun/static/calendar-system.css?85620 HTTP/1.1" 200 5572
186.103.159.46 - - [02/Apr/2019:12:10:41 -0300] "GET /cormun/static/gxcfg.js?2017111422585916 HTTP/1.1" 200 953
