190.171.154.42 - - [02/Apr/2019:17:16:16 -0300] "POST /cormun/servlet/solicitudot?gx-no-cache=1554235952799 HTTP/1.1" 200 41
190.171.154.42 - - [02/Apr/2019:17:16:17 -0300] "GET /cormun/servlet/solicitudot?4157eb2095921d58658126d53618b288dc836d8cdeddfdb8242904b7c2b406acfdf1c193168af00bd21f2ffc7ea192a4a3ceb807a08a7bcd6d2f02fe8750f99995e8e304b69963ceed7b1a8b8fa68d035b7aa49b5fd3a227fa25ce17d0b9bbecafde5a26abc3d8fad75e4afb4b956a77,gx-no-cache=1554235953386 HTTP/1.1" 200 110
190.171.154.42 - - [02/Apr/2019:17:16:17 -0300] "POST /cormun/servlet/solicitudot?gx-no-cache=1554235953556 HTTP/1.1" 200 67
190.171.154.42 - - [02/Apr/2019:17:16:17 -0300] "POST /cormun/servlet/solicitudot?gx-no-cache=1554235953978 HTTP/1.1" 200 33
190.171.152.114 - - [02/Apr/2019:17:16:24 -0300] "GET /cormun/servlet/solicitudot?a5c05ec08f686fb2f8b989c142906841574c501ee3c32edeab35c99d5d92166e4d1558bc5ff2e7cb25fb673d5d9762760f08a3db8694a495afec39c6ce2ad325c7fbaa84b037f1f2bf297e184ce49476d6d28026e92a0cc759ccb85a4d0a6f4d44c06132008d52d1a01ad96305f0e4a2,gx-no-cache=1554235962497 HTTP/1.1" 200 29
190.171.152.114 - - [02/Apr/2019:17:16:24 -0300] "GET /cormun/static/menuarrow.gif HTTP/1.1" 404 1015
190.171.152.114 - - [02/Apr/2019:17:16:33 -0300] "GET /cormun/servlet/solicitudot?a5c05ec08f686fb2f8b989c1429068413f4be9474fbfac2a90534d8486dddca2b72bb6b03a2d94b50cd7ddf29e86d412,gx-no-cache=1554235971624 HTTP/1.1" 200 30
186.103.156.24 - - [02/Apr/2019:17:16:36 -0300] "GET /cormun/servlet/solicitudot?8bd0fa3e3399a530d254aa7b471a6ad7d3b1394c45ebf75c543deea931f29705bd9be6fbb64fe47d86c2a501475e80a415d3fb2a8e5785f6c9ffcb874ff8fb9a3808393dfaca6119cacac3a0765bb91db8d56ce38e77e0cdca136e3c5190439dc24c6ffc1039493b34e423a1070046e7,gx-no-cache=1554235974001 HTTP/1.1" 200 110
186.103.156.24 - - [02/Apr/2019:17:16:37 -0300] "POST /cormun/servlet/solicitudot?gx-no-cache=1554235974194 HTTP/1.1" 200 72
186.103.156.24 - - [02/Apr/2019:17:16:37 -0300] "GET /cormun/servlet/solicitudot?8bd0fa3e3399a530d254aa7b471a6ad7554f977a1527d70f5516fa8997a56fec12976f93d140c3bbdc0f34b15b0d791e733704c10a1626dde17584748bc8bb325b1119bb917c4f2716edba2c172500fa9fd38ddee453492296a5a6eebdb488005596d70f229f7266f0f07fc4ce4b2709,gx-no-cache=1554235974331 HTTP/1.1" 200 29
190.171.152.114 - - [02/Apr/2019:17:16:42 -0300] "POST /cormun/servlet/solicitudot?gx-no-cache=1554235980570 HTTP/1.1" 200 33
186.103.156.24 - - [02/Apr/2019:17:16:45 -0300] "GET /cormun/servlet/solicitudot?8bd0fa3e3399a530d254aa7b471a6ad7d3b1394c45ebf75c543deea931f29705bd9be6fbb64fe47d86c2a501475e80a415d3fb2a8e5785f6c9ffcb874ff8fb9a3808393dfaca6119cacac3a0765bb91db8d56ce38e77e0cdca136e3c5190439dc24c6ffc1039493b34e423a1070046e7,gx-no-cache=1554235982662 HTTP/1.1" 200 110
186.103.156.24 - - [02/Apr/2019:17:16:51 -0300] "GET /cormun/servlet/solicitudot?8bd0fa3e3399a530d254aa7b471a6ad7e6c5e9958b97ba22b7642ac3ba47c1c45dcd883e8b846f7df2042afe2860733a,gx-no-cache=1554235988707 HTTP/1.1" 200 30
186.103.156.24 - - [02/Apr/2019:17:16:53 -0300] "POST /cormun/servlet/solicitudot?gx-no-cache=1554235988836 HTTP/1.1" 200 34
186.103.156.24 - - [02/Apr/2019:17:16:56 -0300] "POST /cormun/servlet/solicitudot?c2d10126f61a78d3868e875199c8fb9e,INS,0,0,,gx-no-cache=1554235990366 HTTP/1.1" 200 12342
186.103.156.24 - - [02/Apr/2019:17:17:08 -0300] "GET /cormun/servlet/solicitudot?8bd0fa3e3399a530d254aa7b471a6ad7b0014ed8dfe83b0eeef0671f152af90492ff31f77ba59d50d8447dd764b7cdf562b67e01f6c0cd5e0581c57d84e413b5,gx-no-cache=1554236005302 HTTP/1.1" 200 30
186.103.156.24 - - [02/Apr/2019:17:17:08 -0300] "GET /cormun/servlet/solicitudot?8bd0fa3e3399a530d254aa7b471a6ad7c0b412e0833c2388bd59a8a22f7190351de961ce90c49cbe321e915401e639a23b90b8e36fe7bca7c3fa2d5ab19b4f8763eb7c1892a8b62bd51e6c27f9eb702340655cd91eb6efc2cdd5875381bd468ff6098b2b169e4e0dceee0f4c492ea6fe67082368c12d32195abc5919cf8548fed0058ec571562d7bd4ddb3c0c07c8298081614d69157c097985c3eadb13ab1a54076b98c9d81620f95807272957b7e9dae6b29bdcfcb7649ca75bedb02a629c62c49d1585d14ef08da6b86fd6f2e481c12c9829b709dea03735abf7e58b54a0922c3fe718749a611d04590727b3452e9bdd423659e012009251a03426213acc56e6f71cd64fe25e831c0b170058ec1a0553dd123d812100c5ca725de72eb41bef08770f8a9929c7245093b55f16c3675f959aa046f636ac98f913ac41fadf32430f3aa0952e7861d22d0e6782fdc55010d7d19e5ecc6aa3bfd0af6b5702bd42f9cd1c5291ea5e96982ee9f291c70eb1b1f4c93e99ca689675a3bdce1c5d1dfda527ad8b48dca48e41ea6b19607d72586,gx-no-cache=1554236005434 HTTP/1.1" 200 30
186.103.156.24 - - [02/Apr/2019:17:17:08 -0300] "POST /cormun/servlet/solicitudot?gx-no-cache=1554236005570 HTTP/1.1" 200 30
186.103.156.24 - - [02/Apr/2019:17:17:09 -0300] "POST /cormun/servlet/solicitudot?gx-no-cache=1554236005712 HTTP/1.1" 200 1314
186.103.156.24 - - [02/Apr/2019:17:17:09 -0300] "POST /cormun/servlet/solicitudot?gx-no-cache=1554236006564 HTTP/1.1" 200 41
186.103.156.24 - - [02/Apr/2019:17:17:09 -0300] "GET /cormun/servlet/solicitudot?8bd0fa3e3399a530d254aa7b471a6ad7d3b1394c45ebf75c543deea931f29705bd9be6fbb64fe47d86c2a501475e80a415d3fb2a8e5785f6c9ffcb874ff8fb9a3808393dfaca6119cacac3a0765bb91db8d56ce38e77e0cdca136e3c5190439dc24c6ffc1039493b34e423a1070046e7,gx-no-cache=1554236006692 HTTP/1.1" 200 110
186.103.156.24 - - [02/Apr/2019:17:17:10 -0300] "POST /cormun/servlet/solicitudot?gx-no-cache=1554236007146 HTTP/1.1" 200 67
186.103.156.24 - - [02/Apr/2019:17:17:10 -0300] "GET /cormun/servlet/solicitudot?8bd0fa3e3399a530d254aa7b471a6ad7e6c5e9958b97ba22b7642ac3ba47c1c45dcd883e8b846f7df2042afe2860733a,gx-no-cache=1554236007417 HTTP/1.1" 200 30
186.103.156.24 - - [02/Apr/2019:17:17:10 -0300] "POST /cormun/servlet/solicitudot?gx-no-cache=1554236007525 HTTP/1.1" 200 34
186.103.156.24 - - [02/Apr/2019:17:17:12 -0300] "POST /cormun/servlet/solicitudot?c2d10126f61a78d3868e875199c8fb9e,INS,0,0,,gx-no-cache=1554236007668 HTTP/1.1" 200 93
186.103.156.24 - - [02/Apr/2019:17:17:12 -0300] "GET /cormun/servlet/hpexe_return? HTTP/1.1" 200 1007
186.103.156.24 - - [02/Apr/2019:17:17:12 -0300] "GET /cormun/servlet/trsolicitudot HTTP/1.1" 200 8969
186.103.156.24 - - [02/Apr/2019:17:17:13 -0300] "GET /cormun/servlet/trsolicitudot HTTP/1.1" 200 8965
186.103.156.24 - - [02/Apr/2019:17:17:17 -0300] "POST /cormun/servlet/trsolicitudot?c2d10126f61a78d3868e875199c8fb9e,gx-no-cache=1554236014293 HTTP/1.1" 200 107
186.103.156.24 - - [02/Apr/2019:17:17:17 -0300] "GET /cormun/servlet/trsolicitudadjuntos?2019,15074, HTTP/1.1" 200 6437
186.103.156.24 - - [02/Apr/2019:17:17:18 -0300] "GET /cormun/static/gxcfg.js?20177612135366 HTTP/1.1" 304 -
186.103.156.24 - - [02/Apr/2019:17:17:21 -0300] "GET /cormun/servlet/trsolicitudadjuntos?2019,15074, HTTP/1.1" 200 6438
190.171.152.114 - - [02/Apr/2019:17:17:29 -0300] "POST /cormun/servlet/solicitudot?fe71d48f6928b0dff3979eb0e31b4070,INS,0,0,,gx-no-cache=1554236027663 HTTP/1.1" 200 93
190.171.152.114 - - [02/Apr/2019:17:17:29 -0300] "GET /cormun/servlet/hpexe_return? HTTP/1.1" 200 1009
190.171.152.114 - - [02/Apr/2019:17:17:30 -0300] "GET /cormun/servlet/trsolicitudot HTTP/1.1" 200 9177
186.103.156.24 - - [02/Apr/2019:17:17:31 -0300] "GET /cormun/servlet/solicitudotadjuntos?INS,2019,15074,,1, HTTP/1.1" 200 6377
186.103.156.24 - - [02/Apr/2019:17:17:32 -0300] "GET /cormun/static/gxcfg.js?2017761244068 HTTP/1.1" 304 -
186.103.156.24 - - [02/Apr/2019:17:17:32 -0300] "GET /cormun/static/about:blank HTTP/1.1" 404 1011
186.103.156.24 - - [02/Apr/2019:17:17:32 -0300] "GET /cormun/servlet/solicitudotadjuntos?INS,2019,15074,,1, HTTP/1.1" 200 6371
186.103.156.24 - - [02/Apr/2019:17:17:33 -0300] "GET /cormun/servlet/solicitudotadjuntos?8bd0fa3e3399a530d254aa7b471a6ad7d8906821ba7720caf799407a5ef6f4d55deb960b4e3814d6a2b3a89d45b9579b,gx-no-cache=1554236030462 HTTP/1.1" 200 30
186.103.156.24 - - [02/Apr/2019:17:17:34 -0300] "POST /cormun/servlet/solicitudotadjuntos?c2d10126f61a78d3868e875199c8fb9e,INS,2019,15074,,1,,gx-no-cache=1554236030602 HTTP/1.1" 200 4067
186.103.156.24 - - [02/Apr/2019:17:17:40 -0300] "POST /cormun/servlet/solicitudotadjuntos?gx-no-cache=1554236037368 HTTP/1.1" 200 26
190.171.154.42 - - [02/Apr/2019:17:17:41 -0300] "POST /cormun/servlet/solicitudot?6e66e8746178442451f4021c5517d882,INS,0,0,,gx-no-cache=1554236036405 HTTP/1.1" 200 12327
190.171.152.138 - - [02/Apr/2019:17:17:41 -0300] "POST /cormun/servlet/licenciaspermisosadjuntos?a0c90a15b1ea1341ee8a282a2c9e38cd,INS,8838737,L,20190402000000,, HTTP/1.1" 200 116
190.171.152.138 - - [02/Apr/2019:17:17:41 -0300] "GET /cormun/servlet/hpexe_return? HTTP/1.1" 200 1043
190.171.152.138 - - [02/Apr/2019:17:17:42 -0300] "GET /cormun/servlet/trlicenciaspermisosadjuntos?8838737,20190402000000,L, HTTP/1.1" 200 6792
190.171.152.114 - - [02/Apr/2019:17:17:42 -0300] "POST /cormun/servlet/trsolicitudot?fe71d48f6928b0dff3979eb0e31b4070,gx-no-cache=1554236040306 HTTP/1.1" 200 106
190.171.152.114 - - [02/Apr/2019:17:17:42 -0300] "GET /cormun/servlet/solicitudot?UPD,2019,15075, HTTP/1.1" 200 15833
190.171.152.138 - - [02/Apr/2019:17:17:43 -0300] "GET /cormun/servlet/trlicenciaspermisosadjuntos?8838737,20190402000000,L, HTTP/1.1" 200 6789
190.171.152.114 - - [02/Apr/2019:17:17:44 -0300] "POST /cormun/servlet/solicitudot?gx-no-cache=1554236042594 HTTP/1.1" 200 3532
190.171.154.42 - - [02/Apr/2019:17:17:45 -0300] "POST /cormun/servlet/solicitudot?6e66e8746178442451f4021c5517d882,INS,0,0,,gx-no-cache=1554236041571 HTTP/1.1" 200 93
190.171.152.114 - - [02/Apr/2019:17:17:45 -0300] "POST /cormun/servlet/solicitudot?fe71d48f6928b0dff3979eb0e31b4070,UPD,2019,15075,,gx-no-cache=1554236042945 HTTP/1.1" 200 12075
190.171.154.42 - - [02/Apr/2019:17:17:45 -0300] "GET /cormun/servlet/hpexe_return? HTTP/1.1" 200 1006
190.171.152.114 - - [02/Apr/2019:17:17:45 -0300] "GET /cormun/servlet/solicitudot?a5c05ec08f686fb2f8b989c142906841e821db1606911856cb6d2950b1d6b9a15a6bdde02a4f4808f7095cf3a22c3d58,gx-no-cache=1554236044095 HTTP/1.1" 200 30
190.171.152.114 - - [02/Apr/2019:17:17:45 -0300] "GET /cormun/servlet/solicitudot?a5c05ec08f686fb2f8b989c142906841abe01bf3ca1e181f390166ff4e3cbda7a4c41d6dcf295d98964e492d3e2fb67ee870c1b1954b89f9c862e333d614a1c1,gx-no-cache=1554236044240 HTTP/1.1" 200 30
190.171.154.42 - - [02/Apr/2019:17:17:46 -0300] "GET /cormun/servlet/trsolicitudot HTTP/1.1" 200 10395
190.171.152.114 - - [02/Apr/2019:17:17:46 -0300] "GET /cormun/servlet/solicitudot?a5c05ec08f686fb2f8b989c1429068413659ab01e8843a2f0394fd0e87406814aff147beb93f2a2b1ded0c4649c10bf9eef92259bfdd775db6bc041fd52b5ee0,gx-no-cache=1554236044346 HTTP/1.1" 200 53
190.171.152.114 - - [02/Apr/2019:17:17:46 -0300] "POST /cormun/servlet/solicitudot?gx-no-cache=1554236044464 HTTP/1.1" 200 256
190.171.152.114 - - [02/Apr/2019:17:17:46 -0300] "GET /cormun/servlet/solicitudot?a5c05ec08f686fb2f8b989c14290684180c03fa1e88339b2c29d3bf1ec8d4e88a1072ad47cb86aa3e21de9d2cb732b0166e4199ff47b3f2133cf15549d50b3f4264d8cc5db0d0d5ff079d76abd003474c817d40525629018246857218ee3b3c364ee9c9be250241bbc5150f40c1ee2253df9205999b37b7caec1b8bc153bafd508115b4b6993d8b76108782a203b691f8a89e09984c643a4abb2a98f550d68f278b089b31207cb47b065e3377e57831d54415a89223722f1883ad713262f7ce7aae1ff6df16044874e87ccf6915e942e5faf254291827973dc9dff2056f5bbf0117077ed9ddc8ee2948c598d069110daa87114ae4a5cf68520b827774e121fe06a96cec61883f6348e7b6893b57857fc1ec5704ba38331a615b8ced07206fa004fd8354d0697a875303d195a6892c8b0a14d90009d3ab0b28dcd362a14f35f270ee702f7339c3487dea96a2916c05df1e5d40f4b8ffd2466c62c09d12b0fb807d0ad66f5874e5e71d696b767af63650c6428891eb8529204f345ee8f67832a79,gx-no-cache=1554236044591 HTTP/1.1" 200 30
190.171.152.114 - - [02/Apr/2019:17:17:46 -0300] "POST /cormun/servlet/solicitudot?gx-no-cache=1554236044691 HTTP/1.1" 200 30
190.171.152.114 - - [02/Apr/2019:17:17:46 -0300] "POST /cormun/servlet/solicitudot?gx-no-cache=1554236044838 HTTP/1.1" 200 1315
190.171.152.114 - - [02/Apr/2019:17:17:46 -0300] "POST /cormun/servlet/solicitudot?gx-no-cache=1554236044978 HTTP/1.1" 200 40
190.171.152.138 - - [02/Apr/2019:17:17:47 -0300] "POST /cormun/servlet/trlicenciaspermisosadjuntos?a0c90a15b1ea1341ee8a282a2c9e38cd,8838737,20190402000000,L,,gx-no-cache=1554239640790 HTTP/1.1" 200 90
190.171.152.138 - - [02/Apr/2019:17:17:47 -0300] "GET /cormun/servlet/hpexe_link HTTP/1.1" 200 984
190.171.152.138 - - [02/Apr/2019:17:17:47 -0300] "GET /cormun/servlet/trlicencias HTTP/1.1" 200 9885
190.171.154.42 - - [02/Apr/2019:17:17:47 -0300] "GET /cormun/servlet/trsolicitudot HTTP/1.1" 200 10391
190.171.152.138 - - [02/Apr/2019:17:17:48 -0300] "GET /cormun/servlet/trlicencias HTTP/1.1" 200 9883
190.171.152.114 - - [02/Apr/2019:17:17:49 -0300] "GET /cormun/servlet/solicitudot?a5c05ec08f686fb2f8b989c14290684124934c21a7109c3cce33391fcba79aa58c5ae986b79f550c44f4f0506e676831b5bd5bfb9f38673f97f11404b210d38ec414f8a2d285724eb1254da55b4b88141bc32884bd815664d29372cb54881334ac8aac3689de193ff01eb6611740fd66,gx-no-cache=1554236047908 HTTP/1.1" 200 110
186.103.156.24 - - [02/Apr/2019:17:17:49 -0300] "GET /cormun/servlet/solicitudotadjuntos?8bd0fa3e3399a530d254aa7b471a6ad7372a99fcd66ffaf07f88179df0f8e7e6,gx-no-cache=1554236046758 HTTP/1.1" 200 30
186.103.156.24 - - [02/Apr/2019:17:17:49 -0300] "GET /cormun/servlet/solicitudotadjuntos?8bd0fa3e3399a530d254aa7b471a6ad7372a99fcd66ffaf07f88179df0f8e7e6,gx-no-cache=1554236046851 HTTP/1.1" 200 30
190.171.152.114 - - [02/Apr/2019:17:17:49 -0300] "POST /cormun/servlet/solicitudot?gx-no-cache=1554236048025 HTTP/1.1" 200 97
190.171.152.114 - - [02/Apr/2019:17:17:49 -0300] "GET /cormun/servlet/solicitudot?a5c05ec08f686fb2f8b989c142906841a0f125a4321da9e935c1ac2de920e7b4f17c7d73eeac80fce4a5c98a7fffdeb28a24cb544892d65d4bf92786643190f3bb01e4ffd74d656f1bb053a00e153719206109a071d76ca7bfda4de1de7c754d49f7925031679dfd87b39603040a226fc8557d20180664cb8657f9b21f2f522ab709030c50c1549b27ea2047da2b7cda82acd17d3ec3bf9cc1dcdfe6b545afb2,gx-no-cache=1554236048122 HTTP/1.1" 200 29
190.171.152.114 - - [02/Apr/2019:17:17:49 -0300] "GET /cormun/servlet/solicitudot?a5c05ec08f686fb2f8b989c1429068413f4be9474fbfac2a90534d8486dddca2b72bb6b03a2d94b50cd7ddf29e86d412,gx-no-cache=1554236048172 HTTP/1.1" 200 30
190.171.152.114 - - [02/Apr/2019:17:17:50 -0300] "POST /cormun/servlet/solicitudot?gx-no-cache=1554236048273 HTTP/1.1" 200 33
186.103.156.24 - - [02/Apr/2019:17:17:51 -0300] "POST /cormun/servlet/solicitudotadjuntos?c2d10126f61a78d3868e875199c8fb9e,INS,2019,15074,,1, HTTP/1.1" 200 116
186.103.156.24 - - [02/Apr/2019:17:17:51 -0300] "GET /cormun/servlet/hpexe_return? HTTP/1.1" 200 1028
186.103.156.24 - - [02/Apr/2019:17:17:51 -0300] "GET /cormun/servlet/trsolicitudadjuntos?2019,15074, HTTP/1.1" 200 9049
186.103.156.24 - - [02/Apr/2019:17:17:52 -0300] "GET /cormun/servlet/trsolicitudadjuntos?2019,15074, HTTP/1.1" 200 9047
186.103.156.24 - - [02/Apr/2019:17:17:56 -0300] "GET /cormun/servlet/solicitudotadjuntos?INS,2019,15074,,1, HTTP/1.1" 200 6378
186.103.156.24 - - [02/Apr/2019:17:17:56 -0300] "GET /cormun/static/about:blank HTTP/1.1" 404 1011
186.103.156.24 - - [02/Apr/2019:17:17:56 -0300] "GET /cormun/servlet/solicitudotadjuntos?INS,2019,15074,,1, HTTP/1.1" 200 6371
186.103.156.24 - - [02/Apr/2019:17:17:57 -0300] "GET /cormun/servlet/solicitudotadjuntos?8bd0fa3e3399a530d254aa7b471a6ad7d8906821ba7720caf799407a5ef6f4d55deb960b4e3814d6a2b3a89d45b9579b,gx-no-cache=1554236054358 HTTP/1.1" 200 30
186.103.156.24 - - [02/Apr/2019:17:17:57 -0300] "POST /cormun/servlet/solicitudotadjuntos?c2d10126f61a78d3868e875199c8fb9e,INS,2019,15074,,1,,gx-no-cache=1554236054484 HTTP/1.1" 200 4066
190.171.152.114 - - [02/Apr/2019:17:18:00 -0300] "POST /cormun/servlet/solicitudot?fe71d48f6928b0dff3979eb0e31b4070,UPD,2019,15075,,gx-no-cache=1554236058884 HTTP/1.1" 200 93
186.103.156.24 - - [02/Apr/2019:17:18:00 -0300] "POST /cormun/servlet/solicitudotadjuntos?gx-no-cache=1554236057966 HTTP/1.1" 200 26
190.171.152.114 - - [02/Apr/2019:17:18:00 -0300] "GET /cormun/servlet/hpexe_return? HTTP/1.1" 200 1016
190.171.152.114 - - [02/Apr/2019:17:18:01 -0300] "GET /cormun/servlet/trsolicitudot HTTP/1.1" 200 9177
190.171.152.138 - - [02/Apr/2019:17:18:06 -0300] "POST /cormun/servlet/trlicencias?a0c90a15b1ea1341ee8a282a2c9e38cd,gx-no-cache=1554239660435 HTTP/1.1" 200 7292
190.171.152.138 - - [02/Apr/2019:17:18:06 -0300] "GET /cormun/static/Shared/jqueryui/images/ui-bg_highlight-soft_100_c6c2c8_1x100.png HTTP/1.1" 404 1117
190.171.152.138 - - [02/Apr/2019:17:18:07 -0300] "GET /cormun/static/Shared/jqueryui/images/ui-icons_82798d_256x240.png HTTP/1.1" 404 1089
190.171.152.138 - - [02/Apr/2019:17:18:07 -0300] "GET /cormun/static/Shared/jqueryui/images/ui-bg_flat_55_fafafa_40x100.png HTTP/1.1" 404 1097
190.171.152.138 - - [02/Apr/2019:17:18:07 -0300] "GET /cormun/static/Shared/jqueryui/images/ui-icons_8d78a5_256x240.png HTTP/1.1" 404 1089
190.171.152.114 - - [02/Apr/2019:17:18:09 -0300] "POST /cormun/servlet/trsolicitudot?fe71d48f6928b0dff3979eb0e31b4070,gx-no-cache=1554236067501 HTTP/1.1" 200 106
190.171.152.114 - - [02/Apr/2019:17:18:09 -0300] "GET /cormun/servlet/solicitudot?UPD,2019,15071, HTTP/1.1" 200 15778
190.171.152.114 - - [02/Apr/2019:17:18:11 -0300] "POST /cormun/servlet/solicitudot?gx-no-cache=1554236069268 HTTP/1.1" 200 3519
186.103.156.24 - - [02/Apr/2019:17:18:11 -0300] "GET /cormun/servlet/solicitudotadjuntos?8bd0fa3e3399a530d254aa7b471a6ad7372a99fcd66ffaf07f88179df0f8e7e6,gx-no-cache=1554236068223 HTTP/1.1" 200 30
186.103.156.24 - - [02/Apr/2019:17:18:11 -0300] "GET /cormun/servlet/solicitudotadjuntos?8bd0fa3e3399a530d254aa7b471a6ad7372a99fcd66ffaf07f88179df0f8e7e6,gx-no-cache=1554236068316 HTTP/1.1" 200 30
190.171.152.114 - - [02/Apr/2019:17:18:12 -0300] "POST /cormun/servlet/solicitudot?fe71d48f6928b0dff3979eb0e31b4070,UPD,2019,15071,,gx-no-cache=1554236069648 HTTP/1.1" 200 12052
190.171.152.114 - - [02/Apr/2019:17:18:12 -0300] "GET /cormun/servlet/solicitudot?a5c05ec08f686fb2f8b989c142906841e821db1606911856cb6d2950b1d6b9a15a6bdde02a4f4808f7095cf3a22c3d58,gx-no-cache=1554236070666 HTTP/1.1" 200 30
190.171.152.114 - - [02/Apr/2019:17:18:12 -0300] "GET /cormun/servlet/solicitudot?a5c05ec08f686fb2f8b989c142906841abe01bf3ca1e181f390166ff4e3cbda7a4c41d6dcf295d98964e492d3e2fb67ee870c1b1954b89f9c862e333d614a1c1,gx-no-cache=1554236070857 HTTP/1.1" 200 30
190.171.152.114 - - [02/Apr/2019:17:18:12 -0300] "GET /cormun/servlet/solicitudot?a5c05ec08f686fb2f8b989c1429068413659ab01e8843a2f0394fd0e87406814aff147beb93f2a2b1ded0c4649c10bf9eef92259bfdd775db6bc041fd52b5ee0,gx-no-cache=1554236070968 HTTP/1.1" 200 53
190.171.152.114 - - [02/Apr/2019:17:18:12 -0300] "POST /cormun/servlet/solicitudot?gx-no-cache=1554236071088 HTTP/1.1" 200 254
190.171.152.114 - - [02/Apr/2019:17:18:12 -0300] "GET /cormun/servlet/solicitudot?a5c05ec08f686fb2f8b989c14290684180c03fa1e88339b2c29d3bf1ec8d4e88a1072ad47cb86aa3e21de9d2cb732b0166e4199ff47b3f2133cf15549d50b3f4264d8cc5db0d0d5ff079d76abd003474c817d40525629018246857218ee3b3c364ee9c9be250241bbc5150f40c1ee2253df9205999b37b7caec1b8bc153bafd508115b4b6993d8b76108782a203b691f8a89e09984c643a4abb2a98f550d68f278b089b31207cb47b065e3377e57831d54415a89223722f1883ad713262f7ce7aae1ff6df16044874e87ccf6915e942e5faf254291827973dc9dff2056f5bbf0117077ed9ddc8ee2948c598d069110daa87114ae4a5cf68520b827774e121fe06a96cec61883f6348e7b6893b57857fc1ec5704ba38331a615b8ced07206fa004fd8354d0697a875303d195a6892c8b0a14d90009d3ab0b28dcd362a14f35f270ee702f7339c3487dea96a2916c05df1e5d40f4b8ffd2466c62c09d12b0fb807d0ad66f5874e5e71d696b767af63650c6428891eb8529204f345ee8f67832a79,gx-no-cache=1554236071218 HTTP/1.1" 200 30
190.171.152.114 - - [02/Apr/2019:17:18:12 -0300] "POST /cormun/servlet/solicitudot?gx-no-cache=1554236071330 HTTP/1.1" 200 30
190.171.152.114 - - [02/Apr/2019:17:18:13 -0300] "POST /cormun/servlet/solicitudot?gx-no-cache=1554236071435 HTTP/1.1" 200 1315
190.171.152.114 - - [02/Apr/2019:17:18:13 -0300] "POST /cormun/servlet/solicitudot?gx-no-cache=1554236071555 HTTP/1.1" 200 40
186.103.156.24 - - [02/Apr/2019:17:18:14 -0300] "POST /cormun/servlet/solicitudotadjuntos?c2d10126f61a78d3868e875199c8fb9e,INS,2019,15074,,1, HTTP/1.1" 200 116
186.103.156.24 - - [02/Apr/2019:17:18:15 -0300] "GET /cormun/servlet/hpexe_return? HTTP/1.1" 200 1028
186.103.156.24 - - [02/Apr/2019:17:18:15 -0300] "GET /cormun/servlet/trsolicitudadjuntos?2019,15074, HTTP/1.1" 200 9279
186.103.156.24 - - [02/Apr/2019:17:18:15 -0300] "GET /cormun/servlet/trsolicitudadjuntos?2019,15074, HTTP/1.1" 200 9277
186.103.156.24 - - [02/Apr/2019:17:18:19 -0300] "GET /cormun/servlet/solicitudotadjuntos?INS,2019,15074,,1, HTTP/1.1" 200 6378
186.103.156.24 - - [02/Apr/2019:17:18:20 -0300] "GET /cormun/static/about:blank HTTP/1.1" 404 1011
186.103.156.24 - - [02/Apr/2019:17:18:20 -0300] "GET /cormun/servlet/solicitudotadjuntos?INS,2019,15074,,1, HTTP/1.1" 200 6371
186.103.156.24 - - [02/Apr/2019:17:18:20 -0300] "GET /cormun/servlet/solicitudotadjuntos?8bd0fa3e3399a530d254aa7b471a6ad7d8906821ba7720caf799407a5ef6f4d55deb960b4e3814d6a2b3a89d45b9579b,gx-no-cache=1554236078019 HTTP/1.1" 200 30
186.103.156.24 - - [02/Apr/2019:17:18:21 -0300] "POST /cormun/servlet/solicitudotadjuntos?c2d10126f61a78d3868e875199c8fb9e,INS,2019,15074,,1,,gx-no-cache=1554236078150 HTTP/1.1" 200 4066
186.103.156.24 - - [02/Apr/2019:17:18:24 -0300] "POST /cormun/servlet/solicitudotadjuntos?gx-no-cache=1554236081983 HTTP/1.1" 200 26
190.171.152.138 - - [02/Apr/2019:17:18:28 -0300] "GET /cormun/servlet/licenciaspermisos?INS,0,,, HTTP/1.1" 200 7482
190.171.152.114 - - [02/Apr/2019:17:18:28 -0300] "POST /cormun/servlet/solicitudot?gx-no-cache=1554236087128 HTTP/1.1" 200 30
190.171.152.138 - - [02/Apr/2019:17:18:28 -0300] "GET /cormun/servlet/licenciaspermisos?INS,0,,, HTTP/1.1" 200 7482
190.171.152.114 - - [02/Apr/2019:17:18:28 -0300] "POST /cormun/servlet/solicitudot?gx-no-cache=1554236087306 HTTP/1.1" 200 1315
190.171.152.114 - - [02/Apr/2019:17:18:29 -0300] "POST /cormun/servlet/solicitudot?gx-no-cache=1554236087425 HTTP/1.1" 200 40
190.171.152.114 - - [02/Apr/2019:17:18:29 -0300] "GET /cormun/servlet/solicitudot?a5c05ec08f686fb2f8b989c14290684124934c21a7109c3cce33391fcba79aa58c5ae986b79f550c44f4f0506e676831b5bd5bfb9f38673f97f11404b210d38ec414f8a2d285724eb1254da55b4b88141bc32884bd815664d29372cb54881334ac8aac3689de193ff01eb6611740fd66,gx-no-cache=1554236087506 HTTP/1.1" 200 110
190.171.152.114 - - [02/Apr/2019:17:18:29 -0300] "POST /cormun/servlet/solicitudot?gx-no-cache=1554236087574 HTTP/1.1" 200 97
190.171.152.114 - - [02/Apr/2019:17:18:29 -0300] "GET /cormun/servlet/solicitudot?a5c05ec08f686fb2f8b989c142906841a0f125a4321da9e935c1ac2de920e7b4f17c7d73eeac80fce4a5c98a7fffdeb28a24cb544892d65d4bf92786643190f3bb01e4ffd74d656f1bb053a00e153719206109a071d76ca7bfda4de1de7c754d49f7925031679dfd87b39603040a226fc8557d20180664cb8657f9b21f2f522ab709030c50c1549b27ea2047da2b7cda82acd17d3ec3bf9cc1dcdfe6b545afb2,gx-no-cache=1554236087636 HTTP/1.1" 200 29
190.171.152.114 - - [02/Apr/2019:17:18:29 -0300] "GET /cormun/servlet/solicitudot?a5c05ec08f686fb2f8b989c1429068413f4be9474fbfac2a90534d8486dddca2b72bb6b03a2d94b50cd7ddf29e86d412,gx-no-cache=1554236087694 HTTP/1.1" 200 30
190.171.152.114 - - [02/Apr/2019:17:18:29 -0300] "POST /cormun/servlet/solicitudot?gx-no-cache=1554236087772 HTTP/1.1" 200 30
190.171.152.114 - - [02/Apr/2019:17:18:29 -0300] "POST /cormun/servlet/solicitudot?fe71d48f6928b0dff3979eb0e31b4070,UPD,2019,15071,,gx-no-cache=1554236087855 HTTP/1.1" 200 93
190.171.152.114 - - [02/Apr/2019:17:18:29 -0300] "GET /cormun/servlet/hpexe_return? HTTP/1.1" 200 1016
186.103.156.24 - - [02/Apr/2019:17:18:30 -0300] "GET /cormun/servlet/solicitudotadjuntos?8bd0fa3e3399a530d254aa7b471a6ad7372a99fcd66ffaf07f88179df0f8e7e6,gx-no-cache=1554236087207 HTTP/1.1" 200 30
190.171.152.114 - - [02/Apr/2019:17:18:30 -0300] "GET /cormun/servlet/trsolicitudot HTTP/1.1" 200 9171
186.103.156.24 - - [02/Apr/2019:17:18:30 -0300] "GET /cormun/servlet/solicitudotadjuntos?8bd0fa3e3399a530d254aa7b471a6ad7372a99fcd66ffaf07f88179df0f8e7e6,gx-no-cache=1554236087314 HTTP/1.1" 200 30
186.103.156.24 - - [02/Apr/2019:17:18:32 -0300] "POST /cormun/servlet/solicitudotadjuntos?c2d10126f61a78d3868e875199c8fb9e,INS,2019,15074,,1, HTTP/1.1" 200 116
186.103.156.24 - - [02/Apr/2019:17:18:32 -0300] "GET /cormun/servlet/hpexe_return? HTTP/1.1" 200 1028
186.103.156.24 - - [02/Apr/2019:17:18:33 -0300] "GET /cormun/servlet/trsolicitudadjuntos?2019,15074, HTTP/1.1" 200 9464
186.103.156.24 - - [02/Apr/2019:17:18:33 -0300] "GET /cormun/servlet/trsolicitudadjuntos?2019,15074, HTTP/1.1" 200 9458
186.103.156.24 - - [02/Apr/2019:17:18:36 -0300] "GET /cormun/servlet/solicitudotadjuntos?INS,2019,15074,,1, HTTP/1.1" 200 6378
186.103.156.24 - - [02/Apr/2019:17:18:36 -0300] "GET /cormun/static/about:blank HTTP/1.1" 404 1011
186.103.156.24 - - [02/Apr/2019:17:18:37 -0300] "GET /cormun/servlet/solicitudotadjuntos?INS,2019,15074,,1, HTTP/1.1" 200 6371
186.103.156.24 - - [02/Apr/2019:17:18:37 -0300] "GET /cormun/servlet/solicitudotadjuntos?8bd0fa3e3399a530d254aa7b471a6ad7d8906821ba7720caf799407a5ef6f4d55deb960b4e3814d6a2b3a89d45b9579b,gx-no-cache=1554236094734 HTTP/1.1" 200 30
190.171.154.42 - - [02/Apr/2019:17:18:37 -0300] "GET /cormun/servlet/hlogin HTTP/1.1" 200 1736
186.103.156.24 - - [02/Apr/2019:17:18:37 -0300] "POST /cormun/servlet/solicitudotadjuntos?c2d10126f61a78d3868e875199c8fb9e,INS,2019,15074,,1,,gx-no-cache=1554236094859 HTTP/1.1" 200 4066
186.103.156.24 - - [02/Apr/2019:17:18:41 -0300] "POST /cormun/servlet/solicitudotadjuntos?gx-no-cache=1554236099134 HTTP/1.1" 200 26
190.171.152.114 - - [02/Apr/2019:17:18:46 -0300] "POST /cormun/servlet/trsolicitudot?fe71d48f6928b0dff3979eb0e31b4070,gx-no-cache=1554236104785 HTTP/1.1" 200 107
190.171.152.114 - - [02/Apr/2019:17:18:46 -0300] "GET /cormun/servlet/trsolicitudadjuntos?2019,15071, HTTP/1.1" 200 6371
190.171.152.114 - - [02/Apr/2019:17:18:46 -0300] "GET /cormun/static/gxcfg.js?20177612135366 HTTP/1.1" 200 953
190.171.152.114 - - [02/Apr/2019:17:18:46 -0300] "GET /cormun/static/trsolicitudadjuntos.js?20177612135632 HTTP/1.1" 200 17922
190.171.152.114 - - [02/Apr/2019:17:18:50 -0300] "GET /cormun/servlet/solicitudotadjuntos?INS,2019,15071,,1, HTTP/1.1" 200 6316
190.171.152.114 - - [02/Apr/2019:17:18:50 -0300] "GET /cormun/static/gxcfg.js?2017761244068 HTTP/1.1" 200 953
190.171.152.114 - - [02/Apr/2019:17:18:50 -0300] "GET /cormun/static/solicitudotadjuntos.js?2017761244086 HTTP/1.1" 200 11771
190.171.152.114 - - [02/Apr/2019:17:18:50 -0300] "HEAD /cormun/static/about:blank HTTP/1.1" 404 -
190.171.152.114 - - [02/Apr/2019:17:18:51 -0300] "GET /cormun/servlet/solicitudotadjuntos?a5c05ec08f686fb2f8b989c14290684177c81e52aad87c1d9426d6907b0ceb493ff879f550880412aad4717e910a977f,gx-no-cache=1554236109661 HTTP/1.1" 200 30
190.171.152.114 - - [02/Apr/2019:17:18:51 -0300] "POST /cormun/servlet/solicitudotadjuntos?fe71d48f6928b0dff3979eb0e31b4070,INS,2019,15071,,1,,gx-no-cache=1554236109804 HTTP/1.1" 200 4099
186.103.156.24 - - [02/Apr/2019:17:18:52 -0300] "GET /cormun/servlet/solicitudotadjuntos?8bd0fa3e3399a530d254aa7b471a6ad7372a99fcd66ffaf07f88179df0f8e7e6,gx-no-cache=1554236109255 HTTP/1.1" 200 30
186.103.156.24 - - [02/Apr/2019:17:18:52 -0300] "GET /cormun/servlet/solicitudotadjuntos?8bd0fa3e3399a530d254aa7b471a6ad7372a99fcd66ffaf07f88179df0f8e7e6,gx-no-cache=1554236109806 HTTP/1.1" 200 30
190.171.152.114 - - [02/Apr/2019:17:18:55 -0300] "POST /cormun/servlet/solicitudotadjuntos?gx-no-cache=1554236114122 HTTP/1.1" 200 26
186.103.156.24 - - [02/Apr/2019:17:18:57 -0300] "POST /cormun/servlet/solicitudotadjuntos?c2d10126f61a78d3868e875199c8fb9e,INS,2019,15074,,1, HTTP/1.1" 200 116
186.103.156.24 - - [02/Apr/2019:17:18:57 -0300] "GET /cormun/servlet/hpexe_return? HTTP/1.1" 200 1028
186.103.156.24 - - [02/Apr/2019:17:18:57 -0300] "GET /cormun/servlet/trsolicitudadjuntos?2019,15074, HTTP/1.1" 200 9703
186.103.156.24 - - [02/Apr/2019:17:18:58 -0300] "GET /cormun/servlet/trsolicitudadjuntos?2019,15074, HTTP/1.1" 200 9703
186.103.156.24 - - [02/Apr/2019:17:19:01 -0300] "GET /cormun/servlet/solicitudotadjuntos?INS,2019,15074,,1, HTTP/1.1" 200 6378
186.103.156.24 - - [02/Apr/2019:17:19:01 -0300] "GET /cormun/static/about:blank HTTP/1.1" 404 1011
186.103.156.24 - - [02/Apr/2019:17:19:01 -0300] "GET /cormun/servlet/solicitudotadjuntos?INS,2019,15074,,1, HTTP/1.1" 200 6371
186.103.156.24 - - [02/Apr/2019:17:19:01 -0300] "GET /cormun/servlet/solicitudotadjuntos?8bd0fa3e3399a530d254aa7b471a6ad7d8906821ba7720caf799407a5ef6f4d55deb960b4e3814d6a2b3a89d45b9579b,gx-no-cache=1554236119098 HTTP/1.1" 200 30
186.103.156.24 - - [02/Apr/2019:17:19:03 -0300] "POST /cormun/servlet/solicitudotadjuntos?c2d10126f61a78d3868e875199c8fb9e,INS,2019,15074,,1,,gx-no-cache=1554236119190 HTTP/1.1" 200 4067
186.103.156.24 - - [02/Apr/2019:17:19:08 -0300] "POST /cormun/servlet/solicitudotadjuntos?gx-no-cache=1554236125375 HTTP/1.1" 200 26
190.171.152.114 - - [02/Apr/2019:17:19:09 -0300] "GET /cormun/servlet/solicitudotadjuntos?a5c05ec08f686fb2f8b989c1429068414186cf8a7dbcf4f15f954f51ff6b65f1,gx-no-cache=1554236127767 HTTP/1.1" 200 30
190.171.152.114 - - [02/Apr/2019:17:19:09 -0300] "GET /cormun/servlet/solicitudotadjuntos?a5c05ec08f686fb2f8b989c1429068414186cf8a7dbcf4f15f954f51ff6b65f1,gx-no-cache=1554236127806 HTTP/1.1" 200 30
190.171.152.114 - - [02/Apr/2019:17:19:10 -0300] "POST /cormun/servlet/solicitudotadjuntos?fe71d48f6928b0dff3979eb0e31b4070,INS,2019,15071,,1, HTTP/1.1" 200 116
190.171.152.114 - - [02/Apr/2019:17:19:10 -0300] "GET /cormun/servlet/hpexe_return? HTTP/1.1" 200 1028
190.171.152.114 - - [02/Apr/2019:17:19:10 -0300] "GET /cormun/servlet/trsolicitudadjuntos?2019,15071, HTTP/1.1" 200 8983
190.171.152.114 - - [02/Apr/2019:17:19:14 -0300] "GET /cormun/servlet/solicitudotadjuntos?INS,2019,15071,,1, HTTP/1.1" 200 6316
190.171.152.114 - - [02/Apr/2019:17:19:14 -0300] "HEAD /cormun/static/about:blank HTTP/1.1" 404 -
190.171.152.114 - - [02/Apr/2019:17:19:15 -0300] "GET /cormun/servlet/solicitudotadjuntos?a5c05ec08f686fb2f8b989c14290684177c81e52aad87c1d9426d6907b0ceb493ff879f550880412aad4717e910a977f,gx-no-cache=1554236133819 HTTP/1.1" 200 30
190.171.152.114 - - [02/Apr/2019:17:19:15 -0300] "POST /cormun/servlet/solicitudotadjuntos?fe71d48f6928b0dff3979eb0e31b4070,INS,2019,15071,,1,,gx-no-cache=1554236133936 HTTP/1.1" 200 4099
190.171.152.114 - - [02/Apr/2019:17:19:18 -0300] "POST /cormun/servlet/solicitudotadjuntos?gx-no-cache=1554236136712 HTTP/1.1" 200 26
186.103.156.24 - - [02/Apr/2019:17:19:19 -0300] "GET /cormun/servlet/solicitudotadjuntos?8bd0fa3e3399a530d254aa7b471a6ad7372a99fcd66ffaf07f88179df0f8e7e6,gx-no-cache=1554236136527 HTTP/1.1" 200 30
186.103.156.24 - - [02/Apr/2019:17:19:19 -0300] "GET /cormun/servlet/solicitudotadjuntos?8bd0fa3e3399a530d254aa7b471a6ad7372a99fcd66ffaf07f88179df0f8e7e6,gx-no-cache=1554236136645 HTTP/1.1" 200 30
186.103.156.24 - - [02/Apr/2019:17:19:22 -0300] "POST /cormun/servlet/solicitudotadjuntos?c2d10126f61a78d3868e875199c8fb9e,INS,2019,15074,,1, HTTP/1.1" 200 116
186.103.156.24 - - [02/Apr/2019:17:19:22 -0300] "GET /cormun/servlet/hpexe_return? HTTP/1.1" 200 1028
186.103.156.24 - - [02/Apr/2019:17:19:23 -0300] "GET /cormun/servlet/trsolicitudadjuntos?2019,15074, HTTP/1.1" 200 9973
186.103.156.24 - - [02/Apr/2019:17:19:24 -0300] "GET /cormun/servlet/trsolicitudadjuntos?2019,15074, HTTP/1.1" 200 9970
186.103.156.24 - - [02/Apr/2019:17:19:26 -0300] "GET /cormun/servlet/solicitudotadjuntos?INS,2019,15074,,1, HTTP/1.1" 200 6378
186.103.156.24 - - [02/Apr/2019:17:19:27 -0300] "GET /cormun/static/about:blank HTTP/1.1" 404 1011
186.103.156.24 - - [02/Apr/2019:17:19:27 -0300] "GET /cormun/servlet/solicitudotadjuntos?8bd0fa3e3399a530d254aa7b471a6ad7d8906821ba7720caf799407a5ef6f4d55deb960b4e3814d6a2b3a89d45b9579b,gx-no-cache=1554236144849 HTTP/1.1" 200 30
186.103.156.24 - - [02/Apr/2019:17:19:27 -0300] "GET /cormun/servlet/solicitudotadjuntos?INS,2019,15074,,1, HTTP/1.1" 200 6371
186.103.156.24 - - [02/Apr/2019:17:19:28 -0300] "POST /cormun/servlet/solicitudotadjuntos?c2d10126f61a78d3868e875199c8fb9e,INS,2019,15074,,1,,gx-no-cache=1554236144988 HTTP/1.1" 200 4067
190.171.152.114 - - [02/Apr/2019:17:19:33 -0300] "GET /cormun/servlet/solicitudotadjuntos?a5c05ec08f686fb2f8b989c1429068414186cf8a7dbcf4f15f954f51ff6b65f1,gx-no-cache=1554236151826 HTTP/1.1" 200 30
190.171.152.114 - - [02/Apr/2019:17:19:33 -0300] "GET /cormun/servlet/solicitudotadjuntos?a5c05ec08f686fb2f8b989c1429068414186cf8a7dbcf4f15f954f51ff6b65f1,gx-no-cache=1554236151943 HTTP/1.1" 200 30
190.171.152.114 - - [02/Apr/2019:17:19:34 -0300] "POST /cormun/servlet/solicitudotadjuntos?fe71d48f6928b0dff3979eb0e31b4070,INS,2019,15071,,1, HTTP/1.1" 200 116
190.171.152.114 - - [02/Apr/2019:17:19:34 -0300] "GET /cormun/servlet/hpexe_return? HTTP/1.1" 200 1028
190.171.152.114 - - [02/Apr/2019:17:19:34 -0300] "GET /cormun/servlet/trsolicitudadjuntos?2019,15071, HTTP/1.1" 200 9203
186.103.156.24 - - [02/Apr/2019:17:19:38 -0300] "POST /cormun/servlet/solicitudotadjuntos?gx-no-cache=1554236155518 HTTP/1.1" 200 26
190.171.152.114 - - [02/Apr/2019:17:19:39 -0300] "GET /cormun/servlet/solicitudotadjuntos?INS,2019,15071,,1, HTTP/1.1" 200 6315
190.171.152.114 - - [02/Apr/2019:17:19:39 -0300] "HEAD /cormun/static/about:blank HTTP/1.1" 404 -
190.171.152.114 - - [02/Apr/2019:17:19:40 -0300] "GET /cormun/servlet/solicitudotadjuntos?a5c05ec08f686fb2f8b989c14290684177c81e52aad87c1d9426d6907b0ceb493ff879f550880412aad4717e910a977f,gx-no-cache=1554236159210 HTTP/1.1" 200 30
190.171.152.114 - - [02/Apr/2019:17:19:42 -0300] "POST /cormun/servlet/solicitudotadjuntos?fe71d48f6928b0dff3979eb0e31b4070,INS,2019,15071,,1,,gx-no-cache=1554236159327 HTTP/1.1" 200 4098
190.171.152.114 - - [02/Apr/2019:17:19:45 -0300] "POST /cormun/servlet/solicitudotadjuntos?gx-no-cache=1554236163935 HTTP/1.1" 200 26
186.103.156.24 - - [02/Apr/2019:17:19:48 -0300] "GET /cormun/servlet/solicitudotadjuntos?8bd0fa3e3399a530d254aa7b471a6ad7372a99fcd66ffaf07f88179df0f8e7e6,gx-no-cache=1554236164975 HTTP/1.1" 200 30
186.103.156.24 - - [02/Apr/2019:17:19:48 -0300] "GET /cormun/servlet/solicitudotadjuntos?8bd0fa3e3399a530d254aa7b471a6ad7372a99fcd66ffaf07f88179df0f8e7e6,gx-no-cache=1554236166130 HTTP/1.1" 200 30
190.171.152.114 - - [02/Apr/2019:17:19:51 -0300] "GET /cormun/servlet/solicitudotadjuntos?a5c05ec08f686fb2f8b989c1429068414186cf8a7dbcf4f15f954f51ff6b65f1,gx-no-cache=1554236169586 HTTP/1.1" 200 30
190.171.152.114 - - [02/Apr/2019:17:19:51 -0300] "GET /cormun/servlet/solicitudotadjuntos?a5c05ec08f686fb2f8b989c1429068414186cf8a7dbcf4f15f954f51ff6b65f1,gx-no-cache=1554236169691 HTTP/1.1" 200 30
190.171.152.114 - - [02/Apr/2019:17:19:53 -0300] "POST /cormun/servlet/solicitudotadjuntos?fe71d48f6928b0dff3979eb0e31b4070,INS,2019,15071,,1, HTTP/1.1" 200 116
190.171.152.114 - - [02/Apr/2019:17:19:53 -0300] "GET /cormun/servlet/hpexe_return? HTTP/1.1" 200 1028
190.171.152.114 - - [02/Apr/2019:17:19:53 -0300] "GET /cormun/servlet/trsolicitudadjuntos?2019,15071, HTTP/1.1" 200 9387
186.103.156.24 - - [02/Apr/2019:17:19:54 -0300] "POST /cormun/servlet/solicitudotadjuntos?c2d10126f61a78d3868e875199c8fb9e,INS,2019,15074,,1, HTTP/1.1" 200 116
186.103.156.24 - - [02/Apr/2019:17:19:54 -0300] "GET /cormun/servlet/hpexe_return? HTTP/1.1" 200 1028
186.103.156.24 - - [02/Apr/2019:17:19:54 -0300] "GET /cormun/servlet/trsolicitudadjuntos?2019,15074, HTTP/1.1" 200 10214
186.103.156.24 - - [02/Apr/2019:17:19:55 -0300] "GET /cormun/servlet/trsolicitudadjuntos?2019,15074, HTTP/1.1" 200 10215
190.171.152.114 - - [02/Apr/2019:17:19:57 -0300] "GET /cormun/servlet/solicitudotadjuntos?INS,2019,15071,,1, HTTP/1.1" 200 6315
190.171.152.114 - - [02/Apr/2019:17:19:58 -0300] "HEAD /cormun/static/about:blank HTTP/1.1" 404 -
190.171.152.114 - - [02/Apr/2019:17:19:59 -0300] "GET /cormun/servlet/solicitudotadjuntos?a5c05ec08f686fb2f8b989c14290684177c81e52aad87c1d9426d6907b0ceb493ff879f550880412aad4717e910a977f,gx-no-cache=1554236177545 HTTP/1.1" 200 30
190.171.152.114 - - [02/Apr/2019:17:19:59 -0300] "POST /cormun/servlet/solicitudotadjuntos?fe71d48f6928b0dff3979eb0e31b4070,INS,2019,15071,,1,,gx-no-cache=1554236177666 HTTP/1.1" 200 4098
190.171.152.114 - - [02/Apr/2019:17:20:02 -0300] "POST /cormun/servlet/solicitudotadjuntos?gx-no-cache=1554236180495 HTTP/1.1" 200 26
186.103.156.24 - - [02/Apr/2019:17:20:05 -0300] "GET /cormun/servlet/trsolicitudot? HTTP/1.1" 200 8972
186.103.156.24 - - [02/Apr/2019:17:20:06 -0300] "GET /cormun/servlet/trsolicitudot? HTTP/1.1" 200 8965
186.103.156.24 - - [02/Apr/2019:17:20:09 -0300] "GET /cormun/servlet/trautorizarsolicitud? HTTP/1.1" 200 7452
186.103.156.24 - - [02/Apr/2019:17:20:10 -0300] "GET /cormun/servlet/trautorizarsolicitud? HTTP/1.1" 200 7451
186.103.156.24 - - [02/Apr/2019:17:20:13 -0300] "GET /cormun/servlet/trsolicitudot? HTTP/1.1" 200 8966
186.103.156.24 - - [02/Apr/2019:17:20:13 -0300] "GET /cormun/servlet/trsolicitudot? HTTP/1.1" 200 8965
190.171.152.114 - - [02/Apr/2019:17:20:16 -0300] "GET /cormun/servlet/solicitudotadjuntos?a5c05ec08f686fb2f8b989c1429068414186cf8a7dbcf4f15f954f51ff6b65f1,gx-no-cache=1554236194625 HTTP/1.1" 200 30
190.171.152.114 - - [02/Apr/2019:17:20:16 -0300] "GET /cormun/servlet/solicitudotadjuntos?a5c05ec08f686fb2f8b989c1429068414186cf8a7dbcf4f15f954f51ff6b65f1,gx-no-cache=1554236194739 HTTP/1.1" 200 30
186.103.156.24 - - [02/Apr/2019:17:20:20 -0300] "POST /cormun/servlet/trsolicitudot?c2d10126f61a78d3868e875199c8fb9e,,gx-no-cache=1554236197148 HTTP/1.1" 200 4791
186.103.156.24 - - [02/Apr/2019:17:20:20 -0300] "GET /cormun/static/Shared/jqueryui/images/ui-bg_highlight-soft_100_c6c2c8_1x100.png HTTP/1.1" 404 1117
186.103.156.24 - - [02/Apr/2019:17:20:20 -0300] "GET /cormun/static/Shared/jqueryui/images/ui-icons_82798d_256x240.png HTTP/1.1" 404 1089
186.103.156.24 - - [02/Apr/2019:17:20:20 -0300] "GET /cormun/static/Shared/jqueryui/images/ui-icons_8d78a5_256x240.png HTTP/1.1" 404 1089
186.103.156.24 - - [02/Apr/2019:17:20:20 -0300] "GET /cormun/static/Shared/jqueryui/images/ui-bg_flat_55_fafafa_40x100.png HTTP/1.1" 404 1097
186.103.156.24 - - [02/Apr/2019:17:20:20 -0300] "POST /cormun/servlet/trsolicitudot?c2d10126f61a78d3868e875199c8fb9e,,gx-no-cache=1554236197629 HTTP/1.1" 200 4536
190.171.152.114 - - [02/Apr/2019:17:20:22 -0300] "POST /cormun/servlet/solicitudotadjuntos?fe71d48f6928b0dff3979eb0e31b4070,INS,2019,15071,,1, HTTP/1.1" 200 116
190.171.152.114 - - [02/Apr/2019:17:20:22 -0300] "GET /cormun/servlet/hpexe_return? HTTP/1.1" 200 1028
190.171.152.114 - - [02/Apr/2019:17:20:22 -0300] "GET /cormun/servlet/trsolicitudadjuntos?2019,15071, HTTP/1.1" 200 9617
186.103.156.24 - - [02/Apr/2019:17:20:23 -0300] "GET /cormun/servlet/trautorizarsolicitud? HTTP/1.1" 200 8862
186.103.156.24 - - [02/Apr/2019:17:20:24 -0300] "GET /cormun/servlet/trautorizarsolicitud? HTTP/1.1" 200 8862
190.171.152.114 - - [02/Apr/2019:17:20:28 -0300] "GET /cormun/servlet/solicitudotadjuntos?INS,2019,15071,,1, HTTP/1.1" 200 6315
190.171.152.114 - - [02/Apr/2019:17:20:28 -0300] "HEAD /cormun/static/about:blank HTTP/1.1" 404 -
190.171.152.114 - - [02/Apr/2019:17:20:29 -0300] "GET /cormun/servlet/solicitudotadjuntos?a5c05ec08f686fb2f8b989c14290684177c81e52aad87c1d9426d6907b0ceb493ff879f550880412aad4717e910a977f,gx-no-cache=1554236207766 HTTP/1.1" 200 30
190.171.152.114 - - [02/Apr/2019:17:20:29 -0300] "POST /cormun/servlet/solicitudotadjuntos?fe71d48f6928b0dff3979eb0e31b4070,INS,2019,15071,,1,,gx-no-cache=1554236207848 HTTP/1.1" 200 4098
190.171.152.114 - - [02/Apr/2019:17:20:33 -0300] "POST /cormun/servlet/solicitudotadjuntos?gx-no-cache=1554236211328 HTTP/1.1" 200 26
186.103.156.24 - - [02/Apr/2019:17:20:34 -0300] "POST /cormun/servlet/trautorizarsolicitud?c2d10126f61a78d3868e875199c8fb9e,,gx-no-cache=1554236211177 HTTP/1.1" 200 4720
186.103.156.24 - - [02/Apr/2019:17:20:34 -0300] "GET /cormun/static/Shared/jqueryui/images/ui-bg_highlight-soft_100_c6c2c8_1x100.png HTTP/1.1" 404 1117
186.103.156.24 - - [02/Apr/2019:17:20:34 -0300] "GET /cormun/static/Shared/jqueryui/images/ui-icons_82798d_256x240.png HTTP/1.1" 404 1089
186.103.156.24 - - [02/Apr/2019:17:20:34 -0300] "GET /cormun/static/Shared/jqueryui/images/ui-bg_flat_55_fafafa_40x100.png HTTP/1.1" 404 1097
186.103.156.24 - - [02/Apr/2019:17:20:34 -0300] "GET /cormun/static/Shared/jqueryui/images/ui-icons_8d78a5_256x240.png HTTP/1.1" 404 1089
186.103.156.24 - - [02/Apr/2019:17:20:35 -0300] "POST /cormun/servlet/trautorizarsolicitud?c2d10126f61a78d3868e875199c8fb9e,,gx-no-cache=1554236211544 HTTP/1.1" 200 4467
190.171.152.114 - - [02/Apr/2019:17:20:38 -0300] "GET /cormun/servlet/solicitudotadjuntos?a5c05ec08f686fb2f8b989c1429068414186cf8a7dbcf4f15f954f51ff6b65f1,gx-no-cache=1554236216627 HTTP/1.1" 200 30
190.171.152.114 - - [02/Apr/2019:17:20:38 -0300] "GET /cormun/servlet/solicitudotadjuntos?a5c05ec08f686fb2f8b989c1429068414186cf8a7dbcf4f15f954f51ff6b65f1,gx-no-cache=1554236216735 HTTP/1.1" 200 30
190.171.152.114 - - [02/Apr/2019:17:20:42 -0300] "POST /cormun/servlet/solicitudotadjuntos?fe71d48f6928b0dff3979eb0e31b4070,INS,2019,15071,,1, HTTP/1.1" 200 116
190.171.152.114 - - [02/Apr/2019:17:20:42 -0300] "GET /cormun/servlet/hpexe_return? HTTP/1.1" 200 1028
190.171.152.114 - - [02/Apr/2019:17:20:43 -0300] "GET /cormun/servlet/trsolicitudadjuntos?2019,15071, HTTP/1.1" 200 9863
190.171.152.114 - - [02/Apr/2019:17:20:47 -0300] "GET /cormun/servlet/solicitudotadjuntos?INS,2019,15071,,1, HTTP/1.1" 200 6316
190.171.152.114 - - [02/Apr/2019:17:20:48 -0300] "HEAD /cormun/static/about:blank HTTP/1.1" 404 -
190.171.152.114 - - [02/Apr/2019:17:20:49 -0300] "GET /cormun/servlet/solicitudotadjuntos?a5c05ec08f686fb2f8b989c14290684177c81e52aad87c1d9426d6907b0ceb493ff879f550880412aad4717e910a977f,gx-no-cache=1554236227474 HTTP/1.1" 200 30
190.171.152.114 - - [02/Apr/2019:17:20:49 -0300] "POST /cormun/servlet/solicitudotadjuntos?fe71d48f6928b0dff3979eb0e31b4070,INS,2019,15071,,1,,gx-no-cache=1554236227619 HTTP/1.1" 200 4099
190.171.152.114 - - [02/Apr/2019:17:20:51 -0300] "POST /cormun/servlet/solicitudotadjuntos?gx-no-cache=1554236230263 HTTP/1.1" 200 26
190.171.152.114 - - [02/Apr/2019:17:20:57 -0300] "GET /cormun/servlet/solicitudotadjuntos?a5c05ec08f686fb2f8b989c1429068414186cf8a7dbcf4f15f954f51ff6b65f1,gx-no-cache=1554236235776 HTTP/1.1" 200 30
190.171.152.114 - - [02/Apr/2019:17:20:57 -0300] "GET /cormun/servlet/solicitudotadjuntos?a5c05ec08f686fb2f8b989c1429068414186cf8a7dbcf4f15f954f51ff6b65f1,gx-no-cache=1554236235905 HTTP/1.1" 200 30
190.171.152.114 - - [02/Apr/2019:17:21:04 -0300] "POST /cormun/servlet/solicitudotadjuntos?fe71d48f6928b0dff3979eb0e31b4070,INS,2019,15071,,1, HTTP/1.1" 200 116
190.171.152.114 - - [02/Apr/2019:17:21:04 -0300] "GET /cormun/servlet/hpexe_return? HTTP/1.1" 200 1028
190.171.152.114 - - [02/Apr/2019:17:21:05 -0300] "GET /cormun/servlet/trsolicitudadjuntos?2019,15071, HTTP/1.1" 200 10087
190.171.152.114 - - [02/Apr/2019:17:21:11 -0300] "GET /cormun/servlet/solicitudotadjuntos?INS,2019,15071,,2, HTTP/1.1" 200 6314
190.171.152.114 - - [02/Apr/2019:17:21:12 -0300] "HEAD /cormun/static/about:blank HTTP/1.1" 404 -
190.171.152.114 - - [02/Apr/2019:17:21:13 -0300] "GET /cormun/servlet/solicitudotadjuntos?a5c05ec08f686fb2f8b989c14290684177c81e52aad87c1d9426d6907b0ceb493ff879f550880412aad4717e910a977f,gx-no-cache=1554236251547 HTTP/1.1" 200 30
190.171.152.114 - - [02/Apr/2019:17:21:13 -0300] "POST /cormun/servlet/solicitudotadjuntos?fe71d48f6928b0dff3979eb0e31b4070,INS,2019,15071,,2,,gx-no-cache=1554236251678 HTTP/1.1" 200 4238
190.171.152.114 - - [02/Apr/2019:17:21:16 -0300] "POST /cormun/servlet/solicitudotadjuntos?gx-no-cache=1554236254768 HTTP/1.1" 200 26
190.171.152.114 - - [02/Apr/2019:17:21:20 -0300] "GET /cormun/servlet/solicitudotadjuntos?a5c05ec08f686fb2f8b989c1429068414186cf8a7dbcf4f15f954f51ff6b65f1,gx-no-cache=1554236259162 HTTP/1.1" 200 30
190.171.152.114 - - [02/Apr/2019:17:21:20 -0300] "GET /cormun/servlet/solicitudotadjuntos?a5c05ec08f686fb2f8b989c1429068414186cf8a7dbcf4f15f954f51ff6b65f1,gx-no-cache=1554236259258 HTTP/1.1" 200 30
190.171.152.114 - - [02/Apr/2019:17:21:23 -0300] "POST /cormun/servlet/solicitudotadjuntos?fe71d48f6928b0dff3979eb0e31b4070,INS,2019,15071,,2, HTTP/1.1" 200 116
190.171.152.114 - - [02/Apr/2019:17:21:24 -0300] "GET /cormun/servlet/hpexe_return? HTTP/1.1" 200 1028
190.171.152.114 - - [02/Apr/2019:17:21:25 -0300] "GET /cormun/servlet/trsolicitudadjuntos?2019,15071, HTTP/1.1" 200 10238
190.171.152.114 - - [02/Apr/2019:17:21:30 -0300] "GET /cormun/servlet/trsolicitudot? HTTP/1.1" 200 9173
190.171.152.138 - - [02/Apr/2019:17:21:33 -0300] "GET /cormun/servlet/licenciaspermisos?5cdf7fd07aaa82023b0ef3a2a9cdf5c697289d51976c95d131053dfc0c6d28c7f6720ac99fcb099645dba1d53d8f3064,gx-no-cache=1554239867587 HTTP/1.1" 200 98
190.171.152.138 - - [02/Apr/2019:17:21:34 -0300] "POST /cormun/servlet/licenciaspermisos?a0c90a15b1ea1341ee8a282a2c9e38cd,INS,0,,,,gx-no-cache=1554239867865 HTTP/1.1" 200 4760
190.171.152.114 - - [02/Apr/2019:17:22:07 -0300] "POST /cormun/servlet/trsolicitudot?fe71d48f6928b0dff3979eb0e31b4070,,gx-no-cache=1554236305393 HTTP/1.1" 200 5945
190.171.152.114 - - [02/Apr/2019:17:22:07 -0300] "POST /cormun/servlet/trsolicitudot?fe71d48f6928b0dff3979eb0e31b4070,,gx-no-cache=1554236306056 HTTP/1.1" 200 5889
190.171.152.114 - - [02/Apr/2019:17:22:08 -0300] "GET /cormun/static/Shared/jqueryui/images/ui-bg_flat_55_fafafa_40x100.png HTTP/1.1" 404 1097
190.171.152.114 - - [02/Apr/2019:17:22:08 -0300] "GET /cormun/static/Shared/jqueryui/images/ui-icons_82798d_256x240.png HTTP/1.1" 404 1089
190.171.152.114 - - [02/Apr/2019:17:22:08 -0300] "GET /cormun/static/Shared/jqueryui/images/ui-bg_highlight-soft_100_c6c2c8_1x100.png HTTP/1.1" 404 1117
190.171.152.114 - - [02/Apr/2019:17:22:08 -0300] "GET /cormun/static/Shared/jqueryui/images/ui-icons_8d78a5_256x240.png HTTP/1.1" 404 1089
190.171.152.114 - - [02/Apr/2019:17:22:09 -0300] "POST /cormun/servlet/trsolicitudot?fe71d48f6928b0dff3979eb0e31b4070,,gx-no-cache=1554236307202 HTTP/1.1" 200 4759
190.171.152.114 - - [02/Apr/2019:17:22:09 -0300] "POST /cormun/servlet/trsolicitudot?fe71d48f6928b0dff3979eb0e31b4070,,gx-no-cache=1554236307727 HTTP/1.1" 200 4545
190.171.152.138 - - [02/Apr/2019:17:22:34 -0300] "GET /cormun/static/menuarrow.gif HTTP/1.1" 404 1015
190.171.152.114 - - [02/Apr/2019:17:23:05 -0300] "GET /cormun/servlet/solicitudot?INS,0,0, HTTP/1.1" 200 15141
190.171.152.114 - - [02/Apr/2019:17:23:17 -0300] "POST /cormun/servlet/solicitudot?gx-no-cache=1554236375672 HTTP/1.1" 200 3450
190.171.152.114 - - [02/Apr/2019:17:23:18 -0300] "POST /cormun/servlet/solicitudot?fe71d48f6928b0dff3979eb0e31b4070,INS,0,0,,gx-no-cache=1554236376151 HTTP/1.1" 200 11878
190.171.152.114 - - [02/Apr/2019:17:23:19 -0300] "GET /cormun/servlet/solicitudot?a5c05ec08f686fb2f8b989c14290684167c992692aa5883db7a4fc842576c6defda23f027fb5032627f1ef0fc619fd45,gx-no-cache=1554236377333 HTTP/1.1" 200 30
190.171.152.114 - - [02/Apr/2019:17:27:43 -0300] "GET /cormun/servlet/solicitudot?a5c05ec08f686fb2f8b989c142906841e14c90b3cced93c579e50967adbe64fb6024c2ac7e7ee876ad2e565d2f2eddecfda23f027fb5032627f1ef0fc619fd45,gx-no-cache=1554236641192 HTTP/1.1" 200 30
190.171.152.114 - - [02/Apr/2019:17:27:44 -0300] "GET /cormun/servlet/prbanco?,MD,,gxPopupLevel%3D0%3B HTTP/1.1" 200 6623
190.171.152.138 - - [02/Apr/2019:17:28:19 -0300] "GET /cormun/servlet/licenciaspermisos?5cdf7fd07aaa82023b0ef3a2a9cdf5c6cd437df68f87dbe9c8bcf57838438dc969b01bd881a6a2e4af25c947934f42879755b31945d88fba3e4e59d47fc9f8034fa2e7c13d7ad40f9e92bf5a96f1eb04ba32287ed6646cdb4d86f7f975b884b318f69c5c71bcf6e061d63df25060d600e6704f5d1d72b5e95c3f105d45ee36e03189a8a04eb8405651b7eeae3be60743b6db86e2b783ff812ae1baf3ccb73ff4b13f6dc7febf527c6061a91dcb3ec7a45e850ae5a92ff94bf83358802090f7dac9b604111e6ab7f211dc350e46e4749953e466759f48bc2a1109449353825d2b,gx-no-cache=1554240273752 HTTP/1.1" 200 30
190.171.152.138 - - [02/Apr/2019:17:28:19 -0300] "GET /cormun/servlet/licenciaspermisos?5cdf7fd07aaa82023b0ef3a2a9cdf5c68cd863530e4c6abc5ebdd87525f494e6fc37829195f558224df447b700c665eb5a625ad504c9c8376c0e298ab406f3b8b0c70667963058e14c528c0bc48abb5b3dc06b985749972953d568726475b306f8cd596eebaf7f97db4593ad7087c12f846cda00ed65a9f8468b80252e36ee006b610f4728dbe7e61fd78d5915435ea63d0ca09a7e61d11396463a2e773df743e9aed1933b3c923ee8c93e506038abb8d37454cd632e779e86fd24278985ee2a6fdd151b66687651081c479bcf3d99e02043b7ba10d501bc90d2cc225249f284,gx-no-cache=1554240274093 HTTP/1.1" 200 29
190.171.152.138 - - [02/Apr/2019:17:28:20 -0300] "POST /cormun/servlet/licenciaspermisos?a0c90a15b1ea1341ee8a282a2c9e38cd,INS,0,,,,gx-no-cache=1554240274179 HTTP/1.1" 200 93
190.171.152.138 - - [02/Apr/2019:17:28:20 -0300] "GET /cormun/servlet/hpexe_return? HTTP/1.1" 200 1036
190.171.152.138 - - [02/Apr/2019:17:28:20 -0300] "GET /cormun/servlet/trlicencias?gx-no-cache=1554239660435 HTTP/1.1" 200 10235
190.171.152.138 - - [02/Apr/2019:17:28:21 -0300] "GET /cormun/servlet/trlicencias?gx-no-cache=1554239660435 HTTP/1.1" 200 10251
190.171.152.138 - - [02/Apr/2019:17:28:29 -0300] "GET /cormun/servlet/alicenciaprn?13500483,L,20190402000000,PU HTTP/1.1" 200 1561
190.171.152.114 - - [02/Apr/2019:17:28:36 -0300] "GET /cormun/servlet/solicitudot?a5c05ec08f686fb2f8b989c142906841a707ed936288eda1290caadb10607dce,gx-no-cache=1554236694820 HTTP/1.1" 200 53
190.171.152.114 - - [02/Apr/2019:17:29:04 -0300] "POST /cormun/servlet/solicitudot?gx-no-cache=1554236722788 HTTP/1.1" 200 255
190.171.152.114 - - [02/Apr/2019:17:29:08 -0300] "GET /cormun/servlet/solicitudot?a5c05ec08f686fb2f8b989c14290684180c03fa1e88339b2c29d3bf1ec8d4e88a1072ad47cb86aa3e21de9d2cb732b0166e4199ff47b3f2133cf15549d50b3f4264d8cc5db0d0d5ff079d76abd003474c817d40525629018246857218ee3b3c364ee9c9be250241bbc5150f40c1ee2253df9205999b37b7caec1b8bc153bafd508115b4b6993d8b76108782a203b691f8a89e09984c643a4abb2a98f550d68f278b089b31207cb47b065e3377e57831d54415a89223722f1883ad713262f7ce7aae1ff6df16044874e87ccf6915e942e5faf254291827973dc9dff2056f5bbf0117077ed9ddc8ee2948c598d069110daa87114ae4a5cf68520b827774e121fe06a96cec61883f6348e7b6893b57857fc1ec5704ba38331a615b8ced07206fa004fd8354d0697a875303d195a6892c8b0a14d90009d3ab0b28dcd362a14f35f270ee702f7339c3487dea96a2916c05df1e5d40f4b8ffd2466c62c09d12b0fb807d0ad66f5874e5e71d696b767af63650c498d70921a76f6a1e5902fe22747a40d,gx-no-cache=1554236727182 HTTP/1.1" 200 30
