186.103.159.186 - - [01/Apr/2019:12:07:36 -0300] "GET /cormun/servlet/solicitudot?159c75eaf3a951263ce0dc2f33e66cd0db5c64b52907cde88db8d4783622abc335f27e81bdfaf9dfe5efd46423e18d98,gx-no-cache=1554131034807 HTTP/1.1" 200 30
190.171.141.82 - - [01/Apr/2019:12:07:41 -0300] "POST /cormun/servlet/trsolicitudot?c5222ab06f9bb1dbe0e6e7433dfa80e2,,gx-no-cache=1554131038815 HTTP/1.1" 200 107
190.171.141.82 - - [01/Apr/2019:12:07:41 -0300] "GET /cormun/servlet/trsolicitudadjuntos?2019,15020, HTTP/1.1" 200 6441
190.171.141.82 - - [01/Apr/2019:12:07:42 -0300] "GET /cormun/static/gxcfg.js?20177612135366 HTTP/1.1" 304 -
190.171.141.82 - - [01/Apr/2019:12:07:43 -0300] "GET /cormun/servlet/trsolicitudadjuntos?2019,15020, HTTP/1.1" 200 6440
190.171.141.82 - - [01/Apr/2019:12:07:44 -0300] "GET /cormun/servlet/solicitudotadjuntos?INS,2019,15020,,1, HTTP/1.1" 200 6384
190.171.141.82 - - [01/Apr/2019:12:07:45 -0300] "GET /cormun/static/gxcfg.js?2017761244068 HTTP/1.1" 304 -
186.103.159.186 - - [01/Apr/2019:12:07:45 -0300] "POST /cormun/servlet/solicitudot?gx-no-cache=1554131044191 HTTP/1.1" 200 30
190.171.141.82 - - [01/Apr/2019:12:07:45 -0300] "GET /cormun/static/about:blank HTTP/1.1" 404 1011
190.171.141.82 - - [01/Apr/2019:12:07:46 -0300] "GET /cormun/servlet/solicitudotadjuntos?INS,2019,15020,,1, HTTP/1.1" 200 6377
190.171.141.82 - - [01/Apr/2019:12:07:46 -0300] "GET /cormun/servlet/solicitudotadjuntos?6c474c78f6d902d7354a95d2ac3ca054a83004437bd7ff87fcbb5ea1a463c8a0f35aa2e09a448cb506eef476f3c2d21e,gx-no-cache=1554131044088 HTTP/1.1" 200 30
190.171.141.82 - - [01/Apr/2019:12:07:46 -0300] "POST /cormun/servlet/solicitudotadjuntos?c5222ab06f9bb1dbe0e6e7433dfa80e2,INS,2019,15020,,1,,gx-no-cache=1554131044162 HTTP/1.1" 200 4062
190.171.141.82 - - [01/Apr/2019:12:07:47 -0300] "POST /cormun/servlet/solicitudotadjuntos?gx-no-cache=1554131045262 HTTP/1.1" 200 26
192.168.10.89 - - [01/Apr/2019:12:07:54 -0300] "GET /cormun/servlet/vesolicitudgral?2019,14892,,SolicitudOTAdjuntos HTTP/1.1" 200 11868
192.168.10.89 - - [01/Apr/2019:12:07:54 -0300] "GET /cormun/pexe_scrolldiv.js HTTP/1.1" 404 1009
192.168.10.89 - - [01/Apr/2019:12:07:55 -0300] "POST /cormun/servlet/acontrolpreferencessavestate?None,CDROGUETT,true HTTP/1.1" 200 35
190.171.141.82 - - [01/Apr/2019:12:07:56 -0300] "GET /cormun/servlet/solicitudotadjuntos?6c474c78f6d902d7354a95d2ac3ca054f7fb0492cd38635ee558844d0a66e868,gx-no-cache=1554131054296 HTTP/1.1" 200 30
190.171.141.82 - - [01/Apr/2019:12:07:56 -0300] "GET /cormun/servlet/solicitudotadjuntos?6c474c78f6d902d7354a95d2ac3ca054f7fb0492cd38635ee558844d0a66e868,gx-no-cache=1554131054405 HTTP/1.1" 200 30
192.168.10.89 - - [01/Apr/2019:12:07:57 -0300] "POST /cormun/servlet/vesolicitudgral?78baa3d11fda77b1afb4561c63c05ba5,2019,14892,,SolicitudOTAdjuntos,gx-no-cache=1554138078083 HTTP/1.1" 200 90
192.168.10.89 - - [01/Apr/2019:12:07:57 -0300] "GET /cormun/servlet/hpexe_link HTTP/1.1" 200 979
192.168.10.89 - - [01/Apr/2019:12:07:57 -0300] "GET /cormun/servlet/trsolicitudgral? HTTP/1.1" 200 10849
190.171.141.82 - - [01/Apr/2019:12:07:58 -0300] "POST /cormun/servlet/solicitudotadjuntos?c5222ab06f9bb1dbe0e6e7433dfa80e2,INS,2019,15020,,1, HTTP/1.1" 200 116
190.171.141.82 - - [01/Apr/2019:12:07:58 -0300] "GET /cormun/servlet/hpexe_return? HTTP/1.1" 200 1023
190.171.141.82 - - [01/Apr/2019:12:07:58 -0300] "GET /cormun/servlet/trsolicitudadjuntos?2019,15020, HTTP/1.1" 200 9085
190.171.141.82 - - [01/Apr/2019:12:07:59 -0300] "GET /cormun/servlet/trsolicitudadjuntos?2019,15020, HTTP/1.1" 200 9085
190.171.141.82 - - [01/Apr/2019:12:08:00 -0300] "GET /cormun/servlet/solicitudotadjuntos?DLT,2019,15020,CARNET,0, HTTP/1.1" 200 6384
190.171.141.82 - - [01/Apr/2019:12:08:02 -0300] "GET /cormun/PublicTempStorage/maite_pilar_contreras_suazo_-_curriculum2667228.pdf HTTP/1.1" 200 281008
190.171.141.82 - - [01/Apr/2019:12:08:02 -0300] "GET /cormun/static/Shared/jqueryui/images/ui-bg_highlight-soft_100_c6c2c8_1x100.png HTTP/1.1" 404 1117
190.171.141.82 - - [01/Apr/2019:12:08:02 -0300] "GET /cormun/static/Shared/jqueryui/images/ui-icons_82798d_256x240.png HTTP/1.1" 404 1089
190.171.141.82 - - [01/Apr/2019:12:08:02 -0300] "GET /cormun/static/Shared/jqueryui/images/ui-bg_flat_55_fafafa_40x100.png HTTP/1.1" 404 1097
190.171.141.82 - - [01/Apr/2019:12:08:02 -0300] "GET /cormun/static/Shared/jqueryui/images/ui-icons_8d78a5_256x240.png HTTP/1.1" 404 1089
190.171.141.82 - - [01/Apr/2019:12:08:02 -0300] "GET /cormun/servlet/solicitudotadjuntos?DLT,2019,15020,CARNET,0, HTTP/1.1" 200 6376
190.171.141.82 - - [01/Apr/2019:12:08:05 -0300] "POST /cormun/servlet/solicitudotadjuntos?c5222ab06f9bb1dbe0e6e7433dfa80e2,DLT,2019,15020,CARNET,0,,gx-no-cache=1554131063090 HTTP/1.1" 200 93
190.171.141.82 - - [01/Apr/2019:12:08:05 -0300] "GET /cormun/servlet/hpexe_return? HTTP/1.1" 200 1028
190.171.141.82 - - [01/Apr/2019:12:08:05 -0300] "GET /cormun/servlet/trsolicitudadjuntos?2019,15020, HTTP/1.1" 200 6444
190.171.141.82 - - [01/Apr/2019:12:08:06 -0300] "GET /cormun/servlet/trsolicitudadjuntos?2019,15020, HTTP/1.1" 200 6440
190.171.141.82 - - [01/Apr/2019:12:08:07 -0300] "GET /cormun/servlet/solicitudotadjuntos?INS,2019,15020,,1, HTTP/1.1" 200 6384
190.171.141.82 - - [01/Apr/2019:12:08:07 -0300] "GET /cormun/static/about:blank HTTP/1.1" 404 1011
190.171.141.82 - - [01/Apr/2019:12:08:07 -0300] "GET /cormun/servlet/solicitudotadjuntos?INS,2019,15020,,1, HTTP/1.1" 200 6377
190.171.141.82 - - [01/Apr/2019:12:08:08 -0300] "GET /cormun/servlet/solicitudotadjuntos?6c474c78f6d902d7354a95d2ac3ca054a83004437bd7ff87fcbb5ea1a463c8a0f35aa2e09a448cb506eef476f3c2d21e,gx-no-cache=1554131066049 HTTP/1.1" 200 30
190.171.141.82 - - [01/Apr/2019:12:08:08 -0300] "POST /cormun/servlet/solicitudotadjuntos?c5222ab06f9bb1dbe0e6e7433dfa80e2,INS,2019,15020,,1,,gx-no-cache=1554131066076 HTTP/1.1" 200 4062
190.171.141.82 - - [01/Apr/2019:12:08:09 -0300] "POST /cormun/servlet/solicitudotadjuntos?gx-no-cache=1554131067070 HTTP/1.1" 200 26
190.171.141.82 - - [01/Apr/2019:12:08:11 -0300] "GET /cormun/servlet/solicitudotadjuntos?6c474c78f6d902d7354a95d2ac3ca054f7fb0492cd38635ee558844d0a66e868,gx-no-cache=1554131069479 HTTP/1.1" 200 30
190.171.141.82 - - [01/Apr/2019:12:08:11 -0300] "GET /cormun/servlet/solicitudotadjuntos?6c474c78f6d902d7354a95d2ac3ca054f7fb0492cd38635ee558844d0a66e868,gx-no-cache=1554131069550 HTTP/1.1" 200 30
190.171.141.82 - - [01/Apr/2019:12:08:12 -0300] "POST /cormun/servlet/solicitudotadjuntos?c5222ab06f9bb1dbe0e6e7433dfa80e2,INS,2019,15020,,1, HTTP/1.1" 200 116
190.171.141.82 - - [01/Apr/2019:12:08:12 -0300] "GET /cormun/servlet/hpexe_return? HTTP/1.1" 200 1023
190.171.141.82 - - [01/Apr/2019:12:08:12 -0300] "GET /cormun/servlet/trsolicitudadjuntos?2019,15020, HTTP/1.1" 200 9075
190.171.141.82 - - [01/Apr/2019:12:08:13 -0300] "GET /cormun/servlet/trsolicitudadjuntos?2019,15020, HTTP/1.1" 200 9074
190.171.141.82 - - [01/Apr/2019:12:08:16 -0300] "GET /cormun/servlet/solicitudotadjuntos?INS,2019,15020,,1, HTTP/1.1" 200 6384
190.171.141.82 - - [01/Apr/2019:12:08:16 -0300] "GET /cormun/static/about:blank HTTP/1.1" 404 1011
190.171.141.82 - - [01/Apr/2019:12:08:16 -0300] "GET /cormun/servlet/solicitudotadjuntos?INS,2019,15020,,1, HTTP/1.1" 200 6377
190.171.141.82 - - [01/Apr/2019:12:08:17 -0300] "GET /cormun/servlet/solicitudotadjuntos?6c474c78f6d902d7354a95d2ac3ca054a83004437bd7ff87fcbb5ea1a463c8a0f35aa2e09a448cb506eef476f3c2d21e,gx-no-cache=1554131074547 HTTP/1.1" 200 30
186.103.159.186 - - [01/Apr/2019:12:08:17 -0300] "POST /cormun/servlet/solicitudot?eac0dd07bddb90b011d808c182477d04,INS,0,0,,gx-no-cache=1554131075114 HTTP/1.1" 200 11849
190.171.141.82 - - [01/Apr/2019:12:08:17 -0300] "POST /cormun/servlet/solicitudotadjuntos?c5222ab06f9bb1dbe0e6e7433dfa80e2,INS,2019,15020,,1,,gx-no-cache=1554131074640 HTTP/1.1" 200 4062
190.171.141.82 - - [01/Apr/2019:12:08:18 -0300] "POST /cormun/servlet/solicitudotadjuntos?gx-no-cache=1554131075887 HTTP/1.1" 200 26
190.171.141.82 - - [01/Apr/2019:12:08:22 -0300] "GET /cormun/servlet/solicitudotadjuntos?6c474c78f6d902d7354a95d2ac3ca054f7fb0492cd38635ee558844d0a66e868,gx-no-cache=1554131079736 HTTP/1.1" 200 30
190.171.141.82 - - [01/Apr/2019:12:08:22 -0300] "GET /cormun/servlet/solicitudotadjuntos?6c474c78f6d902d7354a95d2ac3ca054f7fb0492cd38635ee558844d0a66e868,gx-no-cache=1554131079837 HTTP/1.1" 200 30
190.171.141.82 - - [01/Apr/2019:12:08:22 -0300] "POST /cormun/servlet/solicitudotadjuntos?c5222ab06f9bb1dbe0e6e7433dfa80e2,INS,2019,15020,,1, HTTP/1.1" 200 116
190.171.141.82 - - [01/Apr/2019:12:08:23 -0300] "GET /cormun/servlet/hpexe_return? HTTP/1.1" 200 1023
190.171.141.82 - - [01/Apr/2019:12:08:23 -0300] "GET /cormun/servlet/trsolicitudadjuntos?2019,15020, HTTP/1.1" 200 9298
190.171.141.82 - - [01/Apr/2019:12:08:23 -0300] "GET /cormun/servlet/trsolicitudadjuntos?2019,15020, HTTP/1.1" 200 9298
190.171.141.82 - - [01/Apr/2019:12:08:25 -0300] "GET /cormun/servlet/solicitudotadjuntos?INS,2019,15020,,1, HTTP/1.1" 200 6384
190.171.141.82 - - [01/Apr/2019:12:08:25 -0300] "GET /cormun/static/about:blank HTTP/1.1" 404 1011
190.171.141.82 - - [01/Apr/2019:12:08:25 -0300] "GET /cormun/servlet/solicitudotadjuntos?INS,2019,15020,,1, HTTP/1.1" 200 6377
190.171.141.82 - - [01/Apr/2019:12:08:25 -0300] "GET /cormun/servlet/solicitudotadjuntos?6c474c78f6d902d7354a95d2ac3ca054a83004437bd7ff87fcbb5ea1a463c8a0f35aa2e09a448cb506eef476f3c2d21e,gx-no-cache=1554131083571 HTTP/1.1" 200 30
190.171.141.82 - - [01/Apr/2019:12:08:26 -0300] "POST /cormun/servlet/solicitudotadjuntos?c5222ab06f9bb1dbe0e6e7433dfa80e2,INS,2019,15020,,1,,gx-no-cache=1554131083618 HTTP/1.1" 200 4062
190.171.141.82 - - [01/Apr/2019:12:08:27 -0300] "POST /cormun/servlet/solicitudotadjuntos?gx-no-cache=1554131084903 HTTP/1.1" 200 26
190.171.141.82 - - [01/Apr/2019:12:08:31 -0300] "GET /cormun/servlet/solicitudotadjuntos?6c474c78f6d902d7354a95d2ac3ca054f7fb0492cd38635ee558844d0a66e868,gx-no-cache=1554131088704 HTTP/1.1" 200 30
190.171.141.82 - - [01/Apr/2019:12:08:31 -0300] "GET /cormun/servlet/solicitudotadjuntos?6c474c78f6d902d7354a95d2ac3ca054f7fb0492cd38635ee558844d0a66e868,gx-no-cache=1554131088720 HTTP/1.1" 200 30
190.171.141.82 - - [01/Apr/2019:12:08:31 -0300] "POST /cormun/servlet/solicitudotadjuntos?c5222ab06f9bb1dbe0e6e7433dfa80e2,INS,2019,15020,,1, HTTP/1.1" 200 116
190.171.141.82 - - [01/Apr/2019:12:08:31 -0300] "GET /cormun/servlet/hpexe_return? HTTP/1.1" 200 1023
190.171.141.82 - - [01/Apr/2019:12:08:31 -0300] "GET /cormun/servlet/trsolicitudadjuntos?2019,15020, HTTP/1.1" 200 9478
190.171.141.82 - - [01/Apr/2019:12:08:32 -0300] "GET /cormun/servlet/trsolicitudadjuntos?2019,15020, HTTP/1.1" 200 9477
190.171.141.82 - - [01/Apr/2019:12:08:33 -0300] "GET /cormun/servlet/solicitudotadjuntos?INS,2019,15020,,1, HTTP/1.1" 200 6384
190.171.141.82 - - [01/Apr/2019:12:08:33 -0300] "GET /cormun/static/about:blank HTTP/1.1" 404 1011
190.171.141.82 - - [01/Apr/2019:12:08:34 -0300] "GET /cormun/servlet/solicitudotadjuntos?INS,2019,15020,,1, HTTP/1.1" 200 6377
190.171.141.82 - - [01/Apr/2019:12:08:34 -0300] "GET /cormun/servlet/solicitudotadjuntos?6c474c78f6d902d7354a95d2ac3ca054a83004437bd7ff87fcbb5ea1a463c8a0f35aa2e09a448cb506eef476f3c2d21e,gx-no-cache=1554131092120 HTTP/1.1" 200 30
190.171.141.82 - - [01/Apr/2019:12:08:34 -0300] "POST /cormun/servlet/solicitudotadjuntos?c5222ab06f9bb1dbe0e6e7433dfa80e2,INS,2019,15020,,1,,gx-no-cache=1554131092140 HTTP/1.1" 200 4062
190.171.141.82 - - [01/Apr/2019:12:08:36 -0300] "POST /cormun/servlet/solicitudotadjuntos?gx-no-cache=1554131093992 HTTP/1.1" 200 26
186.103.159.186 - - [01/Apr/2019:12:08:41 -0300] "GET /cormun/servlet/solicitudot?159c75eaf3a951263ce0dc2f33e66cd0a80f08a5052baec5c0e1cdc66bd9e26fb0f5f991a5de5697aece18ec664681d7c610c8a922e9a2d4a85e1d0de592f3bc,gx-no-cache=1554131099388 HTTP/1.1" 200 30
186.103.159.186 - - [01/Apr/2019:12:08:41 -0300] "POST /cormun/servlet/solicitudot?gx-no-cache=1554131099435 HTTP/1.1" 200 256
186.103.159.186 - - [01/Apr/2019:12:08:41 -0300] "GET /cormun/servlet/solicitudot?159c75eaf3a951263ce0dc2f33e66cd001fdcd874019fd0a5eeeec47d0f20bb5af9f499c6664972f4d9b20e879fa002a3a3b87d707967b27e8176b76ef1389feaf411d8de14748798fdc756bd50bdd3f1c6e8be8f39b22df3fc5be547695ecf418c4ac0f7b6402e574b2e55f5d66434e5ae7dde9d51a2d4773c08138ba57ee3db34dd77cc7b33151e705167f7074b177760d1e7a9db2958bbeda8ae7609025f76057b69f740646e0665c5b95b9797ba3cfb59d1b87d4e99bede8bb82ba2ce233b333030e9815755586bd3450ba1f9346aed81df184e0dd56dc025622924f85904bb39d38fede200548ba4a8744c307ae9f69b5df8655c024e030ef9217355c3d4d318611492d5016acc3618ab0093cceffd1d4ea8095b33ffe621d773116e58b786e8a0ade8a87145109b98ec9bd780bd11548df5cf9af65b29fb97cffe1506e4b57b8e5b8606a29911422df8936e8e72402a026b844e38c8ae20475b5685c982105c1f3df8697a06996573d3c072ddbcfc664a37130f67b2111ba577a7a7fec,gx-no-cache=1554131099491 HTTP/1.1" 200 30
186.103.159.186 - - [01/Apr/2019:12:08:41 -0300] "POST /cormun/servlet/solicitudot?gx-no-cache=1554131099827 HTTP/1.1" 200 30
186.103.159.186 - - [01/Apr/2019:12:08:41 -0300] "POST /cormun/servlet/solicitudot?gx-no-cache=1554131099886 HTTP/1.1" 200 1316
186.103.159.186 - - [01/Apr/2019:12:08:41 -0300] "POST /cormun/servlet/solicitudot?gx-no-cache=1554131099957 HTTP/1.1" 200 40
186.103.159.186 - - [01/Apr/2019:12:08:41 -0300] "GET /cormun/servlet/solicitudot?159c75eaf3a951263ce0dc2f33e66cd0912c0a0c73da2cf452d31d0193b05b8021a65189fc5dd258b313f733ad0de1996ae55e7949aa751ecc8f7e069d748ad0b93b17f0571aec3197c7ae9c7724ce65853a10fcf5a6e05e9a43753a7ec13fe937c983fe8f3f668ded2f29925fc9c6d3,gx-no-cache=1554131099996 HTTP/1.1" 200 110
190.171.141.82 - - [01/Apr/2019:12:08:41 -0300] "GET /cormun/servlet/solicitudotadjuntos?6c474c78f6d902d7354a95d2ac3ca054f7fb0492cd38635ee558844d0a66e868,gx-no-cache=1554131099256 HTTP/1.1" 200 30
190.171.141.82 - - [01/Apr/2019:12:08:41 -0300] "GET /cormun/servlet/solicitudotadjuntos?6c474c78f6d902d7354a95d2ac3ca054f7fb0492cd38635ee558844d0a66e868,gx-no-cache=1554131099272 HTTP/1.1" 200 30
186.103.159.186 - - [01/Apr/2019:12:08:41 -0300] "POST /cormun/servlet/solicitudot?gx-no-cache=1554131100042 HTTP/1.1" 200 97
186.103.159.186 - - [01/Apr/2019:12:08:41 -0300] "GET /cormun/servlet/solicitudot?159c75eaf3a951263ce0dc2f33e66cd0db5c64b52907cde88db8d4783622abc335f27e81bdfaf9dfe5efd46423e18d98,gx-no-cache=1554131100091 HTTP/1.1" 200 30
190.171.141.82 - - [01/Apr/2019:12:08:41 -0300] "POST /cormun/servlet/solicitudotadjuntos?c5222ab06f9bb1dbe0e6e7433dfa80e2,INS,2019,15020,,1, HTTP/1.1" 200 116
190.171.141.82 - - [01/Apr/2019:12:08:41 -0300] "GET /cormun/servlet/hpexe_return? HTTP/1.1" 200 1023
186.103.159.186 - - [01/Apr/2019:12:08:42 -0300] "POST /cormun/servlet/solicitudot?gx-no-cache=1554131100129 HTTP/1.1" 200 30
190.171.141.82 - - [01/Apr/2019:12:08:42 -0300] "GET /cormun/servlet/trsolicitudadjuntos?2019,15020, HTTP/1.1" 200 9692
186.103.159.186 - - [01/Apr/2019:12:08:42 -0300] "POST /cormun/servlet/solicitudot?eac0dd07bddb90b011d808c182477d04,INS,0,0,,gx-no-cache=1554131100497 HTTP/1.1" 200 11907
190.171.141.82 - - [01/Apr/2019:12:08:42 -0300] "GET /cormun/servlet/trsolicitudadjuntos?2019,15020, HTTP/1.1" 200 9689
190.171.141.82 - - [01/Apr/2019:12:08:44 -0300] "GET /cormun/servlet/solicitudotadjuntos?INS,2019,15020,,1, HTTP/1.1" 200 6384
190.171.141.82 - - [01/Apr/2019:12:08:44 -0300] "GET /cormun/static/about:blank HTTP/1.1" 404 1011
190.171.141.82 - - [01/Apr/2019:12:08:44 -0300] "GET /cormun/servlet/solicitudotadjuntos?INS,2019,15020,,1, HTTP/1.1" 200 6377
190.171.141.82 - - [01/Apr/2019:12:08:45 -0300] "GET /cormun/servlet/solicitudotadjuntos?6c474c78f6d902d7354a95d2ac3ca054a83004437bd7ff87fcbb5ea1a463c8a0f35aa2e09a448cb506eef476f3c2d21e,gx-no-cache=1554131102861 HTTP/1.1" 200 30
190.171.141.82 - - [01/Apr/2019:12:08:45 -0300] "POST /cormun/servlet/solicitudotadjuntos?c5222ab06f9bb1dbe0e6e7433dfa80e2,INS,2019,15020,,1,,gx-no-cache=1554131102881 HTTP/1.1" 200 4062
190.171.141.82 - - [01/Apr/2019:12:08:46 -0300] "POST /cormun/servlet/solicitudotadjuntos?gx-no-cache=1554131104519 HTTP/1.1" 200 26
190.171.141.82 - - [01/Apr/2019:12:08:50 -0300] "GET /cormun/servlet/solicitudotadjuntos?6c474c78f6d902d7354a95d2ac3ca054f7fb0492cd38635ee558844d0a66e868,gx-no-cache=1554131108232 HTTP/1.1" 200 30
190.171.141.82 - - [01/Apr/2019:12:08:50 -0300] "GET /cormun/servlet/solicitudotadjuntos?6c474c78f6d902d7354a95d2ac3ca054f7fb0492cd38635ee558844d0a66e868,gx-no-cache=1554131108247 HTTP/1.1" 200 30
190.171.141.82 - - [01/Apr/2019:12:08:50 -0300] "POST /cormun/servlet/solicitudotadjuntos?c5222ab06f9bb1dbe0e6e7433dfa80e2,INS,2019,15020,,1, HTTP/1.1" 200 116
190.171.141.82 - - [01/Apr/2019:12:08:50 -0300] "GET /cormun/servlet/hpexe_return? HTTP/1.1" 200 1023
190.171.141.82 - - [01/Apr/2019:12:08:51 -0300] "GET /cormun/servlet/trsolicitudadjuntos?2019,15020, HTTP/1.1" 200 9959
190.171.141.82 - - [01/Apr/2019:12:08:51 -0300] "GET /cormun/servlet/trsolicitudadjuntos?2019,15020, HTTP/1.1" 200 9955
190.171.141.82 - - [01/Apr/2019:12:08:53 -0300] "GET /cormun/servlet/solicitudotadjuntos?INS,2019,15020,,1, HTTP/1.1" 200 6384
190.171.141.82 - - [01/Apr/2019:12:08:53 -0300] "GET /cormun/static/about:blank HTTP/1.1" 404 1011
190.171.141.82 - - [01/Apr/2019:12:08:53 -0300] "GET /cormun/servlet/solicitudotadjuntos?INS,2019,15020,,1, HTTP/1.1" 200 6377
190.171.141.82 - - [01/Apr/2019:12:08:54 -0300] "GET /cormun/servlet/solicitudotadjuntos?6c474c78f6d902d7354a95d2ac3ca054a83004437bd7ff87fcbb5ea1a463c8a0f35aa2e09a448cb506eef476f3c2d21e,gx-no-cache=1554131111863 HTTP/1.1" 200 30
190.171.141.82 - - [01/Apr/2019:12:08:54 -0300] "POST /cormun/servlet/solicitudotadjuntos?c5222ab06f9bb1dbe0e6e7433dfa80e2,INS,2019,15020,,1,,gx-no-cache=1554131111955 HTTP/1.1" 200 4062
190.171.141.82 - - [01/Apr/2019:12:08:55 -0300] "POST /cormun/servlet/solicitudotadjuntos?gx-no-cache=1554131113479 HTTP/1.1" 200 26
190.171.141.82 - - [01/Apr/2019:12:08:59 -0300] "GET /cormun/servlet/solicitudotadjuntos?6c474c78f6d902d7354a95d2ac3ca054f7fb0492cd38635ee558844d0a66e868,gx-no-cache=1554131116793 HTTP/1.1" 200 30
190.171.141.82 - - [01/Apr/2019:12:08:59 -0300] "GET /cormun/servlet/solicitudotadjuntos?6c474c78f6d902d7354a95d2ac3ca054f7fb0492cd38635ee558844d0a66e868,gx-no-cache=1554131116909 HTTP/1.1" 200 30
190.171.141.82 - - [01/Apr/2019:12:09:00 -0300] "POST /cormun/servlet/solicitudotadjuntos?c5222ab06f9bb1dbe0e6e7433dfa80e2,INS,2019,15020,,1, HTTP/1.1" 200 116
190.171.141.82 - - [01/Apr/2019:12:09:00 -0300] "GET /cormun/servlet/hpexe_return? HTTP/1.1" 200 1023
186.103.159.186 - - [01/Apr/2019:12:09:00 -0300] "GET /cormun/servlet/solicitudot?159c75eaf3a951263ce0dc2f33e66cd0a80f08a5052baec5c0e1cdc66bd9e26fb0f5f991a5de5697aece18ec664681d7c610c8a922e9a2d4a85e1d0de592f3bc,gx-no-cache=1554131118812 HTTP/1.1" 200 30
186.103.159.186 - - [01/Apr/2019:12:09:00 -0300] "POST /cormun/servlet/solicitudot?gx-no-cache=1554131118942 HTTP/1.1" 200 256
190.171.141.82 - - [01/Apr/2019:12:09:00 -0300] "GET /cormun/servlet/trsolicitudadjuntos?2019,15020, HTTP/1.1" 200 10170
186.103.159.186 - - [01/Apr/2019:12:09:01 -0300] "GET /cormun/servlet/solicitudot?159c75eaf3a951263ce0dc2f33e66cd001fdcd874019fd0a5eeeec47d0f20bb5af9f499c6664972f4d9b20e879fa002a3a3b87d707967b27e8176b76ef1389feaf411d8de14748798fdc756bd50bdd3f1c6e8be8f39b22df3fc5be547695ecf418c4ac0f7b6402e574b2e55f5d66434e5ae7dde9d51a2d4773c08138ba57ee3db34dd77cc7b33151e705167f7074b177760d1e7a9db2958bbeda8ae7609025f76057b69f740646e0665c5b95b9797ba3cfb59d1b87d4e99bede8bb82ba2ce233b333030e9815755586bd3450ba1f9346aed81df184e0dd56dc025622924f85904bb39d38fede200548ba4a8744c307ae9f69b5df8655c024e030ef9217355c3d4d318611492d5016acc3618ab0093cceffd1d4ea8095b33ffe621d773116e58b786e8a0ade8a87145109b98ec9bd780bd11548df5cf9af65b29fb97cffe1506e4b57b8e5b8606a29911422df8936e8e72402a026b844e38c8ae20475b5685c982105c1f3df8697a06996573d3c072ddbcfc664a37130f67b2111ba577a7a7fec,gx-no-cache=1554131119143 HTTP/1.1" 200 30
186.103.159.186 - - [01/Apr/2019:12:09:01 -0300] "POST /cormun/servlet/solicitudot?gx-no-cache=1554131119509 HTTP/1.1" 200 30
186.103.159.186 - - [01/Apr/2019:12:09:01 -0300] "POST /cormun/servlet/solicitudot?gx-no-cache=1554131119570 HTTP/1.1" 200 1316
186.103.159.186 - - [01/Apr/2019:12:09:01 -0300] "POST /cormun/servlet/solicitudot?gx-no-cache=1554131119820 HTTP/1.1" 200 40
186.103.159.186 - - [01/Apr/2019:12:09:01 -0300] "GET /cormun/servlet/solicitudot?159c75eaf3a951263ce0dc2f33e66cd0912c0a0c73da2cf452d31d0193b05b8021a65189fc5dd258b313f733ad0de1996ae55e7949aa751ecc8f7e069d748ad0b93b17f0571aec3197c7ae9c7724ce65853a10fcf5a6e05e9a43753a7ec13fe937c983fe8f3f668ded2f29925fc9c6d3,gx-no-cache=1554131119862 HTTP/1.1" 200 110
190.171.141.82 - - [01/Apr/2019:12:09:01 -0300] "GET /cormun/servlet/trsolicitudadjuntos?2019,15020, HTTP/1.1" 200 10172
186.103.159.186 - - [01/Apr/2019:12:09:01 -0300] "POST /cormun/servlet/solicitudot?gx-no-cache=1554131119906 HTTP/1.1" 200 97
186.103.159.186 - - [01/Apr/2019:12:09:01 -0300] "GET /cormun/servlet/solicitudot?159c75eaf3a951263ce0dc2f33e66cd0db5c64b52907cde88db8d4783622abc335f27e81bdfaf9dfe5efd46423e18d98,gx-no-cache=1554131120004 HTTP/1.1" 200 30
186.103.159.186 - - [01/Apr/2019:12:09:01 -0300] "POST /cormun/servlet/solicitudot?gx-no-cache=1554131120069 HTTP/1.1" 200 30
186.103.159.186 - - [01/Apr/2019:12:09:01 -0300] "POST /cormun/servlet/solicitudot?eac0dd07bddb90b011d808c182477d04,INS,0,0,,gx-no-cache=1554131120133 HTTP/1.1" 200 11955
190.171.141.82 - - [01/Apr/2019:12:09:10 -0300] "GET /cormun/servlet/trsolicitudot? HTTP/1.1" 200 9006
190.171.141.82 - - [01/Apr/2019:12:09:11 -0300] "GET /cormun/servlet/trsolicitudot? HTTP/1.1" 200 8999
186.103.159.186 - - [01/Apr/2019:12:09:16 -0300] "GET /cormun/servlet/hlogin HTTP/1.1" 200 1716
190.171.141.82 - - [01/Apr/2019:12:09:16 -0300] "POST /cormun/servlet/trsolicitudot?c5222ab06f9bb1dbe0e6e7433dfa80e2,,gx-no-cache=1554131134437 HTTP/1.1" 200 4818
190.171.141.82 - - [01/Apr/2019:12:09:17 -0300] "GET /cormun/static/Shared/jqueryui/images/ui-bg_highlight-soft_100_c6c2c8_1x100.png HTTP/1.1" 404 1117
190.171.141.82 - - [01/Apr/2019:12:09:17 -0300] "GET /cormun/static/Shared/jqueryui/images/ui-icons_82798d_256x240.png HTTP/1.1" 404 1089
190.171.141.82 - - [01/Apr/2019:12:09:17 -0300] "GET /cormun/static/Shared/jqueryui/images/ui-bg_flat_55_fafafa_40x100.png HTTP/1.1" 404 1097
190.171.141.82 - - [01/Apr/2019:12:09:17 -0300] "GET /cormun/static/Shared/jqueryui/images/ui-icons_8d78a5_256x240.png HTTP/1.1" 404 1089
190.171.141.82 - - [01/Apr/2019:12:09:17 -0300] "POST /cormun/servlet/trsolicitudot?c5222ab06f9bb1dbe0e6e7433dfa80e2,,gx-no-cache=1554131134689 HTTP/1.1" 200 4539
190.171.141.82 - - [01/Apr/2019:12:09:20 -0300] "GET /cormun/servlet/trautorizarsolicitud? HTTP/1.1" 200 8892
190.171.141.82 - - [01/Apr/2019:12:09:21 -0300] "GET /cormun/static/gxcfg.js?2017111423403364 HTTP/1.1" 304 -
190.171.141.82 - - [01/Apr/2019:12:09:21 -0300] "GET /cormun/servlet/trautorizarsolicitud? HTTP/1.1" 200 8893
186.103.159.186 - - [01/Apr/2019:12:09:23 -0300] "POST /cormun/servlet/hlogin?eac0dd07bddb90b011d808c182477d04,gx-no-cache=1554131141703 HTTP/1.1" 200 90
186.103.159.186 - - [01/Apr/2019:12:09:23 -0300] "GET /cormun/servlet/hpexe_link HTTP/1.1" 200 959
186.103.159.186 - - [01/Apr/2019:12:09:23 -0300] "GET /cormun/servlet/solicitudot?INS,0,0, HTTP/1.1" 200 14731
190.171.141.82 - - [01/Apr/2019:12:09:25 -0300] "POST /cormun/servlet/trautorizarsolicitud?c5222ab06f9bb1dbe0e6e7433dfa80e2,,gx-no-cache=1554131143277 HTTP/1.1" 200 4738
190.171.141.82 - - [01/Apr/2019:12:09:25 -0300] "GET /cormun/static/Shared/jqueryui/images/ui-icons_82798d_256x240.png HTTP/1.1" 404 1089
190.171.141.82 - - [01/Apr/2019:12:09:25 -0300] "GET /cormun/static/Shared/jqueryui/images/ui-bg_highlight-soft_100_c6c2c8_1x100.png HTTP/1.1" 404 1117
190.171.141.82 - - [01/Apr/2019:12:09:25 -0300] "GET /cormun/static/Shared/jqueryui/images/ui-bg_flat_55_fafafa_40x100.png HTTP/1.1" 404 1097
190.171.141.82 - - [01/Apr/2019:12:09:25 -0300] "GET /cormun/static/Shared/jqueryui/images/ui-icons_8d78a5_256x240.png HTTP/1.1" 404 1089
190.171.141.82 - - [01/Apr/2019:12:09:25 -0300] "POST /cormun/servlet/trautorizarsolicitud?c5222ab06f9bb1dbe0e6e7433dfa80e2,,gx-no-cache=1554131143447 HTTP/1.1" 200 4460
186.103.159.186 - - [01/Apr/2019:12:09:26 -0300] "GET /cormun/servlet/solicitudot?INS,0,0, HTTP/1.1" 200 14735
190.171.141.82 - - [01/Apr/2019:12:09:28 -0300] "GET /cormun/servlet/trautorizarsolicitud? HTTP/1.1" 200 7452
190.171.141.82 - - [01/Apr/2019:12:09:29 -0300] "GET /cormun/servlet/trautorizarsolicitud? HTTP/1.1" 200 7452
190.171.141.82 - - [01/Apr/2019:12:09:31 -0300] "GET /cormun/servlet/trvisualizadoreventos? HTTP/1.1" 200 7104
190.171.141.82 - - [01/Apr/2019:12:09:32 -0300] "GET /cormun/static/gxcfg.js?20175251251426 HTTP/1.1" 200 953
190.171.141.82 - - [01/Apr/2019:12:09:32 -0300] "GET /cormun/static/Resources/PXToolsActionPrint.png HTTP/1.1" 200 3317
190.171.141.82 - - [01/Apr/2019:12:09:32 -0300] "GET /cormun/static/trvisualizadoreventos.js?20175251251768 HTTP/1.1" 200 19318
190.171.141.82 - - [01/Apr/2019:12:09:32 -0300] "GET /cormun/servlet/trvisualizadoreventos? HTTP/1.1" 200 7103
190.171.141.82 - - [01/Apr/2019:12:09:38 -0300] "POST /cormun/servlet/trvisualizadoreventos?c5222ab06f9bb1dbe0e6e7433dfa80e2,,gx-no-cache=1554131155513 HTTP/1.1" 200 4201
190.171.141.82 - - [01/Apr/2019:12:09:41 -0300] "GET /cormun/static/menuarrow.gif HTTP/1.1" 404 1015
186.103.159.186 - - [01/Apr/2019:12:09:41 -0300] "POST /cormun/servlet/solicitudot?gx-no-cache=1554131159074 HTTP/1.1" 200 3562
186.103.159.186 - - [01/Apr/2019:12:09:42 -0300] "POST /cormun/servlet/solicitudot?eac0dd07bddb90b011d808c182477d04,INS,0,0,,gx-no-cache=1554131160141 HTTP/1.1" 200 11517
190.171.152.138 - - [01/Apr/2019:12:09:43 -0300] "GET /cormun/servlet/hlogin HTTP/1.1" 200 1742
190.171.141.82 - - [01/Apr/2019:12:09:45 -0300] "POST /cormun/servlet/trvisualizadoreventos?c5222ab06f9bb1dbe0e6e7433dfa80e2,,gx-no-cache=1554131162586 HTTP/1.1" 200 4205
190.171.141.82 - - [01/Apr/2019:12:09:48 -0300] "GET /cormun/servlet/trsolicitudot? HTTP/1.1" 200 7552
190.171.141.82 - - [01/Apr/2019:12:09:48 -0300] "GET /cormun/servlet/trsolicitudot? HTTP/1.1" 200 7552
186.103.159.186 - - [01/Apr/2019:12:09:49 -0300] "GET /cormun/servlet/solicitudot?159c75eaf3a951263ce0dc2f33e66cd0d841dea7b4ccabf2b134885630bde5285e8e7bdb49cb2fcc0bbfa3e111ae1d4f,gx-no-cache=1554131168169 HTTP/1.1" 200 30
186.103.159.186 - - [01/Apr/2019:12:09:49 -0300] "GET /cormun/servlet/solicitudot?159c75eaf3a951263ce0dc2f33e66cd0c605d4a0cb697c4349b54ab21b2317760de1381b5f365cd4c0d166c6c1f90deef531c97bc83237f01380505a1fef5008,gx-no-cache=1554131168231 HTTP/1.1" 200 30
186.103.159.186 - - [01/Apr/2019:12:09:49 -0300] "GET /cormun/servlet/solicitudot?159c75eaf3a951263ce0dc2f33e66cd0b735e7f27bfc976be919abfeed2cdb50,gx-no-cache=1554131168266 HTTP/1.1" 200 53
186.103.159.186 - - [01/Apr/2019:12:09:49 -0300] "POST /cormun/servlet/solicitudot?gx-no-cache=1554131168312 HTTP/1.1" 200 255
186.103.159.186 - - [01/Apr/2019:12:09:50 -0300] "GET /cormun/servlet/solicitudot?159c75eaf3a951263ce0dc2f33e66cd001fdcd874019fd0a5eeeec47d0f20bb5af9f499c6664972f4d9b20e879fa002a3a3b87d707967b27e8176b76ef1389feaf411d8de14748798fdc756bd50bdd3f1c6e8be8f39b22df3fc5be547695ecf418c4ac0f7b6402e574b2e55f5d66434e5ae7dde9d51a2d4773c08138ba57ee3db34dd77cc7b33151e705167f7074b177760d1e7a9db2958bbeda8ae7609025f76057b69f740646e0665c5b95b9797ba3cfb59d1b87d4e99bede8bb82ba2ce233b333030e9815755586bd3450ba1f9346aed81df184e0dd56dc025622924f85904bb39d38fede200548ba4a8744c307ae9f69b5df8655c024e030ef9217355c3d4d318611492d5016acc3618ab0093cceffd1d4ea8095b33ffe621d773116e58b786e8a0ade8a87145109b98ec9bd780bd11548df5cf9af65b29fb97cffe1506e4b57b8e5b8606a29911422df8936e8e72402a026b844e38c8ae20475b5685c982105c1f3df8697a06996573d3c072ddb7fe0bdcea33422401b31ef8c333e2c09,gx-no-cache=1554131168370 HTTP/1.1" 200 30
190.171.141.82 - - [01/Apr/2019:12:09:51 -0300] "POST /cormun/servlet/trsolicitudot?c5222ab06f9bb1dbe0e6e7433dfa80e2,,gx-no-cache=1554131169082 HTTP/1.1" 200 9923
186.103.159.186 - - [01/Apr/2019:12:09:53 -0300] "POST /cormun/servlet/solicitudot?gx-no-cache=1554131172105 HTTP/1.1" 200 30
186.103.159.186 - - [01/Apr/2019:12:09:58 -0300] "GET /cormun/servlet/prsolicitudot?16090696,,,,,MD,,gxPopupLevel%3D0%3B HTTP/1.1" 200 6468
186.103.159.186 - - [01/Apr/2019:12:10:25 -0300] "POST /cormun/servlet/solicitudot?gx-no-cache=1554131203157 HTTP/1.1" 200 1315
186.103.159.186 - - [01/Apr/2019:12:10:25 -0300] "POST /cormun/servlet/solicitudot?gx-no-cache=1554131203553 HTTP/1.1" 200 38
186.103.159.186 - - [01/Apr/2019:12:10:25 -0300] "GET /cormun/servlet/solicitudot?159c75eaf3a951263ce0dc2f33e66cd0912c0a0c73da2cf452d31d0193b05b8021a65189fc5dd258b313f733ad0de1996ae55e7949aa751ecc8f7e069d748ad0b93b17f0571aec3197c7ae9c7724ce65853a10fcf5a6e05e9a43753a7ec13fe937c983fe8f3f668ded2f29925fc9c6d3,gx-no-cache=1554131203592 HTTP/1.1" 200 110
186.103.159.186 - - [01/Apr/2019:12:10:25 -0300] "POST /cormun/servlet/solicitudot?gx-no-cache=1554131203641 HTTP/1.1" 200 97
186.103.159.186 - - [01/Apr/2019:12:10:25 -0300] "GET /cormun/servlet/solicitudot?159c75eaf3a951263ce0dc2f33e66cd0e55bced569b8c6ff1eaa42ca800c4edec48ce094a5445cfc2993d20af9a207f669a4f63afb5bcd2d0850aa1109d488ed5c2bf20032b8e83476efb91a162d024d74b368f3f948d97a3acacb1a726f5fa1304901b97a26020e5272061349c55fde33dc3141e2fd4b247d4b1c38f78b9047e1d81d4a0115be6f752b176a91f5384b2b82832cf081fc476121796db36d98d849af08ac6ce54ac77ece3f8a9d6f243de567f0c8e2b6e384fe59cfcc0637cbba70b2b866d7b147fffe8d77a3922859a9,gx-no-cache=1554131203701 HTTP/1.1" 200 29
186.103.159.186 - - [01/Apr/2019:12:10:25 -0300] "GET /cormun/servlet/solicitudot?159c75eaf3a951263ce0dc2f33e66cd00dc3d961efe89cd46b1763d957af2ea535f27e81bdfaf9dfe5efd46423e18d98,gx-no-cache=1554131203736 HTTP/1.1" 200 134
186.103.159.186 - - [01/Apr/2019:12:10:25 -0300] "GET /cormun/static/Shared/jqueryui/images/ui-bg_highlight-soft_100_c6c2c8_1x100.png HTTP/1.1" 404 1117
186.103.159.186 - - [01/Apr/2019:12:10:25 -0300] "GET /cormun/static/Shared/jqueryui/images/ui-icons_82798d_256x240.png HTTP/1.1" 404 1089
186.103.159.186 - - [01/Apr/2019:12:10:25 -0300] "GET /cormun/static/Shared/jqueryui/images/ui-bg_flat_55_994d53_40x100.png HTTP/1.1" 404 1097
186.103.159.186 - - [01/Apr/2019:12:10:25 -0300] "GET /cormun/static/Shared/jqueryui/images/ui-icons_ebccce_256x240.png HTTP/1.1" 404 1089
186.103.159.186 - - [01/Apr/2019:12:10:46 -0300] "POST /cormun/servlet/solicitudot?gx-no-cache=1554131224422 HTTP/1.1" 200 72
186.103.159.186 - - [01/Apr/2019:12:10:51 -0300] "GET /cormun/servlet/solicitudot?159c75eaf3a951263ce0dc2f33e66cd0e55bced569b8c6ff1eaa42ca800c4edec48ce094a5445cfc2993d20af9a207f6fd4eaf49ff7476c02b5e9f4d14cebe595c2bf20032b8e83476efb91a162d024d74b368f3f948d97a3acacb1a726f5fa1304901b97a26020e5272061349c55fde33dc3141e2fd4b247d4b1c38f78b9047e1d81d4a0115be6f752b176a91f5384b2b82832cf081fc476121796db36d98d849af08ac6ce54ac77ece3f8a9d6f243de567f0c8e2b6e384fe59cfcc0637cbba70b2b866d7b147fffe8d77a3922859a9,gx-no-cache=1554131230155 HTTP/1.1" 200 29
186.103.159.186 - - [01/Apr/2019:12:10:53 -0300] "GET /cormun/static/menuarrow.gif HTTP/1.1" 404 1015
186.103.159.186 - - [01/Apr/2019:12:11:33 -0300] "GET /cormun/servlet/solicitudot?159c75eaf3a951263ce0dc2f33e66cd0db5c64b52907cde88db8d4783622abc335f27e81bdfaf9dfe5efd46423e18d98,gx-no-cache=1554131271414 HTTP/1.1" 200 30
186.103.159.186 - - [01/Apr/2019:12:11:33 -0300] "POST /cormun/servlet/solicitudot?gx-no-cache=1554131271742 HTTP/1.1" 200 33
186.103.159.186 - - [01/Apr/2019:12:11:54 -0300] "POST /cormun/servlet/solicitudot?eac0dd07bddb90b011d808c182477d04,INS,0,0,,gx-no-cache=1554131292498 HTTP/1.1" 200 93
186.103.159.186 - - [01/Apr/2019:12:11:54 -0300] "GET /cormun/servlet/hpexe_return? HTTP/1.1" 200 1002
186.103.159.186 - - [01/Apr/2019:12:11:54 -0300] "GET /cormun/servlet/hhome HTTP/1.1" 200 4024
186.103.159.186 - - [01/Apr/2019:12:11:55 -0300] "GET /cormun/servlet/hhome HTTP/1.1" 200 4021
186.103.159.186 - - [01/Apr/2019:12:12:01 -0300] "GET /cormun/servlet/trsolicitudot? HTTP/1.1" 200 8634
186.103.159.186 - - [01/Apr/2019:12:12:02 -0300] "GET /cormun/servlet/trsolicitudot? HTTP/1.1" 200 8632
186.103.159.186 - - [01/Apr/2019:12:12:38 -0300] "GET /cormun/servlet/solicitudot?INS,0,0, HTTP/1.1" 200 14899
186.103.159.186 - - [01/Apr/2019:12:12:40 -0300] "GET /cormun/servlet/solicitudot?INS,0,0, HTTP/1.1" 200 14903
186.103.159.186 - - [01/Apr/2019:12:12:52 -0300] "POST /cormun/servlet/solicitudot?gx-no-cache=1554131350274 HTTP/1.1" 200 3542
186.103.159.186 - - [01/Apr/2019:12:12:52 -0300] "POST /cormun/servlet/solicitudot?eac0dd07bddb90b011d808c182477d04,INS,0,0,,gx-no-cache=1554131351055 HTTP/1.1" 200 11766
186.103.159.186 - - [01/Apr/2019:12:12:55 -0300] "GET /cormun/servlet/solicitudot?159c75eaf3a951263ce0dc2f33e66cd0b9fe05fd6bb5d049ecb6352835c4ef525e8e7bdb49cb2fcc0bbfa3e111ae1d4f,gx-no-cache=1554131354148 HTTP/1.1" 200 30
192.168.15.12 - - [01/Apr/2019:12:12:56 -0300] "GET /digitalizacion/servlet/wblogin HTTP/1.1" 200 2306
192.168.15.12 - - [01/Apr/2019:12:12:56 -0300] "GET /digitalizacion/servlet/wblogin HTTP/1.1" 200 2317
192.168.15.12 - - [01/Apr/2019:12:13:03 -0300] "POST /digitalizacion/servlet/wblogin?b0a61fdcb585933970ac0033238551a8,gx-no-cache=1554131391722 HTTP/1.1" 200 831
192.168.15.12 - - [01/Apr/2019:12:13:08 -0300] "POST /digitalizacion/servlet/wblogin?b0a61fdcb585933970ac0033238551a8,gx-no-cache=1554131396937 HTTP/1.1" 200 65
192.168.15.12 - - [01/Apr/2019:12:13:08 -0300] "GET /digitalizacion/servlet/hhome HTTP/1.1" 200 2816
192.168.15.12 - - [01/Apr/2019:12:13:09 -0300] "GET /digitalizacion/servlet/hhome HTTP/1.1" 200 2815
186.103.159.186 - - [01/Apr/2019:12:13:10 -0300] "GET /cormun/servlet/solicitudot?159c75eaf3a951263ce0dc2f33e66cd0a80f08a5052baec5c0e1cdc66bd9e26fb0f5f991a5de5697aece18ec664681d7c610c8a922e9a2d4a85e1d0de592f3bc,gx-no-cache=1554131368420 HTTP/1.1" 200 30
186.103.159.186 - - [01/Apr/2019:12:13:10 -0300] "GET /cormun/servlet/solicitudot?159c75eaf3a951263ce0dc2f33e66cd003db8c96b2c302c83880a11e1a41938d,gx-no-cache=1554131368482 HTTP/1.1" 200 51
186.103.159.186 - - [01/Apr/2019:12:13:10 -0300] "POST /cormun/servlet/solicitudot?gx-no-cache=1554131368623 HTTP/1.1" 200 255
186.103.159.186 - - [01/Apr/2019:12:13:10 -0300] "GET /cormun/servlet/solicitudot?159c75eaf3a951263ce0dc2f33e66cd001fdcd874019fd0a5eeeec47d0f20bb5af9f499c6664972f4d9b20e879fa002a3a3b87d707967b27e8176b76ef1389feaf411d8de14748798fdc756bd50bdd3f1c6e8be8f39b22df3fc5be547695ecf418c4ac0f7b6402e574b2e55f5d66434e5ae7dde9d51a2d4773c08138ba57ee3db34dd77cc7b33151e705167f7074b177760d1e7a9db2958bbeda8ae7609025f76057b69f740646e0665c5b95b9797ba3cfb59d1b87d4e99bede8bb82ba2ce233b333030e9815755586bd3450ba1f9346aed81df184e0dd56dc025622924f85904bb39d38fede200548ba4a8744c307ae9f69b5df8655c024e030ef9217355c3d4d318611492d5016acc3618ab0093cceffd1d4ea8095b33ffe621d773116e58b786e8a0ade8a87145109b98ec9bd780bd11548df5cf9af65b29fb97cffe1506e4b57b8e5b8606a29911422df8936e8e72402a026b844e38c8ae20475b5685c982105c1f3df8697a06996573d3c072ddb7fe0bdcea33422401b31ef8c333e2c09,gx-no-cache=1554131368702 HTTP/1.1" 200 30
192.168.15.12 - - [01/Apr/2019:12:13:12 -0300] "GET /digitalizacion/servlet/trdocumentos? HTTP/1.1" 200 9870
192.168.15.12 - - [01/Apr/2019:12:13:13 -0300] "GET /digitalizacion/servlet/trdocumentos? HTTP/1.1" 200 9867
192.168.15.12 - - [01/Apr/2019:12:13:13 -0300] "POST /digitalizacion/servlet/trdocumentos?gx-no-cache=1554131401783 HTTP/1.1" 200 449
192.168.15.12 - - [01/Apr/2019:12:13:13 -0300] "POST /digitalizacion/servlet/trdocumentos?gx-no-cache=1554131401851 HTTP/1.1" 200 78
186.103.159.186 - - [01/Apr/2019:12:13:13 -0300] "POST /cormun/servlet/solicitudot?gx-no-cache=1554131372056 HTTP/1.1" 200 30
192.168.15.12 - - [01/Apr/2019:12:13:14 -0300] "POST /digitalizacion/servlet/trdocumentos?gx-no-cache=1554131403189 HTTP/1.1" 200 388
186.103.159.186 - - [01/Apr/2019:12:13:15 -0300] "GET /cormun/servlet/prsolicitudot?10820282,,,,,MD,,gxPopupLevel%3D0%3B HTTP/1.1" 200 6100
192.168.15.12 - - [01/Apr/2019:12:13:18 -0300] "POST /digitalizacion/servlet/trdocumentos?gx-no-cache=1554131406711 HTTP/1.1" 200 78
192.168.15.12 - - [01/Apr/2019:12:13:22 -0300] "POST /digitalizacion/servlet/trdocumentos?b0a61fdcb585933970ac0033238551a8,,gx-no-cache=1554131410084 HTTP/1.1" 200 7071
186.103.159.186 - - [01/Apr/2019:12:13:23 -0300] "POST /cormun/servlet/solicitudot?gx-no-cache=1554131382050 HTTP/1.1" 200 1316
186.103.159.186 - - [01/Apr/2019:12:13:23 -0300] "POST /cormun/servlet/solicitudot?gx-no-cache=1554131382267 HTTP/1.1" 200 38
186.103.159.186 - - [01/Apr/2019:12:13:24 -0300] "GET /cormun/servlet/solicitudot?159c75eaf3a951263ce0dc2f33e66cd0912c0a0c73da2cf452d31d0193b05b8021a65189fc5dd258b313f733ad0de1996ae55e7949aa751ecc8f7e069d748ad0b93b17f0571aec3197c7ae9c7724ce65853a10fcf5a6e05e9a43753a7ec13fe937c983fe8f3f668ded2f29925fc9c6d3,gx-no-cache=1554131382390 HTTP/1.1" 200 110
186.103.159.186 - - [01/Apr/2019:12:13:24 -0300] "POST /cormun/servlet/solicitudot?gx-no-cache=1554131382467 HTTP/1.1" 200 97
186.103.159.186 - - [01/Apr/2019:12:13:24 -0300] "GET /cormun/servlet/solicitudot?159c75eaf3a951263ce0dc2f33e66cd0e55bced569b8c6ff1eaa42ca800c4edec48ce094a5445cfc2993d20af9a207f669a4f63afb5bcd2d0850aa1109d488ed5c2bf20032b8e83476efb91a162d024d74b368f3f948d97a3acacb1a726f5fa1304901b97a26020e5272061349c55fde33dc3141e2fd4b247d4b1c38f78b9047e1d81d4a0115be6f752b176a91f5384b2b82832cf081fc476121796db36d98d849af08ac6ce54ac77ece3f8a9d6f243de567f0c8e2b6e384fe59cfcc0637cbba70b2b866d7b147fffe8d77a3922859a9,gx-no-cache=1554131382561 HTTP/1.1" 200 29
186.103.159.186 - - [01/Apr/2019:12:13:24 -0300] "GET /cormun/servlet/solicitudot?159c75eaf3a951263ce0dc2f33e66cd03d5e2748a64ac61d2de64a561dfe7048,gx-no-cache=1554131382658 HTTP/1.1" 200 30
192.168.15.12 - - [01/Apr/2019:12:13:24 -0300] "POST /digitalizacion/servlet/trdocumentos?b0a61fdcb585933970ac0033238551a8,,gx-no-cache=1554131413080 HTTP/1.1" 200 6904
186.103.159.186 - - [01/Apr/2019:12:13:25 -0300] "GET /cormun/servlet/prcontratosol?10820282,,,,,MD,,gxPopupLevel%3D0%3B HTTP/1.1" 200 8938
186.103.159.186 - - [01/Apr/2019:12:13:25 -0300] "GET /cormun/static/gxcfg.js?201761413223964 HTTP/1.1" 200 953
186.103.159.186 - - [01/Apr/2019:12:13:25 -0300] "GET /cormun/static/prcontratosol.js?201761413224174 HTTP/1.1" 200 15806
192.168.15.12 - - [01/Apr/2019:12:13:30 -0300] "POST /digitalizacion/servlet/trdocumentos?b0a61fdcb585933970ac0033238551a8,,gx-no-cache=1554131419137 HTTP/1.1" 200 7085
192.168.15.12 - - [01/Apr/2019:12:13:31 -0300] "POST /digitalizacion/servlet/trdocumentos?b0a61fdcb585933970ac0033238551a8,,gx-no-cache=1554131420160 HTTP/1.1" 200 7069
186.103.159.186 - - [01/Apr/2019:12:13:32 -0300] "POST /cormun/servlet/solicitudot?gx-no-cache=1554131390318 HTTP/1.1" 200 1316
186.103.159.186 - - [01/Apr/2019:12:13:32 -0300] "POST /cormun/servlet/solicitudot?gx-no-cache=1554131390435 HTTP/1.1" 200 38
186.103.159.186 - - [01/Apr/2019:12:13:32 -0300] "GET /cormun/servlet/solicitudot?159c75eaf3a951263ce0dc2f33e66cd0912c0a0c73da2cf452d31d0193b05b8021a65189fc5dd258b313f733ad0de1996ae55e7949aa751ecc8f7e069d748ad0b93b17f0571aec3197c7ae9c7724ce65853a10fcf5a6e05e9a43753a7ec13fe937c983fe8f3f668ded2f29925fc9c6d3,gx-no-cache=1554131390471 HTTP/1.1" 200 110
186.103.159.186 - - [01/Apr/2019:12:13:32 -0300] "POST /cormun/servlet/solicitudot?gx-no-cache=1554131390512 HTTP/1.1" 200 97
186.103.159.186 - - [01/Apr/2019:12:13:32 -0300] "GET /cormun/servlet/solicitudot?159c75eaf3a951263ce0dc2f33e66cd00dc3d961efe89cd46b1763d957af2ea535f27e81bdfaf9dfe5efd46423e18d98,gx-no-cache=1554131390558 HTTP/1.1" 200 134
186.103.159.186 - - [01/Apr/2019:12:13:32 -0300] "GET /cormun/static/Shared/jqueryui/images/ui-bg_highlight-soft_100_c6c2c8_1x100.png HTTP/1.1" 404 1117
186.103.159.186 - - [01/Apr/2019:12:13:32 -0300] "GET /cormun/static/Shared/jqueryui/images/ui-icons_82798d_256x240.png HTTP/1.1" 404 1089
186.103.159.186 - - [01/Apr/2019:12:13:32 -0300] "GET /cormun/static/Shared/jqueryui/images/ui-icons_ebccce_256x240.png HTTP/1.1" 404 1089
186.103.159.186 - - [01/Apr/2019:12:13:32 -0300] "GET /cormun/static/Shared/jqueryui/images/ui-bg_flat_55_994d53_40x100.png HTTP/1.1" 404 1097
192.168.15.12 - - [01/Apr/2019:12:13:33 -0300] "POST /digitalizacion/servlet/trdocumentos?b0a61fdcb585933970ac0033238551a8,,gx-no-cache=1554131421332 HTTP/1.1" 200 7168
192.168.15.12 - - [01/Apr/2019:12:13:34 -0300] "POST /digitalizacion/servlet/trdocumentos?b0a61fdcb585933970ac0033238551a8,,gx-no-cache=1554131422619 HTTP/1.1" 200 7071
186.103.159.186 - - [01/Apr/2019:12:13:45 -0300] "POST /cormun/servlet/solicitudot?gx-no-cache=1554131404049 HTTP/1.1" 200 72
186.103.159.186 - - [01/Apr/2019:12:13:51 -0300] "GET /cormun/servlet/solicitudot?159c75eaf3a951263ce0dc2f33e66cd0e55bced569b8c6ff1eaa42ca800c4edec48ce094a5445cfc2993d20af9a207f6fd4eaf49ff7476c02b5e9f4d14cebe595c2bf20032b8e83476efb91a162d024d74b368f3f948d97a3acacb1a726f5fa1304901b97a26020e5272061349c55fde33dc3141e2fd4b247d4b1c38f78b9047e1d81d4a0115be6f752b176a91f5384b2b82832cf081fc476121796db36d98d849af08ac6ce54ac77ece3f8a9d6f243de567f0c8e2b6e384fe59cfcc0637cbba70b2b866d7b147fffe8d77a3922859a9,gx-no-cache=1554131409810 HTTP/1.1" 200 29
186.103.159.186 - - [01/Apr/2019:12:13:52 -0300] "GET /cormun/static/menuarrow.gif HTTP/1.1" 404 1015
186.103.159.186 - - [01/Apr/2019:12:14:00 -0300] "GET /cormun/servlet/solicitudot?159c75eaf3a951263ce0dc2f33e66cd0db5c64b52907cde88db8d4783622abc335f27e81bdfaf9dfe5efd46423e18d98,gx-no-cache=1554131418842 HTTP/1.1" 200 30
186.103.159.186 - - [01/Apr/2019:12:14:00 -0300] "POST /cormun/servlet/solicitudot?gx-no-cache=1554131418999 HTTP/1.1" 200 33
192.168.10.96 - - [01/Apr/2019:12:15:11 -0300] "GET /cormun/servlet/trsolicitudgral? HTTP/1.1" 200 12471
192.168.10.96 - - [01/Apr/2019:12:15:12 -0300] "GET /cormun/servlet/trsolicitudgral? HTTP/1.1" 200 12464
192.168.10.96 - - [01/Apr/2019:12:15:33 -0300] "POST /cormun/servlet/trsolicitudgral?c5b022feaeccbf139ae80f4f7a685f42,,gx-no-cache=1554138533584 HTTP/1.1" 200 7694
192.168.10.96 - - [01/Apr/2019:12:15:36 -0300] "GET /cormun/servlet/vesolicitudgral?2019,14247,, HTTP/1.1" 200 9367
192.168.10.96 - - [01/Apr/2019:12:15:36 -0300] "GET /cormun/pexe_scrolldiv.js HTTP/1.1" 404 1009
192.168.10.96 - - [01/Apr/2019:12:15:36 -0300] "GET /cormun/pexe_scrolldiv.js HTTP/1.1" 404 1009
192.168.10.96 - - [01/Apr/2019:12:15:36 -0300] "GET /cormun/servlet/vesolicitudgral?2019,14247,, HTTP/1.1" 200 9366
192.168.10.96 - - [01/Apr/2019:12:15:40 -0300] "GET /cormun/servlet/vesolicitudgral?2019,14247,,SolicitudOTAdjuntos HTTP/1.1" 200 11563
192.168.10.96 - - [01/Apr/2019:12:15:40 -0300] "GET /cormun/pexe_scrolldiv.js HTTP/1.1" 404 1009
192.168.10.96 - - [01/Apr/2019:12:15:40 -0300] "GET /cormun/pexe_scrolldiv.js HTTP/1.1" 404 1009
192.168.10.96 - - [01/Apr/2019:12:15:41 -0300] "GET /cormun/servlet/vesolicitudgral?2019,14247,,SolicitudOTAdjuntos HTTP/1.1" 200 11564
192.168.10.96 - - [01/Apr/2019:12:15:41 -0300] "POST /cormun/servlet/acontrolpreferencessavestate?None,DZAMUDIO,true HTTP/1.1" 200 35
192.168.10.96 - - [01/Apr/2019:12:15:44 -0300] "GET /cormun/PublicTempStorage/cert._titulo_alfonso_morales8146573.pdf HTTP/1.1" 200 2775663
192.168.10.89 - - [01/Apr/2019:12:16:00 -0300] "POST /cormun/servlet/trsolicitudgral?78baa3d11fda77b1afb4561c63c05ba5,,gx-no-cache=1554138560613 HTTP/1.1" 200 7319
192.168.10.89 - - [01/Apr/2019:12:16:01 -0300] "GET /cormun/servlet/vesolicitudgral?2019,14691,, HTTP/1.1" 200 9537
192.168.10.89 - - [01/Apr/2019:12:16:01 -0300] "GET /cormun/pexe_scrolldiv.js HTTP/1.1" 404 1009
192.168.10.89 - - [01/Apr/2019:12:16:04 -0300] "GET /cormun/servlet/vesolicitudgral?2019,14691,,SolicitudOTAdjuntos HTTP/1.1" 200 11787
192.168.10.89 - - [01/Apr/2019:12:16:04 -0300] "GET /cormun/pexe_scrolldiv.js HTTP/1.1" 404 1009
192.168.10.89 - - [01/Apr/2019:12:16:06 -0300] "POST /cormun/servlet/acontrolpreferencessavestate?None,CDROGUETT,true HTTP/1.1" 200 35
186.103.159.186 - - [01/Apr/2019:12:16:08 -0300] "POST /cormun/servlet/solicitudot?gx-no-cache=1554131546545 HTTP/1.1" 200 256
186.103.159.186 - - [01/Apr/2019:12:16:08 -0300] "GET /cormun/servlet/solicitudot?159c75eaf3a951263ce0dc2f33e66cd001fdcd874019fd0a5eeeec47d0f20bb5af9f499c6664972f4d9b20e879fa002a3a3b87d707967b27e8176b76ef1389feaf411d8de14748798fdc756bd50bdd3f1c6e8be8f39b22df3fc5be547695ecf418c4ac0f7b6402e574b2e55f5d66434e5ae7dde9d51a2d4773c08138ba57ee3db34dd77cc7b33151e705167f7074b177760d1e7a9db2958bbeda8ae7609025f76057b69f740646e0665c5b95b9797ba3cfb59d1b87d4e99bede8bb82ba2ce233b333030e9815755586bd3450ba1f9346aed81df184e0dd56dc025622924f85904bb39d38fede200548ba4a8744c307ae9f69b5df8655c024e030ef9217355c3d4d318611492d5016acc3618ab0093cceffd1d4ea8095b33ffe621d773116e58b786e8a0ade8a87145109b98ec9bd780bd11548df5cf9af65b29fb97cffe1506e4b57b8e5b8606a29911422df8936e8e72402a026b844e38c8ae20475b5685c982105c1f3df8697a06996573d3c072ddbcfc664a37130f67b2111ba577a7a7fec,gx-no-cache=1554131546616 HTTP/1.1" 200 30
186.103.159.186 - - [01/Apr/2019:12:16:08 -0300] "POST /cormun/servlet/solicitudot?gx-no-cache=1554131546951 HTTP/1.1" 200 30
186.103.159.186 - - [01/Apr/2019:12:16:08 -0300] "POST /cormun/servlet/solicitudot?gx-no-cache=1554131547002 HTTP/1.1" 200 1316
186.103.159.186 - - [01/Apr/2019:12:16:08 -0300] "POST /cormun/servlet/solicitudot?gx-no-cache=1554131547070 HTTP/1.1" 200 40
186.103.159.186 - - [01/Apr/2019:12:16:08 -0300] "GET /cormun/servlet/solicitudot?159c75eaf3a951263ce0dc2f33e66cd0912c0a0c73da2cf452d31d0193b05b8021a65189fc5dd258b313f733ad0de1996ae55e7949aa751ecc8f7e069d748ad0b93b17f0571aec3197c7ae9c7724ce65853a10fcf5a6e05e9a43753a7ec13fe937c983fe8f3f668ded2f29925fc9c6d3,gx-no-cache=1554131547104 HTTP/1.1" 200 110
186.103.159.186 - - [01/Apr/2019:12:16:08 -0300] "POST /cormun/servlet/solicitudot?gx-no-cache=1554131547147 HTTP/1.1" 200 105
186.103.159.186 - - [01/Apr/2019:12:16:08 -0300] "GET /cormun/servlet/solicitudot?159c75eaf3a951263ce0dc2f33e66cd0db5c64b52907cde88db8d4783622abc335f27e81bdfaf9dfe5efd46423e18d98,gx-no-cache=1554131547188 HTTP/1.1" 200 30
186.103.159.186 - - [01/Apr/2019:12:16:08 -0300] "POST /cormun/servlet/solicitudot?gx-no-cache=1554131547222 HTTP/1.1" 200 33
192.168.10.89 - - [01/Apr/2019:12:16:08 -0300] "GET /cormun/PublicTempStorage/doc021279201903141302141247679.pdf HTTP/1.1" 200 195777
186.103.159.186 - - [01/Apr/2019:12:16:09 -0300] "POST /cormun/servlet/solicitudot?eac0dd07bddb90b011d808c182477d04,INS,0,0,,gx-no-cache=1554131547295 HTTP/1.1" 200 12111
186.103.159.186 - - [01/Apr/2019:12:16:14 -0300] "POST /cormun/servlet/solicitudot?eac0dd07bddb90b011d808c182477d04,INS,0,0,,gx-no-cache=1554131552718 HTTP/1.1" 200 12171
192.168.10.89 - - [01/Apr/2019:12:16:21 -0300] "GET /cormun/servlet/vesolicitudgral?2019,14691,,SolicitudOTAdjuntos HTTP/1.1" 200 11789
192.168.10.89 - - [01/Apr/2019:12:16:21 -0300] "GET /cormun/pexe_scrolldiv.js HTTP/1.1" 404 1009
192.168.10.89 - - [01/Apr/2019:12:16:23 -0300] "POST /cormun/servlet/acontrolpreferencessavestate?None,CDROGUETT,true HTTP/1.1" 200 35
186.103.159.186 - - [01/Apr/2019:12:16:38 -0300] "GET /cormun/servlet/solicitudot?159c75eaf3a951263ce0dc2f33e66cd0a80f08a5052baec5c0e1cdc66bd9e26f34f27e186916da218251b2adf0049c5f3f20e3158bfd38bb9b9a66de266224f95e8e7bdb49cb2fcc0bbfa3e111ae1d4f,gx-no-cache=1554131576994 HTTP/1.1" 200 30
186.103.159.186 - - [01/Apr/2019:12:16:38 -0300] "POST /cormun/servlet/solicitudot?gx-no-cache=1554131577310 HTTP/1.1" 200 256
186.103.159.186 - - [01/Apr/2019:12:16:38 -0300] "GET /cormun/servlet/solicitudot?159c75eaf3a951263ce0dc2f33e66cd001fdcd874019fd0a5eeeec47d0f20bb5af9f499c6664972f4d9b20e879fa002a3a3b87d707967b27e8176b76ef1389feaf411d8de14748798fdc756bd50bdd3f1c6e8be8f39b22df3fc5be547695ecf418c4ac0f7b6402e574b2e55f5d66434e5ae7dde9d51a2d4773c08138ba57ee3db34dd77cc7b33151e705167f7074b177760d1e7a9db2958bbeda8ae7609025f76057b69f740646e0665c5b95b9797ba3cfb59d1b87d4e99bede8bb82ba2ce233b333030e9815755586bd3450ba1f9346aed81df184e0dd56dc025622924f85904bb39d38fede200548ba4a8744c307ae9f69b5df8655c024e030ef9217355c3d4d318611492d5016acc3618ab0093cceffd1d4ea8095b33ffe621d773116e58b786e8a0ade8a87145109b98ec9bd780bd11548df5cf9af65b29fb97cffe1506e4b57b8e5b8606a29911422df8936e8e72402a026b844e38c8ae20475b5685c982105c1f3df8697a06996573d3c072ddbcfc664a37130f67b2111ba577a7a7fec,gx-no-cache=1554131577370 HTTP/1.1" 200 30
186.103.159.186 - - [01/Apr/2019:12:16:39 -0300] "POST /cormun/servlet/solicitudot?gx-no-cache=1554131577406 HTTP/1.1" 200 30
186.103.159.186 - - [01/Apr/2019:12:16:39 -0300] "POST /cormun/servlet/solicitudot?gx-no-cache=1554131577454 HTTP/1.1" 200 1316
186.103.159.186 - - [01/Apr/2019:12:16:39 -0300] "POST /cormun/servlet/solicitudot?gx-no-cache=1554131577519 HTTP/1.1" 200 40
186.103.159.186 - - [01/Apr/2019:12:16:39 -0300] "GET /cormun/servlet/solicitudot?159c75eaf3a951263ce0dc2f33e66cd0912c0a0c73da2cf452d31d0193b05b8021a65189fc5dd258b313f733ad0de1996ae55e7949aa751ecc8f7e069d748ad0b93b17f0571aec3197c7ae9c7724ce65853a10fcf5a6e05e9a43753a7ec13fe937c983fe8f3f668ded2f29925fc9c6d3,gx-no-cache=1554131577552 HTTP/1.1" 200 110
186.103.159.186 - - [01/Apr/2019:12:16:39 -0300] "POST /cormun/servlet/solicitudot?gx-no-cache=1554131577591 HTTP/1.1" 200 97
186.103.159.186 - - [01/Apr/2019:12:16:39 -0300] "GET /cormun/servlet/solicitudot?159c75eaf3a951263ce0dc2f33e66cd0db5c64b52907cde88db8d4783622abc335f27e81bdfaf9dfe5efd46423e18d98,gx-no-cache=1554131577638 HTTP/1.1" 200 30
186.103.159.186 - - [01/Apr/2019:12:16:39 -0300] "POST /cormun/servlet/solicitudot?gx-no-cache=1554131577675 HTTP/1.1" 200 33
186.103.159.186 - - [01/Apr/2019:12:16:39 -0300] "POST /cormun/servlet/solicitudot?eac0dd07bddb90b011d808c182477d04,INS,0,0,,gx-no-cache=1554131577761 HTTP/1.1" 200 12219
192.168.10.96 - - [01/Apr/2019:12:17:00 -0300] "GET /cormun/servlet/trsolicitudgral? HTTP/1.1" 200 10976
192.168.10.96 - - [01/Apr/2019:12:17:01 -0300] "GET /cormun/servlet/trsolicitudgral? HTTP/1.1" 200 10970
186.103.159.186 - - [01/Apr/2019:12:17:07 -0300] "GET /cormun/servlet/solicitudot?159c75eaf3a951263ce0dc2f33e66cd0a80f08a5052baec5c0e1cdc66bd9e26fb0f5f991a5de5697aece18ec664681d7c610c8a922e9a2d4a85e1d0de592f3bc,gx-no-cache=1554131605979 HTTP/1.1" 200 30
