190.171.154.42 - - [01/Apr/2019:11:54:45 -0300] "GET /cormun/static/PXToolsJavascripts/pexe_picture.js HTTP/1.1" 200 689
190.171.154.42 - - [01/Apr/2019:11:54:45 -0300] "GET /cormun/static/PXToolsJavascripts/pexe_popup.js HTTP/1.1" 200 13458
190.171.154.42 - - [01/Apr/2019:11:54:45 -0300] "GET /cormun/static/PXToolsJavascripts/pexe_scrolldiv.js HTTP/1.1" 200 4138
190.171.154.42 - - [01/Apr/2019:11:54:45 -0300] "GET /cormun/static/PXToolsJavascripts/pexe_tabs.js HTTP/1.1" 200 3748
190.171.154.42 - - [01/Apr/2019:11:54:45 -0300] "GET /cormun/static/PXToolsJavascripts/pexe_upload.js HTTP/1.1" 200 1423
190.171.154.42 - - [01/Apr/2019:11:54:45 -0300] "GET /cormun/static/PXToolsJavascripts/pexe_tabdivfix.js HTTP/1.1" 200 876
190.171.154.42 - - [01/Apr/2019:11:54:45 -0300] "GET /cormun/static/PXToolsJavascripts/PXToolsJavascriptsRender.js HTTP/1.1" 200 367
190.171.154.42 - - [01/Apr/2019:11:54:45 -0300] "GET /cormun/static/Resources/logo4.png HTTP/1.1" 200 6582
190.171.154.42 - - [01/Apr/2019:11:54:45 -0300] "GET /cormun/static/Resources/PXToolsHeaderActionsLeft.png HTTP/1.1" 200 1118
190.171.154.42 - - [01/Apr/2019:11:54:45 -0300] "GET /cormun/static/Shared/ext/locale/ext-lang-en.js HTTP/1.1" 200 10940
190.171.154.42 - - [01/Apr/2019:11:54:45 -0300] "GET /cormun/static/hwchdr01.js?201752511465785 HTTP/1.1" 200 1183
190.171.154.42 - - [01/Apr/2019:11:54:45 -0300] "GET /cormun/static/RunJS/RunJS.js HTTP/1.1" 200 288
190.171.154.42 - - [01/Apr/2019:11:54:45 -0300] "GET /cormun/static/hhome.js?20175251212450 HTTP/1.1" 200 777
190.171.154.42 - - [01/Apr/2019:11:54:45 -0300] "GET /cormun/static/Resources/PXToolsHeaderBackground2.png HTTP/1.1" 200 1174
190.171.154.42 - - [01/Apr/2019:11:54:45 -0300] "GET /cormun/static/gxui/gxui-all.js HTTP/1.1" 200 107772
190.171.154.42 - - [01/Apr/2019:11:54:45 -0300] "GET /cormun/static/Resources/PXToolsHeaderActionsRight.png HTTP/1.1" 200 1201
190.171.154.42 - - [01/Apr/2019:11:54:45 -0300] "GET /cormun/static/Resources/PXToolsHeaderSecurity.png HTTP/1.1" 200 4166
190.171.154.42 - - [01/Apr/2019:11:54:46 -0300] "GET /cormun/static/Resources/PXToolsFooterBackground2.png HTTP/1.1" 200 1172
190.171.154.42 - - [01/Apr/2019:11:54:46 -0300] "GET /cormun/static/Resources/PXToolsHeaderPreferences.png HTTP/1.1" 200 4189
190.171.154.42 - - [01/Apr/2019:11:54:46 -0300] "GET /cormun/static/Resources/PXToolsDataTitle.png HTTP/1.1" 200 1173
190.171.154.42 - - [01/Apr/2019:11:54:46 -0300] "GET /cormun/static/Resources/PXToolsHeaderActionsBackground.png HTTP/1.1" 200 484
190.171.154.42 - - [01/Apr/2019:11:54:46 -0300] "GET /cormun/static/Resources/PXToolsHeaderLogin.png HTTP/1.1" 200 4279
190.171.154.42 - - [01/Apr/2019:11:54:46 -0300] "GET /cormun/static/Resources/PXToolsHeaderHome.png HTTP/1.1" 200 4147
190.171.154.42 - - [01/Apr/2019:11:54:46 -0300] "GET /cormun/static/hpexe_scripts.js?201752511465715 HTTP/1.1" 200 1544
190.171.154.42 - - [01/Apr/2019:11:54:46 -0300] "GET /cormun/static/hpexe_messagepopupcomponent.js?20161017169425 HTTP/1.1" 200 605
190.171.154.42 - - [01/Apr/2019:11:54:46 -0300] "GET /cormun/static/hpexe_messagecontroller.js?20177611595012 HTTP/1.1" 200 870
190.171.154.42 - - [01/Apr/2019:11:54:46 -0300] "GET /cormun/static/hpexe_recentlink.js?20177611595044 HTTP/1.1" 200 2144
190.171.154.42 - - [01/Apr/2019:11:54:46 -0300] "GET /cormun/static/hpexe_messagegenexuscomponent.js?201752511465344 HTTP/1.1" 200 587
190.171.154.42 - - [01/Apr/2019:11:54:46 -0300] "GET /cormun/static/cmcontrolpreferences.js?201752511465670 HTTP/1.1" 200 1375
190.171.154.42 - - [01/Apr/2019:11:54:46 -0300] "GET /cormun/static/Shared/jquery/jquery-1.4.2.min.js HTTP/1.1" 200 72174
190.171.154.42 - - [01/Apr/2019:11:54:46 -0300] "GET /cormun/static/SmoothNavMenu/resources/ddsmoothmenu.js HTTP/1.1" 200 12712
190.171.154.42 - - [01/Apr/2019:11:54:46 -0300] "GET /cormun/static/SmoothNavMenu/resources/SmoothNavMenuRender.js HTTP/1.1" 200 5951
190.171.154.42 - - [01/Apr/2019:11:54:46 -0300] "GET /cormun/static/scaMessage/js/jquery.pnotify.min.js HTTP/1.1" 200 13038
190.171.154.42 - - [01/Apr/2019:11:54:46 -0300] "GET /cormun/static/scaMessage/scaMessageRender.js HTTP/1.1" 200 11977
190.171.154.42 - - [01/Apr/2019:11:54:46 -0300] "GET /cormun/static/hmpwkw03.js?20189613443875 HTTP/1.1" 200 3965
190.171.154.42 - - [01/Apr/2019:11:54:46 -0300] "GET /cormun/static/Shared/ext/ext-all.js HTTP/1.1" 200 1289687
190.171.154.42 - - [01/Apr/2019:11:54:46 -0300] "GET /cormun/static/Shared/jqueryui/jquery-ui.min.js HTTP/1.1" 200 240427
190.171.154.42 - - [01/Apr/2019:11:54:46 -0300] "GET /cormun/static/Shared/jquery/jquery-1.10.2.min.js HTTP/1.1" 200 273199
190.171.154.42 - - [01/Apr/2019:11:54:48 -0300] "GET /cormun/servlet/hhome HTTP/1.1" 200 4331
190.171.154.42 - - [01/Apr/2019:11:54:48 -0300] "GET /cormun/static/SmoothNavMenu/resources/images/down.gif HTTP/1.1" 200 854
190.171.154.42 - - [01/Apr/2019:11:54:48 -0300] "GET /cormun/static/SmoothNavMenu/resources/images/right.gif HTTP/1.1" 200 860
190.171.142.42 - - [01/Apr/2019:11:54:53 -0300] "POST /cormun/servlet/solicitudot?gx-no-cache=1554130271571 HTTP/1.1" 200 83
190.171.142.42 - - [01/Apr/2019:11:54:53 -0300] "GET /cormun/servlet/solicitudot?4f8a5fe5688edcb0d3678199e0f115b9a83866b0643a5d531ff857291b7822380f6980c1fd447bf8a6e40600628c8a8d,gx-no-cache=1554130271685 HTTP/1.1" 200 134
190.171.142.42 - - [01/Apr/2019:11:54:53 -0300] "GET /cormun/static/Shared/jqueryui/images/ui-bg_highlight-soft_100_c6c2c8_1x100.png HTTP/1.1" 404 1117
190.171.142.42 - - [01/Apr/2019:11:54:53 -0300] "GET /cormun/static/Shared/jqueryui/images/ui-icons_82798d_256x240.png HTTP/1.1" 404 1089
190.171.142.42 - - [01/Apr/2019:11:54:53 -0300] "GET /cormun/static/Shared/jqueryui/images/ui-icons_ebccce_256x240.png HTTP/1.1" 404 1089
190.171.142.42 - - [01/Apr/2019:11:54:53 -0300] "GET /cormun/static/Shared/jqueryui/images/ui-bg_flat_55_994d53_40x100.png HTTP/1.1" 404 1097
190.171.154.42 - - [01/Apr/2019:11:54:54 -0300] "GET /cormun/servlet/trlicencias? HTTP/1.1" 200 9052
190.171.154.42 - - [01/Apr/2019:11:54:54 -0300] "GET /cormun/static/gxcfg.js?20176272054169 HTTP/1.1" 200 953
190.171.154.42 - - [01/Apr/2019:11:54:54 -0300] "GET /cormun/static/calendar-system.css?75620 HTTP/1.1" 200 5572
190.171.154.42 - - [01/Apr/2019:11:54:54 -0300] "GET /cormun/static/gxui/gxui-all.css?110300 HTTP/1.1" 200 2179
190.171.154.42 - - [01/Apr/2019:11:54:55 -0300] "GET /cormun/static/calendar.js?85251 HTTP/1.1" 200 26246
190.171.154.42 - - [01/Apr/2019:11:54:55 -0300] "GET /cormun/static/Resources/Spanish/PXTools.css?17315867 HTTP/1.1" 200 89042
190.171.154.42 - - [01/Apr/2019:11:54:55 -0300] "GET /cormun/static/calendar-setup.js?85251 HTTP/1.1" 200 2588
190.171.154.42 - - [01/Apr/2019:11:54:55 -0300] "GET /cormun/static/calendar-es.js?85251 HTTP/1.1" 200 1901
190.171.154.42 - - [01/Apr/2019:11:54:55 -0300] "GET /cormun/static/Resources/PXTools/calendar.png HTTP/1.1" 200 1306
190.171.154.42 - - [01/Apr/2019:11:54:55 -0300] "GET /cormun/static/Resources/PXToolsDataSearch.png HTTP/1.1" 200 419
190.171.154.42 - - [01/Apr/2019:11:54:55 -0300] "GET /cormun/static/Shared/ext/resources/css/ext-all.css?205870 HTTP/1.1" 200 416045
190.171.154.42 - - [01/Apr/2019:11:54:55 -0300] "GET /cormun/static/gxdec.js?85251 HTTP/1.1" 200 19579
190.171.154.42 - - [01/Apr/2019:11:54:55 -0300] "GET /cormun/static/trlicencias.js?20176272054837 HTTP/1.1" 200 41883
190.171.154.42 - - [01/Apr/2019:11:54:55 -0300] "GET /cormun/static/Resources/PXToolsGridFirstDisabled.gif HTTP/1.1" 200 100
190.171.154.42 - - [01/Apr/2019:11:54:55 -0300] "GET /cormun/static/Resources/PXToolsGridPreviousDisabled.gif HTTP/1.1" 200 90
190.171.154.42 - - [01/Apr/2019:11:54:55 -0300] "GET /cormun/static/Resources/PXToolsGridNextDisabled.gif HTTP/1.1" 200 90
190.171.154.42 - - [01/Apr/2019:11:54:56 -0300] "GET /cormun/static/Resources/PXToolsGridLastDisabled.gif HTTP/1.1" 200 98
190.171.154.42 - - [01/Apr/2019:11:54:56 -0300] "GET /cormun/static/Resources/PXToolsGridPage.gif HTTP/1.1" 200 725
190.171.154.42 - - [01/Apr/2019:11:54:56 -0300] "GET /cormun/static/Resources/PXToolsActionExcel.png HTTP/1.1" 200 3187
190.171.154.42 - - [01/Apr/2019:11:54:56 -0300] "GET /cormun/static/Resources/PXToolsGridNew.png HTTP/1.1" 200 2949
190.171.154.42 - - [01/Apr/2019:11:54:56 -0300] "GET /cormun/static/Resources/asc.gif HTTP/1.1" 200 67
190.171.154.42 - - [01/Apr/2019:11:54:56 -0300] "GET /cormun/static/Resources/desc.gif HTTP/1.1" 200 65
190.171.154.42 - - [01/Apr/2019:11:54:56 -0300] "GET /cormun//static/Resources/PXToolsActionDisabled.gif HTTP/1.1" 200 53
190.171.154.42 - - [01/Apr/2019:11:54:56 -0300] "GET /cormun//static/Resources/PXToolsGridDisplay.png HTTP/1.1" 200 362
190.171.154.42 - - [01/Apr/2019:11:54:56 -0300] "GET /cormun//static/Resources/PXTools/ActionInsert.png HTTP/1.1" 200 1482
190.171.154.42 - - [01/Apr/2019:11:54:56 -0300] "GET /cormun/servlet/trlicencias? HTTP/1.1" 200 9050
190.171.154.42 - - [01/Apr/2019:11:54:56 -0300] "GET /cormun//static/Resources/PXToolsHeaderHelp.png HTTP/1.1" 200 4055
190.171.154.42 - - [01/Apr/2019:11:54:56 -0300] "GET /cormun//static/Resources/PXToolsHeaderFavorites.png HTTP/1.1" 200 2744
190.171.154.42 - - [01/Apr/2019:11:54:56 -0300] "GET /cormun//static/Resources/PXToolsActionPrint.png HTTP/1.1" 200 3317
190.171.154.42 - - [01/Apr/2019:11:54:57 -0300] "GET /cormun/static/Shared/ext/resources/themes/images/default/tools/tool-sprites.gif HTTP/1.1" 200 5434
190.171.154.42 - - [01/Apr/2019:11:54:57 -0300] "GET /cormun/static/Shared/ext/resources/themes/images/default/panel/bg-headersPanel.png HTTP/1.1" 200 255
186.103.159.188 - - [01/Apr/2019:11:54:58 -0300] "GET /cormun/servlet/trpermisosgoce? HTTP/1.1" 200 9045
186.103.159.188 - - [01/Apr/2019:11:54:58 -0300] "GET /cormun/static/gxcfg.js?20177612163875 HTTP/1.1" 304 -
186.103.159.188 - - [01/Apr/2019:11:54:59 -0300] "GET /cormun/servlet/trpermisosgoce? HTTP/1.1" 200 9043
190.171.153.26 - - [01/Apr/2019:11:55:17 -0300] "POST /cormun/servlet/hlogin?51033fbfa4a738fdbc52fab3d7601c59,gx-no-cache=1554130295379 HTTP/1.1" 200 447
190.171.142.42 - - [01/Apr/2019:11:55:19 -0300] "GET /cormun/servlet/solicitudot?4f8a5fe5688edcb0d3678199e0f115b9e7713c22df7b000f2fefd5f397e5b6cf56e14b2b2abdce00739c491b43864d2b,gx-no-cache=1554130297544 HTTP/1.1" 200 30
186.103.159.188 - - [01/Apr/2019:11:55:39 -0300] "GET /cormun/servlet/trlicencias? HTTP/1.1" 200 11531
186.103.159.188 - - [01/Apr/2019:11:55:40 -0300] "GET /cormun/servlet/trlicencias? HTTP/1.1" 200 11529
186.103.159.188 - - [01/Apr/2019:11:55:52 -0300] "GET /cormun/servlet/alicenciaprn?7460730,L,20190401000000,PU HTTP/1.1" 200 1562
190.171.142.42 - - [01/Apr/2019:11:56:00 -0300] "POST /cormun/servlet/solicitudot?gx-no-cache=1554130338451 HTTP/1.1" 200 30
190.171.142.42 - - [01/Apr/2019:11:56:15 -0300] "POST /cormun/servlet/solicitudot?66ab704830b679f732c354ff90ddbe3a,INS,0,0,,gx-no-cache=1554130353391 HTTP/1.1" 200 93
190.171.142.42 - - [01/Apr/2019:11:56:15 -0300] "GET /cormun/servlet/hpexe_return? HTTP/1.1" 200 1007
190.171.142.42 - - [01/Apr/2019:11:56:15 -0300] "GET /cormun/servlet/trsolicitudot HTTP/1.1" 200 8868
190.171.142.42 - - [01/Apr/2019:11:56:16 -0300] "GET /cormun/servlet/trsolicitudot HTTP/1.1" 200 8865
186.103.159.188 - - [01/Apr/2019:11:56:18 -0300] "GET /cormun/servlet/hlogin HTTP/1.1" 200 1725
190.171.142.42 - - [01/Apr/2019:11:56:21 -0300] "POST /cormun/servlet/trsolicitudot?66ab704830b679f732c354ff90ddbe3a,gx-no-cache=1554130359480 HTTP/1.1" 200 106
190.171.142.42 - - [01/Apr/2019:11:56:21 -0300] "GET /cormun/servlet/trsolicitudadjuntos?2019,15019, HTTP/1.1" 200 6387
190.171.142.42 - - [01/Apr/2019:11:56:21 -0300] "GET /cormun/static/gxcfg.js?20177612135366 HTTP/1.1" 200 953
190.171.142.42 - - [01/Apr/2019:11:56:21 -0300] "GET /cormun/static/trsolicitudadjuntos.js?20177612135632 HTTP/1.1" 200 17922
190.171.142.42 - - [01/Apr/2019:11:56:21 -0300] "GET /cormun/servlet/trsolicitudadjuntos?2019,15019, HTTP/1.1" 200 6387
186.103.159.188 - - [01/Apr/2019:11:56:24 -0300] "POST /cormun/servlet/hlogin?6aa8220b43c2d75ec7790ff1708aec3f,gx-no-cache=1554130362765 HTTP/1.1" 200 90
186.103.159.188 - - [01/Apr/2019:11:56:24 -0300] "GET /cormun/servlet/hpexe_link HTTP/1.1" 200 957
186.103.159.188 - - [01/Apr/2019:11:56:24 -0300] "GET /cormun/servlet/trlicencias HTTP/1.1" 200 11531
186.103.159.188 - - [01/Apr/2019:11:56:25 -0300] "GET /cormun/servlet/trlicencias HTTP/1.1" 200 11529
190.171.142.42 - - [01/Apr/2019:11:56:26 -0300] "GET /cormun/servlet/solicitudotadjuntos?INS,2019,15019,,1, HTTP/1.1" 200 6334
190.171.142.42 - - [01/Apr/2019:11:56:26 -0300] "GET /cormun/static/gxcfg.js?2017761244068 HTTP/1.1" 200 953
190.171.142.42 - - [01/Apr/2019:11:56:26 -0300] "GET /cormun/static/solicitudotadjuntos.js?2017761244086 HTTP/1.1" 200 11771
190.171.142.42 - - [01/Apr/2019:11:56:26 -0300] "GET /cormun/static/about:blank HTTP/1.1" 404 1011
190.171.142.42 - - [01/Apr/2019:11:56:26 -0300] "GET /cormun/servlet/solicitudotadjuntos?INS,2019,15019,,1, HTTP/1.1" 200 6327
190.171.142.42 - - [01/Apr/2019:11:56:27 -0300] "GET /cormun/servlet/solicitudotadjuntos?4f8a5fe5688edcb0d3678199e0f115b9b5d61e2d27a6450abbe6f9f0f0a1aa44a80da668b4d622d6a7c7e2482aca02a0,gx-no-cache=1554130365772 HTTP/1.1" 200 30
190.171.142.42 - - [01/Apr/2019:11:56:27 -0300] "POST /cormun/servlet/solicitudotadjuntos?66ab704830b679f732c354ff90ddbe3a,INS,2019,15019,,1,,gx-no-cache=1554130366006 HTTP/1.1" 200 4062
186.103.159.188 - - [01/Apr/2019:11:56:32 -0300] "GET /cormun/servlet/licenciaspermisos?INS,0,,, HTTP/1.1" 200 7576
186.103.159.188 - - [01/Apr/2019:11:56:32 -0300] "GET /cormun/static/gxcfg.js?201762917281167 HTTP/1.1" 304 -
186.103.159.188 - - [01/Apr/2019:11:56:32 -0300] "GET /cormun/servlet/licenciaspermisos?INS,0,,, HTTP/1.1" 200 7584
190.171.142.42 - - [01/Apr/2019:11:56:33 -0300] "POST /cormun/servlet/solicitudotadjuntos?gx-no-cache=1554130372311 HTTP/1.1" 200 26
186.103.159.188 - - [01/Apr/2019:11:56:39 -0300] "GET /cormun/servlet/licenciaspermisos?7a80c407ec0594be6753fc77271a7755d7cc42fbee62aaf30cdd6536a2e1c38e7d0012d4286c05179313ca3a0d3f8787,gx-no-cache=1554130377116 HTTP/1.1" 200 101
186.103.159.188 - - [01/Apr/2019:11:56:39 -0300] "POST /cormun/servlet/licenciaspermisos?6aa8220b43c2d75ec7790ff1708aec3f,INS,0,,,,gx-no-cache=1554130377248 HTTP/1.1" 200 4750
186.103.159.188 - - [01/Apr/2019:11:57:18 -0300] "GET /cormun/static/menuarrow.gif HTTP/1.1" 404 1015
190.171.142.42 - - [01/Apr/2019:11:57:37 -0300] "POST /cormun/servlet/solicitudotadjuntos?gx-no-cache=1554130435550 HTTP/1.1" 200 26
157.55.39.203 - - [01/Apr/2019:11:57:37 -0300] "GET /cormun/servlet/solicitudot?INS,0,0, HTTP/1.1" 200 14092
190.171.142.42 - - [01/Apr/2019:11:57:41 -0300] "GET /cormun/servlet/solicitudotadjuntos?4f8a5fe5688edcb0d3678199e0f115b94dd6cabf191b3fa1eb7ccaea9d815836,gx-no-cache=1554130439632 HTTP/1.1" 200 30
190.171.142.42 - - [01/Apr/2019:11:57:41 -0300] "GET /cormun/servlet/solicitudotadjuntos?4f8a5fe5688edcb0d3678199e0f115b94dd6cabf191b3fa1eb7ccaea9d815836,gx-no-cache=1554130439653 HTTP/1.1" 200 30
190.171.142.42 - - [01/Apr/2019:11:57:42 -0300] "POST /cormun/servlet/solicitudotadjuntos?66ab704830b679f732c354ff90ddbe3a,INS,2019,15019,,1, HTTP/1.1" 200 116
190.171.142.42 - - [01/Apr/2019:11:57:42 -0300] "GET /cormun/servlet/hpexe_return? HTTP/1.1" 200 1025
190.171.142.42 - - [01/Apr/2019:11:57:42 -0300] "GET /cormun/servlet/trsolicitudadjuntos?2019,15019, HTTP/1.1" 200 8980
190.171.142.42 - - [01/Apr/2019:11:57:43 -0300] "GET /cormun/servlet/trsolicitudadjuntos?2019,15019, HTTP/1.1" 200 8979
190.171.142.42 - - [01/Apr/2019:11:57:48 -0300] "GET /cormun/servlet/solicitudotadjuntos?INS,2019,15019,,1, HTTP/1.1" 200 6335
190.171.142.42 - - [01/Apr/2019:11:57:49 -0300] "GET /cormun/static/about:blank HTTP/1.1" 404 1011
190.171.142.42 - - [01/Apr/2019:11:57:49 -0300] "GET /cormun/servlet/solicitudotadjuntos?INS,2019,15019,,1, HTTP/1.1" 200 6328
190.171.142.42 - - [01/Apr/2019:11:57:49 -0300] "GET /cormun/servlet/solicitudotadjuntos?4f8a5fe5688edcb0d3678199e0f115b9b5d61e2d27a6450abbe6f9f0f0a1aa44a80da668b4d622d6a7c7e2482aca02a0,gx-no-cache=1554130448065 HTTP/1.1" 200 30
190.171.142.42 - - [01/Apr/2019:11:57:49 -0300] "POST /cormun/servlet/solicitudotadjuntos?66ab704830b679f732c354ff90ddbe3a,INS,2019,15019,,1,,gx-no-cache=1554130448101 HTTP/1.1" 200 4063
190.171.141.82 - - [01/Apr/2019:11:57:53 -0300] "POST /cormun/servlet/solicitudot?gx-no-cache=1554130450963 HTTP/1.1" 440 972
190.171.142.42 - - [01/Apr/2019:11:57:53 -0300] "POST /cormun/servlet/solicitudotadjuntos?gx-no-cache=1554130452176 HTTP/1.1" 200 26
190.171.141.82 - - [01/Apr/2019:11:57:55 -0300] "POST /cormun/servlet/solicitudot?9c8d77881bc8edf2d644c2e5ba5b5915,INS,0,0,,gx-no-cache=1554130453400 HTTP/1.1" 440 972
190.171.141.82 - - [01/Apr/2019:11:57:57 -0300] "GET /cormun/servlet/solicitudot?6fe9ae1d9213f09f9ecb4a1b6ccf9df04d5e297799927859bc5cce0c840beb39183dac977db3cc580e549f47c9603182,gx-no-cache=1554130455335 HTTP/1.1" 440 972
190.171.141.82 - - [01/Apr/2019:11:57:59 -0300] "GET /cormun/servlet/solicitudot?INS,0,0, HTTP/1.1" 200 14116
186.103.159.188 - - [01/Apr/2019:11:57:59 -0300] "GET /cormun/servlet/licenciaspermisos?7a80c407ec0594be6753fc77271a775579cc27c4f034e58053fcfbdd27b5981db6c5a6cc9eb8d8a8b12715cf4f4910abe4b725fe0b34a2f72821fbf8f684b25092a7ab4f98e725e49cabd29fe0d56a3965ecc7656ec90b81deea78a32bb1eb6e6cf85e580ee43edf14efe1e6c1bc24058a2700a74e8f82a6c5e6ccbcabdab2ddaad452cfce0cf6b6b242c152395e3851ee78533b8c4e5fab09cc67bb5183080eba686729aeca74031b95169d24897372,gx-no-cache=1554130457879 HTTP/1.1" 200 30
186.103.159.188 - - [01/Apr/2019:11:57:59 -0300] "GET /cormun/servlet/licenciaspermisos?7a80c407ec0594be6753fc77271a7755c3d60529b95c65a0e0948dbcdce080595c8484ee6c4ed16ed5d0e2bd463528733f1dd9fde0c09017a4f751084222265bd853c0ca5610bf415c229a0e8a581292ecc0559f54411ec9827079da171a15373502a2d68084e2aa7a69082bc936b19ce782d74976df48395ce135e41c01271261634923028a095d3816c8a2f7f88f8f1e08000dcec2f9afc08965f83c78a0b9352635278daeb3d70b7195d2eff7bf0e,gx-no-cache=1554130457986 HTTP/1.1" 200 29
186.103.159.188 - - [01/Apr/2019:11:58:00 -0300] "POST /cormun/servlet/licenciaspermisos?6aa8220b43c2d75ec7790ff1708aec3f,INS,0,,,,gx-no-cache=1554130458032 HTTP/1.1" 200 93
186.103.159.188 - - [01/Apr/2019:11:58:00 -0300] "GET /cormun/servlet/hpexe_return? HTTP/1.1" 200 1014
186.103.159.188 - - [01/Apr/2019:11:58:01 -0300] "GET /cormun/servlet/trlicencias HTTP/1.1" 200 11896
190.171.141.82 - - [01/Apr/2019:11:58:01 -0300] "GET /cormun/servlet/hlogin HTTP/1.1" 200 1743
190.171.141.82 - - [01/Apr/2019:11:58:01 -0300] "GET /cormun/servlet/solicitudot?INS,0,0, HTTP/1.1" 200 14116
186.103.159.188 - - [01/Apr/2019:11:58:01 -0300] "GET /cormun/servlet/trlicencias HTTP/1.1" 200 11890
190.171.142.42 - - [01/Apr/2019:11:58:02 -0300] "GET /cormun/servlet/solicitudotadjuntos?4f8a5fe5688edcb0d3678199e0f115b94dd6cabf191b3fa1eb7ccaea9d815836,gx-no-cache=1554130460816 HTTP/1.1" 200 30
190.171.142.42 - - [01/Apr/2019:11:58:02 -0300] "GET /cormun/servlet/solicitudotadjuntos?4f8a5fe5688edcb0d3678199e0f115b94dd6cabf191b3fa1eb7ccaea9d815836,gx-no-cache=1554130460863 HTTP/1.1" 200 30
190.171.142.42 - - [01/Apr/2019:11:58:04 -0300] "POST /cormun/servlet/solicitudotadjuntos?66ab704830b679f732c354ff90ddbe3a,INS,2019,15019,,1, HTTP/1.1" 200 116
190.171.142.42 - - [01/Apr/2019:11:58:04 -0300] "GET /cormun/servlet/hpexe_return? HTTP/1.1" 200 1025
190.171.142.42 - - [01/Apr/2019:11:58:04 -0300] "GET /cormun/servlet/trsolicitudadjuntos?2019,15019, HTTP/1.1" 200 9186
190.171.142.42 - - [01/Apr/2019:11:58:05 -0300] "GET /cormun/servlet/trsolicitudadjuntos?2019,15019, HTTP/1.1" 200 9183
207.46.13.124 - - [01/Apr/2019:11:58:05 -0300] "GET /cormun/static/solicitudot.js?20189101114718 HTTP/1.1" 200 71883
186.103.159.188 - - [01/Apr/2019:11:58:06 -0300] "GET /cormun/servlet/alicenciaprn?7460730,L,20190401000000,PU HTTP/1.1" 200 1562
186.103.159.188 - - [01/Apr/2019:11:58:14 -0300] "GET /cormun/servlet/alicenciaprn?14035502,L,20190401000000,PU HTTP/1.1" 200 1539
157.55.39.183 - - [01/Apr/2019:11:58:14 -0300] "GET /cormun/static/Shared/ext/ext-all.js HTTP/1.1" 200 1289687
190.171.142.42 - - [01/Apr/2019:11:58:14 -0300] "GET /cormun/servlet/solicitudotadjuntos?INS,2019,15019,,1, HTTP/1.1" 200 6335
190.171.142.42 - - [01/Apr/2019:11:58:15 -0300] "GET /cormun/static/about:blank HTTP/1.1" 404 1011
190.171.142.42 - - [01/Apr/2019:11:58:15 -0300] "GET /cormun/servlet/solicitudotadjuntos?INS,2019,15019,,1, HTTP/1.1" 200 6328
190.171.142.42 - - [01/Apr/2019:11:58:15 -0300] "GET /cormun/servlet/solicitudotadjuntos?4f8a5fe5688edcb0d3678199e0f115b9b5d61e2d27a6450abbe6f9f0f0a1aa44a80da668b4d622d6a7c7e2482aca02a0,gx-no-cache=1554130474092 HTTP/1.1" 200 30
190.171.142.42 - - [01/Apr/2019:11:58:15 -0300] "POST /cormun/servlet/solicitudotadjuntos?66ab704830b679f732c354ff90ddbe3a,INS,2019,15019,,1,,gx-no-cache=1554130474121 HTTP/1.1" 200 4063
157.55.39.203 - - [01/Apr/2019:11:58:16 -0300] "GET /cormun/static/calendar-system.css?75620 HTTP/1.1" 200 5572
157.55.39.203 - - [01/Apr/2019:11:58:17 -0300] "GET /cormun/static/gxcfg.js?20189101114418 HTTP/1.1" 200 953
190.171.142.42 - - [01/Apr/2019:11:58:17 -0300] "POST /cormun/servlet/solicitudotadjuntos?gx-no-cache=1554130475608 HTTP/1.1" 200 26
190.171.142.42 - - [01/Apr/2019:11:58:30 -0300] "POST /cormun/servlet/solicitudotadjuntos?gx-no-cache=1554130489141 HTTP/1.1" 200 26
190.171.141.82 - - [01/Apr/2019:11:58:31 -0300] "POST /cormun/servlet/hlogin?c5222ab06f9bb1dbe0e6e7433dfa80e2,gx-no-cache=1554130488994 HTTP/1.1" 200 90
190.171.141.82 - - [01/Apr/2019:11:58:31 -0300] "GET /cormun/servlet/hpexe_link HTTP/1.1" 200 960
190.171.141.82 - - [01/Apr/2019:11:58:31 -0300] "GET /cormun/servlet/solicitudot?INS,0,0, HTTP/1.1" 200 15046
190.171.142.42 - - [01/Apr/2019:11:58:32 -0300] "GET /cormun/servlet/solicitudotadjuntos?4f8a5fe5688edcb0d3678199e0f115b94dd6cabf191b3fa1eb7ccaea9d815836,gx-no-cache=1554130490648 HTTP/1.1" 200 30
190.171.142.42 - - [01/Apr/2019:11:58:32 -0300] "GET /cormun/servlet/solicitudotadjuntos?4f8a5fe5688edcb0d3678199e0f115b94dd6cabf191b3fa1eb7ccaea9d815836,gx-no-cache=1554130490704 HTTP/1.1" 200 30
190.171.141.82 - - [01/Apr/2019:11:58:32 -0300] "GET /cormun/servlet/solicitudot?INS,0,0, HTTP/1.1" 200 15051
190.171.142.42 - - [01/Apr/2019:11:58:33 -0300] "POST /cormun/servlet/solicitudotadjuntos?66ab704830b679f732c354ff90ddbe3a,INS,2019,15019,,1, HTTP/1.1" 200 116
190.171.142.42 - - [01/Apr/2019:11:58:33 -0300] "GET /cormun/servlet/hpexe_return? HTTP/1.1" 200 1025
190.171.142.42 - - [01/Apr/2019:11:58:33 -0300] "GET /cormun/servlet/trsolicitudadjuntos?2019,15019, HTTP/1.1" 200 9355
190.171.142.42 - - [01/Apr/2019:11:58:34 -0300] "GET /cormun/servlet/trsolicitudadjuntos?2019,15019, HTTP/1.1" 200 9356
190.171.142.42 - - [01/Apr/2019:11:58:38 -0300] "GET /cormun/servlet/solicitudotadjuntos?INS,2019,15019,,1, HTTP/1.1" 200 6335
190.171.142.42 - - [01/Apr/2019:11:58:39 -0300] "GET /cormun/static/about:blank HTTP/1.1" 404 1011
190.171.142.42 - - [01/Apr/2019:11:58:39 -0300] "GET /cormun/servlet/solicitudotadjuntos?INS,2019,15019,,1, HTTP/1.1" 200 6328
190.171.142.42 - - [01/Apr/2019:11:58:39 -0300] "GET /cormun/servlet/solicitudotadjuntos?4f8a5fe5688edcb0d3678199e0f115b9b5d61e2d27a6450abbe6f9f0f0a1aa44a80da668b4d622d6a7c7e2482aca02a0,gx-no-cache=1554130498008 HTTP/1.1" 200 30
190.171.142.42 - - [01/Apr/2019:11:58:39 -0300] "POST /cormun/servlet/solicitudotadjuntos?66ab704830b679f732c354ff90ddbe3a,INS,2019,15019,,1,,gx-no-cache=1554130498045 HTTP/1.1" 200 4063
190.171.142.42 - - [01/Apr/2019:11:58:41 -0300] "POST /cormun/servlet/solicitudotadjuntos?gx-no-cache=1554130500137 HTTP/1.1" 200 26
190.171.141.82 - - [01/Apr/2019:11:58:44 -0300] "POST /cormun/servlet/solicitudot?gx-no-cache=1554130501992 HTTP/1.1" 200 3450
190.171.141.82 - - [01/Apr/2019:11:58:44 -0300] "POST /cormun/servlet/solicitudot?c5222ab06f9bb1dbe0e6e7433dfa80e2,INS,0,0,,gx-no-cache=1554130502244 HTTP/1.1" 200 11612
190.171.141.82 - - [01/Apr/2019:11:58:45 -0300] "GET /cormun/servlet/solicitudot?6c474c78f6d902d7354a95d2ac3ca054d6109c1c7a4e572c189fa2104c53046286cdedd25bc9bed997c63a04d4569649,gx-no-cache=1554130503357 HTTP/1.1" 200 30
190.171.142.42 - - [01/Apr/2019:11:58:52 -0300] "POST /cormun/servlet/solicitudotadjuntos?gx-no-cache=1554130510461 HTTP/1.1" 200 26
190.171.142.42 - - [01/Apr/2019:11:58:53 -0300] "GET /cormun/servlet/solicitudotadjuntos?4f8a5fe5688edcb0d3678199e0f115b94dd6cabf191b3fa1eb7ccaea9d815836,gx-no-cache=1554130511887 HTTP/1.1" 200 30
190.171.142.42 - - [01/Apr/2019:11:58:53 -0300] "GET /cormun/servlet/solicitudotadjuntos?4f8a5fe5688edcb0d3678199e0f115b94dd6cabf191b3fa1eb7ccaea9d815836,gx-no-cache=1554130511968 HTTP/1.1" 200 30
190.171.142.42 - - [01/Apr/2019:11:58:56 -0300] "POST /cormun/servlet/solicitudotadjuntos?66ab704830b679f732c354ff90ddbe3a,INS,2019,15019,,1, HTTP/1.1" 200 116
190.171.142.42 - - [01/Apr/2019:11:58:56 -0300] "GET /cormun/servlet/hpexe_return? HTTP/1.1" 200 1025
190.171.142.42 - - [01/Apr/2019:11:58:56 -0300] "GET /cormun/servlet/trsolicitudadjuntos?2019,15019, HTTP/1.1" 200 9586
190.171.142.42 - - [01/Apr/2019:11:58:57 -0300] "GET /cormun/servlet/trsolicitudadjuntos?2019,15019, HTTP/1.1" 200 9584
186.103.159.186 - - [01/Apr/2019:11:58:59 -0300] "GET /cormun/servlet/solicitudot?INS,0,0, HTTP/1.1" 200 14107
186.103.159.186 - - [01/Apr/2019:11:59:02 -0300] "GET /cormun/servlet/hlogin HTTP/1.1" 200 1740
186.103.159.186 - - [01/Apr/2019:11:59:02 -0300] "GET /cormun/servlet/solicitudot?INS,0,0, HTTP/1.1" 200 14114
190.171.142.42 - - [01/Apr/2019:11:59:03 -0300] "GET /cormun/servlet/solicitudotadjuntos?INS,2019,15019,,1, HTTP/1.1" 200 6334
190.171.142.42 - - [01/Apr/2019:11:59:03 -0300] "GET /cormun/static/about:blank HTTP/1.1" 404 1011
190.171.142.42 - - [01/Apr/2019:11:59:03 -0300] "GET /cormun/servlet/solicitudotadjuntos?INS,2019,15019,,1, HTTP/1.1" 200 6327
190.171.142.42 - - [01/Apr/2019:11:59:04 -0300] "GET /cormun/servlet/solicitudotadjuntos?4f8a5fe5688edcb0d3678199e0f115b9b5d61e2d27a6450abbe6f9f0f0a1aa44a80da668b4d622d6a7c7e2482aca02a0,gx-no-cache=1554130522409 HTTP/1.1" 200 30
190.171.142.42 - - [01/Apr/2019:11:59:04 -0300] "POST /cormun/servlet/solicitudotadjuntos?66ab704830b679f732c354ff90ddbe3a,INS,2019,15019,,1,,gx-no-cache=1554130522460 HTTP/1.1" 200 4062
190.171.142.42 - - [01/Apr/2019:11:59:05 -0300] "POST /cormun/servlet/solicitudotadjuntos?gx-no-cache=1554130524257 HTTP/1.1" 200 26
186.103.159.186 - - [01/Apr/2019:11:59:12 -0300] "POST /cormun/servlet/hlogin?eac0dd07bddb90b011d808c182477d04,gx-no-cache=1554130530787 HTTP/1.1" 200 90
186.103.159.186 - - [01/Apr/2019:11:59:12 -0300] "GET /cormun/servlet/hpexe_link HTTP/1.1" 200 959
186.103.159.186 - - [01/Apr/2019:11:59:13 -0300] "GET /cormun/servlet/solicitudot?INS,0,0, HTTP/1.1" 200 14731
186.103.159.186 - - [01/Apr/2019:11:59:15 -0300] "GET /cormun/servlet/solicitudot?INS,0,0, HTTP/1.1" 200 14735
190.171.142.42 - - [01/Apr/2019:11:59:17 -0300] "POST /cormun/servlet/solicitudotadjuntos?gx-no-cache=1554130535622 HTTP/1.1" 200 26
190.171.142.42 - - [01/Apr/2019:11:59:19 -0300] "GET /cormun/servlet/solicitudotadjuntos?4f8a5fe5688edcb0d3678199e0f115b94dd6cabf191b3fa1eb7ccaea9d815836,gx-no-cache=1554130537480 HTTP/1.1" 200 30
190.171.142.42 - - [01/Apr/2019:11:59:19 -0300] "GET /cormun/servlet/solicitudotadjuntos?4f8a5fe5688edcb0d3678199e0f115b94dd6cabf191b3fa1eb7ccaea9d815836,gx-no-cache=1554130537497 HTTP/1.1" 200 30
190.171.142.42 - - [01/Apr/2019:11:59:19 -0300] "POST /cormun/servlet/solicitudotadjuntos?66ab704830b679f732c354ff90ddbe3a,INS,2019,15019,,1, HTTP/1.1" 200 116
190.171.142.42 - - [01/Apr/2019:11:59:19 -0300] "GET /cormun/servlet/hpexe_return? HTTP/1.1" 200 1025
190.171.142.42 - - [01/Apr/2019:11:59:20 -0300] "GET /cormun/servlet/trsolicitudadjuntos?2019,15019, HTTP/1.1" 200 9822
190.171.142.42 - - [01/Apr/2019:11:59:20 -0300] "GET /cormun/servlet/trsolicitudadjuntos?2019,15019, HTTP/1.1" 200 9820
190.171.142.42 - - [01/Apr/2019:11:59:25 -0300] "GET /cormun/servlet/solicitudotadjuntos?INS,2019,15019,,1, HTTP/1.1" 200 6334
190.171.142.42 - - [01/Apr/2019:11:59:25 -0300] "GET /cormun/static/about:blank HTTP/1.1" 404 1011
190.171.142.42 - - [01/Apr/2019:11:59:26 -0300] "GET /cormun/servlet/solicitudotadjuntos?INS,2019,15019,,1, HTTP/1.1" 200 6327
190.171.142.42 - - [01/Apr/2019:11:59:26 -0300] "GET /cormun/servlet/solicitudotadjuntos?4f8a5fe5688edcb0d3678199e0f115b9b5d61e2d27a6450abbe6f9f0f0a1aa44a80da668b4d622d6a7c7e2482aca02a0,gx-no-cache=1554130545012 HTTP/1.1" 200 30
190.171.142.42 - - [01/Apr/2019:11:59:26 -0300] "POST /cormun/servlet/solicitudotadjuntos?66ab704830b679f732c354ff90ddbe3a,INS,2019,15019,,1,,gx-no-cache=1554130545044 HTTP/1.1" 200 4062
190.171.142.42 - - [01/Apr/2019:11:59:29 -0300] "POST /cormun/servlet/solicitudotadjuntos?gx-no-cache=1554130547705 HTTP/1.1" 200 26
190.171.142.42 - - [01/Apr/2019:11:59:39 -0300] "POST /cormun/servlet/solicitudotadjuntos?gx-no-cache=1554130557678 HTTP/1.1" 200 26
190.171.142.42 - - [01/Apr/2019:11:59:41 -0300] "GET /cormun/servlet/solicitudotadjuntos?4f8a5fe5688edcb0d3678199e0f115b94dd6cabf191b3fa1eb7ccaea9d815836,gx-no-cache=1554130559958 HTTP/1.1" 200 30
190.171.142.42 - - [01/Apr/2019:11:59:41 -0300] "GET /cormun/servlet/solicitudotadjuntos?4f8a5fe5688edcb0d3678199e0f115b94dd6cabf191b3fa1eb7ccaea9d815836,gx-no-cache=1554130560033 HTTP/1.1" 200 30
190.171.142.42 - - [01/Apr/2019:11:59:42 -0300] "POST /cormun/servlet/solicitudotadjuntos?66ab704830b679f732c354ff90ddbe3a,INS,2019,15019,,1, HTTP/1.1" 200 116
190.171.142.42 - - [01/Apr/2019:11:59:42 -0300] "GET /cormun/servlet/hpexe_return? HTTP/1.1" 200 1025
190.171.142.42 - - [01/Apr/2019:11:59:43 -0300] "GET /cormun/servlet/trsolicitudadjuntos?2019,15019, HTTP/1.1" 200 10037
190.171.142.42 - - [01/Apr/2019:11:59:44 -0300] "GET /cormun/servlet/trsolicitudadjuntos?2019,15019, HTTP/1.1" 200 10034
190.171.142.42 - - [01/Apr/2019:12:00:20 -0300] "GET /cormun/servlet/solicitudotadjuntos?INS,2019,15019,,1, HTTP/1.1" 200 6335
190.171.142.42 - - [01/Apr/2019:12:00:20 -0300] "GET /cormun/static/about:blank HTTP/1.1" 404 1011
190.171.142.42 - - [01/Apr/2019:12:00:20 -0300] "GET /cormun/servlet/solicitudotadjuntos?INS,2019,15019,,1, HTTP/1.1" 200 6328
190.171.142.42 - - [01/Apr/2019:12:00:21 -0300] "GET /cormun/servlet/solicitudotadjuntos?4f8a5fe5688edcb0d3678199e0f115b9b5d61e2d27a6450abbe6f9f0f0a1aa44a80da668b4d622d6a7c7e2482aca02a0,gx-no-cache=1554130599601 HTTP/1.1" 200 30
190.171.142.42 - - [01/Apr/2019:12:00:21 -0300] "POST /cormun/servlet/solicitudotadjuntos?66ab704830b679f732c354ff90ddbe3a,INS,2019,15019,,1,,gx-no-cache=1554130599634 HTTP/1.1" 200 4063
190.171.142.42 - - [01/Apr/2019:12:00:30 -0300] "POST /cormun/servlet/solicitudotadjuntos?gx-no-cache=1554130608599 HTTP/1.1" 200 26
190.171.142.42 - - [01/Apr/2019:12:00:30 -0300] "GET /cormun/servlet/solicitudotadjuntos?4f8a5fe5688edcb0d3678199e0f115b94dd6cabf191b3fa1eb7ccaea9d815836,gx-no-cache=1554130608620 HTTP/1.1" 200 30
190.171.142.42 - - [01/Apr/2019:12:00:30 -0300] "GET /cormun/servlet/solicitudotadjuntos?4f8a5fe5688edcb0d3678199e0f115b94dd6cabf191b3fa1eb7ccaea9d815836,gx-no-cache=1554130608639 HTTP/1.1" 200 30
190.171.142.42 - - [01/Apr/2019:12:00:30 -0300] "POST /cormun/servlet/solicitudotadjuntos?66ab704830b679f732c354ff90ddbe3a,INS,2019,15019,,1,,gx-no-cache=1554130608662 HTTP/1.1" 200 3910
190.171.142.42 - - [01/Apr/2019:12:00:30 -0300] "GET /cormun/static/Shared/jqueryui/images/ui-bg_highlight-soft_100_c6c2c8_1x100.png HTTP/1.1" 404 1117
190.171.142.42 - - [01/Apr/2019:12:00:30 -0300] "GET /cormun/static/Shared/jqueryui/images/ui-icons_82798d_256x240.png HTTP/1.1" 404 1089
190.171.142.42 - - [01/Apr/2019:12:00:30 -0300] "GET /cormun/static/Shared/jqueryui/images/ui-bg_flat_55_994d53_40x100.png HTTP/1.1" 404 1097
190.171.142.42 - - [01/Apr/2019:12:00:30 -0300] "GET /cormun/static/Shared/jqueryui/images/ui-icons_ebccce_256x240.png HTTP/1.1" 404 1089
190.171.142.42 - - [01/Apr/2019:12:00:47 -0300] "GET /cormun/servlet/solicitudotadjuntos?4f8a5fe5688edcb0d3678199e0f115b94dd6cabf191b3fa1eb7ccaea9d815836,gx-no-cache=1554130626302 HTTP/1.1" 200 30
190.171.142.42 - - [01/Apr/2019:12:00:48 -0300] "POST /cormun/servlet/solicitudotadjuntos?66ab704830b679f732c354ff90ddbe3a,INS,2019,15019,,1,,gx-no-cache=1554130626325 HTTP/1.1" 200 3910
190.171.142.42 - - [01/Apr/2019:12:00:52 -0300] "POST /cormun/servlet/solicitudotadjuntos?66ab704830b679f732c354ff90ddbe3a,INS,2019,15019,,1,,gx-no-cache=1554130630393 HTTP/1.1" 200 93
190.171.142.42 - - [01/Apr/2019:12:00:52 -0300] "GET /cormun/servlet/hpexe_return? HTTP/1.1" 200 1025
190.171.142.42 - - [01/Apr/2019:12:00:52 -0300] "GET /cormun/servlet/trsolicitudadjuntos?2019,15019, HTTP/1.1" 200 10037
190.171.142.42 - - [01/Apr/2019:12:00:53 -0300] "GET /cormun/servlet/trsolicitudadjuntos?2019,15019, HTTP/1.1" 200 10036
190.171.141.82 - - [01/Apr/2019:12:00:54 -0300] "GET /cormun/servlet/solicitudot?6c474c78f6d902d7354a95d2ac3ca054a350053ed69cfdc3291e7b52afb95cc728c8b65cdc10827c1c48fa2e150d9fc37175949c1309b3e9df9f84d93108aeaa,gx-no-cache=1554130632444 HTTP/1.1" 200 30
190.171.141.82 - - [01/Apr/2019:12:00:55 -0300] "GET /cormun/servlet/prbanco?,MD,,gxPopupLevel%3D0%3B HTTP/1.1" 200 6713
190.171.141.82 - - [01/Apr/2019:12:00:56 -0300] "GET /cormun/static/gxcfg.js?20181161016094 HTTP/1.1" 200 953
190.171.141.82 - - [01/Apr/2019:12:00:56 -0300] "GET /cormun/static/prbanco.js?2018116101633 HTTP/1.1" 200 10693
190.171.141.82 - - [01/Apr/2019:12:01:02 -0300] "GET /cormun/servlet/prbanco?,MD,,gxPopupLevel%3D0%3B HTTP/1.1" 200 6713
190.171.152.138 - - [01/Apr/2019:12:01:04 -0300] "GET /cormun/servlet/hhome HTTP/1.1" 200 3421
190.171.152.138 - - [01/Apr/2019:12:01:04 -0300] "GET /cormun/static/messages.spa.js?85251 HTTP/1.1" 304 -
190.171.152.138 - - [01/Apr/2019:12:01:04 -0300] "GET /cormun/static/hmpwkw03.js?20189613443875 HTTP/1.1" 304 -
190.171.152.138 - - [01/Apr/2019:12:01:05 -0300] "GET /cormun/servlet/hhome HTTP/1.1" 200 3431
190.171.152.138 - - [01/Apr/2019:12:01:05 -0300] "GET /cormun/servlet/hlogin HTTP/1.1" 200 1738
190.171.141.82 - - [01/Apr/2019:12:01:07 -0300] "GET /cormun/servlet/solicitudot?6c474c78f6d902d7354a95d2ac3ca054a2ab58f115ec79136d775e54da7a927e,gx-no-cache=1554130645557 HTTP/1.1" 200 53
190.171.141.82 - - [01/Apr/2019:12:01:13 -0300] "GET /cormun/servlet/prbanco?,MD,,gxPopupLevel%3D0%3B HTTP/1.1" 200 6713
190.171.142.42 - - [01/Apr/2019:12:01:19 -0300] "GET /cormun/servlet/trautorizarsolicitud? HTTP/1.1" 200 7410
190.171.142.42 - - [01/Apr/2019:12:01:19 -0300] "GET /cormun/servlet/trautorizarsolicitud? HTTP/1.1" 200 7398
190.171.152.138 - - [01/Apr/2019:12:01:21 -0300] "POST /cormun/servlet/hlogin?0c6605de034007a86286c73d51e79ba2,gx-no-cache=1554134257706 HTTP/1.1" 200 90
190.171.152.138 - - [01/Apr/2019:12:01:21 -0300] "GET /cormun/servlet/hpexe_link HTTP/1.1" 200 953
190.171.152.138 - - [01/Apr/2019:12:01:21 -0300] "GET /cormun/servlet/hhome HTTP/1.1" 200 3955
190.171.152.138 - - [01/Apr/2019:12:01:22 -0300] "GET /cormun/servlet/hhome HTTP/1.1" 200 3951
190.171.141.82 - - [01/Apr/2019:12:01:24 -0300] "GET /cormun/servlet/solicitudot?6c474c78f6d902d7354a95d2ac3ca0545b210fa423611af6a8a49e1563507e86949db578be77d5ea901935f879141354ee83519af1f7d708189d6255917614f7,gx-no-cache=1554130661592 HTTP/1.1" 200 53
190.171.142.42 - - [01/Apr/2019:12:01:24 -0300] "GET /cormun/servlet/trautorizarsolicitud? HTTP/1.1" 200 7398
190.171.152.138 - - [01/Apr/2019:12:01:24 -0300] "GET /cormun/servlet/trlicencias? HTTP/1.1" 200 9445
190.171.142.42 - - [01/Apr/2019:12:01:24 -0300] "GET /cormun/servlet/trautorizarsolicitud? HTTP/1.1" 200 7398
190.171.152.138 - - [01/Apr/2019:12:01:25 -0300] "GET /cormun/servlet/trlicencias? HTTP/1.1" 200 9443
190.171.142.42 - - [01/Apr/2019:12:01:39 -0300] "POST /cormun/servlet/trautorizarsolicitud?66ab704830b679f732c354ff90ddbe3a,,gx-no-cache=1554130676835 HTTP/1.1" 200 110
190.171.142.42 - - [01/Apr/2019:12:01:39 -0300] "GET /cormun/AutorizarSolicitud-4205.xls HTTP/1.1" 200 4608
190.171.142.42 - - [01/Apr/2019:12:01:43 -0300] "GET /cormun/servlet/trsolicitudot? HTTP/1.1" 200 8866
190.171.142.42 - - [01/Apr/2019:12:01:44 -0300] "GET /cormun/servlet/trsolicitudot? HTTP/1.1" 200 8865
190.171.142.42 - - [01/Apr/2019:12:01:53 -0300] "POST /cormun/servlet/trsolicitudot?66ab704830b679f732c354ff90ddbe3a,,gx-no-cache=1554130691994 HTTP/1.1" 200 4764
190.171.142.42 - - [01/Apr/2019:12:01:53 -0300] "GET /cormun/static/Shared/jqueryui/images/ui-bg_highlight-soft_100_c6c2c8_1x100.png HTTP/1.1" 404 1117
190.171.142.42 - - [01/Apr/2019:12:01:53 -0300] "GET /cormun/static/Shared/jqueryui/images/ui-bg_flat_55_fafafa_40x100.png HTTP/1.1" 404 1097
190.171.142.42 - - [01/Apr/2019:12:01:53 -0300] "GET /cormun/static/Shared/jqueryui/images/ui-icons_8d78a5_256x240.png HTTP/1.1" 404 1089
190.171.142.42 - - [01/Apr/2019:12:01:53 -0300] "GET /cormun/static/Shared/jqueryui/images/ui-icons_82798d_256x240.png HTTP/1.1" 404 1089
190.171.142.42 - - [01/Apr/2019:12:01:53 -0300] "POST /cormun/servlet/trsolicitudot?66ab704830b679f732c354ff90ddbe3a,,gx-no-cache=1554130692205 HTTP/1.1" 200 4535
190.171.142.42 - - [01/Apr/2019:12:02:00 -0300] "GET /cormun/servlet/trautorizarsolicitud? HTTP/1.1" 200 8763
190.171.142.42 - - [01/Apr/2019:12:02:01 -0300] "GET /cormun/servlet/trautorizarsolicitud? HTTP/1.1" 200 8763
190.171.142.42 - - [01/Apr/2019:12:02:04 -0300] "POST /cormun/servlet/trautorizarsolicitud?66ab704830b679f732c354ff90ddbe3a,,gx-no-cache=1554130702812 HTTP/1.1" 200 4694
190.171.142.42 - - [01/Apr/2019:12:02:04 -0300] "GET /cormun/static/Shared/jqueryui/images/ui-bg_highlight-soft_100_c6c2c8_1x100.png HTTP/1.1" 404 1117
190.171.142.42 - - [01/Apr/2019:12:02:04 -0300] "GET /cormun/static/Shared/jqueryui/images/ui-icons_82798d_256x240.png HTTP/1.1" 404 1089
190.171.142.42 - - [01/Apr/2019:12:02:04 -0300] "GET /cormun/static/Shared/jqueryui/images/ui-bg_flat_55_fafafa_40x100.png HTTP/1.1" 404 1097
190.171.142.42 - - [01/Apr/2019:12:02:04 -0300] "GET /cormun/static/Shared/jqueryui/images/ui-icons_8d78a5_256x240.png HTTP/1.1" 404 1089
190.171.142.42 - - [01/Apr/2019:12:02:04 -0300] "POST /cormun/servlet/trautorizarsolicitud?66ab704830b679f732c354ff90ddbe3a,,gx-no-cache=1554130703007 HTTP/1.1" 200 4466
190.171.141.82 - - [01/Apr/2019:12:03:22 -0300] "POST /cormun/servlet/solicitudot?gx-no-cache=1554130780504 HTTP/1.1" 200 297
190.171.141.82 - - [01/Apr/2019:12:03:23 -0300] "GET /cormun/servlet/solicitudot?6c474c78f6d902d7354a95d2ac3ca054eb279c233cc5aa8437c5507810b7bfd543ef96f1a37479e2cfee5062d1e9e85d53ac437254a7abbc54171ec7efe39d80f7ea49bb55d7feef06bc4d73e2c3efacc89c99d953c9fb770bd9e2dc5881700b973e660d17abb2b888bcd9ecfec6d3af3d38308d2bf4c0395d13b3847b000cf72f549e1ee7ee398fd1237c53000bc626cb8ba6da696ee7d30bc11c07f295faf3ae691c8915d5276837097a8e1087cb54f6c3dd99241aa02950c810d75365f70ca14f22b7f98f1e3596492cee5cd4f6a1cb1d4433b24623fe5ae54578842d45b495c272acc35ef3ad34a8ddfeb6744d1171a52a0274895ab643162282d894d9afcf553ea47cfa66b0edbea79402b55b211699d36cc1861e00d76a11ea638a4e7a8ec69fbebaa455f3e656c85884ee9db1d0fd0af657e549a4c02676d48210682ff4ea3cc0cdc2fbdb7aaf1daac8aed9e9a02ba95a5760703888649ddf268cd870bb70b9b7be88426d085f861d31e58d5b9d7261cc15defd137152fbb6e0d7dccbd96387502681227d5e864ba506257148,gx-no-cache=1554130780602 HTTP/1.1" 200 30
190.171.141.82 - - [01/Apr/2019:12:03:25 -0300] "POST /cormun/servlet/solicitudot?gx-no-cache=1554130783168 HTTP/1.1" 200 30
190.171.141.82 - - [01/Apr/2019:12:03:40 -0300] "POST /cormun/servlet/solicitudot?gx-no-cache=1554130798010 HTTP/1.1" 200 1315
190.171.141.82 - - [01/Apr/2019:12:03:40 -0300] "GET /cormun/static/menuarrow.gif HTTP/1.1" 404 1015
190.171.141.82 - - [01/Apr/2019:12:03:44 -0300] "GET /cormun/servlet/prlicenciaspermisos?7590017,L,,MD,,gxPopupLevel%3D0%3B HTTP/1.1" 200 5707
190.171.141.82 - - [01/Apr/2019:12:03:46 -0300] "GET /cormun/static/gxcfg.js?20176272053834 HTTP/1.1" 200 953
190.171.141.82 - - [01/Apr/2019:12:03:46 -0300] "GET /cormun/static/prlicenciaspermisos.js?20176272054050 HTTP/1.1" 200 13379
186.103.159.186 - - [01/Apr/2019:12:04:01 -0300] "POST /cormun/servlet/solicitudot?gx-no-cache=1554130819099 HTTP/1.1" 200 3542
186.103.159.186 - - [01/Apr/2019:12:04:01 -0300] "POST /cormun/servlet/solicitudot?eac0dd07bddb90b011d808c182477d04,INS,0,0,,gx-no-cache=1554130819667 HTTP/1.1" 200 11499
186.103.159.186 - - [01/Apr/2019:12:04:05 -0300] "GET /cormun/servlet/solicitudot?159c75eaf3a951263ce0dc2f33e66cd0b9fe05fd6bb5d049ecb6352835c4ef525e8e7bdb49cb2fcc0bbfa3e111ae1d4f,gx-no-cache=1554130824179 HTTP/1.1" 200 30
186.103.159.186 - - [01/Apr/2019:12:04:05 -0300] "GET /cormun/servlet/solicitudot?159c75eaf3a951263ce0dc2f33e66cd01a34952665a71c2594234e9f5dd75ca6,gx-no-cache=1554130824244 HTTP/1.1" 200 103
186.103.159.186 - - [01/Apr/2019:12:04:05 -0300] "GET /cormun/static/Shared/jqueryui/images/ui-bg_highlight-soft_100_c6c2c8_1x100.png HTTP/1.1" 404 1117
186.103.159.186 - - [01/Apr/2019:12:04:05 -0300] "GET /cormun/static/Shared/jqueryui/images/ui-icons_82798d_256x240.png HTTP/1.1" 404 1089
186.103.159.186 - - [01/Apr/2019:12:04:05 -0300] "GET /cormun/static/Shared/jqueryui/images/ui-bg_flat_55_994d53_40x100.png HTTP/1.1" 404 1097
186.103.159.186 - - [01/Apr/2019:12:04:05 -0300] "GET /cormun/static/Shared/jqueryui/images/ui-icons_ebccce_256x240.png HTTP/1.1" 404 1089
186.103.159.186 - - [01/Apr/2019:12:04:05 -0300] "GET /cormun/servlet/solicitudot?159c75eaf3a951263ce0dc2f33e66cd003db8c96b2c302c83880a11e1a41938d,gx-no-cache=1554130824344 HTTP/1.1" 200 51
186.103.159.186 - - [01/Apr/2019:12:04:06 -0300] "POST /cormun/servlet/solicitudot?gx-no-cache=1554130824393 HTTP/1.1" 200 255
186.103.159.186 - - [01/Apr/2019:12:04:06 -0300] "GET /cormun/servlet/solicitudot?159c75eaf3a951263ce0dc2f33e66cd001fdcd874019fd0a5eeeec47d0f20bb5af9f499c6664972f4d9b20e879fa002a3a3b87d707967b27e8176b76ef1389feaf411d8de14748798fdc756bd50bdd3f1c6e8be8f39b22df3fc5be547695ecf418c4ac0f7b6402e574b2e55f5d66434e5ae7dde9d51a2d4773c08138ba57ee3db34dd77cc7b33151e705167f7074b177760d1e7a9db2958bbeda8ae7609025f76057b69f740646e0665c5b95b9797ba3cfb59d1b87d4e99bede8bb82ba2ce233b333030e9815755586bd3450ba1f9346aed81df184e0dd56dc025622924f85904bb39d38fede200548ba4a8744c307ae9f69b5df8655c024e030ef9217355c3d4d318611492d5016acc3618ab0093cceffd1d4ea8095b33ffe621d773116e58b786e8a0ade8a87145109b98ec9bd780bd11548df5cf9af65b29fb97cffe1506e4b57b8e5b8606a29911422df8936e8e72402a026b844e38c8ae20475b5685c982105c1f3df8697a06996573d3c072ddb7fe0bdcea33422401b31ef8c333e2c09,gx-no-cache=1554130824463 HTTP/1.1" 200 30
186.103.159.186 - - [01/Apr/2019:12:04:11 -0300] "POST /cormun/servlet/solicitudot?gx-no-cache=1554130830159 HTTP/1.1" 200 30
186.103.159.186 - - [01/Apr/2019:12:04:28 -0300] "GET /cormun/servlet/prsolicitudot?10820282,,,,,MD,,gxPopupLevel%3D0%3B HTTP/1.1" 200 6100
190.171.141.82 - - [01/Apr/2019:12:04:29 -0300] "GET /cormun/servlet/prlicenciaspermisos?7590017,L,,MD,,gxPopupLevel%3D0%3B HTTP/1.1" 200 5707
186.103.159.186 - - [01/Apr/2019:12:04:33 -0300] "GET /cormun/servlet/solicitudot?159c75eaf3a951263ce0dc2f33e66cd0a80f08a5052baec5c0e1cdc66bd9e26fb0f5f991a5de5697aece18ec664681d7c610c8a922e9a2d4a85e1d0de592f3bc,gx-no-cache=1554130852016 HTTP/1.1" 200 30
186.103.159.186 - - [01/Apr/2019:12:04:33 -0300] "POST /cormun/servlet/solicitudot?gx-no-cache=1554130852055 HTTP/1.1" 200 256
186.103.159.186 - - [01/Apr/2019:12:04:33 -0300] "GET /cormun/servlet/solicitudot?159c75eaf3a951263ce0dc2f33e66cd001fdcd874019fd0a5eeeec47d0f20bb5af9f499c6664972f4d9b20e879fa002a3a3b87d707967b27e8176b76ef1389feaf411d8de14748798fdc756bd50bdd3f1c6e8be8f39b22df3fc5be547695ecf418c4ac0f7b6402e574b2e55f5d66434e5ae7dde9d51a2d4773c08138ba57ee3db34dd77cc7b33151e705167f7074b177760d1e7a9db2958bbeda8ae7609025f76057b69f740646e0665c5b95b9797ba3cfb59d1b87d4e99bede8bb82ba2ce233b333030e9815755586bd3450ba1f9346aed81df184e0dd56dc025622924f85904bb39d38fede200548ba4a8744c307ae9f69b5df8655c024e030ef9217355c3d4d318611492d5016acc3618ab0093cceffd1d4ea8095b33ffe621d773116e58b786e8a0ade8a87145109b98ec9bd780bd11548df5cf9af65b29fb97cffe1506e4b57b8e5b8606a29911422df8936e8e72402a026b844e38c8ae20475b5685c982105c1f3df8697a06996573d3c072ddbcfc664a37130f67b2111ba577a7a7fec,gx-no-cache=1554130852115 HTTP/1.1" 200 30
186.103.159.186 - - [01/Apr/2019:12:04:33 -0300] "POST /cormun/servlet/solicitudot?gx-no-cache=1554130852152 HTTP/1.1" 200 30
186.103.159.186 - - [01/Apr/2019:12:04:33 -0300] "POST /cormun/servlet/solicitudot?gx-no-cache=1554130852212 HTTP/1.1" 200 1316
186.103.159.186 - - [01/Apr/2019:12:04:33 -0300] "POST /cormun/servlet/solicitudot?gx-no-cache=1554130852291 HTTP/1.1" 200 38
186.103.159.186 - - [01/Apr/2019:12:04:33 -0300] "GET /cormun/servlet/solicitudot?159c75eaf3a951263ce0dc2f33e66cd0912c0a0c73da2cf452d31d0193b05b8021a65189fc5dd258b313f733ad0de1996ae55e7949aa751ecc8f7e069d748ad0b93b17f0571aec3197c7ae9c7724ce65853a10fcf5a6e05e9a43753a7ec13fe937c983fe8f3f668ded2f29925fc9c6d3,gx-no-cache=1554130852328 HTTP/1.1" 200 110
186.103.159.186 - - [01/Apr/2019:12:04:34 -0300] "POST /cormun/servlet/solicitudot?gx-no-cache=1554130852373 HTTP/1.1" 200 97
186.103.159.186 - - [01/Apr/2019:12:04:34 -0300] "GET /cormun/servlet/solicitudot?159c75eaf3a951263ce0dc2f33e66cd0e55bced569b8c6ff1eaa42ca800c4edec48ce094a5445cfc2993d20af9a207f669a4f63afb5bcd2d0850aa1109d488ed5c2bf20032b8e83476efb91a162d024d74b368f3f948d97a3acacb1a726f5fa1304901b97a26020e5272061349c55fde33dc3141e2fd4b247d4b1c38f78b9047e1d81d4a0115be6f752b176a91f5384b2b82832cf081fc476121796db36d98d849af08ac6ce54ac77ece3f8a9d6f243de567f0c8e2b6e384fe59cfcc0637cbba70b2b866d7b147fffe8d77a3922859a9,gx-no-cache=1554130852425 HTTP/1.1" 200 29
186.103.159.186 - - [01/Apr/2019:12:04:34 -0300] "GET /cormun/servlet/solicitudot?159c75eaf3a951263ce0dc2f33e66cd03ba62f69598f73d23522e6c1091c46ea35f27e81bdfaf9dfe5efd46423e18d98,gx-no-cache=1554130852459 HTTP/1.1" 200 134
190.171.141.82 - - [01/Apr/2019:12:04:43 -0300] "POST /cormun/servlet/solicitudot?gx-no-cache=1554130861357 HTTP/1.1" 200 41
190.171.141.82 - - [01/Apr/2019:12:04:43 -0300] "GET /cormun/servlet/solicitudot?6c474c78f6d902d7354a95d2ac3ca054e052c3fc4643ab48411872c22eb769f7ebcf5c56710fd9261dfdbe76ade6060f354f889f05f58ba0355e7f147ca9463a5ab6e52af55736180ef92efc42f0f36ff36080c8992e5271b60ff24d8453d15ecf61af386a81a0be91fe77b706e17391,gx-no-cache=1554130861456 HTTP/1.1" 200 110
190.171.141.82 - - [01/Apr/2019:12:04:43 -0300] "POST /cormun/servlet/solicitudot?gx-no-cache=1554130861527 HTTP/1.1" 200 79
190.171.141.82 - - [01/Apr/2019:12:04:47 -0300] "GET /cormun/servlet/solicitudot?6c474c78f6d902d7354a95d2ac3ca054e3aaffc77858ad55436859229a145c4e5f20e7e8b17920aa95be2bef4bacc068d18c1683284fc5804bfeee78ce369c255788e718a3eaa067abca35af9a63aa045c2c12b197f68bea24531a71d7a7577248865e6274f38f3b4355e7dcc8c2e618,gx-no-cache=1554130865496 HTTP/1.1" 200 29
190.171.141.82 - - [01/Apr/2019:12:05:28 -0300] "GET /cormun/servlet/solicitudot?6c474c78f6d902d7354a95d2ac3ca054e052c3fc4643ab48411872c22eb769f7ebcf5c56710fd9261dfdbe76ade6060f354f889f05f58ba0355e7f147ca9463a5ab6e52af55736180ef92efc42f0f36ff36080c8992e5271b60ff24d8453d15ecf61af386a81a0be91fe77b706e17391,gx-no-cache=1554130906126 HTTP/1.1" 200 110
192.168.10.89 - - [01/Apr/2019:12:06:04 -0300] "POST /cormun/servlet/trautorizarsolicitud?78baa3d11fda77b1afb4561c63c05ba5,,gx-no-cache=1554137964991 HTTP/1.1" 200 4875
192.168.10.89 - - [01/Apr/2019:12:06:06 -0300] "GET /cormun/static/menuarrow.gif HTTP/1.1" 404 1015
192.168.10.89 - - [01/Apr/2019:12:06:14 -0300] "POST /cormun/servlet/trautorizarsolicitud?78baa3d11fda77b1afb4561c63c05ba5,,gx-no-cache=1554137975303 HTTP/1.1" 200 4875
186.103.159.186 - - [01/Apr/2019:12:06:26 -0300] "POST /cormun/servlet/solicitudot?gx-no-cache=1554130964617 HTTP/1.1" 200 72
192.168.10.89 - - [01/Apr/2019:12:06:31 -0300] "GET /cormun/servlet/trsolicitudgral? HTTP/1.1" 200 11214
190.171.141.82 - - [01/Apr/2019:12:06:33 -0300] "POST /cormun/servlet/solicitudot?gx-no-cache=1554130971137 HTTP/1.1" 200 64
190.171.141.82 - - [01/Apr/2019:12:06:37 -0300] "GET /cormun/servlet/solicitudot?6c474c78f6d902d7354a95d2ac3ca054b3f08ef86f12c7cb1964c55f7343fd81ff50ea0b0001978323c5f090df1006b0,gx-no-cache=1554130974831 HTTP/1.1" 200 30
190.171.141.82 - - [01/Apr/2019:12:06:37 -0300] "POST /cormun/servlet/solicitudot?gx-no-cache=1554130974866 HTTP/1.1" 200 34
192.168.10.89 - - [01/Apr/2019:12:06:39 -0300] "POST /cormun/servlet/trsolicitudgral?78baa3d11fda77b1afb4561c63c05ba5,,gx-no-cache=1554138000392 HTTP/1.1" 200 7314
192.168.10.89 - - [01/Apr/2019:12:06:44 -0300] "GET /cormun/servlet/vesolicitudgral?2019,14892,, HTTP/1.1" 200 9571
192.168.10.89 - - [01/Apr/2019:12:06:44 -0300] "GET /cormun/pexe_scrolldiv.js HTTP/1.1" 404 1009
192.168.10.89 - - [01/Apr/2019:12:06:46 -0300] "GET /cormun/servlet/vesolicitudgral?2019,14892,,SolicitudOTAdjuntos HTTP/1.1" 200 11868
192.168.10.89 - - [01/Apr/2019:12:06:46 -0300] "GET /cormun/pexe_scrolldiv.js HTTP/1.1" 404 1009
192.168.10.89 - - [01/Apr/2019:12:06:48 -0300] "POST /cormun/servlet/acontrolpreferencessavestate?None,CDROGUETT,true HTTP/1.1" 200 35
192.168.10.89 - - [01/Apr/2019:12:06:50 -0300] "GET /cormun/PublicTempStorage/titulo2829031.pdf HTTP/1.1" 200 319633
190.171.141.82 - - [01/Apr/2019:12:06:58 -0300] "POST /cormun/servlet/solicitudot?c5222ab06f9bb1dbe0e6e7433dfa80e2,INS,0,0,,gx-no-cache=1554130995315 HTTP/1.1" 200 93
190.171.141.82 - - [01/Apr/2019:12:06:58 -0300] "GET /cormun/servlet/hpexe_return? HTTP/1.1" 200 1003
190.171.141.82 - - [01/Apr/2019:12:06:58 -0300] "GET /cormun/servlet/hhome HTTP/1.1" 200 4344
190.171.141.82 - - [01/Apr/2019:12:06:59 -0300] "GET /cormun/servlet/hhome HTTP/1.1" 200 4337
186.103.159.186 - - [01/Apr/2019:12:07:19 -0300] "GET /cormun/static/menuarrow.gif HTTP/1.1" 404 1015
190.171.141.82 - - [01/Apr/2019:12:07:23 -0300] "GET /cormun/servlet/trsolicitudot? HTTP/1.1" 200 9000
190.171.141.82 - - [01/Apr/2019:12:07:26 -0300] "GET /cormun/servlet/trsolicitudot? HTTP/1.1" 200 8999
