190.171.142.42 - - [29/Mar/2019:12:36:59 -0300] "GET /cormun/static/Resources/PXToolsMenuSearch.png HTTP/1.1" 200 2914
190.171.142.42 - - [29/Mar/2019:12:36:59 -0300] "GET /cormun/static/Resources/PXToolsMenuSearchCancel.png HTTP/1.1" 200 2972
190.171.142.42 - - [29/Mar/2019:12:36:59 -0300] "GET /cormun/static/prfichaempleado.js?20177612134999 HTTP/1.1" 200 16006
190.171.142.42 - - [29/Mar/2019:12:36:59 -0300] "GET /cormun/static/menusearch.js?201610171694467 HTTP/1.1" 200 1424
190.171.142.42 - - [29/Mar/2019:12:36:59 -0300] "GET /cormun/static/hmpwkw011.js?20177612121862 HTTP/1.1" 200 1968
190.171.142.42 - - [29/Mar/2019:12:36:59 -0300] "GET /cormun/static/Shared/ext/resources/css/ext-all.css?205870 HTTP/1.1" 200 416045
190.171.141.138 - - [29/Mar/2019:12:37:09 -0300] "GET /cormun/servlet/trsolicitudot? HTTP/1.1" 200 9354
190.171.141.138 - - [29/Mar/2019:12:37:09 -0300] "GET /cormun/servlet/trsolicitudot? HTTP/1.1" 200 9354
190.171.141.138 - - [29/Mar/2019:12:37:12 -0300] "GET /cormun/servlet/solicitudot?INS,0,0, HTTP/1.1" 200 15345
190.171.141.138 - - [29/Mar/2019:12:37:12 -0300] "GET /cormun/servlet/solicitudot?INS,0,0, HTTP/1.1" 200 15350
200.112.233.47 - - [29/Mar/2019:12:37:17 -0300] "GET /cormun/servlet/hlogin HTTP/1.1" 200 1727
200.112.233.47 - - [29/Mar/2019:12:37:17 -0300] "GET /cormun/servlet/hlogin HTTP/1.1" 200 1730
190.171.141.138 - - [29/Mar/2019:12:37:22 -0300] "POST /cormun/servlet/solicitudot?gx-no-cache=1553873621906 HTTP/1.1" 200 3582
190.171.141.138 - - [29/Mar/2019:12:37:23 -0300] "POST /cormun/servlet/solicitudot?344e336e1bf5d60697f915c474526168,INS,0,0,,gx-no-cache=1553873622381 HTTP/1.1" 200 12038
190.171.142.42 - - [29/Mar/2019:12:37:23 -0300] "POST /cormun/servlet/prfichaempleado?89a740dfb9cc62da5b669239129703e6,,MD,,gxPopupLevel%3D0%3B,gx-no-cache=1553873631842 HTTP/1.1" 200 3421
190.171.141.138 - - [29/Mar/2019:12:37:25 -0300] "GET /cormun/servlet/solicitudot?0c9cabebf79ca758491f2ac2da2515b2060132ad63609bca1a24b69751553e7e39c45bfe1a8e839ce1d69233867bd66f,gx-no-cache=1553873624532 HTTP/1.1" 200 30
190.171.141.138 - - [29/Mar/2019:12:37:25 -0300] "GET /cormun/servlet/solicitudot?0c9cabebf79ca758491f2ac2da2515b2b44dedbd3090a3f60a387ea28b2ca669549dfa3782055b68eb0c2cd04a1e46f4b2708c518bd79e502f06183dd732e278,gx-no-cache=1553873624597 HTTP/1.1" 200 30
190.171.141.138 - - [29/Mar/2019:12:37:25 -0300] "GET /cormun/servlet/solicitudot?0c9cabebf79ca758491f2ac2da2515b2419026599782a1c529917d824b3d395f,gx-no-cache=1553873624639 HTTP/1.1" 200 51
190.171.141.138 - - [29/Mar/2019:12:37:25 -0300] "POST /cormun/servlet/solicitudot?gx-no-cache=1553873624681 HTTP/1.1" 200 297
190.171.141.138 - - [29/Mar/2019:12:37:25 -0300] "GET /cormun/servlet/solicitudot?0c9cabebf79ca758491f2ac2da2515b2b436889babfd7dcd32ac94f55d1ef6ba4c6f3fe112c52ae5bebd19308e7376b1e7ed9bc4118b3b1207364f17d5aa4c4c3d130cba651443374e9eef68e5761e544cc9936e66241df1ff43b1dc52cd3e1fa5b30f473069fb516cd41556bf181de07069a4b7c67f6820fe026828c2d7149c4cc1fd9633f0d958bbb268bbb428fc391e230a09e2884d57a6bb8d02b65faafa01b97add7ce3f5f4084fe374ed794268e6b136d5a57c1157e7b0d1cba8447b79a20962017ce7532450b10a420898ecaca1712a2186dee472dabeed9660ecf67d9d6aa93128eb9513e8dc72efea2e8b6752c19ab38861bb6da73a0d3d72e6d94c221b3860447a00f676ea1609afc7c4b168e01d65742161220b2ca8730e835c4540dfa43e373684d5146f11b6d8768cdb3e0dfe58ba83aaea949d7a2acaa0bf6858563653361314e7e26859be9cdfe345d9fa4c09878847cfad4f7e6d483e046b3725a363b6d5f22d371c2a2f118e2056336efd600c1e239500d4042a1615516a3d6403b206b36b6bcf5166236fb92c06,gx-no-cache=1553873624750 HTTP/1.1" 200 30
190.171.141.138 - - [29/Mar/2019:12:37:27 -0300] "POST /cormun/servlet/solicitudot?gx-no-cache=1553873626532 HTTP/1.1" 200 30
190.171.142.42 - - [29/Mar/2019:12:37:31 -0300] "POST /cormun/servlet/solicitudot?gx-no-cache=1553873639744 HTTP/1.1" 200 3572
190.171.142.42 - - [29/Mar/2019:12:37:31 -0300] "POST /cormun/servlet/solicitudot?89a740dfb9cc62da5b669239129703e6,INS,0,0,,gx-no-cache=1553873639908 HTTP/1.1" 200 12017
190.171.141.138 - - [29/Mar/2019:12:37:32 -0300] "POST /cormun/servlet/solicitudot?gx-no-cache=1553873631508 HTTP/1.1" 200 30
200.112.233.47 - - [29/Mar/2019:12:37:36 -0300] "POST /cormun/servlet/hlogin?a980d7e9cf9ba1c2afa68a48bae0b909,gx-no-cache=1553873634527 HTTP/1.1" 200 448
190.171.142.42 - - [29/Mar/2019:12:37:40 -0300] "GET /cormun/servlet/solicitudot?890c9f07b2fd4f9e14af00aa129f9d0f7c34bc15e6e46efe621629b68ba83f7e5eef7f0cb4de062b3c1db6ac36d6dafd,gx-no-cache=1553873648403 HTTP/1.1" 200 30
190.171.142.42 - - [29/Mar/2019:12:37:40 -0300] "GET /cormun/servlet/solicitudot?890c9f07b2fd4f9e14af00aa129f9d0f186f2d9d008911dd56e9d8db7ccfea19e9e21218333a69895aa0e685b0cbadec4c426ccae7d5ab38577c06a0cebab8d1,gx-no-cache=1553873648465 HTTP/1.1" 200 30
190.171.142.42 - - [29/Mar/2019:12:37:40 -0300] "GET /cormun/servlet/solicitudot?890c9f07b2fd4f9e14af00aa129f9d0fffc63331c53358ecfa7d06e523bfbdc5,gx-no-cache=1553873648529 HTTP/1.1" 200 53
190.171.142.42 - - [29/Mar/2019:12:37:40 -0300] "POST /cormun/servlet/solicitudot?gx-no-cache=1553873648595 HTTP/1.1" 200 297
190.171.142.42 - - [29/Mar/2019:12:37:40 -0300] "GET /cormun/servlet/solicitudot?890c9f07b2fd4f9e14af00aa129f9d0f03d32a7d15fba6f2a7c540cc462935ba5333b75bd3ffa403f3f17f3e63fe2babffc8691e2c2ff357f5fd3cdc582295be227c09f8f2ec16c226557a47a77b6f426bc9a6fcfe418184f3ce6b4e0add240c408286dd1a275c6519052db0cdb3e65b3849c0a020a6c6a924b96c9bf09aeef247eafff49f32a66caae3adb18cef9f1dcf889df30caff86205d0e9617dc4865495eaf76bee153d615ab3de73b4c66636da45b4ad838cf3ebc6b0bd55c23ca2e2da0b1c6c884d8ad81a94adb0053860f5b00fe1896c15a1342619a7df110223246599e15bb532b9bd9518dbcd8d4bde6b399fb5f3eaa784f46e01e4eaa40502f1172d4dc41df1865efab005a2a49e3210e93ff6e87cb708efc38a27e751cc744957f38975be65b3be564b2ae0d23ec1fd3e2b58da9ab68cc4f1e848e6ffc56041b2553343f80d83bd28b9b79b2a57a640899445240b74de7dd47b3fa80af9d6a48a8fff06f2941542e36bb70e8d672c69ecdb8721eb0515d40da6dc80a3a33ce61508ee6876c252be2895d2994a695fe2,gx-no-cache=1553873648673 HTTP/1.1" 200 30
200.112.233.47 - - [29/Mar/2019:12:37:44 -0300] "POST /cormun/servlet/hlogin?a980d7e9cf9ba1c2afa68a48bae0b909,gx-no-cache=1553873641654 HTTP/1.1" 200 90
200.112.233.47 - - [29/Mar/2019:12:37:44 -0300] "GET /cormun/servlet/hpexe_link HTTP/1.1" 200 950
200.112.233.47 - - [29/Mar/2019:12:37:44 -0300] "GET /cormun/servlet/hhome HTTP/1.1" 200 4346
200.112.233.47 - - [29/Mar/2019:12:37:45 -0300] "GET /cormun/servlet/hhome HTTP/1.1" 200 4343
190.171.142.42 - - [29/Mar/2019:12:37:45 -0300] "POST /cormun/servlet/solicitudot?gx-no-cache=1553873653856 HTTP/1.1" 200 30
190.171.141.138 - - [29/Mar/2019:12:37:48 -0300] "POST /cormun/servlet/solicitudot?gx-no-cache=1553873648144 HTTP/1.1" 200 1315
190.171.141.138 - - [29/Mar/2019:12:37:48 -0300] "POST /cormun/servlet/solicitudot?gx-no-cache=1553873648200 HTTP/1.1" 200 38
190.171.141.138 - - [29/Mar/2019:12:37:48 -0300] "GET /cormun/servlet/solicitudot?0c9cabebf79ca758491f2ac2da2515b21bc05a062cdf8e88e3886491920baf6e7873ac0f8fefd395f4a6e9c3172a7ee8787c3cacc3db52448d314f258787d59d62b034fc47c8d9aa4664c8d996eac1e41930ce919d094ef3dcacc3a60562c36cb704b82adc9a86b606ce9d63c6478f9c,gx-no-cache=1553873648229 HTTP/1.1" 200 110
200.112.233.47 - - [29/Mar/2019:12:37:53 -0300] "GET /cormun/servlet/trsolicitudot? HTTP/1.1" 200 7565
200.112.233.47 - - [29/Mar/2019:12:37:53 -0300] "GET /cormun/servlet/trsolicitudot? HTTP/1.1" 200 7563
200.112.233.47 - - [29/Mar/2019:12:37:56 -0300] "GET /cormun/servlet/solicitudot?INS,0,0, HTTP/1.1" 200 15232
200.112.233.47 - - [29/Mar/2019:12:37:56 -0300] "GET /cormun/servlet/solicitudot?INS,0,0, HTTP/1.1" 200 15237
190.171.142.42 - - [29/Mar/2019:12:38:02 -0300] "POST /cormun/servlet/solicitudot?gx-no-cache=1553873670866 HTTP/1.1" 200 1316
190.171.142.42 - - [29/Mar/2019:12:38:02 -0300] "POST /cormun/servlet/solicitudot?gx-no-cache=1553873670923 HTTP/1.1" 200 38
190.171.142.42 - - [29/Mar/2019:12:38:02 -0300] "GET /cormun/servlet/solicitudot?890c9f07b2fd4f9e14af00aa129f9d0f039b06a1578a619cc444a701ffb7cda98f042c1e8bd6a2f1e4785cecf849fee6c0796d0d9e6af0023037304b1a713aeb0773db7e2e2b87f47f0c2e166503b8c95041d681321f0cd76bd135158f414380da48822f2ce9e6d7deddfe287052d4b0,gx-no-cache=1553873670950 HTTP/1.1" 200 110
190.171.141.138 - - [29/Mar/2019:12:38:05 -0300] "POST /cormun/servlet/solicitudot?gx-no-cache=1553873664751 HTTP/1.1" 200 64
190.171.141.138 - - [29/Mar/2019:12:38:05 -0300] "GET /cormun/servlet/solicitudot?0c9cabebf79ca758491f2ac2da2515b2c4fbf1de0480e9dadd73c85a4c3e5c6a375dd40169f94d9010c6149fed90a1d848d8c56d22776b82aabb73b8566d1037114a1d883f3d6e1cb69c7a645500eb46088c3ff7511b51bcc6a356bfe154e84137c03eab54c5021cac550e64157f0caa,gx-no-cache=1553873664778 HTTP/1.1" 200 29
190.171.141.138 - - [29/Mar/2019:12:38:13 -0300] "GET /cormun/static/menuarrow.gif HTTP/1.1" 404 1015
190.171.142.42 - - [29/Mar/2019:12:38:14 -0300] "POST /cormun/servlet/solicitudot?gx-no-cache=1553873682282 HTTP/1.1" 200 83
186.103.156.166 - - [29/Mar/2019:12:38:14 -0300] "POST /cormun/servlet/trcontratounov2?ecd82019f6f3f8f14627f3d4c050d5b3,,gx-no-cache=1553873675248 HTTP/1.1" 200 14409
186.103.156.166 - - [29/Mar/2019:12:38:15 -0300] "GET /cormun/static/Resources/PXToolsGridFirst.gif HTTP/1.1" 200 379
186.103.156.166 - - [29/Mar/2019:12:38:15 -0300] "GET /cormun/static/Resources/PXToolsGridPrevious.gif HTTP/1.1" 200 369
190.171.141.138 - - [29/Mar/2019:12:38:17 -0300] "GET /cormun/servlet/solicitudot?0c9cabebf79ca758491f2ac2da2515b2762e734453fffc5bc5acb9405a80a674631910c4d5f09aaf44b8b373fbe142db,gx-no-cache=1553873676981 HTTP/1.1" 200 30
190.171.142.42 - - [29/Mar/2019:12:38:22 -0300] "GET /cormun/servlet/solicitudot?890c9f07b2fd4f9e14af00aa129f9d0f43fb4340e466b7d8cd3aa309993a22e6121a5695b839d67df21bf03961ed509e2e10c22e28e535caff6c452d376b1c0b953ac681f04969d1fcb47996517908a7f968742e573d7708114d932ac5fd6929d77906618e6b038a37418511b1e99e37,gx-no-cache=1553873690377 HTTP/1.1" 200 29
190.171.142.42 - - [29/Mar/2019:12:38:25 -0300] "GET /cormun/static/menuarrow.gif HTTP/1.1" 404 1015
190.171.142.42 - - [29/Mar/2019:12:38:30 -0300] "GET /cormun/servlet/solicitudot?890c9f07b2fd4f9e14af00aa129f9d0fed93dc65f88ce502162785c5762d8b9fe4271f5ef2dca90dd64917643d2422e9,gx-no-cache=1553873698143 HTTP/1.1" 200 30
190.171.141.138 - - [29/Mar/2019:12:38:35 -0300] "POST /cormun/servlet/solicitudot?gx-no-cache=1553873694853 HTTP/1.1" 200 33
190.171.141.138 - - [29/Mar/2019:12:38:38 -0300] "POST /cormun/servlet/solicitudot?344e336e1bf5d60697f915c474526168,INS,0,0,,gx-no-cache=1553873697201 HTTP/1.1" 200 93
190.171.141.138 - - [29/Mar/2019:12:38:38 -0300] "GET /cormun/servlet/hpexe_return? HTTP/1.1" 200 1005
190.171.141.138 - - [29/Mar/2019:12:38:38 -0300] "GET /cormun/servlet/trsolicitudot HTTP/1.1" 200 9707
190.171.141.138 - - [29/Mar/2019:12:38:38 -0300] "GET /cormun/servlet/trsolicitudot HTTP/1.1" 200 9703
200.112.233.47 - - [29/Mar/2019:12:38:48 -0300] "POST /cormun/servlet/solicitudot?gx-no-cache=1553873705764 HTTP/1.1" 200 3508
200.112.233.47 - - [29/Mar/2019:12:38:48 -0300] "GET /cormun/static/Shared/jqueryui/images/ui-bg_highlight-soft_100_c6c2c8_1x100.png HTTP/1.1" 404 1117
200.112.233.47 - - [29/Mar/2019:12:38:48 -0300] "GET /cormun/static/Shared/jqueryui/images/ui-bg_flat_55_994d53_40x100.png HTTP/1.1" 404 1097
200.112.233.47 - - [29/Mar/2019:12:38:48 -0300] "GET /cormun/static/Shared/jqueryui/images/ui-icons_82798d_256x240.png HTTP/1.1" 404 1089
200.112.233.47 - - [29/Mar/2019:12:38:48 -0300] "GET /cormun/static/Shared/jqueryui/images/ui-icons_ebccce_256x240.png HTTP/1.1" 404 1089
200.112.233.47 - - [29/Mar/2019:12:38:48 -0300] "GET /cormun/servlet/solicitudot?ebccc67412a8ee3deb2cb4a8da7ebce2946940ef27bba6f26cbab085292dd6b6,gx-no-cache=1553873705983 HTTP/1.1" 200 111
190.171.142.42 - - [29/Mar/2019:12:38:55 -0300] "POST /cormun/servlet/solicitudot?gx-no-cache=1553873723121 HTTP/1.1" 200 33
186.103.156.166 - - [29/Mar/2019:12:39:08 -0300] "POST /cormun/servlet/trcontratounov2?ecd82019f6f3f8f14627f3d4c050d5b3,,gx-no-cache=1553873729100 HTTP/1.1" 200 16960
186.103.156.166 - - [29/Mar/2019:12:39:09 -0300] "GET /cormun/static/Resources/PXToolsGridNext.gif HTTP/1.1" 200 369
186.103.156.166 - - [29/Mar/2019:12:39:09 -0300] "GET /cormun/static/Resources/PXToolsGridLast.gif HTTP/1.1" 200 370
186.103.156.166 - - [29/Mar/2019:12:39:20 -0300] "GET /cormun/servlet/hlogin HTTP/1.1" 200 1738
190.171.142.42 - - [29/Mar/2019:12:39:35 -0300] "POST /cormun/servlet/solicitudot?89a740dfb9cc62da5b669239129703e6,INS,0,0,,gx-no-cache=1553873762265 HTTP/1.1" 200 93
190.171.142.42 - - [29/Mar/2019:12:39:35 -0300] "GET /cormun/servlet/hpexe_return? HTTP/1.1" 200 1009
190.171.142.42 - - [29/Mar/2019:12:39:35 -0300] "GET /cormun/static/gxcfg.js?2016101716175148 HTTP/1.1" 200 953
190.171.142.42 - - [29/Mar/2019:12:39:35 -0300] "GET /cormun/static/hpexe_return.js?2016101716175153 HTTP/1.1" 200 1633
190.171.142.42 - - [29/Mar/2019:12:39:35 -0300] "GET /cormun/static/Resources/Spanish/PXTools.css?167811 HTTP/1.1" 200 89042
190.171.142.42 - - [29/Mar/2019:12:39:35 -0300] "GET /cormun/servlet/trsolicitudot HTTP/1.1" 200 8884
190.171.142.42 - - [29/Mar/2019:12:39:35 -0300] "GET /cormun//static/Resources/PXToolsGridUpdate.png HTTP/1.1" 200 2984
190.171.142.42 - - [29/Mar/2019:12:39:35 -0300] "GET /cormun//static/Resources/PXToolsActionView.png HTTP/1.1" 200 2995
190.171.142.42 - - [29/Mar/2019:12:39:35 -0300] "GET /cormun//static/Resources/PXToolsGridDelete.png HTTP/1.1" 200 357
190.171.142.42 - - [29/Mar/2019:12:39:35 -0300] "GET /cormun//static/Resources/PXToolsRemoveAllAction.png HTTP/1.1" 200 3558
190.171.142.42 - - [29/Mar/2019:12:39:35 -0300] "GET /cormun/servlet/trsolicitudot HTTP/1.1" 200 8880
190.171.142.42 - - [29/Mar/2019:12:39:35 -0300] "GET /cormun//static/Resources/PXTools/ActionInsert.png HTTP/1.1" 200 1482
190.171.142.42 - - [29/Mar/2019:12:39:45 -0300] "POST /cormun/servlet/trsolicitudot?89a740dfb9cc62da5b669239129703e6,gx-no-cache=1553873773722 HTTP/1.1" 200 4758
190.171.142.42 - - [29/Mar/2019:12:39:45 -0300] "GET /cormun/static/Shared/jqueryui/images/ui-bg_highlight-soft_100_c6c2c8_1x100.png HTTP/1.1" 404 1117
190.171.142.42 - - [29/Mar/2019:12:39:45 -0300] "GET /cormun/static/Shared/jqueryui/images/ui-icons_82798d_256x240.png HTTP/1.1" 404 1089
190.171.142.42 - - [29/Mar/2019:12:39:45 -0300] "GET /cormun/static/Shared/jqueryui/images/ui-icons_8d78a5_256x240.png HTTP/1.1" 404 1089
190.171.142.42 - - [29/Mar/2019:12:39:45 -0300] "GET /cormun/static/Shared/jqueryui/images/ui-bg_flat_55_fafafa_40x100.png HTTP/1.1" 404 1097
190.171.142.42 - - [29/Mar/2019:12:39:46 -0300] "POST /cormun/servlet/trsolicitudot?89a740dfb9cc62da5b669239129703e6,gx-no-cache=1553873774029 HTTP/1.1" 200 4533
200.112.233.47 - - [29/Mar/2019:12:39:46 -0300] "POST /cormun/servlet/solicitudot?gx-no-cache=1553873764241 HTTP/1.1" 200 3551
200.112.233.47 - - [29/Mar/2019:12:39:47 -0300] "POST /cormun/servlet/solicitudot?a980d7e9cf9ba1c2afa68a48bae0b909,INS,0,0,,gx-no-cache=1553873764385 HTTP/1.1" 200 11971
200.112.233.47 - - [29/Mar/2019:12:39:47 -0300] "GET /cormun/servlet/solicitudot?ebccc67412a8ee3deb2cb4a8da7ebce21269ade4052f904360f954ecd6d005c6a5f5df34e94ad20e60e0ccf89e1de373,gx-no-cache=1553873764905 HTTP/1.1" 200 30
190.171.142.42 - - [29/Mar/2019:12:39:51 -0300] "GET /cormun/servlet/trautorizarsolicitud? HTTP/1.1" 200 8776
190.171.142.42 - - [29/Mar/2019:12:39:51 -0300] "GET /cormun/static/gxcfg.js?2017111423403364 HTTP/1.1" 200 953
190.171.142.42 - - [29/Mar/2019:12:39:51 -0300] "GET /cormun/static/trautorizarsolicitud.js?201711142340425 HTTP/1.1" 200 53910
190.171.142.42 - - [29/Mar/2019:12:39:52 -0300] "GET /cormun/servlet/trautorizarsolicitud? HTTP/1.1" 200 8777
200.112.233.47 - - [29/Mar/2019:12:39:56 -0300] "GET /cormun/servlet/solicitudot?ebccc67412a8ee3deb2cb4a8da7ebce2655fd187e6e90c6ea02ebdeb5513bf3f9f3b07cf27e31d79e954e8ef4bfdeadfa5f5df34e94ad20e60e0ccf89e1de373,gx-no-cache=1553873773610 HTTP/1.1" 200 30
200.112.233.47 - - [29/Mar/2019:12:39:56 -0300] "GET /cormun/servlet/solicitudot?ebccc67412a8ee3deb2cb4a8da7ebce21ad26878b047db0824a56776e81cbd6d,gx-no-cache=1553873773795 HTTP/1.1" 200 70
200.112.233.47 - - [29/Mar/2019:12:39:56 -0300] "POST /cormun/servlet/solicitudot?gx-no-cache=1553873773871 HTTP/1.1" 200 240
200.112.233.47 - - [29/Mar/2019:12:39:56 -0300] "GET /cormun/servlet/solicitudot?ebccc67412a8ee3deb2cb4a8da7ebce2484972bb8ae049c2a2baad26b2dd483343f9674d433f750fbb8ec4db8ffe2ad9a0986007658b4e09d22fa736d9081cb93abd034907fe8447f92e15b98a90f17e53e88e2ec3754a79636e585a97f39ab5cad1af74abc2b0068f853b5a8e1bdac5586f195835e1297c02981d27c2001e4bbe54e98d473e5fcf155e3ede80ddcf72a1545e37b10057cf83346924c280f31e4a97a31fd22dc2440c8a1620d6e18be6217beee724f9b5b1e82f6a83b5223c14bcb3318ce596ad05f98d514d662a81966f5807b935d35314b0b29d7708594972141253435d55d9c5bf93787c8abb6f363aeda1e26450012cea742021767a28dfb045b882527271844f5fe62b1595047eb510cc0e09a6d59ebcab77cf8c0cd74705c762f300a88cbbdf3e0407c5f328bb2399968a6eff9a37ea82eeae388c0842459858a37f8e84b3d5aafd66cea74504e532ddd5ef2758219fb681fabd4fcf4c5b3cfae8ed17cee70a107421922b5a525fcbb9409e71371f73cc45ab1ef7e27b,gx-no-cache=1553873773942 HTTP/1.1" 200 30
190.171.142.42 - - [29/Mar/2019:12:39:57 -0300] "POST /cormun/servlet/trautorizarsolicitud?89a740dfb9cc62da5b669239129703e6,,gx-no-cache=1553873785151 HTTP/1.1" 200 4690
190.171.142.42 - - [29/Mar/2019:12:39:57 -0300] "GET /cormun/static/Shared/jqueryui/images/ui-bg_flat_55_fafafa_40x100.png HTTP/1.1" 404 1097
190.171.142.42 - - [29/Mar/2019:12:39:57 -0300] "GET /cormun/static/Shared/jqueryui/images/ui-icons_82798d_256x240.png HTTP/1.1" 404 1089
190.171.142.42 - - [29/Mar/2019:12:39:57 -0300] "GET /cormun/static/Shared/jqueryui/images/ui-bg_highlight-soft_100_c6c2c8_1x100.png HTTP/1.1" 404 1117
190.171.142.42 - - [29/Mar/2019:12:39:57 -0300] "GET /cormun/static/Shared/jqueryui/images/ui-icons_8d78a5_256x240.png HTTP/1.1" 404 1089
190.171.142.42 - - [29/Mar/2019:12:39:57 -0300] "POST /cormun/servlet/trautorizarsolicitud?89a740dfb9cc62da5b669239129703e6,,gx-no-cache=1553873785421 HTTP/1.1" 200 4465
200.112.233.47 - - [29/Mar/2019:12:40:01 -0300] "POST /cormun/servlet/solicitudot?gx-no-cache=1553873777551 HTTP/1.1" 200 30
200.112.233.47 - - [29/Mar/2019:12:40:05 -0300] "GET /cormun/servlet/prcontratosol?18446338,,,,,MD,,gxPopupLevel%3D0%3B HTTP/1.1" 200 8234
200.112.233.47 - - [29/Mar/2019:12:40:16 -0300] "POST /cormun/servlet/solicitudot?gx-no-cache=1553873793836 HTTP/1.1" 200 1397
200.112.233.47 - - [29/Mar/2019:12:40:16 -0300] "POST /cormun/servlet/solicitudot?gx-no-cache=1553873793880 HTTP/1.1" 200 117
200.112.233.47 - - [29/Mar/2019:12:40:16 -0300] "GET /cormun/servlet/solicitudot?ebccc67412a8ee3deb2cb4a8da7ebce2fad3e6663da6f7bfca47264ee937706b6a0dec32869cb1ad1d6f4cd77bd67a3d4fab264d167ea77ca1bc1db35e7151b96f4ed0cddf849597153f45cc002665665a86a1441f8ae59d5abb4c645904b8bc3d743865bf8b0fc6e4b7125c5d2a0b53,gx-no-cache=1553873794457 HTTP/1.1" 200 110
200.112.233.47 - - [29/Mar/2019:12:40:16 -0300] "POST /cormun/servlet/solicitudot?gx-no-cache=1553873794494 HTTP/1.1" 200 64
200.112.233.47 - - [29/Mar/2019:12:40:16 -0300] "GET /cormun/servlet/solicitudot?ebccc67412a8ee3deb2cb4a8da7ebce294600b1fcae3b519070ee4e79f18c1d7c8eb6ba9ff0292e701a61d51656170188530419950060530c1a719ce0fc05f853471a38211538a56c0cd0956b3b3a88b5eb12d88e8a7af20c0eae362c615e8f244fc0c0389a18aed379c17c69328c52e3cec5eba032c05af6c6b44787f45bf38191540a8c9518952d64116dc84a2c8f709133ca647651488183f1bfc8cb738db,gx-no-cache=1553873794553 HTTP/1.1" 200 29
200.112.233.47 - - [29/Mar/2019:12:40:16 -0300] "GET /cormun/servlet/solicitudot?ebccc67412a8ee3deb2cb4a8da7ebce224567127eee651b2039304945dbec1dcb68a622d63e1415202712a4eded6f0da,gx-no-cache=1553873794593 HTTP/1.1" 200 30
200.112.233.47 - - [29/Mar/2019:12:40:40 -0300] "GET /cormun/servlet/solicitudot?INS,0,0, HTTP/1.1" 200 15238
200.112.233.47 - - [29/Mar/2019:12:40:41 -0300] "GET /cormun/servlet/solicitudot?INS,0,0, HTTP/1.1" 200 15238
200.112.233.47 - - [29/Mar/2019:12:40:46 -0300] "GET /cormun/servlet/trlicencias? HTTP/1.1" 200 9272
200.112.233.47 - - [29/Mar/2019:12:40:46 -0300] "GET /cormun/servlet/trlicencias? HTTP/1.1" 200 9265
200.112.233.47 - - [29/Mar/2019:12:41:36 -0300] "POST /cormun/servlet/trlicencias?a980d7e9cf9ba1c2afa68a48bae0b909,,gx-no-cache=1553873873507 HTTP/1.1" 200 4382
200.112.233.47 - - [29/Mar/2019:12:41:37 -0300] "POST /cormun/servlet/trlicencias?a980d7e9cf9ba1c2afa68a48bae0b909,,gx-no-cache=1553873875015 HTTP/1.1" 200 4383
190.171.141.138 - - [29/Mar/2019:12:41:43 -0300] "POST /cormun/servlet/trsolicitudot?344e336e1bf5d60697f915c474526168,gx-no-cache=1553873882283 HTTP/1.1" 200 6184
190.171.141.138 - - [29/Mar/2019:12:41:43 -0300] "GET /cormun/static/Shared/jqueryui/images/ui-bg_flat_55_fafafa_40x100.png HTTP/1.1" 404 1097
190.171.141.138 - - [29/Mar/2019:12:41:43 -0300] "GET /cormun/static/Shared/jqueryui/images/ui-icons_82798d_256x240.png HTTP/1.1" 404 1089
190.171.141.138 - - [29/Mar/2019:12:41:43 -0300] "GET /cormun/static/Shared/jqueryui/images/ui-bg_highlight-soft_100_c6c2c8_1x100.png HTTP/1.1" 404 1117
190.171.141.138 - - [29/Mar/2019:12:41:43 -0300] "GET /cormun/static/Shared/jqueryui/images/ui-icons_8d78a5_256x240.png HTTP/1.1" 404 1089
190.171.141.138 - - [29/Mar/2019:12:41:43 -0300] "POST /cormun/servlet/trsolicitudot?344e336e1bf5d60697f915c474526168,gx-no-cache=1553873882921 HTTP/1.1" 200 6125
200.112.233.47 - - [29/Mar/2019:12:41:45 -0300] "POST /cormun/servlet/trlicencias?a980d7e9cf9ba1c2afa68a48bae0b909,,gx-no-cache=1553873882387 HTTP/1.1" 200 6537
200.112.233.47 - - [29/Mar/2019:12:42:05 -0300] "GET /cormun/servlet/trcontratosolicitud? HTTP/1.1" 200 14983
200.112.233.47 - - [29/Mar/2019:12:42:05 -0300] "GET /cormun/servlet/trcontratosolicitud? HTTP/1.1" 200 14981
200.112.233.47 - - [29/Mar/2019:12:42:15 -0300] "POST /cormun/servlet/trcontratosolicitud?a980d7e9cf9ba1c2afa68a48bae0b909,,gx-no-cache=1553873912424 HTTP/1.1" 200 5069
190.171.154.42 - - [29/Mar/2019:12:42:15 -0300] "POST /cormun/servlet/hlogin?a35b713e971e9628a6c056bad6d83e94,gx-no-cache=1553873912438 HTTP/1.1" 200 90
190.171.154.42 - - [29/Mar/2019:12:42:15 -0300] "GET /cormun/servlet/hpexe_link HTTP/1.1" 200 962
190.171.154.42 - - [29/Mar/2019:12:42:16 -0300] "GET /cormun/servlet/solicitudot?INS,0,0, HTTP/1.1" 200 15219
190.171.154.42 - - [29/Mar/2019:12:42:18 -0300] "GET /cormun/servlet/solicitudot?INS,0,0, HTTP/1.1" 200 15223
200.112.233.47 - - [29/Mar/2019:12:42:21 -0300] "GET /cormun/servlet/solicitudotcontratos?INS,2019,0,18646578,4,2,2017,4624,INTEGRACION,201902,23,B, HTTP/1.1" 200 10150
200.112.233.47 - - [29/Mar/2019:12:42:21 -0300] "GET /cormun/static/gxcfg.js?20183710585831 HTTP/1.1" 200 953
200.112.233.47 - - [29/Mar/2019:12:42:21 -0300] "GET /cormun/static/solicitudotcontratos.js?20183710585978 HTTP/1.1" 200 43203
200.112.233.47 - - [29/Mar/2019:12:42:22 -0300] "GET /cormun/servlet/solicitudotcontratos?INS,2019,0,18646578,4,2,2017,4624,INTEGRACION,201902,23,B, HTTP/1.1" 200 10184
200.112.233.47 - - [29/Mar/2019:12:42:22 -0300] "GET /cormun/servlet/solicitudotcontratos?ebccc67412a8ee3deb2cb4a8da7ebce22bd89adeb3779c9b8f6ef3fb8a320e4d8dd248b869e14e07b4858c8ad5d7389c,gx-no-cache=1553873920105 HTTP/1.1" 200 30
200.112.233.47 - - [29/Mar/2019:12:42:22 -0300] "GET /cormun/servlet/solicitudotcontratos?ebccc67412a8ee3deb2cb4a8da7ebce2936167745fee9ea265e42d545c93d2c284fe984457941dc65943eb0dede724ce,gx-no-cache=1553873920266 HTTP/1.1" 200 30
200.112.233.47 - - [29/Mar/2019:12:42:22 -0300] "GET /cormun/servlet/solicitudotcontratos?ebccc67412a8ee3deb2cb4a8da7ebce2ba352eb6c08903149e59835e8e8d1e03c7fb0d81f05ba9ef9e1214abf5d23a8a220a463dfc6eeb9d9afd8572242a7923ba012817f85f178520ff03043308df074dcfa9c3782678072f72d4bf0e4cc3f53e5ae0305b51a0339dcdef72be34b04d435064970587157b6d38493aceea2c24,gx-no-cache=1553873920376 HTTP/1.1" 200 48
200.112.233.47 - - [29/Mar/2019:12:42:22 -0300] "GET /cormun/servlet/solicitudotcontratos?ebccc67412a8ee3deb2cb4a8da7ebce25475e93c6cc2bf183c811cf4e36fc5c753c5f1e625ea516f6c7eee52b321517f,gx-no-cache=1553873920447 HTTP/1.1" 200 30
200.112.233.47 - - [29/Mar/2019:12:42:22 -0300] "GET /cormun/servlet/solicitudotcontratos?ebccc67412a8ee3deb2cb4a8da7ebce2a1dc3c355365b03c466c67f4bab2f217a10d8564e09a38118eca82a5caccb1c34fab264d167ea77ca1bc1db35e7151b994e9d47351e8e8c29efc3356357d4cb4826ad80e5507aae9036ed020656d279ba5f5df34e94ad20e60e0ccf89e1de373,gx-no-cache=1553873920524 HTTP/1.1" 200 30
200.112.233.47 - - [29/Mar/2019:12:42:22 -0300] "GET /cormun/servlet/solicitudotcontratos?ebccc67412a8ee3deb2cb4a8da7ebce2fad3e6663da6f7bfca47264ee937706b6a0dec32869cb1ad1d6f4cd77bd67a3d4fab264d167ea77ca1bc1db35e7151b96f4ed0cddf849597153f45cc002665665a86a1441f8ae59d5abb4c645904b8bc3d743865bf8b0fc6e4b7125c5d2a0b53,gx-no-cache=1553873920551 HTTP/1.1" 200 110
200.112.233.47 - - [29/Mar/2019:12:42:22 -0300] "POST /cormun/servlet/solicitudotcontratos?gx-no-cache=1553873920578 HTTP/1.1" 200 109
200.112.233.47 - - [29/Mar/2019:12:42:22 -0300] "GET /cormun/servlet/solicitudotcontratos?ebccc67412a8ee3deb2cb4a8da7ebce2368acbe780b12b07838498097123ca43b2a47cae8db91f1f6bd53563eefb1d6188abca67240dcd99d5d1bd6f26e358cda5ad032c246bb0391cf8e3a49707baf4e52b1a2f5a5170d3f484db6d7a509c2c7b858aa84af5e74a4761155b710bfcd2e71163fd17ad90b69ad5d914275f09f87a22119b828a93ea29981d351fca3a35e2f37ae9d4f215df0b70cffc28e1d26872dea883a972c038ebf64525312a6a8b45483c896449fdbbf1d30c165f9d0d08c52782a7af73be114c0e5a3b92dba012340dd26607b425e1a1b1c82ecc222ba1fd99afc48c536beafadfaa0e273183b3283df6630887f42dfe8a22414ecb9c01,gx-no-cache=1553873920608 HTTP/1.1" 200 84
190.171.141.138 - - [29/Mar/2019:12:42:26 -0300] "POST /cormun/servlet/trsolicitudot?344e336e1bf5d60697f915c474526168,gx-no-cache=1553873925511 HTTP/1.1" 200 5751
190.171.141.138 - - [29/Mar/2019:12:42:26 -0300] "POST /cormun/servlet/trsolicitudot?344e336e1bf5d60697f915c474526168,gx-no-cache=1553873925749 HTTP/1.1" 200 5693
190.171.154.42 - - [29/Mar/2019:12:42:36 -0300] "POST /cormun/servlet/solicitudot?gx-no-cache=1553873932543 HTTP/1.1" 200 3577
190.171.154.42 - - [29/Mar/2019:12:42:36 -0300] "POST /cormun/servlet/solicitudot?a35b713e971e9628a6c056bad6d83e94,INS,0,0,,gx-no-cache=1553873933050 HTTP/1.1" 200 12027
190.171.154.42 - - [29/Mar/2019:12:42:58 -0300] "GET /cormun/servlet/solicitudot?de65c33268ab8dd624ebdc627566a835286b7636137acc9b64c1d7d4b58501ec63abdc3932af6fb30b01aa0c05af00bb,gx-no-cache=1553873955314 HTTP/1.1" 200 30
190.171.154.42 - - [29/Mar/2019:12:42:58 -0300] "GET /cormun/servlet/solicitudot?de65c33268ab8dd624ebdc627566a8350dae09aebd5f598ea3b49969f529ca945572cdd862e571066c39db684904a7f4d90fca785536c6da4c7807796a724c8d,gx-no-cache=1553873955573 HTTP/1.1" 200 30
190.171.154.42 - - [29/Mar/2019:12:42:59 -0300] "GET /cormun/servlet/solicitudot?de65c33268ab8dd624ebdc627566a835ce6464c0b518c09bbce323b07808ed02,gx-no-cache=1553873955680 HTTP/1.1" 200 53
190.171.154.42 - - [29/Mar/2019:12:42:59 -0300] "POST /cormun/servlet/solicitudot?gx-no-cache=1553873955825 HTTP/1.1" 200 255
190.171.154.42 - - [29/Mar/2019:12:42:59 -0300] "GET /cormun/servlet/solicitudot?de65c33268ab8dd624ebdc627566a835cd06c7c8432773181c3e9b40812c3bb5e11c13b01c90fecef8d998b32d361c8c5de1d640d0be6b9735254a270c8bfa646fa9aa6fc53c50c0f96ad8ce848751957b4673a79c0af5a4b908c5570be0964be851656c8eeeaad206f0bb1546013bcd117211e470a61743c5362f7341cd93697c0a64c74f881fc4480b15f3c0bc3273ae1e6481ced862685c4ce8940059d17d29d1383e3014a660d96576c6460dc0c4d338e87a1025e790bfcaa0cf5a3389e3d4e0d6f902692e98a2b63b2a40d1da625d9ae9d25fd2c00238bee32aff764bed6c5ed377215793bdf52a791bc7c4b36b26989fb3c62eba2e694e240dcdaca9eb3697f28e0693cb076df9723add51f2f1be94546862c176117098ae29d5922493e446983339ea7a871c92257181187dc39a8e7364e62a2288834ed9a3c954705e32921deeab121430fe956fd52a4749ecba7d79fc487f2e588541777bd03b851eed88f0bb8b9f1432cb905a8cc4c49e035e96d772fb9b6125a79562fdba8e4307,gx-no-cache=1553873955988 HTTP/1.1" 200 30
190.171.154.42 - - [29/Mar/2019:12:43:02 -0300] "POST /cormun/servlet/solicitudot?gx-no-cache=1553873958761 HTTP/1.1" 200 30
190.171.154.42 - - [29/Mar/2019:12:43:09 -0300] "POST /cormun/servlet/solicitudot?gx-no-cache=1553873965750 HTTP/1.1" 200 1317
190.171.154.42 - - [29/Mar/2019:12:43:09 -0300] "POST /cormun/servlet/solicitudot?gx-no-cache=1553873965983 HTTP/1.1" 200 38
190.171.154.42 - - [29/Mar/2019:12:43:09 -0300] "GET /cormun/servlet/solicitudot?de65c33268ab8dd624ebdc627566a8359c2570d4b02c725ce48e62e5f7a1d4e1267d556b7baf1a4721f81fa26ea7750ff9cbc031f43111763ec6a1dcd31a70922ef451d871dec47104af6500862ffe9b2258af85e995e6b4ee98fa23d4c95e286d6163b7024f8a86b035f2ada414305d,gx-no-cache=1553873966164 HTTP/1.1" 200 110
190.171.154.42 - - [29/Mar/2019:12:43:09 -0300] "POST /cormun/servlet/solicitudot?gx-no-cache=1553873966337 HTTP/1.1" 200 97
190.171.141.138 - - [29/Mar/2019:12:43:19 -0300] "POST /cormun/servlet/trsolicitudot?344e336e1bf5d60697f915c474526168,gx-no-cache=1553873978550 HTTP/1.1" 200 4508
190.171.141.138 - - [29/Mar/2019:12:43:21 -0300] "POST /cormun/servlet/trsolicitudot?344e336e1bf5d60697f915c474526168,gx-no-cache=1553873979073 HTTP/1.1" 200 4271
190.171.141.138 - - [29/Mar/2019:12:43:26 -0300] "GET /cormun/servlet/trautorizarsolicitud? HTTP/1.1" 200 9733
190.171.141.138 - - [29/Mar/2019:12:43:26 -0300] "GET /cormun/servlet/trautorizarsolicitud? HTTP/1.1" 200 9733
190.171.141.138 - - [29/Mar/2019:12:43:31 -0300] "POST /cormun/servlet/trautorizarsolicitud?344e336e1bf5d60697f915c474526168,,gx-no-cache=1553873990667 HTTP/1.1" 200 6321
190.171.141.138 - - [29/Mar/2019:12:43:31 -0300] "GET /cormun/static/Shared/jqueryui/images/ui-bg_highlight-soft_100_c6c2c8_1x100.png HTTP/1.1" 404 1117
190.171.141.138 - - [29/Mar/2019:12:43:31 -0300] "GET /cormun/static/Shared/jqueryui/images/ui-icons_82798d_256x240.png HTTP/1.1" 404 1089
190.171.141.138 - - [29/Mar/2019:12:43:31 -0300] "GET /cormun/static/Shared/jqueryui/images/ui-icons_8d78a5_256x240.png HTTP/1.1" 404 1089
190.171.141.138 - - [29/Mar/2019:12:43:31 -0300] "GET /cormun/static/Shared/jqueryui/images/ui-bg_flat_55_fafafa_40x100.png HTTP/1.1" 404 1097
190.171.141.138 - - [29/Mar/2019:12:43:31 -0300] "POST /cormun/servlet/trautorizarsolicitud?344e336e1bf5d60697f915c474526168,,gx-no-cache=1553873991092 HTTP/1.1" 200 6263
200.111.191.210 - - [29/Mar/2019:12:43:34 -0300] "GET /cormun/servlet/trsolicitudot? HTTP/1.1" 200 6422
190.171.141.138 - - [29/Mar/2019:12:43:34 -0300] "POST /cormun/servlet/trautorizarsolicitud?344e336e1bf5d60697f915c474526168,,gx-no-cache=1553873993942 HTTP/1.1" 200 5883
200.111.191.210 - - [29/Mar/2019:12:43:34 -0300] "GET /cormun/servlet/hlogin HTTP/1.1" 200 1742
200.111.191.210 - - [29/Mar/2019:12:43:34 -0300] "GET /cormun/servlet/trsolicitudot? HTTP/1.1" 200 6419
190.171.141.138 - - [29/Mar/2019:12:43:34 -0300] "POST /cormun/servlet/trautorizarsolicitud?344e336e1bf5d60697f915c474526168,,gx-no-cache=1553873994246 HTTP/1.1" 200 5828
190.171.141.138 - - [29/Mar/2019:12:43:36 -0300] "POST /cormun/servlet/trautorizarsolicitud?344e336e1bf5d60697f915c474526168,,gx-no-cache=1553873995934 HTTP/1.1" 200 4709
190.171.141.138 - - [29/Mar/2019:12:43:36 -0300] "POST /cormun/servlet/trautorizarsolicitud?344e336e1bf5d60697f915c474526168,,gx-no-cache=1553873996197 HTTP/1.1" 200 4472
190.171.154.42 - - [29/Mar/2019:12:43:40 -0300] "GET /cormun/servlet/solicitudot?de65c33268ab8dd624ebdc627566a8359c2570d4b02c725ce48e62e5f7a1d4e1267d556b7baf1a4721f81fa26ea7750ff9cbc031f43111763ec6a1dcd31a70922ef451d871dec47104af6500862ffe9b2258af85e995e6b4ee98fa23d4c95e286d6163b7024f8a86b035f2ada414305d,gx-no-cache=1553873996853 HTTP/1.1" 200 110
200.111.191.210 - - [29/Mar/2019:12:43:40 -0300] "POST /cormun/servlet/hlogin?84be70f227b45d5ab6a38e402531c18a,gx-no-cache=1553874068159 HTTP/1.1" 200 90
200.111.191.210 - - [29/Mar/2019:12:43:40 -0300] "GET /cormun/servlet/hpexe_link HTTP/1.1" 200 958
200.111.191.210 - - [29/Mar/2019:12:43:40 -0300] "GET /cormun/servlet/trsolicitudot HTTP/1.1" 200 8570
200.111.191.210 - - [29/Mar/2019:12:43:41 -0300] "GET /cormun/servlet/trsolicitudot HTTP/1.1" 200 8569
200.111.191.210 - - [29/Mar/2019:12:43:46 -0300] "POST /cormun/servlet/trsolicitudot?84be70f227b45d5ab6a38e402531c18a,gx-no-cache=1553874074056 HTTP/1.1" 200 4072
200.111.191.210 - - [29/Mar/2019:12:43:50 -0300] "POST /cormun/servlet/trsolicitudot?84be70f227b45d5ab6a38e402531c18a,gx-no-cache=1553874077915 HTTP/1.1" 200 5499
200.111.191.210 - - [29/Mar/2019:12:43:51 -0300] "GET /cormun/servlet/vesolicitudot?2019,14545,, HTTP/1.1" 200 8387
200.111.191.210 - - [29/Mar/2019:12:43:51 -0300] "GET /cormun/pexe_scrolldiv.js HTTP/1.1" 404 1009
200.111.191.210 - - [29/Mar/2019:12:43:51 -0300] "GET /cormun/pexe_scrolldiv.js HTTP/1.1" 404 1009
200.111.191.210 - - [29/Mar/2019:12:43:52 -0300] "GET /cormun/servlet/vesolicitudot?2019,14545,, HTTP/1.1" 200 8387
192.168.10.94 - - [29/Mar/2019:12:43:52 -0300] "GET /digitalizacion/servlet/wblogin? HTTP/1.1" 200 2327
200.112.233.47 - - [29/Mar/2019:12:44:23 -0300] "GET /cormun/servlet/trpermisosgoce? HTTP/1.1" 200 7326
200.112.233.47 - - [29/Mar/2019:12:44:23 -0300] "GET /cormun/static/gxcfg.js?20177612163875 HTTP/1.1" 200 953
200.112.233.47 - - [29/Mar/2019:12:44:24 -0300] "GET /cormun/static/trpermisosgoce.js?20177612164335 HTTP/1.1" 200 35904
200.112.233.47 - - [29/Mar/2019:12:44:24 -0300] "GET /cormun/servlet/trpermisosgoce? HTTP/1.1" 200 7282
200.112.233.47 - - [29/Mar/2019:12:44:44 -0300] "POST /cormun/servlet/trpermisosgoce?a980d7e9cf9ba1c2afa68a48bae0b909,,gx-no-cache=1553874061171 HTTP/1.1" 200 4472
200.111.191.210 - - [29/Mar/2019:12:45:28 -0300] "POST /cormun/servlet/vesolicitudot?84be70f227b45d5ab6a38e402531c18a,2019,14545,,,gx-no-cache=1553874175857 HTTP/1.1" 200 93
200.111.191.210 - - [29/Mar/2019:12:45:28 -0300] "GET /cormun/servlet/hpexe_return? HTTP/1.1" 200 1036
200.111.191.210 - - [29/Mar/2019:12:45:28 -0300] "GET /cormun/servlet/trsolicitudot?gx-no-cache=1553874077915 HTTP/1.1" 200 8505
200.111.191.210 - - [29/Mar/2019:12:45:28 -0300] "GET /cormun/servlet/trsolicitudot?gx-no-cache=1553874077915 HTTP/1.1" 200 8522
200.111.191.210 - - [29/Mar/2019:12:45:34 -0300] "POST /cormun/servlet/trsolicitudot?84be70f227b45d5ab6a38e402531c18a,gx-no-cache=1553874077915,gx-no-cache=1553874181914 HTTP/1.1" 200 6211
200.111.191.210 - - [29/Mar/2019:12:45:36 -0300] "GET /cormun/servlet/vesolicitudot?2019,14675,, HTTP/1.1" 200 8435
200.111.191.210 - - [29/Mar/2019:12:45:36 -0300] "GET /cormun/pexe_scrolldiv.js HTTP/1.1" 404 1009
200.111.191.210 - - [29/Mar/2019:12:45:36 -0300] "GET /cormun/pexe_scrolldiv.js HTTP/1.1" 404 1009
200.111.191.210 - - [29/Mar/2019:12:45:36 -0300] "GET /cormun/servlet/vesolicitudot?2019,14675,, HTTP/1.1" 200 8413
200.111.191.210 - - [29/Mar/2019:12:46:01 -0300] "POST /cormun/servlet/vesolicitudot?84be70f227b45d5ab6a38e402531c18a,2019,14675,,,gx-no-cache=1553874209469 HTTP/1.1" 200 93
200.111.191.210 - - [29/Mar/2019:12:46:01 -0300] "GET /cormun/servlet/hpexe_return? HTTP/1.1" 200 1036
200.111.191.210 - - [29/Mar/2019:12:46:01 -0300] "GET /cormun/servlet/trsolicitudot?gx-no-cache=1553874077915 HTTP/1.1" 200 9197
200.111.191.210 - - [29/Mar/2019:12:46:02 -0300] "GET /cormun/servlet/trsolicitudot?gx-no-cache=1553874077915 HTTP/1.1" 200 9215
200.111.191.210 - - [29/Mar/2019:12:46:06 -0300] "POST /cormun/servlet/trsolicitudot?84be70f227b45d5ab6a38e402531c18a,gx-no-cache=1553874077915,gx-no-cache=1553874214757 HTTP/1.1" 200 5491
200.111.191.210 - - [29/Mar/2019:12:46:08 -0300] "GET /cormun/servlet/vesolicitudot?2019,14577,, HTTP/1.1" 200 8470
200.111.191.210 - - [29/Mar/2019:12:46:08 -0300] "GET /cormun/pexe_scrolldiv.js HTTP/1.1" 404 1009
200.111.191.210 - - [29/Mar/2019:12:46:08 -0300] "GET /cormun/pexe_scrolldiv.js HTTP/1.1" 404 1009
200.111.191.210 - - [29/Mar/2019:12:46:09 -0300] "GET /cormun/servlet/vesolicitudot?2019,14577,, HTTP/1.1" 200 8446
200.112.233.47 - - [29/Mar/2019:12:46:11 -0300] "GET /cormun/servlet/solicitudotcontratos?INS,2019,0,18646578,4,2,2017,4624,INTEGRACION,201902,23,B, HTTP/1.1" 200 10150
200.112.233.47 - - [29/Mar/2019:12:46:12 -0300] "GET /cormun/servlet/solicitudotcontratos?INS,2019,0,18646578,4,2,2017,4624,INTEGRACION,201902,23,B, HTTP/1.1" 200 10183
200.112.233.47 - - [29/Mar/2019:12:46:12 -0300] "GET /cormun/servlet/solicitudotcontratos?ebccc67412a8ee3deb2cb4a8da7ebce22bd89adeb3779c9b8f6ef3fb8a320e4d8dd248b869e14e07b4858c8ad5d7389c,gx-no-cache=1553874150605 HTTP/1.1" 200 30
200.112.233.47 - - [29/Mar/2019:12:46:12 -0300] "GET /cormun/servlet/solicitudotcontratos?ebccc67412a8ee3deb2cb4a8da7ebce2936167745fee9ea265e42d545c93d2c284fe984457941dc65943eb0dede724ce,gx-no-cache=1553874150640 HTTP/1.1" 200 30
200.112.233.47 - - [29/Mar/2019:12:46:12 -0300] "GET /cormun/servlet/solicitudotcontratos?ebccc67412a8ee3deb2cb4a8da7ebce2ba352eb6c08903149e59835e8e8d1e03c7fb0d81f05ba9ef9e1214abf5d23a8a220a463dfc6eeb9d9afd8572242a7923ba012817f85f178520ff03043308df074dcfa9c3782678072f72d4bf0e4cc3f53e5ae0305b51a0339dcdef72be34b04d435064970587157b6d38493aceea2c24,gx-no-cache=1553874150669 HTTP/1.1" 200 48
200.112.233.47 - - [29/Mar/2019:12:46:12 -0300] "GET /cormun/servlet/solicitudotcontratos?ebccc67412a8ee3deb2cb4a8da7ebce25475e93c6cc2bf183c811cf4e36fc5c753c5f1e625ea516f6c7eee52b321517f,gx-no-cache=1553874150704 HTTP/1.1" 200 30
200.112.233.47 - - [29/Mar/2019:12:46:12 -0300] "GET /cormun/servlet/solicitudotcontratos?ebccc67412a8ee3deb2cb4a8da7ebce2a1dc3c355365b03c466c67f4bab2f217a10d8564e09a38118eca82a5caccb1c34fab264d167ea77ca1bc1db35e7151b994e9d47351e8e8c29efc3356357d4cb4826ad80e5507aae9036ed020656d279ba5f5df34e94ad20e60e0ccf89e1de373,gx-no-cache=1553874150745 HTTP/1.1" 200 30
200.112.233.47 - - [29/Mar/2019:12:46:13 -0300] "GET /cormun/servlet/solicitudotcontratos?ebccc67412a8ee3deb2cb4a8da7ebce2fad3e6663da6f7bfca47264ee937706b6a0dec32869cb1ad1d6f4cd77bd67a3d4fab264d167ea77ca1bc1db35e7151b96f4ed0cddf849597153f45cc002665665a86a1441f8ae59d5abb4c645904b8bc3d743865bf8b0fc6e4b7125c5d2a0b53,gx-no-cache=1553874150776 HTTP/1.1" 200 110
200.112.233.47 - - [29/Mar/2019:12:46:13 -0300] "POST /cormun/servlet/solicitudotcontratos?gx-no-cache=1553874150799 HTTP/1.1" 200 109
200.112.233.47 - - [29/Mar/2019:12:46:13 -0300] "GET /cormun/servlet/solicitudotcontratos?ebccc67412a8ee3deb2cb4a8da7ebce2368acbe780b12b07838498097123ca43b2a47cae8db91f1f6bd53563eefb1d6188abca67240dcd99d5d1bd6f26e358cda5ad032c246bb0391cf8e3a49707baf4e52b1a2f5a5170d3f484db6d7a509c2c7b858aa84af5e74a4761155b710bfcd2e71163fd17ad90b69ad5d914275f09f87a22119b828a93ea29981d351fca3a35e2f37ae9d4f215df0b70cffc28e1d26872dea883a972c038ebf64525312a6a8b45483c896449fdbbf1d30c165f9d0d08c52782a7af73be114c0e5a3b92dba012340dd26607b425e1a1b1c82ecc222ba1fd99afc48c536beafadfaa0e273183b3283df6630887f42dfe8a22414ecb9c01,gx-no-cache=1553874150829 HTTP/1.1" 200 84
200.112.233.47 - - [29/Mar/2019:12:46:27 -0300] "POST /cormun/servlet/solicitudot?gx-no-cache=1553874165137 HTTP/1.1" 200 1315
200.112.233.47 - - [29/Mar/2019:12:46:38 -0300] "POST /cormun/servlet/solicitudot?gx-no-cache=1553874175999 HTTP/1.1" 200 121
200.111.191.210 - - [29/Mar/2019:12:47:11 -0300] "POST /cormun/servlet/vesolicitudot?84be70f227b45d5ab6a38e402531c18a,2019,14577,,,gx-no-cache=1553874277081 HTTP/1.1" 200 93
200.111.191.210 - - [29/Mar/2019:12:47:11 -0300] "GET /cormun/servlet/hpexe_return? HTTP/1.1" 200 1036
200.112.233.47 - - [29/Mar/2019:12:47:11 -0300] "POST /cormun/servlet/solicitudot?gx-no-cache=1553874209008 HTTP/1.1" 200 121
200.112.233.47 - - [29/Mar/2019:12:47:11 -0300] "GET /cormun/servlet/solicitudot?ebccc67412a8ee3deb2cb4a8da7ebce2fad3e6663da6f7bfca47264ee937706b6a0dec32869cb1ad1d6f4cd77bd67a3d4fab264d167ea77ca1bc1db35e7151b96f4ed0cddf849597153f45cc002665665a86a1441f8ae59d5abb4c645904b8bc3d743865bf8b0fc6e4b7125c5d2a0b53,gx-no-cache=1553874209418 HTTP/1.1" 200 110
200.112.233.47 - - [29/Mar/2019:12:47:11 -0300] "POST /cormun/servlet/solicitudot?gx-no-cache=1553874209536 HTTP/1.1" 200 110
200.111.191.210 - - [29/Mar/2019:12:47:12 -0300] "GET /cormun/servlet/trsolicitudot?gx-no-cache=1553874077915 HTTP/1.1" 200 8509
200.111.191.210 - - [29/Mar/2019:12:47:13 -0300] "GET /cormun/servlet/trsolicitudot?gx-no-cache=1553874077915 HTTP/1.1" 200 8526
200.111.191.210 - - [29/Mar/2019:12:47:21 -0300] "GET /cormun/servlet/solicitudot?INS,0,0, HTTP/1.1" 200 14925
200.111.191.210 - - [29/Mar/2019:12:47:22 -0300] "GET /cormun/servlet/solicitudot?INS,0,0, HTTP/1.1" 200 14908
200.112.233.47 - - [29/Mar/2019:12:47:22 -0300] "GET /cormun/static/menuarrow.gif HTTP/1.1" 404 1015
200.111.191.210 - - [29/Mar/2019:12:47:24 -0300] "POST /cormun/servlet/solicitudot?84be70f227b45d5ab6a38e402531c18a,INS,0,0,,gx-no-cache=1553874292205 HTTP/1.1" 200 93
200.111.191.210 - - [29/Mar/2019:12:47:24 -0300] "GET /cormun/servlet/hpexe_return? HTTP/1.1" 200 1030
200.111.191.210 - - [29/Mar/2019:12:47:24 -0300] "GET /cormun/servlet/trsolicitudot?gx-no-cache=1553874077915 HTTP/1.1" 200 8509
200.111.191.210 - - [29/Mar/2019:12:47:25 -0300] "GET /cormun/servlet/trsolicitudot?gx-no-cache=1553874077915 HTTP/1.1" 200 8526
200.111.191.210 - - [29/Mar/2019:12:47:36 -0300] "POST /cormun/servlet/trsolicitudot?84be70f227b45d5ab6a38e402531c18a,gx-no-cache=1553874077915,gx-no-cache=1553874302727 HTTP/1.1" 200 5500
200.111.191.210 - - [29/Mar/2019:12:47:38 -0300] "GET /cormun/servlet/vesolicitudot?2019,14545,, HTTP/1.1" 200 8409
200.111.191.210 - - [29/Mar/2019:12:47:38 -0300] "GET /cormun/pexe_scrolldiv.js HTTP/1.1" 404 1009
200.111.191.210 - - [29/Mar/2019:12:47:38 -0300] "GET /cormun/servlet/vesolicitudot?2019,14545,, HTTP/1.1" 200 8387
200.112.233.47 - - [29/Mar/2019:12:47:44 -0300] "GET /cormun/servlet/trlicencias? HTTP/1.1" 200 9311
200.112.233.47 - - [29/Mar/2019:12:47:45 -0300] "GET /cormun/servlet/trlicencias? HTTP/1.1" 200 9265
200.112.233.47 - - [29/Mar/2019:12:48:21 -0300] "GET /cormun/static/menuarrow.gif HTTP/1.1" 404 1015
200.112.233.47 - - [29/Mar/2019:12:48:36 -0300] "POST /cormun/servlet/trlicencias?a980d7e9cf9ba1c2afa68a48bae0b909,,gx-no-cache=1553874293563 HTTP/1.1" 200 6577
190.171.154.42 - - [29/Mar/2019:12:48:58 -0300] "POST /cormun/servlet/solicitudot?gx-no-cache=1553874315042 HTTP/1.1" 200 30
190.171.154.42 - - [29/Mar/2019:12:48:58 -0300] "POST /cormun/servlet/solicitudot?gx-no-cache=1553874315558 HTTP/1.1" 200 1317
190.171.154.42 - - [29/Mar/2019:12:48:58 -0300] "POST /cormun/servlet/solicitudot?gx-no-cache=1553874315696 HTTP/1.1" 200 38
190.171.154.42 - - [29/Mar/2019:12:48:59 -0300] "GET /cormun/servlet/solicitudot?de65c33268ab8dd624ebdc627566a8359c2570d4b02c725ce48e62e5f7a1d4e1267d556b7baf1a4721f81fa26ea7750ff9cbc031f43111763ec6a1dcd31a70922ef451d871dec47104af6500862ffe9b2258af85e995e6b4ee98fa23d4c95e286d6163b7024f8a86b035f2ada414305d,gx-no-cache=1553874315761 HTTP/1.1" 200 110
200.112.233.47 - - [29/Mar/2019:12:48:59 -0300] "POST /cormun/servlet/trlicencias?a980d7e9cf9ba1c2afa68a48bae0b909,,gx-no-cache=1553874316690 HTTP/1.1" 200 19544
200.112.233.47 - - [29/Mar/2019:12:48:59 -0300] "GET /cormun/static/Resources/PXToolsGridNext.gif HTTP/1.1" 200 369
200.112.233.47 - - [29/Mar/2019:12:48:59 -0300] "GET /cormun/static/Resources/PXToolsGridLast.gif HTTP/1.1" 200 370
190.171.154.42 - - [29/Mar/2019:12:49:16 -0300] "POST /cormun/servlet/solicitudot?gx-no-cache=1553874333153 HTTP/1.1" 200 72
200.112.233.47 - - [29/Mar/2019:12:49:16 -0300] "POST /cormun/servlet/trlicencias?a980d7e9cf9ba1c2afa68a48bae0b909,,gx-no-cache=1553874333598 HTTP/1.1" 200 4430
200.112.233.47 - - [29/Mar/2019:12:49:26 -0300] "POST /cormun/servlet/trlicencias?a980d7e9cf9ba1c2afa68a48bae0b909,,gx-no-cache=1553874343265 HTTP/1.1" 200 19549
190.171.154.42 - - [29/Mar/2019:12:49:49 -0300] "GET /cormun/servlet/solicitudot?de65c33268ab8dd624ebdc627566a8359d20e39c21eac43147f8f5ce97bff19562111b637c10d633e723ab6371db3a81fcb0d2db192cc84a04f33b106580a4b151473f73630eb6b09f8430f7f4742dfa5e59252caa185f17ae75cf2b00453e3258808e7e37a90ebd64bd4309120fdaca85307b98660298ed467f9e19e2bfb463a54bd0ca9dd559fbc59d03da66f1fe720c7b29662807ea69252d7882054f6ac6,gx-no-cache=1553874366315 HTTP/1.1" 200 29
190.171.154.42 - - [29/Mar/2019:12:49:49 -0300] "GET /cormun/static/menuarrow.gif HTTP/1.1" 404 1015
190.171.154.42 - - [29/Mar/2019:12:49:57 -0300] "GET /cormun/servlet/solicitudot?de65c33268ab8dd624ebdc627566a835b52beb1f609dc611af061ca9021f2b0f18ab495038f01dabe29f33b97e4baae1,gx-no-cache=1553874374580 HTTP/1.1" 200 30
190.171.154.42 - - [29/Mar/2019:12:50:19 -0300] "POST /cormun/servlet/solicitudot?gx-no-cache=1553874396254 HTTP/1.1" 200 30
200.112.233.47 - - [29/Mar/2019:12:50:23 -0300] "GET /cormun/servlet/licenciaspermisos?DSP,18646578,L,20181105000000, HTTP/1.1" 200 7514
200.112.233.47 - - [29/Mar/2019:12:50:23 -0300] "GET /cormun/servlet/licenciaspermisos?DSP,18646578,L,20181105000000, HTTP/1.1" 200 7532
200.112.233.47 - - [29/Mar/2019:12:50:39 -0300] "POST /cormun/servlet/licenciaspermisos?a980d7e9cf9ba1c2afa68a48bae0b909,DSP,18646578,L,20181105000000,,gx-no-cache=1553874416717 HTTP/1.1" 200 93
200.112.233.47 - - [29/Mar/2019:12:50:39 -0300] "GET /cormun/servlet/hpexe_return? HTTP/1.1" 200 1029
200.112.233.47 - - [29/Mar/2019:12:50:40 -0300] "GET /cormun/servlet/trlicencias? HTTP/1.1" 200 21584
200.112.233.47 - - [29/Mar/2019:12:50:41 -0300] "GET /cormun/servlet/trlicencias? HTTP/1.1" 200 21579
190.171.154.42 - - [29/Mar/2019:12:51:00 -0300] "POST /cormun/servlet/solicitudot?a35b713e971e9628a6c056bad6d83e94,INS,0,0,,gx-no-cache=1553874436527 HTTP/1.1" 200 93
190.171.154.42 - - [29/Mar/2019:12:51:00 -0300] "GET /cormun/servlet/hpexe_return? HTTP/1.1" 200 1008
190.171.154.42 - - [29/Mar/2019:12:51:00 -0300] "GET /cormun/servlet/trsolicitudot HTTP/1.1" 200 8935
190.171.154.42 - - [29/Mar/2019:12:51:02 -0300] "GET /cormun/servlet/trsolicitudot HTTP/1.1" 200 8931
200.112.233.47 - - [29/Mar/2019:12:51:02 -0300] "GET /cormun/servlet/licenciaspermisos?DSP,18646578,L,20190116000000, HTTP/1.1" 200 7430
200.112.233.47 - - [29/Mar/2019:12:51:03 -0300] "GET /cormun/servlet/licenciaspermisos?DSP,18646578,L,20190116000000, HTTP/1.1" 200 7427
190.171.154.42 - - [29/Mar/2019:12:51:19 -0300] "POST /cormun/servlet/trsolicitudot?a35b713e971e9628a6c056bad6d83e94,gx-no-cache=1553874455980 HTTP/1.1" 200 105
190.171.154.42 - - [29/Mar/2019:12:51:19 -0300] "GET /cormun/servlet/solicitudot?UPD,2019,14999, HTTP/1.1" 200 15864
190.171.154.42 - - [29/Mar/2019:12:51:21 -0300] "GET /cormun/servlet/solicitudot?UPD,2019,14999, HTTP/1.1" 200 15873
190.171.154.42 - - [29/Mar/2019:12:51:22 -0300] "POST /cormun/servlet/solicitudot?gx-no-cache=1553874458660 HTTP/1.1" 200 3596
190.171.154.42 - - [29/Mar/2019:12:51:22 -0300] "POST /cormun/servlet/solicitudot?a35b713e971e9628a6c056bad6d83e94,UPD,2019,14999,,gx-no-cache=1553874459316 HTTP/1.1" 200 12125
190.171.154.42 - - [29/Mar/2019:12:51:23 -0300] "GET /cormun/servlet/solicitudot?de65c33268ab8dd624ebdc627566a835286b7636137acc9b64c1d7d4b58501ecea8f408d61d6f296217d32f1ef8c5b3f,gx-no-cache=1553874459772 HTTP/1.1" 200 30
190.171.154.42 - - [29/Mar/2019:12:51:23 -0300] "GET /cormun/servlet/solicitudot?de65c33268ab8dd624ebdc627566a8350dae09aebd5f598ea3b49969f529ca945572cdd862e571066c39db684904a7f4580f0650af5b0ad90c2710f3df63c44b,gx-no-cache=1553874459846 HTTP/1.1" 200 30
190.171.154.42 - - [29/Mar/2019:12:51:23 -0300] "GET /cormun/servlet/solicitudot?de65c33268ab8dd624ebdc627566a8350f0472e48ad7a8cefb718ecf5f788ac4e6254ad7f2b46de0eed1257a5232b0f635c8ad6bf08a95b6dc15316eb1cbba59,gx-no-cache=1553874459887 HTTP/1.1" 200 53
190.171.154.42 - - [29/Mar/2019:12:51:23 -0300] "POST /cormun/servlet/solicitudot?gx-no-cache=1553874459938 HTTP/1.1" 200 254
190.171.154.42 - - [29/Mar/2019:12:51:23 -0300] "GET /cormun/servlet/solicitudot?de65c33268ab8dd624ebdc627566a835cd06c7c8432773181c3e9b40812c3bb5e11c13b01c90fecef8d998b32d361c8c5de1d640d0be6b9735254a270c8bfa646fa9aa6fc53c50c0f96ad8ce848751957b4673a79c0af5a4b908c5570be0964be851656c8eeeaad206f0bb1546013bcd117211e470a61743c5362f7341cd93697c0a64c74f881fc4480b15f3c0bc3273ae1e6481ced862685c4ce8940059d17d29d1383e3014a660d96576c6460dc0c4d338e87a1025e790bfcaa0cf5a3389e3d4e0d6f902692e98a2b63b2a40d1da625d9ae9d25fd2c00238bee32aff764bed6c5ed377215793bdf52a791bc7c4b36b26989fb3c62eba2e694e240dcdaca9eb3697f28e0693cb076df9723add51f2f1be94546862c176117098ae29d5922493e446983339ea7a871c92257181187dc39a8e7364e62a2288834ed9a3c954705e32921deeab121430fe956fd52a4749ecba7d79fc487f2e588541777bd03b851eed88f0bb8b9f1432cb905a8cc4c49e03dc953bc3c6b9710134eef7bd51072de5,gx-no-cache=1553874460065 HTTP/1.1" 200 30
190.171.154.42 - - [29/Mar/2019:12:51:23 -0300] "POST /cormun/servlet/solicitudot?gx-no-cache=1553874460110 HTTP/1.1" 200 30
190.171.154.42 - - [29/Mar/2019:12:51:23 -0300] "POST /cormun/servlet/solicitudot?gx-no-cache=1553874460177 HTTP/1.1" 200 1317
190.171.154.42 - - [29/Mar/2019:12:51:23 -0300] "POST /cormun/servlet/solicitudot?gx-no-cache=1553874460264 HTTP/1.1" 200 40
66.249.83.29 - - [29/Mar/2019:12:51:28 -0300] "GET /cormun/servlet/hlogin HTTP/1.1" 200 1723
66.249.83.29 - - [29/Mar/2019:12:51:28 -0300] "GET /cormun/servlet/hlogin?_escaped_fragment_= HTTP/1.1" 200 1723
66.249.83.25 - - [29/Mar/2019:12:51:29 -0300] "GET /favicon.ico HTTP/1.1" 200 21630
200.112.233.47 - - [29/Mar/2019:12:51:33 -0300] "POST /cormun/servlet/solicitudot?gx-no-cache=1553874471558 HTTP/1.1" 200 41
200.112.233.47 - - [29/Mar/2019:12:51:33 -0300] "GET /cormun/servlet/solicitudot?ebccc67412a8ee3deb2cb4a8da7ebce2fad3e6663da6f7bfca47264ee937706b6a0dec32869cb1ad1d6f4cd77bd67a3d4fab264d167ea77ca1bc1db35e7151b96f4ed0cddf849597153f45cc002665665a86a1441f8ae59d5abb4c645904b8bc3d743865bf8b0fc6e4b7125c5d2a0b53,gx-no-cache=1553874471635 HTTP/1.1" 200 110
200.112.233.47 - - [29/Mar/2019:12:51:33 -0300] "POST /cormun/servlet/solicitudot?gx-no-cache=1553874471680 HTTP/1.1" 200 32
190.171.154.42 - - [29/Mar/2019:12:51:37 -0300] "GET /cormun/servlet/solicitudot?de65c33268ab8dd624ebdc627566a8359c2570d4b02c725ce48e62e5f7a1d4e1267d556b7baf1a4721f81fa26ea7750ff9cbc031f43111763ec6a1dcd31a70922ef451d871dec47104af6500862ffe9b2258af85e995e6b4ee98fa23d4c95e286d6163b7024f8a86b035f2ada414305d,gx-no-cache=1553874474606 HTTP/1.1" 200 110
200.112.233.47 - - [29/Mar/2019:12:51:40 -0300] "POST /cormun/servlet/solicitudot?a980d7e9cf9ba1c2afa68a48bae0b909,INS,0,0,,gx-no-cache=1553874477049 HTTP/1.1" 200 93
