192.168.10.89 - - [27/Mar/2019:11:12:05 -0300] "GET /cormun/servlet/trautorizarsolicitud? HTTP/1.1" 200 7462
192.168.10.96 - - [27/Mar/2019:11:12:05 -0300] "GET /cormun/servlet/trsolicitudgral? HTTP/1.1" 200 11793
192.168.10.89 - - [27/Mar/2019:11:12:11 -0300] "POST /cormun/servlet/trautorizarsolicitud?31e5d10cd68601d1736d92047d932b9c,,gx-no-cache=1553702733378 HTTP/1.1" 200 6278
192.168.10.96 - - [27/Mar/2019:11:12:11 -0300] "POST /cormun/servlet/trsolicitudgral?bd9e0ea4a59d82f11b0f481ce10b690c,,gx-no-cache=1553702733456 HTTP/1.1" 200 9679
192.168.10.89 - - [27/Mar/2019:11:12:13 -0300] "POST /cormun/servlet/trautorizarsolicitud?31e5d10cd68601d1736d92047d932b9c,,gx-no-cache=1553702735145 HTTP/1.1" 200 5857
192.168.10.89 - - [27/Mar/2019:11:12:13 -0300] "POST /cormun/servlet/trautorizarsolicitud?31e5d10cd68601d1736d92047d932b9c,,gx-no-cache=1553702735476 HTTP/1.1" 200 5801
192.168.10.89 - - [27/Mar/2019:11:12:13 -0300] "GET /cormun/static/Shared/jqueryui/images/ui-bg_flat_55_fafafa_40x100.png HTTP/1.1" 404 1097
192.168.10.89 - - [27/Mar/2019:11:12:13 -0300] "GET /cormun/static/Shared/jqueryui/images/ui-icons_8d78a5_256x240.png HTTP/1.1" 404 1089
192.168.10.89 - - [27/Mar/2019:11:12:13 -0300] "GET /cormun/static/Shared/jqueryui/images/ui-icons_82798d_256x240.png HTTP/1.1" 404 1089
192.168.10.89 - - [27/Mar/2019:11:12:13 -0300] "GET /cormun/static/Shared/jqueryui/images/ui-bg_highlight-soft_100_c6c2c8_1x100.png HTTP/1.1" 404 1117
192.168.10.89 - - [27/Mar/2019:11:12:14 -0300] "POST /cormun/servlet/trautorizarsolicitud?31e5d10cd68601d1736d92047d932b9c,,gx-no-cache=1553702736387 HTTP/1.1" 200 4698
192.168.10.89 - - [27/Mar/2019:11:12:14 -0300] "POST /cormun/servlet/trautorizarsolicitud?31e5d10cd68601d1736d92047d932b9c,,gx-no-cache=1553702736692 HTTP/1.1" 200 4469
192.168.10.96 - - [27/Mar/2019:11:12:40 -0300] "POST /cormun/servlet/trsolicitudgral?bd9e0ea4a59d82f11b0f481ce10b690c,,gx-no-cache=1553702762695 HTTP/1.1" 200 5964
192.168.10.96 - - [27/Mar/2019:11:12:47 -0300] "POST /cormun/servlet/trsolicitudgral?bd9e0ea4a59d82f11b0f481ce10b690c,,gx-no-cache=1553702769007 HTTP/1.1" 200 7388
192.168.10.96 - - [27/Mar/2019:11:12:50 -0300] "POST /cormun/servlet/trsolicitudgral?bd9e0ea4a59d82f11b0f481ce10b690c,,gx-no-cache=1553702772044 HTTP/1.1" 200 26358
192.168.10.89 - - [27/Mar/2019:11:13:05 -0300] "GET /cormun/servlet/hlogin HTTP/1.1" 200 1746
192.168.10.89 - - [27/Mar/2019:11:13:13 -0300] "POST /cormun/servlet/hlogin?31e5d10cd68601d1736d92047d932b9c,gx-no-cache=1553702795489 HTTP/1.1" 200 90
192.168.10.89 - - [27/Mar/2019:11:13:13 -0300] "GET /cormun/servlet/hpexe_link HTTP/1.1" 200 955
192.168.10.89 - - [27/Mar/2019:11:13:13 -0300] "GET /cormun/servlet/hhome HTTP/1.1" 200 3834
192.168.10.89 - - [27/Mar/2019:11:13:15 -0300] "GET /cormun/servlet/trsolicitudgral? HTTP/1.1" 200 9705
200.112.233.47 - - [27/Mar/2019:11:13:18 -0300] "GET /cormun/servlet/licenciaspermisos?b69b111a420e74869c26d3bc5efe6de3b517f929a7a000e0caeee5c33d6773547b468099c498c06e9f224b781390b09b5dfd5aeacdf8017948609484a136ee4be3593f6a42c8064a94b713bed5d8df1a0db92a758e3e0ff3dc83312db4c08788bbbb035a68f725f024bb7bdc4099e3afa0b1a4b4ffe676e3ab3e12b7068ece792a11fc7b51f5af8cf09d7d9b33da9b3a1a4d0b5d3ac7121061f117168e320c6bdf53795b4e8d0e019715fff9d0ef9b71,gx-no-cache=1553695777361 HTTP/1.1" 200 30
192.168.10.89 - - [27/Mar/2019:11:13:21 -0300] "POST /cormun/servlet/trsolicitudgral?31e5d10cd68601d1736d92047d932b9c,,gx-no-cache=1553702802974 HTTP/1.1" 200 6677
192.168.10.89 - - [27/Mar/2019:11:13:21 -0300] "GET /cormun/static/Shared/jqueryui/images/ui-bg_flat_55_fafafa_40x100.png HTTP/1.1" 404 1097
192.168.10.89 - - [27/Mar/2019:11:13:21 -0300] "GET /cormun/static/Shared/jqueryui/images/ui-bg_highlight-soft_100_c6c2c8_1x100.png HTTP/1.1" 404 1117
192.168.10.89 - - [27/Mar/2019:11:13:21 -0300] "GET /cormun/static/Shared/jqueryui/images/ui-icons_8d78a5_256x240.png HTTP/1.1" 404 1089
192.168.10.89 - - [27/Mar/2019:11:13:21 -0300] "GET /cormun/static/Shared/jqueryui/images/ui-icons_82798d_256x240.png HTTP/1.1" 404 1089
192.168.10.89 - - [27/Mar/2019:11:13:27 -0300] "POST /cormun/servlet/trsolicitudgral?31e5d10cd68601d1736d92047d932b9c,,gx-no-cache=1553702808761 HTTP/1.1" 200 7689
192.168.10.96 - - [27/Mar/2019:11:13:27 -0300] "POST /cormun/servlet/trsolicitudgral?bd9e0ea4a59d82f11b0f481ce10b690c,,gx-no-cache=1553702808168 HTTP/1.1" 200 26314
200.112.233.47 - - [27/Mar/2019:11:13:27 -0300] "POST /cormun/servlet/licenciaspermisos?18f636eb1cd5cdfa3711fdc1d24ba40a,INS,0,,,,gx-no-cache=1553695786102 HTTP/1.1" 200 5112
200.112.233.47 - - [27/Mar/2019:11:13:27 -0300] "GET /cormun/static/Shared/jqueryui/images/ui-bg_highlight-soft_100_c6c2c8_1x100.png HTTP/1.1" 404 1117
200.112.233.47 - - [27/Mar/2019:11:13:27 -0300] "GET /cormun/static/Shared/jqueryui/images/ui-icons_82798d_256x240.png HTTP/1.1" 404 1089
200.112.233.47 - - [27/Mar/2019:11:13:27 -0300] "GET /cormun/static/Shared/jqueryui/images/ui-icons_ebccce_256x240.png HTTP/1.1" 404 1089
200.112.233.47 - - [27/Mar/2019:11:13:27 -0300] "GET /cormun/static/Shared/jqueryui/images/ui-bg_flat_55_994d53_40x100.png HTTP/1.1" 404 1097
192.168.10.96 - - [27/Mar/2019:11:13:27 -0300] "GET /cormun/static/Shared/jqueryui/images/ui-bg_highlight-soft_100_c6c2c8_1x100.png HTTP/1.1" 404 1117
192.168.10.96 - - [27/Mar/2019:11:13:27 -0300] "GET /cormun/static/Shared/jqueryui/images/ui-icons_82798d_256x240.png HTTP/1.1" 404 1089
192.168.10.96 - - [27/Mar/2019:11:13:27 -0300] "GET /cormun/static/Shared/jqueryui/images/ui-bg_flat_55_fafafa_40x100.png HTTP/1.1" 404 1097
192.168.10.96 - - [27/Mar/2019:11:13:27 -0300] "GET /cormun/static/Shared/jqueryui/images/ui-icons_8d78a5_256x240.png HTTP/1.1" 404 1089
192.168.10.89 - - [27/Mar/2019:11:13:31 -0300] "POST /cormun/servlet/trsolicitudgral?31e5d10cd68601d1736d92047d932b9c,,gx-no-cache=1553702813127 HTTP/1.1" 200 7722
192.168.10.89 - - [27/Mar/2019:11:13:32 -0300] "GET /cormun/servlet/trsolicitudgral? HTTP/1.1" 200 10718
192.168.10.89 - - [27/Mar/2019:11:13:39 -0300] "POST /cormun/servlet/trsolicitudgral?31e5d10cd68601d1736d92047d932b9c,,gx-no-cache=1553702821047 HTTP/1.1" 200 22950
192.168.10.89 - - [27/Mar/2019:11:13:47 -0300] "GET /cormun/servlet/trautorizarot? HTTP/1.1" 200 9554
192.168.10.89 - - [27/Mar/2019:11:13:57 -0300] "POST /cormun/servlet/trautorizarot?31e5d10cd68601d1736d92047d932b9c,,gx-no-cache=1553702838952 HTTP/1.1" 200 6971
192.168.10.89 - - [27/Mar/2019:11:13:59 -0300] "POST /cormun/servlet/trautorizarot?31e5d10cd68601d1736d92047d932b9c,,gx-no-cache=1553702841191 HTTP/1.1" 200 5358
200.112.233.47 - - [27/Mar/2019:11:13:59 -0300] "GET /cormun/servlet/licenciaspermisos?b69b111a420e74869c26d3bc5efe6de39b7f97f8f1e41715be9c9260a7694f73813b81a20576ee3ff087f91a91027994f5e6fc8728331813d95155b69b2856bf2a3a7d4e926956800832e61cc07019b45997de77563f6cf0d538eb8096ec8ed526fa0a327eb794354ea037cd973d1eaad98e7e7b563242957c607db3fc855d8b4fbf55881321e2d29e492e99496fa49838b2c3ef02be3cec59834950e868ab1070fcfbe1a28b18861e1762c8fbcfd4cb28ea070d5c6a5bf3b52b1806a0396dd224a01e987945d4dc58b812a24a3f3ee03b64f06765eaa5d9bf6651d3f6ed7405,gx-no-cache=1553695818254 HTTP/1.1" 200 29
200.112.233.47 - - [27/Mar/2019:11:14:00 -0300] "POST /cormun/servlet/licenciaspermisos?18f636eb1cd5cdfa3711fdc1d24ba40a,INS,0,,,,gx-no-cache=1553695818477 HTTP/1.1" 200 93
200.112.233.47 - - [27/Mar/2019:11:14:00 -0300] "GET /cormun/servlet/hpexe_return? HTTP/1.1" 200 1010
200.112.233.47 - - [27/Mar/2019:11:14:00 -0300] "GET /cormun/servlet/trlicencias HTTP/1.1" 200 9341
200.112.233.47 - - [27/Mar/2019:11:14:01 -0300] "GET /cormun/servlet/trlicencias HTTP/1.1" 200 9336
200.112.233.47 - - [27/Mar/2019:11:14:09 -0300] "GET /cormun/servlet/trlicenciaspermisosadjuntos?9421195,20190327000000,L, HTTP/1.1" 200 6693
200.112.233.47 - - [27/Mar/2019:11:14:09 -0300] "GET /cormun/static/gxcfg.js?20177612163414 HTTP/1.1" 200 953
200.112.233.47 - - [27/Mar/2019:11:14:09 -0300] "GET /cormun/static/trlicenciaspermisosadjuntos.js?20177612163719 HTTP/1.1" 200 21036
200.112.233.47 - - [27/Mar/2019:11:14:10 -0300] "GET /cormun/servlet/trlicenciaspermisosadjuntos?9421195,20190327000000,L, HTTP/1.1" 200 6693
200.54.103.162 - - [27/Mar/2019:11:14:18 -0300] "GET /cormun/servlet/hlogin HTTP/1.1" 200 1723
200.54.103.162 - - [27/Mar/2019:11:14:48 -0300] "POST /cormun/servlet/hlogin?437b1a625bcdd72c898fd27d2b4e0638,gx-no-cache=1553695866801 HTTP/1.1" 200 90
200.54.103.162 - - [27/Mar/2019:11:14:48 -0300] "GET /cormun/servlet/hpexe_link HTTP/1.1" 200 949
200.54.103.162 - - [27/Mar/2019:11:14:48 -0300] "GET /cormun/servlet/hhome HTTP/1.1" 200 4337
200.54.103.162 - - [27/Mar/2019:11:14:48 -0300] "GET /cormun/static/gxcfg.js?20175251212442 HTTP/1.1" 200 953
200.54.103.162 - - [27/Mar/2019:11:14:49 -0300] "GET /cormun/static/hhome.js?20175251212450 HTTP/1.1" 200 777
200.54.103.162 - - [27/Mar/2019:11:14:50 -0300] "GET /cormun/servlet/hhome HTTP/1.1" 200 4334
200.54.103.162 - - [27/Mar/2019:11:14:56 -0300] "GET /cormun/servlet/trsolicitudot? HTTP/1.1" 200 7554
200.54.103.162 - - [27/Mar/2019:11:14:58 -0300] "GET /cormun/servlet/trsolicitudot? HTTP/1.1" 200 7552
200.54.103.162 - - [27/Mar/2019:11:15:01 -0300] "GET /cormun/servlet/solicitudot?INS,0,0, HTTP/1.1" 200 15207
200.54.103.162 - - [27/Mar/2019:11:15:03 -0300] "GET /cormun/servlet/solicitudot?INS,0,0, HTTP/1.1" 200 15213
192.168.10.96 - - [27/Mar/2019:11:15:05 -0300] "POST /cormun/servlet/trsolicitudgral?bd9e0ea4a59d82f11b0f481ce10b690c,,gx-no-cache=1553702906338 HTTP/1.1" 200 26478
192.168.10.96 - - [27/Mar/2019:11:15:12 -0300] "POST /cormun/servlet/trsolicitudgral?bd9e0ea4a59d82f11b0f481ce10b690c,,gx-no-cache=1553702913323 HTTP/1.1" 200 26499
200.54.103.162 - - [27/Mar/2019:11:15:13 -0300] "POST /cormun/servlet/solicitudot?gx-no-cache=1553695891290 HTTP/1.1" 200 3450
200.54.103.162 - - [27/Mar/2019:11:15:13 -0300] "POST /cormun/servlet/solicitudot?437b1a625bcdd72c898fd27d2b4e0638,INS,0,0,,gx-no-cache=1553695891676 HTTP/1.1" 200 11880
200.54.103.162 - - [27/Mar/2019:11:15:17 -0300] "GET /cormun/servlet/solicitudot?f464a396ebd744f9447b81995590da5a618b7fe8aefc6797eaaa2813a78d5ce540ce58b48e19f9939fdd564e5d97d54b,gx-no-cache=1553695895661 HTTP/1.1" 200 30
192.168.10.96 - - [27/Mar/2019:11:15:37 -0300] "POST /cormun/servlet/trsolicitudgral?bd9e0ea4a59d82f11b0f481ce10b690c,,gx-no-cache=1553702938056 HTTP/1.1" 200 26552
200.112.233.47 - - [27/Mar/2019:11:15:41 -0300] "GET /cormun/servlet/licenciaspermisosadjuntos?INS,9421195,L,20190327000000,, HTTP/1.1" 200 5993
200.112.233.47 - - [27/Mar/2019:11:15:42 -0300] "GET /cormun/static/gxcfg.js?2017761263592 HTTP/1.1" 200 953
200.112.233.47 - - [27/Mar/2019:11:15:42 -0300] "GET /cormun/static/licenciaspermisosadjuntos.js?201776126362 HTTP/1.1" 200 8760
200.112.233.47 - - [27/Mar/2019:11:15:42 -0300] "GET /cormun/static/about:blank HTTP/1.1" 404 1011
192.168.10.96 - - [27/Mar/2019:11:15:43 -0300] "POST /cormun/servlet/trsolicitudgral?bd9e0ea4a59d82f11b0f481ce10b690c,,gx-no-cache=1553702944016 HTTP/1.1" 200 26502
200.112.233.47 - - [27/Mar/2019:11:15:44 -0300] "GET /cormun/servlet/licenciaspermisosadjuntos?INS,9421195,L,20190327000000,, HTTP/1.1" 200 5982
200.112.233.47 - - [27/Mar/2019:11:16:05 -0300] "POST /cormun/servlet/licenciaspermisosadjuntos?18f636eb1cd5cdfa3711fdc1d24ba40a,INS,9421195,L,20190327000000,, HTTP/1.1" 200 116
200.112.233.47 - - [27/Mar/2019:11:16:05 -0300] "GET /cormun/servlet/hpexe_return? HTTP/1.1" 200 1041
200.112.233.47 - - [27/Mar/2019:11:16:05 -0300] "GET /cormun/servlet/trlicenciaspermisosadjuntos?9421195,20190327000000,L, HTTP/1.1" 200 7197
200.112.233.47 - - [27/Mar/2019:11:16:06 -0300] "GET /cormun/servlet/trlicenciaspermisosadjuntos?9421195,20190327000000,L, HTTP/1.1" 200 7193
192.168.10.96 - - [27/Mar/2019:11:16:07 -0300] "POST /cormun/servlet/trsolicitudgral?bd9e0ea4a59d82f11b0f481ce10b690c,,gx-no-cache=1553702968440 HTTP/1.1" 200 26549
200.112.233.47 - - [27/Mar/2019:11:16:22 -0300] "POST /cormun/servlet/acontrolpreferencessavestate?None,JPARRAGUEZ,true HTTP/1.1" 200 35
200.112.233.47 - - [27/Mar/2019:11:16:23 -0300] "GET /cormun/servlet/trlicencias? HTTP/1.1" 200 9337
200.112.233.47 - - [27/Mar/2019:11:16:24 -0300] "GET /cormun/servlet/trlicencias? HTTP/1.1" 200 9336
192.168.10.96 - - [27/Mar/2019:11:16:27 -0300] "POST /cormun/servlet/trsolicitudgral?bd9e0ea4a59d82f11b0f481ce10b690c,,gx-no-cache=1553702988481 HTTP/1.1" 200 26423
200.112.233.47 - - [27/Mar/2019:11:16:37 -0300] "POST /cormun/servlet/trlicencias?18f636eb1cd5cdfa3711fdc1d24ba40a,,gx-no-cache=1553695976234 HTTP/1.1" 200 6534
200.112.233.47 - - [27/Mar/2019:11:16:37 -0300] "GET /cormun/static/Shared/jqueryui/images/ui-bg_highlight-soft_100_c6c2c8_1x100.png HTTP/1.1" 404 1117
200.112.233.47 - - [27/Mar/2019:11:16:37 -0300] "GET /cormun/static/Shared/jqueryui/images/ui-icons_82798d_256x240.png HTTP/1.1" 404 1089
200.112.233.47 - - [27/Mar/2019:11:16:37 -0300] "GET /cormun/static/Shared/jqueryui/images/ui-bg_flat_55_fafafa_40x100.png HTTP/1.1" 404 1097
200.112.233.47 - - [27/Mar/2019:11:16:37 -0300] "GET /cormun/static/Shared/jqueryui/images/ui-icons_8d78a5_256x240.png HTTP/1.1" 404 1089
192.168.10.96 - - [27/Mar/2019:11:16:45 -0300] "POST /cormun/servlet/trsolicitudgral?bd9e0ea4a59d82f11b0f481ce10b690c,,gx-no-cache=1553703006365 HTTP/1.1" 200 26417
192.168.10.96 - - [27/Mar/2019:11:17:09 -0300] "POST /cormun/servlet/trsolicitudgral?bd9e0ea4a59d82f11b0f481ce10b690c,,gx-no-cache=1553703030125 HTTP/1.1" 200 26268
200.54.103.162 - - [27/Mar/2019:11:17:13 -0300] "GET /cormun/static/Resources/resize.gif HTTP/1.1" 200 77
200.54.103.162 - - [27/Mar/2019:11:17:13 -0300] "GET /cormun/servlet/prbanco?,MD,,gxPopupLevel%3D0%3B HTTP/1.1" 200 6718
200.54.103.162 - - [27/Mar/2019:11:17:13 -0300] "GET /cormun/static/gxcfg.js?20181161016094 HTTP/1.1" 200 953
200.54.103.162 - - [27/Mar/2019:11:17:13 -0300] "GET /cormun/static/Resources/PXToolsMenuSearch.png HTTP/1.1" 200 2914
200.54.103.162 - - [27/Mar/2019:11:17:13 -0300] "GET /cormun/static/Resources/PXToolsMenuSearchCancel.png HTTP/1.1" 200 2972
200.54.103.162 - - [27/Mar/2019:11:17:13 -0300] "GET /cormun/static/prbanco.js?2018116101633 HTTP/1.1" 200 10693
200.54.103.162 - - [27/Mar/2019:11:17:13 -0300] "GET /cormun/static/menusearch.js?201610171694467 HTTP/1.1" 200 1424
200.54.103.162 - - [27/Mar/2019:11:17:14 -0300] "GET /cormun/static/hmpwkw011.js?20177612121862 HTTP/1.1" 200 1968
200.54.103.162 - - [27/Mar/2019:11:17:18 -0300] "GET /cormun/servlet/solicitudot?f464a396ebd744f9447b81995590da5abb946e91ce01d7255f285873ab20542307fef0d49daebe4d22aa6ea8cc76ccb481cfb8773db7efbdde86fb2f6c2789b1,gx-no-cache=1553696016800 HTTP/1.1" 200 30
200.54.103.162 - - [27/Mar/2019:11:17:19 -0300] "GET /cormun/servlet/solicitudot?f464a396ebd744f9447b81995590da5a14468fc5ac579507bf5212fde6403244,gx-no-cache=1553696017494 HTTP/1.1" 200 53
192.168.10.96 - - [27/Mar/2019:11:17:29 -0300] "POST /cormun/servlet/trsolicitudgral?bd9e0ea4a59d82f11b0f481ce10b690c,,gx-no-cache=1553703050341 HTTP/1.1" 200 26118
200.54.103.162 - - [27/Mar/2019:11:17:35 -0300] "POST /cormun/servlet/solicitudot?gx-no-cache=1553696034003 HTTP/1.1" 200 255
200.54.103.162 - - [27/Mar/2019:11:17:37 -0300] "GET /cormun/servlet/solicitudot?f464a396ebd744f9447b81995590da5a88298c5c1396178beae12148a257bd50979036293299c20297fbed19b6944e1bc40788bd75bcad38f0947428c9a7461ed19aa744084e1b26c8dbcee22f94086a9885a4e64f85628707e05cbd8111835fb879f38ea3bdb321a7a76cd82b1a5596411bfc569fa8cfac5afc424e993e6d9b76ad95f3fc0efcf509db79570781997a4551c299f619f8a843336e21583f611cd4e9c962167290e14bd4eb96407df4b0bcd218c46abd0631b2d4caa93decd607603ef9e9a5c3f80ab76794095c27fb4726d98c952706f8379f0a7f3578fde0f0dcfe35c61977c96f0f7a8ff09e74258698d98d25bbd68cd8ebc86683bbe5a7b052e609ed3139c6b5aa55cb64668de13af09365434a5595ff4051165431c09ac32fd73c22babdeadca9a9b4593c52664f006dcc924ed3a1f733241f0090d57114976839de60a30db4acc40f72186d82cc3b011f5a9bbace107879df56a172cb7f89c5163b1dc9d1cc2bd7cece74cedd01fefc572223767602c45673f554d68b6d,gx-no-cache=1553696035950 HTTP/1.1" 200 30
200.54.103.162 - - [27/Mar/2019:11:17:55 -0300] "POST /cormun/servlet/solicitudot?gx-no-cache=1553696053563 HTTP/1.1" 200 30
200.54.103.162 - - [27/Mar/2019:11:17:56 -0300] "POST /cormun/servlet/solicitudot?gx-no-cache=1553696054998 HTTP/1.1" 200 1313
200.54.103.162 - - [27/Mar/2019:11:17:56 -0300] "POST /cormun/servlet/solicitudot?gx-no-cache=1553696055088 HTTP/1.1" 200 38
200.54.103.162 - - [27/Mar/2019:11:18:09 -0300] "GET /cormun/servlet/solicitudot?f464a396ebd744f9447b81995590da5a6b5a123f7b687bafffc50a2005b6c866f00aad19004b1b26754979bc122927368f82f3594453a8be463be9146d7203992377b0102a2e2e699003c3243ddd8a552273a3d1742824ae9677a4a4a1a9a2c17ed69254765ae8d415cdcb88a81eda48,gx-no-cache=1553696067770 HTTP/1.1" 200 110
200.54.103.162 - - [27/Mar/2019:11:18:09 -0300] "POST /cormun/servlet/solicitudot?gx-no-cache=1553696067823 HTTP/1.1" 200 64
200.54.103.162 - - [27/Mar/2019:11:18:15 -0300] "GET /cormun/servlet/solicitudot?f464a396ebd744f9447b81995590da5ac4923f92450851e8261fc7b98c6262a7eb23fc0a247ec9a4356c5708d7c416a8e205cb4a84badc39e25f803035e7f51e55a1a3065e35337ff4b03d735c07daad9f85e59f6cd3afeaad1e4615a4d3968c22e6aa0e88ee690c6af2af38878f187f,gx-no-cache=1553696073824 HTTP/1.1" 200 29
200.54.103.162 - - [27/Mar/2019:11:18:15 -0300] "GET /cormun/static/menuarrow.gif HTTP/1.1" 404 1015
200.54.103.162 - - [27/Mar/2019:11:18:20 -0300] "GET /cormun/servlet/solicitudot?f464a396ebd744f9447b81995590da5aa58f0342f49e1c084a505d3b3a73d556a790a6afb08344c2834be7f07a7cd1f2,gx-no-cache=1553696079003 HTTP/1.1" 200 30
200.54.103.162 - - [27/Mar/2019:11:18:23 -0300] "POST /cormun/servlet/solicitudot?gx-no-cache=1553696081506 HTTP/1.1" 200 30
192.168.10.96 - - [27/Mar/2019:11:18:24 -0300] "POST /cormun/servlet/trsolicitudgral?bd9e0ea4a59d82f11b0f481ce10b690c,,gx-no-cache=1553703105459 HTTP/1.1" 200 25987
192.168.10.96 - - [27/Mar/2019:11:18:47 -0300] "POST /cormun/servlet/trsolicitudgral?bd9e0ea4a59d82f11b0f481ce10b690c,,gx-no-cache=1553703128392 HTTP/1.1" 200 25823
200.54.103.162 - - [27/Mar/2019:11:18:50 -0300] "POST /cormun/servlet/solicitudot?437b1a625bcdd72c898fd27d2b4e0638,INS,0,0,,gx-no-cache=1553696108616 HTTP/1.1" 200 93
200.54.103.162 - - [27/Mar/2019:11:18:50 -0300] "GET /cormun/servlet/hpexe_return? HTTP/1.1" 200 1006
200.54.103.162 - - [27/Mar/2019:11:18:51 -0300] "GET /cormun/servlet/trsolicitudot HTTP/1.1" 200 8895
200.54.103.162 - - [27/Mar/2019:11:18:53 -0300] "GET /cormun/servlet/trsolicitudot HTTP/1.1" 200 8892
200.54.103.162 - - [27/Mar/2019:11:19:13 -0300] "GET /cormun/servlet/vesolicitudot?2019,14975,, HTTP/1.1" 200 8685
200.54.103.162 - - [27/Mar/2019:11:19:13 -0300] "GET /cormun/pexe_scrolldiv.js HTTP/1.1" 404 1009
200.54.103.162 - - [27/Mar/2019:11:19:13 -0300] "GET /cormun/pexe_scrolldiv.js HTTP/1.1" 404 1009
200.54.103.162 - - [27/Mar/2019:11:19:15 -0300] "GET /cormun/servlet/vesolicitudot?2019,14975,, HTTP/1.1" 200 8684
157.55.39.97 - - [27/Mar/2019:11:20:23 -0300] "GET /cormun/servlet/vesolicitudot?2017,6363,_escaped_fragment_%3D,General HTTP/1.1" 200 7111
192.168.10.96 - - [27/Mar/2019:11:20:34 -0300] "POST /cormun/servlet/trsolicitudgral?bd9e0ea4a59d82f11b0f481ce10b690c,,gx-no-cache=1553703235040 HTTP/1.1" 200 25856
192.168.10.96 - - [27/Mar/2019:11:20:51 -0300] "POST /cormun/servlet/trsolicitudgral?bd9e0ea4a59d82f11b0f481ce10b690c,,gx-no-cache=1553703252280 HTTP/1.1" 200 25877
192.168.10.96 - - [27/Mar/2019:11:20:57 -0300] "POST /cormun/servlet/trsolicitudgral?bd9e0ea4a59d82f11b0f481ce10b690c,,gx-no-cache=1553703258922 HTTP/1.1" 200 116
192.168.10.96 - - [27/Mar/2019:11:20:57 -0300] "GET /cormun/servlet/solicitudotlog?INS,2019,14938,0,REC, HTTP/1.1" 200 6580
192.168.10.96 - - [27/Mar/2019:11:20:57 -0300] "GET /cormun/servlet/solicitudotlog?INS,2019,14938,0,REC, HTTP/1.1" 200 6580
192.168.10.96 - - [27/Mar/2019:11:20:58 -0300] "GET /cormun/servlet/solicitudotlog?d245ef2f9e9298039fe308b1b886513a8b5ee05811902efe54833bccff74cf4a17f496c8b6977b24e07d7d9e07892e436f02c54ffb140c24842de4cb412dfa95bdb941efc88c1554a6fcb141d5e3252cbe52f7a5af911a1acff602e441dfb9e5cff8cca4e2f057fba5f2154fbd4424860124728a3518ebccd518d6cd2248f3e13fdeef34756cd6d8a33b4136dcc9accba63d8cb01d7d2672dde84a32a977cecc,gx-no-cache=1553703259987 HTTP/1.1" 200 94
192.168.10.96 - - [27/Mar/2019:11:21:01 -0300] "POST /cormun/servlet/solicitudotlog?bd9e0ea4a59d82f11b0f481ce10b690c,INS,2019,14938,0,REC,,gx-no-cache=1553703263360 HTTP/1.1" 200 93
192.168.10.96 - - [27/Mar/2019:11:21:01 -0300] "GET /cormun/servlet/hpexe_return? HTTP/1.1" 200 1025
192.168.10.96 - - [27/Mar/2019:11:21:02 -0300] "GET /cormun/servlet/trsolicitudgral? HTTP/1.1" 200 28455
192.168.10.96 - - [27/Mar/2019:11:21:03 -0300] "GET /cormun/servlet/trsolicitudgral? HTTP/1.1" 200 28450
192.168.10.89 - - [27/Mar/2019:11:21:19 -0300] "GET /cormun/servlet/trsolicitudgral? HTTP/1.1" 200 25508
192.168.10.96 - - [27/Mar/2019:11:21:24 -0300] "POST /cormun/servlet/trsolicitudgral?bd9e0ea4a59d82f11b0f481ce10b690c,,gx-no-cache=1553703285605 HTTP/1.1" 200 25760
192.168.10.96 - - [27/Mar/2019:11:21:24 -0300] "GET /cormun/static/Shared/jqueryui/images/ui-bg_highlight-soft_100_c6c2c8_1x100.png HTTP/1.1" 404 1117
192.168.10.96 - - [27/Mar/2019:11:21:24 -0300] "GET /cormun/static/Shared/jqueryui/images/ui-icons_82798d_256x240.png HTTP/1.1" 404 1089
192.168.10.96 - - [27/Mar/2019:11:21:24 -0300] "GET /cormun/static/Shared/jqueryui/images/ui-bg_flat_55_fafafa_40x100.png HTTP/1.1" 404 1097
192.168.10.96 - - [27/Mar/2019:11:21:24 -0300] "GET /cormun/static/Shared/jqueryui/images/ui-icons_8d78a5_256x240.png HTTP/1.1" 404 1089
192.168.10.89 - - [27/Mar/2019:11:21:31 -0300] "POST /cormun/servlet/trsolicitudgral?31e5d10cd68601d1736d92047d932b9c,,gx-no-cache=1553703293159 HTTP/1.1" 200 5296
192.168.10.96 - - [27/Mar/2019:11:22:23 -0300] "POST /cormun/servlet/trsolicitudgral?bd9e0ea4a59d82f11b0f481ce10b690c,,gx-no-cache=1553703344585 HTTP/1.1" 200 25724
192.168.10.96 - - [27/Mar/2019:11:23:00 -0300] "POST /cormun/servlet/trsolicitudgral?bd9e0ea4a59d82f11b0f481ce10b690c,,gx-no-cache=1553703381878 HTTP/1.1" 200 25702
192.168.10.96 - - [27/Mar/2019:11:25:13 -0300] "POST /cormun/servlet/trsolicitudgral?bd9e0ea4a59d82f11b0f481ce10b690c,,gx-no-cache=1553703514145 HTTP/1.1" 200 25665
190.171.141.138 - - [27/Mar/2019:11:26:32 -0300] "GET /cormun/servlet/prbanco?,MD,,gxPopupLevel%3D0%3B HTTP/1.1" 200 6859
190.171.141.138 - - [27/Mar/2019:11:27:23 -0300] "GET /cormun/servlet/solicitudot?313742d1c110bfad2e9d1ec897f4c2d8594df42d6b4e751df75bc27fdbcfae0ebb3e2562c02418c97cdce037c9217a7d83d8c501a8c38b1300d99372bfa58c94,gx-no-cache=1553696622342 HTTP/1.1" 200 59
190.171.141.138 - - [27/Mar/2019:11:27:45 -0300] "POST /cormun/servlet/solicitudot?gx-no-cache=1553696644247 HTTP/1.1" 200 254
190.171.141.138 - - [27/Mar/2019:11:27:45 -0300] "GET /cormun/servlet/solicitudot?313742d1c110bfad2e9d1ec897f4c2d83891db9c4adcca265d523e3bbbe601bdc89fe0fe571986972f8ca03d9346b8848861c9fb3ada34d1d7cb20ceddee38f1141f0fa2f8e890b320c7131e848f2e922edf3d75a1a3eebfcd696b1f9d2e72511e9caf0b15d1af622951ad6d57ff75e7c955eecbf8c02a26e8fc45e8fcdd43ea87c5a50ba0c4295fba4f83def4981d56bafaad7ece4644952c3992765600e53f525e1f9f66babbe964de08229454284ff6ed1793bed981fffd96b63657cdfeacef2a34c703a4983e61cd9b94a9409993c40f448b5929af600f92cdc327536c327427c6efb67db2b102ba5829d87a3e6be92cedf7c50c843e14908253c16bc0ebb9301902ea9c6921f9de37b0b22c7ba6e37ec062d9651a9655af7d1b1b14cba105067b79430614da38200e8ea6dcafd88bce818c0fb617a8548ede10a772573e451d3e8cc26a21f1998854deb743d75ce885303295f6676339ed68c08e3cfb79c764e62ccea9372f1eff7528bdeb63448f62866882bf906d7f51935f3e7a4376,gx-no-cache=1553696644311 HTTP/1.1" 200 30
190.171.141.138 - - [27/Mar/2019:11:27:45 -0300] "POST /cormun/servlet/solicitudot?gx-no-cache=1553696644335 HTTP/1.1" 200 30
190.171.141.138 - - [27/Mar/2019:11:27:45 -0300] "POST /cormun/servlet/solicitudot?gx-no-cache=1553696644365 HTTP/1.1" 200 1317
190.171.141.138 - - [27/Mar/2019:11:27:45 -0300] "POST /cormun/servlet/solicitudot?gx-no-cache=1553696644400 HTTP/1.1" 200 40
190.171.141.138 - - [27/Mar/2019:11:27:45 -0300] "GET /cormun/servlet/solicitudot?313742d1c110bfad2e9d1ec897f4c2d8f26e8a0993a13b652eb5ba312318e685a3a318813a7fd3c3a043aa90b6770e9f6930f528280316b05cf732022865f51410b0b3e09c46005f0d15d72ed5a9dd408e5a2082bcef652ffb7708896a5d588e04a52227bca35c54af009954d4e27826,gx-no-cache=1553696644421 HTTP/1.1" 200 110
190.171.141.138 - - [27/Mar/2019:11:27:45 -0300] "POST /cormun/servlet/solicitudot?gx-no-cache=1553696644449 HTTP/1.1" 200 97
190.171.141.138 - - [27/Mar/2019:11:27:45 -0300] "GET /cormun/servlet/solicitudot?313742d1c110bfad2e9d1ec897f4c2d823929950c58c858408bbaf7bc62b317f1ad3f89c21c4bc4bdd67ee2c8e891572,gx-no-cache=1553696644482 HTTP/1.1" 200 30
190.171.141.138 - - [27/Mar/2019:11:27:45 -0300] "POST /cormun/servlet/solicitudot?gx-no-cache=1553696644511 HTTP/1.1" 200 30
190.171.141.138 - - [27/Mar/2019:11:27:51 -0300] "POST /cormun/servlet/solicitudot?35bee384e5e0965c33323e434a183300,INS,0,0,,gx-no-cache=1553696649892 HTTP/1.1" 200 93
190.171.141.138 - - [27/Mar/2019:11:27:51 -0300] "GET /cormun/servlet/hpexe_return? HTTP/1.1" 200 1005
190.171.141.138 - - [27/Mar/2019:11:27:51 -0300] "GET /cormun/servlet/trsolicitudot HTTP/1.1" 200 9048
190.171.141.138 - - [27/Mar/2019:11:27:52 -0300] "GET /cormun/servlet/trsolicitudot HTTP/1.1" 200 9044
190.171.141.82 - - [27/Mar/2019:11:28:10 -0300] "GET /cormun/servlet/hlogin HTTP/1.1" 200 1729
190.171.141.82 - - [27/Mar/2019:11:28:11 -0300] "GET /cormun/static/gxcfg.js?20177612122725 HTTP/1.1" 200 953
190.171.141.82 - - [27/Mar/2019:11:28:11 -0300] "GET /cormun/static/gxtimezone.js?85251 HTTP/1.1" 200 5781
190.171.141.82 - - [27/Mar/2019:11:28:11 -0300] "GET /cormun/static/messages.spa.js?85251 HTTP/1.1" 200 30736
190.171.141.82 - - [27/Mar/2019:11:28:11 -0300] "GET /cormun/static/Resources/ComunLogin.png HTTP/1.1" 200 17326
190.171.141.82 - - [27/Mar/2019:11:28:11 -0300] "GET /cormun/static/Resources/Spanish/PXTools.css?1155365 HTTP/1.1" 200 89042
190.171.141.82 - - [27/Mar/2019:11:28:11 -0300] "GET /cormun/static/gxgral.js?85251 HTTP/1.1" 200 384558
190.171.141.82 - - [27/Mar/2019:11:28:11 -0300] "GET /cormun/static/hlogin.js?20177612122738 HTTP/1.1" 200 2136
190.171.141.82 - - [27/Mar/2019:11:28:12 -0300] "GET /cormun/static/Resources/PXToolsLoginTop.png HTTP/1.1" 200 1337
190.171.141.82 - - [27/Mar/2019:11:28:12 -0300] "GET /cormun/static/Resources/PXToolsButtonLeft21.png HTTP/1.1" 200 1287
190.171.141.82 - - [27/Mar/2019:11:28:12 -0300] "GET /cormun/static/Resources/PXToolsLoginBackground.png HTTP/1.1" 200 1164
190.171.141.82 - - [27/Mar/2019:11:28:12 -0300] "GET /cormun/static/Resources/PXToolsLoginBottom.png HTTP/1.1" 200 1389
190.171.141.82 - - [27/Mar/2019:11:28:12 -0300] "GET /cormun/static/Resources/PXToolsButtonRight21.png HTTP/1.1" 200 1283
190.171.141.82 - - [27/Mar/2019:11:28:12 -0300] "GET /cormun/static/Resources/PXToolsButtonBackground2.png HTTP/1.1" 200 1181
190.171.141.82 - - [27/Mar/2019:11:28:12 -0300] "GET /cormun/static/Resources/indicator.gif HTTP/1.1" 200 1553
190.171.141.82 - - [27/Mar/2019:11:28:12 -0300] "GET /cormun/servlet/hlogin HTTP/1.1" 200 1734
190.171.141.82 - - [27/Mar/2019:11:28:13 -0300] "GET /favicon.ico HTTP/1.1" 200 21630
190.171.141.138 - - [27/Mar/2019:11:29:32 -0300] "GET /cormun/servlet/solicitudot?INS,0,0, HTTP/1.1" 200 15346
190.171.141.138 - - [27/Mar/2019:11:29:32 -0300] "GET /cormun/servlet/solicitudot?INS,0,0, HTTP/1.1" 200 15351
190.171.141.138 - - [27/Mar/2019:11:29:47 -0300] "POST /cormun/servlet/solicitudot?gx-no-cache=1553696766065 HTTP/1.1" 200 3534
190.171.141.138 - - [27/Mar/2019:11:29:47 -0300] "POST /cormun/servlet/solicitudot?35bee384e5e0965c33323e434a183300,INS,0,0,,gx-no-cache=1553696766208 HTTP/1.1" 200 11950
190.171.141.138 - - [27/Mar/2019:11:29:53 -0300] "GET /cormun/servlet/solicitudot?313742d1c110bfad2e9d1ec897f4c2d838ff0b8fcb314a308ed247c6110a875e838c287f72ddca671d8f16d108ec0095,gx-no-cache=1553696772429 HTTP/1.1" 200 30
190.171.141.138 - - [27/Mar/2019:11:29:53 -0300] "GET /cormun/servlet/solicitudot?313742d1c110bfad2e9d1ec897f4c2d815c29366c6c50772a039b11aa1ac4c67,gx-no-cache=1553696772477 HTTP/1.1" 200 94
190.171.141.138 - - [27/Mar/2019:11:29:53 -0300] "GET /cormun/static/Shared/jqueryui/images/ui-bg_highlight-soft_100_c6c2c8_1x100.png HTTP/1.1" 404 1117
190.171.141.138 - - [27/Mar/2019:11:29:53 -0300] "GET /cormun/static/Shared/jqueryui/images/ui-bg_flat_55_994d53_40x100.png HTTP/1.1" 404 1097
190.171.141.138 - - [27/Mar/2019:11:29:53 -0300] "GET /cormun/static/Shared/jqueryui/images/ui-icons_ebccce_256x240.png HTTP/1.1" 404 1089
190.171.141.138 - - [27/Mar/2019:11:29:53 -0300] "GET /cormun/static/Shared/jqueryui/images/ui-icons_82798d_256x240.png HTTP/1.1" 404 1089
190.171.141.138 - - [27/Mar/2019:11:29:53 -0300] "GET /cormun/servlet/solicitudot?313742d1c110bfad2e9d1ec897f4c2d82270701e3d12dcb0751bbf8f2cb432ba,gx-no-cache=1553696772524 HTTP/1.1" 200 53
190.171.141.138 - - [27/Mar/2019:11:29:58 -0300] "GET /cormun/servlet/prbanco?,MD,,gxPopupLevel%3D0%3B HTTP/1.1" 200 6859
190.171.141.138 - - [27/Mar/2019:11:30:14 -0300] "GET /cormun/servlet/solicitudot?313742d1c110bfad2e9d1ec897f4c2d8594df42d6b4e751df75bc27fdbcfae0ebb3e2562c02418c97cdce037c9217a7d83d8c501a8c38b1300d99372bfa58c94,gx-no-cache=1553696793264 HTTP/1.1" 200 59
190.171.141.138 - - [27/Mar/2019:11:30:14 -0300] "POST /cormun/servlet/solicitudot?gx-no-cache=1553696793304 HTTP/1.1" 200 255
190.171.141.138 - - [27/Mar/2019:11:30:14 -0300] "GET /cormun/servlet/solicitudot?313742d1c110bfad2e9d1ec897f4c2d83891db9c4adcca265d523e3bbbe601bdc89fe0fe571986972f8ca03d9346b8848861c9fb3ada34d1d7cb20ceddee38f1141f0fa2f8e890b320c7131e848f2e922edf3d75a1a3eebfcd696b1f9d2e72511e9caf0b15d1af622951ad6d57ff75e7c955eecbf8c02a26e8fc45e8fcdd43ea87c5a50ba0c4295fba4f83def4981d56bafaad7ece4644952c3992765600e53f525e1f9f66babbe964de08229454284ff6ed1793bed981fffd96b63657cdfeacef2a34c703a4983e61cd9b94a9409993c40f448b5929af600f92cdc327536c327427c6efb67db2b102ba5829d87a3e6be92cedf7c50c843e14908253c16bc0ebb9301902ea9c6921f9de37b0b22c7ba6e37ec062d9651a9655af7d1b1b14cba105067b79430614da38200e8ea6dcafd88bce818c0fb617a8548ede10a772573e451d3e8cc26a21f1998854deb743d75ce885303295f6676339ed68c08e3cfb79c764e62ccea9372f1eff7528bdeb634468c5c1117fb8edca4b27f47cc4d040aa,gx-no-cache=1553696793358 HTTP/1.1" 200 30
190.171.141.138 - - [27/Mar/2019:11:30:14 -0300] "POST /cormun/servlet/solicitudot?gx-no-cache=1553696793380 HTTP/1.1" 200 30
190.171.141.138 - - [27/Mar/2019:11:30:14 -0300] "POST /cormun/servlet/solicitudot?gx-no-cache=1553696793419 HTTP/1.1" 200 1317
190.171.141.138 - - [27/Mar/2019:11:30:14 -0300] "POST /cormun/servlet/solicitudot?gx-no-cache=1553696793460 HTTP/1.1" 200 38
190.171.141.138 - - [27/Mar/2019:11:30:14 -0300] "GET /cormun/servlet/solicitudot?313742d1c110bfad2e9d1ec897f4c2d8f26e8a0993a13b652eb5ba312318e685a3a318813a7fd3c3a043aa90b6770e9f6930f528280316b05cf732022865f51410b0b3e09c46005f0d15d72ed5a9dd408e5a2082bcef652ffb7708896a5d588e04a52227bca35c54af009954d4e27826,gx-no-cache=1553696793488 HTTP/1.1" 200 110
190.171.141.138 - - [27/Mar/2019:11:30:18 -0300] "POST /cormun/servlet/solicitudot?gx-no-cache=1553696797362 HTTP/1.1" 200 97
192.168.10.96 - - [27/Mar/2019:11:30:24 -0300] "POST /cormun/servlet/trsolicitudgral?bd9e0ea4a59d82f11b0f481ce10b690c,,gx-no-cache=1553703825449 HTTP/1.1" 200 25677
190.171.141.138 - - [27/Mar/2019:11:30:38 -0300] "POST /cormun/servlet/solicitudot?gx-no-cache=1553696817222 HTTP/1.1" 200 1317
190.171.141.138 - - [27/Mar/2019:11:30:38 -0300] "POST /cormun/servlet/solicitudot?gx-no-cache=1553696817254 HTTP/1.1" 200 38
190.171.141.138 - - [27/Mar/2019:11:30:38 -0300] "GET /cormun/servlet/solicitudot?313742d1c110bfad2e9d1ec897f4c2d8f26e8a0993a13b652eb5ba312318e685a3a318813a7fd3c3a043aa90b6770e9f6930f528280316b05cf732022865f51410b0b3e09c46005f0d15d72ed5a9dd408e5a2082bcef652ffb7708896a5d588e04a52227bca35c54af009954d4e27826,gx-no-cache=1553696817275 HTTP/1.1" 200 110
190.171.141.138 - - [27/Mar/2019:11:30:38 -0300] "POST /cormun/servlet/solicitudot?gx-no-cache=1553696817302 HTTP/1.1" 200 97
190.171.141.138 - - [27/Mar/2019:11:30:38 -0300] "GET /cormun/servlet/solicitudot?313742d1c110bfad2e9d1ec897f4c2d8d44036aaa3d78b55b2c5d725fcbfd62e913be0a1b0a514da5cd68de1a2caa70fa1e133081cf1af918422a6f6f061302616651e156fa6e2f09fb9999c5df0d1d29f33ad6c140db52e1fff6fe9dc99f89d959114728f248c6314d105591055502bdaa9bc29196a7cd9b3bcf4aecd76c1a24292328414b29cca6f9597647affb73f54879322e57eed23add2abd452817ae4,gx-no-cache=1553696817337 HTTP/1.1" 200 29
190.171.141.138 - - [27/Mar/2019:11:30:38 -0300] "GET /cormun/static/menuarrow.gif HTTP/1.1" 404 1015
190.171.141.138 - - [27/Mar/2019:11:30:40 -0300] "POST /cormun/servlet/solicitudot?gx-no-cache=1553696819986 HTTP/1.1" 200 1317
190.171.141.138 - - [27/Mar/2019:11:30:40 -0300] "POST /cormun/servlet/solicitudot?gx-no-cache=1553696820085 HTTP/1.1" 200 38
190.171.141.138 - - [27/Mar/2019:11:30:40 -0300] "GET /cormun/servlet/solicitudot?313742d1c110bfad2e9d1ec897f4c2d8f26e8a0993a13b652eb5ba312318e685a3a318813a7fd3c3a043aa90b6770e9f6930f528280316b05cf732022865f51410b0b3e09c46005f0d15d72ed5a9dd408e5a2082bcef652ffb7708896a5d588e04a52227bca35c54af009954d4e27826,gx-no-cache=1553696820106 HTTP/1.1" 200 110
190.171.141.138 - - [27/Mar/2019:11:30:41 -0300] "POST /cormun/servlet/solicitudot?gx-no-cache=1553696820154 HTTP/1.1" 200 97
200.54.103.162 - - [27/Mar/2019:11:30:41 -0300] "POST /cormun/servlet/vesolicitudot?437b1a625bcdd72c898fd27d2b4e0638,2019,14975,,,gx-no-cache=1553696819840 HTTP/1.1" 200 90
200.54.103.162 - - [27/Mar/2019:11:30:41 -0300] "GET /cormun/servlet/hpexe_link HTTP/1.1" 200 964
200.54.103.162 - - [27/Mar/2019:11:30:42 -0300] "GET /cormun/servlet/trsolicitudot HTTP/1.1" 200 9323
190.171.141.138 - - [27/Mar/2019:11:30:43 -0300] "GET /cormun/servlet/solicitudot?313742d1c110bfad2e9d1ec897f4c2d823929950c58c858408bbaf7bc62b317f1ad3f89c21c4bc4bdd67ee2c8e891572,gx-no-cache=1553696822178 HTTP/1.1" 200 30
200.54.103.162 - - [27/Mar/2019:11:30:44 -0300] "GET /cormun/servlet/trsolicitudot HTTP/1.1" 200 9322
190.171.141.138 - - [27/Mar/2019:11:30:50 -0300] "POST /cormun/servlet/solicitudot?gx-no-cache=1553696829620 HTTP/1.1" 200 30
190.171.141.138 - - [27/Mar/2019:11:30:54 -0300] "POST /cormun/servlet/solicitudot?35bee384e5e0965c33323e434a183300,INS,0,0,,gx-no-cache=1553696833486 HTTP/1.1" 200 12298
200.54.103.162 - - [27/Mar/2019:11:31:13 -0300] "POST /cormun/servlet/trsolicitudot?437b1a625bcdd72c898fd27d2b4e0638,gx-no-cache=1553696851503 HTTP/1.1" 200 107
200.54.103.162 - - [27/Mar/2019:11:31:13 -0300] "GET /cormun/servlet/trsolicitudadjuntos?2019,14975, HTTP/1.1" 200 6436
200.54.103.162 - - [27/Mar/2019:11:31:13 -0300] "GET /cormun/static/gxcfg.js?20177612135366 HTTP/1.1" 200 953
200.54.103.162 - - [27/Mar/2019:11:31:13 -0300] "GET /cormun/static/trsolicitudadjuntos.js?20177612135632 HTTP/1.1" 200 17922
200.54.103.162 - - [27/Mar/2019:11:31:15 -0300] "GET /cormun/servlet/trsolicitudadjuntos?2019,14975, HTTP/1.1" 200 6436
190.171.141.138 - - [27/Mar/2019:11:31:16 -0300] "GET /cormun/servlet/solicitudot?313742d1c110bfad2e9d1ec897f4c2d87413c1ce9298cf4ed9435b6db46528d0e0076b31c12bd0fe655b54a609c126654706371d7b025146852dd2b573fac17c,gx-no-cache=1553696855754 HTTP/1.1" 200 30
190.171.141.138 - - [27/Mar/2019:11:31:16 -0300] "POST /cormun/servlet/solicitudot?gx-no-cache=1553696855785 HTTP/1.1" 200 255
190.171.141.138 - - [27/Mar/2019:11:31:16 -0300] "GET /cormun/servlet/solicitudot?313742d1c110bfad2e9d1ec897f4c2d83891db9c4adcca265d523e3bbbe601bdc89fe0fe571986972f8ca03d9346b8848861c9fb3ada34d1d7cb20ceddee38f1141f0fa2f8e890b320c7131e848f2e922edf3d75a1a3eebfcd696b1f9d2e72511e9caf0b15d1af622951ad6d57ff75e7c955eecbf8c02a26e8fc45e8fcdd43ea87c5a50ba0c4295fba4f83def4981d56bafaad7ece4644952c3992765600e53f525e1f9f66babbe964de08229454284ff6ed1793bed981fffd96b63657cdfeacef2a34c703a4983e61cd9b94a9409993c40f448b5929af600f92cdc327536c327427c6efb67db2b102ba5829d87a3e6be92cedf7c50c843e14908253c16bc0ebb9301902ea9c6921f9de37b0b22c7ba6e37ec062d9651a9655af7d1b1b14cba105067b79430614da38200e8ea6dcafd88bce818c0fb617a8548ede10a772573e451d3e8cc26a21f1998854deb743d75ce885303295f6676339ed68c08e3cfb79c764e62ccea9372f1eff7528bdeb63448f62866882bf906d7f51935f3e7a4376,gx-no-cache=1553696855813 HTTP/1.1" 200 30
190.171.141.138 - - [27/Mar/2019:11:31:16 -0300] "POST /cormun/servlet/solicitudot?gx-no-cache=1553696855840 HTTP/1.1" 200 30
190.171.141.138 - - [27/Mar/2019:11:31:16 -0300] "POST /cormun/servlet/solicitudot?gx-no-cache=1553696855878 HTTP/1.1" 200 1317
190.171.141.138 - - [27/Mar/2019:11:31:16 -0300] "POST /cormun/servlet/solicitudot?gx-no-cache=1553696855926 HTTP/1.1" 200 40
190.171.141.138 - - [27/Mar/2019:11:31:16 -0300] "GET /cormun/servlet/solicitudot?313742d1c110bfad2e9d1ec897f4c2d8f26e8a0993a13b652eb5ba312318e685a3a318813a7fd3c3a043aa90b6770e9f6930f528280316b05cf732022865f51410b0b3e09c46005f0d15d72ed5a9dd408e5a2082bcef652ffb7708896a5d588e04a52227bca35c54af009954d4e27826,gx-no-cache=1553696855960 HTTP/1.1" 200 110
190.171.141.138 - - [27/Mar/2019:11:31:16 -0300] "POST /cormun/servlet/solicitudot?gx-no-cache=1553696855989 HTTP/1.1" 200 97
190.171.141.138 - - [27/Mar/2019:11:31:16 -0300] "GET /cormun/servlet/solicitudot?313742d1c110bfad2e9d1ec897f4c2d823929950c58c858408bbaf7bc62b317f1ad3f89c21c4bc4bdd67ee2c8e891572,gx-no-cache=1553696856026 HTTP/1.1" 200 30
190.171.141.138 - - [27/Mar/2019:11:31:16 -0300] "POST /cormun/servlet/solicitudot?gx-no-cache=1553696856058 HTTP/1.1" 200 30
190.171.141.138 - - [27/Mar/2019:11:31:17 -0300] "POST /cormun/servlet/solicitudot?35bee384e5e0965c33323e434a183300,INS,0,0,,gx-no-cache=1553696856094 HTTP/1.1" 200 93
190.171.141.138 - - [27/Mar/2019:11:31:17 -0300] "GET /cormun/servlet/hpexe_return? HTTP/1.1" 200 1005
200.54.103.162 - - [27/Mar/2019:11:31:17 -0300] "GET /cormun/servlet/solicitudotadjuntos?INS,2019,14975,,1, HTTP/1.1" 200 6380
200.54.103.162 - - [27/Mar/2019:11:31:18 -0300] "GET /cormun/static/gxcfg.js?2017761244068 HTTP/1.1" 200 953
200.54.103.162 - - [27/Mar/2019:11:31:18 -0300] "GET /cormun/static/solicitudotadjuntos.js?2017761244086 HTTP/1.1" 200 11771
190.171.141.138 - - [27/Mar/2019:11:31:18 -0300] "GET /cormun/servlet/trsolicitudot HTTP/1.1" 200 9398
200.54.103.162 - - [27/Mar/2019:11:31:18 -0300] "GET /cormun/static/about:blank HTTP/1.1" 404 1011
190.171.141.138 - - [27/Mar/2019:11:31:18 -0300] "GET /cormun/servlet/trsolicitudot HTTP/1.1" 200 9394
200.54.103.162 - - [27/Mar/2019:11:31:19 -0300] "GET /cormun/servlet/solicitudotadjuntos?INS,2019,14975,,1, HTTP/1.1" 200 6374
200.54.103.162 - - [27/Mar/2019:11:31:19 -0300] "GET /cormun/servlet/solicitudotadjuntos?f464a396ebd744f9447b81995590da5a1d8a52ed45ad05d03882c621da534e9f032d6ec020cc6207bfe4e2ba22613582,gx-no-cache=1553696858400 HTTP/1.1" 200 30
200.54.103.162 - - [27/Mar/2019:11:31:20 -0300] "POST /cormun/servlet/solicitudotadjuntos?437b1a625bcdd72c898fd27d2b4e0638,INS,2019,14975,,1,,gx-no-cache=1553696858444 HTTP/1.1" 200 4102
190.171.141.138 - - [27/Mar/2019:11:31:20 -0300] "GET /cormun/servlet/solicitudot?INS,0,0, HTTP/1.1" 200 15346
190.171.141.138 - - [27/Mar/2019:11:31:21 -0300] "GET /cormun/servlet/solicitudot?INS,0,0, HTTP/1.1" 200 15351
200.54.103.162 - - [27/Mar/2019:11:31:21 -0300] "POST /cormun/servlet/solicitudotadjuntos?gx-no-cache=1553696860236 HTTP/1.1" 200 26
200.54.103.162 - - [27/Mar/2019:11:31:31 -0300] "GET /cormun/servlet/solicitudotadjuntos?f464a396ebd744f9447b81995590da5a7c8eb3db0c0ba22ea82edd2c78a3adf8,gx-no-cache=1553696869796 HTTP/1.1" 200 30
200.54.103.162 - - [27/Mar/2019:11:31:31 -0300] "GET /cormun/servlet/solicitudotadjuntos?f464a396ebd744f9447b81995590da5a7c8eb3db0c0ba22ea82edd2c78a3adf8,gx-no-cache=1553696869913 HTTP/1.1" 200 30
190.171.141.138 - - [27/Mar/2019:11:31:31 -0300] "POST /cormun/servlet/solicitudot?gx-no-cache=1553696870577 HTTP/1.1" 200 3534
190.171.141.138 - - [27/Mar/2019:11:31:31 -0300] "POST /cormun/servlet/solicitudot?35bee384e5e0965c33323e434a183300,INS,0,0,,gx-no-cache=1553696870905 HTTP/1.1" 200 11951
200.54.103.162 - - [27/Mar/2019:11:31:33 -0300] "POST /cormun/servlet/solicitudotadjuntos?437b1a625bcdd72c898fd27d2b4e0638,INS,2019,14975,,1, HTTP/1.1" 200 116
200.54.103.162 - - [27/Mar/2019:11:31:33 -0300] "GET /cormun/servlet/hpexe_return? HTTP/1.1" 200 1027
200.54.103.162 - - [27/Mar/2019:11:31:33 -0300] "GET /cormun/servlet/trsolicitudadjuntos?2019,14975, HTTP/1.1" 200 9017
190.171.141.138 - - [27/Mar/2019:11:31:34 -0300] "GET /cormun/servlet/prbanco?,MD,,gxPopupLevel%3D0%3B HTTP/1.1" 200 6859
200.54.103.162 - - [27/Mar/2019:11:31:35 -0300] "GET /cormun/servlet/trsolicitudadjuntos?2019,14975, HTTP/1.1" 200 9015
200.54.103.162 - - [27/Mar/2019:11:31:37 -0300] "GET /cormun/servlet/solicitudotadjuntos?INS,2019,14975,,1, HTTP/1.1" 200 6380
200.54.103.162 - - [27/Mar/2019:11:31:37 -0300] "GET /cormun/static/about:blank HTTP/1.1" 404 1011
200.54.103.162 - - [27/Mar/2019:11:31:38 -0300] "GET /cormun/servlet/solicitudotadjuntos?INS,2019,14975,,1, HTTP/1.1" 200 6373
200.54.103.162 - - [27/Mar/2019:11:31:39 -0300] "GET /cormun/servlet/solicitudotadjuntos?f464a396ebd744f9447b81995590da5a1d8a52ed45ad05d03882c621da534e9f032d6ec020cc6207bfe4e2ba22613582,gx-no-cache=1553696877678 HTTP/1.1" 200 30
200.54.103.162 - - [27/Mar/2019:11:31:39 -0300] "POST /cormun/servlet/solicitudotadjuntos?437b1a625bcdd72c898fd27d2b4e0638,INS,2019,14975,,1,,gx-no-cache=1553696877787 HTTP/1.1" 200 4102
190.171.141.138 - - [27/Mar/2019:11:31:40 -0300] "GET /cormun/servlet/solicitudot?313742d1c110bfad2e9d1ec897f4c2d838ff0b8fcb314a308ed247c6110a875e838c287f72ddca671d8f16d108ec0095,gx-no-cache=1553696879399 HTTP/1.1" 200 30
190.171.141.138 - - [27/Mar/2019:11:31:40 -0300] "GET /cormun/servlet/solicitudot?313742d1c110bfad2e9d1ec897f4c2d815c29366c6c50772a039b11aa1ac4c67,gx-no-cache=1553696879424 HTTP/1.1" 200 94
190.171.141.138 - - [27/Mar/2019:11:31:40 -0300] "GET /cormun/static/Shared/jqueryui/images/ui-bg_highlight-soft_100_c6c2c8_1x100.png HTTP/1.1" 404 1117
190.171.141.138 - - [27/Mar/2019:11:31:40 -0300] "GET /cormun/static/Shared/jqueryui/images/ui-icons_ebccce_256x240.png HTTP/1.1" 404 1089
190.171.141.138 - - [27/Mar/2019:11:31:40 -0300] "GET /cormun/static/Shared/jqueryui/images/ui-icons_82798d_256x240.png HTTP/1.1" 404 1089
190.171.141.138 - - [27/Mar/2019:11:31:40 -0300] "GET /cormun/static/Shared/jqueryui/images/ui-bg_flat_55_994d53_40x100.png HTTP/1.1" 404 1097
200.54.103.162 - - [27/Mar/2019:11:31:41 -0300] "POST /cormun/servlet/solicitudotadjuntos?gx-no-cache=1553696880194 HTTP/1.1" 200 26
190.171.141.138 - - [27/Mar/2019:11:31:42 -0300] "GET /cormun/servlet/solicitudot?313742d1c110bfad2e9d1ec897f4c2d8c9f7747ebee75c80b0d8b729ca44b7ba,gx-no-cache=1553696881158 HTTP/1.1" 200 59
200.54.103.162 - - [27/Mar/2019:11:31:46 -0300] "GET /cormun/servlet/solicitudotadjuntos?f464a396ebd744f9447b81995590da5a7c8eb3db0c0ba22ea82edd2c78a3adf8,gx-no-cache=1553696884579 HTTP/1.1" 200 30
200.54.103.162 - - [27/Mar/2019:11:31:46 -0300] "GET /cormun/servlet/solicitudotadjuntos?f464a396ebd744f9447b81995590da5a7c8eb3db0c0ba22ea82edd2c78a3adf8,gx-no-cache=1553696884601 HTTP/1.1" 200 30
200.54.103.162 - - [27/Mar/2019:11:31:46 -0300] "POST /cormun/servlet/solicitudotadjuntos?437b1a625bcdd72c898fd27d2b4e0638,INS,2019,14975,,1, HTTP/1.1" 200 116
200.54.103.162 - - [27/Mar/2019:11:31:46 -0300] "GET /cormun/servlet/hpexe_return? HTTP/1.1" 200 1027
200.54.103.162 - - [27/Mar/2019:11:31:47 -0300] "GET /cormun/servlet/trsolicitudadjuntos?2019,14975, HTTP/1.1" 200 9231
192.168.10.96 - - [27/Mar/2019:11:31:47 -0300] "POST /cormun/servlet/trsolicitudgral?bd9e0ea4a59d82f11b0f481ce10b690c,,gx-no-cache=1553703908169 HTTP/1.1" 200 25700
200.54.103.162 - - [27/Mar/2019:11:31:48 -0300] "GET /cormun/servlet/trsolicitudadjuntos?2019,14975, HTTP/1.1" 200 9232
200.54.103.162 - - [27/Mar/2019:11:31:50 -0300] "GET /cormun/servlet/solicitudotadjuntos?INS,2019,14975,,1, HTTP/1.1" 200 6380
200.54.103.162 - - [27/Mar/2019:11:31:50 -0300] "GET /cormun/static/about:blank HTTP/1.1" 404 1011
200.54.103.162 - - [27/Mar/2019:11:31:51 -0300] "GET /cormun/servlet/solicitudotadjuntos?INS,2019,14975,,1, HTTP/1.1" 200 6373
200.54.103.162 - - [27/Mar/2019:11:31:52 -0300] "GET /cormun/servlet/solicitudotadjuntos?f464a396ebd744f9447b81995590da5a1d8a52ed45ad05d03882c621da534e9f032d6ec020cc6207bfe4e2ba22613582,gx-no-cache=1553696890696 HTTP/1.1" 200 30
200.54.103.162 - - [27/Mar/2019:11:31:52 -0300] "POST /cormun/servlet/solicitudotadjuntos?437b1a625bcdd72c898fd27d2b4e0638,INS,2019,14975,,1,,gx-no-cache=1553696890747 HTTP/1.1" 200 4102
200.54.103.162 - - [27/Mar/2019:11:31:54 -0300] "POST /cormun/servlet/solicitudotadjuntos?gx-no-cache=1553696892730 HTTP/1.1" 200 26
190.171.141.138 - - [27/Mar/2019:11:31:58 -0300] "POST /cormun/servlet/solicitudot?gx-no-cache=1553696897827 HTTP/1.1" 200 255
190.171.141.138 - - [27/Mar/2019:11:31:58 -0300] "GET /cormun/servlet/solicitudot?313742d1c110bfad2e9d1ec897f4c2d83891db9c4adcca265d523e3bbbe601bdc89fe0fe571986972f8ca03d9346b8848861c9fb3ada34d1d7cb20ceddee38f1141f0fa2f8e890b320c7131e848f2e922edf3d75a1a3eebfcd696b1f9d2e72511e9caf0b15d1af622951ad6d57ff75e7c955eecbf8c02a26e8fc45e8fcdd43ea87c5a50ba0c4295fba4f83def4981d56bafaad7ece4644952c3992765600e53f525e1f9f66babbe964de08229454284ff6ed1793bed981fffd96b63657cdfeacef2a34c703a4983e61cd9b94a9409993c40f448b5929af600f92cdc327536c327427c6efb67db2b102ba5829d87a3e6be92cedf7c50c843e14908253c16bc0ebb9301902ea9c6921f9de37b0b22c7ba6e37ec062d9651a9655af7d1b1b14cba105067b79430614da38200e8ea6dcafd88bce818c0fb617a8548ede10a772573e451d3e8cc26a21f1998854deb743d75ce885303295f6676339ed68c08e3cfb79c764e62ccea9372f1eff7528bdeb634468c5c1117fb8edca4b27f47cc4d040aa,gx-no-cache=1553696897952 HTTP/1.1" 200 30
200.54.103.162 - - [27/Mar/2019:11:31:58 -0300] "GET /cormun/servlet/solicitudotadjuntos?f464a396ebd744f9447b81995590da5a7c8eb3db0c0ba22ea82edd2c78a3adf8,gx-no-cache=1553696897019 HTTP/1.1" 200 30
200.54.103.162 - - [27/Mar/2019:11:31:59 -0300] "GET /cormun/servlet/solicitudotadjuntos?f464a396ebd744f9447b81995590da5a7c8eb3db0c0ba22ea82edd2c78a3adf8,gx-no-cache=1553696897442 HTTP/1.1" 200 30
200.54.103.162 - - [27/Mar/2019:11:31:59 -0300] "POST /cormun/servlet/solicitudotadjuntos?437b1a625bcdd72c898fd27d2b4e0638,INS,2019,14975,,1, HTTP/1.1" 200 116
200.54.103.162 - - [27/Mar/2019:11:31:59 -0300] "GET /cormun/servlet/hpexe_return? HTTP/1.1" 200 1027
200.54.103.162 - - [27/Mar/2019:11:31:59 -0300] "GET /cormun/servlet/trsolicitudadjuntos?2019,14975, HTTP/1.1" 200 9402
190.171.141.138 - - [27/Mar/2019:11:32:00 -0300] "POST /cormun/servlet/solicitudot?gx-no-cache=1553696899929 HTTP/1.1" 200 30
200.54.103.162 - - [27/Mar/2019:11:32:01 -0300] "GET /cormun/servlet/trsolicitudadjuntos?2019,14975, HTTP/1.1" 200 9403
200.54.103.162 - - [27/Mar/2019:11:32:03 -0300] "GET /cormun/servlet/solicitudotadjuntos?INS,2019,14975,,1, HTTP/1.1" 200 6380
200.54.103.162 - - [27/Mar/2019:11:32:04 -0300] "GET /cormun/static/about:blank HTTP/1.1" 404 1011
200.54.103.162 - - [27/Mar/2019:11:32:05 -0300] "GET /cormun/servlet/solicitudotadjuntos?INS,2019,14975,,1, HTTP/1.1" 200 6373
200.54.103.162 - - [27/Mar/2019:11:32:05 -0300] "GET /cormun/servlet/solicitudotadjuntos?f464a396ebd744f9447b81995590da5a1d8a52ed45ad05d03882c621da534e9f032d6ec020cc6207bfe4e2ba22613582,gx-no-cache=1553696903806 HTTP/1.1" 200 30
200.54.103.162 - - [27/Mar/2019:11:32:05 -0300] "POST /cormun/servlet/solicitudotadjuntos?437b1a625bcdd72c898fd27d2b4e0638,INS,2019,14975,,1,,gx-no-cache=1553696903854 HTTP/1.1" 200 4102
200.54.103.162 - - [27/Mar/2019:11:32:08 -0300] "POST /cormun/servlet/solicitudotadjuntos?gx-no-cache=1553696906482 HTTP/1.1" 200 26
200.54.103.162 - - [27/Mar/2019:11:32:12 -0300] "GET /cormun/servlet/solicitudotadjuntos?f464a396ebd744f9447b81995590da5a7c8eb3db0c0ba22ea82edd2c78a3adf8,gx-no-cache=1553696911299 HTTP/1.1" 200 30
200.54.103.162 - - [27/Mar/2019:11:32:12 -0300] "GET /cormun/servlet/solicitudotadjuntos?f464a396ebd744f9447b81995590da5a7c8eb3db0c0ba22ea82edd2c78a3adf8,gx-no-cache=1553696911345 HTTP/1.1" 200 30
200.54.103.162 - - [27/Mar/2019:11:32:13 -0300] "POST /cormun/servlet/solicitudotadjuntos?437b1a625bcdd72c898fd27d2b4e0638,INS,2019,14975,,1, HTTP/1.1" 200 116
200.54.103.162 - - [27/Mar/2019:11:32:13 -0300] "GET /cormun/servlet/hpexe_return? HTTP/1.1" 200 1027
200.54.103.162 - - [27/Mar/2019:11:32:14 -0300] "GET /cormun/servlet/trsolicitudadjuntos?2019,14975, HTTP/1.1" 200 9626
200.54.103.162 - - [27/Mar/2019:11:32:16 -0300] "GET /cormun/servlet/trsolicitudadjuntos?2019,14975, HTTP/1.1" 200 9624
200.54.103.162 - - [27/Mar/2019:11:32:17 -0300] "GET /cormun/servlet/solicitudotadjuntos?INS,2019,14975,,1, HTTP/1.1" 200 6380
200.54.103.162 - - [27/Mar/2019:11:32:18 -0300] "GET /cormun/static/about:blank HTTP/1.1" 404 1011
200.54.103.162 - - [27/Mar/2019:11:32:19 -0300] "GET /cormun/servlet/solicitudotadjuntos?INS,2019,14975,,1, HTTP/1.1" 200 6373
200.54.103.162 - - [27/Mar/2019:11:32:19 -0300] "GET /cormun/servlet/solicitudotadjuntos?f464a396ebd744f9447b81995590da5a1d8a52ed45ad05d03882c621da534e9f032d6ec020cc6207bfe4e2ba22613582,gx-no-cache=1553696918067 HTTP/1.1" 200 30
200.54.103.162 - - [27/Mar/2019:11:32:19 -0300] "POST /cormun/servlet/solicitudotadjuntos?437b1a625bcdd72c898fd27d2b4e0638,INS,2019,14975,,1,,gx-no-cache=1553696918121 HTTP/1.1" 200 4102
190.171.141.138 - - [27/Mar/2019:11:32:22 -0300] "POST /cormun/servlet/solicitudot?gx-no-cache=1553696921684 HTTP/1.1" 200 1317
190.171.141.138 - - [27/Mar/2019:11:32:22 -0300] "POST /cormun/servlet/solicitudot?gx-no-cache=1553696921785 HTTP/1.1" 200 38
190.171.141.138 - - [27/Mar/2019:11:32:22 -0300] "GET /cormun/servlet/solicitudot?313742d1c110bfad2e9d1ec897f4c2d8f26e8a0993a13b652eb5ba312318e685a3a318813a7fd3c3a043aa90b6770e9f6930f528280316b05cf732022865f51410b0b3e09c46005f0d15d72ed5a9dd408e5a2082bcef652ffb7708896a5d588e04a52227bca35c54af009954d4e27826,gx-no-cache=1553696921806 HTTP/1.1" 200 110
200.54.103.162 - - [27/Mar/2019:11:32:22 -0300] "POST /cormun/servlet/solicitudotadjuntos?gx-no-cache=1553696921138 HTTP/1.1" 200 26
