190.171.142.50 - - [26/Mar/2019:10:00:33 -0300] "GET /cormun/servlet/solicitudotadjuntos?56bb27dd729a8d3ec313ef7a53b337e245d9c87ca259143ccd0b7defdc581e389e6a2f963b9096af5b62489603f5f3b6,gx-no-cache=1553605014129 HTTP/1.1" 200 30
190.171.142.50 - - [26/Mar/2019:10:00:34 -0300] "POST /cormun/servlet/solicitudotadjuntos?ba52a50da1237657046fcadb6896a479,INS,2019,14957,,1,,gx-no-cache=1553605014204 HTTP/1.1" 200 3888
186.67.164.138 - - [26/Mar/2019:10:00:36 -0300] "POST /cormun/servlet/trsolicitudot?8156ef73c3d85e934f8f4eafa2bcbf0e,,gx-no-cache=1553605015700 HTTP/1.1" 200 106
186.67.164.138 - - [26/Mar/2019:10:00:36 -0300] "GET /cormun/servlet/solicitudot?UPD,2019,14937, HTTP/1.1" 200 15460
186.103.159.204 - - [26/Mar/2019:10:00:37 -0300] "POST /cormun/servlet/solicitudot?gx-no-cache=1553605014556 HTTP/1.1" 200 3450
186.103.159.204 - - [26/Mar/2019:10:00:37 -0300] "POST /cormun/servlet/solicitudot?faa8255babe6c9e35b85c08665ad5601,INS,0,0,,gx-no-cache=1553605014798 HTTP/1.1" 200 11643
190.171.142.50 - - [26/Mar/2019:10:00:37 -0300] "POST /cormun/servlet/solicitudotadjuntos?gx-no-cache=1553605017694 HTTP/1.1" 200 26
186.67.164.138 - - [26/Mar/2019:10:00:38 -0300] "GET /cormun/servlet/solicitudot?UPD,2019,14937, HTTP/1.1" 200 15470
186.67.164.138 - - [26/Mar/2019:10:00:38 -0300] "POST /cormun/servlet/solicitudot?gx-no-cache=1553605017852 HTTP/1.1" 200 3521
186.67.164.138 - - [26/Mar/2019:10:00:38 -0300] "POST /cormun/servlet/solicitudot?8156ef73c3d85e934f8f4eafa2bcbf0e,UPD,2019,14937,,gx-no-cache=1553605018053 HTTP/1.1" 200 11813
186.67.164.138 - - [26/Mar/2019:10:00:39 -0300] "GET /cormun/servlet/solicitudot?31eadb5bece15d5fd96f08f4f91bfdfce12d9122e8e59989980b8e5098ebc2752d8dc3aed7a56776442a5e9c912beac6,gx-no-cache=1553605018302 HTTP/1.1" 200 30
186.67.164.138 - - [26/Mar/2019:10:00:39 -0300] "GET /cormun/servlet/solicitudot?31eadb5bece15d5fd96f08f4f91bfdfcf9d51d7791e7b0f98199c3d1a04b09f0a294d97b1a57acdce67a4290c66794561fa9c57fdeb509ea7fb70dc7b2f84ec5,gx-no-cache=1553605018332 HTTP/1.1" 200 30
186.67.164.138 - - [26/Mar/2019:10:00:39 -0300] "GET /cormun/servlet/solicitudot?31eadb5bece15d5fd96f08f4f91bfdfcaa92597223bcb2d86fe1d78e982d727d316282ff93e9a70b3760b1ee3bfa47671a4331013f8977d9a64165b453ddb6ce,gx-no-cache=1553605018356 HTTP/1.1" 200 51
186.67.164.138 - - [26/Mar/2019:10:00:39 -0300] "POST /cormun/servlet/solicitudot?gx-no-cache=1553605018384 HTTP/1.1" 200 254
186.67.164.138 - - [26/Mar/2019:10:00:39 -0300] "GET /cormun/servlet/solicitudot?31eadb5bece15d5fd96f08f4f91bfdfc28bb390ebbe4265cfa69a93ef39083b34757d5b20ca4585e9ba345ee4f9f375ebef8e6266ff8365082551846c4c19f66c4fa3a63f90b556b078217e29c0279faad40fe65e7fda7c216b72d3cb0e45352c1b5f5a0d4b79c1fcf2d9ea0060a061d9a47b340f286dee80b24a8354a43649f373398f3ba395f74284f16d285fc0643624f81db6b72984946196882e189531b66f9db7b6716bdc6a08531aac737c9b98ac867c6e7929f8917ebacac5c9409ab8487d672bac2efb5e9607b1756466c7996c465170ce87407a683413f024f4e521247f5754a5a126ff4aa156fc7cf5f4cfd7e0009f1d37c299287db3d150848329bda542f9a1316f9ecf1857a8d9a68779d7e69b8c6ff0439c8cad739fe5d6855d9b6d562b5af5b1727190706f99d29f47cd2b989ca7fc5387b94f2420aecadbda0822cd3419cfe09f22dcd125b7bb92a313f400b8e41b021a092bd2a7196ef48b4cac5fc7f9fdc570c1e7bb5a8f4d96b81c6bdbba1e0cacf442484086daba835,gx-no-cache=1553605018417 HTTP/1.1" 200 30
186.67.164.138 - - [26/Mar/2019:10:00:39 -0300] "POST /cormun/servlet/solicitudot?gx-no-cache=1553605018440 HTTP/1.1" 200 30
186.67.164.138 - - [26/Mar/2019:10:00:39 -0300] "POST /cormun/servlet/solicitudot?gx-no-cache=1553605018471 HTTP/1.1" 200 1288
186.67.164.138 - - [26/Mar/2019:10:00:39 -0300] "POST /cormun/servlet/solicitudot?gx-no-cache=1553605018514 HTTP/1.1" 200 40
186.103.159.204 - - [26/Mar/2019:10:00:39 -0300] "GET /cormun/servlet/solicitudot?97190e0e17103f5a87e7d4cd4cc0757426a1ea76891f51eecfe57fb56210f26c39ded27722aef62dfc77357971b066c8,gx-no-cache=1553605017716 HTTP/1.1" 200 30
186.67.164.138 - - [26/Mar/2019:10:00:40 -0300] "GET /cormun/servlet/solicitudot?31eadb5bece15d5fd96f08f4f91bfdfc33ccd811a395fe46f3273e6f13612669f2cc2ddd5b42be1da1a1367e4e75c804e015266031016174f735f9eaf862a6a5a922b95c07933023e8ca5c55b6d8ff11cc71a3985471c2c162b8a6fbf6c7b8d7e47dbd7a8b0a9ef3d333dc69cae6ecd6,gx-no-cache=1553605019873 HTTP/1.1" 200 110
186.67.164.138 - - [26/Mar/2019:10:00:40 -0300] "POST /cormun/servlet/solicitudot?gx-no-cache=1553605020020 HTTP/1.1" 200 109
186.67.164.138 - - [26/Mar/2019:10:00:42 -0300] "GET /cormun/servlet/solicitudot?31eadb5bece15d5fd96f08f4f91bfdfcbf5438b81fb2155c6c27cfdf93ed23f44262701d2f959e910890d7eea7b9ac6307ea010e8989a06048a1d037c38a5ad3c8574a34310beca357dc8869dcb2d5a9fec62538f2ea91afb6ea36cc70df168f0baa40dfa4d04e50e1a29b13c75b8c01b01e6967b749f4a59600614e4b266135200613932c6811ab8398b8da4a0d8fe3c7319ed59e786a9dc1eebc5cff696d9898acf0ae12a41bf20026d59320420e65d925513ad39cd981a8dd9a1a33e9d6e5dea314653eb2e4a460c4d6b47f07f98f,gx-no-cache=1553605021648 HTTP/1.1" 200 30
190.171.142.50 - - [26/Mar/2019:10:00:43 -0300] "GET /cormun/servlet/solicitudotadjuntos?56bb27dd729a8d3ec313ef7a53b337e2da61aac2eb25697e602a3aee8ae57c27,gx-no-cache=1553605023610 HTTP/1.1" 200 30
190.171.142.50 - - [26/Mar/2019:10:00:43 -0300] "GET /cormun/servlet/solicitudotadjuntos?56bb27dd729a8d3ec313ef7a53b337e2da61aac2eb25697e602a3aee8ae57c27,gx-no-cache=1553605023695 HTTP/1.1" 200 30
190.171.142.50 - - [26/Mar/2019:10:00:45 -0300] "POST /cormun/servlet/solicitudotadjuntos?ba52a50da1237657046fcadb6896a479,INS,2019,14957,,1, HTTP/1.1" 200 116
190.171.142.50 - - [26/Mar/2019:10:00:45 -0300] "GET /cormun/servlet/hpexe_return? HTTP/1.1" 200 1027
190.171.142.50 - - [26/Mar/2019:10:00:46 -0300] "GET /cormun/servlet/trsolicitudadjuntos?2019,14957, HTTP/1.1" 200 9311
190.171.142.50 - - [26/Mar/2019:10:00:47 -0300] "GET /cormun/servlet/trsolicitudadjuntos?2019,14957, HTTP/1.1" 200 9309
190.171.142.50 - - [26/Mar/2019:10:00:50 -0300] "GET /cormun/servlet/solicitudotadjuntos?INS,2019,14957,,1, HTTP/1.1" 200 6077
190.171.142.50 - - [26/Mar/2019:10:00:51 -0300] "GET /cormun/static/about:blank HTTP/1.1" 404 1011
190.171.142.50 - - [26/Mar/2019:10:00:51 -0300] "GET /cormun/servlet/solicitudotadjuntos?INS,2019,14957,,1, HTTP/1.1" 200 6069
190.171.142.50 - - [26/Mar/2019:10:00:52 -0300] "GET /cormun/servlet/solicitudotadjuntos?56bb27dd729a8d3ec313ef7a53b337e245d9c87ca259143ccd0b7defdc581e389e6a2f963b9096af5b62489603f5f3b6,gx-no-cache=1553605032453 HTTP/1.1" 200 30
190.171.142.50 - - [26/Mar/2019:10:00:52 -0300] "POST /cormun/servlet/solicitudotadjuntos?ba52a50da1237657046fcadb6896a479,INS,2019,14957,,1,,gx-no-cache=1553605032531 HTTP/1.1" 200 3888
190.171.142.50 - - [26/Mar/2019:10:00:56 -0300] "POST /cormun/servlet/solicitudotadjuntos?gx-no-cache=1553605036947 HTTP/1.1" 200 26
186.67.164.138 - - [26/Mar/2019:10:01:05 -0300] "GET /cormun/servlet/solicitudot?31eadb5bece15d5fd96f08f4f91bfdfc9016cc36f0c8cebe1a581f3a59b5fc102a4936af18dfee7ffae2d253b672e04f,gx-no-cache=1553605045237 HTTP/1.1" 200 30
186.67.164.138 - - [26/Mar/2019:10:01:06 -0300] "POST /cormun/servlet/solicitudot?gx-no-cache=1553605045275 HTTP/1.1" 200 30
190.171.142.50 - - [26/Mar/2019:10:01:06 -0300] "GET /cormun/servlet/solicitudotadjuntos?56bb27dd729a8d3ec313ef7a53b337e2da61aac2eb25697e602a3aee8ae57c27,gx-no-cache=1553605046395 HTTP/1.1" 200 30
190.171.142.50 - - [26/Mar/2019:10:01:06 -0300] "GET /cormun/servlet/solicitudotadjuntos?56bb27dd729a8d3ec313ef7a53b337e2da61aac2eb25697e602a3aee8ae57c27,gx-no-cache=1553605046417 HTTP/1.1" 200 30
186.67.164.138 - - [26/Mar/2019:10:01:06 -0300] "POST /cormun/servlet/solicitudot?8156ef73c3d85e934f8f4eafa2bcbf0e,UPD,2019,14937,,gx-no-cache=1553605045309 HTTP/1.1" 200 93
186.67.164.138 - - [26/Mar/2019:10:01:06 -0300] "GET /cormun/servlet/hpexe_return? HTTP/1.1" 200 1017
186.67.164.138 - - [26/Mar/2019:10:01:06 -0300] "GET /cormun/servlet/trsolicitudot HTTP/1.1" 200 8651
186.67.164.138 - - [26/Mar/2019:10:01:07 -0300] "GET /cormun/servlet/trsolicitudot HTTP/1.1" 200 8647
190.171.142.50 - - [26/Mar/2019:10:01:11 -0300] "POST /cormun/servlet/solicitudotadjuntos?ba52a50da1237657046fcadb6896a479,INS,2019,14957,,1, HTTP/1.1" 200 116
190.171.142.50 - - [26/Mar/2019:10:01:11 -0300] "GET /cormun/servlet/hpexe_return? HTTP/1.1" 200 1027
190.171.142.50 - - [26/Mar/2019:10:01:12 -0300] "GET /cormun/servlet/trsolicitudadjuntos?2019,14957, HTTP/1.1" 200 9577
186.67.164.138 - - [26/Mar/2019:10:01:13 -0300] "POST /cormun/servlet/trsolicitudot?8156ef73c3d85e934f8f4eafa2bcbf0e,gx-no-cache=1553605052396 HTTP/1.1" 200 107
186.67.164.138 - - [26/Mar/2019:10:01:15 -0300] "GET /cormun/servlet/trsolicitudadjuntos?2019,14937, HTTP/1.1" 200 9882
190.171.142.50 - - [26/Mar/2019:10:01:15 -0300] "GET /cormun/servlet/trsolicitudadjuntos?2019,14957, HTTP/1.1" 200 9575
186.67.164.138 - - [26/Mar/2019:10:01:17 -0300] "GET /cormun/servlet/trsolicitudadjuntos?2019,14937, HTTP/1.1" 200 9884
186.67.164.138 - - [26/Mar/2019:10:01:23 -0300] "POST /cormun/servlet/trsolicitudadjuntos?8156ef73c3d85e934f8f4eafa2bcbf0e,2019,14937,,gx-no-cache=1553605062429 HTTP/1.1" 200 90
186.67.164.138 - - [26/Mar/2019:10:01:23 -0300] "GET /cormun/servlet/hpexe_link HTTP/1.1" 200 972
186.67.164.138 - - [26/Mar/2019:10:01:24 -0300] "GET /cormun/servlet/trsolicitudot HTTP/1.1" 200 8648
186.67.164.138 - - [26/Mar/2019:10:01:25 -0300] "GET /cormun/servlet/trsolicitudot HTTP/1.1" 200 8647
190.171.142.50 - - [26/Mar/2019:10:01:25 -0300] "GET /cormun/servlet/solicitudotadjuntos?INS,2019,14957,,1, HTTP/1.1" 200 6077
190.171.142.50 - - [26/Mar/2019:10:01:25 -0300] "GET /cormun/static/about:blank HTTP/1.1" 404 1011
190.171.142.50 - - [26/Mar/2019:10:01:26 -0300] "GET /cormun/servlet/solicitudotadjuntos?INS,2019,14957,,1, HTTP/1.1" 200 6069
190.171.142.50 - - [26/Mar/2019:10:01:26 -0300] "GET /cormun/servlet/solicitudotadjuntos?56bb27dd729a8d3ec313ef7a53b337e245d9c87ca259143ccd0b7defdc581e389e6a2f963b9096af5b62489603f5f3b6,gx-no-cache=1553605067079 HTTP/1.1" 200 30
190.171.142.50 - - [26/Mar/2019:10:01:26 -0300] "POST /cormun/servlet/solicitudotadjuntos?ba52a50da1237657046fcadb6896a479,INS,2019,14957,,1,,gx-no-cache=1553605067138 HTTP/1.1" 200 3888
190.171.142.50 - - [26/Mar/2019:10:01:29 -0300] "POST /cormun/servlet/solicitudotadjuntos?gx-no-cache=1553605069724 HTTP/1.1" 200 26
190.171.142.50 - - [26/Mar/2019:10:01:37 -0300] "GET /cormun/servlet/solicitudotadjuntos?56bb27dd729a8d3ec313ef7a53b337e2da61aac2eb25697e602a3aee8ae57c27,gx-no-cache=1553605078078 HTTP/1.1" 200 30
190.171.142.50 - - [26/Mar/2019:10:01:37 -0300] "GET /cormun/servlet/solicitudotadjuntos?56bb27dd729a8d3ec313ef7a53b337e2da61aac2eb25697e602a3aee8ae57c27,gx-no-cache=1553605078100 HTTP/1.1" 200 30
186.67.164.138 - - [26/Mar/2019:10:01:38 -0300] "POST /cormun/servlet/trsolicitudot?8156ef73c3d85e934f8f4eafa2bcbf0e,gx-no-cache=1553605077617 HTTP/1.1" 200 4559
186.67.164.138 - - [26/Mar/2019:10:01:38 -0300] "GET /cormun/static/Shared/jqueryui/images/ui-bg_highlight-soft_100_c6c2c8_1x100.png HTTP/1.1" 404 1117
186.67.164.138 - - [26/Mar/2019:10:01:38 -0300] "GET /cormun/static/Shared/jqueryui/images/ui-icons_82798d_256x240.png HTTP/1.1" 404 1089
186.67.164.138 - - [26/Mar/2019:10:01:38 -0300] "GET /cormun/static/Shared/jqueryui/images/ui-bg_flat_55_fafafa_40x100.png HTTP/1.1" 404 1097
186.67.164.138 - - [26/Mar/2019:10:01:38 -0300] "GET /cormun/static/Shared/jqueryui/images/ui-icons_8d78a5_256x240.png HTTP/1.1" 404 1089
186.67.164.138 - - [26/Mar/2019:10:01:38 -0300] "POST /cormun/servlet/trsolicitudot?8156ef73c3d85e934f8f4eafa2bcbf0e,gx-no-cache=1553605077900 HTTP/1.1" 200 4326
190.171.142.50 - - [26/Mar/2019:10:01:40 -0300] "POST /cormun/servlet/solicitudotadjuntos?ba52a50da1237657046fcadb6896a479,INS,2019,14957,,1, HTTP/1.1" 200 116
190.171.142.50 - - [26/Mar/2019:10:01:40 -0300] "GET /cormun/servlet/hpexe_return? HTTP/1.1" 200 1027
190.171.142.50 - - [26/Mar/2019:10:01:42 -0300] "GET /cormun/servlet/trsolicitudadjuntos?2019,14957, HTTP/1.1" 200 9788
190.171.142.50 - - [26/Mar/2019:10:01:44 -0300] "GET /cormun/servlet/trsolicitudadjuntos?2019,14957, HTTP/1.1" 200 9786
190.171.142.50 - - [26/Mar/2019:10:01:56 -0300] "POST /cormun/servlet/trsolicitudadjuntos?ba52a50da1237657046fcadb6896a479,2019,14957,,gx-no-cache=1553605096531 HTTP/1.1" 200 90
190.171.142.50 - - [26/Mar/2019:10:01:56 -0300] "GET /cormun/servlet/hpexe_link HTTP/1.1" 200 969
190.171.142.50 - - [26/Mar/2019:10:01:56 -0300] "GET /cormun/servlet/trsolicitudot HTTP/1.1" 200 8633
190.171.142.50 - - [26/Mar/2019:10:01:57 -0300] "GET /cormun/servlet/trsolicitudot HTTP/1.1" 200 8632
190.171.142.50 - - [26/Mar/2019:10:02:23 -0300] "POST /cormun/servlet/trsolicitudot?ba52a50da1237657046fcadb6896a479,gx-no-cache=1553605123058 HTTP/1.1" 200 4539
190.171.142.50 - - [26/Mar/2019:10:02:23 -0300] "GET /cormun/static/Shared/jqueryui/images/ui-icons_82798d_256x240.png HTTP/1.1" 404 1089
190.171.142.50 - - [26/Mar/2019:10:02:23 -0300] "GET /cormun/static/Shared/jqueryui/images/ui-bg_highlight-soft_100_c6c2c8_1x100.png HTTP/1.1" 404 1117
190.171.142.50 - - [26/Mar/2019:10:02:23 -0300] "GET /cormun/static/Shared/jqueryui/images/ui-icons_8d78a5_256x240.png HTTP/1.1" 404 1089
190.171.142.50 - - [26/Mar/2019:10:02:23 -0300] "GET /cormun/static/Shared/jqueryui/images/ui-bg_flat_55_fafafa_40x100.png HTTP/1.1" 404 1097
190.171.142.50 - - [26/Mar/2019:10:02:23 -0300] "POST /cormun/servlet/trsolicitudot?ba52a50da1237657046fcadb6896a479,gx-no-cache=1553605123603 HTTP/1.1" 200 4311
190.171.142.50 - - [26/Mar/2019:10:02:34 -0300] "GET /cormun/servlet/hlogin HTTP/1.1" 200 1719
190.171.142.50 - - [26/Mar/2019:10:02:43 -0300] "POST /cormun/servlet/hlogin?ba52a50da1237657046fcadb6896a479,gx-no-cache=1553605143602 HTTP/1.1" 200 90
190.171.142.50 - - [26/Mar/2019:10:02:43 -0300] "GET /cormun/servlet/hpexe_link HTTP/1.1" 200 951
190.171.142.50 - - [26/Mar/2019:10:02:43 -0300] "GET /cormun/servlet/hhome HTTP/1.1" 200 4205
190.171.142.50 - - [26/Mar/2019:10:02:45 -0300] "GET /cormun/servlet/hhome HTTP/1.1" 200 4201
190.171.142.50 - - [26/Mar/2019:10:02:48 -0300] "GET /cormun/servlet/trautorizarsolicitud? HTTP/1.1" 200 8696
190.171.142.50 - - [26/Mar/2019:10:02:49 -0300] "GET /cormun/servlet/trautorizarsolicitud? HTTP/1.1" 200 8694
190.171.142.50 - - [26/Mar/2019:10:03:03 -0300] "POST /cormun/servlet/trautorizarsolicitud?ba52a50da1237657046fcadb6896a479,,gx-no-cache=1553605163211 HTTP/1.1" 200 4684
190.171.142.50 - - [26/Mar/2019:10:03:03 -0300] "GET /cormun/static/Shared/jqueryui/images/ui-bg_highlight-soft_100_c6c2c8_1x100.png HTTP/1.1" 404 1117
190.171.142.50 - - [26/Mar/2019:10:03:03 -0300] "GET /cormun/static/Shared/jqueryui/images/ui-icons_82798d_256x240.png HTTP/1.1" 404 1089
190.171.142.50 - - [26/Mar/2019:10:03:03 -0300] "GET /cormun/static/Shared/jqueryui/images/ui-icons_8d78a5_256x240.png HTTP/1.1" 404 1089
190.171.142.50 - - [26/Mar/2019:10:03:03 -0300] "GET /cormun/static/Shared/jqueryui/images/ui-bg_flat_55_fafafa_40x100.png HTTP/1.1" 404 1097
190.171.142.50 - - [26/Mar/2019:10:03:03 -0300] "POST /cormun/servlet/trautorizarsolicitud?ba52a50da1237657046fcadb6896a479,,gx-no-cache=1553605163606 HTTP/1.1" 200 4454
186.103.159.204 - - [26/Mar/2019:10:03:14 -0300] "GET /cormun/servlet/solicitudot?97190e0e17103f5a87e7d4cd4cc0757469c39f813ec623330c2fbe1066bcf00792f31b4b3750b3c4b0c9640ee8cb69e8e9d63dc91a7ad0a656df7f31c154603e,gx-no-cache=1553605172476 HTTP/1.1" 200 30
186.103.159.204 - - [26/Mar/2019:10:03:15 -0300] "GET /cormun/servlet/solicitudot?97190e0e17103f5a87e7d4cd4cc075743881b536bbef11aa045ec11f5ad07081,gx-no-cache=1553605172680 HTTP/1.1" 200 29
186.103.159.204 - - [26/Mar/2019:10:03:21 -0300] "POST /cormun/servlet/solicitudot?gx-no-cache=1553605179538 HTTP/1.1" 200 297
186.103.159.204 - - [26/Mar/2019:10:03:26 -0300] "GET /cormun/servlet/solicitudot?97190e0e17103f5a87e7d4cd4cc075742e8fdd607c6f62e9b5350eba139a4e4c11caef2b1c47019f2771f6c5fe98b46ea1a7297217aef6afd1411078f051b19dc32fd89f4a67270c4aaea36e750045c4e70df883d2dcf7009e8528fbc70bd1434fa70a029d2a2dcebbba97f8e52ecae21bd70c1e37bd7bd0140ade2170d5e6cc9d2022689d555dc1df3a6fe28e9223408eba430f6fbeb7c7fe042e54b02db8aac42733af6982650ff92f95f3c93f1116eb609cfda5b7c302a5602b93fb7bbd6f557d75e8f2bd5fd4ced1236b5a18cea42e61b350ded090e43f955ae7191b6fa16e5673a12664aad6c7d69178d94f36f6d6ed1a7332c0b0f24b3fffc72e24f38a3e60f3babfdd4e3fe46d1afebf710ef39ac1f2c687056a4a080eb2184f07988a6932afccc334ea766ca7604b7c0c94b55e20b2124400f68ccba8a2a6511c08a848620c5d16b35d36df028526e72a51aea24cec077d21625cc6bb802a3862543996f905fd7777f35b1b3d83b65804500d576a2e36a822df43c6a51777414c4e01b11fd9ff7a03249664b1b1d8c1a4f655,gx-no-cache=1553605183557 HTTP/1.1" 200 30
186.103.159.204 - - [26/Mar/2019:10:03:31 -0300] "POST /cormun/servlet/solicitudot?gx-no-cache=1553605189353 HTTP/1.1" 200 30
186.103.159.204 - - [26/Mar/2019:10:03:34 -0300] "POST /cormun/servlet/solicitudot?gx-no-cache=1553605191158 HTTP/1.1" 200 1285
186.103.159.204 - - [26/Mar/2019:10:03:34 -0300] "POST /cormun/servlet/solicitudot?gx-no-cache=1553605191852 HTTP/1.1" 200 38
186.103.159.204 - - [26/Mar/2019:10:03:55 -0300] "GET /cormun/servlet/solicitudot?97190e0e17103f5a87e7d4cd4cc07574d6b0c666fc832681bc0999933094d48c3f37f445ad07b22bfb7dc39a8f41e9692b69b1fc635cbe179433637d62c23e654edae1f259965fdd4887b19aea3706be26a9607a40407b06e572a5c18347a7d4306cbdec4ec9ccd8802d3679808e910d,gx-no-cache=1553605213229 HTTP/1.1" 200 110
186.103.159.204 - - [26/Mar/2019:10:04:00 -0300] "POST /cormun/servlet/solicitudot?gx-no-cache=1553605218387 HTTP/1.1" 200 79
186.103.159.204 - - [26/Mar/2019:10:04:10 -0300] "GET /cormun/servlet/solicitudot?97190e0e17103f5a87e7d4cd4cc075747007aff36b1e8a1b80591150a79377ad942e813f852c76ee6e516f504fd397292e100001c954b39d394d6b1ea78399d71b705d4c8dcfd304b316e0875536f16032e87cd79509b1565d8848f21c9e3fa6f87a3ac90cdd88cd03e85d8b0cf15031,gx-no-cache=1553605228690 HTTP/1.1" 200 29
186.103.159.204 - - [26/Mar/2019:10:04:11 -0300] "GET /cormun/static/menuarrow.gif HTTP/1.1" 404 1015
186.103.159.204 - - [26/Mar/2019:10:04:16 -0300] "GET /cormun/servlet/solicitudot?97190e0e17103f5a87e7d4cd4cc07574451113d6537e8dac32e765c4ad7388abe8ee4643243548febba172b4705bc5b7,gx-no-cache=1553605234576 HTTP/1.1" 200 30
186.103.159.204 - - [26/Mar/2019:10:04:29 -0300] "POST /cormun/servlet/solicitudot?gx-no-cache=1553605246837 HTTP/1.1" 200 30
192.168.10.96 - - [26/Mar/2019:10:04:56 -0300] "POST /cormun/servlet/trsolicitudgral?0b48e221cef4710f9973957f6206e71c,,gx-no-cache=1553612298419 HTTP/1.1" 200 7330
192.168.10.96 - - [26/Mar/2019:10:05:00 -0300] "GET /cormun/servlet/vesolicitudgral?2019,14558,, HTTP/1.1" 200 9377
192.168.10.96 - - [26/Mar/2019:10:05:00 -0300] "GET /cormun/pexe_scrolldiv.js HTTP/1.1" 404 1009
192.168.10.96 - - [26/Mar/2019:10:05:00 -0300] "GET /cormun/pexe_scrolldiv.js HTTP/1.1" 404 1009
192.168.10.96 - - [26/Mar/2019:10:05:00 -0300] "GET /cormun/servlet/vesolicitudgral?2019,14558,, HTTP/1.1" 200 9377
192.168.10.96 - - [26/Mar/2019:10:05:03 -0300] "GET /cormun/servlet/vesolicitudgral?2019,14558,,SolicitudOTAdjuntos HTTP/1.1" 200 11589
192.168.10.96 - - [26/Mar/2019:10:05:03 -0300] "GET /cormun/pexe_scrolldiv.js HTTP/1.1" 404 1009
192.168.10.96 - - [26/Mar/2019:10:05:03 -0300] "GET /cormun/pexe_scrolldiv.js HTTP/1.1" 404 1009
192.168.10.96 - - [26/Mar/2019:10:05:04 -0300] "GET /cormun/servlet/vesolicitudgral?2019,14558,,SolicitudOTAdjuntos HTTP/1.1" 200 11592
192.168.10.96 - - [26/Mar/2019:10:05:04 -0300] "POST /cormun/servlet/acontrolpreferencessavestate?None,DZAMUDIO,true HTTP/1.1" 200 35
192.168.10.96 - - [26/Mar/2019:10:05:05 -0300] "GET /cormun/PublicTempStorage/jose_tirapegui_cortes_c._identidad4065304.pdf HTTP/1.1" 200 505276
192.168.10.96 - - [26/Mar/2019:10:05:16 -0300] "GET /cormun/PublicTempStorage/jose_tirapegui_cortes__afp8080645.pdf HTTP/1.1" 200 428445
192.168.10.96 - - [26/Mar/2019:10:05:26 -0300] "GET /cormun/PublicTempStorage/jose_tirapegui_cortes_fonasa5615726.pdf HTTP/1.1" 200 496888
186.103.159.204 - - [26/Mar/2019:10:05:30 -0300] "POST /cormun/servlet/solicitudot?gx-no-cache=1553605308225 HTTP/1.1" 200 257
186.103.159.204 - - [26/Mar/2019:10:05:38 -0300] "GET /cormun/servlet/solicitudot?97190e0e17103f5a87e7d4cd4cc075742e8fdd607c6f62e9b5350eba139a4e4c68326427d4dc84f22c685a86786009a7a1a7297217aef6afd1411078f051b19dc32fd89f4a67270c4aaea36e750045c4e70df883d2dcf7009e8528fbc70bd1434fa70a029d2a2dcebbba97f8e52ecae21bd70c1e37bd7bd0140ade2170d5e6cc9d2022689d555dc1df3a6fe28e9223408eba430f6fbeb7c7fe042e54b02db8aac42733af6982650ff92f95f3c93f1116eb609cfda5b7c302a5602b93fb7bbd6f557d75e8f2bd5fd4ced1236b5a18cea42e61b350ded090e43f955ae7191b6fa16e5673a12664aad6c7d69178d94f36f6d6ed1a7332c0b0f24b3fffc72e24f38a3e60f3babfdd4e3fe46d1afebf710ef39ac1f2c687056a4a080eb2184f07988a6932afccc334ea766ca7604b7c0c94b55e20b2124400f68ccba8a2a6511c08a8881e1602eb46116067b33d9937162e1d036edc579245c5e67c596925d66fb8b4968b34ca585eec43123ac460a1e0bce172f71107ec64474da4bf93013595ed2a,gx-no-cache=1553605316178 HTTP/1.1" 200 30
192.168.10.96 - - [26/Mar/2019:10:06:42 -0300] "GET /cormun/PublicTempStorage/jose_tirapegui_cortes_c._antecedentes942086.pdf HTTP/1.1" 200 584463
192.168.10.96 - - [26/Mar/2019:10:06:50 -0300] "GET /cormun/PublicTempStorage/jose_tirapegui_cortes_c._v.1418025.pdf HTTP/1.1" 200 1099608
192.168.10.96 - - [26/Mar/2019:10:07:01 -0300] "GET /cormun/PublicTempStorage/jose_tirapegui_cortes_titulo5762149.pdf HTTP/1.1" 200 547990
192.168.10.96 - - [26/Mar/2019:10:07:10 -0300] "POST /cormun/servlet/vesolicitudgral?0b48e221cef4710f9973957f6206e71c,2019,14558,,SolicitudOTAdjuntos,gx-no-cache=1553612432868 HTTP/1.1" 200 90
192.168.10.96 - - [26/Mar/2019:10:07:10 -0300] "GET /cormun/servlet/hpexe_link HTTP/1.1" 200 981
192.168.10.96 - - [26/Mar/2019:10:07:10 -0300] "GET /cormun/servlet/trsolicitudgral? HTTP/1.1" 200 10637
192.168.10.96 - - [26/Mar/2019:10:07:11 -0300] "GET /cormun/servlet/trsolicitudgral? HTTP/1.1" 200 10635
186.103.159.204 - - [26/Mar/2019:10:08:37 -0300] "POST /cormun/servlet/solicitudot?gx-no-cache=1553605495459 HTTP/1.1" 200 30
186.103.159.204 - - [26/Mar/2019:10:08:37 -0300] "POST /cormun/servlet/solicitudot?gx-no-cache=1553605495513 HTTP/1.1" 200 1287
186.103.159.204 - - [26/Mar/2019:10:08:37 -0300] "POST /cormun/servlet/solicitudot?gx-no-cache=1553605495563 HTTP/1.1" 200 40
186.103.159.204 - - [26/Mar/2019:10:08:37 -0300] "GET /cormun/servlet/solicitudot?97190e0e17103f5a87e7d4cd4cc07574d6b0c666fc832681bc0999933094d48c3f37f445ad07b22bfb7dc39a8f41e9692b69b1fc635cbe179433637d62c23e654edae1f259965fdd4887b19aea3706be26a9607a40407b06e572a5c18347a7d4306cbdec4ec9ccd8802d3679808e910d,gx-no-cache=1553605495584 HTTP/1.1" 200 110
186.103.159.204 - - [26/Mar/2019:10:08:37 -0300] "POST /cormun/servlet/solicitudot?gx-no-cache=1553605495607 HTTP/1.1" 200 79
186.103.159.204 - - [26/Mar/2019:10:10:46 -0300] "POST /cormun/servlet/solicitudot?faa8255babe6c9e35b85c08665ad5601,INS,0,0,,gx-no-cache=1553605624022 HTTP/1.1" 200 11832
186.103.159.204 - - [26/Mar/2019:10:10:46 -0300] "GET /cormun/static/Shared/jqueryui/images/ui-bg_highlight-soft_100_c6c2c8_1x100.png HTTP/1.1" 404 1117
186.103.159.204 - - [26/Mar/2019:10:10:46 -0300] "GET /cormun/static/Shared/jqueryui/images/ui-icons_82798d_256x240.png HTTP/1.1" 404 1089
186.103.159.204 - - [26/Mar/2019:10:10:46 -0300] "GET /cormun/static/Shared/jqueryui/images/ui-bg_flat_55_fafafa_40x100.png HTTP/1.1" 404 1097
186.103.159.204 - - [26/Mar/2019:10:10:46 -0300] "GET /cormun/static/Shared/jqueryui/images/ui-icons_8d78a5_256x240.png HTTP/1.1" 404 1089
164.77.113.188 - - [26/Mar/2019:10:11:36 -0300] "POST /cormun/servlet/trlicencias?47e8069d360b847aff1a0f117f387598,,gx-no-cache=1553605675880 HTTP/1.1" 200 5932
164.77.113.188 - - [26/Mar/2019:10:11:40 -0300] "GET /cormun/static/menuarrow.gif HTTP/1.1" 404 1015
164.77.113.188 - - [26/Mar/2019:10:11:44 -0300] "POST /cormun/servlet/trlicencias?47e8069d360b847aff1a0f117f387598,,gx-no-cache=1553605683727 HTTP/1.1" 200 5932
190.151.124.170 - - [26/Mar/2019:10:12:11 -0300] "POST /cormun/servlet/trlicencias?47e8069d360b847aff1a0f117f387598,,gx-no-cache=1553605710598 HTTP/1.1" 200 5932
190.171.153.218 - - [26/Mar/2019:10:12:34 -0300] "GET /cormun/servlet/trlicencias? HTTP/1.1" 200 8688
190.171.153.218 - - [26/Mar/2019:10:12:35 -0300] "GET /cormun/servlet/trlicencias? HTTP/1.1" 200 8688
186.211.11.137 - - [26/Mar/2019:10:17:44 -0300] "GET / HTTP/1.1" 200 11217
186.103.159.204 - - [26/Mar/2019:10:18:14 -0300] "POST /cormun/servlet/solicitudot?gx-no-cache=1553606071823 HTTP/1.1" 200 3514
186.103.159.204 - - [26/Mar/2019:10:18:14 -0300] "POST /cormun/servlet/solicitudot?faa8255babe6c9e35b85c08665ad5601,INS,0,0,,gx-no-cache=1553606072017 HTTP/1.1" 200 11840
186.103.159.204 - - [26/Mar/2019:10:18:14 -0300] "GET /cormun/servlet/solicitudot?97190e0e17103f5a87e7d4cd4cc0757426a1ea76891f51eecfe57fb56210f26ca72f2f1adc55c68c0a863e3ee3ba893e,gx-no-cache=1553606072173 HTTP/1.1" 200 30
186.103.159.204 - - [26/Mar/2019:10:18:14 -0300] "GET /cormun/servlet/solicitudot?97190e0e17103f5a87e7d4cd4cc0757469c39f813ec623330c2fbe1066bcf00792f31b4b3750b3c4b0c9640ee8cb69e87d3f356295437f3a82370ea4c4ba8ba3,gx-no-cache=1553606072218 HTTP/1.1" 200 30
186.103.159.204 - - [26/Mar/2019:10:18:14 -0300] "GET /cormun/servlet/solicitudot?97190e0e17103f5a87e7d4cd4cc075743881b536bbef11aa045ec11f5ad07081,gx-no-cache=1553606072238 HTTP/1.1" 200 29
190.171.142.18 - - [26/Mar/2019:10:19:30 -0300] "GET /cormun/servlet/trlicencias? HTTP/1.1" 200 9772
190.171.142.18 - - [26/Mar/2019:10:19:31 -0300] "GET /cormun/servlet/trlicencias? HTTP/1.1" 200 9772
190.171.142.18 - - [26/Mar/2019:10:19:43 -0300] "GET /cormun/servlet/trsolicitudot? HTTP/1.1" 200 7548
190.171.142.18 - - [26/Mar/2019:10:19:43 -0300] "GET /cormun/servlet/trsolicitudot? HTTP/1.1" 200 7548
186.103.159.204 - - [26/Mar/2019:10:20:24 -0300] "POST /cormun/servlet/solicitudot?gx-no-cache=1553606201865 HTTP/1.1" 200 257
186.103.159.204 - - [26/Mar/2019:10:20:24 -0300] "GET /cormun/servlet/solicitudot?97190e0e17103f5a87e7d4cd4cc075742e8fdd607c6f62e9b5350eba139a4e4c68326427d4dc84f22c685a86786009a7a1a7297217aef6afd1411078f051b19dc32fd89f4a67270c4aaea36e750045c4e70df883d2dcf7009e8528fbc70bd1434fa70a029d2a2dcebbba97f8e52ecae21bd70c1e37bd7bd0140ade2170d5e6cc9d2022689d555dc1df3a6fe28e9223408eba430f6fbeb7c7fe042e54b02db8aac42733af6982650ff92f95f3c93f1116eb609cfda5b7c302a5602b93fb7bbd6f557d75e8f2bd5fd4ced1236b5a18cea42e61b350ded090e43f955ae7191b6fa16e5673a12664aad6c7d69178d94f36f6d6ed1a7332c0b0f24b3fffc72e24f38a3e60f3babfdd4e3fe46d1afebf710ef39ac1f2c687056a4a080eb2184f07988a6932afccc334ea766ca7604b7c0c94b55e20b2124400f68ccba8a2a6511c08a8881e1602eb46116067b33d9937162e1d036edc579245c5e67c596925d66fb8b4968b34ca585eec43123ac460a1e0bce172f71107ec64474da4bf93013595ed2a,gx-no-cache=1553606201906 HTTP/1.1" 200 30
186.103.159.204 - - [26/Mar/2019:10:20:24 -0300] "POST /cormun/servlet/solicitudot?gx-no-cache=1553606201929 HTTP/1.1" 200 30
186.103.159.204 - - [26/Mar/2019:10:20:24 -0300] "POST /cormun/servlet/solicitudot?gx-no-cache=1553606201954 HTTP/1.1" 200 1287
186.103.159.204 - - [26/Mar/2019:10:20:24 -0300] "POST /cormun/servlet/solicitudot?gx-no-cache=1553606201989 HTTP/1.1" 200 40
186.103.159.204 - - [26/Mar/2019:10:20:24 -0300] "GET /cormun/servlet/solicitudot?97190e0e17103f5a87e7d4cd4cc07574d6b0c666fc832681bc0999933094d48c3f37f445ad07b22bfb7dc39a8f41e9692b69b1fc635cbe179433637d62c23e654edae1f259965fdd4887b19aea3706be26a9607a40407b06e572a5c18347a7d4306cbdec4ec9ccd8802d3679808e910d,gx-no-cache=1553606202009 HTTP/1.1" 200 110
186.103.159.204 - - [26/Mar/2019:10:20:24 -0300] "POST /cormun/servlet/solicitudot?gx-no-cache=1553606202032 HTTP/1.1" 200 79
186.103.159.204 - - [26/Mar/2019:10:20:24 -0300] "GET /cormun/servlet/solicitudot?97190e0e17103f5a87e7d4cd4cc075747007aff36b1e8a1b80591150a79377ad942e813f852c76ee6e516f504fd397292e100001c954b39d394d6b1ea78399d71b705d4c8dcfd304b316e0875536f16032e87cd79509b1565d8848f21c9e3fa6f87a3ac90cdd88cd03e85d8b0cf15031,gx-no-cache=1553606202057 HTTP/1.1" 200 29
186.103.159.204 - - [26/Mar/2019:10:20:24 -0300] "GET /cormun/servlet/solicitudot?97190e0e17103f5a87e7d4cd4cc07574451113d6537e8dac32e765c4ad7388abe8ee4643243548febba172b4705bc5b7,gx-no-cache=1553606202077 HTTP/1.1" 200 30
186.103.159.204 - - [26/Mar/2019:10:20:24 -0300] "POST /cormun/servlet/solicitudot?gx-no-cache=1553606202098 HTTP/1.1" 200 30
186.103.159.204 - - [26/Mar/2019:10:20:24 -0300] "POST /cormun/servlet/solicitudot?faa8255babe6c9e35b85c08665ad5601,INS,0,0,,gx-no-cache=1553606202122 HTTP/1.1" 200 93
186.103.159.204 - - [26/Mar/2019:10:20:24 -0300] "GET /cormun/servlet/hpexe_return? HTTP/1.1" 200 1009
186.103.159.204 - - [26/Mar/2019:10:20:24 -0300] "GET /cormun/servlet/trsolicitudot HTTP/1.1" 200 9834
186.103.159.204 - - [26/Mar/2019:10:20:25 -0300] "GET /cormun/servlet/trsolicitudot HTTP/1.1" 200 9830
186.103.159.204 - - [26/Mar/2019:10:21:33 -0300] "POST /cormun/servlet/trsolicitudot?faa8255babe6c9e35b85c08665ad5601,gx-no-cache=1553606271207 HTTP/1.1" 200 106
186.103.159.204 - - [26/Mar/2019:10:21:33 -0300] "GET /cormun/servlet/solicitudot?UPD,2019,14958, HTTP/1.1" 200 15359
186.103.159.204 - - [26/Mar/2019:10:21:34 -0300] "GET /cormun/servlet/solicitudot?UPD,2019,14958, HTTP/1.1" 200 15368
186.103.159.204 - - [26/Mar/2019:10:21:34 -0300] "POST /cormun/servlet/solicitudot?gx-no-cache=1553606272273 HTTP/1.1" 200 3523
186.103.159.204 - - [26/Mar/2019:10:21:34 -0300] "POST /cormun/servlet/solicitudot?faa8255babe6c9e35b85c08665ad5601,UPD,2019,14958,,gx-no-cache=1553606272408 HTTP/1.1" 200 11763
186.103.159.204 - - [26/Mar/2019:10:21:34 -0300] "GET /cormun/servlet/solicitudot?97190e0e17103f5a87e7d4cd4cc0757426a1ea76891f51eecfe57fb56210f26ca72f2f1adc55c68c0a863e3ee3ba893e,gx-no-cache=1553606272568 HTTP/1.1" 200 30
186.103.159.204 - - [26/Mar/2019:10:21:34 -0300] "GET /cormun/servlet/solicitudot?97190e0e17103f5a87e7d4cd4cc0757469c39f813ec623330c2fbe1066bcf00792f31b4b3750b3c4b0c9640ee8cb69e87d3f356295437f3a82370ea4c4ba8ba3,gx-no-cache=1553606272595 HTTP/1.1" 200 30
186.103.159.204 - - [26/Mar/2019:10:21:34 -0300] "GET /cormun/servlet/solicitudot?97190e0e17103f5a87e7d4cd4cc075743881b536bbef11aa045ec11f5ad07081,gx-no-cache=1553606272614 HTTP/1.1" 200 29
186.103.159.204 - - [26/Mar/2019:10:21:34 -0300] "POST /cormun/servlet/solicitudot?gx-no-cache=1553606272636 HTTP/1.1" 200 257
186.103.159.204 - - [26/Mar/2019:10:21:35 -0300] "GET /cormun/servlet/solicitudot?97190e0e17103f5a87e7d4cd4cc075742e8fdd607c6f62e9b5350eba139a4e4c68326427d4dc84f22c685a86786009a7a1a7297217aef6afd1411078f051b19dc32fd89f4a67270c4aaea36e750045c4e70df883d2dcf7009e8528fbc70bd1434fa70a029d2a2dcebbba97f8e52ecae21bd70c1e37bd7bd0140ade2170d5e6cc9d2022689d555dc1df3a6fe28e9223408eba430f6fbeb7c7fe042e54b02db8aac42733af6982650ff92f95f3c93f1116eb609cfda5b7c302a5602b93fb7bbd6f557d75e8f2bd5fd4ced1236b5a18cea42e61b350ded090e43f955ae7191b6fa16e5673a12664aad6c7d69178d94f36f6d6ed1a7332c0b0f24b3fffc72e24f38a3e60f3babfdd4e3fe46d1afebf710ef39ac1f2c687056a4a080eb2184f07988a6932afccc334ea766ca7604b7c0c94b55e20b2124400f68ccba8a2a6511c08a8881e1602eb46116067b33d9937162e1d036edc579245c5e67c596925d66fb8b4968b34ca585eec43123ac460a1e0bce172f71107ec64474da4bf93013595ed2a,gx-no-cache=1553606272665 HTTP/1.1" 200 30
186.103.159.204 - - [26/Mar/2019:10:21:35 -0300] "POST /cormun/servlet/solicitudot?gx-no-cache=1553606272989 HTTP/1.1" 200 30
186.103.159.204 - - [26/Mar/2019:10:21:35 -0300] "POST /cormun/servlet/solicitudot?gx-no-cache=1553606273016 HTTP/1.1" 200 1287
186.103.159.204 - - [26/Mar/2019:10:21:35 -0300] "POST /cormun/servlet/solicitudot?gx-no-cache=1553606273057 HTTP/1.1" 200 40
186.103.159.204 - - [26/Mar/2019:10:21:45 -0300] "GET /cormun/servlet/prbanco?,MD,,gxPopupLevel%3D0%3B HTTP/1.1" 200 6601
186.103.159.204 - - [26/Mar/2019:10:22:07 -0300] "GET /cormun/servlet/solicitudot?97190e0e17103f5a87e7d4cd4cc07574da5e977b9eaa2448f261d7c0501a6658,gx-no-cache=1553606305497 HTTP/1.1" 200 53
186.103.159.204 - - [26/Mar/2019:10:22:07 -0300] "POST /cormun/servlet/solicitudot?gx-no-cache=1553606305532 HTTP/1.1" 200 30
186.103.159.204 - - [26/Mar/2019:10:22:07 -0300] "POST /cormun/servlet/solicitudot?gx-no-cache=1553606305581 HTTP/1.1" 200 1287
186.103.159.204 - - [26/Mar/2019:10:22:07 -0300] "POST /cormun/servlet/solicitudot?gx-no-cache=1553606305673 HTTP/1.1" 200 40
186.103.159.204 - - [26/Mar/2019:10:22:08 -0300] "GET /cormun/servlet/solicitudot?97190e0e17103f5a87e7d4cd4cc07574d6b0c666fc832681bc0999933094d48c3f37f445ad07b22bfb7dc39a8f41e9692b69b1fc635cbe179433637d62c23e654edae1f259965fdd4887b19aea3706be26a9607a40407b06e572a5c18347a7d4306cbdec4ec9ccd8802d3679808e910d,gx-no-cache=1553606305708 HTTP/1.1" 200 110
186.103.159.204 - - [26/Mar/2019:10:22:08 -0300] "POST /cormun/servlet/solicitudot?gx-no-cache=1553606305749 HTTP/1.1" 200 79
186.103.159.204 - - [26/Mar/2019:10:22:08 -0300] "GET /cormun/servlet/solicitudot?97190e0e17103f5a87e7d4cd4cc07574ce938c901ca4f48d4affb4ee050bc90dd17e45d523e79caba7481e7376aa6b5ced6c903cecbb9c9cb1a9f9cab7b30c1bd6008133b14f49696a522a6c463dde322aa94063e7076e546c4b2847111472fe67f83577e835a77446a65c35688c86c2,gx-no-cache=1553606305790 HTTP/1.1" 200 29
186.103.159.204 - - [26/Mar/2019:10:22:08 -0300] "GET /cormun/static/menuarrow.gif HTTP/1.1" 404 1015
186.103.159.204 - - [26/Mar/2019:10:22:12 -0300] "GET /cormun/servlet/solicitudot?97190e0e17103f5a87e7d4cd4cc075742e8fdd607c6f62e9b5350eba139a4e4c68326427d4dc84f22c685a86786009a7a1a7297217aef6afd1411078f051b19dc32fd89f4a67270c4aaea36e750045c4e70df883d2dcf7009e8528fbc70bd1434fa70a029d2a2dcebbba97f8e52ecae21bd70c1e37bd7bd0140ade2170d5e6cc9d2022689d555dc1df3a6fe28e9223408eba430f6fbeb7c7fe042e54b02db8aac42733af6982650ff92f95f3c93f1116eb609cfda5b7c302a5602b93fb7bbd6f557d75e8f2bd5fd4ced1236b5a18cea42e61b350ded090e43f955ae7191b6fa16e5673a12664aad6c7d69178d94f36f6d6ed1a7332c0b0f24b3fffc72e24f38a3e60f3babfdd4e3fe46d1afebf710ef39ac1f2c687056a4a080eb2184f07988a6932afccc334ea766ca7604b7c0c94b55e20b2124400f68ccba8a2a6511c08a8881e1602eb46116067b33d9937162e1d036edc579245c5e67c596925d66fb8b4968b34ca585eec43123ac460a1e0bce172f71107ec64474da4bf93013595ed2a,gx-no-cache=1553606310236 HTTP/1.1" 200 30
186.103.159.204 - - [26/Mar/2019:10:22:12 -0300] "POST /cormun/servlet/solicitudot?gx-no-cache=1553606310631 HTTP/1.1" 200 30
186.103.159.204 - - [26/Mar/2019:10:22:13 -0300] "POST /cormun/servlet/solicitudot?gx-no-cache=1553606310712 HTTP/1.1" 200 1287
186.103.159.204 - - [26/Mar/2019:10:22:13 -0300] "POST /cormun/servlet/solicitudot?gx-no-cache=1553606310861 HTTP/1.1" 200 40
186.103.159.204 - - [26/Mar/2019:10:22:13 -0300] "GET /cormun/servlet/solicitudot?97190e0e17103f5a87e7d4cd4cc07574d6b0c666fc832681bc0999933094d48c3f37f445ad07b22bfb7dc39a8f41e9692b69b1fc635cbe179433637d62c23e654edae1f259965fdd4887b19aea3706be26a9607a40407b06e572a5c18347a7d4306cbdec4ec9ccd8802d3679808e910d,gx-no-cache=1553606310924 HTTP/1.1" 200 110
186.103.159.204 - - [26/Mar/2019:10:22:13 -0300] "POST /cormun/servlet/solicitudot?gx-no-cache=1553606311068 HTTP/1.1" 200 79
186.103.159.204 - - [26/Mar/2019:10:22:16 -0300] "GET /cormun/servlet/solicitudot?97190e0e17103f5a87e7d4cd4cc07574451113d6537e8dac32e765c4ad7388ab224fdcd9c7aa9694ffa844cf4daff156,gx-no-cache=1553606313898 HTTP/1.1" 200 30
186.103.159.204 - - [26/Mar/2019:10:22:16 -0300] "POST /cormun/servlet/solicitudot?gx-no-cache=1553606313920 HTTP/1.1" 200 30
186.103.159.204 - - [26/Mar/2019:10:22:16 -0300] "POST /cormun/servlet/solicitudot?faa8255babe6c9e35b85c08665ad5601,UPD,2019,14958,,gx-no-cache=1553606313947 HTTP/1.1" 200 93
186.103.159.204 - - [26/Mar/2019:10:22:16 -0300] "GET /cormun/servlet/hpexe_return? HTTP/1.1" 200 1016
186.103.159.204 - - [26/Mar/2019:10:22:16 -0300] "GET /cormun/servlet/trsolicitudot HTTP/1.1" 200 9839
186.103.159.204 - - [26/Mar/2019:10:22:16 -0300] "GET /cormun/servlet/trsolicitudot HTTP/1.1" 200 9835
190.171.142.18 - - [26/Mar/2019:10:22:23 -0300] "GET /cormun/servlet/solicitudot?INS,0,0, HTTP/1.1" 200 15180
190.171.142.18 - - [26/Mar/2019:10:22:24 -0300] "GET /cormun/servlet/solicitudot?INS,0,0, HTTP/1.1" 200 15185
190.171.142.18 - - [26/Mar/2019:10:22:33 -0300] "POST /cormun/servlet/solicitudot?gx-no-cache=1553606498993 HTTP/1.1" 200 3450
190.171.142.18 - - [26/Mar/2019:10:22:33 -0300] "POST /cormun/servlet/solicitudot?9df58f040acfeba4cae83329b027c1f1,INS,0,0,,gx-no-cache=1553606499216 HTTP/1.1" 200 11844
190.171.142.18 - - [26/Mar/2019:10:22:40 -0300] "GET /cormun/servlet/solicitudot?e25a2f9e02ec218e3135a76adc22695facc7d265f36461001b54f7d5e6fa95e7565b89690685e0bfc188207c07ddb432,gx-no-cache=1553606506556 HTTP/1.1" 200 30
186.103.159.204 - - [26/Mar/2019:10:24:13 -0300] "POST /cormun/servlet/trsolicitudot?faa8255babe6c9e35b85c08665ad5601,gx-no-cache=1553606430869 HTTP/1.1" 200 107
186.103.159.204 - - [26/Mar/2019:10:24:13 -0300] "GET /cormun/servlet/trsolicitudadjuntos?2019,14958, HTTP/1.1" 200 6123
186.103.159.204 - - [26/Mar/2019:10:24:13 -0300] "GET /cormun/servlet/trsolicitudadjuntos?2019,14958, HTTP/1.1" 200 6123
190.171.142.18 - - [26/Mar/2019:10:24:39 -0300] "GET /cormun/servlet/prbanco?,MD,,gxPopupLevel%3D0%3B HTTP/1.1" 200 6713
186.103.159.204 - - [26/Mar/2019:10:24:42 -0300] "GET /cormun/servlet/solicitudotadjuntos?INS,2019,14958,,1, HTTP/1.1" 200 6070
186.103.159.204 - - [26/Mar/2019:10:24:42 -0300] "GET /cormun/static/about:blank HTTP/1.1" 404 1011
186.103.159.204 - - [26/Mar/2019:10:24:43 -0300] "GET /cormun/servlet/solicitudotadjuntos?INS,2019,14958,,1, HTTP/1.1" 200 6064
186.103.159.204 - - [26/Mar/2019:10:24:43 -0300] "GET /cormun/servlet/solicitudotadjuntos?97190e0e17103f5a87e7d4cd4cc0757450523ea04404cde3f1b0562058635475262d1dcdd016b69f8b439c94d2134ad0,gx-no-cache=1553606461298 HTTP/1.1" 200 30
186.103.159.204 - - [26/Mar/2019:10:24:43 -0300] "POST /cormun/servlet/solicitudotadjuntos?faa8255babe6c9e35b85c08665ad5601,INS,2019,14958,,1,,gx-no-cache=1553606461319 HTTP/1.1" 200 3866
190.171.142.18 - - [26/Mar/2019:10:24:44 -0300] "GET /cormun/servlet/solicitudot?e25a2f9e02ec218e3135a76adc22695f97edfdc8f3c43660bb10e060e2409b48049be77afe79cafccc3e0532c14b0d0ef10cf650853c6cdda9fdaa214142c34d3fb1f77d204a8d40d5e68cbddf404afc,gx-no-cache=1553606630182 HTTP/1.1" 200 30
190.171.142.18 - - [26/Mar/2019:10:24:45 -0300] "GET /cormun/servlet/solicitudot?e25a2f9e02ec218e3135a76adc22695f393ee17510b3e41d384677cb1fa2089a,gx-no-cache=1553606631130 HTTP/1.1" 200 53
186.103.159.204 - - [26/Mar/2019:10:24:55 -0300] "POST /cormun/servlet/solicitudotadjuntos?gx-no-cache=1553606473280 HTTP/1.1" 200 26
190.171.142.18 - - [26/Mar/2019:10:24:56 -0300] "POST /cormun/servlet/solicitudot?gx-no-cache=1553606642439 HTTP/1.1" 200 297
190.171.142.18 - - [26/Mar/2019:10:24:56 -0300] "GET /cormun/servlet/solicitudot?e25a2f9e02ec218e3135a76adc22695f9c8675541df6ab4369c4e74b5bd2e93fde57328bafb435e66b1961e4f7c9a5b9936023abd15492792c6b37507a5d48e682da6d5ae2461934815a4bb871b2aa96ce37bb5cbaa52ed1ccfa22659385ba144919a832eb78288289133c614c8d0b807e317cd2f3028b258f977e245427d361fa0c993a78e2f998dad7be1f2645553be57805a9d8e30483f703eccdfdd034e18a05e9f38ccd6c3d1d8a1c4085eca98d5cce350d8e56383f8782d2207e78bfb6ee5f27d8acd6be67f74ecc87d0f9d7443456520304ebe64f77057c877f15d62d9f7e54ba0f76782ace5c0b10f92820e0ab9fe1dca6f6584ed4c2ac98a401db7b3a0385255874f1054f7babc907350368ddf9c16e3664e2bbbf01a268279331874e24ff61b661130e1a08918868fe09139f7c9d271836b23c3e64e5b0b6c8b380eb757405f112c843da103b251be9323e1430f7bd8051bf5d8f1286c28f6d417ea861e83912b176e853eca65ea23cb1af11352f50c521b72ee276c6f4eeef1d0a1b58252b6747f0eed1077e7179cf7c24,gx-no-cache=1553606642582 HTTP/1.1" 200 30
190.171.142.18 - - [26/Mar/2019:10:24:57 -0300] "POST /cormun/servlet/solicitudot?gx-no-cache=1553606644036 HTTP/1.1" 200 30
190.171.142.18 - - [26/Mar/2019:10:25:01 -0300] "POST /cormun/servlet/solicitudot?gx-no-cache=1553606647678 HTTP/1.1" 200 1285
190.171.142.18 - - [26/Mar/2019:10:25:01 -0300] "POST /cormun/servlet/solicitudot?gx-no-cache=1553606647775 HTTP/1.1" 200 38
190.171.142.18 - - [26/Mar/2019:10:25:07 -0300] "GET /cormun/servlet/solicitudot?e25a2f9e02ec218e3135a76adc22695fd64d33cdcc4ef9c47d42d6890262b1056c916091703521e37965fa61917295c8827dbd5f752112e3e38e0cbaa93f31daefa9b4fd4a9a40c413f36aa6d809edf66f62e615cccfa5702f1286f3d6377db05fc8b2d1172cf54c6c6c36890ef7d5b9,gx-no-cache=1553606653398 HTTP/1.1" 200 110
190.171.142.18 - - [26/Mar/2019:10:25:15 -0300] "POST /cormun/servlet/solicitudot?gx-no-cache=1553606661248 HTTP/1.1" 200 64
190.171.142.18 - - [26/Mar/2019:10:25:18 -0300] "POST /cormun/servlet/solicitudot?gx-no-cache=1553606664325 HTTP/1.1" 200 79
190.171.142.18 - - [26/Mar/2019:10:25:22 -0300] "GET /cormun/servlet/solicitudot?e25a2f9e02ec218e3135a76adc22695f102254dfcd9d816311d502785025c5b147f3a1d9d676b9e8e306020ae2ada0a1dbb6ac36a3c059980bc6bdc705155d6e3aad0ee66e5299975fc097f5125a7ebb5e39eb59c7ba470ebea13d53486438c2b9f975a0327940f8e66ee42501a5fb06,gx-no-cache=1553606668655 HTTP/1.1" 200 29
190.171.142.18 - - [26/Mar/2019:10:25:22 -0300] "GET /cormun/servlet/solicitudot?e25a2f9e02ec218e3135a76adc22695f7ae57090f098aa1b7c67abcc29bdc612,gx-no-cache=1553606668683 HTTP/1.1" 200 30
190.171.142.18 - - [26/Mar/2019:10:25:22 -0300] "POST /cormun/servlet/solicitudot?gx-no-cache=1553606668709 HTTP/1.1" 200 30
190.171.142.18 - - [26/Mar/2019:10:25:24 -0300] "GET /cormun/static/menuarrow.gif HTTP/1.1" 404 1015
186.103.159.204 - - [26/Mar/2019:10:25:27 -0300] "GET /cormun/servlet/solicitudotadjuntos?97190e0e17103f5a87e7d4cd4cc075747d1f9df413ceaf252c9a1eda8e5644dd,gx-no-cache=1553606505039 HTTP/1.1" 200 30
186.103.159.204 - - [26/Mar/2019:10:25:27 -0300] "GET /cormun/servlet/solicitudotadjuntos?97190e0e17103f5a87e7d4cd4cc075747d1f9df413ceaf252c9a1eda8e5644dd,gx-no-cache=1553606505064 HTTP/1.1" 200 30
186.103.159.204 - - [26/Mar/2019:10:25:27 -0300] "POST /cormun/servlet/solicitudotadjuntos?faa8255babe6c9e35b85c08665ad5601,INS,2019,14958,,1, HTTP/1.1" 200 116
186.103.159.204 - - [26/Mar/2019:10:25:27 -0300] "GET /cormun/servlet/hpexe_return? HTTP/1.1" 200 1029
186.103.159.204 - - [26/Mar/2019:10:25:27 -0300] "GET /cormun/servlet/trsolicitudadjuntos?2019,14958, HTTP/1.1" 200 8700
186.103.159.204 - - [26/Mar/2019:10:25:28 -0300] "GET /cormun/servlet/trsolicitudadjuntos?2019,14958, HTTP/1.1" 200 8696
190.171.142.18 - - [26/Mar/2019:10:25:28 -0300] "GET /cormun/servlet/solicitudot?e25a2f9e02ec218e3135a76adc22695fb4aeb8cd6a860d9c19ceb126d5c7fcd821e22eee254488a5ca826fd3e3ad61f3,gx-no-cache=1553606674282 HTTP/1.1" 200 30
186.103.159.204 - - [26/Mar/2019:10:25:31 -0300] "GET /cormun/servlet/solicitudotadjuntos?INS,2019,14958,,1, HTTP/1.1" 200 6070
186.103.159.204 - - [26/Mar/2019:10:25:31 -0300] "GET /cormun/static/about:blank HTTP/1.1" 404 1011
186.103.159.204 - - [26/Mar/2019:10:25:31 -0300] "GET /cormun/servlet/solicitudotadjuntos?INS,2019,14958,,1, HTTP/1.1" 200 6064
186.103.159.204 - - [26/Mar/2019:10:25:32 -0300] "GET /cormun/servlet/solicitudotadjuntos?97190e0e17103f5a87e7d4cd4cc0757450523ea04404cde3f1b0562058635475262d1dcdd016b69f8b439c94d2134ad0,gx-no-cache=1553606510130 HTTP/1.1" 200 30
186.103.159.204 - - [26/Mar/2019:10:25:32 -0300] "POST /cormun/servlet/solicitudotadjuntos?faa8255babe6c9e35b85c08665ad5601,INS,2019,14958,,1,,gx-no-cache=1553606510150 HTTP/1.1" 200 3866
190.171.142.18 - - [26/Mar/2019:10:25:35 -0300] "POST /cormun/servlet/solicitudot?gx-no-cache=1553606681132 HTTP/1.1" 200 30
190.171.142.18 - - [26/Mar/2019:10:25:35 -0300] "POST /cormun/servlet/solicitudot?9df58f040acfeba4cae83329b027c1f1,INS,0,0,,gx-no-cache=1553606681157 HTTP/1.1" 200 93
190.171.142.18 - - [26/Mar/2019:10:25:35 -0300] "GET /cormun/servlet/hpexe_return? HTTP/1.1" 200 1005
190.171.142.18 - - [26/Mar/2019:10:25:36 -0300] "GET /cormun/servlet/trsolicitudot HTTP/1.1" 200 8919
190.171.142.18 - - [26/Mar/2019:10:25:36 -0300] "GET /cormun/servlet/trsolicitudot HTTP/1.1" 200 8917
186.103.159.204 - - [26/Mar/2019:10:25:37 -0300] "POST /cormun/servlet/solicitudotadjuntos?gx-no-cache=1553606515383 HTTP/1.1" 200 26
186.103.159.204 - - [26/Mar/2019:10:25:46 -0300] "GET /cormun/servlet/solicitudotadjuntos?97190e0e17103f5a87e7d4cd4cc075747d1f9df413ceaf252c9a1eda8e5644dd,gx-no-cache=1553606524071 HTTP/1.1" 200 30
186.103.159.204 - - [26/Mar/2019:10:25:46 -0300] "GET /cormun/servlet/solicitudotadjuntos?97190e0e17103f5a87e7d4cd4cc075747d1f9df413ceaf252c9a1eda8e5644dd,gx-no-cache=1553606524521 HTTP/1.1" 200 30
186.103.159.204 - - [26/Mar/2019:10:25:47 -0300] "POST /cormun/servlet/solicitudotadjuntos?faa8255babe6c9e35b85c08665ad5601,INS,2019,14958,,1, HTTP/1.1" 200 116
186.103.159.204 - - [26/Mar/2019:10:25:47 -0300] "GET /cormun/servlet/hpexe_return? HTTP/1.1" 200 1029
186.103.159.204 - - [26/Mar/2019:10:25:47 -0300] "GET /cormun/servlet/trsolicitudadjuntos?2019,14958, HTTP/1.1" 200 8944
186.103.159.204 - - [26/Mar/2019:10:25:47 -0300] "GET /cormun/servlet/trsolicitudadjuntos?2019,14958, HTTP/1.1" 200 8944
186.103.159.204 - - [26/Mar/2019:10:25:56 -0300] "GET /cormun/servlet/solicitudotadjuntos?INS,2019,14958,,1, HTTP/1.1" 200 6071
186.103.159.204 - - [26/Mar/2019:10:25:56 -0300] "GET /cormun/static/about:blank HTTP/1.1" 404 1011
186.103.159.204 - - [26/Mar/2019:10:25:56 -0300] "GET /cormun/servlet/solicitudotadjuntos?INS,2019,14958,,1, HTTP/1.1" 200 6064
186.103.159.204 - - [26/Mar/2019:10:25:56 -0300] "GET /cormun/servlet/solicitudotadjuntos?97190e0e17103f5a87e7d4cd4cc0757450523ea04404cde3f1b0562058635475262d1dcdd016b69f8b439c94d2134ad0,gx-no-cache=1553606534643 HTTP/1.1" 200 30
186.103.159.204 - - [26/Mar/2019:10:25:57 -0300] "POST /cormun/servlet/solicitudotadjuntos?faa8255babe6c9e35b85c08665ad5601,INS,2019,14958,,1,,gx-no-cache=1553606534664 HTTP/1.1" 200 3866
190.171.143.106 - - [26/Mar/2019:10:26:00 -0300] "GET /cormun/servlet/trpermisosgoce? HTTP/1.1" 200 6117
186.103.159.204 - - [26/Mar/2019:10:26:00 -0300] "POST /cormun/servlet/solicitudotadjuntos?gx-no-cache=1553606538414 HTTP/1.1" 200 26
190.171.143.106 - - [26/Mar/2019:10:26:01 -0300] "GET /cormun/servlet/hlogin HTTP/1.1" 200 1739
190.171.143.106 - - [26/Mar/2019:10:26:01 -0300] "GET /cormun/servlet/trpermisosgoce? HTTP/1.1" 200 6117
190.171.143.106 - - [26/Mar/2019:10:26:03 -0300] "POST /cormun/servlet/hlogin?2793f9df868fb5e00acf4e176ec63c91,gx-no-cache=1553606543608 HTTP/1.1" 200 90
190.171.143.106 - - [26/Mar/2019:10:26:03 -0300] "GET /cormun/servlet/hpexe_link HTTP/1.1" 200 957
190.171.143.106 - - [26/Mar/2019:10:26:03 -0300] "GET /cormun/servlet/trpermisosgoce HTTP/1.1" 200 8384
190.171.143.106 - - [26/Mar/2019:10:26:03 -0300] "GET /cormun/servlet/trpermisosgoce HTTP/1.1" 200 8383
190.171.143.106 - - [26/Mar/2019:10:26:05 -0300] "GET /cormun/servlet/permisogoce?INS,0,,, HTTP/1.1" 200 6923
190.171.143.106 - - [26/Mar/2019:10:26:06 -0300] "GET /cormun/servlet/permisogoce?INS,0,,, HTTP/1.1" 200 6922
190.171.143.106 - - [26/Mar/2019:10:26:08 -0300] "GET /cormun/servlet/prfichaempleado?,MD,,gxPopupLevel%3D0%3B HTTP/1.1" 200 9382
186.103.159.204 - - [26/Mar/2019:10:26:09 -0300] "GET /cormun/servlet/solicitudotadjuntos?97190e0e17103f5a87e7d4cd4cc075747d1f9df413ceaf252c9a1eda8e5644dd,gx-no-cache=1553606546895 HTTP/1.1" 200 30
186.103.159.204 - - [26/Mar/2019:10:26:09 -0300] "GET /cormun/servlet/solicitudotadjuntos?97190e0e17103f5a87e7d4cd4cc075747d1f9df413ceaf252c9a1eda8e5644dd,gx-no-cache=1553606546909 HTTP/1.1" 200 30
186.103.159.204 - - [26/Mar/2019:10:26:09 -0300] "POST /cormun/servlet/solicitudotadjuntos?faa8255babe6c9e35b85c08665ad5601,INS,2019,14958,,1, HTTP/1.1" 200 116
186.103.159.204 - - [26/Mar/2019:10:26:09 -0300] "GET /cormun/servlet/hpexe_return? HTTP/1.1" 200 1029
186.103.159.204 - - [26/Mar/2019:10:26:09 -0300] "GET /cormun/servlet/trsolicitudadjuntos?2019,14958, HTTP/1.1" 200 9138
186.103.159.204 - - [26/Mar/2019:10:26:10 -0300] "GET /cormun/servlet/trsolicitudadjuntos?2019,14958, HTTP/1.1" 200 9136
186.103.159.204 - - [26/Mar/2019:10:26:13 -0300] "GET /cormun/servlet/solicitudotadjuntos?INS,2019,14958,,1, HTTP/1.1" 200 6071
186.103.159.204 - - [26/Mar/2019:10:26:13 -0300] "GET /cormun/static/about:blank HTTP/1.1" 404 1011
186.103.159.204 - - [26/Mar/2019:10:26:13 -0300] "GET /cormun/servlet/solicitudotadjuntos?INS,2019,14958,,1, HTTP/1.1" 200 6064
186.103.159.204 - - [26/Mar/2019:10:26:14 -0300] "GET /cormun/servlet/solicitudotadjuntos?97190e0e17103f5a87e7d4cd4cc0757450523ea04404cde3f1b0562058635475262d1dcdd016b69f8b439c94d2134ad0,gx-no-cache=1553606551888 HTTP/1.1" 200 30
186.103.159.204 - - [26/Mar/2019:10:26:14 -0300] "POST /cormun/servlet/solicitudotadjuntos?faa8255babe6c9e35b85c08665ad5601,INS,2019,14958,,1,,gx-no-cache=1553606551906 HTTP/1.1" 200 3866
186.103.159.204 - - [26/Mar/2019:10:26:18 -0300] "POST /cormun/servlet/solicitudotadjuntos?gx-no-cache=1553606556254 HTTP/1.1" 200 26
190.171.143.106 - - [26/Mar/2019:10:26:21 -0300] "POST /cormun/servlet/prfichaempleado?2793f9df868fb5e00acf4e176ec63c91,,MD,,gxPopupLevel%3D0%3B,gx-no-cache=1553606562137 HTTP/1.1" 200 3423
190.171.143.106 - - [26/Mar/2019:10:26:25 -0300] "GET /cormun/servlet/permisogoce?bac80002641932803263873a5e7ef189e988b7110495b36439363b5836d34e067e2f5a27da8d306b054fe67cfd8413f9baa2fe62808f08f38f6b54e7b73444c5,gx-no-cache=1553606566330 HTTP/1.1" 200 182
190.171.143.106 - - [26/Mar/2019:10:26:25 -0300] "GET /cormun/static/Shared/jqueryui/images/ui-icons_82798d_256x240.png HTTP/1.1" 404 1089
190.171.143.106 - - [26/Mar/2019:10:26:25 -0300] "GET /cormun/static/Shared/jqueryui/images/ui-bg_flat_55_994d53_40x100.png HTTP/1.1" 404 1097
190.171.143.106 - - [26/Mar/2019:10:26:25 -0300] "GET /cormun/static/Shared/jqueryui/images/ui-icons_ebccce_256x240.png HTTP/1.1" 404 1089
190.171.143.106 - - [26/Mar/2019:10:26:25 -0300] "GET /cormun/static/Shared/jqueryui/images/ui-bg_highlight-soft_100_c6c2c8_1x100.png HTTP/1.1" 404 1117
190.171.143.106 - - [26/Mar/2019:10:26:28 -0300] "GET /cormun/static/menuarrow.gif HTTP/1.1" 404 1015
186.103.159.204 - - [26/Mar/2019:10:26:28 -0300] "GET /cormun/servlet/solicitudotadjuntos?97190e0e17103f5a87e7d4cd4cc075747d1f9df413ceaf252c9a1eda8e5644dd,gx-no-cache=1553606566221 HTTP/1.1" 200 30
186.103.159.204 - - [26/Mar/2019:10:26:28 -0300] "GET /cormun/servlet/solicitudotadjuntos?97190e0e17103f5a87e7d4cd4cc075747d1f9df413ceaf252c9a1eda8e5644dd,gx-no-cache=1553606566236 HTTP/1.1" 200 30
