186.103.159.188 - - [26/Mar/2019:09:50:16 -0300] "GET /cormun/servlet/solicitudot?0b9e1033f4183d4f8b029e76a35147790273c722e18a7a33b779c98f2daec7e8d8ec3dfab71e4e4e84ca5cc45e2d0a68b84f8fa685c415a91b5102b02e9630f8c296bf9f95b294666119c4bdcce4649a92223e1099048db9aa9c9520b905f903c56007acb5d1152bb8c28f13d04b1d7e,gx-no-cache=1553604396134 HTTP/1.1" 200 110
186.103.159.188 - - [26/Mar/2019:09:50:16 -0300] "POST /cormun/servlet/solicitudot?gx-no-cache=1553604396226 HTTP/1.1" 200 67
186.103.159.188 - - [26/Mar/2019:09:50:16 -0300] "GET /cormun/servlet/solicitudot?0b9e1033f4183d4f8b029e76a351477939766aa916ca7e82937464919939fed135f0a2b52ca0a2e90a1a4e2e0b6e94d8,gx-no-cache=1553604396341 HTTP/1.1" 200 30
186.103.159.188 - - [26/Mar/2019:09:50:16 -0300] "POST /cormun/servlet/solicitudot?gx-no-cache=1553604396410 HTTP/1.1" 200 30
186.103.159.188 - - [26/Mar/2019:09:50:16 -0300] "POST /cormun/servlet/solicitudot?53c5639b96d5f40fdf67f80bcb7e9c32,INS,0,0,,gx-no-cache=1553604396494 HTTP/1.1" 200 12071
186.103.159.188 - - [26/Mar/2019:09:50:31 -0300] "GET /cormun/servlet/solicitudot?0b9e1033f4183d4f8b029e76a3514779c69650099e1a3b01d0a59b075e6c86ef6ea2eb1101823bbbeda6b61612d5c08a71c1b3908d9de37f386af44b63a49b908d496398e6577f6f4931b97ba7a57cacb291f112fcaee44329eb8bc8f632ff5271679e6f7788b6e9287747ae6829e0e79cf7e97f894c8116a89bbdd9d31f0bbb53ccde4d4fcd37436526398aaf7a77065785d9a235c5dd93be2d835c250c2375dd686fd8f66101ef893fa9621b85ea71df1a910401c58aa857c7c9de52bda552990137ba71eb1707ad777b8fc3652de322cb9f4dace55d743dde92f61766f072deb20dbbd22de3d7494554e60e86ebf6139ea39670064959e9b6fdfadd10fc6b40fe2f1afe94b023014ee6b687e3b5a160c028e75f16f5e1008a828618c59fc5a8bbeb4c91a39593baff8622d1bd56297140a77cec9525f6621cb9cd2030c93e62b62f1549b29d262e3f25c7744370e8eebe07d08fd257f9ff741b4979b21ad75477d15893b13c2cece2a4cf4c7a1db3c61ebcec2f6fd514989933836964f4d91da1ffae800d59a75e1aa7f8261a6f83,gx-no-cache=1553604410680 HTTP/1.1" 200 30
186.103.159.188 - - [26/Mar/2019:09:50:31 -0300] "POST /cormun/servlet/solicitudot?gx-no-cache=1553604411050 HTTP/1.1" 200 30
186.103.159.188 - - [26/Mar/2019:09:50:31 -0300] "POST /cormun/servlet/solicitudot?gx-no-cache=1553604411147 HTTP/1.1" 200 1287
186.103.159.188 - - [26/Mar/2019:09:50:31 -0300] "POST /cormun/servlet/solicitudot?gx-no-cache=1553604411383 HTTP/1.1" 200 40
186.103.159.188 - - [26/Mar/2019:09:50:31 -0300] "GET /cormun/servlet/solicitudot?0b9e1033f4183d4f8b029e76a35147790273c722e18a7a33b779c98f2daec7e8d8ec3dfab71e4e4e84ca5cc45e2d0a68b84f8fa685c415a91b5102b02e9630f8c296bf9f95b294666119c4bdcce4649a92223e1099048db9aa9c9520b905f903c56007acb5d1152bb8c28f13d04b1d7e,gx-no-cache=1553604411486 HTTP/1.1" 200 110
186.103.159.188 - - [26/Mar/2019:09:50:32 -0300] "POST /cormun/servlet/solicitudot?gx-no-cache=1553604411590 HTTP/1.1" 200 67
186.103.159.188 - - [26/Mar/2019:09:50:32 -0300] "GET /cormun/servlet/solicitudot?0b9e1033f4183d4f8b029e76a351477939766aa916ca7e82937464919939fed135f0a2b52ca0a2e90a1a4e2e0b6e94d8,gx-no-cache=1553604412187 HTTP/1.1" 200 30
186.103.159.188 - - [26/Mar/2019:09:50:32 -0300] "POST /cormun/servlet/solicitudot?gx-no-cache=1553604412267 HTTP/1.1" 200 30
186.103.159.188 - - [26/Mar/2019:09:50:33 -0300] "POST /cormun/servlet/solicitudot?53c5639b96d5f40fdf67f80bcb7e9c32,INS,0,0,,gx-no-cache=1553604412422 HTTP/1.1" 200 93
186.103.159.188 - - [26/Mar/2019:09:50:33 -0300] "GET /cormun/servlet/hpexe_return? HTTP/1.1" 200 1001
186.103.159.188 - - [26/Mar/2019:09:50:34 -0300] "GET /cormun/servlet/trsolicitudot HTTP/1.1" 200 9483
186.103.159.188 - - [26/Mar/2019:09:50:34 -0300] "GET /cormun/servlet/trsolicitudot HTTP/1.1" 200 9479
186.103.159.188 - - [26/Mar/2019:09:50:45 -0300] "POST /cormun/servlet/trsolicitudot?53c5639b96d5f40fdf67f80bcb7e9c32,gx-no-cache=1553604424996 HTTP/1.1" 200 107
186.103.159.188 - - [26/Mar/2019:09:50:45 -0300] "GET /cormun/servlet/trsolicitudadjuntos?2019,14956, HTTP/1.1" 200 6147
186.103.159.188 - - [26/Mar/2019:09:50:46 -0300] "GET /cormun/servlet/trsolicitudadjuntos?2019,14956, HTTP/1.1" 200 6147
186.103.159.188 - - [26/Mar/2019:09:50:49 -0300] "GET /cormun/servlet/solicitudotadjuntos?INS,2019,14956,,1, HTTP/1.1" 200 6092
186.103.159.188 - - [26/Mar/2019:09:50:50 -0300] "GET /cormun/servlet/solicitudotadjuntos?INS,2019,14956,,1, HTTP/1.1" 200 6086
186.103.159.188 - - [26/Mar/2019:09:50:50 -0300] "GET /cormun/static/about:blank HTTP/1.1" 404 1011
186.103.159.188 - - [26/Mar/2019:09:50:50 -0300] "GET /cormun/servlet/solicitudotadjuntos?0b9e1033f4183d4f8b029e76a351477974a812895cb9cd3ddf6c7ceda3e4df3fe9b7edb8cc68694042c8610af930c872,gx-no-cache=1553604430636 HTTP/1.1" 200 30
186.103.159.188 - - [26/Mar/2019:09:50:51 -0300] "POST /cormun/servlet/solicitudotadjuntos?53c5639b96d5f40fdf67f80bcb7e9c32,INS,2019,14956,,1,,gx-no-cache=1553604430810 HTTP/1.1" 200 3855
186.103.159.188 - - [26/Mar/2019:09:50:52 -0300] "POST /cormun/servlet/solicitudotadjuntos?gx-no-cache=1553604432582 HTTP/1.1" 200 26
186.103.159.188 - - [26/Mar/2019:09:51:04 -0300] "GET /cormun/servlet/solicitudotadjuntos?0b9e1033f4183d4f8b029e76a351477919cbd9a313a7c5f0f138a422595c1e4a,gx-no-cache=1553604444126 HTTP/1.1" 200 30
186.103.159.188 - - [26/Mar/2019:09:51:04 -0300] "GET /cormun/servlet/solicitudotadjuntos?0b9e1033f4183d4f8b029e76a351477919cbd9a313a7c5f0f138a422595c1e4a,gx-no-cache=1553604444242 HTTP/1.1" 200 30
186.103.159.188 - - [26/Mar/2019:09:51:05 -0300] "POST /cormun/servlet/solicitudotadjuntos?53c5639b96d5f40fdf67f80bcb7e9c32,INS,2019,14956,,1, HTTP/1.1" 200 116
186.103.159.188 - - [26/Mar/2019:09:51:05 -0300] "GET /cormun/servlet/hpexe_return? HTTP/1.1" 200 1021
186.103.159.188 - - [26/Mar/2019:09:51:05 -0300] "GET /cormun/servlet/trsolicitudadjuntos?2019,14956, HTTP/1.1" 200 8719
186.103.159.188 - - [26/Mar/2019:09:51:06 -0300] "GET /cormun/servlet/trsolicitudadjuntos?2019,14956, HTTP/1.1" 200 8715
186.103.159.188 - - [26/Mar/2019:09:51:07 -0300] "GET /cormun/servlet/solicitudotadjuntos?INS,2019,14956,,1, HTTP/1.1" 200 6092
186.103.159.188 - - [26/Mar/2019:09:51:08 -0300] "GET /cormun/static/about:blank HTTP/1.1" 404 1011
186.103.159.188 - - [26/Mar/2019:09:51:08 -0300] "GET /cormun/servlet/solicitudotadjuntos?INS,2019,14956,,1, HTTP/1.1" 200 6086
186.103.159.188 - - [26/Mar/2019:09:51:08 -0300] "GET /cormun/servlet/solicitudotadjuntos?0b9e1033f4183d4f8b029e76a351477974a812895cb9cd3ddf6c7ceda3e4df3fe9b7edb8cc68694042c8610af930c872,gx-no-cache=1553604448771 HTTP/1.1" 200 30
186.103.159.188 - - [26/Mar/2019:09:51:09 -0300] "POST /cormun/servlet/solicitudotadjuntos?53c5639b96d5f40fdf67f80bcb7e9c32,INS,2019,14956,,1,,gx-no-cache=1553604448873 HTTP/1.1" 200 3855
186.103.159.188 - - [26/Mar/2019:09:51:13 -0300] "POST /cormun/servlet/solicitudotadjuntos?gx-no-cache=1553604453462 HTTP/1.1" 200 26
190.171.142.18 - - [26/Mar/2019:09:52:28 -0300] "GET /cormun/servlet/trlicencias? HTTP/1.1" 200 6138
190.171.142.18 - - [26/Mar/2019:09:52:29 -0300] "GET /cormun/servlet/hlogin HTTP/1.1" 200 1734
190.171.142.18 - - [26/Mar/2019:09:52:29 -0300] "GET /cormun/servlet/trlicencias? HTTP/1.1" 200 6130
190.171.142.18 - - [26/Mar/2019:09:52:30 -0300] "POST /cormun/servlet/hlogin?9df58f040acfeba4cae83329b027c1f1,gx-no-cache=1553604696876 HTTP/1.1" 200 90
190.171.142.18 - - [26/Mar/2019:09:52:31 -0300] "GET /cormun/servlet/hpexe_link HTTP/1.1" 200 953
190.171.142.18 - - [26/Mar/2019:09:52:31 -0300] "GET /cormun/servlet/trlicencias HTTP/1.1" 200 9774
190.171.142.18 - - [26/Mar/2019:09:52:31 -0300] "GET /cormun/servlet/trlicencias HTTP/1.1" 200 9772
186.103.159.188 - - [26/Mar/2019:09:52:35 -0300] "GET /cormun/servlet/solicitudotadjuntos?0b9e1033f4183d4f8b029e76a351477919cbd9a313a7c5f0f138a422595c1e4a,gx-no-cache=1553604535390 HTTP/1.1" 200 30
186.103.159.188 - - [26/Mar/2019:09:52:35 -0300] "GET /cormun/servlet/solicitudotadjuntos?0b9e1033f4183d4f8b029e76a351477919cbd9a313a7c5f0f138a422595c1e4a,gx-no-cache=1553604535416 HTTP/1.1" 200 30
186.103.159.188 - - [26/Mar/2019:09:52:36 -0300] "POST /cormun/servlet/solicitudotadjuntos?53c5639b96d5f40fdf67f80bcb7e9c32,INS,2019,14956,,1, HTTP/1.1" 200 116
186.103.159.188 - - [26/Mar/2019:09:52:36 -0300] "GET /cormun/servlet/hpexe_return? HTTP/1.1" 200 1021
186.103.159.188 - - [26/Mar/2019:09:52:36 -0300] "GET /cormun/servlet/trsolicitudadjuntos?2019,14956, HTTP/1.1" 200 8936
186.103.159.188 - - [26/Mar/2019:09:52:37 -0300] "GET /cormun/servlet/trsolicitudadjuntos?2019,14956, HTTP/1.1" 200 8935
186.103.159.188 - - [26/Mar/2019:09:52:39 -0300] "GET /cormun/servlet/solicitudotadjuntos?INS,2019,14956,,1, HTTP/1.1" 200 6092
186.103.159.188 - - [26/Mar/2019:09:52:39 -0300] "GET /cormun/static/about:blank HTTP/1.1" 404 1011
186.103.159.188 - - [26/Mar/2019:09:52:40 -0300] "GET /cormun/servlet/solicitudotadjuntos?INS,2019,14956,,1, HTTP/1.1" 200 6085
186.103.159.188 - - [26/Mar/2019:09:52:40 -0300] "GET /cormun/servlet/solicitudotadjuntos?0b9e1033f4183d4f8b029e76a351477974a812895cb9cd3ddf6c7ceda3e4df3fe9b7edb8cc68694042c8610af930c872,gx-no-cache=1553604540498 HTTP/1.1" 200 30
186.103.159.188 - - [26/Mar/2019:09:52:40 -0300] "POST /cormun/servlet/solicitudotadjuntos?53c5639b96d5f40fdf67f80bcb7e9c32,INS,2019,14956,,1,,gx-no-cache=1553604540678 HTTP/1.1" 200 3854
186.103.159.188 - - [26/Mar/2019:09:52:43 -0300] "POST /cormun/servlet/solicitudotadjuntos?gx-no-cache=1553604543310 HTTP/1.1" 200 26
186.103.159.188 - - [26/Mar/2019:09:52:49 -0300] "GET /cormun/servlet/solicitudotadjuntos?0b9e1033f4183d4f8b029e76a351477919cbd9a313a7c5f0f138a422595c1e4a,gx-no-cache=1553604549071 HTTP/1.1" 200 30
186.103.159.188 - - [26/Mar/2019:09:52:49 -0300] "GET /cormun/servlet/solicitudotadjuntos?0b9e1033f4183d4f8b029e76a351477919cbd9a313a7c5f0f138a422595c1e4a,gx-no-cache=1553604549087 HTTP/1.1" 200 30
186.103.159.188 - - [26/Mar/2019:09:52:49 -0300] "POST /cormun/servlet/solicitudotadjuntos?53c5639b96d5f40fdf67f80bcb7e9c32,INS,2019,14956,,1, HTTP/1.1" 200 116
186.103.159.188 - - [26/Mar/2019:09:52:49 -0300] "GET /cormun/servlet/hpexe_return? HTTP/1.1" 200 1021
186.103.159.188 - - [26/Mar/2019:09:52:50 -0300] "GET /cormun/servlet/trsolicitudadjuntos?2019,14956, HTTP/1.1" 200 9118
186.103.159.188 - - [26/Mar/2019:09:52:50 -0300] "GET /cormun/servlet/trsolicitudadjuntos?2019,14956, HTTP/1.1" 200 9115
186.103.159.188 - - [26/Mar/2019:09:52:52 -0300] "GET /cormun/servlet/solicitudotadjuntos?INS,2019,14956,,1, HTTP/1.1" 200 6092
186.103.159.188 - - [26/Mar/2019:09:52:53 -0300] "GET /cormun/static/about:blank HTTP/1.1" 404 1011
186.103.159.188 - - [26/Mar/2019:09:52:53 -0300] "GET /cormun/servlet/solicitudotadjuntos?INS,2019,14956,,1, HTTP/1.1" 200 6085
186.103.159.188 - - [26/Mar/2019:09:52:54 -0300] "GET /cormun/servlet/solicitudotadjuntos?0b9e1033f4183d4f8b029e76a351477974a812895cb9cd3ddf6c7ceda3e4df3fe9b7edb8cc68694042c8610af930c872,gx-no-cache=1553604553710 HTTP/1.1" 200 30
186.103.159.188 - - [26/Mar/2019:09:52:54 -0300] "POST /cormun/servlet/solicitudotadjuntos?53c5639b96d5f40fdf67f80bcb7e9c32,INS,2019,14956,,1,,gx-no-cache=1553604554282 HTTP/1.1" 200 3854
186.103.159.188 - - [26/Mar/2019:09:52:57 -0300] "POST /cormun/servlet/solicitudotadjuntos?gx-no-cache=1553604557805 HTTP/1.1" 200 26
190.171.142.50 - - [26/Mar/2019:09:52:58 -0300] "GET /cormun/servlet/hlogin HTTP/1.1" 200 1719
190.171.142.50 - - [26/Mar/2019:09:52:58 -0300] "GET /cormun/static/gxtimezone.js?85251 HTTP/1.1" 304 -
66.249.66.219 - - [26/Mar/2019:09:53:03 -0300] "GET /robots.txt HTTP/1.1" 404 981
186.103.159.188 - - [26/Mar/2019:09:53:04 -0300] "GET /cormun/servlet/solicitudotadjuntos?0b9e1033f4183d4f8b029e76a351477919cbd9a313a7c5f0f138a422595c1e4a,gx-no-cache=1553604563966 HTTP/1.1" 200 30
186.103.159.188 - - [26/Mar/2019:09:53:04 -0300] "GET /cormun/servlet/solicitudotadjuntos?0b9e1033f4183d4f8b029e76a351477919cbd9a313a7c5f0f138a422595c1e4a,gx-no-cache=1553604564013 HTTP/1.1" 200 30
66.249.66.221 - - [26/Mar/2019:09:53:04 -0300] "GET /cormun/servlet/hlogin HTTP/1.1" 200 1714
66.249.66.221 - - [26/Mar/2019:09:53:04 -0300] "GET /cormun/servlet/hlogin?_escaped_fragment_= HTTP/1.1" 200 1725
186.103.159.188 - - [26/Mar/2019:09:53:05 -0300] "POST /cormun/servlet/solicitudotadjuntos?53c5639b96d5f40fdf67f80bcb7e9c32,INS,2019,14956,,1, HTTP/1.1" 200 116
186.103.159.188 - - [26/Mar/2019:09:53:05 -0300] "GET /cormun/servlet/hpexe_return? HTTP/1.1" 200 1021
186.103.159.188 - - [26/Mar/2019:09:53:05 -0300] "GET /cormun/servlet/trsolicitudadjuntos?2019,14956, HTTP/1.1" 200 9314
186.103.159.188 - - [26/Mar/2019:09:53:06 -0300] "GET /cormun/servlet/trsolicitudadjuntos?2019,14956, HTTP/1.1" 200 9311
190.171.142.50 - - [26/Mar/2019:09:53:06 -0300] "POST /cormun/servlet/hlogin?ba52a50da1237657046fcadb6896a479,gx-no-cache=1553604566623 HTTP/1.1" 200 90
190.171.142.50 - - [26/Mar/2019:09:53:06 -0300] "GET /cormun/servlet/hpexe_link HTTP/1.1" 200 951
190.171.142.50 - - [26/Mar/2019:09:53:06 -0300] "GET /cormun/servlet/hhome HTTP/1.1" 200 4025
190.171.142.50 - - [26/Mar/2019:09:53:08 -0300] "GET /cormun/servlet/hhome HTTP/1.1" 200 4024
190.171.142.50 - - [26/Mar/2019:09:53:18 -0300] "GET /cormun/servlet/trsolicitudot? HTTP/1.1" 200 7242
190.171.142.50 - - [26/Mar/2019:09:53:19 -0300] "GET /cormun/static/calendar-es.js?85251 HTTP/1.1" 304 -
190.171.142.50 - - [26/Mar/2019:09:53:19 -0300] "GET /cormun/static/calendar-setup.js?85251 HTTP/1.1" 304 -
190.171.142.50 - - [26/Mar/2019:09:53:19 -0300] "GET /cormun/static/calendar.js?85251 HTTP/1.1" 304 -
190.171.142.50 - - [26/Mar/2019:09:53:19 -0300] "GET /cormun/static/gxdec.js?85251 HTTP/1.1" 304 -
190.171.142.50 - - [26/Mar/2019:09:53:20 -0300] "GET /cormun/servlet/trsolicitudot? HTTP/1.1" 200 7241
190.171.153.218 - - [26/Mar/2019:09:53:21 -0300] "GET /cormun/servlet/trcontratounov2? HTTP/1.1" 200 6003
190.151.124.170 - - [26/Mar/2019:09:53:21 -0300] "GET /cormun/servlet/hlogin HTTP/1.1" 200 1743
190.171.153.218 - - [26/Mar/2019:09:53:21 -0300] "GET /cormun/servlet/trcontratounov2? HTTP/1.1" 200 6014
190.151.124.170 - - [26/Mar/2019:09:53:23 -0300] "POST /cormun/servlet/hlogin?47e8069d360b847aff1a0f117f387598,gx-no-cache=1553604582399 HTTP/1.1" 200 90
190.151.124.170 - - [26/Mar/2019:09:53:23 -0300] "GET /cormun/servlet/hpexe_link HTTP/1.1" 200 959
190.151.124.170 - - [26/Mar/2019:09:53:23 -0300] "GET /cormun/servlet/trcontratounov2 HTTP/1.1" 200 17267
190.171.142.50 - - [26/Mar/2019:09:53:23 -0300] "GET /cormun/servlet/solicitudot?INS,0,0, HTTP/1.1" 200 14868
190.151.124.170 - - [26/Mar/2019:09:53:24 -0300] "GET /cormun/servlet/trcontratounov2 HTTP/1.1" 200 17250
190.171.142.50 - - [26/Mar/2019:09:53:25 -0300] "GET /cormun/servlet/solicitudot?INS,0,0, HTTP/1.1" 200 14873
190.171.153.218 - - [26/Mar/2019:09:53:28 -0300] "GET /cormun/servlet/trlicencias? HTTP/1.1" 200 8689
186.67.84.236 - - [26/Mar/2019:09:53:28 -0300] "GET /cormun/static/gxcfg.js?20176272054169 HTTP/1.1" 200 953
164.77.113.188 - - [26/Mar/2019:09:53:28 -0300] "GET /cormun/static/trlicencias.js?20176272054837 HTTP/1.1" 200 41883
190.171.153.218 - - [26/Mar/2019:09:53:28 -0300] "GET /cormun/static/Resources/Spanish/PXTools.css?17315867 HTTP/1.1" 200 89042
164.77.113.188 - - [26/Mar/2019:09:53:28 -0300] "GET /cormun//static/Resources/PXToolsGridDisplay.png HTTP/1.1" 200 362
186.67.84.236 - - [26/Mar/2019:09:53:28 -0300] "GET /cormun//static/Resources/PXToolsActionPrint.png HTTP/1.1" 200 3317
186.67.84.236 - - [26/Mar/2019:09:53:28 -0300] "GET /cormun//static/Resources/PXToolsHeaderFavorites.png HTTP/1.1" 200 2744
186.67.84.236 - - [26/Mar/2019:09:53:28 -0300] "GET /cormun//static/Resources/PXToolsHeaderHelp.png HTTP/1.1" 200 4055
190.171.153.218 - - [26/Mar/2019:09:53:28 -0300] "GET /cormun/servlet/trlicencias? HTTP/1.1" 200 8688
164.77.113.188 - - [26/Mar/2019:09:53:32 -0300] "POST /cormun/servlet/trlicencias?47e8069d360b847aff1a0f117f387598,,gx-no-cache=1553604591528 HTTP/1.1" 200 5931
190.171.142.50 - - [26/Mar/2019:09:53:35 -0300] "POST /cormun/servlet/solicitudot?gx-no-cache=1553604595331 HTTP/1.1" 200 3450
190.171.142.50 - - [26/Mar/2019:09:53:35 -0300] "POST /cormun/servlet/solicitudot?ba52a50da1237657046fcadb6896a479,INS,0,0,,gx-no-cache=1553604595538 HTTP/1.1" 200 11633
190.171.142.50 - - [26/Mar/2019:09:53:39 -0300] "GET /cormun/servlet/solicitudot?56bb27dd729a8d3ec313ef7a53b337e2a75b92c95c153e7debde97b7a128678128510641ce0d29130632dfc35fbb3ff0,gx-no-cache=1553604599274 HTTP/1.1" 200 30
186.103.159.188 - - [26/Mar/2019:09:53:48 -0300] "GET /cormun/servlet/solicitudotadjuntos?INS,2019,14956,,1, HTTP/1.1" 200 6093
186.103.159.188 - - [26/Mar/2019:09:53:48 -0300] "GET /cormun/static/about:blank HTTP/1.1" 404 1011
186.103.159.188 - - [26/Mar/2019:09:53:48 -0300] "GET /cormun/servlet/solicitudotadjuntos?INS,2019,14956,,1, HTTP/1.1" 200 6086
186.103.159.188 - - [26/Mar/2019:09:53:49 -0300] "GET /cormun/servlet/solicitudotadjuntos?0b9e1033f4183d4f8b029e76a351477974a812895cb9cd3ddf6c7ceda3e4df3fe9b7edb8cc68694042c8610af930c872,gx-no-cache=1553604608976 HTTP/1.1" 200 30
186.103.159.188 - - [26/Mar/2019:09:53:49 -0300] "POST /cormun/servlet/solicitudotadjuntos?53c5639b96d5f40fdf67f80bcb7e9c32,INS,2019,14956,,1,,gx-no-cache=1553604609013 HTTP/1.1" 200 3855
186.103.159.188 - - [26/Mar/2019:09:53:52 -0300] "POST /cormun/servlet/solicitudotadjuntos?gx-no-cache=1553604612462 HTTP/1.1" 200 26
186.103.159.188 - - [26/Mar/2019:09:53:57 -0300] "GET /cormun/servlet/solicitudotadjuntos?0b9e1033f4183d4f8b029e76a351477919cbd9a313a7c5f0f138a422595c1e4a,gx-no-cache=1553604617375 HTTP/1.1" 200 30
186.103.159.188 - - [26/Mar/2019:09:53:57 -0300] "GET /cormun/servlet/solicitudotadjuntos?0b9e1033f4183d4f8b029e76a351477919cbd9a313a7c5f0f138a422595c1e4a,gx-no-cache=1553604617391 HTTP/1.1" 200 30
186.103.159.188 - - [26/Mar/2019:09:53:58 -0300] "POST /cormun/servlet/solicitudotadjuntos?53c5639b96d5f40fdf67f80bcb7e9c32,INS,2019,14956,,1, HTTP/1.1" 200 116
186.103.159.188 - - [26/Mar/2019:09:53:59 -0300] "GET /cormun/servlet/hpexe_return? HTTP/1.1" 200 1021
186.103.159.188 - - [26/Mar/2019:09:53:59 -0300] "GET /cormun/servlet/trsolicitudadjuntos?2019,14956, HTTP/1.1" 200 9587
186.103.159.188 - - [26/Mar/2019:09:53:59 -0300] "GET /cormun/servlet/trsolicitudadjuntos?2019,14956, HTTP/1.1" 200 9582
186.103.159.188 - - [26/Mar/2019:09:54:01 -0300] "GET /cormun/servlet/solicitudotadjuntos?INS,2019,14956,,1, HTTP/1.1" 200 6093
186.103.159.188 - - [26/Mar/2019:09:54:02 -0300] "GET /cormun/static/about:blank HTTP/1.1" 404 1011
186.103.159.188 - - [26/Mar/2019:09:54:02 -0300] "GET /cormun/servlet/solicitudotadjuntos?INS,2019,14956,,1, HTTP/1.1" 200 6086
186.103.159.188 - - [26/Mar/2019:09:54:02 -0300] "GET /cormun/servlet/solicitudotadjuntos?0b9e1033f4183d4f8b029e76a351477974a812895cb9cd3ddf6c7ceda3e4df3fe9b7edb8cc68694042c8610af930c872,gx-no-cache=1553604622645 HTTP/1.1" 200 30
186.103.159.188 - - [26/Mar/2019:09:54:02 -0300] "POST /cormun/servlet/solicitudotadjuntos?53c5639b96d5f40fdf67f80bcb7e9c32,INS,2019,14956,,1,,gx-no-cache=1553604622682 HTTP/1.1" 200 3855
186.103.159.188 - - [26/Mar/2019:09:54:05 -0300] "POST /cormun/servlet/solicitudotadjuntos?gx-no-cache=1553604625326 HTTP/1.1" 200 26
152.231.70.149 - - [26/Mar/2019:09:54:15 -0300] "POST /cormun/servlet/trlicencias?47e8069d360b847aff1a0f117f387598,,gx-no-cache=1553604634455 HTTP/1.1" 200 5930
200.111.191.210 - - [26/Mar/2019:09:54:26 -0300] "GET /cormun/servlet/permisogoce?INS,0,,, HTTP/1.1" 200 6866
200.111.191.210 - - [26/Mar/2019:09:54:27 -0300] "GET /cormun/servlet/permisogoce?INS,0,,, HTTP/1.1" 200 6865
200.111.191.210 - - [26/Mar/2019:09:54:34 -0300] "GET /cormun/servlet/permisogoce?c3e7483f3f5837ec3800e92ef414e7c13e0d25afce616623b919917bd88481225d6ea19be276d7763f52f5a71d81bfce33fd24eb9b1fcb2e4c7df194c80f1610,gx-no-cache=1553604718365 HTTP/1.1" 200 78
186.103.159.188 - - [26/Mar/2019:09:54:35 -0300] "POST /cormun/servlet/solicitudotadjuntos?53c5639b96d5f40fdf67f80bcb7e9c32,INS,2019,14956,,1, HTTP/1.1" 200 116
186.103.159.188 - - [26/Mar/2019:09:54:35 -0300] "GET /cormun/servlet/hpexe_return? HTTP/1.1" 200 1021
186.103.159.188 - - [26/Mar/2019:09:54:36 -0300] "GET /cormun/servlet/trsolicitudadjuntos?2019,14956, HTTP/1.1" 200 9586
186.103.159.188 - - [26/Mar/2019:09:54:36 -0300] "GET /cormun/servlet/trsolicitudadjuntos?2019,14956, HTTP/1.1" 200 9584
186.103.159.188 - - [26/Mar/2019:09:54:40 -0300] "GET /cormun/servlet/trsolicitudot? HTTP/1.1" 200 9486
186.103.159.188 - - [26/Mar/2019:09:54:40 -0300] "GET /cormun/servlet/trsolicitudot? HTTP/1.1" 200 9479
200.111.191.210 - - [26/Mar/2019:09:54:41 -0300] "GET /cormun/servlet/permisogoce?c3e7483f3f5837ec3800e92ef414e7c198ca78415c550efffc7c6174b3c591a1b00cbe0d8b8bdadf2245dc4ebfcc2851655b962ceffbd32e16b94247deaaf6d2,gx-no-cache=1553604724771 HTTP/1.1" 200 47
200.111.191.210 - - [26/Mar/2019:09:54:47 -0300] "POST /cormun/servlet/permisogoce?bb879f271b9a2e8fb9ac41e5be20193f,INS,0,,,,gx-no-cache=1553604730860 HTTP/1.1" 200 93
200.111.191.210 - - [26/Mar/2019:09:54:47 -0300] "GET /cormun/servlet/hpexe_return? HTTP/1.1" 200 1009
200.111.191.210 - - [26/Mar/2019:09:54:47 -0300] "GET /cormun/servlet/trpermisosgoce HTTP/1.1" 200 12835
200.111.191.210 - - [26/Mar/2019:09:54:48 -0300] "GET /cormun/servlet/trpermisosgoce HTTP/1.1" 200 12836
186.103.159.188 - - [26/Mar/2019:09:54:48 -0300] "POST /cormun/servlet/trsolicitudot?53c5639b96d5f40fdf67f80bcb7e9c32,,gx-no-cache=1553604668554 HTTP/1.1" 200 6801
186.103.159.188 - - [26/Mar/2019:09:54:48 -0300] "GET /cormun/static/Shared/jqueryui/images/ui-icons_82798d_256x240.png HTTP/1.1" 404 1089
186.103.159.188 - - [26/Mar/2019:09:54:48 -0300] "GET /cormun/static/Shared/jqueryui/images/ui-icons_8d78a5_256x240.png HTTP/1.1" 404 1089
186.103.159.188 - - [26/Mar/2019:09:54:48 -0300] "GET /cormun/static/Shared/jqueryui/images/ui-bg_highlight-soft_100_c6c2c8_1x100.png HTTP/1.1" 404 1117
186.103.159.188 - - [26/Mar/2019:09:54:48 -0300] "GET /cormun/static/Shared/jqueryui/images/ui-bg_flat_55_fafafa_40x100.png HTTP/1.1" 404 1097
200.111.191.210 - - [26/Mar/2019:09:54:51 -0300] "GET /cormun/servlet/apermisogoceprn?11364484,P,20190326114749,PU HTTP/1.1" 200 1639
186.103.159.188 - - [26/Mar/2019:09:54:57 -0300] "POST /cormun/servlet/trsolicitudot?53c5639b96d5f40fdf67f80bcb7e9c32,,gx-no-cache=1553604676986 HTTP/1.1" 200 106
186.103.159.188 - - [26/Mar/2019:09:54:57 -0300] "GET /cormun/servlet/trsolicitudadjuntos?2019,14944, HTTP/1.1" 200 6147
186.103.159.188 - - [26/Mar/2019:09:54:57 -0300] "GET /cormun/servlet/trsolicitudadjuntos?2019,14944, HTTP/1.1" 200 6147
186.103.159.188 - - [26/Mar/2019:09:55:01 -0300] "GET /cormun/servlet/solicitudotadjuntos?INS,2019,14944,,1, HTTP/1.1" 200 6093
186.103.159.188 - - [26/Mar/2019:09:55:01 -0300] "GET /cormun/static/about:blank HTTP/1.1" 404 1011
186.103.159.188 - - [26/Mar/2019:09:55:01 -0300] "GET /cormun/servlet/solicitudotadjuntos?INS,2019,14944,,1, HTTP/1.1" 200 6086
186.103.159.188 - - [26/Mar/2019:09:55:02 -0300] "GET /cormun/servlet/solicitudotadjuntos?0b9e1033f4183d4f8b029e76a35147799edc5a5989d0c29a0721f22c9e0ab333e9b7edb8cc68694042c8610af930c872,gx-no-cache=1553604682160 HTTP/1.1" 200 30
186.103.159.188 - - [26/Mar/2019:09:55:02 -0300] "POST /cormun/servlet/solicitudotadjuntos?53c5639b96d5f40fdf67f80bcb7e9c32,INS,2019,14944,,1,,gx-no-cache=1553604682212 HTTP/1.1" 200 3856
186.103.159.188 - - [26/Mar/2019:09:55:05 -0300] "POST /cormun/servlet/solicitudotadjuntos?gx-no-cache=1553604685089 HTTP/1.1" 200 26
192.168.10.96 - - [26/Mar/2019:09:55:07 -0300] "POST /cormun/servlet/vesolicitudgral?0b48e221cef4710f9973957f6206e71c,2019,14851,,SolicitudOTAdjuntos,gx-no-cache=1553611709878 HTTP/1.1" 200 90
192.168.10.96 - - [26/Mar/2019:09:55:07 -0300] "GET /cormun/servlet/hpexe_link HTTP/1.1" 200 981
192.168.10.96 - - [26/Mar/2019:09:55:07 -0300] "GET /cormun/servlet/trsolicitudgral? HTTP/1.1" 200 11134
190.171.142.50 - - [26/Mar/2019:09:55:08 -0300] "GET /cormun/servlet/solicitudot?56bb27dd729a8d3ec313ef7a53b337e21510b9936ab680ec3667f40196e0c381f87877d264f906452cc8d1e6bb1cf64d197c8cf13291d5ebae3d91fc1c3f58d3,gx-no-cache=1553604688394 HTTP/1.1" 200 30
190.171.142.50 - - [26/Mar/2019:09:55:08 -0300] "GET /cormun/servlet/solicitudot?56bb27dd729a8d3ec313ef7a53b337e206f0c62c6afcdae20f1cdc63d24f6f91,gx-no-cache=1553604688590 HTTP/1.1" 200 29
192.168.10.96 - - [26/Mar/2019:09:55:08 -0300] "GET /cormun/servlet/trsolicitudgral? HTTP/1.1" 200 11132
190.171.142.50 - - [26/Mar/2019:09:55:11 -0300] "POST /cormun/servlet/solicitudot?gx-no-cache=1553604691479 HTTP/1.1" 200 255
190.171.142.50 - - [26/Mar/2019:09:55:13 -0300] "GET /cormun/servlet/solicitudot?56bb27dd729a8d3ec313ef7a53b337e27c305561e2906f11f50e59b52e6d43e8e1cf02b1f75589d2a71b5970b77f2752afe21c952d63591637652797d261f55f2ee09f77d3b94a6c72e9a63086c9262afc117cfb1a385110066341959e25e6746a88a6b37f6901bbb7223ec901e0f640356a8fcc62a16258cbd1653ff4352937a9b1793e7b441e6810f5dcb2839204ac854e94142c2f2832a0674af57d7e77d3059a847a40e77c4e4f5a3d7ab3cde416ff39e3f2bdc788d7b023a8721605a48320069f37d7b4536c02747bcbf45007ce00e1a0ff05d491f173455ec80d4266036b38ebc82cd9a560a262a02e7d4c3da082dbd1cc74bace9e8d68df3c570bdba4f0f976f41a0e71152a2d911f2bca2f0c996f9413c7df62bcae84097e59f5c020ec56cde27229f8719cecca7064fd87ca9fc44a9f88c4e4d728872b6c90a2bfd085bd996ee43ad50e4228621de79f2fbbcec302a668875377807bd78d1097fcf20493df987c3c92c39cb9f6bdafb088983d25b9cf809c822199267170c736989e,gx-no-cache=1553604693913 HTTP/1.1" 200 30
186.103.159.188 - - [26/Mar/2019:09:55:15 -0300] "GET /cormun/servlet/solicitudotadjuntos?0b9e1033f4183d4f8b029e76a351477919cbd9a313a7c5f0f138a422595c1e4a,gx-no-cache=1553604695039 HTTP/1.1" 200 30
186.103.159.188 - - [26/Mar/2019:09:55:15 -0300] "GET /cormun/servlet/solicitudotadjuntos?0b9e1033f4183d4f8b029e76a351477919cbd9a313a7c5f0f138a422595c1e4a,gx-no-cache=1553604695054 HTTP/1.1" 200 30
186.103.159.188 - - [26/Mar/2019:09:55:15 -0300] "POST /cormun/servlet/solicitudotadjuntos?53c5639b96d5f40fdf67f80bcb7e9c32,INS,2019,14944,,1, HTTP/1.1" 200 116
186.103.159.188 - - [26/Mar/2019:09:55:15 -0300] "GET /cormun/servlet/hpexe_return? HTTP/1.1" 200 1022
186.103.159.188 - - [26/Mar/2019:09:55:16 -0300] "GET /cormun/servlet/trsolicitudadjuntos?2019,14944, HTTP/1.1" 200 8721
186.103.159.188 - - [26/Mar/2019:09:55:16 -0300] "GET /cormun/servlet/trsolicitudadjuntos?2019,14944, HTTP/1.1" 200 8717
190.171.142.50 - - [26/Mar/2019:09:55:17 -0300] "POST /cormun/servlet/solicitudot?gx-no-cache=1553604697453 HTTP/1.1" 200 30
190.171.142.50 - - [26/Mar/2019:09:55:19 -0300] "POST /cormun/servlet/solicitudot?gx-no-cache=1553604699364 HTTP/1.1" 200 1285
190.171.142.50 - - [26/Mar/2019:09:55:19 -0300] "POST /cormun/servlet/solicitudot?gx-no-cache=1553604699436 HTTP/1.1" 200 38
186.103.159.188 - - [26/Mar/2019:09:55:19 -0300] "GET /cormun/servlet/solicitudotadjuntos?INS,2019,14944,,1, HTTP/1.1" 200 6093
186.103.159.188 - - [26/Mar/2019:09:55:19 -0300] "GET /cormun/static/about:blank HTTP/1.1" 404 1011
186.103.159.188 - - [26/Mar/2019:09:55:19 -0300] "GET /cormun/servlet/solicitudotadjuntos?INS,2019,14944,,1, HTTP/1.1" 200 6086
186.103.159.188 - - [26/Mar/2019:09:55:20 -0300] "GET /cormun/servlet/solicitudotadjuntos?0b9e1033f4183d4f8b029e76a35147799edc5a5989d0c29a0721f22c9e0ab333e9b7edb8cc68694042c8610af930c872,gx-no-cache=1553604700127 HTTP/1.1" 200 30
186.103.159.188 - - [26/Mar/2019:09:55:20 -0300] "POST /cormun/servlet/solicitudotadjuntos?53c5639b96d5f40fdf67f80bcb7e9c32,INS,2019,14944,,1,,gx-no-cache=1553604700163 HTTP/1.1" 200 3856
186.103.159.188 - - [26/Mar/2019:09:55:23 -0300] "POST /cormun/servlet/solicitudotadjuntos?gx-no-cache=1553604703574 HTTP/1.1" 200 26
186.103.159.188 - - [26/Mar/2019:09:55:27 -0300] "GET /cormun/servlet/solicitudotadjuntos?0b9e1033f4183d4f8b029e76a351477919cbd9a313a7c5f0f138a422595c1e4a,gx-no-cache=1553604707391 HTTP/1.1" 200 30
186.103.159.188 - - [26/Mar/2019:09:55:27 -0300] "GET /cormun/servlet/solicitudotadjuntos?0b9e1033f4183d4f8b029e76a351477919cbd9a313a7c5f0f138a422595c1e4a,gx-no-cache=1553604707405 HTTP/1.1" 200 30
186.103.159.188 - - [26/Mar/2019:09:55:28 -0300] "POST /cormun/servlet/solicitudotadjuntos?53c5639b96d5f40fdf67f80bcb7e9c32,INS,2019,14944,,1, HTTP/1.1" 200 116
186.103.159.188 - - [26/Mar/2019:09:55:28 -0300] "GET /cormun/servlet/hpexe_return? HTTP/1.1" 200 1022
186.103.159.188 - - [26/Mar/2019:09:55:28 -0300] "GET /cormun/servlet/trsolicitudadjuntos?2019,14944, HTTP/1.1" 200 8931
186.103.159.188 - - [26/Mar/2019:09:55:28 -0300] "GET /cormun/servlet/trsolicitudadjuntos?2019,14944, HTTP/1.1" 200 8929
186.103.159.188 - - [26/Mar/2019:09:55:31 -0300] "GET /cormun/servlet/solicitudotadjuntos?INS,2019,14944,,1, HTTP/1.1" 200 6093
186.103.159.188 - - [26/Mar/2019:09:55:31 -0300] "GET /cormun/static/about:blank HTTP/1.1" 404 1011
186.103.159.188 - - [26/Mar/2019:09:55:31 -0300] "GET /cormun/servlet/solicitudotadjuntos?INS,2019,14944,,1, HTTP/1.1" 200 6086
186.103.159.188 - - [26/Mar/2019:09:55:31 -0300] "GET /cormun/servlet/solicitudotadjuntos?0b9e1033f4183d4f8b029e76a35147799edc5a5989d0c29a0721f22c9e0ab333e9b7edb8cc68694042c8610af930c872,gx-no-cache=1553604711778 HTTP/1.1" 200 30
186.103.159.188 - - [26/Mar/2019:09:55:32 -0300] "POST /cormun/servlet/solicitudotadjuntos?53c5639b96d5f40fdf67f80bcb7e9c32,INS,2019,14944,,1,,gx-no-cache=1553604711877 HTTP/1.1" 200 3856
186.103.159.188 - - [26/Mar/2019:09:55:34 -0300] "POST /cormun/servlet/solicitudotadjuntos?gx-no-cache=1553604714415 HTTP/1.1" 200 26
186.103.159.188 - - [26/Mar/2019:09:55:39 -0300] "GET /cormun/servlet/solicitudotadjuntos?0b9e1033f4183d4f8b029e76a351477919cbd9a313a7c5f0f138a422595c1e4a,gx-no-cache=1553604718999 HTTP/1.1" 200 30
186.103.159.188 - - [26/Mar/2019:09:55:39 -0300] "GET /cormun/servlet/solicitudotadjuntos?0b9e1033f4183d4f8b029e76a351477919cbd9a313a7c5f0f138a422595c1e4a,gx-no-cache=1553604719015 HTTP/1.1" 200 30
186.103.159.188 - - [26/Mar/2019:09:55:39 -0300] "POST /cormun/servlet/solicitudotadjuntos?53c5639b96d5f40fdf67f80bcb7e9c32,INS,2019,14944,,1, HTTP/1.1" 200 116
186.103.159.188 - - [26/Mar/2019:09:55:39 -0300] "GET /cormun/servlet/hpexe_return? HTTP/1.1" 200 1022
186.103.159.188 - - [26/Mar/2019:09:55:40 -0300] "GET /cormun/servlet/trsolicitudadjuntos?2019,14944, HTTP/1.1" 200 9111
186.103.159.188 - - [26/Mar/2019:09:55:40 -0300] "GET /cormun/servlet/trsolicitudadjuntos?2019,14944, HTTP/1.1" 200 9109
186.103.159.188 - - [26/Mar/2019:09:55:42 -0300] "GET /cormun/servlet/solicitudotadjuntos?INS,2019,14944,,1, HTTP/1.1" 200 6093
186.103.159.188 - - [26/Mar/2019:09:55:42 -0300] "GET /cormun/static/about:blank HTTP/1.1" 404 1011
186.103.159.188 - - [26/Mar/2019:09:55:42 -0300] "GET /cormun/servlet/solicitudotadjuntos?INS,2019,14944,,1, HTTP/1.1" 200 6086
186.103.159.188 - - [26/Mar/2019:09:55:43 -0300] "GET /cormun/servlet/solicitudotadjuntos?0b9e1033f4183d4f8b029e76a35147799edc5a5989d0c29a0721f22c9e0ab333e9b7edb8cc68694042c8610af930c872,gx-no-cache=1553604723342 HTTP/1.1" 200 30
186.103.159.188 - - [26/Mar/2019:09:55:44 -0300] "POST /cormun/servlet/solicitudotadjuntos?53c5639b96d5f40fdf67f80bcb7e9c32,INS,2019,14944,,1,,gx-no-cache=1553604723446 HTTP/1.1" 200 3855
186.103.159.188 - - [26/Mar/2019:09:55:48 -0300] "POST /cormun/servlet/solicitudotadjuntos?gx-no-cache=1553604727918 HTTP/1.1" 200 26
186.103.159.188 - - [26/Mar/2019:09:55:55 -0300] "GET /cormun/servlet/solicitudotadjuntos?0b9e1033f4183d4f8b029e76a351477919cbd9a313a7c5f0f138a422595c1e4a,gx-no-cache=1553604735447 HTTP/1.1" 200 30
186.103.159.188 - - [26/Mar/2019:09:55:55 -0300] "GET /cormun/servlet/solicitudotadjuntos?0b9e1033f4183d4f8b029e76a351477919cbd9a313a7c5f0f138a422595c1e4a,gx-no-cache=1553604735598 HTTP/1.1" 200 30
186.103.159.188 - - [26/Mar/2019:09:55:57 -0300] "POST /cormun/servlet/solicitudotadjuntos?53c5639b96d5f40fdf67f80bcb7e9c32,INS,2019,14944,,1, HTTP/1.1" 200 116
186.103.159.188 - - [26/Mar/2019:09:55:57 -0300] "GET /cormun/servlet/hpexe_return? HTTP/1.1" 200 1022
186.103.159.188 - - [26/Mar/2019:09:55:57 -0300] "GET /cormun/servlet/trsolicitudadjuntos?2019,14944, HTTP/1.1" 200 9308
186.103.159.188 - - [26/Mar/2019:09:55:58 -0300] "GET /cormun/servlet/trsolicitudadjuntos?2019,14944, HTTP/1.1" 200 9304
190.171.142.50 - - [26/Mar/2019:09:56:30 -0300] "GET /cormun/servlet/solicitudot?56bb27dd729a8d3ec313ef7a53b337e2daa79f7151cae9701d5e14a844f0a2e335bb7acd2aeeee5a08bfc2b5645f0af00d6015d7e0f56f79697532dea3e01b6568cf16183231cfb68a1cedfe9f6871ddc18e0b4a4a4b25d2b10ba8b5116068692e73095cba8ff90c896db6b11e0c929d,gx-no-cache=1553604770910 HTTP/1.1" 200 110
190.171.142.50 - - [26/Mar/2019:09:56:45 -0300] "POST /cormun/servlet/solicitudot?gx-no-cache=1553604785854 HTTP/1.1" 200 97
186.103.159.188 - - [26/Mar/2019:09:56:56 -0300] "GET /cormun/servlet/solicitudotadjuntos?INS,2019,14944,,1, HTTP/1.1" 200 6092
186.103.159.188 - - [26/Mar/2019:09:56:56 -0300] "GET /cormun/static/about:blank HTTP/1.1" 404 1011
186.103.159.188 - - [26/Mar/2019:09:56:56 -0300] "GET /cormun/servlet/solicitudotadjuntos?INS,2019,14944,,1, HTTP/1.1" 200 6086
190.171.142.50 - - [26/Mar/2019:09:56:57 -0300] "GET /cormun/servlet/solicitudot?56bb27dd729a8d3ec313ef7a53b337e25dceae4ba0c8481d196a835e8bc0b7bf358892606c11529da2353f4ebcc804d019e92f211bf48126cf5667ac292e5f170c3fbb2aa185fceecdfd5c70788a929da86edef04e1bf4640f0dadd4a3783f0455b3966a8f6abd18cf735d9b032e8e03,gx-no-cache=1553604797479 HTTP/1.1" 200 29
190.171.142.50 - - [26/Mar/2019:09:56:57 -0300] "GET /cormun/static/menuarrow.gif HTTP/1.1" 404 1015
186.103.159.188 - - [26/Mar/2019:09:56:57 -0300] "GET /cormun/servlet/solicitudotadjuntos?0b9e1033f4183d4f8b029e76a35147799edc5a5989d0c29a0721f22c9e0ab333e9b7edb8cc68694042c8610af930c872,gx-no-cache=1553604797387 HTTP/1.1" 200 30
186.103.159.188 - - [26/Mar/2019:09:56:57 -0300] "POST /cormun/servlet/solicitudotadjuntos?53c5639b96d5f40fdf67f80bcb7e9c32,INS,2019,14944,,1,,gx-no-cache=1553604797426 HTTP/1.1" 200 3855
186.103.159.188 - - [26/Mar/2019:09:57:01 -0300] "POST /cormun/servlet/solicitudotadjuntos?gx-no-cache=1553604801809 HTTP/1.1" 200 26
190.171.142.50 - - [26/Mar/2019:09:57:04 -0300] "GET /cormun/servlet/solicitudot?56bb27dd729a8d3ec313ef7a53b337e288c053fa0224b4ca5a4675ec7f58be85c059871068df8809b9130bd054b07726,gx-no-cache=1553604804614 HTTP/1.1" 200 30
186.103.159.188 - - [26/Mar/2019:09:57:14 -0300] "GET /cormun/servlet/solicitudotadjuntos?0b9e1033f4183d4f8b029e76a351477919cbd9a313a7c5f0f138a422595c1e4a,gx-no-cache=1553604814514 HTTP/1.1" 200 30
186.103.159.188 - - [26/Mar/2019:09:57:14 -0300] "GET /cormun/servlet/solicitudotadjuntos?0b9e1033f4183d4f8b029e76a351477919cbd9a313a7c5f0f138a422595c1e4a,gx-no-cache=1553604814573 HTTP/1.1" 200 30
186.103.159.188 - - [26/Mar/2019:09:57:18 -0300] "POST /cormun/servlet/solicitudotadjuntos?53c5639b96d5f40fdf67f80bcb7e9c32,INS,2019,14944,,1, HTTP/1.1" 200 116
186.103.159.188 - - [26/Mar/2019:09:57:18 -0300] "GET /cormun/servlet/hpexe_return? HTTP/1.1" 200 1022
186.103.159.188 - - [26/Mar/2019:09:57:18 -0300] "GET /cormun/servlet/trsolicitudadjuntos?2019,14944, HTTP/1.1" 200 9576
186.103.159.188 - - [26/Mar/2019:09:57:19 -0300] "GET /cormun/servlet/trsolicitudadjuntos?2019,14944, HTTP/1.1" 200 9574
186.103.159.188 - - [26/Mar/2019:09:57:25 -0300] "GET /cormun/servlet/solicitudotadjuntos?INS,2019,14944,,1, HTTP/1.1" 200 6092
186.103.159.188 - - [26/Mar/2019:09:57:25 -0300] "GET /cormun/static/about:blank HTTP/1.1" 404 1011
186.103.159.188 - - [26/Mar/2019:09:57:25 -0300] "GET /cormun/servlet/solicitudotadjuntos?INS,2019,14944,,1, HTTP/1.1" 200 6086
186.103.159.188 - - [26/Mar/2019:09:57:26 -0300] "GET /cormun/servlet/solicitudotadjuntos?0b9e1033f4183d4f8b029e76a35147799edc5a5989d0c29a0721f22c9e0ab333e9b7edb8cc68694042c8610af930c872,gx-no-cache=1553604826373 HTTP/1.1" 200 30
190.171.142.50 - - [26/Mar/2019:09:57:26 -0300] "POST /cormun/servlet/solicitudot?gx-no-cache=1553604826821 HTTP/1.1" 200 30
186.103.159.188 - - [26/Mar/2019:09:57:26 -0300] "POST /cormun/servlet/solicitudotadjuntos?53c5639b96d5f40fdf67f80bcb7e9c32,INS,2019,14944,,1,,gx-no-cache=1553604826409 HTTP/1.1" 200 3855
190.171.142.50 - - [26/Mar/2019:09:57:27 -0300] "POST /cormun/servlet/solicitudot?ba52a50da1237657046fcadb6896a479,INS,0,0,,gx-no-cache=1553604826882 HTTP/1.1" 200 93
190.171.142.50 - - [26/Mar/2019:09:57:27 -0300] "GET /cormun/servlet/hpexe_return? HTTP/1.1" 200 1007
190.171.142.50 - - [26/Mar/2019:09:57:27 -0300] "GET /cormun/servlet/trsolicitudot HTTP/1.1" 200 8636
190.171.142.50 - - [26/Mar/2019:09:57:28 -0300] "GET /cormun/servlet/trsolicitudot HTTP/1.1" 200 8632
186.103.159.188 - - [26/Mar/2019:09:57:29 -0300] "POST /cormun/servlet/solicitudotadjuntos?gx-no-cache=1553604829057 HTTP/1.1" 200 26
186.103.159.188 - - [26/Mar/2019:09:57:38 -0300] "GET /cormun/servlet/solicitudotadjuntos?0b9e1033f4183d4f8b029e76a351477919cbd9a313a7c5f0f138a422595c1e4a,gx-no-cache=1553604838826 HTTP/1.1" 200 30
186.103.159.188 - - [26/Mar/2019:09:57:39 -0300] "GET /cormun/servlet/solicitudotadjuntos?0b9e1033f4183d4f8b029e76a351477919cbd9a313a7c5f0f138a422595c1e4a,gx-no-cache=1553604838932 HTTP/1.1" 200 30
186.103.159.188 - - [26/Mar/2019:09:57:40 -0300] "POST /cormun/servlet/solicitudotadjuntos?53c5639b96d5f40fdf67f80bcb7e9c32,INS,2019,14944,,1, HTTP/1.1" 200 116
186.103.159.188 - - [26/Mar/2019:09:57:40 -0300] "GET /cormun/servlet/hpexe_return? HTTP/1.1" 200 1022
186.103.159.188 - - [26/Mar/2019:09:57:40 -0300] "GET /cormun/servlet/trsolicitudadjuntos?2019,14944, HTTP/1.1" 200 9808
186.103.159.188 - - [26/Mar/2019:09:57:41 -0300] "GET /cormun/servlet/trsolicitudadjuntos?2019,14944, HTTP/1.1" 200 9805
186.103.159.188 - - [26/Mar/2019:09:57:43 -0300] "GET /cormun/servlet/trsolicitudot? HTTP/1.1" 200 9486
186.103.159.188 - - [26/Mar/2019:09:57:44 -0300] "GET /cormun/servlet/trsolicitudot? HTTP/1.1" 200 9479
190.171.142.50 - - [26/Mar/2019:09:57:46 -0300] "POST /cormun/servlet/trsolicitudot?ba52a50da1237657046fcadb6896a479,gx-no-cache=1553604846869 HTTP/1.1" 200 107
190.171.142.50 - - [26/Mar/2019:09:57:46 -0300] "GET /cormun/servlet/trsolicitudadjuntos?2019,14957, HTTP/1.1" 200 6130
190.171.142.50 - - [26/Mar/2019:09:57:48 -0300] "GET /cormun/servlet/trsolicitudadjuntos?2019,14957, HTTP/1.1" 200 6130
186.103.159.188 - - [26/Mar/2019:09:57:50 -0300] "POST /cormun/servlet/trsolicitudot?53c5639b96d5f40fdf67f80bcb7e9c32,,gx-no-cache=1553604849957 HTTP/1.1" 200 6623
190.171.142.50 - - [26/Mar/2019:09:57:51 -0300] "GET /cormun/servlet/solicitudotadjuntos?INS,2019,14957,,1, HTTP/1.1" 200 6077
190.171.142.50 - - [26/Mar/2019:09:57:51 -0300] "GET /cormun/static/about:blank HTTP/1.1" 404 1011
190.171.142.50 - - [26/Mar/2019:09:57:52 -0300] "GET /cormun/servlet/solicitudotadjuntos?INS,2019,14957,,1, HTTP/1.1" 200 6069
190.171.142.50 - - [26/Mar/2019:09:57:52 -0300] "GET /cormun/servlet/solicitudotadjuntos?56bb27dd729a8d3ec313ef7a53b337e245d9c87ca259143ccd0b7defdc581e389e6a2f963b9096af5b62489603f5f3b6,gx-no-cache=1553604853186 HTTP/1.1" 200 30
190.171.142.50 - - [26/Mar/2019:09:57:53 -0300] "POST /cormun/servlet/solicitudotadjuntos?ba52a50da1237657046fcadb6896a479,INS,2019,14957,,1,,gx-no-cache=1553604853231 HTTP/1.1" 200 3887
190.171.142.50 - - [26/Mar/2019:09:57:56 -0300] "POST /cormun/servlet/solicitudotadjuntos?gx-no-cache=1553604856590 HTTP/1.1" 200 26
186.103.159.188 - - [26/Mar/2019:09:57:57 -0300] "POST /cormun/servlet/trsolicitudot?53c5639b96d5f40fdf67f80bcb7e9c32,,gx-no-cache=1553604857153 HTTP/1.1" 200 107
186.103.159.188 - - [26/Mar/2019:09:57:57 -0300] "GET /cormun/servlet/trsolicitudadjuntos?2019,14956, HTTP/1.1" 200 9581
186.103.159.188 - - [26/Mar/2019:09:57:58 -0300] "GET /cormun/servlet/trsolicitudadjuntos?2019,14956, HTTP/1.1" 200 9586
186.103.159.188 - - [26/Mar/2019:09:58:02 -0300] "GET /cormun/servlet/solicitudotadjuntos?INS,2019,14956,,1, HTTP/1.1" 200 6092
186.103.159.188 - - [26/Mar/2019:09:58:02 -0300] "GET /cormun/static/about:blank HTTP/1.1" 404 1011
186.103.159.188 - - [26/Mar/2019:09:58:02 -0300] "GET /cormun/servlet/solicitudotadjuntos?INS,2019,14956,,1, HTTP/1.1" 200 6086
186.103.159.188 - - [26/Mar/2019:09:58:03 -0300] "GET /cormun/servlet/solicitudotadjuntos?0b9e1033f4183d4f8b029e76a351477974a812895cb9cd3ddf6c7ceda3e4df3fe9b7edb8cc68694042c8610af930c872,gx-no-cache=1553604863007 HTTP/1.1" 200 30
186.103.159.188 - - [26/Mar/2019:09:58:03 -0300] "POST /cormun/servlet/solicitudotadjuntos?53c5639b96d5f40fdf67f80bcb7e9c32,INS,2019,14956,,1,,gx-no-cache=1553604863059 HTTP/1.1" 200 3855
186.103.159.188 - - [26/Mar/2019:09:58:05 -0300] "POST /cormun/servlet/solicitudotadjuntos?gx-no-cache=1553604865718 HTTP/1.1" 200 26
186.103.159.188 - - [26/Mar/2019:09:58:14 -0300] "GET /cormun/servlet/solicitudotadjuntos?0b9e1033f4183d4f8b029e76a351477919cbd9a313a7c5f0f138a422595c1e4a,gx-no-cache=1553604874182 HTTP/1.1" 200 30
186.103.159.188 - - [26/Mar/2019:09:58:14 -0300] "GET /cormun/servlet/solicitudotadjuntos?0b9e1033f4183d4f8b029e76a351477919cbd9a313a7c5f0f138a422595c1e4a,gx-no-cache=1553604874259 HTTP/1.1" 200 30
186.103.159.188 - - [26/Mar/2019:09:58:16 -0300] "POST /cormun/servlet/solicitudotadjuntos?53c5639b96d5f40fdf67f80bcb7e9c32,INS,2019,14956,,1, HTTP/1.1" 200 116
186.103.159.188 - - [26/Mar/2019:09:58:16 -0300] "GET /cormun/servlet/hpexe_return? HTTP/1.1" 200 1021
186.103.159.188 - - [26/Mar/2019:09:58:16 -0300] "GET /cormun/servlet/trsolicitudadjuntos?2019,14956, HTTP/1.1" 200 9811
186.103.159.188 - - [26/Mar/2019:09:58:17 -0300] "GET /cormun/servlet/trsolicitudadjuntos?2019,14956, HTTP/1.1" 200 9810
186.103.159.188 - - [26/Mar/2019:09:58:20 -0300] "GET /cormun/servlet/trsolicitudot? HTTP/1.1" 200 9486
186.103.159.188 - - [26/Mar/2019:09:58:21 -0300] "GET /cormun/servlet/trsolicitudot? HTTP/1.1" 200 9479
186.103.159.188 - - [26/Mar/2019:09:58:30 -0300] "POST /cormun/servlet/trsolicitudot?53c5639b96d5f40fdf67f80bcb7e9c32,,gx-no-cache=1553604890169 HTTP/1.1" 200 6254
186.103.159.188 - - [26/Mar/2019:09:58:30 -0300] "POST /cormun/servlet/trsolicitudot?53c5639b96d5f40fdf67f80bcb7e9c32,,gx-no-cache=1553604890795 HTTP/1.1" 200 6199
186.103.159.188 - - [26/Mar/2019:09:58:35 -0300] "POST /cormun/servlet/trsolicitudot?53c5639b96d5f40fdf67f80bcb7e9c32,,gx-no-cache=1553604894822 HTTP/1.1" 200 5765
186.103.159.188 - - [26/Mar/2019:09:58:35 -0300] "POST /cormun/servlet/trsolicitudot?53c5639b96d5f40fdf67f80bcb7e9c32,,gx-no-cache=1553604895257 HTTP/1.1" 200 5708
186.67.164.138 - - [26/Mar/2019:09:58:40 -0300] "GET /cormun/servlet/hlogin HTTP/1.1" 200 1726
186.67.164.138 - - [26/Mar/2019:09:58:46 -0300] "POST /cormun/servlet/hlogin?8156ef73c3d85e934f8f4eafa2bcbf0e,gx-no-cache=1553604905820 HTTP/1.1" 200 90
186.67.164.138 - - [26/Mar/2019:09:58:46 -0300] "GET /cormun/servlet/hpexe_link HTTP/1.1" 200 953
186.67.164.138 - - [26/Mar/2019:09:58:46 -0300] "GET /cormun/servlet/hhome HTTP/1.1" 200 4052
186.67.164.138 - - [26/Mar/2019:09:58:48 -0300] "GET /cormun/servlet/hhome HTTP/1.1" 200 4048
186.67.164.138 - - [26/Mar/2019:09:58:53 -0300] "GET /cormun/servlet/trlicencias? HTTP/1.1" 200 10610
186.67.164.138 - - [26/Mar/2019:09:58:54 -0300] "GET /cormun/servlet/trlicencias? HTTP/1.1" 200 10608
190.171.142.50 - - [26/Mar/2019:09:59:49 -0300] "GET /cormun/servlet/solicitudotadjuntos?56bb27dd729a8d3ec313ef7a53b337e2da61aac2eb25697e602a3aee8ae57c27,gx-no-cache=1553604970030 HTTP/1.1" 200 30
190.171.142.50 - - [26/Mar/2019:09:59:49 -0300] "GET /cormun/servlet/solicitudotadjuntos?56bb27dd729a8d3ec313ef7a53b337e2da61aac2eb25697e602a3aee8ae57c27,gx-no-cache=1553604970141 HTTP/1.1" 200 30
190.171.142.50 - - [26/Mar/2019:09:59:50 -0300] "POST /cormun/servlet/solicitudotadjuntos?ba52a50da1237657046fcadb6896a479,INS,2019,14957,,1, HTTP/1.1" 200 116
190.171.142.50 - - [26/Mar/2019:09:59:50 -0300] "GET /cormun/servlet/hpexe_return? HTTP/1.1" 200 1027
190.171.142.50 - - [26/Mar/2019:09:59:51 -0300] "GET /cormun/servlet/trsolicitudadjuntos?2019,14957, HTTP/1.1" 200 8707
190.171.142.50 - - [26/Mar/2019:09:59:53 -0300] "GET /cormun/servlet/trsolicitudadjuntos?2019,14957, HTTP/1.1" 200 8703
190.171.142.50 - - [26/Mar/2019:09:59:55 -0300] "GET /cormun/servlet/solicitudotadjuntos?INS,2019,14957,,1, HTTP/1.1" 200 6077
190.171.142.50 - - [26/Mar/2019:09:59:55 -0300] "GET /cormun/static/about:blank HTTP/1.1" 404 1011
190.171.142.50 - - [26/Mar/2019:09:59:56 -0300] "GET /cormun/servlet/solicitudotadjuntos?INS,2019,14957,,1, HTTP/1.1" 200 6069
190.171.142.50 - - [26/Mar/2019:09:59:57 -0300] "GET /cormun/servlet/solicitudotadjuntos?56bb27dd729a8d3ec313ef7a53b337e245d9c87ca259143ccd0b7defdc581e389e6a2f963b9096af5b62489603f5f3b6,gx-no-cache=1553604977611 HTTP/1.1" 200 30
190.171.142.50 - - [26/Mar/2019:09:59:57 -0300] "POST /cormun/servlet/solicitudotadjuntos?ba52a50da1237657046fcadb6896a479,INS,2019,14957,,1,,gx-no-cache=1553604977673 HTTP/1.1" 200 3888
190.171.142.50 - - [26/Mar/2019:10:00:00 -0300] "POST /cormun/servlet/solicitudotadjuntos?gx-no-cache=1553604981191 HTTP/1.1" 200 26
186.67.164.138 - - [26/Mar/2019:10:00:02 -0300] "GET /cormun/servlet/trlicenciaspermisosadjuntos?7035974,20190326000000,L, HTTP/1.1" 200 6376
186.67.164.138 - - [26/Mar/2019:10:00:03 -0300] "GET /cormun/servlet/trlicenciaspermisosadjuntos?7035974,20190326000000,L, HTTP/1.1" 200 6376
186.103.159.204 - - [26/Mar/2019:10:00:06 -0300] "GET /cormun/servlet/hlogin HTTP/1.1" 200 1727
186.103.159.204 - - [26/Mar/2019:10:00:06 -0300] "GET /cormun/servlet/hlogin HTTP/1.1" 200 1736
186.67.164.138 - - [26/Mar/2019:10:00:06 -0300] "POST /cormun/servlet/trlicenciaspermisosadjuntos?8156ef73c3d85e934f8f4eafa2bcbf0e,7035974,20190326000000,L,,gx-no-cache=1553604985877 HTTP/1.1" 200 4087
190.171.142.50 - - [26/Mar/2019:10:00:07 -0300] "GET /cormun/servlet/solicitudotadjuntos?56bb27dd729a8d3ec313ef7a53b337e2da61aac2eb25697e602a3aee8ae57c27,gx-no-cache=1553604988088 HTTP/1.1" 200 30
190.171.142.50 - - [26/Mar/2019:10:00:07 -0300] "GET /cormun/servlet/solicitudotadjuntos?56bb27dd729a8d3ec313ef7a53b337e2da61aac2eb25697e602a3aee8ae57c27,gx-no-cache=1553604988109 HTTP/1.1" 200 30
186.103.159.204 - - [26/Mar/2019:10:00:08 -0300] "POST /cormun/servlet/hlogin?faa8255babe6c9e35b85c08665ad5601,gx-no-cache=1553604985795 HTTP/1.1" 200 90
186.103.159.204 - - [26/Mar/2019:10:00:08 -0300] "GET /cormun/servlet/hpexe_link HTTP/1.1" 200 954
186.103.159.204 - - [26/Mar/2019:10:00:08 -0300] "GET /cormun/servlet/hhome HTTP/1.1" 200 4019
190.171.142.50 - - [26/Mar/2019:10:00:08 -0300] "POST /cormun/servlet/solicitudotadjuntos?ba52a50da1237657046fcadb6896a479,INS,2019,14957,,1, HTTP/1.1" 200 116
186.103.159.204 - - [26/Mar/2019:10:00:08 -0300] "GET /cormun/servlet/hhome HTTP/1.1" 200 4015
190.171.142.50 - - [26/Mar/2019:10:00:09 -0300] "GET /cormun/servlet/hpexe_return? HTTP/1.1" 200 1027
190.171.142.50 - - [26/Mar/2019:10:00:09 -0300] "GET /cormun/servlet/trsolicitudadjuntos?2019,14957, HTTP/1.1" 200 8920
190.171.142.50 - - [26/Mar/2019:10:00:10 -0300] "GET /cormun/servlet/trsolicitudadjuntos?2019,14957, HTTP/1.1" 200 8918
186.67.164.138 - - [26/Mar/2019:10:00:13 -0300] "POST /cormun/servlet/trlicenciaspermisosadjuntos?8156ef73c3d85e934f8f4eafa2bcbf0e,7035974,20190326000000,L,,gx-no-cache=1553604992257 HTTP/1.1" 200 90
190.171.142.50 - - [26/Mar/2019:10:00:13 -0300] "GET /cormun/servlet/solicitudotadjuntos?INS,2019,14957,,1, HTTP/1.1" 200 6077
186.67.164.138 - - [26/Mar/2019:10:00:13 -0300] "GET /cormun/servlet/hpexe_link HTTP/1.1" 200 988
186.103.159.204 - - [26/Mar/2019:10:00:13 -0300] "GET /cormun/servlet/trsolicitudot? HTTP/1.1" 200 9504
190.171.142.50 - - [26/Mar/2019:10:00:13 -0300] "GET /cormun/static/about:blank HTTP/1.1" 404 1011
186.67.164.138 - - [26/Mar/2019:10:00:13 -0300] "GET /cormun/servlet/trlicencias HTTP/1.1" 200 10610
186.103.159.204 - - [26/Mar/2019:10:00:13 -0300] "GET /cormun/servlet/trsolicitudot? HTTP/1.1" 200 9503
190.171.142.50 - - [26/Mar/2019:10:00:14 -0300] "GET /cormun/servlet/solicitudotadjuntos?INS,2019,14957,,1, HTTP/1.1" 200 6069
186.67.164.138 - - [26/Mar/2019:10:00:14 -0300] "GET /cormun/servlet/trlicencias HTTP/1.1" 200 10608
190.171.142.50 - - [26/Mar/2019:10:00:15 -0300] "GET /cormun/servlet/solicitudotadjuntos?56bb27dd729a8d3ec313ef7a53b337e245d9c87ca259143ccd0b7defdc581e389e6a2f963b9096af5b62489603f5f3b6,gx-no-cache=1553604995262 HTTP/1.1" 200 30
190.171.142.50 - - [26/Mar/2019:10:00:15 -0300] "POST /cormun/servlet/solicitudotadjuntos?ba52a50da1237657046fcadb6896a479,INS,2019,14957,,1,,gx-no-cache=1553604995306 HTTP/1.1" 200 3888
190.171.142.50 - - [26/Mar/2019:10:00:18 -0300] "POST /cormun/servlet/solicitudotadjuntos?gx-no-cache=1553604998533 HTTP/1.1" 200 26
186.103.159.204 - - [26/Mar/2019:10:00:22 -0300] "GET /cormun/servlet/solicitudot?INS,0,0, HTTP/1.1" 200 14874
186.103.159.204 - - [26/Mar/2019:10:00:22 -0300] "GET /cormun/servlet/solicitudot?INS,0,0, HTTP/1.1" 200 14878
186.67.164.138 - - [26/Mar/2019:10:00:26 -0300] "GET /cormun/servlet/trsolicitudot? HTTP/1.1" 200 8648
190.171.142.50 - - [26/Mar/2019:10:00:27 -0300] "GET /cormun/servlet/solicitudotadjuntos?56bb27dd729a8d3ec313ef7a53b337e2da61aac2eb25697e602a3aee8ae57c27,gx-no-cache=1553605007839 HTTP/1.1" 200 30
190.171.142.50 - - [26/Mar/2019:10:00:27 -0300] "GET /cormun/servlet/solicitudotadjuntos?56bb27dd729a8d3ec313ef7a53b337e2da61aac2eb25697e602a3aee8ae57c27,gx-no-cache=1553605007862 HTTP/1.1" 200 30
186.67.164.138 - - [26/Mar/2019:10:00:27 -0300] "GET /cormun/servlet/trsolicitudot? HTTP/1.1" 200 8648
190.171.142.50 - - [26/Mar/2019:10:00:28 -0300] "POST /cormun/servlet/solicitudotadjuntos?ba52a50da1237657046fcadb6896a479,INS,2019,14957,,1, HTTP/1.1" 200 116
190.171.142.50 - - [26/Mar/2019:10:00:28 -0300] "GET /cormun/servlet/hpexe_return? HTTP/1.1" 200 1027
190.171.142.50 - - [26/Mar/2019:10:00:28 -0300] "GET /cormun/servlet/trsolicitudadjuntos?2019,14957, HTTP/1.1" 200 9100
190.171.142.50 - - [26/Mar/2019:10:00:30 -0300] "GET /cormun/servlet/trsolicitudadjuntos?2019,14957, HTTP/1.1" 200 9097
190.171.142.50 - - [26/Mar/2019:10:00:32 -0300] "GET /cormun/servlet/solicitudotadjuntos?INS,2019,14957,,1, HTTP/1.1" 200 6077
190.171.142.50 - - [26/Mar/2019:10:00:33 -0300] "GET /cormun/static/about:blank HTTP/1.1" 404 1011
190.171.142.50 - - [26/Mar/2019:10:00:33 -0300] "GET /cormun/servlet/solicitudotadjuntos?INS,2019,14957,,1, HTTP/1.1" 200 6069
