190.171.143.106 - - [25/Mar/2019:08:28:57 -0300] "GET /cormun/static/Resources/PXToolsLoginBottom.png HTTP/1.1" 200 1389
190.171.143.106 - - [25/Mar/2019:08:28:57 -0300] "GET /cormun/static/Resources/PXToolsButtonRight21.png HTTP/1.1" 200 1283
190.171.143.106 - - [25/Mar/2019:08:28:58 -0300] "GET /cormun/static/Resources/indicator.gif HTTP/1.1" 200 1553
190.171.143.106 - - [25/Mar/2019:08:28:58 -0300] "GET /cormun/servlet/hlogin HTTP/1.1" 200 1727
186.67.172.234 - - [25/Mar/2019:08:28:58 -0300] "GET /cormun/servlet/trautorizarsolicitud? HTTP/1.1" 200 9955
186.67.172.234 - - [25/Mar/2019:08:28:59 -0300] "GET /cormun/servlet/trautorizarsolicitud? HTTP/1.1" 200 9956
190.171.143.106 - - [25/Mar/2019:08:28:59 -0300] "POST /cormun/servlet/hlogin?68c0399e0627f34408842c11f882f4db,gx-no-cache=1553513120155 HTTP/1.1" 200 90
190.171.143.106 - - [25/Mar/2019:08:28:59 -0300] "GET /cormun/servlet/hpexe_link HTTP/1.1" 200 945
190.171.143.106 - - [25/Mar/2019:08:28:59 -0300] "GET /cormun/static/gxcfg.js?20177612121792 HTTP/1.1" 200 953
190.171.143.106 - - [25/Mar/2019:08:28:59 -0300] "GET /cormun/static/hpexe_link.js?20177612121795 HTTP/1.1" 200 625
190.171.143.106 - - [25/Mar/2019:08:28:59 -0300] "GET /cormun/servlet/hhome HTTP/1.1" 200 4068
190.171.143.106 - - [25/Mar/2019:08:28:59 -0300] "GET /cormun/static/Shared/jqueryui/jquery-ui.min.css?1245370 HTTP/1.1" 200 30288
190.171.143.106 - - [25/Mar/2019:08:28:59 -0300] "GET /cormun/static/gxcfg.js?20175251212442 HTTP/1.1" 200 953
190.171.143.106 - - [25/Mar/2019:08:28:59 -0300] "GET /cormun/static/SmoothNavMenu/resources/ddsmoothmenu-v.css?1012540 HTTP/1.1" 200 1188
190.171.143.106 - - [25/Mar/2019:08:28:59 -0300] "GET /cormun/static/SmoothNavMenu/resources/ddsmoothmenu.css?1012540 HTTP/1.1" 200 2223
190.171.143.106 - - [25/Mar/2019:08:28:59 -0300] "GET /cormun/static/scaMessage/css/jquery.pnotify.default.css?1716380 HTTP/1.1" 200 1707
190.171.143.106 - - [25/Mar/2019:08:28:59 -0300] "GET /cormun/static/PXToolsJavascripts/pexe_autoreload.js HTTP/1.1" 200 1762
190.171.143.106 - - [25/Mar/2019:08:28:59 -0300] "GET /cormun/static/Resources/Spanish/PXTools.css?11423723 HTTP/1.1" 200 89042
190.171.143.106 - - [25/Mar/2019:08:28:59 -0300] "GET /cormun/static/PXToolsJavascripts/pexe_cookies.js HTTP/1.1" 200 792
190.171.143.106 - - [25/Mar/2019:08:28:59 -0300] "GET /cormun/static/PXToolsJavascripts/pexe_windows.js HTTP/1.1" 200 15207
190.171.143.106 - - [25/Mar/2019:08:28:59 -0300] "GET /cormun/static/PXToolsJavascripts/pexe_menudivfix.js HTTP/1.1" 200 333
190.171.143.106 - - [25/Mar/2019:08:28:59 -0300] "GET /cormun/static/PXToolsJavascripts/pexe_link.js HTTP/1.1" 200 5671
190.171.143.106 - - [25/Mar/2019:08:28:59 -0300] "GET /cormun/static/PXToolsJavascripts/pexe_griddivfix.js HTTP/1.1" 200 6644
190.171.143.106 - - [25/Mar/2019:08:28:59 -0300] "GET /cormun/static/PXToolsJavascripts/pexe_grid.js HTTP/1.1" 200 7559
190.171.143.106 - - [25/Mar/2019:08:28:59 -0300] "GET /cormun/static/PXToolsJavascripts/pexe_oav.js HTTP/1.1" 200 645
190.171.143.106 - - [25/Mar/2019:08:28:59 -0300] "GET /cormun/static/PXToolsJavascripts/pexe_oavdivfix.js HTTP/1.1" 200 639
190.171.143.106 - - [25/Mar/2019:08:28:59 -0300] "GET /cormun/static/PXToolsJavascripts/pexe_picture.js HTTP/1.1" 200 689
190.171.143.106 - - [25/Mar/2019:08:28:59 -0300] "GET /cormun/static/PXToolsJavascripts/pexe_popup.js HTTP/1.1" 200 13458
190.171.143.106 - - [25/Mar/2019:08:28:59 -0300] "GET /cormun/static/PXToolsJavascripts/pexe_menus.js HTTP/1.1" 200 1286
190.171.143.106 - - [25/Mar/2019:08:28:59 -0300] "GET /cormun/static/PXToolsJavascripts/pexe_layers.js HTTP/1.1" 200 4114
190.171.143.106 - - [25/Mar/2019:08:29:00 -0300] "GET /cormun/static/PXToolsJavascripts/PXToolsJavascriptsRender.js HTTP/1.1" 200 367
190.171.143.106 - - [25/Mar/2019:08:29:00 -0300] "GET /cormun/static/PXToolsJavascripts/pexe_upload.js HTTP/1.1" 200 1423
190.171.143.106 - - [25/Mar/2019:08:29:00 -0300] "GET /cormun/static/PXToolsJavascripts/pexe_scrolldiv.js HTTP/1.1" 200 4138
190.171.143.106 - - [25/Mar/2019:08:29:00 -0300] "GET /cormun/static/PXToolsJavascripts/pexe_tabdivfix.js HTTP/1.1" 200 876
190.171.143.106 - - [25/Mar/2019:08:29:00 -0300] "GET /cormun/static/Resources/logo4.png HTTP/1.1" 200 6582
190.171.143.106 - - [25/Mar/2019:08:29:00 -0300] "GET /cormun/static/PXToolsJavascripts/pexe_tabs.js HTTP/1.1" 200 3748
190.171.143.106 - - [25/Mar/2019:08:29:00 -0300] "GET /cormun/static/Resources/PXToolsHeaderActionsLeft.png HTTP/1.1" 200 1118
190.171.143.106 - - [25/Mar/2019:08:29:00 -0300] "GET /cormun/static/RunJS/RunJS.js HTTP/1.1" 200 288
190.171.143.106 - - [25/Mar/2019:08:29:00 -0300] "GET /cormun/static/hhome.js?20175251212450 HTTP/1.1" 200 777
190.171.143.106 - - [25/Mar/2019:08:29:00 -0300] "GET /cormun/static/Shared/ext/locale/ext-lang-en.js HTTP/1.1" 200 10940
190.171.143.106 - - [25/Mar/2019:08:29:00 -0300] "GET /cormun/static/Resources/PXToolsFooterBackground2.png HTTP/1.1" 200 1172
190.171.143.106 - - [25/Mar/2019:08:29:00 -0300] "GET /cormun/static/Resources/PXToolsDataTitle.png HTTP/1.1" 200 1173
190.171.143.106 - - [25/Mar/2019:08:29:00 -0300] "GET /cormun/static/gxui/gxui-all.js HTTP/1.1" 200 107772
190.171.143.106 - - [25/Mar/2019:08:29:00 -0300] "GET /cormun/static/Resources/PXToolsHeaderBackground2.png HTTP/1.1" 200 1174
190.171.143.106 - - [25/Mar/2019:08:29:00 -0300] "GET /cormun/static/Resources/PXToolsHeaderHome.png HTTP/1.1" 200 4147
190.171.143.106 - - [25/Mar/2019:08:29:00 -0300] "GET /cormun/static/Resources/PXToolsHeaderLogin.png HTTP/1.1" 200 4279
190.171.143.106 - - [25/Mar/2019:08:29:00 -0300] "GET /cormun/static/Resources/PXToolsHeaderActionsBackground.png HTTP/1.1" 200 484
190.171.143.106 - - [25/Mar/2019:08:29:00 -0300] "GET /cormun/static/Resources/PXToolsHeaderPreferences.png HTTP/1.1" 200 4189
190.171.143.106 - - [25/Mar/2019:08:29:00 -0300] "GET /cormun/static/Resources/PXToolsHeaderActionsRight.png HTTP/1.1" 200 1201
190.171.143.106 - - [25/Mar/2019:08:29:00 -0300] "GET /cormun/static/Resources/PXToolsHeaderSecurity.png HTTP/1.1" 200 4166
190.171.143.106 - - [25/Mar/2019:08:29:01 -0300] "GET /cormun/static/hwchdr01.js?201752511465785 HTTP/1.1" 200 1183
190.171.143.106 - - [25/Mar/2019:08:29:01 -0300] "GET /cormun/static/hpexe_recentlink.js?20177611595044 HTTP/1.1" 200 2144
190.171.143.106 - - [25/Mar/2019:08:29:01 -0300] "GET /cormun/static/hpexe_scripts.js?201752511465715 HTTP/1.1" 200 1544
190.171.143.106 - - [25/Mar/2019:08:29:01 -0300] "GET /cormun/static/hpexe_messagepopupcomponent.js?20161017169425 HTTP/1.1" 200 605
190.171.143.106 - - [25/Mar/2019:08:29:01 -0300] "GET /cormun/static/hpexe_messagecontroller.js?20177611595012 HTTP/1.1" 200 870
190.171.143.106 - - [25/Mar/2019:08:29:01 -0300] "GET /cormun/static/hpexe_messagegenexuscomponent.js?201752511465344 HTTP/1.1" 200 587
190.171.143.106 - - [25/Mar/2019:08:29:01 -0300] "GET /cormun/static/cmcontrolpreferences.js?201752511465670 HTTP/1.1" 200 1375
190.171.143.106 - - [25/Mar/2019:08:29:01 -0300] "GET /cormun/static/SmoothNavMenu/resources/ddsmoothmenu.js HTTP/1.1" 200 12712
190.171.143.106 - - [25/Mar/2019:08:29:01 -0300] "GET /cormun/static/SmoothNavMenu/resources/SmoothNavMenuRender.js HTTP/1.1" 200 5951
190.171.143.106 - - [25/Mar/2019:08:29:01 -0300] "GET /cormun/static/scaMessage/js/jquery.pnotify.min.js HTTP/1.1" 200 13038
190.171.143.106 - - [25/Mar/2019:08:29:01 -0300] "GET /cormun/static/Shared/jquery/jquery-1.4.2.min.js HTTP/1.1" 200 72174
190.171.143.106 - - [25/Mar/2019:08:29:01 -0300] "GET /cormun/static/scaMessage/scaMessageRender.js HTTP/1.1" 200 11977
190.171.143.106 - - [25/Mar/2019:08:29:01 -0300] "GET /cormun/static/hmpwkw03.js?20189613443875 HTTP/1.1" 200 3965
190.171.143.106 - - [25/Mar/2019:08:29:01 -0300] "GET /cormun/static/Shared/jquery/jquery-1.10.2.min.js HTTP/1.1" 200 273199
190.171.143.106 - - [25/Mar/2019:08:29:01 -0300] "GET /cormun/static/Shared/jqueryui/jquery-ui.min.js HTTP/1.1" 200 240427
190.171.143.106 - - [25/Mar/2019:08:29:01 -0300] "GET /cormun/static/Shared/ext/ext-all.js HTTP/1.1" 200 1289687
190.171.143.106 - - [25/Mar/2019:08:29:02 -0300] "GET /cormun/servlet/hhome HTTP/1.1" 200 4063
190.171.143.106 - - [25/Mar/2019:08:29:02 -0300] "GET /cormun/static/SmoothNavMenu/resources/images/down.gif HTTP/1.1" 200 854
190.171.141.106 - - [25/Mar/2019:08:29:04 -0300] "GET /cormun/servlet/solicitudotadjuntos?171bf3e2ce17dcd8b6fcbff4e402a45d1d93d5451662aeb7dbdcf4819f880fe8f79ef256e52cf9cb757095cc6a680f5a,gx-no-cache=1553513124168 HTTP/1.1" 200 30
190.171.141.106 - - [25/Mar/2019:08:29:05 -0300] "POST /cormun/servlet/solicitudotadjuntos?cfa602d6a19c2d5156cc8f18fcd3201d,INS,2019,14892,,1, HTTP/1.1" 200 6223
190.171.141.106 - - [25/Mar/2019:08:29:05 -0300] "GET /cormun/PrivateTempStorage/upload_00012161.pdf HTTP/1.1" 200 40960
190.171.141.106 - - [25/Mar/2019:08:29:05 -0300] "GET /cormun/PrivateTempStorage/upload_00012161.pdf HTTP/1.1" 200 198124
190.171.141.106 - - [25/Mar/2019:08:29:05 -0300] "GET /home/sistema/apache-tomcat-7.0.65/webapps/cormun/PrivateTempStorage/upload_00012161.pdf HTTP/1.1" 404 1135
190.171.143.106 - - [25/Mar/2019:08:29:07 -0300] "GET /cormun/servlet/trsolicitudot? HTTP/1.1" 200 9486
190.171.143.106 - - [25/Mar/2019:08:29:07 -0300] "GET /cormun/static/gxui/gxui-all.css?120300 HTTP/1.1" 200 2179
190.171.143.106 - - [25/Mar/2019:08:29:07 -0300] "GET /cormun/static/calendar-system.css?85620 HTTP/1.1" 200 5572
190.171.143.106 - - [25/Mar/2019:08:29:07 -0300] "GET /cormun/static/gxcfg.js?2017111422585916 HTTP/1.1" 200 953
190.171.143.106 - - [25/Mar/2019:08:29:07 -0300] "GET /cormun/static/calendar-es.js?85251 HTTP/1.1" 200 1901
190.171.143.106 - - [25/Mar/2019:08:29:07 -0300] "GET /cormun/static/calendar-setup.js?85251 HTTP/1.1" 200 2588
190.171.143.106 - - [25/Mar/2019:08:29:07 -0300] "GET /cormun/static/calendar.js?85251 HTTP/1.1" 200 26246
190.171.143.106 - - [25/Mar/2019:08:29:07 -0300] "GET /cormun/static/Resources/Spanish/PXTools.css?1255365 HTTP/1.1" 200 89042
190.171.143.106 - - [25/Mar/2019:08:29:07 -0300] "GET /cormun/static/Resources/PXToolsDataSearch.png HTTP/1.1" 200 419
190.171.143.106 - - [25/Mar/2019:08:29:07 -0300] "GET /cormun/static/Resources/PXTools/calendar.png HTTP/1.1" 200 1306
190.171.143.106 - - [25/Mar/2019:08:29:07 -0300] "GET /cormun/static/gxdec.js?85251 HTTP/1.1" 200 19579
190.171.143.106 - - [25/Mar/2019:08:29:07 -0300] "GET /cormun/static/trsolicitudot.js?201711142259839 HTTP/1.1" 200 54041
190.171.143.106 - - [25/Mar/2019:08:29:07 -0300] "GET /cormun/static/Resources/PXToolsGridFirstDisabled.gif HTTP/1.1" 200 100
190.171.143.106 - - [25/Mar/2019:08:29:07 -0300] "GET /cormun/static/Resources/PXToolsGridPreviousDisabled.gif HTTP/1.1" 200 90
190.171.143.106 - - [25/Mar/2019:08:29:07 -0300] "GET /cormun/static/Resources/PXToolsGridNextDisabled.gif HTTP/1.1" 200 90
190.171.143.106 - - [25/Mar/2019:08:29:07 -0300] "GET /cormun/static/Resources/PXToolsGridLastDisabled.gif HTTP/1.1" 200 98
190.171.143.106 - - [25/Mar/2019:08:29:07 -0300] "GET /cormun/static/Resources/PXToolsGridPage.gif HTTP/1.1" 200 725
190.171.143.106 - - [25/Mar/2019:08:29:07 -0300] "GET /cormun/static/Resources/PXToolsActionExcel.png HTTP/1.1" 200 3187
190.171.143.106 - - [25/Mar/2019:08:29:07 -0300] "GET /cormun/static/Resources/PXToolsGridNew.png HTTP/1.1" 200 2949
190.171.143.106 - - [25/Mar/2019:08:29:08 -0300] "GET /cormun/static/Shared/ext/resources/css/ext-all.css?215870 HTTP/1.1" 200 416045
190.171.143.106 - - [25/Mar/2019:08:29:08 -0300] "GET /cormun//static/Resources/PXToolsActionView.png HTTP/1.1" 200 2995
190.171.143.106 - - [25/Mar/2019:08:29:08 -0300] "GET /cormun/static/Resources/asc.gif HTTP/1.1" 200 67
190.171.143.106 - - [25/Mar/2019:08:29:08 -0300] "GET /cormun//static/Resources/PXToolsGridDelete.png HTTP/1.1" 200 357
190.171.143.106 - - [25/Mar/2019:08:29:08 -0300] "GET /cormun//static/Resources/PXTools/ActionInsert.png HTTP/1.1" 200 1482
190.171.143.106 - - [25/Mar/2019:08:29:08 -0300] "GET /cormun//static/Resources/PXToolsRemoveAllAction.png HTTP/1.1" 200 3558
190.171.143.106 - - [25/Mar/2019:08:29:08 -0300] "GET /cormun//static/Resources/PXToolsGridUpdate.png HTTP/1.1" 200 2984
190.171.143.106 - - [25/Mar/2019:08:29:08 -0300] "GET /cormun/static/Resources/desc.gif HTTP/1.1" 200 65
190.171.143.106 - - [25/Mar/2019:08:29:08 -0300] "GET /cormun/servlet/trsolicitudot? HTTP/1.1" 200 9484
190.171.143.106 - - [25/Mar/2019:08:29:08 -0300] "GET /cormun/static/Shared/ext/resources/themes/images/default/panel/bg-headersPanel.png HTTP/1.1" 200 255
190.171.143.106 - - [25/Mar/2019:08:29:08 -0300] "GET /cormun/static/Shared/ext/resources/themes/images/default/tools/tool-sprites.gif HTTP/1.1" 200 5434
186.67.172.234 - - [25/Mar/2019:08:29:11 -0300] "POST /cormun/servlet/trautorizarsolicitud?722d26759a9836d50804af8ab43c7106,,gx-no-cache=1553513091309 HTTP/1.1" 200 6657
186.67.172.234 - - [25/Mar/2019:08:29:12 -0300] "GET /cormun/static/Shared/jqueryui/images/ui-bg_highlight-soft_100_c6c2c8_1x100.png HTTP/1.1" 404 1117
186.67.172.234 - - [25/Mar/2019:08:29:12 -0300] "GET /cormun/static/Shared/jqueryui/images/ui-icons_82798d_256x240.png HTTP/1.1" 404 1089
186.67.172.234 - - [25/Mar/2019:08:29:12 -0300] "GET /cormun/static/Shared/jqueryui/images/ui-icons_8d78a5_256x240.png HTTP/1.1" 404 1089
186.67.172.234 - - [25/Mar/2019:08:29:12 -0300] "GET /cormun/static/Shared/jqueryui/images/ui-bg_flat_55_fafafa_40x100.png HTTP/1.1" 404 1097
186.67.172.234 - - [25/Mar/2019:08:29:12 -0300] "POST /cormun/servlet/trautorizarsolicitud?722d26759a9836d50804af8ab43c7106,,gx-no-cache=1553513092199 HTTP/1.1" 200 6604
190.171.143.106 - - [25/Mar/2019:08:29:14 -0300] "GET /cormun/static/menuarrow.gif HTTP/1.1" 404 1015
186.67.172.234 - - [25/Mar/2019:08:29:15 -0300] "POST /cormun/servlet/trautorizarsolicitud?722d26759a9836d50804af8ab43c7106,,gx-no-cache=1553513094838 HTTP/1.1" 200 6243
186.67.172.234 - - [25/Mar/2019:08:29:15 -0300] "POST /cormun/servlet/trautorizarsolicitud?722d26759a9836d50804af8ab43c7106,,gx-no-cache=1553513095229 HTTP/1.1" 200 6187
186.67.172.234 - - [25/Mar/2019:08:29:17 -0300] "POST /cormun/servlet/trautorizarsolicitud?722d26759a9836d50804af8ab43c7106,,gx-no-cache=1553513096903 HTTP/1.1" 200 5905
186.67.172.234 - - [25/Mar/2019:08:29:17 -0300] "POST /cormun/servlet/trautorizarsolicitud?722d26759a9836d50804af8ab43c7106,,gx-no-cache=1553513097204 HTTP/1.1" 200 5849
186.67.172.234 - - [25/Mar/2019:08:29:18 -0300] "POST /cormun/servlet/trautorizarsolicitud?722d26759a9836d50804af8ab43c7106,,gx-no-cache=1553513098260 HTTP/1.1" 200 4690
186.67.172.234 - - [25/Mar/2019:08:29:18 -0300] "POST /cormun/servlet/trautorizarsolicitud?722d26759a9836d50804af8ab43c7106,,gx-no-cache=1553513098499 HTTP/1.1" 200 4460
190.171.143.106 - - [25/Mar/2019:08:29:21 -0300] "POST /cormun/servlet/trsolicitudot?68c0399e0627f34408842c11f882f4db,,gx-no-cache=1553513142235 HTTP/1.1" 200 8991
186.103.158.250 - - [25/Mar/2019:08:29:25 -0300] "GET /cormun/servlet/hlogin HTTP/1.1" 200 1723
186.103.158.250 - - [25/Mar/2019:08:29:25 -0300] "GET /cormun/servlet/hlogin HTTP/1.1" 200 1733
186.103.158.250 - - [25/Mar/2019:08:29:29 -0300] "POST /cormun/servlet/hlogin?b8c5fe48524a5f27bed9f423c7d28536,gx-no-cache=1553516752346 HTTP/1.1" 200 90
186.103.158.250 - - [25/Mar/2019:08:29:30 -0300] "GET /cormun/servlet/hpexe_link HTTP/1.1" 200 953
186.103.158.250 - - [25/Mar/2019:08:29:30 -0300] "GET /cormun/servlet/hhome HTTP/1.1" 200 4046
186.103.158.250 - - [25/Mar/2019:08:29:32 -0300] "GET /cormun/servlet/hhome HTTP/1.1" 200 4042
190.171.141.106 - - [25/Mar/2019:08:29:34 -0300] "GET /cormun/servlet/hlogin HTTP/1.1" 200 1718
186.103.158.250 - - [25/Mar/2019:08:29:34 -0300] "GET /cormun/servlet/trsolicitudot? HTTP/1.1" 200 7262
186.103.158.250 - - [25/Mar/2019:08:29:36 -0300] "GET /cormun/servlet/trsolicitudot? HTTP/1.1" 200 7261
190.171.141.106 - - [25/Mar/2019:08:29:36 -0300] "POST /cormun/servlet/hlogin?4b091de97c9fae40b73c99c667945d10,gx-no-cache=1553513155823 HTTP/1.1" 200 90
190.171.141.106 - - [25/Mar/2019:08:29:36 -0300] "GET /cormun/servlet/hpexe_link HTTP/1.1" 200 950
190.171.141.106 - - [25/Mar/2019:08:29:36 -0300] "GET /cormun/servlet/hhome HTTP/1.1" 200 4000
190.171.141.106 - - [25/Mar/2019:08:29:37 -0300] "GET /cormun/servlet/hhome HTTP/1.1" 200 3997
190.171.141.106 - - [25/Mar/2019:08:29:40 -0300] "GET /cormun/servlet/trsolicitudot? HTTP/1.1" 200 8585
190.171.141.106 - - [25/Mar/2019:08:29:41 -0300] "GET /cormun/servlet/trsolicitudot? HTTP/1.1" 200 8583
186.103.158.250 - - [25/Mar/2019:08:29:47 -0300] "GET /cormun/servlet/trsolicitudot? HTTP/1.1" 200 7261
186.103.158.250 - - [25/Mar/2019:08:29:48 -0300] "GET /cormun/servlet/trsolicitudot? HTTP/1.1" 200 7261
186.103.158.250 - - [25/Mar/2019:08:29:49 -0300] "GET /cormun/servlet/solicitudot?INS,0,0, HTTP/1.1" 200 14889
186.103.158.250 - - [25/Mar/2019:08:29:51 -0300] "GET /cormun/servlet/solicitudot?INS,0,0, HTTP/1.1" 200 14894
190.171.141.106 - - [25/Mar/2019:08:29:53 -0300] "POST /cormun/servlet/trsolicitudot?4b091de97c9fae40b73c99c667945d10,,gx-no-cache=1553513172811 HTTP/1.1" 200 107
190.171.141.106 - - [25/Mar/2019:08:29:53 -0300] "GET /cormun/servlet/trsolicitudadjuntos?2019,14892, HTTP/1.1" 200 8880
190.171.141.106 - - [25/Mar/2019:08:29:54 -0300] "GET /cormun/servlet/trsolicitudadjuntos?2019,14892, HTTP/1.1" 200 8882
190.171.141.106 - - [25/Mar/2019:08:30:03 -0300] "GET /cormun/servlet/solicitudotadjuntos?DLT,2019,14892,CERTIF5,0, HTTP/1.1" 200 6001
190.171.141.106 - - [25/Mar/2019:08:30:04 -0300] "GET /cormun/static/Shared/jqueryui/images/ui-bg_highlight-soft_100_c6c2c8_1x100.png HTTP/1.1" 404 1117
190.171.141.106 - - [25/Mar/2019:08:30:04 -0300] "GET /cormun/static/Shared/jqueryui/images/ui-icons_82798d_256x240.png HTTP/1.1" 404 1089
190.171.141.106 - - [25/Mar/2019:08:30:04 -0300] "GET /cormun/static/Shared/jqueryui/images/ui-icons_8d78a5_256x240.png HTTP/1.1" 404 1089
190.171.141.106 - - [25/Mar/2019:08:30:04 -0300] "GET /cormun/servlet/solicitudotadjuntos?DLT,2019,14892,CERTIF5,0, HTTP/1.1" 200 5994
190.171.141.106 - - [25/Mar/2019:08:30:04 -0300] "GET /cormun/PublicTempStorage/afp2251373.pdf HTTP/1.1" 200 237477
190.171.141.106 - - [25/Mar/2019:08:30:04 -0300] "GET /cormun/static/Shared/jqueryui/images/ui-bg_flat_55_fafafa_40x100.png HTTP/1.1" 404 1097
190.171.141.106 - - [25/Mar/2019:08:30:06 -0300] "POST /cormun/servlet/solicitudotadjuntos?4b091de97c9fae40b73c99c667945d10,DLT,2019,14892,CERTIF5,0,,gx-no-cache=1553513185182 HTTP/1.1" 200 93
190.171.141.106 - - [25/Mar/2019:08:30:06 -0300] "GET /cormun/servlet/hpexe_return? HTTP/1.1" 200 1029
190.171.141.106 - - [25/Mar/2019:08:30:06 -0300] "GET /cormun/servlet/trsolicitudadjuntos?2019,14892, HTTP/1.1" 200 8667
190.171.141.106 - - [25/Mar/2019:08:30:07 -0300] "GET /cormun/servlet/trsolicitudadjuntos?2019,14892, HTTP/1.1" 200 8663
186.103.158.250 - - [25/Mar/2019:08:30:08 -0300] "POST /cormun/servlet/solicitudot?gx-no-cache=1553516790353 HTTP/1.1" 200 3568
186.103.158.250 - - [25/Mar/2019:08:30:08 -0300] "POST /cormun/servlet/solicitudot?b8c5fe48524a5f27bed9f423c7d28536,INS,0,0,,gx-no-cache=1553516791015 HTTP/1.1" 200 11764
190.171.141.106 - - [25/Mar/2019:08:30:09 -0300] "GET /cormun/servlet/solicitudotadjuntos?DLT,2019,14892,CARNET,0, HTTP/1.1" 200 6004
190.171.141.106 - - [25/Mar/2019:08:30:10 -0300] "GET /cormun/servlet/solicitudotadjuntos?DLT,2019,14892,CARNET,0, HTTP/1.1" 200 5998
186.103.158.250 - - [25/Mar/2019:08:30:10 -0300] "GET /cormun/servlet/solicitudot?0a47d06bb248792c9c6c055333cf11a50f64d68a43621f0eb560135ec08858067dd965b25a493ada276e1fcad1d8c3a4,gx-no-cache=1553516791780 HTTP/1.1" 200 30
190.171.141.106 - - [25/Mar/2019:08:30:11 -0300] "GET /cormun/PublicTempStorage/curri21378121.pdf HTTP/1.1" 200 344790
190.171.141.106 - - [25/Mar/2019:08:30:12 -0300] "POST /cormun/servlet/solicitudotadjuntos?4b091de97c9fae40b73c99c667945d10,DLT,2019,14892,CARNET,0,,gx-no-cache=1553513191533 HTTP/1.1" 200 93
190.171.141.106 - - [25/Mar/2019:08:30:12 -0300] "GET /cormun/servlet/hpexe_return? HTTP/1.1" 200 1028
190.171.141.106 - - [25/Mar/2019:08:30:13 -0300] "GET /cormun/servlet/trsolicitudadjuntos?2019,14892, HTTP/1.1" 200 6106
190.171.141.106 - - [25/Mar/2019:08:30:13 -0300] "GET /cormun/servlet/trsolicitudadjuntos?2019,14892, HTTP/1.1" 200 6103
186.103.158.250 - - [25/Mar/2019:08:30:20 -0300] "GET /cormun/servlet/solicitudot?0a47d06bb248792c9c6c055333cf11a53b8f4149e60bb2fb33b08ef90658d7f858f4f7f26bc1defd50e52ff6adb83cd0ca6b01e01fc4b357769be8f485fcda69,gx-no-cache=1553516803234 HTTP/1.1" 200 30
186.103.158.250 - - [25/Mar/2019:08:30:20 -0300] "GET /cormun/servlet/solicitudot?0a47d06bb248792c9c6c055333cf11a5bef4b1bec44f60dbb6d6c5eb5785bf66,gx-no-cache=1553516803374 HTTP/1.1" 200 53
186.103.158.250 - - [25/Mar/2019:08:30:21 -0300] "POST /cormun/servlet/solicitudot?gx-no-cache=1553516803527 HTTP/1.1" 200 255
186.103.158.250 - - [25/Mar/2019:08:30:21 -0300] "GET /cormun/servlet/solicitudot?0a47d06bb248792c9c6c055333cf11a5dd3e730f19ff03b7d9a008289bf983e0774518a492a0ff67bd854c51c64da4c6b98d0659c862ba85fd5a5426b64411a478cb6142b4307bc03f257e3ce4c4675f3151695082f1c3ef13a434ac28cdd520844cbf66e5bad59eadcc8b2157669727fbf133796d04f91bea1697729195c162e232dc2e4f9b6fbf6db4a3d6c8798c1b1fcb8facc3453d91acc365e0cbea8ffa82b0503d8e0cc9e2891a28c7a6933a4d9879d26805cd8eefeb0c41346a26e8301f52363c80a13e3ac7dd8da75c1f59ea1d87a048fdc31d254df3770d6fa3ee0613162cddefc076527bf32327c92e5335b601cd8102e2f6ae3c8bf7b7a612217e9494b654d1b3c2f9ddb1f985c60c7fe58bfda6aab5d9253a682647279e5fdd25efcee6cf7a33e9ff602bc1e9840333fd932d93aebbdf1343a25b97f2248cec58d00e34525a898f7a2d63c03efb423e8ff144da85cd547a9fe3b3c64fd8b3386b36712062c4d14f2b4eaf93527c70e5aef7cc8d8f04d169b3a16a780c1bd9e98f,gx-no-cache=1553516803799 HTTP/1.1" 200 30
190.171.141.106 - - [25/Mar/2019:08:30:25 -0300] "GET /cormun/servlet/trsolicitudot? HTTP/1.1" 200 8590
190.171.141.106 - - [25/Mar/2019:08:30:26 -0300] "GET /cormun/servlet/trsolicitudot? HTTP/1.1" 200 8583
190.171.141.106 - - [25/Mar/2019:08:30:30 -0300] "POST /cormun/servlet/trsolicitudot?4b091de97c9fae40b73c99c667945d10,,gx-no-cache=1553513209274 HTTP/1.1" 200 107
190.171.143.106 - - [25/Mar/2019:08:30:31 -0300] "GET /cormun/servlet/trsolicitudot? HTTP/1.1" 200 11936
190.171.141.106 - - [25/Mar/2019:08:30:31 -0300] "GET /cormun/servlet/trsolicitudadjuntos?2019,14892, HTTP/1.1" 200 6103
190.171.143.106 - - [25/Mar/2019:08:30:32 -0300] "GET /cormun/servlet/trsolicitudot? HTTP/1.1" 200 11936
190.171.141.106 - - [25/Mar/2019:08:30:32 -0300] "GET /cormun/servlet/trsolicitudadjuntos?2019,14892, HTTP/1.1" 200 6103
190.171.141.106 - - [25/Mar/2019:08:30:34 -0300] "GET /cormun/servlet/solicitudotadjuntos?INS,2019,14892,,1, HTTP/1.1" 200 6047
190.171.141.106 - - [25/Mar/2019:08:30:35 -0300] "GET /cormun/static/about:blank HTTP/1.1" 404 1011
190.171.141.106 - - [25/Mar/2019:08:30:35 -0300] "GET /cormun/servlet/solicitudotadjuntos?INS,2019,14892,,1, HTTP/1.1" 200 6040
190.171.141.106 - - [25/Mar/2019:08:30:35 -0300] "GET /cormun/servlet/solicitudotadjuntos?95a1824b0614c10c3478dd9ac3955fe7029c2f3d6a3624a2f6f21b10a817686f5c7936cf80c4c73c70168eebf5974b52,gx-no-cache=1553513215237 HTTP/1.1" 200 30
190.171.141.106 - - [25/Mar/2019:08:30:36 -0300] "POST /cormun/servlet/solicitudotadjuntos?4b091de97c9fae40b73c99c667945d10,INS,2019,14892,,1,,gx-no-cache=1553513215281 HTTP/1.1" 200 3886
190.171.143.106 - - [25/Mar/2019:08:30:44 -0300] "GET /cormun/servlet/trsolicitudot? HTTP/1.1" 200 11936
190.171.143.106 - - [25/Mar/2019:08:30:45 -0300] "GET /cormun/servlet/trsolicitudot? HTTP/1.1" 200 11936
190.171.143.106 - - [25/Mar/2019:08:30:47 -0300] "GET /cormun/servlet/solicitudot?INS,0,0, HTTP/1.1" 200 14921
190.171.143.106 - - [25/Mar/2019:08:30:47 -0300] "GET /cormun/static/calendar-system.css?75620 HTTP/1.1" 200 5572
190.171.143.106 - - [25/Mar/2019:08:30:47 -0300] "GET /cormun/static/gxcfg.js?20189101114418 HTTP/1.1" 200 953
190.171.143.106 - - [25/Mar/2019:08:30:47 -0300] "GET /cormun/static/Resources/prompt.gif HTTP/1.1" 200 902
190.171.143.106 - - [25/Mar/2019:08:30:47 -0300] "GET /cormun/static/solicitudot.js?20189101114718 HTTP/1.1" 200 71883
190.171.143.106 - - [25/Mar/2019:08:30:48 -0300] "GET /cormun/servlet/solicitudot?INS,0,0, HTTP/1.1" 200 14926
190.171.141.106 - - [25/Mar/2019:08:30:53 -0300] "POST /cormun/servlet/solicitudotadjuntos?gx-no-cache=1553513232597 HTTP/1.1" 200 26
186.103.158.250 - - [25/Mar/2019:08:30:55 -0300] "POST /cormun/servlet/solicitudot?gx-no-cache=1553516837374 HTTP/1.1" 200 30
190.171.141.106 - - [25/Mar/2019:08:30:58 -0300] "GET /cormun/servlet/solicitudotadjuntos?95a1824b0614c10c3478dd9ac3955fe7f8d13c9d5419629897937fcee277179a,gx-no-cache=1553513237975 HTTP/1.1" 200 30
190.171.141.106 - - [25/Mar/2019:08:30:58 -0300] "GET /cormun/servlet/solicitudotadjuntos?95a1824b0614c10c3478dd9ac3955fe7f8d13c9d5419629897937fcee277179a,gx-no-cache=1553513238074 HTTP/1.1" 200 30
190.171.143.106 - - [25/Mar/2019:08:30:58 -0300] "POST /cormun/servlet/solicitudot?gx-no-cache=1553513239409 HTTP/1.1" 200 3608
190.171.143.106 - - [25/Mar/2019:08:30:58 -0300] "GET /cormun/static/Shared/jqueryui/images/ui-bg_highlight-soft_100_c6c2c8_1x100.png HTTP/1.1" 404 1117
190.171.143.106 - - [25/Mar/2019:08:30:58 -0300] "GET /cormun/static/Shared/jqueryui/images/ui-icons_82798d_256x240.png HTTP/1.1" 404 1089
190.171.143.106 - - [25/Mar/2019:08:30:58 -0300] "GET /cormun/static/Shared/jqueryui/images/ui-bg_flat_55_994d53_40x100.png HTTP/1.1" 404 1097
190.171.143.106 - - [25/Mar/2019:08:30:58 -0300] "GET /cormun/static/Shared/jqueryui/images/ui-icons_ebccce_256x240.png HTTP/1.1" 404 1089
190.171.143.106 - - [25/Mar/2019:08:30:59 -0300] "GET /cormun/servlet/solicitudot?94ed93c2084645a66a087b0559f0dfe97670832352259411bfe40960b521923e38547350362a9e6c7ebfe7880414c04e,gx-no-cache=1553513239932 HTTP/1.1" 200 111
186.103.158.250 - - [25/Mar/2019:08:30:59 -0300] "GET /cormun/static/Resources/resize.gif HTTP/1.1" 200 77
190.171.141.106 - - [25/Mar/2019:08:30:59 -0300] "POST /cormun/servlet/solicitudotadjuntos?4b091de97c9fae40b73c99c667945d10,INS,2019,14892,,1, HTTP/1.1" 200 116
190.171.141.106 - - [25/Mar/2019:08:30:59 -0300] "GET /cormun/servlet/hpexe_return? HTTP/1.1" 200 1023
186.103.158.250 - - [25/Mar/2019:08:30:59 -0300] "GET /cormun/servlet/prcontratosol?16882955,,,,,MD,,gxPopupLevel%3D0%3B HTTP/1.1" 200 8296
186.103.158.250 - - [25/Mar/2019:08:30:59 -0300] "GET /cormun/static/gxcfg.js?201761413223964 HTTP/1.1" 200 953
186.103.158.250 - - [25/Mar/2019:08:30:59 -0300] "GET /cormun/static/Resources/PXToolsMenuSearch.png HTTP/1.1" 200 2914
186.103.158.250 - - [25/Mar/2019:08:31:00 -0300] "GET /cormun/static/Resources/PXToolsMenuSearchCancel.png HTTP/1.1" 200 2972
190.171.141.106 - - [25/Mar/2019:08:31:00 -0300] "GET /cormun/servlet/trsolicitudadjuntos?2019,14892, HTTP/1.1" 200 8669
186.103.158.250 - - [25/Mar/2019:08:31:00 -0300] "GET /cormun/static/menusearch.js?201610171694467 HTTP/1.1" 200 1424
186.103.158.250 - - [25/Mar/2019:08:31:00 -0300] "GET /cormun/static/prcontratosol.js?201761413224174 HTTP/1.1" 200 15806
186.103.158.250 - - [25/Mar/2019:08:31:00 -0300] "GET /cormun/static/hmpwkw011.js?20177612121862 HTTP/1.1" 200 1968
190.171.141.106 - - [25/Mar/2019:08:31:00 -0300] "GET /cormun/servlet/trsolicitudadjuntos?2019,14892, HTTP/1.1" 200 8667
190.171.141.106 - - [25/Mar/2019:08:31:02 -0300] "GET /cormun/servlet/solicitudotadjuntos?INS,2019,14892,,1, HTTP/1.1" 200 6047
190.171.141.106 - - [25/Mar/2019:08:31:03 -0300] "GET /cormun/static/about:blank HTTP/1.1" 404 1011
190.171.141.106 - - [25/Mar/2019:08:31:03 -0300] "GET /cormun/servlet/solicitudotadjuntos?INS,2019,14892,,1, HTTP/1.1" 200 6040
190.171.141.106 - - [25/Mar/2019:08:31:03 -0300] "GET /cormun/servlet/solicitudotadjuntos?95a1824b0614c10c3478dd9ac3955fe7029c2f3d6a3624a2f6f21b10a817686f5c7936cf80c4c73c70168eebf5974b52,gx-no-cache=1553513243193 HTTP/1.1" 200 30
190.171.141.106 - - [25/Mar/2019:08:31:04 -0300] "POST /cormun/servlet/solicitudotadjuntos?4b091de97c9fae40b73c99c667945d10,INS,2019,14892,,1,,gx-no-cache=1553513243284 HTTP/1.1" 200 3887
186.103.158.250 - - [25/Mar/2019:08:31:06 -0300] "POST /cormun/servlet/solicitudot?gx-no-cache=1553516845687 HTTP/1.1" 200 1290
186.103.158.250 - - [25/Mar/2019:08:31:06 -0300] "POST /cormun/servlet/solicitudot?gx-no-cache=1553516849101 HTTP/1.1" 200 38
186.103.158.250 - - [25/Mar/2019:08:31:06 -0300] "GET /cormun/servlet/solicitudot?0a47d06bb248792c9c6c055333cf11a5b614fa435ca3dc8525e43bca641fe7edbe40f5db3fdaf1cded2eab69e8ef13e948e40d1988abbfcabc001b22b8a603a250bd342ebeb71c3cf1aded0bec5f26c7f5df158fc48774393db3c024cd1407f629301d1db445c143598aa76d312fdbe7,gx-no-cache=1553516849209 HTTP/1.1" 200 110
190.171.143.106 - - [25/Mar/2019:08:31:06 -0300] "GET /cormun/servlet/solicitudot?94ed93c2084645a66a087b0559f0dfe9b657b2cf4b2db9766ba833b81640aec02f05da38ac3da329d6f1df0bde8051ac,gx-no-cache=1553513247594 HTTP/1.1" 200 30
186.103.158.250 - - [25/Mar/2019:08:31:06 -0300] "POST /cormun/servlet/solicitudot?gx-no-cache=1553516849289 HTTP/1.1" 200 97
186.103.158.250 - - [25/Mar/2019:08:31:06 -0300] "GET /cormun/servlet/solicitudot?0a47d06bb248792c9c6c055333cf11a510a020944ccfce4d7295188dde51544ffbe121a7d154846f51fbffb5906532a0e6db71da70801e9b60e4333eb03e8fde0854dabff7a91db91d9c7e41a8ab4d3fc06228217721bb7b07e0c95427526dd03e88943916b596f2fabaa03815785abc6d4af39ac4fb2bd51153d3c5603260b17c84ae0079a9beee75eb90a9ee9e317a3b0048c005daf2ff424194a986f152e0,gx-no-cache=1553516849403 HTTP/1.1" 200 29
186.103.158.250 - - [25/Mar/2019:08:31:07 -0300] "GET /cormun/servlet/solicitudot?0a47d06bb248792c9c6c055333cf11a5d791c2ad3e1598f11fee7c820c0272a9,gx-no-cache=1553516849501 HTTP/1.1" 200 30
190.171.141.106 - - [25/Mar/2019:08:31:08 -0300] "POST /cormun/servlet/solicitudotadjuntos?gx-no-cache=1553513248063 HTTP/1.1" 200 26
190.171.141.106 - - [25/Mar/2019:08:31:20 -0300] "POST /cormun/servlet/solicitudotadjuntos?gx-no-cache=1553513259430 HTTP/1.1" 200 26
190.171.141.106 - - [25/Mar/2019:08:31:27 -0300] "GET /cormun/servlet/solicitudotadjuntos?95a1824b0614c10c3478dd9ac3955fe7f8d13c9d5419629897937fcee277179a,gx-no-cache=1553513267193 HTTP/1.1" 200 30
190.171.141.106 - - [25/Mar/2019:08:31:27 -0300] "GET /cormun/servlet/solicitudotadjuntos?95a1824b0614c10c3478dd9ac3955fe7f8d13c9d5419629897937fcee277179a,gx-no-cache=1553513267326 HTTP/1.1" 200 30
190.171.141.106 - - [25/Mar/2019:08:31:28 -0300] "POST /cormun/servlet/solicitudotadjuntos?4b091de97c9fae40b73c99c667945d10,INS,2019,14892,,1, HTTP/1.1" 200 116
190.171.141.106 - - [25/Mar/2019:08:31:28 -0300] "GET /cormun/servlet/hpexe_return? HTTP/1.1" 200 1023
190.171.141.106 - - [25/Mar/2019:08:31:29 -0300] "GET /cormun/servlet/trsolicitudadjuntos?2019,14892, HTTP/1.1" 200 8878
190.171.141.106 - - [25/Mar/2019:08:31:29 -0300] "GET /cormun/servlet/trsolicitudadjuntos?2019,14892, HTTP/1.1" 200 8878
186.103.158.250 - - [25/Mar/2019:08:31:32 -0300] "POST /cormun/servlet/solicitudot?gx-no-cache=1553516874775 HTTP/1.1" 200 1290
186.103.158.250 - - [25/Mar/2019:08:31:32 -0300] "POST /cormun/servlet/solicitudot?gx-no-cache=1553516874918 HTTP/1.1" 200 38
186.103.158.250 - - [25/Mar/2019:08:31:32 -0300] "GET /cormun/servlet/solicitudot?0a47d06bb248792c9c6c055333cf11a5b614fa435ca3dc8525e43bca641fe7edbe40f5db3fdaf1cded2eab69e8ef13e948e40d1988abbfcabc001b22b8a603a250bd342ebeb71c3cf1aded0bec5f26c7f5df158fc48774393db3c024cd1407f629301d1db445c143598aa76d312fdbe7,gx-no-cache=1553516874994 HTTP/1.1" 200 110
186.103.158.250 - - [25/Mar/2019:08:31:32 -0300] "POST /cormun/servlet/solicitudot?gx-no-cache=1553516875091 HTTP/1.1" 200 97
190.171.141.106 - - [25/Mar/2019:08:31:37 -0300] "GET /cormun/servlet/solicitudotadjuntos?INS,2019,14892,,1, HTTP/1.1" 200 6047
190.171.141.106 - - [25/Mar/2019:08:31:37 -0300] "GET /cormun/static/about:blank HTTP/1.1" 404 1011
190.171.141.106 - - [25/Mar/2019:08:31:38 -0300] "GET /cormun/servlet/solicitudotadjuntos?INS,2019,14892,,1, HTTP/1.1" 200 6040
190.171.141.106 - - [25/Mar/2019:08:31:38 -0300] "GET /cormun/servlet/solicitudotadjuntos?95a1824b0614c10c3478dd9ac3955fe7029c2f3d6a3624a2f6f21b10a817686f5c7936cf80c4c73c70168eebf5974b52,gx-no-cache=1553513277843 HTTP/1.1" 200 30
190.171.141.106 - - [25/Mar/2019:08:31:39 -0300] "POST /cormun/servlet/solicitudotadjuntos?4b091de97c9fae40b73c99c667945d10,INS,2019,14892,,1,,gx-no-cache=1553513277982 HTTP/1.1" 200 3887
186.103.158.250 - - [25/Mar/2019:08:31:40 -0300] "GET /cormun/static/menuarrow.gif HTTP/1.1" 404 1015
190.171.141.106 - - [25/Mar/2019:08:31:43 -0300] "POST /cormun/servlet/solicitudotadjuntos?gx-no-cache=1553513282480 HTTP/1.1" 200 26
186.103.158.250 - - [25/Mar/2019:08:31:48 -0300] "GET /cormun/servlet/solicitudot?0a47d06bb248792c9c6c055333cf11a59cbfacab1494c613d43c4ef6b4dfc6ff60b3c3ef9d16e5e89e17b42848bed27e,gx-no-cache=1553516890625 HTTP/1.1" 200 30
190.171.141.106 - - [25/Mar/2019:08:31:50 -0300] "GET /cormun/servlet/solicitudotadjuntos?95a1824b0614c10c3478dd9ac3955fe7f8d13c9d5419629897937fcee277179a,gx-no-cache=1553513290089 HTTP/1.1" 200 30
190.171.141.106 - - [25/Mar/2019:08:31:50 -0300] "GET /cormun/servlet/solicitudotadjuntos?95a1824b0614c10c3478dd9ac3955fe7f8d13c9d5419629897937fcee277179a,gx-no-cache=1553513290218 HTTP/1.1" 200 30
190.171.141.106 - - [25/Mar/2019:08:31:53 -0300] "POST /cormun/servlet/solicitudotadjuntos?4b091de97c9fae40b73c99c667945d10,INS,2019,14892,,1, HTTP/1.1" 200 116
190.171.141.106 - - [25/Mar/2019:08:31:53 -0300] "GET /cormun/servlet/hpexe_return? HTTP/1.1" 200 1023
190.171.141.106 - - [25/Mar/2019:08:31:53 -0300] "GET /cormun/servlet/trsolicitudadjuntos?2019,14892, HTTP/1.1" 200 9066
190.171.141.106 - - [25/Mar/2019:08:31:54 -0300] "GET /cormun/servlet/trsolicitudadjuntos?2019,14892, HTTP/1.1" 200 9063
78.108.177.53 - - [25/Mar/2019:08:32:04 -0300] "GET / HTTP/1.0" 200 11197
186.103.158.250 - - [25/Mar/2019:08:32:06 -0300] "POST /cormun/servlet/solicitudot?gx-no-cache=1553516908958 HTTP/1.1" 200 30
190.171.141.106 - - [25/Mar/2019:08:32:09 -0300] "GET /cormun/servlet/solicitudotadjuntos?INS,2019,14892,,1, HTTP/1.1" 200 6047
190.171.141.106 - - [25/Mar/2019:08:32:10 -0300] "GET /cormun/static/about:blank HTTP/1.1" 404 1011
190.171.141.106 - - [25/Mar/2019:08:32:10 -0300] "GET /cormun/servlet/solicitudotadjuntos?INS,2019,14892,,1, HTTP/1.1" 200 6040
190.171.141.106 - - [25/Mar/2019:08:32:10 -0300] "GET /cormun/servlet/solicitudotadjuntos?95a1824b0614c10c3478dd9ac3955fe7029c2f3d6a3624a2f6f21b10a817686f5c7936cf80c4c73c70168eebf5974b52,gx-no-cache=1553513310241 HTTP/1.1" 200 30
190.171.141.106 - - [25/Mar/2019:08:32:11 -0300] "POST /cormun/servlet/solicitudotadjuntos?4b091de97c9fae40b73c99c667945d10,INS,2019,14892,,1,,gx-no-cache=1553513310369 HTTP/1.1" 200 3887
190.171.141.106 - - [25/Mar/2019:08:32:15 -0300] "POST /cormun/servlet/solicitudotadjuntos?gx-no-cache=1553513314591 HTTP/1.1" 200 26
190.171.141.106 - - [25/Mar/2019:08:32:21 -0300] "GET /cormun/servlet/solicitudotadjuntos?95a1824b0614c10c3478dd9ac3955fe7f8d13c9d5419629897937fcee277179a,gx-no-cache=1553513321250 HTTP/1.1" 200 30
190.171.141.106 - - [25/Mar/2019:08:32:22 -0300] "GET /cormun/servlet/solicitudotadjuntos?95a1824b0614c10c3478dd9ac3955fe7f8d13c9d5419629897937fcee277179a,gx-no-cache=1553513321382 HTTP/1.1" 200 30
190.171.141.106 - - [25/Mar/2019:08:32:22 -0300] "POST /cormun/servlet/solicitudotadjuntos?4b091de97c9fae40b73c99c667945d10,INS,2019,14892,,1, HTTP/1.1" 200 116
190.171.141.106 - - [25/Mar/2019:08:32:23 -0300] "GET /cormun/servlet/hpexe_return? HTTP/1.1" 200 1023
190.171.141.106 - - [25/Mar/2019:08:32:23 -0300] "GET /cormun/servlet/trsolicitudadjuntos?2019,14892, HTTP/1.1" 200 9267
190.171.141.106 - - [25/Mar/2019:08:32:24 -0300] "GET /cormun/servlet/trsolicitudadjuntos?2019,14892, HTTP/1.1" 200 9262
190.171.141.106 - - [25/Mar/2019:08:32:26 -0300] "GET /cormun/servlet/solicitudotadjuntos?INS,2019,14892,,1, HTTP/1.1" 200 6047
190.171.141.106 - - [25/Mar/2019:08:32:27 -0300] "GET /cormun/static/about:blank HTTP/1.1" 404 1011
190.171.141.106 - - [25/Mar/2019:08:32:27 -0300] "GET /cormun/servlet/solicitudotadjuntos?INS,2019,14892,,1, HTTP/1.1" 200 6040
190.171.141.106 - - [25/Mar/2019:08:32:27 -0300] "GET /cormun/servlet/solicitudotadjuntos?95a1824b0614c10c3478dd9ac3955fe7029c2f3d6a3624a2f6f21b10a817686f5c7936cf80c4c73c70168eebf5974b52,gx-no-cache=1553513327277 HTTP/1.1" 200 30
190.171.141.106 - - [25/Mar/2019:08:32:28 -0300] "POST /cormun/servlet/solicitudotadjuntos?4b091de97c9fae40b73c99c667945d10,INS,2019,14892,,1,,gx-no-cache=1553513327371 HTTP/1.1" 200 3887
190.171.141.106 - - [25/Mar/2019:08:32:37 -0300] "POST /cormun/servlet/solicitudotadjuntos?gx-no-cache=1553513336303 HTTP/1.1" 200 26
190.171.143.106 - - [25/Mar/2019:08:32:37 -0300] "GET /cormun/servlet/solicitudot?94ed93c2084645a66a087b0559f0dfe98944a6f9b1b538dc6d416b1deb48dab4c3e40bc1200e34dcdc5c9915e873cd5f1b2a495b9e2b91c421111b365f03bc66,gx-no-cache=1553513337268 HTTP/1.1" 200 30
190.171.141.106 - - [25/Mar/2019:08:32:45 -0300] "GET /cormun/servlet/solicitudotadjuntos?95a1824b0614c10c3478dd9ac3955fe7f8d13c9d5419629897937fcee277179a,gx-no-cache=1553513344633 HTTP/1.1" 200 30
190.171.141.106 - - [25/Mar/2019:08:32:45 -0300] "GET /cormun/servlet/solicitudotadjuntos?95a1824b0614c10c3478dd9ac3955fe7f8d13c9d5419629897937fcee277179a,gx-no-cache=1553513344805 HTTP/1.1" 200 30
190.171.141.106 - - [25/Mar/2019:08:32:46 -0300] "POST /cormun/servlet/solicitudotadjuntos?4b091de97c9fae40b73c99c667945d10,INS,2019,14892,,1, HTTP/1.1" 200 116
190.171.141.106 - - [25/Mar/2019:08:32:47 -0300] "GET /cormun/servlet/hpexe_return? HTTP/1.1" 200 1023
190.171.141.106 - - [25/Mar/2019:08:32:47 -0300] "GET /cormun/servlet/trsolicitudadjuntos?2019,14892, HTTP/1.1" 200 9530
190.171.141.106 - - [25/Mar/2019:08:32:48 -0300] "GET /cormun/servlet/trsolicitudadjuntos?2019,14892, HTTP/1.1" 200 9531
190.171.141.106 - - [25/Mar/2019:08:32:54 -0300] "GET /cormun/servlet/solicitudotadjuntos?INS,2019,14892,,1, HTTP/1.1" 200 6047
190.171.141.106 - - [25/Mar/2019:08:32:55 -0300] "GET /cormun/static/about:blank HTTP/1.1" 404 1011
190.171.141.106 - - [25/Mar/2019:08:32:55 -0300] "GET /cormun/servlet/solicitudotadjuntos?INS,2019,14892,,1, HTTP/1.1" 200 6041
190.171.141.106 - - [25/Mar/2019:08:32:55 -0300] "GET /cormun/servlet/solicitudotadjuntos?95a1824b0614c10c3478dd9ac3955fe7029c2f3d6a3624a2f6f21b10a817686f5c7936cf80c4c73c70168eebf5974b52,gx-no-cache=1553513355264 HTTP/1.1" 200 30
190.171.141.106 - - [25/Mar/2019:08:32:56 -0300] "POST /cormun/servlet/solicitudotadjuntos?4b091de97c9fae40b73c99c667945d10,INS,2019,14892,,1,,gx-no-cache=1553513355332 HTTP/1.1" 200 3887
190.171.143.106 - - [25/Mar/2019:08:32:56 -0300] "GET /cormun/servlet/solicitudot?94ed93c2084645a66a087b0559f0dfe94318377f659bf971021a89282fb4355f,gx-no-cache=1553513357077 HTTP/1.1" 200 29
190.171.143.106 - - [25/Mar/2019:08:32:56 -0300] "GET /cormun/servlet/solicitudot?94ed93c2084645a66a087b0559f0dfe941d36f2d56f19a7646d02ed2776c4da6c863f3cd476698c03ad3b52c94cdb32a8469286c4b5530038a6e9e179bd3d61a0630d8f5b850829ab94c17ade4e4e48a14362f24b1fae7e80b039cdf9bc7ea42c37aaa1a0c269873f60f39b8220e66bd53be07f5d2292061024e7dda05007bd5d58e684004b0b780f3878bc080d2ab59d48d7afb977cca4896a1659b1c1456ff9b410522c3a60a6e3c8225a400457c7a8d9062adfff828befae2678f6b1c84e1b95a6279292fc3dda98aab88239e006d65b81678ca68f99a35c67854029e625a6aa803466d645c5c1b70997a7328df713738ba5ecc7aee14a0ef8f7ab3aba2b8d2e00206bc83df2e14e40b49af31b2632c84791a5189edcaeac18d210867a41b3320eb319c8daa9ddff8bb8ed3813404ac871c75ffe732ad09023e53e3681177c02dcb9a398e7a73e3a3db3cb0427d04,gx-no-cache=1553513357166 HTTP/1.1" 200 297
190.171.143.106 - - [25/Mar/2019:08:32:59 -0300] "GET /cormun/servlet/solicitudot?94ed93c2084645a66a087b0559f0dfe9d637ce7626e79fcfea5e1969c80db010403f853de0afa4401dbc99e85f580b00cf38cabe423a25ba3a55d156a2ff8e2c71057260fc9d2b032f03ab8a3c7aa368d129975ab1ac502a932dfe3cf3a84af0da20c313955821e52573770c2cecff15695ae3f162396c838e32eb6b8060c9cf46f7a2b9f324b52f28340ad87ba1a63ea73632d3af2542da43a042f775b8e52c9f0c55b63cc454e2b3742ffa3ad53b91a07d4ebabf9ecb1ac337cc095b176f639591cb9029366d8d7c7b57a1c53fb22b8959f8bcfc1467616dee7e0594ffe64e9ad02cb29c8ece4618a59551e9f5954c1317c97e16f50efeff6139e5252547479785fef86d5c7718a27f5a55533b02d59a6e7649c6827275c00b4824c334965ddb188af45f9b2f31960e143c999c064ed48140a004f21770a7a69d00202c078a6258785528c77162bc214210de95d88ee21c9fefc1e2fd585de263d16911c5ab29cf02bdc32c46abb55daa9f7e18fe13e7840c9c056276473af6173adc5fa825e0e063a03c090a44bb4703d10ae76169,gx-no-cache=1553513360188 HTTP/1.1" 200 30
190.171.141.106 - - [25/Mar/2019:08:33:00 -0300] "POST /cormun/servlet/solicitudotadjuntos?gx-no-cache=1553513360224 HTTP/1.1" 200 26
190.171.143.106 - - [25/Mar/2019:08:33:00 -0300] "POST /cormun/servlet/solicitudot?gx-no-cache=1553513361763 HTTP/1.1" 200 30
190.171.143.106 - - [25/Mar/2019:08:33:01 -0300] "POST /cormun/servlet/solicitudot?gx-no-cache=1553513362698 HTTP/1.1" 200 1282
190.171.143.106 - - [25/Mar/2019:08:33:01 -0300] "POST /cormun/servlet/solicitudot?gx-no-cache=1553513362758 HTTP/1.1" 200 38
190.171.141.106 - - [25/Mar/2019:08:33:08 -0300] "GET /cormun/servlet/solicitudotadjuntos?95a1824b0614c10c3478dd9ac3955fe7f8d13c9d5419629897937fcee277179a,gx-no-cache=1553513367697 HTTP/1.1" 200 30
190.171.141.106 - - [25/Mar/2019:08:33:08 -0300] "GET /cormun/servlet/solicitudotadjuntos?95a1824b0614c10c3478dd9ac3955fe7f8d13c9d5419629897937fcee277179a,gx-no-cache=1553513367795 HTTP/1.1" 200 30
190.171.141.106 - - [25/Mar/2019:08:33:10 -0300] "POST /cormun/servlet/solicitudotadjuntos?4b091de97c9fae40b73c99c667945d10,INS,2019,14892,,1, HTTP/1.1" 200 116
190.171.141.106 - - [25/Mar/2019:08:33:10 -0300] "GET /cormun/servlet/hpexe_return? HTTP/1.1" 200 1023
190.171.141.106 - - [25/Mar/2019:08:33:11 -0300] "GET /cormun/servlet/trsolicitudadjuntos?2019,14892, HTTP/1.1" 200 9737
190.171.141.106 - - [25/Mar/2019:08:33:12 -0300] "GET /cormun/servlet/trsolicitudadjuntos?2019,14892, HTTP/1.1" 200 9736
190.171.141.106 - - [25/Mar/2019:08:33:16 -0300] "GET /cormun/servlet/solicitudotadjuntos?INS,2019,14892,,2, HTTP/1.1" 200 6044
190.171.141.106 - - [25/Mar/2019:08:33:16 -0300] "GET /cormun/static/about:blank HTTP/1.1" 404 1011
190.171.141.106 - - [25/Mar/2019:08:33:16 -0300] "GET /cormun/servlet/solicitudotadjuntos?INS,2019,14892,,2, HTTP/1.1" 200 6038
190.171.141.106 - - [25/Mar/2019:08:33:17 -0300] "GET /cormun/servlet/solicitudotadjuntos?95a1824b0614c10c3478dd9ac3955fe7029c2f3d6a3624a2f6f21b10a817686f5c7936cf80c4c73c70168eebf5974b52,gx-no-cache=1553513376468 HTTP/1.1" 200 30
190.171.141.106 - - [25/Mar/2019:08:33:17 -0300] "POST /cormun/servlet/solicitudotadjuntos?4b091de97c9fae40b73c99c667945d10,INS,2019,14892,,2,,gx-no-cache=1553513376551 HTTP/1.1" 200 4030
190.171.141.106 - - [25/Mar/2019:08:33:23 -0300] "POST /cormun/servlet/solicitudotadjuntos?gx-no-cache=1553513382850 HTTP/1.1" 200 26
190.171.141.106 - - [25/Mar/2019:08:33:28 -0300] "GET /cormun/servlet/solicitudotadjuntos?95a1824b0614c10c3478dd9ac3955fe7f8d13c9d5419629897937fcee277179a,gx-no-cache=1553513388081 HTTP/1.1" 200 30
190.171.141.106 - - [25/Mar/2019:08:33:28 -0300] "GET /cormun/servlet/solicitudotadjuntos?95a1824b0614c10c3478dd9ac3955fe7f8d13c9d5419629897937fcee277179a,gx-no-cache=1553513388282 HTTP/1.1" 200 30
190.171.141.106 - - [25/Mar/2019:08:33:32 -0300] "POST /cormun/servlet/solicitudotadjuntos?4b091de97c9fae40b73c99c667945d10,INS,2019,14892,,2, HTTP/1.1" 200 116
190.171.141.106 - - [25/Mar/2019:08:33:32 -0300] "GET /cormun/servlet/hpexe_return? HTTP/1.1" 200 1023
190.171.141.106 - - [25/Mar/2019:08:33:33 -0300] "GET /cormun/servlet/trsolicitudadjuntos?2019,14892, HTTP/1.1" 200 9873
190.171.141.106 - - [25/Mar/2019:08:33:34 -0300] "GET /cormun/servlet/trsolicitudadjuntos?2019,14892, HTTP/1.1" 200 9870
190.171.141.106 - - [25/Mar/2019:08:33:39 -0300] "GET /cormun/servlet/solicitudotadjuntos?INS,2019,14892,,2, HTTP/1.1" 200 6044
190.171.141.106 - - [25/Mar/2019:08:33:40 -0300] "GET /cormun/servlet/solicitudotadjuntos?INS,2019,14892,,2, HTTP/1.1" 200 6038
190.171.141.106 - - [25/Mar/2019:08:33:40 -0300] "GET /cormun/servlet/solicitudotadjuntos?95a1824b0614c10c3478dd9ac3955fe7029c2f3d6a3624a2f6f21b10a817686f5c7936cf80c4c73c70168eebf5974b52,gx-no-cache=1553513399850 HTTP/1.1" 200 30
190.171.141.106 - - [25/Mar/2019:08:33:40 -0300] "POST /cormun/servlet/solicitudotadjuntos?4b091de97c9fae40b73c99c667945d10,INS,2019,14892,,2,,gx-no-cache=1553513399970 HTTP/1.1" 200 4030
190.171.141.106 - - [25/Mar/2019:08:33:42 -0300] "POST /cormun/servlet/solicitudotadjuntos?4b091de97c9fae40b73c99c667945d10,INS,2019,14892,,2,,gx-no-cache=1553513402236 HTTP/1.1" 200 93
190.171.141.106 - - [25/Mar/2019:08:33:42 -0300] "GET /cormun/servlet/hpexe_return? HTTP/1.1" 200 1023
190.171.141.106 - - [25/Mar/2019:08:33:43 -0300] "GET /cormun/servlet/trsolicitudadjuntos?2019,14892, HTTP/1.1" 200 9873
190.171.141.106 - - [25/Mar/2019:08:33:44 -0300] "GET /cormun/servlet/trsolicitudadjuntos?2019,14892, HTTP/1.1" 200 9871
190.171.143.106 - - [25/Mar/2019:08:33:49 -0300] "GET /cormun/servlet/solicitudot?94ed93c2084645a66a087b0559f0dfe9e7df3f9c1d49ef71e477060daea934dc283381569cd3399c2274b55071ca35ba033e61a51947ea150a1150929373092cac615de679105906d7061f20f1a8ccdf6e56b4ad7d4da385ed46f4fa9e327be5c46edef87e0cbd80a0b3a494d327d4ea,gx-no-cache=1553513410450 HTTP/1.1" 200 110
190.171.143.106 - - [25/Mar/2019:08:33:53 -0300] "POST /cormun/servlet/solicitudot?gx-no-cache=1553513414766 HTTP/1.1" 200 83
190.171.141.106 - - [25/Mar/2019:08:33:56 -0300] "GET /cormun/servlet/hlogin HTTP/1.1" 200 1716
190.171.141.106 - - [25/Mar/2019:08:34:02 -0300] "POST /cormun/servlet/hlogin?f07f2db09adb1eca923fbd172b34b9e0,gx-no-cache=1553513421390 HTTP/1.1" 200 90
190.171.141.106 - - [25/Mar/2019:08:34:02 -0300] "GET /cormun/servlet/hpexe_link HTTP/1.1" 200 946
190.171.141.106 - - [25/Mar/2019:08:34:02 -0300] "GET /cormun/servlet/hhome HTTP/1.1" 200 3995
190.171.141.106 - - [25/Mar/2019:08:34:03 -0300] "GET /cormun/servlet/hhome HTTP/1.1" 200 3991
190.171.141.106 - - [25/Mar/2019:08:34:06 -0300] "GET /cormun/servlet/trsolicitudot? HTTP/1.1" 200 8580
190.171.141.106 - - [25/Mar/2019:08:34:06 -0300] "GET /cormun/servlet/trsolicitudot? HTTP/1.1" 200 8578
190.171.143.106 - - [25/Mar/2019:08:34:10 -0300] "GET /cormun/servlet/solicitudot?94ed93c2084645a66a087b0559f0dfe92db26199eb687af599bba5e932a3d8213738ba5ecc7aee14a0ef8f7ab3aba2b8d2e00206bc83df2e14e40b49af31b2631da43aff522c3510f51e186f06481341,gx-no-cache=1553513431523 HTTP/1.1" 200 29
190.171.141.106 - - [25/Mar/2019:08:34:12 -0300] "POST /cormun/servlet/trsolicitudot?f07f2db09adb1eca923fbd172b34b9e0,,gx-no-cache=1553513431452 HTTP/1.1" 200 4525
190.171.141.106 - - [25/Mar/2019:08:34:12 -0300] "GET /cormun/static/Shared/jqueryui/images/ui-icons_82798d_256x240.png HTTP/1.1" 404 1089
190.171.141.106 - - [25/Mar/2019:08:34:12 -0300] "GET /cormun/static/Shared/jqueryui/images/ui-bg_highlight-soft_100_c6c2c8_1x100.png HTTP/1.1" 404 1117
190.171.141.106 - - [25/Mar/2019:08:34:12 -0300] "GET /cormun/static/Shared/jqueryui/images/ui-bg_flat_55_fafafa_40x100.png HTTP/1.1" 404 1097
190.171.141.106 - - [25/Mar/2019:08:34:12 -0300] "GET /cormun/static/Shared/jqueryui/images/ui-icons_8d78a5_256x240.png HTTP/1.1" 404 1089
190.171.141.106 - - [25/Mar/2019:08:34:12 -0300] "POST /cormun/servlet/trsolicitudot?f07f2db09adb1eca923fbd172b34b9e0,,gx-no-cache=1553513431996 HTTP/1.1" 200 4308
190.171.143.106 - - [25/Mar/2019:08:34:15 -0300] "GET /cormun/static/menuarrow.gif HTTP/1.1" 404 1015
190.171.143.106 - - [25/Mar/2019:08:34:18 -0300] "GET /cormun/servlet/solicitudot?94ed93c2084645a66a087b0559f0dfe90c15b6b78f1cca21b245c2b78d4384461d743e2ee4fbf97f208841f3e0a84b11,gx-no-cache=1553513439593 HTTP/1.1" 200 30
190.171.143.106 - - [25/Mar/2019:08:34:26 -0300] "POST /cormun/servlet/solicitudot?gx-no-cache=1553513447420 HTTP/1.1" 200 30
186.103.158.250 - - [25/Mar/2019:08:34:44 -0300] "POST /cormun/servlet/solicitudot?gx-no-cache=1553517067321 HTTP/1.1" 200 72
186.67.172.234 - - [25/Mar/2019:08:35:53 -0300] "GET /cormun/servlet/trlicencias? HTTP/1.1" 200 11164
186.67.172.234 - - [25/Mar/2019:08:35:54 -0300] "GET /cormun/servlet/trlicencias? HTTP/1.1" 200 11163
40.77.167.88 - - [25/Mar/2019:08:35:55 -0300] "GET /cormun/servlet/trvisualizadoreventos HTTP/1.1" 200 5969
186.67.172.234 - - [25/Mar/2019:08:36:00 -0300] "GET /cormun/servlet/hlogin HTTP/1.1" 200 1742
190.171.143.106 - - [25/Mar/2019:08:36:24 -0300] "POST /cormun/servlet/solicitudot?gx-no-cache=1553513565488 HTTP/1.1" 200 30
190.171.143.106 - - [25/Mar/2019:08:36:24 -0300] "POST /cormun/servlet/solicitudot?gx-no-cache=1553513565594 HTTP/1.1" 200 1286
190.171.143.106 - - [25/Mar/2019:08:36:24 -0300] "POST /cormun/servlet/solicitudot?gx-no-cache=1553513565644 HTTP/1.1" 200 41
190.171.143.106 - - [25/Mar/2019:08:36:24 -0300] "GET /cormun/servlet/solicitudot?94ed93c2084645a66a087b0559f0dfe9e7df3f9c1d49ef71e477060daea934dc283381569cd3399c2274b55071ca35ba033e61a51947ea150a1150929373092cac615de679105906d7061f20f1a8ccdf6e56b4ad7d4da385ed46f4fa9e327be5c46edef87e0cbd80a0b3a494d327d4ea,gx-no-cache=1553513565714 HTTP/1.1" 200 110
190.171.143.106 - - [25/Mar/2019:08:36:24 -0300] "POST /cormun/servlet/solicitudot?gx-no-cache=1553513565755 HTTP/1.1" 200 83
190.171.143.106 - - [25/Mar/2019:08:36:25 -0300] "GET /cormun/servlet/solicitudot?94ed93c2084645a66a087b0559f0dfe90c15b6b78f1cca21b245c2b78d4384461d743e2ee4fbf97f208841f3e0a84b11,gx-no-cache=1553513565837 HTTP/1.1" 200 30
190.171.143.106 - - [25/Mar/2019:08:36:25 -0300] "POST /cormun/servlet/solicitudot?gx-no-cache=1553513565945 HTTP/1.1" 200 30
190.171.142.18 - - [25/Mar/2019:08:36:29 -0300] "POST /cormun/servlet/hlogin?60d586156e7eb7ed60cdd4d0a8749c95,gx-no-cache=1553513735722 HTTP/1.1" 200 90
190.171.142.18 - - [25/Mar/2019:08:36:29 -0300] "GET /cormun/servlet/hpexe_link HTTP/1.1" 200 964
190.171.142.18 - - [25/Mar/2019:08:36:30 -0300] "GET /cormun/servlet/trautorizarsolicitud HTTP/1.1" 200 7279
190.171.142.18 - - [25/Mar/2019:08:36:32 -0300] "GET /cormun/servlet/trautorizarsolicitud HTTP/1.1" 200 7278
190.171.142.18 - - [25/Mar/2019:08:36:40 -0300] "GET /cormun/servlet/trsolicitudot? HTTP/1.1" 200 7551
