190.171.143.90 - - [25/Mar/2019:15:41:47 -0300] "GET /cormun/servlet/solicitudot?82bfa3b23defb133aad0b6d02e6a74d72141b9334d0d14c9fd707db17f08af8f9df5bc3d93a0b4e827433b7adc41ff98d49cf7223545e3288702b44ca8fce235e7aba28c2614f8831f7935b53c08b28de99676d5675678429e3a8b1f07d165b517e82e29e236669d43cf023e3288a3674c38eb517649bea517680b9b3d4b4b178aabb70e50299dd79be1e4acb09c119ed9734ceb8966e98b4af8e1da04c021520f536c023521a8c1c784fde9e694074e172c1d527b85fe5559d2fc90da3e88082246cb17476ddabce5f0018c12504fa2377639923d96d2b322f7d930b249f1a1183be6c2b51dd55ad88736b39ba42ebfa4f520ce654930113d163c211842c27b6a8d65fa243275375009b4bb725e9588176498da9b283cd0feeada786da891f3685ffe32d66629b97e2b559207075ccfdf6a7b8e920690da9b41409246b36fc93c475b0c798316ebb6478f9b0acdfe826074d7e355f13f2d376051358a63b5464d63ce7728a8260e563d7d4f7a4dea70eb853d476cd9e45bdaf94ed04182ce37,gx-no-cache=1553539086817 HTTP/1.1" 200 30
190.171.143.90 - - [25/Mar/2019:15:41:50 -0300] "POST /cormun/servlet/solicitudot?gx-no-cache=1553539090165 HTTP/1.1" 200 30
190.171.143.90 - - [25/Mar/2019:15:42:01 -0300] "GET /cormun/servlet/prfichaempleado?,MD,,gxPopupLevel%3D0%3B HTTP/1.1" 200 9404
190.171.152.114 - - [25/Mar/2019:15:42:07 -0300] "GET /cormun/servlet/trautorizarsolicitud? HTTP/1.1" 200 9898
190.171.152.114 - - [25/Mar/2019:15:42:07 -0300] "GET /cormun/static/gxcfg.js?2017111423403364 HTTP/1.1" 200 953
190.171.152.114 - - [25/Mar/2019:15:42:07 -0300] "GET /cormun/static/trautorizarsolicitud.js?201711142340425 HTTP/1.1" 200 53910
190.171.143.90 - - [25/Mar/2019:15:42:08 -0300] "POST /cormun/servlet/prfichaempleado?e620353145e1d1531e21a74c74644dd1,,MD,,gxPopupLevel%3D0%3B,gx-no-cache=1553539107602 HTTP/1.1" 200 5841
190.171.143.90 - - [25/Mar/2019:15:42:12 -0300] "GET /cormun/servlet/prlicenciaspermisos?13082722,L,,MD,,gxPopupLevel%3D0%3B HTTP/1.1" 200 6654
190.171.152.114 - - [25/Mar/2019:15:42:14 -0300] "POST /cormun/servlet/trautorizarsolicitud?1c02336461e3f12f77c1c7dcfa861231,,gx-no-cache=1553539115800 HTTP/1.1" 200 6551
190.171.152.114 - - [25/Mar/2019:15:42:15 -0300] "POST /cormun/servlet/trautorizarsolicitud?1c02336461e3f12f77c1c7dcfa861231,,gx-no-cache=1553539116383 HTTP/1.1" 200 6497
190.171.152.114 - - [25/Mar/2019:15:42:15 -0300] "GET /cormun/static/Shared/jqueryui/images/ui-icons_82798d_256x240.png HTTP/1.1" 404 1089
190.171.152.114 - - [25/Mar/2019:15:42:15 -0300] "GET /cormun/static/Shared/jqueryui/images/ui-icons_8d78a5_256x240.png HTTP/1.1" 404 1089
190.171.152.114 - - [25/Mar/2019:15:42:15 -0300] "GET /cormun/static/Shared/jqueryui/images/ui-bg_flat_55_fafafa_40x100.png HTTP/1.1" 404 1097
190.171.152.114 - - [25/Mar/2019:15:42:15 -0300] "GET /cormun/static/Shared/jqueryui/images/ui-bg_highlight-soft_100_c6c2c8_1x100.png HTTP/1.1" 404 1117
190.171.152.114 - - [25/Mar/2019:15:42:16 -0300] "POST /cormun/servlet/trautorizarsolicitud?1c02336461e3f12f77c1c7dcfa861231,,gx-no-cache=1553539117505 HTTP/1.1" 200 6274
190.171.152.114 - - [25/Mar/2019:15:42:16 -0300] "POST /cormun/servlet/trautorizarsolicitud?1c02336461e3f12f77c1c7dcfa861231,,gx-no-cache=1553539118006 HTTP/1.1" 200 6219
190.171.143.90 - - [25/Mar/2019:15:42:17 -0300] "POST /cormun/servlet/solicitudot?gx-no-cache=1553539116415 HTTP/1.1" 200 1288
190.171.152.114 - - [25/Mar/2019:15:42:17 -0300] "POST /cormun/servlet/trautorizarsolicitud?1c02336461e3f12f77c1c7dcfa861231,,gx-no-cache=1553539119249 HTTP/1.1" 200 5943
190.171.152.114 - - [25/Mar/2019:15:42:18 -0300] "POST /cormun/servlet/trautorizarsolicitud?1c02336461e3f12f77c1c7dcfa861231,,gx-no-cache=1553539119770 HTTP/1.1" 200 5888
190.171.143.90 - - [25/Mar/2019:15:42:19 -0300] "POST /cormun/servlet/solicitudot?gx-no-cache=1553539118425 HTTP/1.1" 200 41
190.171.152.114 - - [25/Mar/2019:15:42:19 -0300] "POST /cormun/servlet/trautorizarsolicitud?1c02336461e3f12f77c1c7dcfa861231,,gx-no-cache=1553539121038 HTTP/1.1" 200 4713
190.171.152.114 - - [25/Mar/2019:15:42:20 -0300] "POST /cormun/servlet/trautorizarsolicitud?1c02336461e3f12f77c1c7dcfa861231,,gx-no-cache=1553539121602 HTTP/1.1" 200 4459
192.168.10.89 - - [25/Mar/2019:15:42:26 -0300] "POST /cormun/servlet/trsolicitudgral?0f3ce40066c06dc8bfd337af6ab39643,,gx-no-cache=1553546148791 HTTP/1.1" 200 6997
192.168.10.89 - - [25/Mar/2019:15:42:32 -0300] "GET /cormun/servlet/trautorizarot? HTTP/1.1" 200 15948
192.168.10.89 - - [25/Mar/2019:15:42:44 -0300] "POST /cormun/servlet/trautorizarot?0f3ce40066c06dc8bfd337af6ab39643,,gx-no-cache=1553546166929 HTTP/1.1" 200 6531
192.168.10.89 - - [25/Mar/2019:15:42:47 -0300] "POST /cormun/servlet/trautorizarot?0f3ce40066c06dc8bfd337af6ab39643,,gx-no-cache=1553546169692 HTTP/1.1" 200 5355
190.171.143.90 - - [25/Mar/2019:15:42:57 -0300] "GET /cormun/servlet/solicitudot?82bfa3b23defb133aad0b6d02e6a74d7233aa5e56df121032551d1bd653bb91f2d08ee61d320715c48c8d72882ef8dc7075f04c74f24d5633a8ccc3b99d971ac490dd292182e6fd14562c36ec954fdb980ca22d81fb4519ec0dd078030fdaa6cab3a1fd8fc9becbbfbbc04266ab17f4c,gx-no-cache=1553539156600 HTTP/1.1" 200 110
190.171.143.90 - - [25/Mar/2019:15:42:57 -0300] "POST /cormun/servlet/solicitudot?gx-no-cache=1553539156830 HTTP/1.1" 200 97
190.171.143.90 - - [25/Mar/2019:15:43:04 -0300] "GET /cormun/servlet/solicitudot?82bfa3b23defb133aad0b6d02e6a74d768bd73f5c2e86465431bc9f3a72cc2323a1fa75470d04c542ed7c6d6e68b9833004d683268518ad9f34ed65bd61ec83d9174e03448f3ed7f46c9c1e227d4a92ce53de806f413093935e58f9e98e2279d7127ced68ce1779042b79a39526f4b98,gx-no-cache=1553539163782 HTTP/1.1" 200 29
190.171.143.90 - - [25/Mar/2019:15:43:04 -0300] "GET /cormun/static/menuarrow.gif HTTP/1.1" 404 1015
186.103.158.250 - - [25/Mar/2019:15:43:06 -0300] "POST /cormun/servlet/trsolicitudot?b5ad2f297874338f0ee2d4161e99e27d,gx-no-cache=1553542769733 HTTP/1.1" 200 4279
186.103.158.250 - - [25/Mar/2019:15:43:07 -0300] "GET /cormun/static/Shared/jqueryui/images/ui-bg_highlight-soft_100_c6c2c8_1x100.png HTTP/1.1" 404 1117
186.103.158.250 - - [25/Mar/2019:15:43:07 -0300] "GET /cormun/static/Shared/jqueryui/images/ui-bg_flat_55_fafafa_40x100.png HTTP/1.1" 404 1097
186.103.158.250 - - [25/Mar/2019:15:43:07 -0300] "GET /cormun/static/Shared/jqueryui/images/ui-icons_82798d_256x240.png HTTP/1.1" 404 1089
186.103.158.250 - - [25/Mar/2019:15:43:07 -0300] "GET /cormun/static/Shared/jqueryui/images/ui-icons_8d78a5_256x240.png HTTP/1.1" 404 1089
186.103.158.250 - - [25/Mar/2019:15:43:07 -0300] "POST /cormun/servlet/trsolicitudot?b5ad2f297874338f0ee2d4161e99e27d,gx-no-cache=1553542770216 HTTP/1.1" 200 4051
190.171.143.90 - - [25/Mar/2019:15:43:09 -0300] "GET /cormun/servlet/solicitudot?82bfa3b23defb133aad0b6d02e6a74d72f83578f8bcc25231d60e8b92f3fb9db472a24c0444c909ec481c84ddaf6e59f,gx-no-cache=1553539168620 HTTP/1.1" 200 30
190.171.143.90 - - [25/Mar/2019:15:43:09 -0300] "POST /cormun/servlet/solicitudot?gx-no-cache=1553539168719 HTTP/1.1" 200 34
190.171.143.90 - - [25/Mar/2019:15:43:14 -0300] "POST /cormun/servlet/solicitudot?e620353145e1d1531e21a74c74644dd1,INS,0,0,,gx-no-cache=1553539173813 HTTP/1.1" 200 12329
190.171.143.90 - - [25/Mar/2019:15:43:24 -0300] "GET /cormun/servlet/solicitudot?82bfa3b23defb133aad0b6d02e6a74d72141b9334d0d14c9fd707db17f08af8f9df5bc3d93a0b4e827433b7adc41ff98d49cf7223545e3288702b44ca8fce235e7aba28c2614f8831f7935b53c08b28de99676d5675678429e3a8b1f07d165b517e82e29e236669d43cf023e3288a3674c38eb517649bea517680b9b3d4b4b178aabb70e50299dd79be1e4acb09c119ed9734ceb8966e98b4af8e1da04c021520f536c023521a8c1c784fde9e694074e172c1d527b85fe5559d2fc90da3e88082246cb17476ddabce5f0018c12504fa2377639923d96d2b322f7d930b249f1a1183be6c2b51dd55ad88736b39ba42ebfa4f520ce654930113d163c211842c27b6a8d65fa243275375009b4bb725e9588176498da9b283cd0feeada786da891f3685ffe32d66629b97e2b559207075ccfdf6a7b8e920690da9b41409246b36fc93c475b0c798316ebb6478f9b0acdfe826074d7e355f13f2d376051358a63b5464d63ce7728a8260e563d7d4f7a4dea704acda888df66629aec729bf2017f46b2,gx-no-cache=1553539183921 HTTP/1.1" 200 30
190.171.143.90 - - [25/Mar/2019:15:43:24 -0300] "POST /cormun/servlet/solicitudot?gx-no-cache=1553539183969 HTTP/1.1" 200 30
190.171.143.90 - - [25/Mar/2019:15:43:24 -0300] "POST /cormun/servlet/solicitudot?gx-no-cache=1553539184025 HTTP/1.1" 200 1288
190.171.143.90 - - [25/Mar/2019:15:43:24 -0300] "POST /cormun/servlet/solicitudot?gx-no-cache=1553539184107 HTTP/1.1" 200 41
190.171.143.90 - - [25/Mar/2019:15:43:24 -0300] "GET /cormun/servlet/solicitudot?82bfa3b23defb133aad0b6d02e6a74d7233aa5e56df121032551d1bd653bb91f2d08ee61d320715c48c8d72882ef8dc7075f04c74f24d5633a8ccc3b99d971ac490dd292182e6fd14562c36ec954fdb980ca22d81fb4519ec0dd078030fdaa6cab3a1fd8fc9becbbfbbc04266ab17f4c,gx-no-cache=1553539184131 HTTP/1.1" 200 110
190.171.143.90 - - [25/Mar/2019:15:43:24 -0300] "POST /cormun/servlet/solicitudot?gx-no-cache=1553539184157 HTTP/1.1" 200 97
190.171.143.90 - - [25/Mar/2019:15:43:24 -0300] "GET /cormun/servlet/solicitudot?82bfa3b23defb133aad0b6d02e6a74d72f83578f8bcc25231d60e8b92f3fb9db472a24c0444c909ec481c84ddaf6e59f,gx-no-cache=1553539184185 HTTP/1.1" 200 30
190.171.143.90 - - [25/Mar/2019:15:43:24 -0300] "POST /cormun/servlet/solicitudot?gx-no-cache=1553539184208 HTTP/1.1" 200 34
190.171.143.90 - - [25/Mar/2019:15:43:25 -0300] "POST /cormun/servlet/solicitudot?e620353145e1d1531e21a74c74644dd1,INS,0,0,,gx-no-cache=1553539184236 HTTP/1.1" 200 93
190.171.143.90 - - [25/Mar/2019:15:43:25 -0300] "GET /cormun/servlet/hpexe_return? HTTP/1.1" 200 1008
190.171.143.90 - - [25/Mar/2019:15:43:25 -0300] "GET /cormun/servlet/trsolicitudot HTTP/1.1" 200 10104
190.171.143.90 - - [25/Mar/2019:15:43:25 -0300] "GET /cormun/servlet/trsolicitudot HTTP/1.1" 200 10100
190.171.143.90 - - [25/Mar/2019:15:43:28 -0300] "POST /cormun/servlet/trsolicitudot?e620353145e1d1531e21a74c74644dd1,gx-no-cache=1553539188152 HTTP/1.1" 200 107
190.171.143.90 - - [25/Mar/2019:15:43:28 -0300] "GET /cormun/servlet/trsolicitudadjuntos?2019,14934, HTTP/1.1" 200 6415
190.171.143.90 - - [25/Mar/2019:15:43:29 -0300] "GET /cormun/static/gxcfg.js?20177612135366 HTTP/1.1" 200 953
190.171.143.90 - - [25/Mar/2019:15:43:29 -0300] "GET /cormun/static/trsolicitudadjuntos.js?20177612135632 HTTP/1.1" 200 17922
190.171.143.90 - - [25/Mar/2019:15:43:29 -0300] "GET /cormun/servlet/trsolicitudadjuntos?2019,14934, HTTP/1.1" 200 6414
190.171.143.90 - - [25/Mar/2019:15:43:31 -0300] "GET /cormun/servlet/solicitudotadjuntos?INS,2019,14934,,1, HTTP/1.1" 200 6356
190.171.143.90 - - [25/Mar/2019:15:43:31 -0300] "GET /cormun/static/gxcfg.js?2017761244068 HTTP/1.1" 200 953
190.171.143.90 - - [25/Mar/2019:15:43:31 -0300] "GET /cormun/static/solicitudotadjuntos.js?2017761244086 HTTP/1.1" 200 11771
190.171.143.90 - - [25/Mar/2019:15:43:31 -0300] "GET /cormun/static/about:blank HTTP/1.1" 404 1011
190.171.143.90 - - [25/Mar/2019:15:43:31 -0300] "GET /cormun/servlet/solicitudotadjuntos?INS,2019,14934,,1, HTTP/1.1" 200 6350
190.171.143.90 - - [25/Mar/2019:15:43:31 -0300] "GET /cormun/servlet/solicitudotadjuntos?82bfa3b23defb133aad0b6d02e6a74d7254b7cdf4c8ab6979ac01e229630ea551d221fb658a1774822235e438589e02e,gx-no-cache=1553539191303 HTTP/1.1" 200 30
190.171.143.90 - - [25/Mar/2019:15:43:31 -0300] "POST /cormun/servlet/solicitudotadjuntos?e620353145e1d1531e21a74c74644dd1,INS,2019,14934,,1,,gx-no-cache=1553539191335 HTTP/1.1" 200 4101
190.171.143.90 - - [25/Mar/2019:15:43:33 -0300] "POST /cormun/servlet/solicitudotadjuntos?gx-no-cache=1553539193053 HTTP/1.1" 200 26
186.103.158.250 - - [25/Mar/2019:15:43:34 -0300] "GET /cormun/servlet/hlogin HTTP/1.1" 200 1719
192.168.10.89 - - [25/Mar/2019:15:43:39 -0300] "POST /cormun/servlet/trautorizarot?0f3ce40066c06dc8bfd337af6ab39643,,gx-no-cache=1553546221304 HTTP/1.1" 200 19554
190.171.143.90 - - [25/Mar/2019:15:43:42 -0300] "GET /cormun/servlet/solicitudotadjuntos?82bfa3b23defb133aad0b6d02e6a74d7429903d407da909b125960711e6ba334,gx-no-cache=1553539201645 HTTP/1.1" 200 30
190.171.143.90 - - [25/Mar/2019:15:43:42 -0300] "GET /cormun/servlet/solicitudotadjuntos?82bfa3b23defb133aad0b6d02e6a74d7429903d407da909b125960711e6ba334,gx-no-cache=1553539201671 HTTP/1.1" 200 30
190.171.143.90 - - [25/Mar/2019:15:43:42 -0300] "POST /cormun/servlet/solicitudotadjuntos?e620353145e1d1531e21a74c74644dd1,INS,2019,14934,,1, HTTP/1.1" 200 116
190.171.143.90 - - [25/Mar/2019:15:43:42 -0300] "GET /cormun/servlet/hpexe_return? HTTP/1.1" 200 1029
190.171.143.90 - - [25/Mar/2019:15:43:42 -0300] "GET /cormun/servlet/trsolicitudadjuntos?2019,14934, HTTP/1.1" 200 9017
190.171.143.90 - - [25/Mar/2019:15:43:43 -0300] "GET /cormun/servlet/trsolicitudadjuntos?2019,14934, HTTP/1.1" 200 9015
192.168.10.89 - - [25/Mar/2019:15:43:43 -0300] "POST /cormun/servlet/trautorizarot?0f3ce40066c06dc8bfd337af6ab39643,,gx-no-cache=1553546225115 HTTP/1.1" 200 103
192.168.10.89 - - [25/Mar/2019:15:43:43 -0300] "GET /cormun/AutorizarOT-9888.xls HTTP/1.1" 200 20992
192.168.10.89 - - [25/Mar/2019:15:43:44 -0300] "OPTIONS /cormun/ HTTP/1.1" 200 -
192.168.10.89 - - [25/Mar/2019:15:43:44 -0300] "OPTIONS /cormun/ HTTP/1.1" 200 -
190.171.143.90 - - [25/Mar/2019:15:43:45 -0300] "GET /cormun/servlet/solicitudotadjuntos?INS,2019,14934,,1, HTTP/1.1" 200 6356
190.171.143.90 - - [25/Mar/2019:15:43:45 -0300] "GET /cormun/static/about:blank HTTP/1.1" 404 1011
190.171.143.90 - - [25/Mar/2019:15:43:45 -0300] "GET /cormun/servlet/solicitudotadjuntos?INS,2019,14934,,1, HTTP/1.1" 200 6350
190.171.143.90 - - [25/Mar/2019:15:43:45 -0300] "GET /cormun/servlet/solicitudotadjuntos?82bfa3b23defb133aad0b6d02e6a74d7254b7cdf4c8ab6979ac01e229630ea551d221fb658a1774822235e438589e02e,gx-no-cache=1553539205212 HTTP/1.1" 200 30
190.171.143.90 - - [25/Mar/2019:15:43:45 -0300] "POST /cormun/servlet/solicitudotadjuntos?e620353145e1d1531e21a74c74644dd1,INS,2019,14934,,1,,gx-no-cache=1553539205237 HTTP/1.1" 200 4101
190.171.143.90 - - [25/Mar/2019:15:43:47 -0300] "POST /cormun/servlet/solicitudotadjuntos?gx-no-cache=1553539206819 HTTP/1.1" 200 26
192.168.10.89 - - [25/Mar/2019:15:43:49 -0300] "HEAD /cormun/AutorizarOT-9888.xls HTTP/1.1" 200 -
190.171.143.90 - - [25/Mar/2019:15:43:52 -0300] "GET /cormun/servlet/solicitudotadjuntos?82bfa3b23defb133aad0b6d02e6a74d7429903d407da909b125960711e6ba334,gx-no-cache=1553539211652 HTTP/1.1" 200 30
190.171.143.90 - - [25/Mar/2019:15:43:52 -0300] "GET /cormun/servlet/solicitudotadjuntos?82bfa3b23defb133aad0b6d02e6a74d7429903d407da909b125960711e6ba334,gx-no-cache=1553539211688 HTTP/1.1" 200 30
190.171.143.90 - - [25/Mar/2019:15:43:52 -0300] "POST /cormun/servlet/solicitudotadjuntos?e620353145e1d1531e21a74c74644dd1,INS,2019,14934,,1, HTTP/1.1" 200 116
190.171.143.90 - - [25/Mar/2019:15:43:52 -0300] "GET /cormun/servlet/hpexe_return? HTTP/1.1" 200 1029
190.171.143.90 - - [25/Mar/2019:15:43:52 -0300] "GET /cormun/servlet/trsolicitudadjuntos?2019,14934, HTTP/1.1" 200 9228
192.168.10.89 - - [25/Mar/2019:15:43:52 -0300] "OPTIONS / HTTP/1.1" 200 11217
192.168.10.89 - - [25/Mar/2019:15:43:52 -0300] "HEAD /cormun/AutorizarOT-9888.xls HTTP/1.1" 200 -
190.171.143.90 - - [25/Mar/2019:15:43:52 -0300] "GET /cormun/servlet/trsolicitudadjuntos?2019,14934, HTTP/1.1" 200 9227
190.171.143.90 - - [25/Mar/2019:15:43:55 -0300] "GET /cormun/servlet/solicitudotadjuntos?INS,2019,14934,,1, HTTP/1.1" 200 6356
190.171.143.90 - - [25/Mar/2019:15:43:55 -0300] "GET /cormun/static/about:blank HTTP/1.1" 404 1011
190.171.143.90 - - [25/Mar/2019:15:43:55 -0300] "GET /cormun/servlet/solicitudotadjuntos?INS,2019,14934,,1, HTTP/1.1" 200 6350
192.168.10.89 - - [25/Mar/2019:15:43:55 -0300] "GET /cormun/AutorizarOT-9888.xls HTTP/1.1" 200 20992
192.168.10.89 - - [25/Mar/2019:15:43:55 -0300] "HEAD /cormun/AutorizarOT-9888.xls HTTP/1.1" 200 -
190.171.143.90 - - [25/Mar/2019:15:43:55 -0300] "GET /cormun/servlet/solicitudotadjuntos?82bfa3b23defb133aad0b6d02e6a74d7254b7cdf4c8ab6979ac01e229630ea551d221fb658a1774822235e438589e02e,gx-no-cache=1553539215185 HTTP/1.1" 200 30
190.171.143.90 - - [25/Mar/2019:15:43:55 -0300] "POST /cormun/servlet/solicitudotadjuntos?e620353145e1d1531e21a74c74644dd1,INS,2019,14934,,1,,gx-no-cache=1553539215207 HTTP/1.1" 200 4101
190.171.143.90 - - [25/Mar/2019:15:43:57 -0300] "POST /cormun/servlet/solicitudotadjuntos?gx-no-cache=1553539217099 HTTP/1.1" 200 26
190.171.143.90 - - [25/Mar/2019:15:44:04 -0300] "GET /cormun/servlet/solicitudotadjuntos?82bfa3b23defb133aad0b6d02e6a74d7429903d407da909b125960711e6ba334,gx-no-cache=1553539224125 HTTP/1.1" 200 30
190.171.143.90 - - [25/Mar/2019:15:44:04 -0300] "GET /cormun/servlet/solicitudotadjuntos?82bfa3b23defb133aad0b6d02e6a74d7429903d407da909b125960711e6ba334,gx-no-cache=1553539224167 HTTP/1.1" 200 30
190.171.143.90 - - [25/Mar/2019:15:44:05 -0300] "POST /cormun/servlet/solicitudotadjuntos?e620353145e1d1531e21a74c74644dd1,INS,2019,14934,,1, HTTP/1.1" 200 116
190.171.143.90 - - [25/Mar/2019:15:44:05 -0300] "GET /cormun/servlet/hpexe_return? HTTP/1.1" 200 1029
190.171.143.90 - - [25/Mar/2019:15:44:05 -0300] "GET /cormun/servlet/trsolicitudadjuntos?2019,14934, HTTP/1.1" 200 9394
190.171.143.90 - - [25/Mar/2019:15:44:05 -0300] "GET /cormun/servlet/trsolicitudadjuntos?2019,14934, HTTP/1.1" 200 9393
190.171.143.90 - - [25/Mar/2019:15:44:07 -0300] "GET /cormun/servlet/solicitudotadjuntos?INS,2019,14934,,1, HTTP/1.1" 200 6356
190.171.143.90 - - [25/Mar/2019:15:44:07 -0300] "GET /cormun/static/about:blank HTTP/1.1" 404 1011
190.171.143.90 - - [25/Mar/2019:15:44:07 -0300] "GET /cormun/servlet/solicitudotadjuntos?INS,2019,14934,,1, HTTP/1.1" 200 6350
192.168.10.89 - - [25/Mar/2019:15:44:07 -0300] "GET /cormun/servlet/trsolicitudgral? HTTP/1.1" 200 10028
190.171.143.90 - - [25/Mar/2019:15:44:08 -0300] "GET /cormun/servlet/solicitudotadjuntos?82bfa3b23defb133aad0b6d02e6a74d7254b7cdf4c8ab6979ac01e229630ea551d221fb658a1774822235e438589e02e,gx-no-cache=1553539227734 HTTP/1.1" 200 30
190.171.143.90 - - [25/Mar/2019:15:44:08 -0300] "POST /cormun/servlet/solicitudotadjuntos?e620353145e1d1531e21a74c74644dd1,INS,2019,14934,,1,,gx-no-cache=1553539227761 HTTP/1.1" 200 4101
190.171.143.90 - - [25/Mar/2019:15:44:11 -0300] "POST /cormun/servlet/solicitudotadjuntos?gx-no-cache=1553539230539 HTTP/1.1" 200 26
186.103.158.250 - - [25/Mar/2019:15:44:14 -0300] "POST /cormun/servlet/hlogin?136ecd93f15cc31fece7d80ead1b5f91,gx-no-cache=1553539233073 HTTP/1.1" 200 426
192.168.10.89 - - [25/Mar/2019:15:44:14 -0300] "POST /cormun/servlet/trsolicitudgral?0f3ce40066c06dc8bfd337af6ab39643,,gx-no-cache=1553546256544 HTTP/1.1" 200 6657
190.171.143.90 - - [25/Mar/2019:15:44:16 -0300] "GET /cormun/servlet/solicitudotadjuntos?82bfa3b23defb133aad0b6d02e6a74d7429903d407da909b125960711e6ba334,gx-no-cache=1553539236299 HTTP/1.1" 200 30
190.171.143.90 - - [25/Mar/2019:15:44:16 -0300] "GET /cormun/servlet/solicitudotadjuntos?82bfa3b23defb133aad0b6d02e6a74d7429903d407da909b125960711e6ba334,gx-no-cache=1553539236326 HTTP/1.1" 200 30
190.171.143.90 - - [25/Mar/2019:15:44:17 -0300] "POST /cormun/servlet/solicitudotadjuntos?e620353145e1d1531e21a74c74644dd1,INS,2019,14934,,1, HTTP/1.1" 200 116
190.171.143.90 - - [25/Mar/2019:15:44:17 -0300] "GET /cormun/servlet/hpexe_return? HTTP/1.1" 200 1029
190.171.143.90 - - [25/Mar/2019:15:44:17 -0300] "GET /cormun/servlet/trsolicitudadjuntos?2019,14934, HTTP/1.1" 200 9613
190.171.143.90 - - [25/Mar/2019:15:44:17 -0300] "GET /cormun/servlet/trsolicitudadjuntos?2019,14934, HTTP/1.1" 200 9609
190.171.143.90 - - [25/Mar/2019:15:44:19 -0300] "GET /cormun/servlet/solicitudotadjuntos?INS,2019,14934,,1, HTTP/1.1" 200 6356
190.171.143.90 - - [25/Mar/2019:15:44:20 -0300] "GET /cormun/static/about:blank HTTP/1.1" 404 1011
190.171.143.90 - - [25/Mar/2019:15:44:20 -0300] "GET /cormun/servlet/solicitudotadjuntos?INS,2019,14934,,1, HTTP/1.1" 200 6350
190.171.143.90 - - [25/Mar/2019:15:44:20 -0300] "GET /cormun/servlet/solicitudotadjuntos?82bfa3b23defb133aad0b6d02e6a74d7254b7cdf4c8ab6979ac01e229630ea551d221fb658a1774822235e438589e02e,gx-no-cache=1553539240071 HTTP/1.1" 200 30
186.103.158.250 - - [25/Mar/2019:15:44:20 -0300] "POST /cormun/servlet/hlogin?136ecd93f15cc31fece7d80ead1b5f91,gx-no-cache=1553539239853 HTTP/1.1" 200 90
190.171.143.90 - - [25/Mar/2019:15:44:20 -0300] "POST /cormun/servlet/solicitudotadjuntos?e620353145e1d1531e21a74c74644dd1,INS,2019,14934,,1,,gx-no-cache=1553539240108 HTTP/1.1" 200 4101
186.103.158.250 - - [25/Mar/2019:15:44:21 -0300] "GET /cormun/servlet/hpexe_link HTTP/1.1" 200 949
192.168.10.89 - - [25/Mar/2019:15:44:21 -0300] "POST /cormun/servlet/trsolicitudgral?0f3ce40066c06dc8bfd337af6ab39643,,gx-no-cache=1553546262891 HTTP/1.1" 200 25198
186.103.158.250 - - [25/Mar/2019:15:44:21 -0300] "GET /cormun/servlet/hhome HTTP/1.1" 200 4306
186.103.158.250 - - [25/Mar/2019:15:44:21 -0300] "GET /cormun/static/gxcfg.js?20175251212442 HTTP/1.1" 200 953
186.103.158.250 - - [25/Mar/2019:15:44:22 -0300] "GET /cormun/static/hhome.js?20175251212450 HTTP/1.1" 200 777
186.103.158.250 - - [25/Mar/2019:15:44:23 -0300] "GET /cormun/static/Resources/Spanish/PXTools.css?11423723 HTTP/1.1" 200 89042
190.171.143.90 - - [25/Mar/2019:15:44:23 -0300] "POST /cormun/servlet/solicitudotadjuntos?gx-no-cache=1553539243338 HTTP/1.1" 200 26
192.168.10.89 - - [25/Mar/2019:15:44:25 -0300] "POST /cormun/servlet/trsolicitudgral?0f3ce40066c06dc8bfd337af6ab39643,,gx-no-cache=1553546266989 HTTP/1.1" 200 105
192.168.10.89 - - [25/Mar/2019:15:44:25 -0300] "GET /cormun/SolicitudGral-9423.xls HTTP/1.1" 200 54784
186.103.158.250 - - [25/Mar/2019:15:44:25 -0300] "GET /cormun/servlet/hhome HTTP/1.1" 200 4302
192.168.10.89 - - [25/Mar/2019:15:44:26 -0300] "OPTIONS /cormun/ HTTP/1.1" 200 -
186.103.158.250 - - [25/Mar/2019:15:44:28 -0300] "GET /cormun/servlet/trautorizarsolicitud? HTTP/1.1" 200 9967
186.103.158.250 - - [25/Mar/2019:15:44:30 -0300] "GET /cormun/servlet/trautorizarsolicitud? HTTP/1.1" 200 9964
192.168.10.89 - - [25/Mar/2019:15:44:31 -0300] "HEAD /cormun/SolicitudGral-9423.xls HTTP/1.1" 200 -
192.168.10.89 - - [25/Mar/2019:15:44:31 -0300] "HEAD /cormun/SolicitudGral-9423.xls HTTP/1.1" 200 -
190.171.143.90 - - [25/Mar/2019:15:44:37 -0300] "GET /cormun/servlet/solicitudotadjuntos?82bfa3b23defb133aad0b6d02e6a74d7429903d407da909b125960711e6ba334,gx-no-cache=1553539256536 HTTP/1.1" 200 30
190.171.143.90 - - [25/Mar/2019:15:44:37 -0300] "GET /cormun/servlet/solicitudotadjuntos?82bfa3b23defb133aad0b6d02e6a74d7429903d407da909b125960711e6ba334,gx-no-cache=1553539256566 HTTP/1.1" 200 30
190.171.143.90 - - [25/Mar/2019:15:44:37 -0300] "POST /cormun/servlet/solicitudotadjuntos?e620353145e1d1531e21a74c74644dd1,INS,2019,14934,,1, HTTP/1.1" 200 116
190.171.143.90 - - [25/Mar/2019:15:44:37 -0300] "GET /cormun/servlet/hpexe_return? HTTP/1.1" 200 1029
190.171.143.90 - - [25/Mar/2019:15:44:37 -0300] "GET /cormun/servlet/trsolicitudadjuntos?2019,14934, HTTP/1.1" 200 9850
192.168.10.89 - - [25/Mar/2019:15:44:37 -0300] "GET /cormun/SolicitudGral-9423.xls HTTP/1.1" 200 54784
192.168.10.89 - - [25/Mar/2019:15:44:37 -0300] "HEAD /cormun/SolicitudGral-9423.xls HTTP/1.1" 200 -
186.103.158.250 - - [25/Mar/2019:15:44:37 -0300] "POST /cormun/servlet/trautorizarsolicitud?136ecd93f15cc31fece7d80ead1b5f91,,gx-no-cache=1553539256973 HTTP/1.1" 200 116
186.103.158.250 - - [25/Mar/2019:15:44:37 -0300] "GET /cormun/servlet/solicitudotlog?INS,2019,14933,0,ANU, HTTP/1.1" 200 6127
190.171.143.90 - - [25/Mar/2019:15:44:38 -0300] "GET /cormun/servlet/trsolicitudadjuntos?2019,14934, HTTP/1.1" 200 9847
186.103.158.250 - - [25/Mar/2019:15:44:39 -0300] "GET /cormun/servlet/solicitudotlog?INS,2019,14933,0,ANU, HTTP/1.1" 200 6127
186.103.158.250 - - [25/Mar/2019:15:44:39 -0300] "GET /cormun/servlet/solicitudotlog?7c095d669974302e0a5bb8a99b3965bdd25a38052b4d58b2f2c0161a704a4a4452421a39f793ceba4b744379b70a9adbc9749a3ddd7902ee1434d4fdfe3ab9dd62962dac054fd1d775e5d19da11d11177e7829532a0d9e14987b13b15359e4c761bef5bfd8fc3b418b49ece300f74f88e92e899a9cc27348505b40d7f7113a0149c1f0667fb333dfeaa2ddcddca5907f97ee6b7aaeb111e88aa4c47fec366b35,gx-no-cache=1553539258791 HTTP/1.1" 200 94
190.171.143.90 - - [25/Mar/2019:15:44:40 -0300] "GET /cormun/servlet/solicitudotadjuntos?INS,2019,14934,,1, HTTP/1.1" 200 6355
190.171.143.90 - - [25/Mar/2019:15:44:40 -0300] "GET /cormun/static/about:blank HTTP/1.1" 404 1011
190.171.143.90 - - [25/Mar/2019:15:44:41 -0300] "GET /cormun/servlet/solicitudotadjuntos?INS,2019,14934,,1, HTTP/1.1" 200 6348
190.171.143.90 - - [25/Mar/2019:15:44:41 -0300] "GET /cormun/servlet/solicitudotadjuntos?82bfa3b23defb133aad0b6d02e6a74d7254b7cdf4c8ab6979ac01e229630ea551d221fb658a1774822235e438589e02e,gx-no-cache=1553539260990 HTTP/1.1" 200 30
190.171.143.90 - - [25/Mar/2019:15:44:41 -0300] "POST /cormun/servlet/solicitudotadjuntos?e620353145e1d1531e21a74c74644dd1,INS,2019,14934,,1,,gx-no-cache=1553539261018 HTTP/1.1" 200 4100
186.103.158.250 - - [25/Mar/2019:15:44:41 -0300] "GET /cormun/servlet/trautorizarsolicitud? HTTP/1.1" 200 9967
186.103.158.250 - - [25/Mar/2019:15:44:43 -0300] "GET /cormun/servlet/trautorizarsolicitud? HTTP/1.1" 200 9964
190.171.143.90 - - [25/Mar/2019:15:44:48 -0300] "POST /cormun/servlet/solicitudotadjuntos?gx-no-cache=1553539267621 HTTP/1.1" 200 26
186.103.158.250 - - [25/Mar/2019:15:44:49 -0300] "GET /cormun/servlet/veautorizarsolicitud?2019,14933,, HTTP/1.1" 200 8711
186.103.158.250 - - [25/Mar/2019:15:44:49 -0300] "GET /cormun/pexe_scrolldiv.js HTTP/1.1" 404 1009
186.103.158.250 - - [25/Mar/2019:15:44:49 -0300] "GET /cormun/pexe_scrolldiv.js HTTP/1.1" 404 1009
186.103.158.250 - - [25/Mar/2019:15:44:50 -0300] "GET /cormun/servlet/veautorizarsolicitud?2019,14933,, HTTP/1.1" 200 8710
190.171.143.90 - - [25/Mar/2019:15:44:53 -0300] "GET /cormun/servlet/solicitudotadjuntos?82bfa3b23defb133aad0b6d02e6a74d7429903d407da909b125960711e6ba334,gx-no-cache=1553539272919 HTTP/1.1" 200 30
190.171.143.90 - - [25/Mar/2019:15:44:53 -0300] "GET /cormun/servlet/solicitudotadjuntos?82bfa3b23defb133aad0b6d02e6a74d7429903d407da909b125960711e6ba334,gx-no-cache=1553539272943 HTTP/1.1" 200 30
190.171.143.90 - - [25/Mar/2019:15:44:53 -0300] "POST /cormun/servlet/solicitudotadjuntos?e620353145e1d1531e21a74c74644dd1,INS,2019,14934,,1, HTTP/1.1" 200 116
190.171.143.90 - - [25/Mar/2019:15:44:54 -0300] "GET /cormun/servlet/hpexe_return? HTTP/1.1" 200 1029
190.171.143.90 - - [25/Mar/2019:15:44:54 -0300] "GET /cormun/servlet/trsolicitudadjuntos?2019,14934, HTTP/1.1" 200 10059
190.171.143.90 - - [25/Mar/2019:15:44:55 -0300] "GET /cormun/servlet/trsolicitudadjuntos?2019,14934, HTTP/1.1" 200 10061
190.171.143.90 - - [25/Mar/2019:15:44:58 -0300] "POST /cormun/servlet/trsolicitudadjuntos?e620353145e1d1531e21a74c74644dd1,2019,14934,,gx-no-cache=1553539277616 HTTP/1.1" 200 90
190.171.143.90 - - [25/Mar/2019:15:44:58 -0300] "GET /cormun/servlet/hpexe_link HTTP/1.1" 200 971
190.171.143.90 - - [25/Mar/2019:15:44:58 -0300] "GET /cormun/servlet/trsolicitudot HTTP/1.1" 200 10101
190.171.143.90 - - [25/Mar/2019:15:44:58 -0300] "GET /cormun/servlet/trsolicitudot HTTP/1.1" 200 10100
190.171.143.90 - - [25/Mar/2019:15:45:05 -0300] "POST /cormun/servlet/trsolicitudot?e620353145e1d1531e21a74c74644dd1,gx-no-cache=1553539284385 HTTP/1.1" 200 107
190.171.143.90 - - [25/Mar/2019:15:45:05 -0300] "GET /cormun/servlet/trsolicitudadjuntos?2019,14934, HTTP/1.1" 200 10059
190.171.143.90 - - [25/Mar/2019:15:45:05 -0300] "GET /cormun/servlet/trsolicitudadjuntos?2019,14934, HTTP/1.1" 200 10060
190.171.143.90 - - [25/Mar/2019:15:45:08 -0300] "POST /cormun/servlet/trsolicitudadjuntos?e620353145e1d1531e21a74c74644dd1,2019,14934,,gx-no-cache=1553539287496 HTTP/1.1" 200 90
190.171.143.90 - - [25/Mar/2019:15:45:08 -0300] "GET /cormun/servlet/hpexe_link HTTP/1.1" 200 971
190.171.143.90 - - [25/Mar/2019:15:45:08 -0300] "GET /cormun/servlet/trsolicitudot HTTP/1.1" 200 10101
190.171.143.90 - - [25/Mar/2019:15:45:08 -0300] "GET /cormun/servlet/trsolicitudot HTTP/1.1" 200 10100
190.171.143.90 - - [25/Mar/2019:15:45:12 -0300] "POST /cormun/servlet/trsolicitudot?e620353145e1d1531e21a74c74644dd1,gx-no-cache=1553539292215 HTTP/1.1" 200 6922
190.171.143.90 - - [25/Mar/2019:15:45:13 -0300] "GET /cormun/static/Shared/jqueryui/images/ui-icons_82798d_256x240.png HTTP/1.1" 404 1089
190.171.143.90 - - [25/Mar/2019:15:45:13 -0300] "GET /cormun/static/Shared/jqueryui/images/ui-bg_highlight-soft_100_c6c2c8_1x100.png HTTP/1.1" 404 1117
190.171.143.90 - - [25/Mar/2019:15:45:13 -0300] "GET /cormun/static/Shared/jqueryui/images/ui-bg_flat_55_fafafa_40x100.png HTTP/1.1" 404 1097
190.171.143.90 - - [25/Mar/2019:15:45:13 -0300] "GET /cormun/static/Shared/jqueryui/images/ui-icons_8d78a5_256x240.png HTTP/1.1" 404 1089
190.171.143.90 - - [25/Mar/2019:15:45:13 -0300] "POST /cormun/servlet/trsolicitudot?e620353145e1d1531e21a74c74644dd1,gx-no-cache=1553539292477 HTTP/1.1" 200 6865
190.171.143.90 - - [25/Mar/2019:15:45:15 -0300] "POST /cormun/servlet/trsolicitudot?e620353145e1d1531e21a74c74644dd1,gx-no-cache=1553539294657 HTTP/1.1" 200 107
190.171.143.90 - - [25/Mar/2019:15:45:15 -0300] "GET /cormun/servlet/trsolicitudadjuntos?2019,14936, HTTP/1.1" 200 6415
190.171.143.90 - - [25/Mar/2019:15:45:15 -0300] "GET /cormun/servlet/trsolicitudadjuntos?2019,14936, HTTP/1.1" 200 6415
190.171.143.90 - - [25/Mar/2019:15:45:17 -0300] "GET /cormun/servlet/solicitudotadjuntos?INS,2019,14936,,1, HTTP/1.1" 200 6355
190.171.143.90 - - [25/Mar/2019:15:45:17 -0300] "GET /cormun/static/about:blank HTTP/1.1" 404 1011
190.171.143.90 - - [25/Mar/2019:15:45:17 -0300] "GET /cormun/servlet/solicitudotadjuntos?INS,2019,14936,,1, HTTP/1.1" 200 6348
190.171.143.90 - - [25/Mar/2019:15:45:18 -0300] "GET /cormun/servlet/solicitudotadjuntos?82bfa3b23defb133aad0b6d02e6a74d75948a084e844db9d42971ff9b7e974111d221fb658a1774822235e438589e02e,gx-no-cache=1553539297682 HTTP/1.1" 200 30
190.171.143.90 - - [25/Mar/2019:15:45:18 -0300] "POST /cormun/servlet/solicitudotadjuntos?e620353145e1d1531e21a74c74644dd1,INS,2019,14936,,1,,gx-no-cache=1553539297709 HTTP/1.1" 200 4099
190.171.143.90 - - [25/Mar/2019:15:45:19 -0300] "POST /cormun/servlet/solicitudotadjuntos?gx-no-cache=1553539299250 HTTP/1.1" 200 26
190.171.143.90 - - [25/Mar/2019:15:45:24 -0300] "GET /cormun/servlet/solicitudotadjuntos?82bfa3b23defb133aad0b6d02e6a74d7429903d407da909b125960711e6ba334,gx-no-cache=1553539304215 HTTP/1.1" 200 30
190.171.143.90 - - [25/Mar/2019:15:45:24 -0300] "GET /cormun/servlet/solicitudotadjuntos?82bfa3b23defb133aad0b6d02e6a74d7429903d407da909b125960711e6ba334,gx-no-cache=1553539304233 HTTP/1.1" 200 30
190.171.143.90 - - [25/Mar/2019:15:45:24 -0300] "POST /cormun/servlet/solicitudotadjuntos?e620353145e1d1531e21a74c74644dd1,INS,2019,14936,,1, HTTP/1.1" 200 116
190.171.143.90 - - [25/Mar/2019:15:45:25 -0300] "GET /cormun/servlet/hpexe_return? HTTP/1.1" 200 1029
190.171.143.90 - - [25/Mar/2019:15:45:25 -0300] "GET /cormun/servlet/trsolicitudadjuntos?2019,14936, HTTP/1.1" 200 9015
190.171.143.90 - - [25/Mar/2019:15:45:25 -0300] "GET /cormun/servlet/trsolicitudadjuntos?2019,14936, HTTP/1.1" 200 9014
186.103.158.250 - - [25/Mar/2019:15:45:26 -0300] "GET /cormun/servlet/trautorizarsolicitud? HTTP/1.1" 200 9967
190.171.143.90 - - [25/Mar/2019:15:45:27 -0300] "GET /cormun/servlet/solicitudotadjuntos?INS,2019,14936,,1, HTTP/1.1" 200 6355
190.171.143.90 - - [25/Mar/2019:15:45:27 -0300] "GET /cormun/static/about:blank HTTP/1.1" 404 1011
186.103.158.250 - - [25/Mar/2019:15:45:27 -0300] "GET /cormun/servlet/trautorizarsolicitud? HTTP/1.1" 200 9964
190.171.143.90 - - [25/Mar/2019:15:45:27 -0300] "GET /cormun/servlet/solicitudotadjuntos?INS,2019,14936,,1, HTTP/1.1" 200 6348
190.171.143.90 - - [25/Mar/2019:15:45:28 -0300] "GET /cormun/servlet/solicitudotadjuntos?82bfa3b23defb133aad0b6d02e6a74d75948a084e844db9d42971ff9b7e974111d221fb658a1774822235e438589e02e,gx-no-cache=1553539307479 HTTP/1.1" 200 30
190.171.143.90 - - [25/Mar/2019:15:45:28 -0300] "POST /cormun/servlet/solicitudotadjuntos?e620353145e1d1531e21a74c74644dd1,INS,2019,14936,,1,,gx-no-cache=1553539307507 HTTP/1.1" 200 4099
192.168.10.96 - - [25/Mar/2019:15:45:28 -0300] "POST /cormun/servlet/vesolicitudgral?04267310d76a4e69934596e8c8fb0b3d,2019,14783,,SolicitudOTAdjuntos,gx-no-cache=1553546330725 HTTP/1.1" 200 90
192.168.10.96 - - [25/Mar/2019:15:45:28 -0300] "GET /cormun/servlet/hpexe_link HTTP/1.1" 200 997
192.168.10.96 - - [25/Mar/2019:15:45:28 -0300] "GET /cormun/servlet/trsolicitudgral?gx-no-cache=1553545595497 HTTP/1.1" 200 11406
192.168.10.96 - - [25/Mar/2019:15:45:29 -0300] "GET /cormun/servlet/trsolicitudgral?gx-no-cache=1553545595497 HTTP/1.1" 200 11427
190.171.143.90 - - [25/Mar/2019:15:45:29 -0300] "POST /cormun/servlet/solicitudotadjuntos?gx-no-cache=1553539309342 HTTP/1.1" 200 26
192.168.10.96 - - [25/Mar/2019:15:45:32 -0300] "GET /cormun/servlet/vesolicitudgral?2019,14853,, HTTP/1.1" 200 9337
192.168.10.96 - - [25/Mar/2019:15:45:32 -0300] "GET /cormun/pexe_scrolldiv.js HTTP/1.1" 404 1009
192.168.10.96 - - [25/Mar/2019:15:45:32 -0300] "GET /cormun/pexe_scrolldiv.js HTTP/1.1" 404 1009
192.168.10.96 - - [25/Mar/2019:15:45:32 -0300] "GET /cormun/servlet/vesolicitudgral?2019,14853,, HTTP/1.1" 200 9315
190.171.143.90 - - [25/Mar/2019:15:45:34 -0300] "GET /cormun/servlet/solicitudotadjuntos?82bfa3b23defb133aad0b6d02e6a74d7429903d407da909b125960711e6ba334,gx-no-cache=1553539314126 HTTP/1.1" 200 30
190.171.143.90 - - [25/Mar/2019:15:45:34 -0300] "GET /cormun/servlet/solicitudotadjuntos?82bfa3b23defb133aad0b6d02e6a74d7429903d407da909b125960711e6ba334,gx-no-cache=1553539314144 HTTP/1.1" 200 30
190.171.143.90 - - [25/Mar/2019:15:45:34 -0300] "POST /cormun/servlet/solicitudotadjuntos?e620353145e1d1531e21a74c74644dd1,INS,2019,14936,,1, HTTP/1.1" 200 116
190.171.143.90 - - [25/Mar/2019:15:45:34 -0300] "GET /cormun/servlet/hpexe_return? HTTP/1.1" 200 1029
190.171.143.90 - - [25/Mar/2019:15:45:35 -0300] "GET /cormun/servlet/trsolicitudadjuntos?2019,14936, HTTP/1.1" 200 9228
192.168.10.96 - - [25/Mar/2019:15:45:35 -0300] "GET /cormun/servlet/vesolicitudgral?2019,14853,,SolicitudOTAdjuntos HTTP/1.1" 200 8031
192.168.10.96 - - [25/Mar/2019:15:45:35 -0300] "GET /cormun/pexe_scrolldiv.js HTTP/1.1" 404 1009
192.168.10.96 - - [25/Mar/2019:15:45:35 -0300] "GET /cormun/pexe_scrolldiv.js HTTP/1.1" 404 1009
190.171.143.90 - - [25/Mar/2019:15:45:35 -0300] "GET /cormun/servlet/trsolicitudadjuntos?2019,14936, HTTP/1.1" 200 9226
192.168.10.96 - - [25/Mar/2019:15:45:35 -0300] "GET /cormun/servlet/vesolicitudgral?2019,14853,,SolicitudOTAdjuntos HTTP/1.1" 200 8031
186.103.158.250 - - [25/Mar/2019:15:45:35 -0300] "POST /cormun/servlet/trautorizarsolicitud?136ecd93f15cc31fece7d80ead1b5f91,,gx-no-cache=1553539314921 HTTP/1.1" 200 6665
186.103.158.250 - - [25/Mar/2019:15:45:36 -0300] "GET /cormun/static/Shared/jqueryui/images/ui-icons_82798d_256x240.png HTTP/1.1" 404 1089
186.103.158.250 - - [25/Mar/2019:15:45:36 -0300] "GET /cormun/static/Shared/jqueryui/images/ui-bg_highlight-soft_100_c6c2c8_1x100.png HTTP/1.1" 404 1117
186.103.158.250 - - [25/Mar/2019:15:45:36 -0300] "GET /cormun/static/Shared/jqueryui/images/ui-bg_flat_55_fafafa_40x100.png HTTP/1.1" 404 1097
186.103.158.250 - - [25/Mar/2019:15:45:36 -0300] "GET /cormun/static/Shared/jqueryui/images/ui-icons_8d78a5_256x240.png HTTP/1.1" 404 1089
186.103.158.250 - - [25/Mar/2019:15:45:36 -0300] "POST /cormun/servlet/trautorizarsolicitud?136ecd93f15cc31fece7d80ead1b5f91,,gx-no-cache=1553539315488 HTTP/1.1" 200 6609
192.168.10.96 - - [25/Mar/2019:15:45:36 -0300] "POST /cormun/servlet/acontrolpreferencessavestate?None,DZAMUDIO,true HTTP/1.1" 200 35
190.171.143.90 - - [25/Mar/2019:15:45:38 -0300] "GET /cormun/servlet/solicitudotadjuntos?INS,2019,14936,,1, HTTP/1.1" 200 6356
186.103.158.250 - - [25/Mar/2019:15:45:38 -0300] "POST /cormun/servlet/trautorizarsolicitud?136ecd93f15cc31fece7d80ead1b5f91,,gx-no-cache=1553539317603 HTTP/1.1" 200 6306
190.171.143.90 - - [25/Mar/2019:15:45:38 -0300] "GET /cormun/static/about:blank HTTP/1.1" 404 1011
190.171.143.90 - - [25/Mar/2019:15:45:38 -0300] "GET /cormun/servlet/solicitudotadjuntos?INS,2019,14936,,1, HTTP/1.1" 200 6350
186.103.158.250 - - [25/Mar/2019:15:45:39 -0300] "POST /cormun/servlet/trautorizarsolicitud?136ecd93f15cc31fece7d80ead1b5f91,,gx-no-cache=1553539318160 HTTP/1.1" 200 6249
190.171.143.90 - - [25/Mar/2019:15:45:39 -0300] "GET /cormun/servlet/solicitudotadjuntos?82bfa3b23defb133aad0b6d02e6a74d75948a084e844db9d42971ff9b7e974111d221fb658a1774822235e438589e02e,gx-no-cache=1553539318545 HTTP/1.1" 200 30
190.171.143.90 - - [25/Mar/2019:15:45:39 -0300] "POST /cormun/servlet/solicitudotadjuntos?e620353145e1d1531e21a74c74644dd1,INS,2019,14936,,1,,gx-no-cache=1553539318572 HTTP/1.1" 200 4100
186.103.158.250 - - [25/Mar/2019:15:45:40 -0300] "POST /cormun/servlet/trautorizarsolicitud?136ecd93f15cc31fece7d80ead1b5f91,,gx-no-cache=1553539319806 HTTP/1.1" 200 5888
190.171.143.90 - - [25/Mar/2019:15:45:41 -0300] "POST /cormun/servlet/solicitudotadjuntos?gx-no-cache=1553539320659 HTTP/1.1" 200 26
186.103.158.250 - - [25/Mar/2019:15:45:41 -0300] "POST /cormun/servlet/trautorizarsolicitud?136ecd93f15cc31fece7d80ead1b5f91,,gx-no-cache=1553539320585 HTTP/1.1" 200 5833
186.103.158.250 - - [25/Mar/2019:15:45:43 -0300] "POST /cormun/servlet/trautorizarsolicitud?136ecd93f15cc31fece7d80ead1b5f91,,gx-no-cache=1553539322194 HTTP/1.1" 200 4683
186.103.158.250 - - [25/Mar/2019:15:45:43 -0300] "POST /cormun/servlet/trautorizarsolicitud?136ecd93f15cc31fece7d80ead1b5f91,,gx-no-cache=1553539322568 HTTP/1.1" 200 4454
190.171.143.90 - - [25/Mar/2019:15:45:46 -0300] "GET /cormun/servlet/solicitudotadjuntos?82bfa3b23defb133aad0b6d02e6a74d7429903d407da909b125960711e6ba334,gx-no-cache=1553539326115 HTTP/1.1" 200 30
190.171.143.90 - - [25/Mar/2019:15:45:46 -0300] "GET /cormun/servlet/solicitudotadjuntos?82bfa3b23defb133aad0b6d02e6a74d7429903d407da909b125960711e6ba334,gx-no-cache=1553539326199 HTTP/1.1" 200 30
190.171.143.90 - - [25/Mar/2019:15:45:46 -0300] "POST /cormun/servlet/solicitudotadjuntos?e620353145e1d1531e21a74c74644dd1,INS,2019,14936,,1, HTTP/1.1" 200 116
190.171.143.90 - - [25/Mar/2019:15:45:46 -0300] "GET /cormun/servlet/hpexe_return? HTTP/1.1" 200 1029
190.171.143.90 - - [25/Mar/2019:15:45:47 -0300] "GET /cormun/servlet/trsolicitudadjuntos?2019,14936, HTTP/1.1" 200 9398
190.171.143.90 - - [25/Mar/2019:15:45:47 -0300] "GET /cormun/servlet/trsolicitudadjuntos?2019,14936, HTTP/1.1" 200 9398
190.171.143.90 - - [25/Mar/2019:15:45:49 -0300] "GET /cormun/servlet/solicitudotadjuntos?INS,2019,14936,,1, HTTP/1.1" 200 6356
190.171.143.90 - - [25/Mar/2019:15:45:49 -0300] "GET /cormun/static/about:blank HTTP/1.1" 404 1011
190.171.143.90 - - [25/Mar/2019:15:45:49 -0300] "GET /cormun/servlet/solicitudotadjuntos?INS,2019,14936,,1, HTTP/1.1" 200 6350
190.171.143.90 - - [25/Mar/2019:15:45:49 -0300] "GET /cormun/servlet/solicitudotadjuntos?82bfa3b23defb133aad0b6d02e6a74d75948a084e844db9d42971ff9b7e974111d221fb658a1774822235e438589e02e,gx-no-cache=1553539329346 HTTP/1.1" 200 30
190.171.143.90 - - [25/Mar/2019:15:45:50 -0300] "POST /cormun/servlet/solicitudotadjuntos?e620353145e1d1531e21a74c74644dd1,INS,2019,14936,,1,,gx-no-cache=1553539329373 HTTP/1.1" 200 4100
190.171.143.90 - - [25/Mar/2019:15:45:52 -0300] "POST /cormun/servlet/solicitudotadjuntos?gx-no-cache=1553539331866 HTTP/1.1" 200 26
192.168.10.96 - - [25/Mar/2019:15:45:56 -0300] "POST /cormun/servlet/vesolicitudgral?04267310d76a4e69934596e8c8fb0b3d,2019,14853,,SolicitudOTAdjuntos,gx-no-cache=1553546358811 HTTP/1.1" 200 90
192.168.10.96 - - [25/Mar/2019:15:45:56 -0300] "GET /cormun/servlet/hpexe_link HTTP/1.1" 200 997
192.168.10.96 - - [25/Mar/2019:15:45:56 -0300] "GET /cormun/servlet/trsolicitudgral?gx-no-cache=1553545595497 HTTP/1.1" 200 11406
192.168.10.96 - - [25/Mar/2019:15:45:57 -0300] "GET /cormun/servlet/trsolicitudgral?gx-no-cache=1553545595497 HTTP/1.1" 200 11427
190.171.143.90 - - [25/Mar/2019:15:45:59 -0300] "GET /cormun/servlet/solicitudotadjuntos?82bfa3b23defb133aad0b6d02e6a74d7429903d407da909b125960711e6ba334,gx-no-cache=1553539338459 HTTP/1.1" 200 30
190.171.143.90 - - [25/Mar/2019:15:45:59 -0300] "GET /cormun/servlet/solicitudotadjuntos?82bfa3b23defb133aad0b6d02e6a74d7429903d407da909b125960711e6ba334,gx-no-cache=1553539338527 HTTP/1.1" 200 30
190.171.143.90 - - [25/Mar/2019:15:45:59 -0300] "POST /cormun/servlet/solicitudotadjuntos?e620353145e1d1531e21a74c74644dd1,INS,2019,14936,,1, HTTP/1.1" 200 116
190.171.143.90 - - [25/Mar/2019:15:45:59 -0300] "GET /cormun/servlet/hpexe_return? HTTP/1.1" 200 1029
190.171.143.90 - - [25/Mar/2019:15:45:59 -0300] "GET /cormun/servlet/trsolicitudadjuntos?2019,14936, HTTP/1.1" 200 9619
190.171.143.90 - - [25/Mar/2019:15:46:00 -0300] "GET /cormun/servlet/trsolicitudadjuntos?2019,14936, HTTP/1.1" 200 9620
190.171.143.90 - - [25/Mar/2019:15:46:02 -0300] "GET /cormun/servlet/solicitudotadjuntos?INS,2019,14936,,1, HTTP/1.1" 200 6356
190.171.143.90 - - [25/Mar/2019:15:46:02 -0300] "GET /cormun/static/about:blank HTTP/1.1" 404 1011
190.171.143.90 - - [25/Mar/2019:15:46:02 -0300] "GET /cormun/servlet/solicitudotadjuntos?INS,2019,14936,,1, HTTP/1.1" 200 6350
190.171.143.90 - - [25/Mar/2019:15:46:03 -0300] "GET /cormun/servlet/solicitudotadjuntos?82bfa3b23defb133aad0b6d02e6a74d75948a084e844db9d42971ff9b7e974111d221fb658a1774822235e438589e02e,gx-no-cache=1553539342747 HTTP/1.1" 200 30
190.171.143.90 - - [25/Mar/2019:15:46:03 -0300] "POST /cormun/servlet/solicitudotadjuntos?e620353145e1d1531e21a74c74644dd1,INS,2019,14936,,1,,gx-no-cache=1553539342774 HTTP/1.1" 200 4100
190.171.143.90 - - [25/Mar/2019:15:46:06 -0300] "POST /cormun/servlet/solicitudotadjuntos?gx-no-cache=1553539345906 HTTP/1.1" 200 26
190.171.143.90 - - [25/Mar/2019:15:46:14 -0300] "GET /cormun/servlet/solicitudotadjuntos?82bfa3b23defb133aad0b6d02e6a74d7429903d407da909b125960711e6ba334,gx-no-cache=1553539354019 HTTP/1.1" 200 30
190.171.143.90 - - [25/Mar/2019:15:46:14 -0300] "GET /cormun/servlet/solicitudotadjuntos?82bfa3b23defb133aad0b6d02e6a74d7429903d407da909b125960711e6ba334,gx-no-cache=1553539354052 HTTP/1.1" 200 30
190.171.143.90 - - [25/Mar/2019:15:46:14 -0300] "POST /cormun/servlet/solicitudotadjuntos?e620353145e1d1531e21a74c74644dd1,INS,2019,14936,,1, HTTP/1.1" 200 116
190.171.143.90 - - [25/Mar/2019:15:46:14 -0300] "GET /cormun/servlet/hpexe_return? HTTP/1.1" 200 1029
190.171.143.90 - - [25/Mar/2019:15:46:15 -0300] "GET /cormun/servlet/trsolicitudadjuntos?2019,14936, HTTP/1.1" 200 9859
190.171.143.90 - - [25/Mar/2019:15:46:15 -0300] "GET /cormun/servlet/trsolicitudadjuntos?2019,14936, HTTP/1.1" 200 9857
190.171.143.90 - - [25/Mar/2019:15:46:17 -0300] "GET /cormun/servlet/solicitudotadjuntos?INS,2019,14936,,1, HTTP/1.1" 200 6356
190.171.143.90 - - [25/Mar/2019:15:46:18 -0300] "GET /cormun/static/about:blank HTTP/1.1" 404 1011
190.171.143.90 - - [25/Mar/2019:15:46:18 -0300] "GET /cormun/servlet/solicitudotadjuntos?INS,2019,14936,,1, HTTP/1.1" 200 6350
190.171.143.90 - - [25/Mar/2019:15:46:18 -0300] "GET /cormun/servlet/solicitudotadjuntos?82bfa3b23defb133aad0b6d02e6a74d75948a084e844db9d42971ff9b7e974111d221fb658a1774822235e438589e02e,gx-no-cache=1553539358057 HTTP/1.1" 200 30
190.171.143.90 - - [25/Mar/2019:15:46:18 -0300] "POST /cormun/servlet/solicitudotadjuntos?e620353145e1d1531e21a74c74644dd1,INS,2019,14936,,1,,gx-no-cache=1553539358083 HTTP/1.1" 200 4100
190.171.143.90 - - [25/Mar/2019:15:46:21 -0300] "POST /cormun/servlet/solicitudotadjuntos?gx-no-cache=1553539360626 HTTP/1.1" 200 26
190.171.143.82 - - [25/Mar/2019:15:46:21 -0300] "GET /cormun/servlet/trautorizarpermisogoce? HTTP/1.1" 200 6009
190.171.143.82 - - [25/Mar/2019:15:46:21 -0300] "GET /cormun/static/SmoothNavMenu/resources/ddsmoothmenu.css?1012540 HTTP/1.1" 200 2223
190.171.143.82 - - [25/Mar/2019:15:46:21 -0300] "GET /cormun/static/Shared/jqueryui/jquery-ui.min.css?1245370 HTTP/1.1" 200 30288
190.171.143.82 - - [25/Mar/2019:15:46:21 -0300] "GET /cormun/static/SmoothNavMenu/resources/ddsmoothmenu-v.css?1012540 HTTP/1.1" 200 1188
190.171.143.82 - - [25/Mar/2019:15:46:21 -0300] "GET /cormun/static/Resources/Spanish/PXTools.css?1155365 HTTP/1.1" 200 89042
190.171.143.82 - - [25/Mar/2019:15:46:21 -0300] "GET /cormun/static/scaMessage/css/jquery.pnotify.default.css?1716380 HTTP/1.1" 200 1707
190.171.143.82 - - [25/Mar/2019:15:46:21 -0300] "GET /cormun/static/gxtimezone.js?85251 HTTP/1.1" 200 5781
190.171.143.82 - - [25/Mar/2019:15:46:22 -0300] "GET /cormun/static/calendar.js?85251 HTTP/1.1" 200 26246
190.171.143.82 - - [25/Mar/2019:15:46:22 -0300] "GET /cormun/static/gxcfg.js?20177612165975 HTTP/1.1" 200 953
190.171.143.82 - - [25/Mar/2019:15:46:22 -0300] "GET /cormun/static/gxgral.js?85251 HTTP/1.1" 200 384558
190.171.143.82 - - [25/Mar/2019:15:46:22 -0300] "GET /cormun/static/calendar-setup.js?85251 HTTP/1.1" 200 2588
190.171.143.82 - - [25/Mar/2019:15:46:22 -0300] "GET /cormun/static/calendar-es.js?85251 HTTP/1.1" 200 1901
190.171.143.82 - - [25/Mar/2019:15:46:22 -0300] "GET /cormun/static/gxui/gxui-all.js HTTP/1.1" 200 107772
190.171.143.82 - - [25/Mar/2019:15:46:22 -0300] "GET /cormun/static/gxui/gxui-all.css?110300 HTTP/1.1" 200 2179
190.171.143.82 - - [25/Mar/2019:15:46:22 -0300] "GET /cormun/static/calendar-system.css?75620 HTTP/1.1" 200 5572
190.171.143.82 - - [25/Mar/2019:15:46:22 -0300] "GET /cormun/static/Shared/ext/resources/css/ext-all.css?205870 HTTP/1.1" 200 416045
190.171.143.82 - - [25/Mar/2019:15:46:22 -0300] "GET /cormun/static/RunJS/RunJS.js HTTP/1.1" 200 288
190.171.143.82 - - [25/Mar/2019:15:46:22 -0300] "GET /cormun/static/PXToolsJavascripts/pexe_autoreload.js HTTP/1.1" 200 1762
190.171.143.82 - - [25/Mar/2019:15:46:22 -0300] "GET /cormun/static/PXToolsJavascripts/pexe_cookies.js HTTP/1.1" 200 792
190.171.143.82 - - [25/Mar/2019:15:46:22 -0300] "GET /cormun/static/PXToolsJavascripts/pexe_windows.js HTTP/1.1" 200 15207
190.171.143.82 - - [25/Mar/2019:15:46:22 -0300] "GET /cormun/static/PXToolsJavascripts/pexe_grid.js HTTP/1.1" 200 7559
190.171.143.82 - - [25/Mar/2019:15:46:22 -0300] "GET /cormun/static/PXToolsJavascripts/pexe_griddivfix.js HTTP/1.1" 200 6644
190.171.143.82 - - [25/Mar/2019:15:46:22 -0300] "GET /cormun/static/PXToolsJavascripts/pexe_link.js HTTP/1.1" 200 5671
190.171.143.82 - - [25/Mar/2019:15:46:22 -0300] "GET /cormun/static/PXToolsJavascripts/pexe_menus.js HTTP/1.1" 200 1286
190.171.143.82 - - [25/Mar/2019:15:46:22 -0300] "GET /cormun/static/PXToolsJavascripts/pexe_menudivfix.js HTTP/1.1" 200 333
190.171.143.82 - - [25/Mar/2019:15:46:22 -0300] "GET /cormun/static/PXToolsJavascripts/pexe_layers.js HTTP/1.1" 200 4114
190.171.143.82 - - [25/Mar/2019:15:46:22 -0300] "GET /cormun/static/PXToolsJavascripts/pexe_oav.js HTTP/1.1" 200 645
190.171.143.82 - - [25/Mar/2019:15:46:22 -0300] "GET /cormun/static/PXToolsJavascripts/pexe_oavdivfix.js HTTP/1.1" 200 639
190.171.143.82 - - [25/Mar/2019:15:46:22 -0300] "GET /cormun/static/PXToolsJavascripts/pexe_picture.js HTTP/1.1" 200 689
190.171.143.82 - - [25/Mar/2019:15:46:22 -0300] "GET /cormun/static/PXToolsJavascripts/pexe_scrolldiv.js HTTP/1.1" 200 4138
190.171.143.82 - - [25/Mar/2019:15:46:22 -0300] "GET /cormun/static/PXToolsJavascripts/pexe_popup.js HTTP/1.1" 200 13458
190.171.143.82 - - [25/Mar/2019:15:46:22 -0300] "GET /cormun/static/PXToolsJavascripts/pexe_tabdivfix.js HTTP/1.1" 200 876
190.171.143.82 - - [25/Mar/2019:15:46:22 -0300] "GET /cormun/static/PXToolsJavascripts/pexe_tabs.js HTTP/1.1" 200 3748
190.171.143.82 - - [25/Mar/2019:15:46:22 -0300] "GET /cormun/static/PXToolsJavascripts/pexe_upload.js HTTP/1.1" 200 1423
190.171.143.82 - - [25/Mar/2019:15:46:22 -0300] "GET /cormun/static/PXToolsJavascripts/PXToolsJavascriptsRender.js HTTP/1.1" 200 367
190.171.143.82 - - [25/Mar/2019:15:46:22 -0300] "GET /cormun/static/Resources/logo4.png HTTP/1.1" 200 6582
190.171.143.82 - - [25/Mar/2019:15:46:22 -0300] "GET /cormun/static/Resources/PXToolsHeaderActionsLeft.png HTTP/1.1" 200 1118
190.171.143.82 - - [25/Mar/2019:15:46:22 -0300] "GET /cormun/static/Shared/ext/locale/ext-lang-en.js HTTP/1.1" 200 10940
190.171.143.82 - - [25/Mar/2019:15:46:22 -0300] "GET /cormun/static/messages.spa.js?85251 HTTP/1.1" 200 30736
190.171.143.82 - - [25/Mar/2019:15:46:22 -0300] "GET /cormun/static/gxdec.js?85251 HTTP/1.1" 200 19579
190.171.143.82 - - [25/Mar/2019:15:46:22 -0300] "GET /cormun/static/trautorizarpermisogoce.js?2017761217384 HTTP/1.1" 200 34948
190.171.143.82 - - [25/Mar/2019:15:46:22 -0300] "GET /cormun/static/hwchdr01.js?201752511465785 HTTP/1.1" 200 1183
190.171.143.82 - - [25/Mar/2019:15:46:22 -0300] "GET /cormun/static/Shared/ext/ext-all.js HTTP/1.1" 200 1289687
190.171.143.82 - - [25/Mar/2019:15:46:22 -0300] "GET /cormun/static/hpexe_scripts.js?201752511465715 HTTP/1.1" 200 1544
190.171.143.82 - - [25/Mar/2019:15:46:23 -0300] "GET /cormun/static/hpexe_recentlink.js?20177611595044 HTTP/1.1" 200 2144
190.171.143.82 - - [25/Mar/2019:15:46:23 -0300] "GET /cormun/static/hpexe_messagepopupcomponent.js?20161017169425 HTTP/1.1" 200 605
190.171.143.82 - - [25/Mar/2019:15:46:23 -0300] "GET /cormun/static/hpexe_messagecontroller.js?20177611595012 HTTP/1.1" 200 870
190.171.143.82 - - [25/Mar/2019:15:46:23 -0300] "GET /cormun/static/cmcontrolpreferences.js?201752511465670 HTTP/1.1" 200 1375
190.171.143.82 - - [25/Mar/2019:15:46:23 -0300] "GET /cormun/static/Shared/jquery/jquery-1.4.2.min.js HTTP/1.1" 200 72174
190.171.143.82 - - [25/Mar/2019:15:46:23 -0300] "GET /cormun/static/hpexe_messagegenexuscomponent.js?201752511465344 HTTP/1.1" 200 587
190.171.143.82 - - [25/Mar/2019:15:46:23 -0300] "GET /cormun/static/SmoothNavMenu/resources/SmoothNavMenuRender.js HTTP/1.1" 200 5951
190.171.143.82 - - [25/Mar/2019:15:46:23 -0300] "GET /cormun/static/SmoothNavMenu/resources/ddsmoothmenu.js HTTP/1.1" 200 12712
190.171.143.82 - - [25/Mar/2019:15:46:23 -0300] "GET /cormun/static/scaMessage/js/jquery.pnotify.min.js HTTP/1.1" 200 13038
190.171.143.82 - - [25/Mar/2019:15:46:23 -0300] "GET /cormun/static/scaMessage/scaMessageRender.js HTTP/1.1" 200 11977
190.171.143.82 - - [25/Mar/2019:15:46:23 -0300] "GET /cormun/static/hmpwkw03.js?20189613443875 HTTP/1.1" 200 3965
190.171.143.82 - - [25/Mar/2019:15:46:23 -0300] "GET /cormun/static/Resources/PXToolsFooterBackground2.png HTTP/1.1" 200 1172
190.171.143.82 - - [25/Mar/2019:15:46:23 -0300] "GET /cormun/static/Resources/PXToolsDataTitle.png HTTP/1.1" 200 1173
