190.171.142.42 - - [25/Mar/2019:08:46:48 -0300] "GET /cormun/servlet/trpermisosadjuntos?17502947,20190315144908,P, HTTP/1.1" 200 7349
190.171.142.42 - - [25/Mar/2019:08:46:48 -0300] "GET /cormun/servlet/trpermisosadjuntos?17502947,20190315144908,P, HTTP/1.1" 200 7346
192.168.10.89 - - [25/Mar/2019:08:46:49 -0300] "POST /cormun/servlet/trsolicitudgral?5bb9a46e442489e0d78ee6df6b32c755,,gx-no-cache=1553521212120 HTTP/1.1" 200 6658
192.168.10.94 - - [25/Mar/2019:08:46:56 -0300] "GET /digitalizacion/servlet/wbadjunto?6749,PU HTTP/1.1" 302 -
192.168.10.94 - - [25/Mar/2019:08:46:56 -0300] "GET /digitalizacion/PublicTempStorage/6740611.tmp HTTP/1.1" 200 864754
190.171.142.42 - - [25/Mar/2019:08:47:00 -0300] "GET /cormun/servlet/trpermisosgoce? HTTP/1.1" 200 8660
190.171.142.42 - - [25/Mar/2019:08:47:01 -0300] "GET /cormun/servlet/trpermisosgoce? HTTP/1.1" 200 8660
192.168.10.94 - - [25/Mar/2019:08:47:02 -0300] "GET /digitalizacion/servlet/wbadjunto?6750,PU HTTP/1.1" 302 -
192.168.10.94 - - [25/Mar/2019:08:47:02 -0300] "GET /digitalizacion/PublicTempStorage/301222.tmp HTTP/1.1" 200 1037751
192.168.10.89 - - [25/Mar/2019:08:47:05 -0300] "POST /cormun/servlet/trsolicitudgral?5bb9a46e442489e0d78ee6df6b32c755,,gx-no-cache=1553521227548 HTTP/1.1" 200 6693
192.168.10.89 - - [25/Mar/2019:08:47:05 -0300] "GET /cormun/static/Shared/jqueryui/images/ui-icons_8d78a5_256x240.png HTTP/1.1" 404 1089
192.168.10.89 - - [25/Mar/2019:08:47:05 -0300] "GET /cormun/static/Shared/jqueryui/images/ui-bg_flat_55_fafafa_40x100.png HTTP/1.1" 404 1097
192.168.10.89 - - [25/Mar/2019:08:47:05 -0300] "GET /cormun/static/Shared/jqueryui/images/ui-icons_82798d_256x240.png HTTP/1.1" 404 1089
192.168.10.89 - - [25/Mar/2019:08:47:05 -0300] "GET /cormun/static/Shared/jqueryui/images/ui-bg_highlight-soft_100_c6c2c8_1x100.png HTTP/1.1" 404 1117
192.168.10.94 - - [25/Mar/2019:08:47:06 -0300] "GET /digitalizacion/servlet/wbadjunto?6751,PU HTTP/1.1" 302 -
192.168.10.94 - - [25/Mar/2019:08:47:06 -0300] "GET /digitalizacion/PublicTempStorage/1106759.tmp HTTP/1.1" 200 910387
192.168.10.89 - - [25/Mar/2019:08:47:07 -0300] "GET /cormun/servlet/trautorizarot? HTTP/1.1" 200 8159
186.103.159.204 - - [25/Mar/2019:08:47:07 -0300] "POST /cormun/servlet/solicitudot?gx-no-cache=1553514206712 HTTP/1.1" 200 257
190.171.142.42 - - [25/Mar/2019:08:47:10 -0300] "POST /cormun/servlet/trpermisosgoce?00c45f1083ad2d9e3bb2e356ce9fcfca,,gx-no-cache=1553514209423 HTTP/1.1" 200 5827
190.171.142.42 - - [25/Mar/2019:08:47:10 -0300] "GET /cormun/static/Shared/jqueryui/images/ui-bg_highlight-soft_100_c6c2c8_1x100.png HTTP/1.1" 404 1117
190.171.142.42 - - [25/Mar/2019:08:47:10 -0300] "GET /cormun/static/Shared/jqueryui/images/ui-icons_82798d_256x240.png HTTP/1.1" 404 1089
190.171.142.42 - - [25/Mar/2019:08:47:10 -0300] "GET /cormun/static/Shared/jqueryui/images/ui-icons_8d78a5_256x240.png HTTP/1.1" 404 1089
190.171.142.42 - - [25/Mar/2019:08:47:10 -0300] "GET /cormun/static/Shared/jqueryui/images/ui-bg_flat_55_fafafa_40x100.png HTTP/1.1" 404 1097
192.168.10.94 - - [25/Mar/2019:08:47:10 -0300] "GET /digitalizacion/servlet/wbadjunto?6753,PU HTTP/1.1" 302 -
192.168.10.94 - - [25/Mar/2019:08:47:11 -0300] "GET /digitalizacion/PublicTempStorage/7400405.tmp HTTP/1.1" 200 1619870
192.168.10.89 - - [25/Mar/2019:08:47:13 -0300] "POST /cormun/servlet/trautorizarot?5bb9a46e442489e0d78ee6df6b32c755,,gx-no-cache=1553521235414 HTTP/1.1" 200 6552
192.168.10.89 - - [25/Mar/2019:08:47:15 -0300] "POST /cormun/servlet/trautorizarot?5bb9a46e442489e0d78ee6df6b32c755,,gx-no-cache=1553521237482 HTTP/1.1" 200 5348
192.168.10.89 - - [25/Mar/2019:08:47:19 -0300] "GET /cormun/servlet/trsolicitudgral? HTTP/1.1" 200 9713
192.168.10.94 - - [25/Mar/2019:08:47:19 -0300] "GET /digitalizacion/servlet/wbadjunto?6752,PU HTTP/1.1" 302 -
192.168.10.94 - - [25/Mar/2019:08:47:19 -0300] "GET /digitalizacion/PublicTempStorage/9908997.tmp HTTP/1.1" 200 1621775
186.103.159.204 - - [25/Mar/2019:08:47:22 -0300] "GET /cormun/servlet/solicitudot?497557b90d91bacb05ca947c75955ae56dde4473dea561bc962563df16d52e52205b25f1acf0855b31ca3eba8b990fd9d5923ffd300f9902cfcd03aec431d3bf7af1d4bfeec6b95910528b74059b762cc49e05014bebe41e0fb3bd8eff9c9adfc892b41ee2c0543fe6ac46e87f8947c93f631668948588986efd05676e2c5a149c4d1f65c42c72a0d1a9e0dd10199787a32571397ce4e66adc4cfea686c833f7dea40914d20e7f08a36be89378e93bfdae14b0d84b4f5436d4495069af6f18cf83672474801ccb63d0f8407516d683c4b11c6eaa1a793c53153a29f9dddbc82fe9dc0c5bf1f6e251c22623662e8e8dc8307e19a7ade8ff5ec65b61f4246dc45eb6e9d29b08507d5d1976c8d7b6278eaf02ac98404b8791585fb83b49ed7d0d579a38fad2f760a289112de1b706ced49bee62bf63d72271a18f4adb724209090fb62038418544125e041263e6235efc088a9cad9ed4c7c2e289c0a1dc9cf62ec944b54fd3927ef033af52e3b9ef00ef80035b4556e84f7058fe278499cf11d187,gx-no-cache=1553514221968 HTTP/1.1" 200 30
186.103.159.204 - - [25/Mar/2019:08:47:22 -0300] "POST /cormun/servlet/solicitudot?gx-no-cache=1553514222296 HTTP/1.1" 200 30
186.103.159.204 - - [25/Mar/2019:08:47:23 -0300] "POST /cormun/servlet/solicitudot?gx-no-cache=1553514222321 HTTP/1.1" 200 1287
186.103.159.204 - - [25/Mar/2019:08:47:23 -0300] "POST /cormun/servlet/solicitudot?gx-no-cache=1553514222367 HTTP/1.1" 200 38
186.103.159.204 - - [25/Mar/2019:08:47:23 -0300] "GET /cormun/servlet/solicitudot?497557b90d91bacb05ca947c75955ae5da85dd22e92f988a0bc30a94a712e7cbb9d6496c3edc978c09d8f2627e4cb8c1caecaa1569721db9e4a2928fe46577a6611641a9619e1b8bb8e10f230748b0b52d78a7da17d0aca3b3798e5db40fe42466ad0abfeba8a19975b395cdf73f5a86,gx-no-cache=1553514222387 HTTP/1.1" 200 110
186.103.159.204 - - [25/Mar/2019:08:47:23 -0300] "POST /cormun/servlet/solicitudot?gx-no-cache=1553514222541 HTTP/1.1" 200 110
190.171.142.42 - - [25/Mar/2019:08:47:23 -0300] "GET /cormun/servlet/trpermisosadjuntos?19590923,20190325103728,P, HTTP/1.1" 200 6609
190.171.142.42 - - [25/Mar/2019:08:47:24 -0300] "GET /cormun/servlet/trpermisosadjuntos?19590923,20190325103728,P, HTTP/1.1" 200 6610
190.171.142.42 - - [25/Mar/2019:08:47:26 -0300] "GET /cormun/servlet/permisosadjuntos?INS,19590923,P,20190325103728,, HTTP/1.1" 200 5938
190.171.142.42 - - [25/Mar/2019:08:47:26 -0300] "GET /cormun/static/about:blank HTTP/1.1" 404 1011
190.171.142.42 - - [25/Mar/2019:08:47:27 -0300] "GET /cormun/servlet/permisosadjuntos?INS,19590923,P,20190325103728,, HTTP/1.1" 200 5927
192.168.10.94 - - [25/Mar/2019:08:47:27 -0300] "GET /digitalizacion/servlet/wbadjunto?6754,PU HTTP/1.1" 302 -
192.168.10.94 - - [25/Mar/2019:08:47:27 -0300] "GET /digitalizacion/PublicTempStorage/1663341.tmp HTTP/1.1" 200 1341668
192.168.10.94 - - [25/Mar/2019:08:47:37 -0300] "GET /digitalizacion/servlet/wbadjunto?6755,PU HTTP/1.1" 302 -
192.168.10.94 - - [25/Mar/2019:08:47:37 -0300] "GET /digitalizacion/PublicTempStorage/8300494.tmp HTTP/1.1" 200 976814
190.171.142.42 - - [25/Mar/2019:08:47:41 -0300] "POST /cormun/servlet/permisosadjuntos?00c45f1083ad2d9e3bb2e356ce9fcfca,INS,19590923,P,20190325103728,, HTTP/1.1" 200 116
190.171.142.42 - - [25/Mar/2019:08:47:41 -0300] "GET /cormun/servlet/hpexe_return? HTTP/1.1" 200 1039
192.168.10.94 - - [25/Mar/2019:08:47:41 -0300] "GET /digitalizacion/servlet/wbadjunto?15622,PU HTTP/1.1" 302 -
190.171.142.42 - - [25/Mar/2019:08:47:41 -0300] "GET /cormun/servlet/trpermisosadjuntos?19590923,20190325103728,P, HTTP/1.1" 200 7100
192.168.10.94 - - [25/Mar/2019:08:47:41 -0300] "GET /digitalizacion/PublicTempStorage/6362332.tmp HTTP/1.1" 200 1839144
190.171.142.42 - - [25/Mar/2019:08:47:42 -0300] "GET /cormun/servlet/trpermisosadjuntos?19590923,20190325103728,P, HTTP/1.1" 200 7098
190.171.142.42 - - [25/Mar/2019:08:47:50 -0300] "GET /cormun/servlet/permisosadjuntos?INS,19590923,P,20190325103728,, HTTP/1.1" 200 5938
190.171.142.42 - - [25/Mar/2019:08:47:51 -0300] "GET /cormun/static/about:blank HTTP/1.1" 404 1011
190.171.142.42 - - [25/Mar/2019:08:47:51 -0300] "GET /cormun/servlet/permisosadjuntos?INS,19590923,P,20190325103728,, HTTP/1.1" 200 5928
192.168.10.89 - - [25/Mar/2019:08:47:56 -0300] "POST /cormun/servlet/trsolicitudgral?5bb9a46e442489e0d78ee6df6b32c755,,gx-no-cache=1553521278667 HTTP/1.1" 200 6672
186.103.159.204 - - [25/Mar/2019:08:47:56 -0300] "GET /cormun/servlet/solicitudot?497557b90d91bacb05ca947c75955ae5f6bca63ed97cd5f65f1b8989a8e0e1298339922936b69b137d132a4571845b063e2ded265b3325ef7094dc8e2edb26f5d051ac6d05e1fbfc1273e187b347e42cdfa366cfbf73233f9d92e4e9e044569bfba9529c00ed7f172cb99e111a6f5755,gx-no-cache=1553514256028 HTTP/1.1" 200 29
186.103.159.204 - - [25/Mar/2019:08:47:57 -0300] "GET /cormun/static/menuarrow.gif HTTP/1.1" 404 1015
190.171.142.42 - - [25/Mar/2019:08:47:57 -0300] "GET /cormun/servlet/trpermisosgoce? HTTP/1.1" 200 8667
190.171.142.42 - - [25/Mar/2019:08:47:57 -0300] "GET /cormun/servlet/trpermisosgoce? HTTP/1.1" 200 8660
186.103.159.204 - - [25/Mar/2019:08:48:01 -0300] "GET /cormun/servlet/solicitudot?497557b90d91bacb05ca947c75955ae56b80d3745c2e2e687529327039a0c39206dc95ff6c4a3448f48a9619fb6f0e08,gx-no-cache=1553514261220 HTTP/1.1" 200 30
190.171.142.42 - - [25/Mar/2019:08:48:02 -0300] "POST /cormun/servlet/trpermisosgoce?00c45f1083ad2d9e3bb2e356ce9fcfca,,gx-no-cache=1553514261504 HTTP/1.1" 200 5826
190.171.142.42 - - [25/Mar/2019:08:48:02 -0300] "GET /cormun/static/Shared/jqueryui/images/ui-bg_highlight-soft_100_c6c2c8_1x100.png HTTP/1.1" 404 1117
190.171.142.42 - - [25/Mar/2019:08:48:02 -0300] "GET /cormun/static/Shared/jqueryui/images/ui-icons_8d78a5_256x240.png HTTP/1.1" 404 1089
190.171.142.42 - - [25/Mar/2019:08:48:02 -0300] "GET /cormun/static/Shared/jqueryui/images/ui-bg_flat_55_fafafa_40x100.png HTTP/1.1" 404 1097
190.171.142.42 - - [25/Mar/2019:08:48:02 -0300] "GET /cormun/static/Shared/jqueryui/images/ui-icons_82798d_256x240.png HTTP/1.1" 404 1089
192.168.10.89 - - [25/Mar/2019:08:48:13 -0300] "GET /cormun/servlet/solicitudgral3?UPD,2019,14810, HTTP/1.1" 200 13128
192.168.10.89 - - [25/Mar/2019:08:48:13 -0300] "GET /cormun/static/gxcfg.js?201837110472 HTTP/1.1" 304 -
192.168.10.89 - - [25/Mar/2019:08:48:14 -0300] "POST /cormun/servlet/solicitudgral3?gx-no-cache=1553521297281 HTTP/1.1" 200 4202
192.168.10.89 - - [25/Mar/2019:08:48:15 -0300] "GET /cormun/servlet/solicitudgral3?0471cb23c7fc9f18eae3d8aa1dbd58852e4433218d23125689cfbb6634c22f5e07b1235433bfac965f8e43749436e8fbf64f1d5a6aec3545f6b793ec6ca70e1c2388d78dce8776421c3d720c821aa4051ea11b426724177ef5ee2a1544eca56fd47b7de1286bbc32544a447dd64d030acfd44208ae3fe5d3630528f8936cc627c0fa998a823da3f417e2a115fbe47eb382cc039ccda6dfb9b9d7ff89d2319f171e481ccc9d5467128c83c60c6311d8f33e4cea97d84c3b26b296ca8fc472b78b866f3af223880ab41f353ea67e2cc35ceccadbfd797f9dff498af878be3e053ab79ab5acc80d5a48cd4d59243eafbeb89d5c4811181616d612683ab0d5ccc8a2fd07a19e82056d2ea7bc7e8500cfac9e0e0614fa75651edba9e8fcd50f26271fcaadb5d7a536d8e1749fcb3da4fd9a0097d6b5a5fa1bb74651724bd078b8b99acabd4f9d384aac4885f0fceff838b618,gx-no-cache=1553521297571 HTTP/1.1" 200 297
192.168.10.89 - - [25/Mar/2019:08:48:15 -0300] "GET /cormun/servlet/solicitudgral3?0471cb23c7fc9f18eae3d8aa1dbd5885257b3135aa2331dc5b176b9760e5bdcb28564621530d69d3f208817d8e2e92e6569b3cebe2d90aba2e32e81774119077e0de5eab37ba9e43e6d1d11448906f3444e26528835b2ea234c87ecd122ee1b2,gx-no-cache=1553521297606 HTTP/1.1" 200 42
192.168.10.89 - - [25/Mar/2019:08:48:15 -0300] "GET /cormun/servlet/solicitudgral3?0471cb23c7fc9f18eae3d8aa1dbd58854f01659ea76825e323abd949e627acc955c1248df2d87b3d09768cf9238be22785eba29b6889ce5de45fbf12660382bf0977ca889aac20f96bd36008f2a8a819ace81fa3b026d42354ab133ea494f47ea2ef145ddfa08a2d5e27d5eed6ec105e71c49258d14b6820b1e6be07b16f35ca,gx-no-cache=1553521297683 HTTP/1.1" 200 41
192.168.10.89 - - [25/Mar/2019:08:48:15 -0300] "GET /cormun/servlet/solicitudgral3?0471cb23c7fc9f18eae3d8aa1dbd5885b3b6fc09b96335e3af3dcae1d1502cf425356cd89791002eb7c170eccd5cc0dbf64f1d5a6aec3545f6b793ec6ca70e1cf62ef3303de563d3824f6dc14cff52d28682726a4af62239cc5602bdc7bf2ad2,gx-no-cache=1553521298176 HTTP/1.1" 200 30
192.168.10.89 - - [25/Mar/2019:08:48:16 -0300] "POST /cormun/servlet/solicitudgral3?gx-no-cache=1553521298610 HTTP/1.1" 200 100
192.168.10.89 - - [25/Mar/2019:08:48:19 -0300] "POST /cormun/servlet/solicitudgral3?5bb9a46e442489e0d78ee6df6b32c755,UPD,2019,14810,,gx-no-cache=1553521301866 HTTP/1.1" 200 11874
192.168.10.89 - - [25/Mar/2019:08:48:20 -0300] "GET /cormun/servlet/solicitudgral3?0471cb23c7fc9f18eae3d8aa1dbd588555e9ec5bc94ed30cf1ddafdb451e0115f1278b2e0c9184f7bb6b5cd98335a18cbcd3d96a8a3255e05f024c1ae989d1b1ba4e01fc6c2b96ddeee14c8e298266b86dcd86c3234a7ffe0e80ae41d2e9c16d35c34f039832e80966ec75d891a1e639,gx-no-cache=1553521302747 HTTP/1.1" 200 29
192.168.10.89 - - [25/Mar/2019:08:48:21 -0300] "GET /cormun/servlet/solicitudgral3?0471cb23c7fc9f18eae3d8aa1dbd5885942b763675e1fecbe3b3d3d4d2c4b7a041c67f75c3a4943fec775d47d91f8b76124ede4ad1100e877a887f8bd48b96b0f64f1d5a6aec3545f6b793ec6ca70e1cd17cc6ee619ae4b7c5290467fce2a53714a26abb22fa1ca0c969bd05bf391f3da5f33add5b07bd8d2a7483adb207232b39c54db2cbb3cb45fa910487d29870de,gx-no-cache=1553521303941 HTTP/1.1" 200 30
192.168.10.89 - - [25/Mar/2019:08:48:30 -0300] "POST /cormun/servlet/solicitudgral3?5bb9a46e442489e0d78ee6df6b32c755,UPD,2019,14810,,gx-no-cache=1553521312987 HTTP/1.1" 200 93
192.168.10.89 - - [25/Mar/2019:08:48:30 -0300] "GET /cormun/servlet/hpexe_return? HTTP/1.1" 200 1007
192.168.10.89 - - [25/Mar/2019:08:48:31 -0300] "GET /cormun/servlet/trsolicitudgral? HTTP/1.1" 200 9723
192.168.10.89 - - [25/Mar/2019:08:48:34 -0300] "POST /cormun/servlet/trsolicitudgral?5bb9a46e442489e0d78ee6df6b32c755,,gx-no-cache=1553521316549 HTTP/1.1" 200 6701
192.168.10.89 - - [25/Mar/2019:08:48:34 -0300] "GET /cormun/static/Shared/jqueryui/images/ui-bg_flat_55_fafafa_40x100.png HTTP/1.1" 404 1097
192.168.10.89 - - [25/Mar/2019:08:48:34 -0300] "GET /cormun/static/Shared/jqueryui/images/ui-icons_8d78a5_256x240.png HTTP/1.1" 404 1089
192.168.10.89 - - [25/Mar/2019:08:48:34 -0300] "GET /cormun/static/Shared/jqueryui/images/ui-bg_highlight-soft_100_c6c2c8_1x100.png HTTP/1.1" 404 1117
192.168.10.89 - - [25/Mar/2019:08:48:34 -0300] "GET /cormun/static/Shared/jqueryui/images/ui-icons_82798d_256x240.png HTTP/1.1" 404 1089
192.168.10.89 - - [25/Mar/2019:08:48:35 -0300] "GET /cormun/servlet/trautorizarot? HTTP/1.1" 200 8154
192.168.10.89 - - [25/Mar/2019:08:48:41 -0300] "POST /cormun/servlet/trautorizarot?5bb9a46e442489e0d78ee6df6b32c755,,gx-no-cache=1553521323668 HTTP/1.1" 200 6560
192.168.10.89 - - [25/Mar/2019:08:48:43 -0300] "POST /cormun/servlet/trautorizarot?5bb9a46e442489e0d78ee6df6b32c755,,gx-no-cache=1553521325687 HTTP/1.1" 200 5347
190.171.142.42 - - [25/Mar/2019:08:48:53 -0300] "POST /cormun/servlet/trpermisosgoce?00c45f1083ad2d9e3bb2e356ce9fcfca,,gx-no-cache=1553514312940 HTTP/1.1" 200 5828
190.171.142.42 - - [25/Mar/2019:08:49:12 -0300] "POST /cormun/servlet/trpermisosgoce?00c45f1083ad2d9e3bb2e356ce9fcfca,,gx-no-cache=1553514331706 HTTP/1.1" 200 5826
190.171.142.42 - - [25/Mar/2019:08:49:16 -0300] "POST /cormun/servlet/trpermisosgoce?00c45f1083ad2d9e3bb2e356ce9fcfca,,gx-no-cache=1553514335568 HTTP/1.1" 200 5827
186.103.159.204 - - [25/Mar/2019:08:49:18 -0300] "POST /cormun/servlet/solicitudot?gx-no-cache=1553514338102 HTTP/1.1" 200 30
186.103.159.204 - - [25/Mar/2019:08:49:19 -0300] "POST /cormun/servlet/solicitudot?8846018635b4edec698b327a7d157545,INS,0,0,,gx-no-cache=1553514338149 HTTP/1.1" 200 12032
190.171.142.42 - - [25/Mar/2019:08:49:20 -0300] "GET /cormun/servlet/trpermisosadjuntos?19746885,20190325103244,P, HTTP/1.1" 200 6609
190.171.142.42 - - [25/Mar/2019:08:49:20 -0300] "GET /cormun/servlet/trpermisosadjuntos?19746885,20190325103244,P, HTTP/1.1" 200 6609
190.171.142.42 - - [25/Mar/2019:08:49:24 -0300] "GET /cormun/servlet/permisosadjuntos?INS,19746885,P,20190325103244,, HTTP/1.1" 200 5938
190.171.142.42 - - [25/Mar/2019:08:49:25 -0300] "GET /cormun/static/about:blank HTTP/1.1" 404 1011
190.171.142.42 - - [25/Mar/2019:08:49:25 -0300] "GET /cormun/servlet/permisosadjuntos?INS,19746885,P,20190325103244,, HTTP/1.1" 200 5928
190.171.142.42 - - [25/Mar/2019:08:49:40 -0300] "POST /cormun/servlet/permisosadjuntos?00c45f1083ad2d9e3bb2e356ce9fcfca,INS,19746885,P,20190325103244,, HTTP/1.1" 200 116
190.171.142.42 - - [25/Mar/2019:08:49:40 -0300] "GET /cormun/servlet/hpexe_return? HTTP/1.1" 200 1037
190.171.142.42 - - [25/Mar/2019:08:49:40 -0300] "GET /cormun/servlet/trpermisosadjuntos?19746885,20190325103244,P, HTTP/1.1" 200 7106
190.171.142.42 - - [25/Mar/2019:08:49:41 -0300] "GET /cormun/servlet/trpermisosadjuntos?19746885,20190325103244,P, HTTP/1.1" 200 7101
190.171.142.42 - - [25/Mar/2019:08:49:55 -0300] "GET /cormun/servlet/permisosadjuntos?INS,19746885,P,20190325103244,, HTTP/1.1" 200 5938
190.171.142.42 - - [25/Mar/2019:08:49:56 -0300] "GET /cormun/static/about:blank HTTP/1.1" 404 1011
190.171.142.42 - - [25/Mar/2019:08:49:56 -0300] "GET /cormun/servlet/permisosadjuntos?INS,19746885,P,20190325103244,, HTTP/1.1" 200 5928
190.171.142.42 - - [25/Mar/2019:08:50:02 -0300] "GET /cormun/servlet/trpermisosgoce? HTTP/1.1" 200 8670
190.171.142.42 - - [25/Mar/2019:08:50:03 -0300] "GET /cormun/servlet/trpermisosgoce? HTTP/1.1" 200 8662
190.171.142.42 - - [25/Mar/2019:08:50:07 -0300] "POST /cormun/servlet/trpermisosgoce?00c45f1083ad2d9e3bb2e356ce9fcfca,,gx-no-cache=1553514386583 HTTP/1.1" 200 5798
190.171.142.42 - - [25/Mar/2019:08:50:07 -0300] "GET /cormun/static/Shared/jqueryui/images/ui-bg_highlight-soft_100_c6c2c8_1x100.png HTTP/1.1" 404 1117
190.171.142.42 - - [25/Mar/2019:08:50:07 -0300] "GET /cormun/static/Shared/jqueryui/images/ui-icons_82798d_256x240.png HTTP/1.1" 404 1089
190.171.142.42 - - [25/Mar/2019:08:50:07 -0300] "GET /cormun/static/Shared/jqueryui/images/ui-bg_flat_55_fafafa_40x100.png HTTP/1.1" 404 1097
190.171.142.42 - - [25/Mar/2019:08:50:07 -0300] "GET /cormun/static/Shared/jqueryui/images/ui-icons_8d78a5_256x240.png HTTP/1.1" 404 1089
186.103.159.204 - - [25/Mar/2019:08:50:12 -0300] "GET /cormun/servlet/solicitudot?497557b90d91bacb05ca947c75955ae5d641803610105788f00ff431b71f825236b6ff93a11d68507e226164bf4b2b604417421a9e6589996e94ca8a4269e846,gx-no-cache=1553514391841 HTTP/1.1" 200 30
186.103.159.204 - - [25/Mar/2019:08:50:12 -0300] "GET /cormun/servlet/solicitudot?497557b90d91bacb05ca947c75955ae56dde4473dea561bc962563df16d52e52205b25f1acf0855b31ca3eba8b990fd9d5923ffd300f9902cfcd03aec431d3bf7af1d4bfeec6b95910528b74059b762cc49e05014bebe41e0fb3bd8eff9c9adfc892b41ee2c0543fe6ac46e87f8947c93f631668948588986efd05676e2c5a149c4d1f65c42c72a0d1a9e0dd10199787a32571397ce4e66adc4cfea686c833f7dea40914d20e7f08a36be89378e93bfdae14b0d84b4f5436d4495069af6f18cf83672474801ccb63d0f8407516d683c4b11c6eaa1a793c53153a29f9dddbc82fe9dc0c5bf1f6e251c22623662e8e8dc8307e19a7ade8ff5ec65b61f4246dc45eb6e9d29b08507d5d1976c8d7b6278eaf02ac98404b8791585fb83b49ed7d0d579a38fad2f760a289112de1b706ced49bee62bf63d72271a18f4adb724209090fb62038418544125e041263e6235efc088a9cad9ed4c7c2e289c0a1dc9cf62ec944b54fd3927ef033af52e3b9ef00ef80035b4556e84f7058fe278499cf11d187,gx-no-cache=1553514391916 HTTP/1.1" 200 30
186.103.159.204 - - [25/Mar/2019:08:50:12 -0300] "POST /cormun/servlet/solicitudot?gx-no-cache=1553514392269 HTTP/1.1" 200 30
186.103.159.204 - - [25/Mar/2019:08:50:13 -0300] "POST /cormun/servlet/solicitudot?gx-no-cache=1553514392296 HTTP/1.1" 200 1287
186.103.159.204 - - [25/Mar/2019:08:50:13 -0300] "POST /cormun/servlet/solicitudot?gx-no-cache=1553514392344 HTTP/1.1" 200 40
186.103.159.204 - - [25/Mar/2019:08:50:13 -0300] "GET /cormun/servlet/solicitudot?497557b90d91bacb05ca947c75955ae5da85dd22e92f988a0bc30a94a712e7cbb9d6496c3edc978c09d8f2627e4cb8c1caecaa1569721db9e4a2928fe46577a6611641a9619e1b8bb8e10f230748b0b52d78a7da17d0aca3b3798e5db40fe42466ad0abfeba8a19975b395cdf73f5a86,gx-no-cache=1553514392366 HTTP/1.1" 200 110
186.103.159.204 - - [25/Mar/2019:08:50:13 -0300] "POST /cormun/servlet/solicitudot?gx-no-cache=1553514392423 HTTP/1.1" 200 109
186.103.159.204 - - [25/Mar/2019:08:50:13 -0300] "GET /cormun/servlet/solicitudot?497557b90d91bacb05ca947c75955ae56b80d3745c2e2e687529327039a0c39206dc95ff6c4a3448f48a9619fb6f0e08,gx-no-cache=1553514392474 HTTP/1.1" 200 30
186.103.159.204 - - [25/Mar/2019:08:50:13 -0300] "POST /cormun/servlet/solicitudot?gx-no-cache=1553514392511 HTTP/1.1" 200 30
186.103.159.204 - - [25/Mar/2019:08:50:13 -0300] "POST /cormun/servlet/solicitudot?8846018635b4edec698b327a7d157545,INS,0,0,,gx-no-cache=1553514392540 HTTP/1.1" 200 93
186.103.159.204 - - [25/Mar/2019:08:50:13 -0300] "GET /cormun/servlet/hpexe_return? HTTP/1.1" 200 1010
186.103.159.204 - - [25/Mar/2019:08:50:14 -0300] "GET /cormun/servlet/trsolicitudot HTTP/1.1" 200 9505
186.103.159.204 - - [25/Mar/2019:08:50:14 -0300] "GET /cormun/servlet/trsolicitudot HTTP/1.1" 200 9501
186.103.159.204 - - [25/Mar/2019:08:50:45 -0300] "GET /cormun/servlet/solicitudot?INS,0,0, HTTP/1.1" 200 14873
186.103.159.204 - - [25/Mar/2019:08:50:46 -0300] "GET /cormun/servlet/solicitudot?INS,0,0, HTTP/1.1" 200 14878
186.103.159.204 - - [25/Mar/2019:08:51:19 -0300] "POST /cormun/servlet/solicitudot?gx-no-cache=1553514458294 HTTP/1.1" 200 3572
186.103.159.204 - - [25/Mar/2019:08:51:19 -0300] "POST /cormun/servlet/solicitudot?8846018635b4edec698b327a7d157545,INS,0,0,,gx-no-cache=1553514458797 HTTP/1.1" 200 11752
186.103.159.204 - - [25/Mar/2019:08:51:48 -0300] "GET /cormun/servlet/solicitudot?497557b90d91bacb05ca947c75955ae52364fe3e27a98a2ee7abcd9f899bc5db05969f8e737e4548e38d069f3b467103,gx-no-cache=1553514488182 HTTP/1.1" 200 30
186.103.159.204 - - [25/Mar/2019:08:51:49 -0300] "GET /cormun/servlet/solicitudot?497557b90d91bacb05ca947c75955ae5c7a06b53b533ee22c5671e78c3ad46d1051a3ce5edf2054da1374ba6902e63d4,gx-no-cache=1553514488289 HTTP/1.1" 200 30
186.103.159.204 - - [25/Mar/2019:08:51:49 -0300] "GET /cormun/servlet/solicitudot?497557b90d91bacb05ca947c75955ae58fb82c6819c4062be0df27f21fd91df0,gx-no-cache=1553514488342 HTTP/1.1" 200 53
186.103.159.204 - - [25/Mar/2019:08:51:49 -0300] "POST /cormun/servlet/solicitudot?gx-no-cache=1553514488443 HTTP/1.1" 200 256
186.103.159.204 - - [25/Mar/2019:08:51:49 -0300] "GET /cormun/servlet/solicitudot?497557b90d91bacb05ca947c75955ae56dde4473dea561bc962563df16d52e52205b25f1acf0855b31ca3eba8b990fd9d5923ffd300f9902cfcd03aec431d3bf7af1d4bfeec6b95910528b74059b762cc49e05014bebe41e0fb3bd8eff9c9adfc892b41ee2c0543fe6ac46e87f8947c93f631668948588986efd05676e2c5a149c4d1f65c42c72a0d1a9e0dd10199787a32571397ce4e66adc4cfea686c833f7dea40914d20e7f08a36be89378e93bfdae14b0d84b4f5436d4495069af6f18cf83672474801ccb63d0f8407516d683c4b11c6eaa1a793c53153a29f9dddbc82fe9dc0c5bf1f6e251c22623662e8e8dc8307e19a7ade8ff5ec65b61f4246dc45eb6e9d29b08507d5d1976c8d7b6278eaf02ac98404b8791585fb83b49ed7d0d579a38fad2f760a289112de1b706ced49bee62bf63d72271a18f4adb724209090fb62038418544125e041263e6235efc088a9cad9ed4c7c2e289c0a1dc9cf62ec944b54fd3927ef033af52e3b9ef00ef80505a9828de7369d2ec2efb2416337cf2,gx-no-cache=1553514488580 HTTP/1.1" 200 30
186.103.159.204 - - [25/Mar/2019:08:51:49 -0300] "POST /cormun/servlet/solicitudot?gx-no-cache=1553514488926 HTTP/1.1" 200 30
186.103.159.204 - - [25/Mar/2019:08:51:49 -0300] "POST /cormun/servlet/solicitudot?gx-no-cache=1553514489018 HTTP/1.1" 200 1289
186.103.159.204 - - [25/Mar/2019:08:51:49 -0300] "POST /cormun/servlet/solicitudot?gx-no-cache=1553514489130 HTTP/1.1" 200 38
192.168.10.96 - - [25/Mar/2019:08:52:41 -0300] "GET /cormun/servlet/trsolicitudgral? HTTP/1.1" 200 9290
192.168.10.96 - - [25/Mar/2019:08:52:42 -0300] "GET /cormun/servlet/trsolicitudgral? HTTP/1.1" 200 9290
186.103.159.204 - - [25/Mar/2019:08:52:45 -0300] "GET /cormun/servlet/solicitudot?497557b90d91bacb05ca947c75955ae5da85dd22e92f988a0bc30a94a712e7cbb9d6496c3edc978c09d8f2627e4cb8c1caecaa1569721db9e4a2928fe46577a6611641a9619e1b8bb8e10f230748b0b52d78a7da17d0aca3b3798e5db40fe42466ad0abfeba8a19975b395cdf73f5a86,gx-no-cache=1553514544182 HTTP/1.1" 200 110
186.103.159.204 - - [25/Mar/2019:08:52:45 -0300] "POST /cormun/servlet/solicitudot?gx-no-cache=1553514544406 HTTP/1.1" 200 110
192.168.10.96 - - [25/Mar/2019:08:52:49 -0300] "POST /cormun/servlet/trsolicitudgral?b4f962daa74fcfc5d672719194deb928,,gx-no-cache=1553521572100 HTTP/1.1" 200 9707
186.103.159.204 - - [25/Mar/2019:08:52:54 -0300] "GET /cormun/servlet/solicitudot?497557b90d91bacb05ca947c75955ae5f6bca63ed97cd5f65f1b8989a8e0e1298339922936b69b137d132a4571845b063e2ded265b3325ef7094dc8e2edb26f5d051ac6d05e1fbfc1273e187b347e42cdfa366cfbf73233f9d92e4e9e044569bfba9529c00ed7f172cb99e111a6f5755,gx-no-cache=1553514554156 HTTP/1.1" 200 29
186.103.159.204 - - [25/Mar/2019:08:52:54 -0300] "GET /cormun/static/menuarrow.gif HTTP/1.1" 404 1015
192.168.10.96 - - [25/Mar/2019:08:53:02 -0300] "POST /cormun/servlet/trsolicitudgral?b4f962daa74fcfc5d672719194deb928,,gx-no-cache=1553521585331 HTTP/1.1" 200 5963
192.168.10.96 - - [25/Mar/2019:08:53:03 -0300] "POST /cormun/servlet/trsolicitudgral?b4f962daa74fcfc5d672719194deb928,,gx-no-cache=1553521586154 HTTP/1.1" 200 5964
186.103.159.204 - - [25/Mar/2019:08:53:05 -0300] "GET /cormun/servlet/solicitudot?497557b90d91bacb05ca947c75955ae56b80d3745c2e2e687529327039a0c39260cec02d0c45d920f0a26c1dab339d5d,gx-no-cache=1553514565178 HTTP/1.1" 200 30
192.168.10.96 - - [25/Mar/2019:08:53:13 -0300] "POST /cormun/servlet/trsolicitudgral?b4f962daa74fcfc5d672719194deb928,,gx-no-cache=1553521596109 HTTP/1.1" 200 9708
192.168.10.96 - - [25/Mar/2019:08:53:18 -0300] "POST /cormun/servlet/trsolicitudgral?b4f962daa74fcfc5d672719194deb928,,gx-no-cache=1553521599499 HTTP/1.1" 200 25562
186.103.159.204 - - [25/Mar/2019:08:53:18 -0300] "POST /cormun/servlet/solicitudot?gx-no-cache=1553514577959 HTTP/1.1" 200 30
192.168.10.89 - - [25/Mar/2019:08:53:27 -0300] "GET /cormun/servlet/trsolicitudgral? HTTP/1.1" 200 9720
186.103.159.204 - - [25/Mar/2019:08:53:33 -0300] "POST /cormun/servlet/solicitudot?8846018635b4edec698b327a7d157545,INS,0,0,,gx-no-cache=1553514592429 HTTP/1.1" 200 12126
186.103.159.204 - - [25/Mar/2019:08:53:33 -0300] "GET /cormun/static/Shared/jqueryui/images/ui-bg_highlight-soft_100_c6c2c8_1x100.png HTTP/1.1" 404 1117
186.103.159.204 - - [25/Mar/2019:08:53:33 -0300] "GET /cormun/static/Shared/jqueryui/images/ui-icons_82798d_256x240.png HTTP/1.1" 404 1089
186.103.159.204 - - [25/Mar/2019:08:53:33 -0300] "GET /cormun/static/Shared/jqueryui/images/ui-bg_flat_55_994d53_40x100.png HTTP/1.1" 404 1097
186.103.159.204 - - [25/Mar/2019:08:53:33 -0300] "GET /cormun/static/Shared/jqueryui/images/ui-icons_ebccce_256x240.png HTTP/1.1" 404 1089
192.168.10.89 - - [25/Mar/2019:08:53:33 -0300] "POST /cormun/servlet/trsolicitudgral?5bb9a46e442489e0d78ee6df6b32c755,,gx-no-cache=1553521615884 HTTP/1.1" 200 6655
186.103.158.250 - - [25/Mar/2019:08:54:20 -0300] "GET /cormun/servlet/prcontratosol?16882955,,,,,MD,,gxPopupLevel%3D0%3B HTTP/1.1" 200 8296
186.103.158.250 - - [25/Mar/2019:08:54:40 -0300] "POST /cormun/servlet/solicitudot?gx-no-cache=1553518262478 HTTP/1.1" 200 1290
186.103.158.250 - - [25/Mar/2019:08:54:40 -0300] "POST /cormun/servlet/solicitudot?gx-no-cache=1553518262771 HTTP/1.1" 200 41
186.103.158.250 - - [25/Mar/2019:08:54:40 -0300] "GET /cormun/servlet/solicitudot?0a47d06bb248792c9c6c055333cf11a5b614fa435ca3dc8525e43bca641fe7edbe40f5db3fdaf1cded2eab69e8ef13e948e40d1988abbfcabc001b22b8a603a250bd342ebeb71c3cf1aded0bec5f26c7f5df158fc48774393db3c024cd1407f629301d1db445c143598aa76d312fdbe7,gx-no-cache=1553518262862 HTTP/1.1" 200 110
186.103.158.250 - - [25/Mar/2019:08:54:40 -0300] "POST /cormun/servlet/solicitudot?gx-no-cache=1553518262953 HTTP/1.1" 200 105
186.103.158.250 - - [25/Mar/2019:08:54:40 -0300] "GET /cormun/servlet/solicitudot?0a47d06bb248792c9c6c055333cf11a554b49d1921b643dd991da9f0f7d93dd960b3c3ef9d16e5e89e17b42848bed27e,gx-no-cache=1553518263062 HTTP/1.1" 200 30
186.103.158.250 - - [25/Mar/2019:08:56:01 -0300] "POST /cormun/servlet/solicitudot?gx-no-cache=1553518344056 HTTP/1.1" 200 33
186.103.158.250 - - [25/Mar/2019:08:56:04 -0300] "POST /cormun/servlet/solicitudot?b8c5fe48524a5f27bed9f423c7d28536,INS,0,0,,gx-no-cache=1553518344377 HTTP/1.1" 200 93
186.103.158.250 - - [25/Mar/2019:08:56:04 -0300] "GET /cormun/servlet/hpexe_return? HTTP/1.1" 200 1010
186.103.158.250 - - [25/Mar/2019:08:56:04 -0300] "GET /cormun/static/gxcfg.js?2016101716175148 HTTP/1.1" 200 953
186.103.158.250 - - [25/Mar/2019:08:56:04 -0300] "GET /cormun/static/hpexe_return.js?2016101716175153 HTTP/1.1" 200 1633
186.103.158.250 - - [25/Mar/2019:08:56:05 -0300] "GET /cormun/static/Resources/Spanish/PXTools.css?167811 HTTP/1.1" 200 89042
186.103.158.250 - - [25/Mar/2019:08:56:06 -0300] "GET /cormun/servlet/trsolicitudot HTTP/1.1" 200 8656
186.103.158.250 - - [25/Mar/2019:08:56:07 -0300] "GET /cormun/servlet/trsolicitudot HTTP/1.1" 200 8652
186.103.158.250 - - [25/Mar/2019:08:56:07 -0300] "GET /cormun//static/Resources/PXToolsActionView.png HTTP/1.1" 200 2995
186.103.158.250 - - [25/Mar/2019:08:56:07 -0300] "GET /cormun//static/Resources/PXToolsGridUpdate.png HTTP/1.1" 200 2984
186.103.158.250 - - [25/Mar/2019:08:56:07 -0300] "GET /cormun//static/Resources/PXToolsGridDelete.png HTTP/1.1" 200 357
186.103.158.250 - - [25/Mar/2019:08:56:08 -0300] "GET /cormun//static/Resources/PXTools/ActionInsert.png HTTP/1.1" 200 1482
186.103.158.250 - - [25/Mar/2019:08:56:08 -0300] "GET /cormun//static/Resources/PXToolsRemoveAllAction.png HTTP/1.1" 200 3558
186.103.158.250 - - [25/Mar/2019:08:56:17 -0300] "POST /cormun/servlet/trsolicitudot?b8c5fe48524a5f27bed9f423c7d28536,gx-no-cache=1553518360336 HTTP/1.1" 200 4545
186.103.158.250 - - [25/Mar/2019:08:56:18 -0300] "GET /cormun/static/Shared/jqueryui/images/ui-icons_82798d_256x240.png HTTP/1.1" 404 1089
186.103.158.250 - - [25/Mar/2019:08:56:18 -0300] "GET /cormun/static/Shared/jqueryui/images/ui-bg_highlight-soft_100_c6c2c8_1x100.png HTTP/1.1" 404 1117
186.103.158.250 - - [25/Mar/2019:08:56:18 -0300] "GET /cormun/static/Shared/jqueryui/images/ui-bg_flat_55_fafafa_40x100.png HTTP/1.1" 404 1097
186.103.158.250 - - [25/Mar/2019:08:56:18 -0300] "GET /cormun/static/Shared/jqueryui/images/ui-icons_8d78a5_256x240.png HTTP/1.1" 404 1089
186.103.158.250 - - [25/Mar/2019:08:56:18 -0300] "POST /cormun/servlet/trsolicitudot?b8c5fe48524a5f27bed9f423c7d28536,gx-no-cache=1553518360731 HTTP/1.1" 200 4316
186.103.158.250 - - [25/Mar/2019:08:56:24 -0300] "GET /cormun/servlet/solicitudot?INS,0,0, HTTP/1.1" 200 14888
186.103.158.250 - - [25/Mar/2019:08:56:26 -0300] "GET /cormun/servlet/solicitudot?INS,0,0, HTTP/1.1" 200 14893
186.103.158.250 - - [25/Mar/2019:08:56:41 -0300] "POST /cormun/servlet/solicitudot?gx-no-cache=1553518383856 HTTP/1.1" 200 3569
186.103.158.250 - - [25/Mar/2019:08:56:41 -0300] "POST /cormun/servlet/solicitudot?b8c5fe48524a5f27bed9f423c7d28536,INS,0,0,,gx-no-cache=1553518384281 HTTP/1.1" 200 11747
186.103.158.250 - - [25/Mar/2019:08:57:04 -0300] "GET /cormun/servlet/solicitudot?0a47d06bb248792c9c6c055333cf11a5f6906057af563a23c84cdb0996362a5b7dd965b25a493ada276e1fcad1d8c3a4,gx-no-cache=1553518406584 HTTP/1.1" 200 30
186.103.158.250 - - [25/Mar/2019:08:57:04 -0300] "GET /cormun/servlet/solicitudot?0a47d06bb248792c9c6c055333cf11a5a827ba3e5340c577d4ae90a838e91797d246e88eb82f0ccdbe9e598d641bdb3165a754e3ad3d4142592907a17874cd3623638eb0bbd40f2c3e143facee7d7cb7,gx-no-cache=1553518406646 HTTP/1.1" 200 30
186.103.158.250 - - [25/Mar/2019:08:57:04 -0300] "GET /cormun/servlet/solicitudot?0a47d06bb248792c9c6c055333cf11a5bef4b1bec44f60dbb6d6c5eb5785bf66,gx-no-cache=1553518406717 HTTP/1.1" 200 53
186.103.158.250 - - [25/Mar/2019:08:57:04 -0300] "POST /cormun/servlet/solicitudot?gx-no-cache=1553518406772 HTTP/1.1" 200 255
186.103.158.250 - - [25/Mar/2019:08:57:04 -0300] "GET /cormun/servlet/solicitudot?0a47d06bb248792c9c6c055333cf11a5dd3e730f19ff03b7d9a008289bf983e0774518a492a0ff67bd854c51c64da4c6b98d0659c862ba85fd5a5426b64411a478cb6142b4307bc03f257e3ce4c4675f3151695082f1c3ef13a434ac28cdd520844cbf66e5bad59eadcc8b2157669727fbf133796d04f91bea1697729195c162e232dc2e4f9b6fbf6db4a3d6c8798c1b1fcb8facc3453d91acc365e0cbea8ffa82b0503d8e0cc9e2891a28c7a6933a4d9879d26805cd8eefeb0c41346a26e8301f52363c80a13e3ac7dd8da75c1f59ea1d87a048fdc31d254df3770d6fa3ee0613162cddefc076527bf32327c92e5335b601cd8102e2f6ae3c8bf7b7a612217e9494b654d1b3c2f9ddb1f985c60c7fe58bfda6aab5d9253a682647279e5fdd25efcee6cf7a33e9ff602bc1e9840333fd932d93aebbdf1343a25b97f2248cec58d00e34525a898f7a2d63c03efb423e8ff144da85cd547a9fe3b3c64fd8b3386b36712062c4d14f2b4eaf93527c70e5aef7cc8d8f04d169b3a16a780c1bd9e98f,gx-no-cache=1553518406856 HTTP/1.1" 200 30
186.103.158.250 - - [25/Mar/2019:08:57:04 -0300] "POST /cormun/servlet/solicitudot?gx-no-cache=1553518407247 HTTP/1.1" 200 30
186.103.158.250 - - [25/Mar/2019:08:57:05 -0300] "POST /cormun/servlet/solicitudot?gx-no-cache=1553518407404 HTTP/1.1" 200 1290
186.103.158.250 - - [25/Mar/2019:08:57:05 -0300] "POST /cormun/servlet/solicitudot?gx-no-cache=1553518407675 HTTP/1.1" 200 38
186.103.158.250 - - [25/Mar/2019:08:57:05 -0300] "GET /cormun/servlet/solicitudot?0a47d06bb248792c9c6c055333cf11a5b614fa435ca3dc8525e43bca641fe7edbe40f5db3fdaf1cded2eab69e8ef13e948e40d1988abbfcabc001b22b8a603a250bd342ebeb71c3cf1aded0bec5f26c7f5df158fc48774393db3c024cd1407f629301d1db445c143598aa76d312fdbe7,gx-no-cache=1553518407830 HTTP/1.1" 200 110
186.103.158.250 - - [25/Mar/2019:08:57:15 -0300] "POST /cormun/servlet/solicitudot?gx-no-cache=1553518417602 HTTP/1.1" 200 30
186.103.158.250 - - [25/Mar/2019:08:57:21 -0300] "POST /cormun/servlet/solicitudot?gx-no-cache=1553518423724 HTTP/1.1" 200 30
186.103.158.250 - - [25/Mar/2019:08:57:28 -0300] "GET /cormun/servlet/prcontratosol?13370365,,,,,MD,,gxPopupLevel%3D0%3B HTTP/1.1" 200 9880
186.103.158.250 - - [25/Mar/2019:08:57:32 -0300] "POST /cormun/servlet/solicitudot?gx-no-cache=1553518435254 HTTP/1.1" 200 1290
186.103.158.250 - - [25/Mar/2019:08:57:32 -0300] "POST /cormun/servlet/solicitudot?gx-no-cache=1553518435369 HTTP/1.1" 200 38
186.103.158.250 - - [25/Mar/2019:08:57:32 -0300] "GET /cormun/servlet/solicitudot?0a47d06bb248792c9c6c055333cf11a5b614fa435ca3dc8525e43bca641fe7edbe40f5db3fdaf1cded2eab69e8ef13e948e40d1988abbfcabc001b22b8a603a250bd342ebeb71c3cf1aded0bec5f26c7f5df158fc48774393db3c024cd1407f629301d1db445c143598aa76d312fdbe7,gx-no-cache=1553518435399 HTTP/1.1" 200 110
186.103.158.250 - - [25/Mar/2019:08:57:32 -0300] "POST /cormun/servlet/solicitudot?gx-no-cache=1553518435435 HTTP/1.1" 200 97
186.103.158.250 - - [25/Mar/2019:08:57:32 -0300] "GET /cormun/servlet/solicitudot?0a47d06bb248792c9c6c055333cf11a510a020944ccfce4d7295188dde51544ffbe121a7d154846f51fbffb5906532a0e6db71da70801e9b60e4333eb03e8fde0854dabff7a91db91d9c7e41a8ab4d3fc06228217721bb7b07e0c95427526dd03e88943916b596f2fabaa03815785abc6d4af39ac4fb2bd51153d3c5603260b17c84ae0079a9beee75eb90a9ee9e317a3b0048c005daf2ff424194a986f152e0,gx-no-cache=1553518435483 HTTP/1.1" 200 29
186.103.158.250 - - [25/Mar/2019:08:57:33 -0300] "GET /cormun/servlet/solicitudot?0a47d06bb248792c9c6c055333cf11a554b49d1921b643dd991da9f0f7d93dd960b3c3ef9d16e5e89e17b42848bed27e,gx-no-cache=1553518435536 HTTP/1.1" 200 30
186.103.158.250 - - [25/Mar/2019:08:57:58 -0300] "POST /cormun/servlet/solicitudot?gx-no-cache=1553518461096 HTTP/1.1" 200 72
186.103.158.250 - - [25/Mar/2019:08:58:14 -0300] "POST /cormun/servlet/solicitudot?gx-no-cache=1553518477206 HTTP/1.1" 200 33
186.103.158.250 - - [25/Mar/2019:08:58:27 -0300] "POST /cormun/servlet/solicitudot?b8c5fe48524a5f27bed9f423c7d28536,INS,0,0,,gx-no-cache=1553518489558 HTTP/1.1" 200 93
186.103.158.250 - - [25/Mar/2019:08:58:27 -0300] "GET /cormun/servlet/hpexe_return? HTTP/1.1" 200 1031
186.103.158.250 - - [25/Mar/2019:08:58:27 -0300] "GET /cormun/servlet/trsolicitudot?gx-no-cache=1553518360731 HTTP/1.1" 200 8669
186.103.158.250 - - [25/Mar/2019:08:58:29 -0300] "GET /cormun/servlet/trsolicitudot?gx-no-cache=1553518360731 HTTP/1.1" 200 8687
191.119.41.126 - - [25/Mar/2019:08:58:37 -0300] "GET /cormun/servlet/solicitudot?94ed93c2084645a66a087b0559f0dfe9d637ce7626e79fcfea5e1969c80db010403f853de0afa4401dbc99e85f580b00cf38cabe423a25ba3a55d156a2ff8e2c71057260fc9d2b032f03ab8a3c7aa368d129975ab1ac502a932dfe3cf3a84af0da20c313955821e52573770c2cecff15695ae3f162396c838e32eb6b8060c9cf46f7a2b9f324b52f28340ad87ba1a63ea73632d3af2542da43a042f775b8e52c9f0c55b63cc454e2b3742ffa3ad53b91a07d4ebabf9ecb1ac337cc095b176f639591cb9029366d8d7c7b57a1c53fb22b8959f8bcfc1467616dee7e0594ffe64e9ad02cb29c8ece4618a59551e9f5954c1317c97e16f50efeff6139e5252547479785fef86d5c7718a27f5a55533b02d59a6e7649c6827275c00b4824c334965ddb188af45f9b2f31960e143c999c064ed48140a004f21770a7a69d00202c078a6258785528c77162bc214210de95d88ee21c9fefc1e2fd585de263d16911c5ab29cf02bdc32c46abb55daa9f7e18fe13b75acc09331144169d6bcce89478ea7ae0e063a03c090a44bb4703d10ae76169,gx-no-cache=1553514897872 HTTP/1.1" 200 30
191.119.41.126 - - [25/Mar/2019:08:58:37 -0300] "POST /cormun/servlet/solicitudot?gx-no-cache=1553514898063 HTTP/1.1" 200 30
191.119.41.126 - - [25/Mar/2019:08:58:37 -0300] "POST /cormun/servlet/solicitudot?gx-no-cache=1553514898136 HTTP/1.1" 200 1286
191.119.41.126 - - [25/Mar/2019:08:58:37 -0300] "POST /cormun/servlet/solicitudot?gx-no-cache=1553514898235 HTTP/1.1" 200 41
186.103.158.250 - - [25/Mar/2019:08:58:37 -0300] "POST /cormun/servlet/trsolicitudot?b8c5fe48524a5f27bed9f423c7d28536,gx-no-cache=1553518360731,gx-no-cache=1553518499921 HTTP/1.1" 200 4557
191.119.41.126 - - [25/Mar/2019:08:58:37 -0300] "GET /cormun/servlet/solicitudot?94ed93c2084645a66a087b0559f0dfe9e7df3f9c1d49ef71e477060daea934dc283381569cd3399c2274b55071ca35ba033e61a51947ea150a1150929373092cac615de679105906d7061f20f1a8ccdf6e56b4ad7d4da385ed46f4fa9e327be5c46edef87e0cbd80a0b3a494d327d4ea,gx-no-cache=1553514898433 HTTP/1.1" 200 110
186.103.158.250 - - [25/Mar/2019:08:58:37 -0300] "GET /cormun/static/Shared/jqueryui/images/ui-bg_highlight-soft_100_c6c2c8_1x100.png HTTP/1.1" 404 1117
186.103.158.250 - - [25/Mar/2019:08:58:37 -0300] "GET /cormun/static/Shared/jqueryui/images/ui-icons_82798d_256x240.png HTTP/1.1" 404 1089
186.103.158.250 - - [25/Mar/2019:08:58:37 -0300] "GET /cormun/static/Shared/jqueryui/images/ui-bg_flat_55_fafafa_40x100.png HTTP/1.1" 404 1097
186.103.158.250 - - [25/Mar/2019:08:58:37 -0300] "GET /cormun/static/Shared/jqueryui/images/ui-icons_8d78a5_256x240.png HTTP/1.1" 404 1089
191.119.41.126 - - [25/Mar/2019:08:58:37 -0300] "POST /cormun/servlet/solicitudot?gx-no-cache=1553514898528 HTTP/1.1" 200 83
191.119.41.126 - - [25/Mar/2019:08:58:37 -0300] "GET /cormun/servlet/solicitudot?94ed93c2084645a66a087b0559f0dfe90c15b6b78f1cca21b245c2b78d4384461d743e2ee4fbf97f208841f3e0a84b11,gx-no-cache=1553514898719 HTTP/1.1" 200 30
186.103.158.250 - - [25/Mar/2019:08:58:37 -0300] "POST /cormun/servlet/trsolicitudot?b8c5fe48524a5f27bed9f423c7d28536,gx-no-cache=1553518360731,gx-no-cache=1553518500413 HTTP/1.1" 200 4316
191.119.41.126 - - [25/Mar/2019:08:58:37 -0300] "POST /cormun/servlet/solicitudot?gx-no-cache=1553514898786 HTTP/1.1" 200 30
186.103.158.250 - - [25/Mar/2019:08:58:39 -0300] "GET /cormun/servlet/solicitudot?INS,0,0, HTTP/1.1" 200 14912
186.103.158.250 - - [25/Mar/2019:08:58:41 -0300] "GET /cormun/servlet/solicitudot?INS,0,0, HTTP/1.1" 200 14894
186.103.158.250 - - [25/Mar/2019:08:59:09 -0300] "POST /cormun/servlet/solicitudot?gx-no-cache=1553518532108 HTTP/1.1" 200 3576
186.103.158.250 - - [25/Mar/2019:08:59:10 -0300] "POST /cormun/servlet/solicitudot?b8c5fe48524a5f27bed9f423c7d28536,INS,0,0,,gx-no-cache=1553518532457 HTTP/1.1" 200 11794
190.171.143.106 - - [25/Mar/2019:08:59:15 -0300] "POST /cormun/servlet/solicitudot?68c0399e0627f34408842c11f882f4db,INS,0,0,,gx-no-cache=1553514935859 HTTP/1.1" 200 12025
186.103.158.250 - - [25/Mar/2019:08:59:19 -0300] "GET /cormun/servlet/solicitudot?0a47d06bb248792c9c6c055333cf11a59dae2ca68d1745bb8c6085ec83cb637223638eb0bbd40f2c3e143facee7d7cb7,gx-no-cache=1553518541675 HTTP/1.1" 200 30
186.103.158.250 - - [25/Mar/2019:08:59:19 -0300] "GET /cormun/servlet/solicitudot?0a47d06bb248792c9c6c055333cf11a52ee1cbde18d587dbcb7fee972ffb6ee4e71ad52ba4ad7bbf30dce9eb646ea626f8eb3fe0408641510dca8f1c303d5cff,gx-no-cache=1553518541764 HTTP/1.1" 200 30
186.103.158.250 - - [25/Mar/2019:08:59:19 -0300] "GET /cormun/servlet/solicitudot?0a47d06bb248792c9c6c055333cf11a5e6a26c1ae0319ab96b97c30c57b493a5,gx-no-cache=1553518541827 HTTP/1.1" 200 51
186.103.158.250 - - [25/Mar/2019:08:59:19 -0300] "POST /cormun/servlet/solicitudot?gx-no-cache=1553518541880 HTTP/1.1" 200 255
186.103.158.250 - - [25/Mar/2019:08:59:19 -0300] "GET /cormun/servlet/solicitudot?0a47d06bb248792c9c6c055333cf11a5dd3e730f19ff03b7d9a008289bf983e0774518a492a0ff67bd854c51c64da4c6b98d0659c862ba85fd5a5426b64411a478cb6142b4307bc03f257e3ce4c4675f3151695082f1c3ef13a434ac28cdd520844cbf66e5bad59eadcc8b2157669727fbf133796d04f91bea1697729195c162e232dc2e4f9b6fbf6db4a3d6c8798c1b1fcb8facc3453d91acc365e0cbea8ffa82b0503d8e0cc9e2891a28c7a6933a4d9879d26805cd8eefeb0c41346a26e8301f52363c80a13e3ac7dd8da75c1f59ea1d87a048fdc31d254df3770d6fa3ee0613162cddefc076527bf32327c92e5335b601cd8102e2f6ae3c8bf7b7a612217e9494b654d1b3c2f9ddb1f985c60c7fe58bfda6aab5d9253a682647279e5fdd25efcee6cf7a33e9ff602bc1e9840333fd932d93aebbdf1343a25b97f2248cec58d00e34525a898f7a2d63c03efb423e8ff144da85cd547a9fe3b3c64fd8b3386b36712062c4d14f2b4eaf93527c70e5aef7cc8d8f04d169b3a16a780c1bd9e98f,gx-no-cache=1553518541932 HTTP/1.1" 200 30
186.103.158.250 - - [25/Mar/2019:08:59:22 -0300] "POST /cormun/servlet/solicitudot?gx-no-cache=1553518544621 HTTP/1.1" 200 30
186.103.158.250 - - [25/Mar/2019:08:59:24 -0300] "GET /cormun/servlet/prcontratosol?8144635,,,,,MD,,gxPopupLevel%3D0%3B HTTP/1.1" 200 9266
186.103.158.250 - - [25/Mar/2019:08:59:28 -0300] "POST /cormun/servlet/solicitudot?gx-no-cache=1553518550571 HTTP/1.1" 200 1289
186.103.158.250 - - [25/Mar/2019:08:59:28 -0300] "POST /cormun/servlet/solicitudot?gx-no-cache=1553518550668 HTTP/1.1" 200 38
186.103.158.250 - - [25/Mar/2019:08:59:28 -0300] "GET /cormun/servlet/solicitudot?0a47d06bb248792c9c6c055333cf11a5b614fa435ca3dc8525e43bca641fe7edbe40f5db3fdaf1cded2eab69e8ef13e948e40d1988abbfcabc001b22b8a603a250bd342ebeb71c3cf1aded0bec5f26c7f5df158fc48774393db3c024cd1407f629301d1db445c143598aa76d312fdbe7,gx-no-cache=1553518550703 HTTP/1.1" 200 110
186.103.158.250 - - [25/Mar/2019:08:59:28 -0300] "POST /cormun/servlet/solicitudot?gx-no-cache=1553518550742 HTTP/1.1" 200 72
186.103.158.250 - - [25/Mar/2019:08:59:28 -0300] "GET /cormun/servlet/solicitudot?0a47d06bb248792c9c6c055333cf11a510a020944ccfce4d7295188dde51544ffbe121a7d154846f51fbffb5906532a0e6db71da70801e9b60e4333eb03e8fde0854dabff7a91db91d9c7e41a8ab4d3fc06228217721bb7b07e0c95427526dd03e88943916b596f2fabaa03815785abc6d4af39ac4fb2bd51153d3c5603260b17c84ae0079a9beee75eb90a9ee9e317a3b0048c005daf2ff424194a986f152e0,gx-no-cache=1553518550782 HTTP/1.1" 200 29
186.103.158.250 - - [25/Mar/2019:08:59:28 -0300] "GET /cormun/servlet/solicitudot?0a47d06bb248792c9c6c055333cf11a554b49d1921b643dd991da9f0f7d93dd960b3c3ef9d16e5e89e17b42848bed27e,gx-no-cache=1553518550826 HTTP/1.1" 200 30
186.103.158.250 - - [25/Mar/2019:08:59:30 -0300] "POST /cormun/servlet/solicitudot?gx-no-cache=1553518552537 HTTP/1.1" 200 33
190.171.143.106 - - [25/Mar/2019:08:59:38 -0300] "POST /cormun/servlet/solicitudot?gx-no-cache=1553514959041 HTTP/1.1" 200 3641
186.103.158.250 - - [25/Mar/2019:08:59:45 -0300] "GET /cormun/servlet/solicitudot?0a47d06bb248792c9c6c055333cf11a554b49d1921b643dd991da9f0f7d93dd960b3c3ef9d16e5e89e17b42848bed27e,gx-no-cache=1553518568055 HTTP/1.1" 200 30
186.103.158.250 - - [25/Mar/2019:08:59:45 -0300] "POST /cormun/servlet/solicitudot?gx-no-cache=1553518568098 HTTP/1.1" 200 33
186.103.158.250 - - [25/Mar/2019:08:59:46 -0300] "POST /cormun/servlet/solicitudot?b8c5fe48524a5f27bed9f423c7d28536,INS,0,0,,gx-no-cache=1553518568178 HTTP/1.1" 200 93
186.103.158.250 - - [25/Mar/2019:08:59:46 -0300] "GET /cormun/servlet/hpexe_return? HTTP/1.1" 200 1031
186.103.158.250 - - [25/Mar/2019:08:59:46 -0300] "GET /cormun/servlet/trsolicitudot?gx-no-cache=1553518360731 HTTP/1.1" 200 8665
186.103.158.250 - - [25/Mar/2019:08:59:48 -0300] "GET /cormun/servlet/trsolicitudot?gx-no-cache=1553518360731 HTTP/1.1" 200 8683
186.103.158.250 - - [25/Mar/2019:08:59:52 -0300] "POST /cormun/servlet/trsolicitudot?b8c5fe48524a5f27bed9f423c7d28536,gx-no-cache=1553518360731,gx-no-cache=1553518574533 HTTP/1.1" 200 4554
186.103.158.250 - - [25/Mar/2019:08:59:52 -0300] "GET /cormun/static/Shared/jqueryui/images/ui-bg_highlight-soft_100_c6c2c8_1x100.png HTTP/1.1" 404 1117
186.103.158.250 - - [25/Mar/2019:08:59:52 -0300] "GET /cormun/static/Shared/jqueryui/images/ui-icons_82798d_256x240.png HTTP/1.1" 404 1089
186.103.158.250 - - [25/Mar/2019:08:59:52 -0300] "GET /cormun/static/Shared/jqueryui/images/ui-bg_flat_55_fafafa_40x100.png HTTP/1.1" 404 1097
186.103.158.250 - - [25/Mar/2019:08:59:52 -0300] "GET /cormun/static/Shared/jqueryui/images/ui-icons_8d78a5_256x240.png HTTP/1.1" 404 1089
186.103.158.250 - - [25/Mar/2019:08:59:52 -0300] "POST /cormun/servlet/trsolicitudot?b8c5fe48524a5f27bed9f423c7d28536,gx-no-cache=1553518360731,gx-no-cache=1553518575013 HTTP/1.1" 200 4316
192.168.10.89 - - [25/Mar/2019:09:00:10 -0300] "POST /cormun/servlet/trsolicitudgral?5bb9a46e442489e0d78ee6df6b32c755,,gx-no-cache=1553522012639 HTTP/1.1" 200 6952
192.168.10.89 - - [25/Mar/2019:09:00:28 -0300] "POST /cormun/servlet/trsolicitudgral?5bb9a46e442489e0d78ee6df6b32c755,,gx-no-cache=1553522030940 HTTP/1.1" 200 6994
192.168.10.89 - - [25/Mar/2019:09:00:28 -0300] "GET /cormun/static/Shared/jqueryui/images/ui-icons_82798d_256x240.png HTTP/1.1" 404 1089
192.168.10.89 - - [25/Mar/2019:09:00:28 -0300] "GET /cormun/static/Shared/jqueryui/images/ui-bg_flat_55_fafafa_40x100.png HTTP/1.1" 404 1097
192.168.10.89 - - [25/Mar/2019:09:00:28 -0300] "GET /cormun/static/Shared/jqueryui/images/ui-icons_8d78a5_256x240.png HTTP/1.1" 404 1089
192.168.10.89 - - [25/Mar/2019:09:00:29 -0300] "GET /cormun/static/Shared/jqueryui/images/ui-bg_highlight-soft_100_c6c2c8_1x100.png HTTP/1.1" 404 1117
192.168.10.89 - - [25/Mar/2019:09:00:30 -0300] "POST /cormun/servlet/trsolicitudgral?5bb9a46e442489e0d78ee6df6b32c755,,gx-no-cache=1553522032407 HTTP/1.1" 200 116
192.168.10.89 - - [25/Mar/2019:09:00:30 -0300] "GET /cormun/servlet/solicitudotlog?INS,2019,14023,0,REC, HTTP/1.1" 200 5618
192.168.10.89 - - [25/Mar/2019:09:00:31 -0300] "GET /cormun/servlet/solicitudotlog?0471cb23c7fc9f18eae3d8aa1dbd588506c2028362d4a7cf9330174c5ee7e4c4f1278b2e0c9184f7bb6b5cd98335a18ca24a046a6026959568b01537250d89d8be42581e99c21d8e0915f71175ae2a743aaa3c1355eebf0dcc4c48dfd70115b14a15ef2e07cbc70626260dc359bfee164457f3ae6606a4200a36679eae96f8c8ca727070ba53953b230ef9b12635798779cfca5902428c836c60582ae7c943f8,gx-no-cache=1553522033571 HTTP/1.1" 200 94
192.168.10.89 - - [25/Mar/2019:09:00:34 -0300] "POST /cormun/servlet/solicitudotlog?5bb9a46e442489e0d78ee6df6b32c755,INS,2019,14023,0,REC,,gx-no-cache=1553522036414 HTTP/1.1" 200 93
192.168.10.89 - - [25/Mar/2019:09:00:34 -0300] "GET /cormun/servlet/hpexe_return? HTTP/1.1" 200 1016
192.168.10.89 - - [25/Mar/2019:09:00:34 -0300] "GET /cormun/servlet/trsolicitudgral? HTTP/1.1" 200 10009
192.168.10.89 - - [25/Mar/2019:09:00:37 -0300] "GET /cormun/servlet/trautorizarot? HTTP/1.1" 200 8151
192.168.10.89 - - [25/Mar/2019:09:00:43 -0300] "POST /cormun/servlet/trautorizarot?5bb9a46e442489e0d78ee6df6b32c755,,gx-no-cache=1553522045394 HTTP/1.1" 200 5177
192.168.10.89 - - [25/Mar/2019:09:00:45 -0300] "POST /cormun/servlet/trautorizarot?5bb9a46e442489e0d78ee6df6b32c755,,gx-no-cache=1553522047888 HTTP/1.1" 200 5178
192.168.10.89 - - [25/Mar/2019:09:00:49 -0300] "GET /cormun/servlet/trsolicitudgral? HTTP/1.1" 200 10005
192.168.10.89 - - [25/Mar/2019:09:00:56 -0300] "GET /cormun/servlet/trautorizarot? HTTP/1.1" 200 8155
192.168.10.89 - - [25/Mar/2019:09:01:01 -0300] "POST /cormun/servlet/trautorizarot?5bb9a46e442489e0d78ee6df6b32c755,,gx-no-cache=1553522063526 HTTP/1.1" 200 6569
192.168.10.89 - - [25/Mar/2019:09:01:03 -0300] "POST /cormun/servlet/trautorizarot?5bb9a46e442489e0d78ee6df6b32c755,,gx-no-cache=1553522065585 HTTP/1.1" 200 5364
190.171.143.106 - - [25/Mar/2019:09:01:06 -0300] "GET /cormun/servlet/hlogin HTTP/1.1" 200 1716
190.171.143.106 - - [25/Mar/2019:09:01:09 -0300] "POST /cormun/servlet/hlogin?68c0399e0627f34408842c11f882f4db,gx-no-cache=1553515049739 HTTP/1.1" 200 90
190.171.143.106 - - [25/Mar/2019:09:01:09 -0300] "GET /cormun/servlet/hpexe_link HTTP/1.1" 200 956
190.171.143.106 - - [25/Mar/2019:09:01:09 -0300] "GET /cormun/servlet/solicitudot?INS,0,0, HTTP/1.1" 200 14923
190.171.143.106 - - [25/Mar/2019:09:01:10 -0300] "GET /cormun/servlet/solicitudot?INS,0,0, HTTP/1.1" 200 14926
190.171.143.106 - - [25/Mar/2019:09:01:31 -0300] "POST /cormun/servlet/solicitudot?gx-no-cache=1553515071998 HTTP/1.1" 200 3608
190.171.143.106 - - [25/Mar/2019:09:01:31 -0300] "GET /cormun/static/Shared/jqueryui/images/ui-bg_highlight-soft_100_c6c2c8_1x100.png HTTP/1.1" 404 1117
190.171.143.106 - - [25/Mar/2019:09:01:31 -0300] "GET /cormun/static/Shared/jqueryui/images/ui-icons_82798d_256x240.png HTTP/1.1" 404 1089
190.171.143.106 - - [25/Mar/2019:09:01:31 -0300] "GET /cormun/static/Shared/jqueryui/images/ui-bg_flat_55_994d53_40x100.png HTTP/1.1" 404 1097
190.171.143.106 - - [25/Mar/2019:09:01:31 -0300] "GET /cormun/static/Shared/jqueryui/images/ui-icons_ebccce_256x240.png HTTP/1.1" 404 1089
192.168.10.89 - - [25/Mar/2019:09:01:35 -0300] "GET /cormun/servlet/trsolicitudgral? HTTP/1.1" 200 10003
190.171.143.106 - - [25/Mar/2019:09:01:40 -0300] "GET /cormun/servlet/trsolicitudot? HTTP/1.1" 200 11942
192.168.10.89 - - [25/Mar/2019:09:01:40 -0300] "POST /cormun/servlet/trsolicitudgral?5bb9a46e442489e0d78ee6df6b32c755,,gx-no-cache=1553522102637 HTTP/1.1" 200 5278
190.171.143.106 - - [25/Mar/2019:09:01:40 -0300] "GET /cormun/servlet/trsolicitudot? HTTP/1.1" 200 11936
190.171.143.106 - - [25/Mar/2019:09:01:44 -0300] "GET /cormun/servlet/solicitudot?INS,0,0, HTTP/1.1" 200 14922
190.171.143.106 - - [25/Mar/2019:09:01:44 -0300] "GET /cormun/servlet/solicitudot?INS,0,0, HTTP/1.1" 200 14926
192.168.10.89 - - [25/Mar/2019:09:01:46 -0300] "POST /cormun/servlet/trsolicitudgral?5bb9a46e442489e0d78ee6df6b32c755,,gx-no-cache=1553522108986 HTTP/1.1" 200 5272
