186.79.110.232 - - [25/Mar/2019:11:58:32 -0300] "GET /cormun/servlet/solicitudot?3b8cbfb9584d25f504cc4b49c1b60512315335a3d98115e3c3168ddcde52bcb42cfa5ace68512c2e6500c4c7884f7e83de8c246607bddef8193d32f2f5b90caecbf5ea381162790c238cf5d930a70d56e97e35ad95245cca794c66fd5fabe7dcd44c03986d2fddd4e9a9b877cb4df7e7b6f0ca658e43c2d4279159e173d225d7f6c9c8dcdc139f49a613d60e2ab43ba4154f5d2b4f74a23a9b98581a77ad5728a5e1569c46fd51fbbc5a0055030e1cb4398de7f334eff84b6a265543ff7f9f8498a6218dd683d566a8d83e0ffb6cd60d5e46237b2e008b8ed5a74a8b3115c7d6dd653c6c64f5f708f7721c82ee0f9adaa501d1de433aa680777bdba4bfa18fba7539fd2a76ebcebd0fa80fc9ab00e855667ff634312e171b8331182761379eb32cf85ce7d6b827cd27cd4aec8e98fb1b350eb98cf6e0097135c4d0792a02c9dac039ec78c7599584f0b583cfa3c3a26619d905a20184b6b80e55450ba1998e08acbbba2577ddab73f80e6e593df4b5a2d72bc0f03a8b9d8edb35317a552560221be2d12c3d8a80ce6b5d48a0b164ef7d,gx-no-cache=1553525693301 HTTP/1.1" 200 30
186.79.110.232 - - [25/Mar/2019:11:58:41 -0300] "POST /cormun/servlet/solicitudot?gx-no-cache=1553525702896 HTTP/1.1" 200 30
186.79.110.232 - - [25/Mar/2019:11:58:43 -0300] "POST /cormun/servlet/solicitudot?gx-no-cache=1553525704456 HTTP/1.1" 200 1285
186.79.110.232 - - [25/Mar/2019:11:58:43 -0300] "POST /cormun/servlet/solicitudot?gx-no-cache=1553525704647 HTTP/1.1" 200 38
186.79.110.232 - - [25/Mar/2019:11:58:57 -0300] "GET /cormun/servlet/solicitudot?3b8cbfb9584d25f504cc4b49c1b6051290d29b2dff9b1eb1bd08b71067ca853f5962c118a72d0b5d23ddc9cfc12f93f38ac90684f01a597c65398867fe2c9a39c3ebdd0e0af061af20072c6819ec099c649d4f8aafd315e8c6e4b2f41aad0cafa7ae6dd3945cb17fe31257bd5d0f9916,gx-no-cache=1553525717983 HTTP/1.1" 200 110
186.79.110.232 - - [25/Mar/2019:11:59:01 -0300] "POST /cormun/servlet/solicitudot?gx-no-cache=1553525722018 HTTP/1.1" 200 110
192.168.10.96 - - [25/Mar/2019:12:01:59 -0300] "GET /cormun/servlet/trsolicitudgral? HTTP/1.1" 500 10
192.168.10.96 - - [25/Mar/2019:12:02:02 -0300] "GET /cormun/servlet/hlogin HTTP/1.1" 200 1722
192.168.10.96 - - [25/Mar/2019:12:02:09 -0300] "POST /cormun/servlet/hlogin?23188359e733e68561b8b8ec48a4a086,gx-no-cache=1553532931416 HTTP/1.1" 200 90
192.168.10.96 - - [25/Mar/2019:12:02:09 -0300] "GET /cormun/servlet/hpexe_link HTTP/1.1" 200 950
192.168.10.96 - - [25/Mar/2019:12:02:09 -0300] "GET /cormun/servlet/hhome HTTP/1.1" 200 4773
192.168.10.96 - - [25/Mar/2019:12:02:09 -0300] "GET /cormun/servlet/hhome HTTP/1.1" 200 4770
192.168.10.96 - - [25/Mar/2019:12:02:13 -0300] "GET /cormun/servlet/trsolicitudgral? HTTP/1.1" 200 28632
192.168.10.96 - - [25/Mar/2019:12:02:14 -0300] "GET /cormun/servlet/trsolicitudgral? HTTP/1.1" 200 28630
71.6.232.4 - - [25/Mar/2019:12:03:12 -0300] "GET / HTTP/1.1" 200 11217
200.54.103.162 - - [25/Mar/2019:12:03:20 -0300] "GET /cormun/servlet/hlogin HTTP/1.1" 200 1719
200.54.103.162 - - [25/Mar/2019:12:03:20 -0300] "GET /cormun/static/gxtimezone.js?85251 HTTP/1.1" 200 5781
200.54.103.162 - - [25/Mar/2019:12:03:20 -0300] "GET /cormun/static/gxcfg.js?20177612122725 HTTP/1.1" 200 953
200.54.103.162 - - [25/Mar/2019:12:03:20 -0300] "GET /cormun/static/messages.spa.js?85251 HTTP/1.1" 200 30736
200.54.103.162 - - [25/Mar/2019:12:03:20 -0300] "GET /cormun/static/Resources/ComunLogin.png HTTP/1.1" 200 17326
200.54.103.162 - - [25/Mar/2019:12:03:20 -0300] "GET /cormun/static/gxgral.js?85251 HTTP/1.1" 200 384558
200.54.103.162 - - [25/Mar/2019:12:03:20 -0300] "GET /cormun/static/hlogin.js?20177612122738 HTTP/1.1" 200 2136
200.54.103.162 - - [25/Mar/2019:12:03:21 -0300] "GET /cormun/static/Resources/PXToolsLoginTop.png HTTP/1.1" 200 1337
200.54.103.162 - - [25/Mar/2019:12:03:21 -0300] "GET /cormun/static/Resources/PXToolsLoginBackground.png HTTP/1.1" 200 1164
200.54.103.162 - - [25/Mar/2019:12:03:21 -0300] "GET /cormun/static/Resources/PXToolsLoginBottom.png HTTP/1.1" 200 1389
200.54.103.162 - - [25/Mar/2019:12:03:21 -0300] "GET /cormun/static/Resources/indicator.gif HTTP/1.1" 200 1553
200.54.103.162 - - [25/Mar/2019:12:03:21 -0300] "GET /cormun/servlet/hlogin HTTP/1.1" 200 1730
157.55.39.182 - - [25/Mar/2019:12:03:23 -0300] "GET /cormun/servlet/trlicenciaspermisosadjuntos?15902619,20181101000000,L,_escaped_fragment_%3D HTTP/1.1" 200 5407
192.168.10.96 - - [25/Mar/2019:12:03:31 -0300] "POST /cormun/servlet/trsolicitudgral?23188359e733e68561b8b8ec48a4a086,,gx-no-cache=1553533013686 HTTP/1.1" 200 10095
192.168.10.96 - - [25/Mar/2019:12:03:32 -0300] "POST /cormun/servlet/trsolicitudgral?23188359e733e68561b8b8ec48a4a086,,gx-no-cache=1553533015025 HTTP/1.1" 200 10097
200.54.103.162 - - [25/Mar/2019:12:03:33 -0300] "POST /cormun/servlet/hlogin?c4a403a410bd4493a087f19709e01bf2,gx-no-cache=1553525997573 HTTP/1.1" 200 90
200.54.103.162 - - [25/Mar/2019:12:03:33 -0300] "GET /cormun/servlet/hpexe_link HTTP/1.1" 200 950
200.54.103.162 - - [25/Mar/2019:12:03:33 -0300] "GET /cormun/servlet/hhome HTTP/1.1" 200 4336
200.54.103.162 - - [25/Mar/2019:12:03:34 -0300] "GET /cormun/static/gxcfg.js?20175251212442 HTTP/1.1" 200 953
200.54.103.162 - - [25/Mar/2019:12:03:34 -0300] "GET /cormun/static/PXToolsJavascripts/pexe_autoreload.js HTTP/1.1" 200 1762
200.54.103.162 - - [25/Mar/2019:12:03:34 -0300] "GET /cormun/static/PXToolsJavascripts/pexe_windows.js HTTP/1.1" 200 15207
200.54.103.162 - - [25/Mar/2019:12:03:34 -0300] "GET /cormun/static/PXToolsJavascripts/pexe_cookies.js HTTP/1.1" 200 792
200.54.103.162 - - [25/Mar/2019:12:03:34 -0300] "GET /cormun/static/PXToolsJavascripts/pexe_grid.js HTTP/1.1" 200 7559
200.54.103.162 - - [25/Mar/2019:12:03:34 -0300] "GET /cormun/static/PXToolsJavascripts/pexe_griddivfix.js HTTP/1.1" 200 6644
200.54.103.162 - - [25/Mar/2019:12:03:34 -0300] "GET /cormun/static/PXToolsJavascripts/pexe_link.js HTTP/1.1" 200 5671
200.54.103.162 - - [25/Mar/2019:12:03:34 -0300] "GET /cormun/static/PXToolsJavascripts/pexe_menudivfix.js HTTP/1.1" 200 333
200.54.103.162 - - [25/Mar/2019:12:03:34 -0300] "GET /cormun/static/PXToolsJavascripts/pexe_menus.js HTTP/1.1" 200 1286
200.54.103.162 - - [25/Mar/2019:12:03:34 -0300] "GET /cormun/static/PXToolsJavascripts/pexe_layers.js HTTP/1.1" 200 4114
200.54.103.162 - - [25/Mar/2019:12:03:34 -0300] "GET /cormun/static/PXToolsJavascripts/pexe_oav.js HTTP/1.1" 200 645
200.54.103.162 - - [25/Mar/2019:12:03:34 -0300] "GET /cormun/static/Resources/Spanish/PXTools.css?11423723 HTTP/1.1" 200 89042
200.54.103.162 - - [25/Mar/2019:12:03:34 -0300] "GET /cormun/static/PXToolsJavascripts/pexe_oavdivfix.js HTTP/1.1" 200 639
200.54.103.162 - - [25/Mar/2019:12:03:34 -0300] "GET /cormun/static/PXToolsJavascripts/pexe_picture.js HTTP/1.1" 200 689
200.54.103.162 - - [25/Mar/2019:12:03:34 -0300] "GET /cormun/static/PXToolsJavascripts/pexe_popup.js HTTP/1.1" 200 13458
200.54.103.162 - - [25/Mar/2019:12:03:34 -0300] "GET /cormun/static/PXToolsJavascripts/pexe_tabdivfix.js HTTP/1.1" 200 876
200.54.103.162 - - [25/Mar/2019:12:03:34 -0300] "GET /cormun/static/PXToolsJavascripts/pexe_scrolldiv.js HTTP/1.1" 200 4138
200.54.103.162 - - [25/Mar/2019:12:03:34 -0300] "GET /cormun/static/PXToolsJavascripts/pexe_tabs.js HTTP/1.1" 200 3748
200.54.103.162 - - [25/Mar/2019:12:03:34 -0300] "GET /cormun/static/PXToolsJavascripts/pexe_upload.js HTTP/1.1" 200 1423
200.54.103.162 - - [25/Mar/2019:12:03:34 -0300] "GET /cormun/static/PXToolsJavascripts/PXToolsJavascriptsRender.js HTTP/1.1" 200 367
200.54.103.162 - - [25/Mar/2019:12:03:34 -0300] "GET /cormun/static/Resources/logo4.png HTTP/1.1" 200 6582
200.54.103.162 - - [25/Mar/2019:12:03:34 -0300] "GET /cormun/static/Resources/PXToolsHeaderActionsLeft.png HTTP/1.1" 200 1118
200.54.103.162 - - [25/Mar/2019:12:03:34 -0300] "GET /cormun/static/RunJS/RunJS.js HTTP/1.1" 200 288
200.54.103.162 - - [25/Mar/2019:12:03:34 -0300] "GET /cormun/static/gxui/gxui-all.js HTTP/1.1" 200 107772
200.54.103.162 - - [25/Mar/2019:12:03:34 -0300] "GET /cormun/static/hhome.js?20175251212450 HTTP/1.1" 200 777
200.54.103.162 - - [25/Mar/2019:12:03:34 -0300] "GET /cormun/static/Shared/ext/locale/ext-lang-en.js HTTP/1.1" 200 10940
200.54.103.162 - - [25/Mar/2019:12:03:34 -0300] "GET /cormun/static/hwchdr01.js?201752511465785 HTTP/1.1" 200 1183
200.54.103.162 - - [25/Mar/2019:12:03:34 -0300] "GET /cormun/static/hpexe_recentlink.js?20177611595044 HTTP/1.1" 200 2144
200.54.103.162 - - [25/Mar/2019:12:03:35 -0300] "GET /cormun/static/hpexe_scripts.js?201752511465715 HTTP/1.1" 200 1544
192.168.10.96 - - [25/Mar/2019:12:03:35 -0300] "GET /cormun/servlet/vesolicitudgral?2019,14614,, HTTP/1.1" 200 9344
200.54.103.162 - - [25/Mar/2019:12:03:35 -0300] "GET /cormun/static/Resources/PXToolsHeaderSecurity.png HTTP/1.1" 200 4166
200.54.103.162 - - [25/Mar/2019:12:03:35 -0300] "GET /cormun/static/Resources/PXToolsHeaderLogin.png HTTP/1.1" 200 4279
200.54.103.162 - - [25/Mar/2019:12:03:35 -0300] "GET /cormun/static/Resources/PXToolsHeaderPreferences.png HTTP/1.1" 200 4189
200.54.103.162 - - [25/Mar/2019:12:03:35 -0300] "GET /cormun/static/Resources/PXToolsHeaderActionsRight.png HTTP/1.1" 200 1201
200.54.103.162 - - [25/Mar/2019:12:03:35 -0300] "GET /cormun/static/Resources/PXToolsHeaderHome.png HTTP/1.1" 200 4147
200.54.103.162 - - [25/Mar/2019:12:03:35 -0300] "GET /cormun/static/Resources/PXToolsFooterBackground2.png HTTP/1.1" 200 1172
192.168.10.96 - - [25/Mar/2019:12:03:35 -0300] "GET /cormun/pexe_scrolldiv.js HTTP/1.1" 404 1009
200.54.103.162 - - [25/Mar/2019:12:03:35 -0300] "GET /cormun/static/Resources/PXToolsHeaderActionsBackground.png HTTP/1.1" 200 484
192.168.10.96 - - [25/Mar/2019:12:03:35 -0300] "GET /cormun/pexe_scrolldiv.js HTTP/1.1" 404 1009
200.54.103.162 - - [25/Mar/2019:12:03:35 -0300] "GET /cormun/static/Resources/PXToolsHeaderBackground2.png HTTP/1.1" 200 1174
200.54.103.162 - - [25/Mar/2019:12:03:35 -0300] "GET /cormun/static/Resources/PXToolsDataTitle.png HTTP/1.1" 200 1173
200.54.103.162 - - [25/Mar/2019:12:03:35 -0300] "GET /cormun/static/hpexe_messagepopupcomponent.js?20161017169425 HTTP/1.1" 200 605
200.54.103.162 - - [25/Mar/2019:12:03:35 -0300] "GET /cormun/static/hpexe_messagecontroller.js?20177611595012 HTTP/1.1" 200 870
200.54.103.162 - - [25/Mar/2019:12:03:35 -0300] "GET /cormun/static/hpexe_messagegenexuscomponent.js?201752511465344 HTTP/1.1" 200 587
200.54.103.162 - - [25/Mar/2019:12:03:35 -0300] "GET /cormun/static/Shared/ext/ext-all.js HTTP/1.1" 200 1289687
200.54.103.162 - - [25/Mar/2019:12:03:35 -0300] "GET /cormun/static/cmcontrolpreferences.js?201752511465670 HTTP/1.1" 200 1375
200.54.103.162 - - [25/Mar/2019:12:03:35 -0300] "GET /cormun/static/SmoothNavMenu/resources/ddsmoothmenu.js HTTP/1.1" 200 12712
200.54.103.162 - - [25/Mar/2019:12:03:35 -0300] "GET /cormun/static/SmoothNavMenu/resources/SmoothNavMenuRender.js HTTP/1.1" 200 5951
192.168.10.96 - - [25/Mar/2019:12:03:35 -0300] "GET /cormun/servlet/vesolicitudgral?2019,14614,, HTTP/1.1" 200 9343
200.54.103.162 - - [25/Mar/2019:12:03:35 -0300] "GET /cormun/static/Shared/jquery/jquery-1.4.2.min.js HTTP/1.1" 200 72174
200.54.103.162 - - [25/Mar/2019:12:03:35 -0300] "GET /cormun/static/scaMessage/js/jquery.pnotify.min.js HTTP/1.1" 200 13038
200.54.103.162 - - [25/Mar/2019:12:03:35 -0300] "GET /cormun/static/scaMessage/scaMessageRender.js HTTP/1.1" 200 11977
200.54.103.162 - - [25/Mar/2019:12:03:35 -0300] "GET /cormun/static/hmpwkw03.js?20189613443875 HTTP/1.1" 200 3965
200.54.103.162 - - [25/Mar/2019:12:03:35 -0300] "GET /cormun/static/Shared/jquery/jquery-1.10.2.min.js HTTP/1.1" 200 273199
200.54.103.162 - - [25/Mar/2019:12:03:35 -0300] "GET /cormun/static/Shared/jqueryui/jquery-ui.min.js HTTP/1.1" 200 240427
200.54.103.162 - - [25/Mar/2019:12:03:37 -0300] "GET /cormun/servlet/hhome HTTP/1.1" 200 4332
200.54.103.162 - - [25/Mar/2019:12:03:37 -0300] "GET /cormun/static/SmoothNavMenu/resources/images/down.gif HTTP/1.1" 200 854
200.54.103.162 - - [25/Mar/2019:12:03:37 -0300] "GET /cormun/static/SmoothNavMenu/resources/images/right.gif HTTP/1.1" 200 860
192.168.10.96 - - [25/Mar/2019:12:03:37 -0300] "GET /cormun/servlet/vesolicitudgral?2019,14614,,SolicitudOTAdjuntos HTTP/1.1" 200 11524
192.168.10.96 - - [25/Mar/2019:12:03:37 -0300] "GET /cormun/pexe_scrolldiv.js HTTP/1.1" 404 1009
192.168.10.96 - - [25/Mar/2019:12:03:37 -0300] "GET /cormun/pexe_scrolldiv.js HTTP/1.1" 404 1009
192.168.10.96 - - [25/Mar/2019:12:03:38 -0300] "GET /cormun/servlet/vesolicitudgral?2019,14614,,SolicitudOTAdjuntos HTTP/1.1" 200 11524
192.168.10.96 - - [25/Mar/2019:12:03:38 -0300] "POST /cormun/servlet/acontrolpreferencessavestate?None,DZAMUDIO,true HTTP/1.1" 200 35
200.54.103.162 - - [25/Mar/2019:12:03:39 -0300] "GET /cormun/servlet/trsolicitudot? HTTP/1.1" 200 7553
200.54.103.162 - - [25/Mar/2019:12:03:39 -0300] "GET /cormun/static/gxui/gxui-all.css?120300 HTTP/1.1" 200 2179
200.54.103.162 - - [25/Mar/2019:12:03:39 -0300] "GET /cormun/static/calendar-system.css?85620 HTTP/1.1" 200 5572
200.54.103.162 - - [25/Mar/2019:12:03:39 -0300] "GET /cormun/static/Resources/Spanish/PXTools.css?1255365 HTTP/1.1" 200 89042
200.54.103.162 - - [25/Mar/2019:12:03:39 -0300] "GET /cormun/static/gxcfg.js?2017111422585916 HTTP/1.1" 200 953
200.54.103.162 - - [25/Mar/2019:12:03:39 -0300] "GET /cormun/static/calendar.js?85251 HTTP/1.1" 200 26246
200.54.103.162 - - [25/Mar/2019:12:03:39 -0300] "GET /cormun/static/calendar-setup.js?85251 HTTP/1.1" 200 2588
200.54.103.162 - - [25/Mar/2019:12:03:39 -0300] "GET /cormun/static/calendar-es.js?85251 HTTP/1.1" 200 1901
200.54.103.162 - - [25/Mar/2019:12:03:39 -0300] "GET /cormun/static/Resources/PXTools/calendar.png HTTP/1.1" 200 1306
200.54.103.162 - - [25/Mar/2019:12:03:39 -0300] "GET /cormun/static/trsolicitudot.js?201711142259839 HTTP/1.1" 200 54041
200.54.103.162 - - [25/Mar/2019:12:03:39 -0300] "GET /cormun/static/Shared/ext/resources/css/ext-all.css?215870 HTTP/1.1" 200 416045
200.54.103.162 - - [25/Mar/2019:12:03:41 -0300] "GET /cormun/servlet/trsolicitudot? HTTP/1.1" 200 7550
200.54.103.162 - - [25/Mar/2019:12:03:44 -0300] "GET /cormun/servlet/solicitudot?INS,0,0, HTTP/1.1" 200 15169
200.54.103.162 - - [25/Mar/2019:12:03:44 -0300] "GET /cormun/static/gxcfg.js?20189101114418 HTTP/1.1" 200 953
200.54.103.162 - - [25/Mar/2019:12:03:44 -0300] "GET /cormun/static/Resources/prompt.gif HTTP/1.1" 200 902
200.54.103.162 - - [25/Mar/2019:12:03:44 -0300] "GET /cormun/static/solicitudot.js?20189101114718 HTTP/1.1" 200 71883
200.54.103.162 - - [25/Mar/2019:12:03:46 -0300] "GET /cormun/servlet/solicitudot?INS,0,0, HTTP/1.1" 200 15174
157.55.39.182 - - [25/Mar/2019:12:04:01 -0300] "GET /cormun/static/gxgral.js?85251 HTTP/1.1" 200 384558
200.54.103.162 - - [25/Mar/2019:12:04:01 -0300] "POST /cormun/servlet/solicitudot?gx-no-cache=1553526025580 HTTP/1.1" 200 3450
200.54.103.162 - - [25/Mar/2019:12:04:01 -0300] "POST /cormun/servlet/solicitudot?c4a403a410bd4493a087f19709e01bf2,INS,0,0,,gx-no-cache=1553526026036 HTTP/1.1" 200 11842
40.77.167.102 - - [25/Mar/2019:12:04:03 -0300] "GET /cormun/static/gxcfg.js?20177612163414 HTTP/1.1" 200 953
40.77.167.102 - - [25/Mar/2019:12:04:04 -0300] "GET /cormun/static/trlicenciaspermisosadjuntos.js?20177612163719 HTTP/1.1" 200 21036
192.168.10.96 - - [25/Mar/2019:12:04:04 -0300] "GET /cormun/PublicTempStorage/ced.ident8487546.pdf HTTP/1.1" 200 257194
200.54.103.162 - - [25/Mar/2019:12:04:05 -0300] "GET /cormun/servlet/solicitudot?e590c53a22c5a1429723fc7cbfac626a9a6f72134f6ba6345839d0c3fe3b6f57798d9f500960d7675a8030ee97825ada,gx-no-cache=1553526029884 HTTP/1.1" 200 30
207.46.13.33 - - [25/Mar/2019:12:04:09 -0300] "GET /cormun/static/Resources/Spanish/PXTools.css?1155365 HTTP/1.1" 200 89042
192.168.10.96 - - [25/Mar/2019:12:04:14 -0300] "GET /cormun/PublicTempStorage/titulo8144473.pdf HTTP/1.1" 200 326952
186.67.172.234 - - [25/Mar/2019:12:04:18 -0300] "GET /cormun/servlet/hlogin HTTP/1.1" 200 1714
186.67.172.234 - - [25/Mar/2019:12:04:19 -0300] "GET /cormun/servlet/hlogin HTTP/1.1" 200 1725
186.67.172.234 - - [25/Mar/2019:12:04:19 -0300] "GET /favicon.ico HTTP/1.1" 200 21630
192.168.10.96 - - [25/Mar/2019:12:04:27 -0300] "GET /cormun/PublicTempStorage/afp5920927.pdf HTTP/1.1" 200 182442
186.67.172.234 - - [25/Mar/2019:12:04:29 -0300] "POST /cormun/servlet/hlogin?e35f73059949fea2ced4a0d5ae718622,gx-no-cache=1553526047177 HTTP/1.1" 200 90
186.67.172.234 - - [25/Mar/2019:12:04:29 -0300] "GET /cormun/servlet/hpexe_link HTTP/1.1" 200 945
186.67.172.234 - - [25/Mar/2019:12:04:29 -0300] "GET /cormun/servlet/hhome HTTP/1.1" 200 4339
192.168.10.96 - - [25/Mar/2019:12:04:30 -0300] "GET /cormun/PublicTempStorage/afp5920927.pdf HTTP/1.1" 304 -
186.67.172.234 - - [25/Mar/2019:12:04:30 -0300] "GET /cormun/servlet/hhome HTTP/1.1" 200 4335
186.67.172.234 - - [25/Mar/2019:12:04:34 -0300] "GET /cormun/servlet/trsolicitudot? HTTP/1.1" 200 7559
186.67.172.234 - - [25/Mar/2019:12:04:35 -0300] "GET /cormun/servlet/trsolicitudot? HTTP/1.1" 200 7557
186.67.172.234 - - [25/Mar/2019:12:04:37 -0300] "GET /cormun/servlet/solicitudot?INS,0,0, HTTP/1.1" 200 15174
186.67.172.234 - - [25/Mar/2019:12:04:38 -0300] "GET /cormun/static/gxcfg.js?20189101114418 HTTP/1.1" 200 953
186.67.172.234 - - [25/Mar/2019:12:04:38 -0300] "GET /cormun/static/solicitudot.js?20189101114718 HTTP/1.1" 200 71883
186.67.172.234 - - [25/Mar/2019:12:04:38 -0300] "GET /cormun/servlet/solicitudot?INS,0,0, HTTP/1.1" 200 15179
192.168.10.96 - - [25/Mar/2019:12:04:41 -0300] "GET /cormun/PublicTempStorage/fonasa941136.pdf HTTP/1.1" 200 215207
192.168.10.96 - - [25/Mar/2019:12:04:50 -0300] "GET /cormun/PublicTempStorage/antecedentes1436098.pdf HTTP/1.1" 200 350259
186.67.172.234 - - [25/Mar/2019:12:04:57 -0300] "POST /cormun/servlet/solicitudot?gx-no-cache=1553526074636 HTTP/1.1" 200 3450
186.67.172.234 - - [25/Mar/2019:12:04:57 -0300] "POST /cormun/servlet/solicitudot?e35f73059949fea2ced4a0d5ae718622,INS,0,0,,gx-no-cache=1553526074766 HTTP/1.1" 200 11840
192.168.10.96 - - [25/Mar/2019:12:05:00 -0300] "GET /cormun/PublicTempStorage/curriculum4357053.pdf HTTP/1.1" 200 679505
186.67.172.234 - - [25/Mar/2019:12:05:00 -0300] "GET /cormun/servlet/solicitudot?e899cb9f802380fb1610e2717b5b8e9aae1add70407183b0e7c80543232c688ffe10d6a5c1b19b7660e46461bd78e35f,gx-no-cache=1553526078505 HTTP/1.1" 200 30
200.54.103.162 - - [25/Mar/2019:12:05:36 -0300] "GET /cormun/servlet/solicitudot?e590c53a22c5a1429723fc7cbfac626a8c111c20f1a45f9cae16d5b28930a3e5a31e3ec434c26c84a20f9d05980e3456ef9842dec421b6de90465af03af5ab2d,gx-no-cache=1553526120766 HTTP/1.1" 200 30
200.54.103.162 - - [25/Mar/2019:12:05:38 -0300] "GET /cormun/static/Resources/resize.gif HTTP/1.1" 200 77
200.54.103.162 - - [25/Mar/2019:12:05:39 -0300] "GET /cormun/servlet/prbanco?,MD,,gxPopupLevel%3D0%3B HTTP/1.1" 200 6716
200.54.103.162 - - [25/Mar/2019:12:05:39 -0300] "GET /cormun/static/gxcfg.js?20181161016094 HTTP/1.1" 200 953
200.54.103.162 - - [25/Mar/2019:12:05:39 -0300] "GET /cormun/static/Resources/PXToolsMenuSearch.png HTTP/1.1" 200 2914
200.54.103.162 - - [25/Mar/2019:12:05:39 -0300] "GET /cormun/static/Resources/PXToolsMenuSearchCancel.png HTTP/1.1" 200 2972
200.54.103.162 - - [25/Mar/2019:12:05:39 -0300] "GET /cormun/static/prbanco.js?2018116101633 HTTP/1.1" 200 10693
200.54.103.162 - - [25/Mar/2019:12:05:39 -0300] "GET /cormun/static/menusearch.js?201610171694467 HTTP/1.1" 200 1424
200.54.103.162 - - [25/Mar/2019:12:05:39 -0300] "GET /cormun/static/hmpwkw011.js?20177612121862 HTTP/1.1" 200 1968
186.79.110.232 - - [25/Mar/2019:12:05:56 -0300] "GET /cormun/servlet/solicitudot?3b8cbfb9584d25f504cc4b49c1b60512eda697bdc70c6e66400b4423f3de6c7998fe3f1b2dc9a63456cbb66fc670bbe948cf6f26f5392383c9a27f443cbdd7e398d0cd7b0b6c4fd15bb1198dfb9a2446e51baa7d1f30c7b0b19b3d14774d889a387b76aeb99cd02744d9b4922ac07ed0,gx-no-cache=1553526137179 HTTP/1.1" 200 29
186.79.110.232 - - [25/Mar/2019:12:05:56 -0300] "GET /cormun/static/menuarrow.gif HTTP/1.1" 404 1015
200.54.103.162 - - [25/Mar/2019:12:05:56 -0300] "GET /cormun/servlet/solicitudot?e590c53a22c5a1429723fc7cbfac626abb0c1da4da65e6ff2321e2f8038f54e0,gx-no-cache=1553526141038 HTTP/1.1" 200 51
186.79.110.232 - - [25/Mar/2019:12:06:06 -0300] "GET /cormun/servlet/solicitudot?3b8cbfb9584d25f504cc4b49c1b60512b49ed657b5e0de48efaa5aa7e61ca44af213d307cae80cc8898e8d83da2168ae,gx-no-cache=1553526147281 HTTP/1.1" 200 30
186.79.110.232 - - [25/Mar/2019:12:06:14 -0300] "POST /cormun/servlet/solicitudot?gx-no-cache=1553526155472 HTTP/1.1" 200 30
200.54.103.162 - - [25/Mar/2019:12:06:20 -0300] "POST /cormun/servlet/solicitudot?gx-no-cache=1553526164696 HTTP/1.1" 200 255
200.54.103.162 - - [25/Mar/2019:12:06:22 -0300] "GET /cormun/servlet/solicitudot?e590c53a22c5a1429723fc7cbfac626a1c5c12c419d730481f92d35c2ec3d75342d78e7e3e1dcfce67e4db85b2774906d2dad603c35029509dab1efa1cc4f36ab42574d132e64d2ef701c048713845b791934839391239c0f5998924b3e80871a380787f7a20a3ea5192055920705b3030f47729f5bf9fc676164e7fc7e22250be6b4161fa10d8410b3348bfe1e7e8dad38062566f2763a07f14d0455c2b725bc38d5ea7abf487cb11d2c7ac517327076d995e0caa74d38d5efafc836b1ad51ae26bdab75d4adda8e217aa2e2ea14d341c1d157f9a71c359b9b9ff2474cb8b169e011e0eb3b8e62b4e7e586bd7f0a1827ace732d19e301f727f7bdfe9f41d7c794eacadeec2170b2162061be08ba671a557e498506144c5e14424ecb2e1233aacf9ba0bbcd08fd910d8ef67d8dec9db04c1612c809b3c85f65953b50d05d55c4f5578aa8180c7b0a3425668d6c10a3d3520313a9a5015ae8f070bb877c372474778136cdebc8628150e890a6539166b7415239cc2e0b1d382c0d34e2014dfe2f,gx-no-cache=1553526167192 HTTP/1.1" 200 30
200.54.103.162 - - [25/Mar/2019:12:06:27 -0300] "POST /cormun/servlet/solicitudot?gx-no-cache=1553526171350 HTTP/1.1" 200 30
200.54.103.162 - - [25/Mar/2019:12:06:28 -0300] "POST /cormun/servlet/solicitudot?gx-no-cache=1553526172877 HTTP/1.1" 200 1285
200.54.103.162 - - [25/Mar/2019:12:06:28 -0300] "POST /cormun/servlet/solicitudot?gx-no-cache=1553526172989 HTTP/1.1" 200 38
192.168.15.3 - - [25/Mar/2019:12:06:34 -0300] "GET /digitalizacion/servlet/wblogin HTTP/1.1" 200 2309
192.168.15.3 - - [25/Mar/2019:12:06:34 -0300] "GET /digitalizacion/static/gxtimezone.js?85251 HTTP/1.1" 200 5780
192.168.15.3 - - [25/Mar/2019:12:06:34 -0300] "GET /digitalizacion/static/gxcfg.js?201842010284377 HTTP/1.1" 200 954
192.168.15.3 - - [25/Mar/2019:12:06:34 -0300] "GET /digitalizacion/static/PXToolsJavascripts/pexe_autoreload.js HTTP/1.1" 200 1762
192.168.15.3 - - [25/Mar/2019:12:06:34 -0300] "GET /digitalizacion/static/RunJS/RunJS.js HTTP/1.1" 200 288
192.168.15.3 - - [25/Mar/2019:12:06:34 -0300] "GET /digitalizacion/static/PXToolsJavascripts/pexe_cookies.js HTTP/1.1" 200 792
192.168.15.3 - - [25/Mar/2019:12:06:34 -0300] "GET /digitalizacion/static/PXToolsJavascripts/pexe_windows.js HTTP/1.1" 200 15249
192.168.15.3 - - [25/Mar/2019:12:06:34 -0300] "GET /digitalizacion/static/PXToolsJavascripts/pexe_grid.js HTTP/1.1" 200 7559
192.168.15.3 - - [25/Mar/2019:12:06:34 -0300] "GET /digitalizacion/static/Resources/Spanish/PXTools.css?14224663 HTTP/1.1" 200 100831
192.168.15.3 - - [25/Mar/2019:12:06:34 -0300] "GET /digitalizacion/static/PXToolsJavascripts/pexe_griddivfix.js HTTP/1.1" 200 6946
192.168.15.3 - - [25/Mar/2019:12:06:34 -0300] "GET /digitalizacion/static/PXToolsJavascripts/pexe_link.js HTTP/1.1" 200 5671
192.168.15.3 - - [25/Mar/2019:12:06:34 -0300] "GET /digitalizacion/static/PXToolsJavascripts/pexe_menudivfix.js HTTP/1.1" 200 333
192.168.15.3 - - [25/Mar/2019:12:06:34 -0300] "GET /digitalizacion/static/PXToolsJavascripts/pexe_menus.js HTTP/1.1" 200 1286
192.168.15.3 - - [25/Mar/2019:12:06:34 -0300] "GET /digitalizacion/static/PXToolsJavascripts/pexe_layers.js HTTP/1.1" 200 4114
192.168.15.3 - - [25/Mar/2019:12:06:34 -0300] "GET /digitalizacion/static/PXToolsJavascripts/pexe_oav.js HTTP/1.1" 200 645
192.168.15.3 - - [25/Mar/2019:12:06:34 -0300] "GET /digitalizacion/static/PXToolsJavascripts/pexe_oavdivfix.js HTTP/1.1" 200 639
192.168.15.3 - - [25/Mar/2019:12:06:34 -0300] "GET /digitalizacion/static/PXToolsJavascripts/pexe_picture.js HTTP/1.1" 200 689
192.168.15.3 - - [25/Mar/2019:12:06:34 -0300] "GET /digitalizacion/static/PXToolsJavascripts/pexe_popup.js HTTP/1.1" 200 15149
192.168.15.3 - - [25/Mar/2019:12:06:34 -0300] "GET /digitalizacion/static/PXToolsJavascripts/pexe_scrolldiv.js HTTP/1.1" 200 4138
192.168.15.3 - - [25/Mar/2019:12:06:34 -0300] "GET /digitalizacion/static/PXToolsJavascripts/pexe_tabdivfix.js HTTP/1.1" 200 898
192.168.15.3 - - [25/Mar/2019:12:06:34 -0300] "GET /digitalizacion/static/PXToolsJavascripts/pexe_tabs.js HTTP/1.1" 200 3748
192.168.15.3 - - [25/Mar/2019:12:06:34 -0300] "GET /digitalizacion/static/PXToolsJavascripts/pexe_upload.js HTTP/1.1" 200 1423
192.168.15.3 - - [25/Mar/2019:12:06:34 -0300] "GET /digitalizacion/static/PXToolsJavascripts/PXToolsJavascriptsRender.js HTTP/1.1" 200 367
192.168.15.3 - - [25/Mar/2019:12:06:34 -0300] "GET /digitalizacion/static/Resources/Comun33.png HTTP/1.1" 200 14839
192.168.15.3 - - [25/Mar/2019:12:06:35 -0300] "GET /digitalizacion/static/gxgral.js?85251 HTTP/1.1" 200 384558
192.168.15.3 - - [25/Mar/2019:12:06:35 -0300] "GET /digitalizacion/static/wblogin.js?201842010284433 HTTP/1.1" 200 4267
192.168.15.3 - - [25/Mar/2019:12:06:35 -0300] "GET /digitalizacion/static/hmplogin.js?201841414365131 HTTP/1.1" 200 907
192.168.15.3 - - [25/Mar/2019:12:06:35 -0300] "GET /digitalizacion/static/Resources/PXToolsLoginBackground.png HTTP/1.1" 200 1164
192.168.15.3 - - [25/Mar/2019:12:06:35 -0300] "GET /digitalizacion/static/Resources/PXToolsLoginTop.png HTTP/1.1" 200 1337
192.168.15.3 - - [25/Mar/2019:12:06:35 -0300] "GET /digitalizacion/static/Resources/PXToolsButtonLeft.png HTTP/1.1" 200 1310
192.168.15.3 - - [25/Mar/2019:12:06:35 -0300] "GET /digitalizacion/static/Resources/PXToolsButtonRight.png HTTP/1.1" 200 1294
192.168.15.3 - - [25/Mar/2019:12:06:35 -0300] "GET /digitalizacion/static/Resources/PXToolsButtonBackground.png HTTP/1.1" 200 1176
192.168.15.3 - - [25/Mar/2019:12:06:35 -0300] "GET /digitalizacion/static/messages.spa.js?85251 HTTP/1.1" 200 35505
192.168.15.3 - - [25/Mar/2019:12:06:35 -0300] "GET /digitalizacion/static/Resources/PXToolsLoginBottom.png HTTP/1.1" 200 1389
192.168.15.3 - - [25/Mar/2019:12:06:35 -0300] "GET /digitalizacion/static/Resources/indicator.gif HTTP/1.1" 200 1553
192.168.15.3 - - [25/Mar/2019:12:06:35 -0300] "GET /digitalizacion/servlet/wblogin HTTP/1.1" 200 2321
192.168.15.3 - - [25/Mar/2019:12:06:35 -0300] "GET /favicon.ico HTTP/1.1" 200 21630
190.171.143.106 - - [25/Mar/2019:12:06:40 -0300] "GET /cormun/servlet/hlogin HTTP/1.1" 200 1724
186.79.110.232 - - [25/Mar/2019:12:06:53 -0300] "POST /cormun/servlet/solicitudot?dbcb508b6b4f1fa5d02d5df1ce7eff8a,INS,0,0,,gx-no-cache=1553526193909 HTTP/1.1" 200 93
186.79.110.232 - - [25/Mar/2019:12:06:53 -0300] "GET /cormun/servlet/hpexe_return? HTTP/1.1" 200 997
186.79.110.232 - - [25/Mar/2019:12:06:53 -0300] "GET /cormun/servlet/trsolicitudot HTTP/1.1" 200 8891
186.79.110.232 - - [25/Mar/2019:12:06:54 -0300] "GET /cormun/servlet/trsolicitudot HTTP/1.1" 200 8889
186.79.110.232 - - [25/Mar/2019:12:06:57 -0300] "GET /cormun/servlet/solicitudot?INS,0,0, HTTP/1.1" 200 15159
186.79.110.232 - - [25/Mar/2019:12:06:57 -0300] "GET /cormun/servlet/solicitudot?INS,0,0, HTTP/1.1" 200 15164
190.171.143.106 - - [25/Mar/2019:12:06:58 -0300] "POST /cormun/servlet/hlogin?a755b3e2a3c92585975d6ad22b9f6633,gx-no-cache=1553526199298 HTTP/1.1" 200 90
190.171.143.106 - - [25/Mar/2019:12:06:58 -0300] "GET /cormun/servlet/hpexe_link HTTP/1.1" 200 952
190.171.143.106 - - [25/Mar/2019:12:06:58 -0300] "GET /cormun/servlet/hhome HTTP/1.1" 200 4077
190.171.143.106 - - [25/Mar/2019:12:06:58 -0300] "GET /cormun/static/Resources/Spanish/PXTools.css?11423723 HTTP/1.1" 200 89042
190.171.143.106 - - [25/Mar/2019:12:06:58 -0300] "GET /cormun/static/gxcfg.js?20175251212442 HTTP/1.1" 200 953
190.171.143.106 - - [25/Mar/2019:12:06:59 -0300] "GET /cormun/static/hhome.js?20175251212450 HTTP/1.1" 200 777
190.171.143.106 - - [25/Mar/2019:12:06:59 -0300] "GET /cormun/servlet/hhome HTTP/1.1" 200 4072
190.171.143.106 - - [25/Mar/2019:12:07:02 -0300] "GET /cormun/servlet/trsolicitudot? HTTP/1.1" 200 9493
190.171.143.106 - - [25/Mar/2019:12:07:02 -0300] "GET /cormun/servlet/trsolicitudot? HTTP/1.1" 200 9492
190.171.143.106 - - [25/Mar/2019:12:07:05 -0300] "GET /cormun/servlet/solicitudot?INS,0,0, HTTP/1.1" 200 14929
190.171.143.106 - - [25/Mar/2019:12:07:06 -0300] "GET /cormun/servlet/solicitudot?INS,0,0, HTTP/1.1" 200 14934
200.54.103.162 - - [25/Mar/2019:12:07:07 -0300] "GET /cormun/servlet/solicitudot?e590c53a22c5a1429723fc7cbfac626a2040f86219eab16a4d27226432f0d63a1664b995d7e33a744e2606462591bf67c104d92e759964eb045f6f2d81d5e35ca81cfdb2ca2f0d5bceaf9b6791377c3d7407d1474d8844b5999c4defd851b6a124002937fc863033b4d1fbb61744e2e6,gx-no-cache=1553526211347 HTTP/1.1" 200 110
200.111.191.210 - - [25/Mar/2019:12:07:07 -0300] "GET /cormun/servlet/hlogin HTTP/1.1" 200 1743
186.79.110.232 - - [25/Mar/2019:12:07:09 -0300] "POST /cormun/servlet/solicitudot?gx-no-cache=1553526210038 HTTP/1.1" 200 3450
186.79.110.232 - - [25/Mar/2019:12:07:09 -0300] "POST /cormun/servlet/solicitudot?dbcb508b6b4f1fa5d02d5df1ce7eff8a,INS,0,0,,gx-no-cache=1553526210506 HTTP/1.1" 200 11834
186.79.110.232 - - [25/Mar/2019:12:07:10 -0300] "GET /cormun/servlet/solicitudot?3b8cbfb9584d25f504cc4b49c1b60512c4cc1944fcd21439e3e322a7c3e911e5aa579ebfc91a818a7c7395084a411314,gx-no-cache=1553526211321 HTTP/1.1" 200 30
200.54.103.162 - - [25/Mar/2019:12:07:14 -0300] "POST /cormun/servlet/solicitudot?gx-no-cache=1553526218220 HTTP/1.1" 200 97
190.171.143.106 - - [25/Mar/2019:12:07:18 -0300] "POST /cormun/servlet/solicitudot?gx-no-cache=1553526219468 HTTP/1.1" 200 3539
190.171.143.106 - - [25/Mar/2019:12:07:19 -0300] "POST /cormun/servlet/solicitudot?a755b3e2a3c92585975d6ad22b9f6633,INS,0,0,,gx-no-cache=1553526219644 HTTP/1.1" 200 11724
200.54.103.162 - - [25/Mar/2019:12:07:21 -0300] "GET /cormun/servlet/solicitudot?e590c53a22c5a1429723fc7cbfac626acd3b246bfa978f0d16dc496589a1b32c5b9e2bed7be67b29073569985d603e631c29e9790530409841ed7489f454d0fe4152162bac17df88f741960c174f6d2edcc43012faacc14f8727fd117176a0f38e8440f965610ac80976ce8cf3a970b6,gx-no-cache=1553526225764 HTTP/1.1" 200 29
200.54.103.162 - - [25/Mar/2019:12:07:21 -0300] "GET /cormun/static/menuarrow.gif HTTP/1.1" 404 1015
200.54.103.162 - - [25/Mar/2019:12:07:24 -0300] "GET /cormun/servlet/solicitudot?e590c53a22c5a1429723fc7cbfac626a6e545bb4f78e1c650e8da8a5a2ebcd7ba36735e18327706aa721c1d20121a7c9,gx-no-cache=1553526228599 HTTP/1.1" 200 30
190.171.143.106 - - [25/Mar/2019:12:07:26 -0300] "GET /cormun/servlet/solicitudot?9ee39a4f5566d864316ed547f667cb8aa600d72b232a2193c18d43a303d9cf8c2c6d18f2649cb12ddf0ddc603e2af678,gx-no-cache=1553526227424 HTTP/1.1" 200 30
200.54.103.162 - - [25/Mar/2019:12:07:31 -0300] "POST /cormun/servlet/solicitudot?gx-no-cache=1553526235380 HTTP/1.1" 200 30
200.54.103.162 - - [25/Mar/2019:12:07:33 -0300] "POST /cormun/servlet/solicitudot?c4a403a410bd4493a087f19709e01bf2,INS,0,0,,gx-no-cache=1553526237868 HTTP/1.1" 200 93
200.54.103.162 - - [25/Mar/2019:12:07:33 -0300] "GET /cormun/servlet/hpexe_return? HTTP/1.1" 200 1005
200.54.103.162 - - [25/Mar/2019:12:07:34 -0300] "GET /cormun/servlet/trsolicitudot HTTP/1.1" 200 8907
200.54.103.162 - - [25/Mar/2019:12:07:36 -0300] "GET /cormun/servlet/trsolicitudot HTTP/1.1" 200 8903
200.54.103.162 - - [25/Mar/2019:12:07:36 -0300] "GET /cormun//static/Resources/PXToolsActionView.png HTTP/1.1" 200 2995
200.54.103.162 - - [25/Mar/2019:12:07:36 -0300] "GET /cormun//static/Resources/PXToolsRemoveAllAction.png HTTP/1.1" 200 3558
200.111.191.210 - - [25/Mar/2019:12:07:39 -0300] "POST /cormun/servlet/hlogin?e0fe6981e5ed8340868597d96edf12ac,gx-no-cache=1553526302115 HTTP/1.1" 200 90
200.111.191.210 - - [25/Mar/2019:12:07:39 -0300] "GET /cormun/servlet/hpexe_link HTTP/1.1" 200 952
200.111.191.210 - - [25/Mar/2019:12:07:39 -0300] "GET /cormun/servlet/hhome HTTP/1.1" 200 4028
200.111.191.210 - - [25/Mar/2019:12:07:40 -0300] "GET /cormun/servlet/hhome HTTP/1.1" 200 4024
200.111.191.210 - - [25/Mar/2019:12:07:43 -0300] "GET /cormun/servlet/trpermisosgoce? HTTP/1.1" 200 11856
200.111.191.210 - - [25/Mar/2019:12:07:43 -0300] "GET /cormun/servlet/trpermisosgoce? HTTP/1.1" 200 11872
200.111.191.210 - - [25/Mar/2019:12:07:45 -0300] "GET /cormun/servlet/trpermisosadjuntos?15995742,20190325103209,P, HTTP/1.1" 200 6335
200.111.191.210 - - [25/Mar/2019:12:07:45 -0300] "GET /cormun/servlet/trpermisosadjuntos?15995742,20190325103209,P, HTTP/1.1" 200 6334
200.111.191.210 - - [25/Mar/2019:12:07:47 -0300] "GET /cormun/servlet/permisosadjuntos?INS,15995742,P,20190325103209,, HTTP/1.1" 200 5663
200.111.191.210 - - [25/Mar/2019:12:07:47 -0300] "GET /cormun/static/about:blank HTTP/1.1" 404 1011
200.111.191.210 - - [25/Mar/2019:12:07:47 -0300] "GET /cormun/servlet/permisosadjuntos?INS,15995742,P,20190325103209,, HTTP/1.1" 200 5653
200.54.103.162 - - [25/Mar/2019:12:07:49 -0300] "GET /cormun/servlet/vesolicitudot?2019,14912,, HTTP/1.1" 200 8696
200.54.103.162 - - [25/Mar/2019:12:07:49 -0300] "GET /cormun/static/gxcfg.js?2017111422591385 HTTP/1.1" 200 953
200.54.103.162 - - [25/Mar/2019:12:07:49 -0300] "GET /cormun/pexe_scrolldiv.js HTTP/1.1" 404 1009
200.54.103.162 - - [25/Mar/2019:12:07:49 -0300] "GET /cormun/static/Resources/PXToolsTabFirstSelected.png HTTP/1.1" 200 1259
200.54.103.162 - - [25/Mar/2019:12:07:50 -0300] "GET /cormun/static/vesolicitudot.js?2017111422591449 HTTP/1.1" 200 6091
200.54.103.162 - - [25/Mar/2019:12:07:50 -0300] "GET /cormun/static/hwcviewtabs.js?20177611594913 HTTP/1.1" 200 1074
200.54.103.162 - - [25/Mar/2019:12:07:50 -0300] "GET /cormun/static/hpexe_tabsview.js?201610171694228 HTTP/1.1" 200 1661
200.54.103.162 - - [25/Mar/2019:12:07:50 -0300] "GET /cormun/static/tbsolicitudot01.js?2017111422581186 HTTP/1.1" 200 30566
200.54.103.162 - - [25/Mar/2019:12:07:50 -0300] "GET /cormun/static/Resources/PXToolsTabLastUnselected.png HTTP/1.1" 200 1291
200.54.103.162 - - [25/Mar/2019:12:07:50 -0300] "GET /cormun/static/Resources/PXToolsTabNext.gif HTTP/1.1" 200 168
200.54.103.162 - - [25/Mar/2019:12:07:50 -0300] "GET /cormun/static/Resources/PXToolsTabPrevious.gif HTTP/1.1" 200 172
200.54.103.162 - - [25/Mar/2019:12:07:50 -0300] "GET /cormun/pexe_scrolldiv.js HTTP/1.1" 404 1009
200.54.103.162 - - [25/Mar/2019:12:07:51 -0300] "GET /cormun/static/calendar-system.css HTTP/1.1" 200 5572
200.54.103.162 - - [25/Mar/2019:12:07:51 -0300] "GET /cormun/static/Resources/PXToolsTabBackSelected.png HTTP/1.1" 200 1157
200.54.103.162 - - [25/Mar/2019:12:07:51 -0300] "GET /cormun/static/Resources/PXToolsTabBackUnselected.png HTTP/1.1" 200 1175
200.54.103.162 - - [25/Mar/2019:12:07:51 -0300] "GET /cormun/static/Resources/PXToolsTabSelectedUnselected.png HTTP/1.1" 200 1428
200.54.103.162 - - [25/Mar/2019:12:07:51 -0300] "GET /cormun/static/Resources/PXToolsTabUnselectedUnselected.png HTTP/1.1" 200 1459
200.54.103.162 - - [25/Mar/2019:12:07:51 -0300] "GET /cormun/servlet/vesolicitudot?2019,14912,, HTTP/1.1" 200 8697
186.67.172.234 - - [25/Mar/2019:12:08:08 -0300] "GET /cormun/servlet/solicitudot?e899cb9f802380fb1610e2717b5b8e9a2034d4778870913b1fec8f66c86c6a5e,gx-no-cache=1553526266332 HTTP/1.1" 200 94
186.67.172.234 - - [25/Mar/2019:12:08:08 -0300] "GET /cormun/static/Shared/jqueryui/images/ui-icons_82798d_256x240.png HTTP/1.1" 404 1089
186.67.172.234 - - [25/Mar/2019:12:08:08 -0300] "GET /cormun/static/Shared/jqueryui/images/ui-bg_highlight-soft_100_c6c2c8_1x100.png HTTP/1.1" 404 1117
186.67.172.234 - - [25/Mar/2019:12:08:08 -0300] "GET /cormun/static/Shared/jqueryui/images/ui-bg_flat_55_994d53_40x100.png HTTP/1.1" 404 1097
186.67.172.234 - - [25/Mar/2019:12:08:08 -0300] "GET /cormun/static/Shared/jqueryui/images/ui-icons_ebccce_256x240.png HTTP/1.1" 404 1089
186.67.172.234 - - [25/Mar/2019:12:08:08 -0300] "GET /cormun/servlet/solicitudot?e899cb9f802380fb1610e2717b5b8e9a03d57c9af113f9797fcd8638c19fe8cb,gx-no-cache=1553526266471 HTTP/1.1" 200 29
186.67.172.234 - - [25/Mar/2019:12:08:10 -0300] "POST /cormun/servlet/solicitudot?gx-no-cache=1553526268175 HTTP/1.1" 200 256
186.67.172.234 - - [25/Mar/2019:12:08:16 -0300] "GET /cormun/servlet/solicitudot?e899cb9f802380fb1610e2717b5b8e9a7c7b7fb511bdcf2ea2dbea275ff23d46420882000c2795b7240543d14b0700bc09587d65c4ba73e2b95b5b8883e89360668f43b82fbffe56974c9d0bf7a78feab2b393dba4025c7607ab0e5391a11494e82bfcd827be603d93266c904093862930972a2f2a2ad14440d089097c5c98ce67fadb313ec34ff21af350d17607616a43cd0e347ced74ec1ba69f2101cda5d4247fec84888a39eb078ebe1dfbf47ecb485cb2a296908cae3a212a2233dc119ce197092672f51583dfc3671e39ae3824a000447210db2df9d942c635c9dece34b74bee9e2e865ddc339da6d5bc443720e2910720334a17a76c4b6d55267c00cf2196669e9dd711be5607da1831586e3e25041699d5c29bd5ee1b6417cefbac79b89ddf85218e3a16f04fc68b69946227125e7214b3164e6678877d1ca8e82bc556b1673c8380ce9706925aebd14b0d5a8ddd5e73fef0d4913b79a21bd3730688bbdb7000752a0de689a59afcd941e27c223d918cbb4ff2ad31df989bfbcbff37,gx-no-cache=1553526274304 HTTP/1.1" 200 30
186.67.172.234 - - [25/Mar/2019:12:08:19 -0300] "POST /cormun/servlet/solicitudot?gx-no-cache=1553526276551 HTTP/1.1" 200 30
200.54.103.162 - - [25/Mar/2019:12:08:28 -0300] "POST /cormun/servlet/vesolicitudot?c4a403a410bd4493a087f19709e01bf2,2019,14912,,,gx-no-cache=1553526292847 HTTP/1.1" 200 90
200.54.103.162 - - [25/Mar/2019:12:08:28 -0300] "GET /cormun/servlet/hpexe_link HTTP/1.1" 200 965
200.54.103.162 - - [25/Mar/2019:12:08:29 -0300] "GET /cormun/servlet/trsolicitudot HTTP/1.1" 200 8905
200.54.103.162 - - [25/Mar/2019:12:08:30 -0300] "GET /cormun/servlet/trsolicitudot HTTP/1.1" 200 8903
200.54.103.162 - - [25/Mar/2019:12:08:32 -0300] "POST /cormun/servlet/trsolicitudot?c4a403a410bd4493a087f19709e01bf2,gx-no-cache=1553526296692 HTTP/1.1" 200 106
200.54.103.162 - - [25/Mar/2019:12:08:32 -0300] "GET /cormun/servlet/trsolicitudadjuntos?2019,14912, HTTP/1.1" 200 6434
200.54.103.162 - - [25/Mar/2019:12:08:32 -0300] "GET /cormun/static/gxcfg.js?20177612135366 HTTP/1.1" 200 953
200.54.103.162 - - [25/Mar/2019:12:08:32 -0300] "GET /cormun/static/trsolicitudadjuntos.js?20177612135632 HTTP/1.1" 200 17922
200.54.103.162 - - [25/Mar/2019:12:08:34 -0300] "GET /cormun/servlet/trsolicitudadjuntos?2019,14912, HTTP/1.1" 200 6434
186.67.172.234 - - [25/Mar/2019:12:08:34 -0300] "POST /cormun/servlet/solicitudot?gx-no-cache=1553526292029 HTTP/1.1" 200 1285
186.67.172.234 - - [25/Mar/2019:12:08:34 -0300] "POST /cormun/servlet/solicitudot?gx-no-cache=1553526292072 HTTP/1.1" 200 38
200.54.103.162 - - [25/Mar/2019:12:08:36 -0300] "GET /cormun/servlet/solicitudotadjuntos?INS,2019,14912,,1, HTTP/1.1" 200 6378
200.54.103.162 - - [25/Mar/2019:12:08:36 -0300] "GET /cormun/static/gxcfg.js?2017761244068 HTTP/1.1" 200 953
200.54.103.162 - - [25/Mar/2019:12:08:36 -0300] "GET /cormun/static/solicitudotadjuntos.js?2017761244086 HTTP/1.1" 200 11771
200.54.103.162 - - [25/Mar/2019:12:08:36 -0300] "GET /cormun/static/about:blank HTTP/1.1" 404 1011
200.54.103.162 - - [25/Mar/2019:12:08:37 -0300] "GET /cormun/servlet/solicitudotadjuntos?INS,2019,14912,,1, HTTP/1.1" 200 6370
200.54.103.162 - - [25/Mar/2019:12:08:38 -0300] "GET /cormun/servlet/solicitudotadjuntos?e590c53a22c5a1429723fc7cbfac626a75a2ef7899070fdb87f8dc7ba13ff7eca8900e68f948443265331cfca6bb9f64,gx-no-cache=1553526302514 HTTP/1.1" 200 30
200.54.103.162 - - [25/Mar/2019:12:08:38 -0300] "POST /cormun/servlet/solicitudotadjuntos?c4a403a410bd4493a087f19709e01bf2,INS,2019,14912,,1,,gx-no-cache=1553526302646 HTTP/1.1" 200 4098
200.54.103.162 - - [25/Mar/2019:12:08:40 -0300] "POST /cormun/servlet/solicitudotadjuntos?gx-no-cache=1553526304429 HTTP/1.1" 200 26
186.67.172.234 - - [25/Mar/2019:12:08:48 -0300] "GET /cormun/servlet/solicitudot?e899cb9f802380fb1610e2717b5b8e9a34c45a653b959c162a6770982d617c07a1196b19192339c301573fc235589f559cc887f2e0db0bfa3ca158a02c643b887a18c2712945d61b7da64c811df1c1fdd276935bac50a5bed75363cddb11ff7e0b3fef0216bfefd334dc6e7d68d46876,gx-no-cache=1553526305640 HTTP/1.1" 200 110
200.54.103.162 - - [25/Mar/2019:12:08:51 -0300] "GET /cormun/servlet/solicitudotadjuntos?e590c53a22c5a1429723fc7cbfac626ace6fbbc6bc63f7bfb551943fede28dc5,gx-no-cache=1553526315584 HTTP/1.1" 200 30
200.54.103.162 - - [25/Mar/2019:12:08:51 -0300] "GET /cormun/servlet/solicitudotadjuntos?e590c53a22c5a1429723fc7cbfac626ace6fbbc6bc63f7bfb551943fede28dc5,gx-no-cache=1553526315610 HTTP/1.1" 200 30
200.54.103.162 - - [25/Mar/2019:12:08:51 -0300] "POST /cormun/servlet/solicitudotadjuntos?c4a403a410bd4493a087f19709e01bf2,INS,2019,14912,,1, HTTP/1.1" 200 116
200.54.103.162 - - [25/Mar/2019:12:08:51 -0300] "GET /cormun/servlet/hpexe_return? HTTP/1.1" 200 1025
200.54.103.162 - - [25/Mar/2019:12:08:52 -0300] "GET /cormun/servlet/trsolicitudadjuntos?2019,14912, HTTP/1.1" 200 9018
200.54.103.162 - - [25/Mar/2019:12:08:53 -0300] "GET /cormun/servlet/trsolicitudadjuntos?2019,14912, HTTP/1.1" 200 9016
200.54.103.162 - - [25/Mar/2019:12:08:58 -0300] "GET /cormun/servlet/solicitudotadjuntos?INS,2019,14912,,1, HTTP/1.1" 200 6377
200.54.103.162 - - [25/Mar/2019:12:08:59 -0300] "GET /cormun/static/about:blank HTTP/1.1" 404 1011
200.54.103.162 - - [25/Mar/2019:12:08:59 -0300] "GET /cormun/servlet/solicitudotadjuntos?INS,2019,14912,,1, HTTP/1.1" 200 6370
200.54.103.162 - - [25/Mar/2019:12:09:00 -0300] "GET /cormun/servlet/solicitudotadjuntos?e590c53a22c5a1429723fc7cbfac626a75a2ef7899070fdb87f8dc7ba13ff7eca8900e68f948443265331cfca6bb9f64,gx-no-cache=1553526324592 HTTP/1.1" 200 30
200.54.103.162 - - [25/Mar/2019:12:09:00 -0300] "POST /cormun/servlet/solicitudotadjuntos?c4a403a410bd4493a087f19709e01bf2,INS,2019,14912,,1,,gx-no-cache=1553526324645 HTTP/1.1" 200 4097
186.67.172.234 - - [25/Mar/2019:12:09:00 -0300] "POST /cormun/servlet/solicitudot?gx-no-cache=1553526318487 HTTP/1.1" 200 72
200.54.103.162 - - [25/Mar/2019:12:09:02 -0300] "POST /cormun/servlet/solicitudotadjuntos?gx-no-cache=1553526327190 HTTP/1.1" 200 26
200.54.103.162 - - [25/Mar/2019:12:09:08 -0300] "GET /cormun/servlet/solicitudotadjuntos?e590c53a22c5a1429723fc7cbfac626ace6fbbc6bc63f7bfb551943fede28dc5,gx-no-cache=1553526332767 HTTP/1.1" 200 30
200.54.103.162 - - [25/Mar/2019:12:09:08 -0300] "GET /cormun/servlet/solicitudotadjuntos?e590c53a22c5a1429723fc7cbfac626ace6fbbc6bc63f7bfb551943fede28dc5,gx-no-cache=1553526332790 HTTP/1.1" 200 30
190.171.143.106 - - [25/Mar/2019:12:09:08 -0300] "GET /cormun/servlet/solicitudot?9ee39a4f5566d864316ed547f667cb8a480e590d2c770de5f53f14cc54b8fe9b1d783fbf9ba4d90ca4e1d08c6e093dd52e6de8dbde30742f247023c1486f3a43,gx-no-cache=1553526329411 HTTP/1.1" 200 30
200.54.103.162 - - [25/Mar/2019:12:09:08 -0300] "POST /cormun/servlet/solicitudotadjuntos?c4a403a410bd4493a087f19709e01bf2,INS,2019,14912,,1, HTTP/1.1" 200 116
200.54.103.162 - - [25/Mar/2019:12:09:08 -0300] "GET /cormun/servlet/hpexe_return? HTTP/1.1" 200 1025
200.54.103.162 - - [25/Mar/2019:12:09:09 -0300] "GET /cormun/servlet/trsolicitudadjuntos?2019,14912, HTTP/1.1" 200 9227
190.171.143.106 - - [25/Mar/2019:12:09:10 -0300] "GET /cormun/servlet/prbanco?,MD,,gxPopupLevel%3D0%3B HTTP/1.1" 200 6655
200.54.103.162 - - [25/Mar/2019:12:09:10 -0300] "GET /cormun/servlet/trsolicitudadjuntos?2019,14912, HTTP/1.1" 200 9226
186.67.172.234 - - [25/Mar/2019:12:09:12 -0300] "GET /cormun/servlet/solicitudot?e899cb9f802380fb1610e2717b5b8e9ad5f72ce5e5710b849f81069804389f015e48fe866470ab8b06032b394092be1fb357217daaee992d8193777f0b0439651b3c8c88e4ed565b52dfffd230ab8a55e7e98bc861a596e2e5b0beecf20d794db67ace918050d8a244e27eab417a9d12,gx-no-cache=1553526330085 HTTP/1.1" 200 29
186.67.172.234 - - [25/Mar/2019:12:09:12 -0300] "GET /cormun/static/menuarrow.gif HTTP/1.1" 404 1015
200.54.103.162 - - [25/Mar/2019:12:09:12 -0300] "GET /cormun/servlet/solicitudotadjuntos?INS,2019,14912,,1, HTTP/1.1" 200 6377
200.54.103.162 - - [25/Mar/2019:12:09:13 -0300] "GET /cormun/static/about:blank HTTP/1.1" 404 1011
190.171.143.106 - - [25/Mar/2019:12:09:13 -0300] "GET /cormun/servlet/solicitudot?9ee39a4f5566d864316ed547f667cb8ad5b5f6ba2876424dcbf6aca4b86fe8e9,gx-no-cache=1553526334373 HTTP/1.1" 200 53
190.171.144.234 - - [25/Mar/2019:12:09:13 -0300] "GET /cormun/servlet/hlogin HTTP/1.1" 200 1716
200.54.103.162 - - [25/Mar/2019:12:09:14 -0300] "GET /cormun/servlet/solicitudotadjuntos?INS,2019,14912,,1, HTTP/1.1" 200 6370
200.54.103.162 - - [25/Mar/2019:12:09:14 -0300] "GET /cormun/servlet/solicitudotadjuntos?e590c53a22c5a1429723fc7cbfac626a75a2ef7899070fdb87f8dc7ba13ff7eca8900e68f948443265331cfca6bb9f64,gx-no-cache=1553526339076 HTTP/1.1" 200 30
200.54.103.162 - - [25/Mar/2019:12:09:14 -0300] "POST /cormun/servlet/solicitudotadjuntos?c4a403a410bd4493a087f19709e01bf2,INS,2019,14912,,1,,gx-no-cache=1553526339134 HTTP/1.1" 200 4097
200.54.103.162 - - [25/Mar/2019:12:09:17 -0300] "POST /cormun/servlet/solicitudotadjuntos?gx-no-cache=1553526341318 HTTP/1.1" 200 26
186.79.110.232 - - [25/Mar/2019:12:09:19 -0300] "GET /cormun/servlet/solicitudot?3b8cbfb9584d25f504cc4b49c1b605128ee73ccf166bc4320da36edc04e4649ada15e5fea7ab3d3ec23479d121ed35a1b8dc33d0972f6d2abe2d6330cc140b52,gx-no-cache=1553526340618 HTTP/1.1" 200 30
186.79.110.232 - - [25/Mar/2019:12:09:19 -0300] "GET /cormun/servlet/solicitudot?3b8cbfb9584d25f504cc4b49c1b6051207e233369b385e66a872789a09534f56,gx-no-cache=1553526340733 HTTP/1.1" 200 29
186.79.110.232 - - [25/Mar/2019:12:09:19 -0300] "POST /cormun/servlet/solicitudot?gx-no-cache=1553526340808 HTTP/1.1" 200 297
186.79.110.232 - - [25/Mar/2019:12:09:21 -0300] "GET /cormun/servlet/solicitudot?3b8cbfb9584d25f504cc4b49c1b60512315335a3d98115e3c3168ddcde52bcb42cfa5ace68512c2e6500c4c7884f7e83de8c246607bddef8193d32f2f5b90caecbf5ea381162790c238cf5d930a70d56e97e35ad95245cca794c66fd5fabe7dcd44c03986d2fddd4e9a9b877cb4df7e7b6f0ca658e43c2d4279159e173d225d7f6c9c8dcdc139f49a613d60e2ab43ba4154f5d2b4f74a23a9b98581a77ad5728a5e1569c46fd51fbbc5a0055030e1cb4398de7f334eff84b6a265543ff7f9f8498a6218dd683d566a8d83e0ffb6cd60d5e46237b2e008b8ed5a74a8b3115c7d6dd653c6c64f5f708f7721c82ee0f9adaa501d1de433aa680777bdba4bfa18fba7539fd2a76ebcebd0fa80fc9ab00e855667ff634312e171b8331182761379eb32cf85ce7d6b827cd27cd4aec8e98fb1b350eb98cf6e0097135c4d0792a02c9dac039ec78c7599584f0b583cfa3c3a26619d905a20184b6b80e55450ba1998e08acbbba2577ddab73f80e6e593df4b5a2d72bc0f03a8b9d8edb35317a552560221be2d12c3d8a80ce6b5d48a0b164ef7d,gx-no-cache=1553526342289 HTTP/1.1" 200 30
200.54.103.162 - - [25/Mar/2019:12:09:21 -0300] "GET /cormun/servlet/solicitudotadjuntos?e590c53a22c5a1429723fc7cbfac626ace6fbbc6bc63f7bfb551943fede28dc5,gx-no-cache=1553526345831 HTTP/1.1" 200 30
200.54.103.162 - - [25/Mar/2019:12:09:21 -0300] "GET /cormun/servlet/solicitudotadjuntos?e590c53a22c5a1429723fc7cbfac626ace6fbbc6bc63f7bfb551943fede28dc5,gx-no-cache=1553526345854 HTTP/1.1" 200 30
200.54.103.162 - - [25/Mar/2019:12:09:21 -0300] "POST /cormun/servlet/solicitudotadjuntos?c4a403a410bd4493a087f19709e01bf2,INS,2019,14912,,1, HTTP/1.1" 200 116
200.54.103.162 - - [25/Mar/2019:12:09:21 -0300] "GET /cormun/servlet/hpexe_return? HTTP/1.1" 200 1025
200.54.103.162 - - [25/Mar/2019:12:09:22 -0300] "GET /cormun/servlet/trsolicitudadjuntos?2019,14912, HTTP/1.1" 200 9398
190.171.144.234 - - [25/Mar/2019:12:09:22 -0300] "POST /cormun/servlet/hlogin?0c77f35542561b733947dcb9417b1b46,gx-no-cache=1553526341589 HTTP/1.1" 200 90
190.171.144.234 - - [25/Mar/2019:12:09:22 -0300] "GET /cormun/servlet/hpexe_link HTTP/1.1" 200 948
190.171.144.234 - - [25/Mar/2019:12:09:22 -0300] "GET /cormun/servlet/hhome HTTP/1.1" 200 4014
190.171.144.234 - - [25/Mar/2019:12:09:23 -0300] "GET /cormun/servlet/hhome HTTP/1.1" 200 4010
200.54.103.162 - - [25/Mar/2019:12:09:24 -0300] "GET /cormun/servlet/trsolicitudadjuntos?2019,14912, HTTP/1.1" 200 9395
186.79.110.232 - - [25/Mar/2019:12:09:25 -0300] "POST /cormun/servlet/solicitudot?gx-no-cache=1553526346693 HTTP/1.1" 200 30
200.54.103.162 - - [25/Mar/2019:12:09:25 -0300] "GET /cormun/servlet/solicitudotadjuntos?INS,2019,14912,,1, HTTP/1.1" 200 6377
186.67.172.234 - - [25/Mar/2019:12:09:25 -0300] "GET /cormun/servlet/solicitudot?e899cb9f802380fb1610e2717b5b8e9afda15b891da3c5b0bbad86de95ac65515ca5e2f45cdcaab2791817f4cfdfde4c,gx-no-cache=1553526343491 HTTP/1.1" 200 30
200.54.103.162 - - [25/Mar/2019:12:09:26 -0300] "GET /cormun/static/about:blank HTTP/1.1" 404 1011
190.171.143.106 - - [25/Mar/2019:12:09:26 -0300] "POST /cormun/servlet/solicitudot?gx-no-cache=1553526347363 HTTP/1.1" 200 255
190.171.143.106 - - [25/Mar/2019:12:09:26 -0300] "GET /cormun/servlet/solicitudot?9ee39a4f5566d864316ed547f667cb8aef98bf22fc788d3dbea40d774cbb4bd52e37d82a24848887db281f91e63ab45652b9d6138401e616aa1873fdfa239e48e6077e1fde5cf3ae2bb101a083ad47397c7bfcdd928c6366af9a4a2cd85f04b8fe34013768a4528029eb94292dc6a068456e24d607b9a0293d36f224d4d9cd778045f1d473ff2347857971f783d682e645d7a1e6e6196c01992c0bc19824aedfc31083874e3aa1e86fec1c8d8678745d8eb19aeb235601787a683d6c5c2d8ac0e49799516aa03f085aef7b3718032d9508b78a75ed5ddf2c641ba25283fd1d63544efae0d41d3a04f58083d4955a0c6eeff414f91b27548c7fbd260086a8c8cd2942628ea1f18a62588d88dfab4b7a267898f8c69d7b529fe85b1a78c9d0064bbb01ca622d6a302dc2cad6879c47a2d7c6fdd0eb1ebd27a4a28359fb920a9030190b059457a20e969d75806a246c6aef431b52569b4f9923b2b6c95f115b7a6dc0559e8813675869f0d35901d85d5c63179ec116edd3b2935f56556ab102d004,gx-no-cache=1553526347426 HTTP/1.1" 200 30
190.171.144.234 - - [25/Mar/2019:12:09:27 -0300] "GET /cormun/servlet/trlicencias? HTTP/1.1" 200 9274
200.54.103.162 - - [25/Mar/2019:12:09:27 -0300] "GET /cormun/servlet/solicitudotadjuntos?INS,2019,14912,,1, HTTP/1.1" 200 6370
190.171.144.234 - - [25/Mar/2019:12:09:27 -0300] "GET /cormun/servlet/trlicencias? HTTP/1.1" 200 9272
186.79.110.232 - - [25/Mar/2019:12:09:27 -0300] "GET /cormun/servlet/prsolicitudot?16787557,,,,,MD,,gxPopupLevel%3D0%3B HTTP/1.1" 200 6100
200.54.103.162 - - [25/Mar/2019:12:09:27 -0300] "GET /cormun/servlet/solicitudotadjuntos?e590c53a22c5a1429723fc7cbfac626a75a2ef7899070fdb87f8dc7ba13ff7eca8900e68f948443265331cfca6bb9f64,gx-no-cache=1553526352020 HTTP/1.1" 200 30
200.54.103.162 - - [25/Mar/2019:12:09:27 -0300] "POST /cormun/servlet/solicitudotadjuntos?c4a403a410bd4493a087f19709e01bf2,INS,2019,14912,,1,,gx-no-cache=1553526352071 HTTP/1.1" 200 4097
190.171.143.106 - - [25/Mar/2019:12:09:28 -0300] "POST /cormun/servlet/solicitudot?gx-no-cache=1553526348951 HTTP/1.1" 200 30
