200.54.246.54 - - [25/Mar/2019:13:32:12 -0300] "GET /cormun/servlet/solicitudot?3edc971a4e5a322e67ae50b4f11d96b89cdca68db876a3b94a26cccefc056355,gx-no-cache=1553531309566 HTTP/1.1" 200 94
186.103.158.250 - - [25/Mar/2019:13:32:12 -0300] "GET /cormun/static/Resources/PXToolsHeaderHome.png HTTP/1.1" 200 4147
200.54.246.54 - - [25/Mar/2019:13:32:12 -0300] "GET /cormun/static/Shared/jqueryui/images/ui-bg_highlight-soft_100_c6c2c8_1x100.png HTTP/1.1" 404 1117
200.54.246.54 - - [25/Mar/2019:13:32:12 -0300] "GET /cormun/static/Shared/jqueryui/images/ui-bg_flat_55_994d53_40x100.png HTTP/1.1" 404 1097
200.54.246.54 - - [25/Mar/2019:13:32:12 -0300] "GET /cormun/static/Shared/jqueryui/images/ui-icons_82798d_256x240.png HTTP/1.1" 404 1089
200.54.246.54 - - [25/Mar/2019:13:32:12 -0300] "GET /cormun/static/Shared/jqueryui/images/ui-icons_ebccce_256x240.png HTTP/1.1" 404 1089
186.103.158.250 - - [25/Mar/2019:13:32:12 -0300] "GET /cormun/static/Resources/PXToolsHeaderSecurity.png HTTP/1.1" 200 4166
186.103.158.250 - - [25/Mar/2019:13:32:12 -0300] "GET /cormun/static/Resources/PXToolsHeaderActionsBackground.png HTTP/1.1" 200 484
186.103.158.250 - - [25/Mar/2019:13:32:12 -0300] "GET /cormun/static/Resources/PXToolsHeaderPreferences.png HTTP/1.1" 200 4189
186.103.158.250 - - [25/Mar/2019:13:32:12 -0300] "GET /cormun/static/Resources/PXToolsHeaderActionsRight.png HTTP/1.1" 200 1201
186.103.158.250 - - [25/Mar/2019:13:32:12 -0300] "GET /cormun/static/Resources/PXToolsHeaderLogin.png HTTP/1.1" 200 4279
186.103.158.250 - - [25/Mar/2019:13:32:13 -0300] "GET /cormun/static/hpexe_messagecontroller.js?20177611595012 HTTP/1.1" 200 870
186.103.158.250 - - [25/Mar/2019:13:32:13 -0300] "GET /cormun/static/hpexe_messagepopupcomponent.js?20161017169425 HTTP/1.1" 200 605
186.103.158.250 - - [25/Mar/2019:13:32:13 -0300] "GET /cormun/static/hpexe_messagegenexuscomponent.js?201752511465344 HTTP/1.1" 200 587
186.103.158.250 - - [25/Mar/2019:13:32:13 -0300] "GET /cormun/static/cmcontrolpreferences.js?201752511465670 HTTP/1.1" 200 1375
186.103.158.250 - - [25/Mar/2019:13:32:13 -0300] "GET /cormun/static/Shared/jquery/jquery-1.4.2.min.js HTTP/1.1" 200 72174
186.103.158.250 - - [25/Mar/2019:13:32:14 -0300] "GET /cormun/static/SmoothNavMenu/resources/ddsmoothmenu.js HTTP/1.1" 200 12712
186.103.158.250 - - [25/Mar/2019:13:32:14 -0300] "GET /cormun/static/SmoothNavMenu/resources/SmoothNavMenuRender.js HTTP/1.1" 200 5951
200.54.246.54 - - [25/Mar/2019:13:32:14 -0300] "GET /cormun/servlet/solicitudot?3edc971a4e5a322e67ae50b4f11d96b8338a1e82251604cd8124517132effee0,gx-no-cache=1553531312030 HTTP/1.1" 200 51
186.103.158.250 - - [25/Mar/2019:13:32:14 -0300] "GET /cormun/static/scaMessage/js/jquery.pnotify.min.js HTTP/1.1" 200 13038
186.103.158.250 - - [25/Mar/2019:13:32:14 -0300] "GET /cormun/static/scaMessage/scaMessageRender.js HTTP/1.1" 200 11977
186.103.158.250 - - [25/Mar/2019:13:32:15 -0300] "GET /cormun/static/hmpwkw03.js?20189613443875 HTTP/1.1" 200 3965
186.103.158.250 - - [25/Mar/2019:13:32:15 -0300] "GET /cormun/static/Resources/PXTools/calendar.png HTTP/1.1" 200 1306
186.103.158.250 - - [25/Mar/2019:13:32:19 -0300] "GET /cormun/static/Shared/jquery/jquery-1.10.2.min.js HTTP/1.1" 200 273199
186.103.158.250 - - [25/Mar/2019:13:32:34 -0300] "GET /cormun/static/Shared/jqueryui/jquery-ui.min.js HTTP/1.1" 200 240427
200.54.246.54 - - [25/Mar/2019:13:32:37 -0300] "POST /cormun/servlet/solicitudot?9acd0556fae567f85f5975eb64433987,INS,0,0,,gx-no-cache=1553531334147 HTTP/1.1" 200 12025
200.54.246.54 - - [25/Mar/2019:13:32:37 -0300] "GET /cormun/static/Shared/jqueryui/images/ui-bg_flat_55_fafafa_40x100.png HTTP/1.1" 404 1097
200.54.246.54 - - [25/Mar/2019:13:32:37 -0300] "GET /cormun/static/Shared/jqueryui/images/ui-icons_8d78a5_256x240.png HTTP/1.1" 404 1089
200.54.246.54 - - [25/Mar/2019:13:32:39 -0300] "GET /cormun/servlet/solicitudot?3edc971a4e5a322e67ae50b4f11d96b89cdca68db876a3b94a26cccefc056355,gx-no-cache=1553531336985 HTTP/1.1" 200 94
200.54.246.54 - - [25/Mar/2019:13:32:39 -0300] "GET /cormun/servlet/solicitudot?3edc971a4e5a322e67ae50b4f11d96b8ae2b575589a67681e2c70281bff3dbe1472d6f91c2cf539928812f90329d0e76cf977e29116e32b6b33b40018df17f40,gx-no-cache=1553531337088 HTTP/1.1" 200 51
200.54.246.54 - - [25/Mar/2019:13:32:40 -0300] "POST /cormun/servlet/solicitudot?gx-no-cache=1553531338433 HTTP/1.1" 200 256
200.54.246.54 - - [25/Mar/2019:13:32:42 -0300] "GET /cormun/servlet/solicitudot?3edc971a4e5a322e67ae50b4f11d96b89af2161eb9cb9e674f45726751dc9b39c765ee8648a975a60e385db14b8c78bab01b4cdf7bc20a25187e5dd278c187f3639ea76cbc9f971d161349e17eed91ed207fef22369ae47bf06120ab9ce82db8ef37a228f2a67ddbc2b7308e839b94e19cbab168673cc056d4400a70d8e66d49db10a98ccbdb89f6f04eb080d2e06d347c21c6888d2bd81a6a84a0ffc4113d315b928879da1d5fbcedbf7d828cf5426eeeed9759286b79fa1a58961668eb5f317e5f84b4806046bad5a4b46bea52680e0637645bd03a3df0cdcb392b5ece61a0cdc5851a0402ffa7a826b9ce210a5a18622bba1fa578e48602f705f0f20c9d1b3974261b432f6983b1830b45b5abb3cb71a559b8430d3a103ed7b08e9da96c5056fe9bb491ae4c02400cd2c56c08458e5d0cde28ec6b1ebfb5ae4c5b2acf0f17dbc0dabc8955ac8313cf992ae65de81e01ec5292fa6debb290af19630bbe1cc488fffb867bf3301ef89808f4a8697164d67ebace4d841b4dd854351caecb8025,gx-no-cache=1553531340117 HTTP/1.1" 200 30
186.103.158.250 - - [25/Mar/2019:13:32:43 -0300] "GET /cormun/static/Shared/ext/ext-all.js HTTP/1.1" 200 1289687
200.54.246.54 - - [25/Mar/2019:13:32:44 -0300] "POST /cormun/servlet/solicitudot?gx-no-cache=1553531341626 HTTP/1.1" 200 30
186.103.158.250 - - [25/Mar/2019:13:32:46 -0300] "GET /cormun/servlet/solicitudotlog?INS,2019,14897,0,REC, HTTP/1.1" 200 5240
200.54.246.54 - - [25/Mar/2019:13:32:46 -0300] "POST /cormun/servlet/solicitudot?gx-no-cache=1553531344380 HTTP/1.1" 200 1285
200.54.246.54 - - [25/Mar/2019:13:32:47 -0300] "POST /cormun/servlet/solicitudot?gx-no-cache=1553531344491 HTTP/1.1" 200 38
186.103.158.250 - - [25/Mar/2019:13:32:47 -0300] "GET /cormun/servlet/hlogin HTTP/1.1" 200 1760
186.103.158.250 - - [25/Mar/2019:13:32:47 -0300] "GET /cormun/servlet/solicitudotlog?761ccf4a6a18f11658fa0fcf3e7b8d93f8e35090e54d67910bf59c8b2ff5d77dd202ee133ca1793d556342df0371e08374cea3726e5d718782cd729f12f49153d6766d06ba0e6b32dc214527c3db90a2f4a00578efef450df15feb372b052353dce9ad9eb285e8115d439208e2f8487f5406ae776b0be9b0c80bb5887b8e70dc651f20d4d50bd21977e04aebce0dece4a11c713dc1bb9b550f308fb9896643a9,gx-no-cache=1553531346436 HTTP/1.1" 200 94
200.54.246.54 - - [25/Mar/2019:13:32:56 -0300] "GET /cormun/servlet/solicitudot?3edc971a4e5a322e67ae50b4f11d96b8008e1924d136fe5172e71ac8e500b37ef3da6ba9a7cc2942ad201461cda9f7d403e01ba15f7db1da87efb9cde89d316fc23e7d150c824f6cde2373961ee68b696d741735c0b613b52b5475ec1196e2e1f36a1b8066f476b3e2e11efc9b9e4409,gx-no-cache=1553531353927 HTTP/1.1" 200 110
192.168.10.89 - - [25/Mar/2019:13:32:57 -0300] "GET /digitalizacion/servlet/wblogin? HTTP/1.1" 200 2307
192.168.10.89 - - [25/Mar/2019:13:32:57 -0300] "GET /digitalizacion/static/Resources/Comun33.png HTTP/1.1" 304 -
192.168.10.89 - - [25/Mar/2019:13:32:58 -0300] "GET /digitalizacion/static/wblogin.js?201842010284433 HTTP/1.1" 304 -
192.168.10.89 - - [25/Mar/2019:13:32:58 -0300] "GET /digitalizacion/static/hmplogin.js?201841414365131 HTTP/1.1" 304 -
192.168.10.89 - - [25/Mar/2019:13:32:58 -0300] "GET /digitalizacion/static/Resources/PXToolsLoginTop.png HTTP/1.1" 304 -
192.168.10.89 - - [25/Mar/2019:13:32:58 -0300] "GET /digitalizacion/static/Resources/PXToolsLoginBackground.png HTTP/1.1" 304 -
192.168.10.89 - - [25/Mar/2019:13:32:58 -0300] "GET /digitalizacion/static/Resources/PXToolsButtonRight.png HTTP/1.1" 304 -
192.168.10.89 - - [25/Mar/2019:13:32:58 -0300] "GET /digitalizacion/static/Resources/PXToolsButtonBackground.png HTTP/1.1" 304 -
192.168.10.89 - - [25/Mar/2019:13:32:58 -0300] "GET /digitalizacion/static/Resources/PXToolsButtonLeft.png HTTP/1.1" 304 -
192.168.10.89 - - [25/Mar/2019:13:32:58 -0300] "GET /digitalizacion/static/Resources/PXToolsLoginBottom.png HTTP/1.1" 304 -
192.168.10.89 - - [25/Mar/2019:13:32:58 -0300] "GET /digitalizacion/static/Resources/indicator.gif HTTP/1.1" 304 -
192.168.10.89 - - [25/Mar/2019:13:32:58 -0300] "GET /digitalizacion/servlet/wblogin? HTTP/1.1" 200 2319
192.168.10.89 - - [25/Mar/2019:13:33:00 -0300] "POST /digitalizacion/servlet/wblogin?acf835dc54a0b84b136124a4378c7d7c,,gx-no-cache=1553538382379 HTTP/1.1" 200 65
192.168.10.89 - - [25/Mar/2019:13:33:00 -0300] "GET /digitalizacion/servlet/hhome HTTP/1.1" 200 2823
192.168.10.89 - - [25/Mar/2019:13:33:00 -0300] "GET /digitalizacion/static/Resources/CormunLogo2.png HTTP/1.1" 304 -
192.168.10.89 - - [25/Mar/2019:13:33:00 -0300] "GET /digitalizacion/static/Resources/PXToolsHeaderHome.png HTTP/1.1" 304 -
192.168.10.89 - - [25/Mar/2019:13:33:00 -0300] "GET /digitalizacion/static/hhome.js?201841414272287 HTTP/1.1" 304 -
192.168.10.89 - - [25/Mar/2019:13:33:00 -0300] "GET /digitalizacion/static/Resources/PXToolsHeaderLogin.png HTTP/1.1" 304 -
192.168.10.89 - - [25/Mar/2019:13:33:00 -0300] "GET /digitalizacion/static/Resources/PXToolsHeaderPreferences.png HTTP/1.1" 304 -
192.168.10.89 - - [25/Mar/2019:13:33:00 -0300] "GET /digitalizacion/static/Resources/PXToolsDataTitle.png HTTP/1.1" 304 -
192.168.10.89 - - [25/Mar/2019:13:33:00 -0300] "GET /digitalizacion/static/hpexe_messagecontroller.js?201841414233665 HTTP/1.1" 304 -
192.168.10.89 - - [25/Mar/2019:13:33:00 -0300] "GET /digitalizacion/static/hpexe_messagepopupcomponent.js?201841414233469 HTTP/1.1" 304 -
192.168.10.89 - - [25/Mar/2019:13:33:00 -0300] "GET /digitalizacion/static/hpexe_scripts.js?201841414233682 HTTP/1.1" 304 -
192.168.10.89 - - [25/Mar/2019:13:33:00 -0300] "GET /digitalizacion/static/hwchdr01.js?20184141438371 HTTP/1.1" 304 -
192.168.10.89 - - [25/Mar/2019:13:33:00 -0300] "GET /digitalizacion/static/hpexe_messagegenexuscomponent.js?201841414233455 HTTP/1.1" 304 -
192.168.10.89 - - [25/Mar/2019:13:33:00 -0300] "GET /digitalizacion/static/hpexe_messagegxuicomponent.js?201841414233441 HTTP/1.1" 304 -
192.168.10.89 - - [25/Mar/2019:13:33:00 -0300] "GET /digitalizacion/static/hmpwkw031.js?20184141427937 HTTP/1.1" 304 -
192.168.10.89 - - [25/Mar/2019:13:33:00 -0300] "GET /digitalizacion/servlet/hhome HTTP/1.1" 200 2821
192.168.10.89 - - [25/Mar/2019:13:33:04 -0300] "GET /digitalizacion/servlet/trdocumentos? HTTP/1.1" 200 9875
192.168.10.89 - - [25/Mar/2019:13:33:04 -0300] "GET /digitalizacion/static/Resources/PXToolsGridFirstDisabled.gif HTTP/1.1" 304 -
192.168.10.89 - - [25/Mar/2019:13:33:04 -0300] "GET /digitalizacion/static/Resources/PXToolsDataSearch.png HTTP/1.1" 304 -
192.168.10.89 - - [25/Mar/2019:13:33:04 -0300] "GET /digitalizacion/static/Resources/PXToolsGridPreviousDisabled.gif HTTP/1.1" 304 -
192.168.10.89 - - [25/Mar/2019:13:33:04 -0300] "GET /digitalizacion/static/Resources/PXToolsGridNextDisabled.gif HTTP/1.1" 304 -
192.168.10.89 - - [25/Mar/2019:13:33:04 -0300] "GET /digitalizacion/static/Resources/PXToolsGridLastDisabled.gif HTTP/1.1" 304 -
192.168.10.89 - - [25/Mar/2019:13:33:04 -0300] "GET /digitalizacion/static/Resources/PXToolsGridPage.gif HTTP/1.1" 304 -
192.168.10.89 - - [25/Mar/2019:13:33:04 -0300] "GET /digitalizacion/static/Resources/asc.gif HTTP/1.1" 304 -
192.168.10.89 - - [25/Mar/2019:13:33:04 -0300] "GET /digitalizacion/static/Resources/desc.gif HTTP/1.1" 304 -
192.168.10.89 - - [25/Mar/2019:13:33:04 -0300] "GET /digitalizacion//static/Resources/PXToolsGridDisplay.png HTTP/1.1" 304 -
192.168.10.89 - - [25/Mar/2019:13:33:04 -0300] "GET /digitalizacion/servlet/trdocumentos? HTTP/1.1" 200 9873
192.168.10.89 - - [25/Mar/2019:13:33:04 -0300] "POST /digitalizacion/servlet/trdocumentos?gx-no-cache=1553538387262 HTTP/1.1" 200 449
192.168.10.89 - - [25/Mar/2019:13:33:04 -0300] "POST /digitalizacion/servlet/trdocumentos?gx-no-cache=1553538387304 HTTP/1.1" 200 78
192.168.10.89 - - [25/Mar/2019:13:33:09 -0300] "POST /digitalizacion/servlet/trdocumentos?gx-no-cache=1553538391474 HTTP/1.1" 200 233
200.54.246.54 - - [25/Mar/2019:13:33:09 -0300] "POST /cormun/servlet/solicitudot?gx-no-cache=1553531366884 HTTP/1.1" 200 72
192.168.10.89 - - [25/Mar/2019:13:33:13 -0300] "POST /digitalizacion/servlet/trdocumentos?acf835dc54a0b84b136124a4378c7d7c,,gx-no-cache=1553538395402 HTTP/1.1" 200 4547
200.54.246.54 - - [25/Mar/2019:13:33:19 -0300] "GET /cormun/servlet/solicitudot?3edc971a4e5a322e67ae50b4f11d96b8589fddccda57149bec746e44aac37e65e0e524c7936ca38b3af1dc2015ac1e7c90aa9175fb0ae16a359fe4559a919a0728d33566439908080ca5b730d75b7e2c1ad03fea511bac760cc4bc80f88e393d3d9b9190694aec5da0d428433ce13db1,gx-no-cache=1553531377337 HTTP/1.1" 200 29
200.54.246.54 - - [25/Mar/2019:13:33:19 -0300] "GET /cormun/static/menuarrow.gif HTTP/1.1" 404 1015
192.168.10.89 - - [25/Mar/2019:13:33:21 -0300] "POST /digitalizacion/servlet/trdocumentos?acf835dc54a0b84b136124a4378c7d7c,,gx-no-cache=1553538403353 HTTP/1.1" 200 3175
200.54.246.54 - - [25/Mar/2019:13:33:30 -0300] "GET /cormun/servlet/solicitudot?3edc971a4e5a322e67ae50b4f11d96b8f1524654837ee22834945e02b510afb80cea3b7d1ebce494c27f0bb4062bbf34,gx-no-cache=1553531387671 HTTP/1.1" 200 30
200.54.246.54 - - [25/Mar/2019:13:33:36 -0300] "POST /cormun/servlet/solicitudot?gx-no-cache=1553531394117 HTTP/1.1" 200 30
200.54.107.2 - - [25/Mar/2019:13:33:40 -0300] "GET /cormun/servlet/hlogin HTTP/1.1" 200 1721
200.54.107.2 - - [25/Mar/2019:13:33:56 -0300] "POST /cormun/servlet/hlogin?921964dfa5905383c35697a908b81782,gx-no-cache=1553531419607 HTTP/1.1" 200 90
200.54.107.2 - - [25/Mar/2019:13:33:56 -0300] "GET /cormun/servlet/hpexe_link HTTP/1.1" 200 949
200.54.107.2 - - [25/Mar/2019:13:33:56 -0300] "GET /cormun/servlet/hhome HTTP/1.1" 200 4304
200.54.107.2 - - [25/Mar/2019:13:33:57 -0300] "GET /cormun/servlet/hhome HTTP/1.1" 200 4300
192.168.10.89 - - [25/Mar/2019:13:34:04 -0300] "GET /digitalizacion/servlet/wblogin? HTTP/1.1" 200 2325
200.54.107.2 - - [25/Mar/2019:13:34:07 -0300] "GET /cormun/servlet/trautorizarsolicitud? HTTP/1.1" 200 7416
200.54.107.2 - - [25/Mar/2019:13:34:08 -0300] "GET /cormun/servlet/trautorizarsolicitud? HTTP/1.1" 200 7415
200.54.107.2 - - [25/Mar/2019:13:34:14 -0300] "POST /cormun/servlet/trautorizarsolicitud?921964dfa5905383c35697a908b81782,,gx-no-cache=1553531437055 HTTP/1.1" 200 4475
200.54.107.2 - - [25/Mar/2019:13:34:16 -0300] "GET /cormun/static/menuarrow.gif HTTP/1.1" 404 1015
200.54.107.2 - - [25/Mar/2019:13:34:22 -0300] "GET /cormun/servlet/trsolicitudot? HTTP/1.1" 200 7517
200.54.107.2 - - [25/Mar/2019:13:34:22 -0300] "GET /cormun/servlet/trsolicitudot? HTTP/1.1" 200 7516
200.54.107.2 - - [25/Mar/2019:13:34:26 -0300] "GET /cormun/servlet/solicitudot?INS,0,0, HTTP/1.1" 200 15155
200.54.107.2 - - [25/Mar/2019:13:34:27 -0300] "GET /cormun/servlet/solicitudot?INS,0,0, HTTP/1.1" 200 15160
186.79.247.115 - - [25/Mar/2019:13:34:27 -0300] "GET /cormun/servlet/solicitudotadjuntos?INS,2019,14911,,1, HTTP/1.1" 200 6372
186.79.247.115 - - [25/Mar/2019:13:34:27 -0300] "GET /cormun/static/gxcfg.js?2017761244068 HTTP/1.1" 200 953
186.79.247.115 - - [25/Mar/2019:13:34:27 -0300] "GET /cormun/static/solicitudotadjuntos.js?2017761244086 HTTP/1.1" 200 11771
186.79.247.115 - - [25/Mar/2019:13:34:27 -0300] "GET /cormun/static/about:blank HTTP/1.1" 404 1011
186.79.247.115 - - [25/Mar/2019:13:34:28 -0300] "GET /cormun/servlet/solicitudotadjuntos?INS,2019,14911,,1, HTTP/1.1" 200 6366
186.79.247.115 - - [25/Mar/2019:13:34:28 -0300] "GET /cormun/servlet/solicitudotadjuntos?4faddacb1da2e55f9fa3d2e5acbcfc95bbdd0f13773d51dbe9e5dd4079f9856ef94beaa0952cca6f3cc3ac14e90dd761,gx-no-cache=1553531449653 HTTP/1.1" 200 30
186.79.247.115 - - [25/Mar/2019:13:34:29 -0300] "POST /cormun/servlet/solicitudotadjuntos?99778fd2bad416eaee90c6d9fea535c3,INS,2019,14911,,1,,gx-no-cache=1553531449787 HTTP/1.1" 200 4061
186.79.247.115 - - [25/Mar/2019:13:34:33 -0300] "GET /cormun/servlet/hlogin HTTP/1.1" 200 1758
200.54.107.2 - - [25/Mar/2019:13:34:33 -0300] "POST /cormun/servlet/solicitudot?gx-no-cache=1553531456911 HTTP/1.1" 200 3569
200.54.107.2 - - [25/Mar/2019:13:34:34 -0300] "POST /cormun/servlet/solicitudot?921964dfa5905383c35697a908b81782,INS,0,0,,gx-no-cache=1553531457157 HTTP/1.1" 200 11974
200.54.107.2 - - [25/Mar/2019:13:34:35 -0300] "POST /cormun/servlet/solicitudot?921964dfa5905383c35697a908b81782,INS,0,0,,gx-no-cache=1553531458694 HTTP/1.1" 200 12294
200.54.107.2 - - [25/Mar/2019:13:34:35 -0300] "GET /cormun/static/Shared/jqueryui/images/ui-bg_highlight-soft_100_c6c2c8_1x100.png HTTP/1.1" 404 1117
200.54.107.2 - - [25/Mar/2019:13:34:35 -0300] "GET /cormun/static/Shared/jqueryui/images/ui-icons_82798d_256x240.png HTTP/1.1" 404 1089
200.54.107.2 - - [25/Mar/2019:13:34:35 -0300] "GET /cormun/static/Shared/jqueryui/images/ui-icons_ebccce_256x240.png HTTP/1.1" 404 1089
200.54.107.2 - - [25/Mar/2019:13:34:35 -0300] "GET /cormun/static/Shared/jqueryui/images/ui-bg_flat_55_994d53_40x100.png HTTP/1.1" 404 1097
186.79.247.115 - - [25/Mar/2019:13:34:39 -0300] "POST /cormun/servlet/hlogin?99778fd2bad416eaee90c6d9fea535c3,gx-no-cache=1553531460495 HTTP/1.1" 200 90
186.79.247.115 - - [25/Mar/2019:13:34:39 -0300] "GET /cormun/servlet/hpexe_link HTTP/1.1" 200 976
186.79.247.115 - - [25/Mar/2019:13:34:39 -0300] "GET /cormun/servlet/solicitudotadjuntos?INS,2019,14911,,1, HTTP/1.1" 200 6367
186.79.247.115 - - [25/Mar/2019:13:34:40 -0300] "GET /cormun/static/about:blank HTTP/1.1" 404 1011
186.79.247.115 - - [25/Mar/2019:13:34:40 -0300] "GET /cormun/servlet/solicitudotadjuntos?INS,2019,14911,,1, HTTP/1.1" 200 6366
186.79.247.115 - - [25/Mar/2019:13:34:40 -0300] "GET /cormun/servlet/solicitudotadjuntos?4faddacb1da2e55f9fa3d2e5acbcfc95bbdd0f13773d51dbe9e5dd4079f9856ef94beaa0952cca6f3cc3ac14e90dd761,gx-no-cache=1553531461592 HTTP/1.1" 200 30
186.79.247.115 - - [25/Mar/2019:13:34:41 -0300] "POST /cormun/servlet/solicitudotadjuntos?99778fd2bad416eaee90c6d9fea535c3,INS,2019,14911,,1,,gx-no-cache=1553531461709 HTTP/1.1" 200 4050
200.54.246.54 - - [25/Mar/2019:13:34:44 -0300] "GET /cormun/servlet/solicitudot?3edc971a4e5a322e67ae50b4f11d96b8c9cd8c75c98900564fad1691e9d1df773491fbbf2b82859bd58413c984001550e7537be97f3c05449f1c7161dc41b116,gx-no-cache=1553531461833 HTTP/1.1" 200 30
200.54.246.54 - - [25/Mar/2019:13:34:44 -0300] "GET /cormun/servlet/solicitudot?3edc971a4e5a322e67ae50b4f11d96b89af2161eb9cb9e674f45726751dc9b39c765ee8648a975a60e385db14b8c78bab01b4cdf7bc20a25187e5dd278c187f3639ea76cbc9f971d161349e17eed91ed207fef22369ae47bf06120ab9ce82db8ef37a228f2a67ddbc2b7308e839b94e19cbab168673cc056d4400a70d8e66d49db10a98ccbdb89f6f04eb080d2e06d347c21c6888d2bd81a6a84a0ffc4113d315b928879da1d5fbcedbf7d828cf5426eeeed9759286b79fa1a58961668eb5f317e5f84b4806046bad5a4b46bea52680e0637645bd03a3df0cdcb392b5ece61a0cdc5851a0402ffa7a826b9ce210a5a18622bba1fa578e48602f705f0f20c9d1b3974261b432f6983b1830b45b5abb3cb71a559b8430d3a103ed7b08e9da96c5056fe9bb491ae4c02400cd2c56c08458e5d0cde28ec6b1ebfb5ae4c5b2acf0f17dbc0dabc8955ac8313cf992ae65de81e01ec5292fa6debb290af19630bbe1cc488fffb867bf3301ef89808f4a8697164ffe81d47d560e65b446140e0ee2e731e,gx-no-cache=1553531461869 HTTP/1.1" 200 30
200.54.246.54 - - [25/Mar/2019:13:34:44 -0300] "POST /cormun/servlet/solicitudot?gx-no-cache=1553531461897 HTTP/1.1" 200 30
200.54.246.54 - - [25/Mar/2019:13:34:44 -0300] "POST /cormun/servlet/solicitudot?gx-no-cache=1553531461921 HTTP/1.1" 200 1288
200.54.246.54 - - [25/Mar/2019:13:34:44 -0300] "POST /cormun/servlet/solicitudot?gx-no-cache=1553531461971 HTTP/1.1" 200 41
200.54.246.54 - - [25/Mar/2019:13:34:44 -0300] "GET /cormun/servlet/solicitudot?3edc971a4e5a322e67ae50b4f11d96b8008e1924d136fe5172e71ac8e500b37ef3da6ba9a7cc2942ad201461cda9f7d403e01ba15f7db1da87efb9cde89d316fc23e7d150c824f6cde2373961ee68b696d741735c0b613b52b5475ec1196e2e1f36a1b8066f476b3e2e11efc9b9e4409,gx-no-cache=1553531461997 HTTP/1.1" 200 110
200.54.246.54 - - [25/Mar/2019:13:34:44 -0300] "POST /cormun/servlet/solicitudot?gx-no-cache=1553531462030 HTTP/1.1" 200 67
200.54.246.54 - - [25/Mar/2019:13:34:44 -0300] "GET /cormun/servlet/solicitudot?3edc971a4e5a322e67ae50b4f11d96b8f1524654837ee22834945e02b510afb80cea3b7d1ebce494c27f0bb4062bbf34,gx-no-cache=1553531462107 HTTP/1.1" 200 30
200.54.246.54 - - [25/Mar/2019:13:34:44 -0300] "POST /cormun/servlet/solicitudot?gx-no-cache=1553531462145 HTTP/1.1" 200 30
200.54.246.54 - - [25/Mar/2019:13:34:44 -0300] "POST /cormun/servlet/solicitudot?9acd0556fae567f85f5975eb64433987,INS,0,0,,gx-no-cache=1553531462175 HTTP/1.1" 200 93
200.54.246.54 - - [25/Mar/2019:13:34:44 -0300] "GET /cormun/servlet/hpexe_return? HTTP/1.1" 200 1000
200.54.246.54 - - [25/Mar/2019:13:34:45 -0300] "GET /cormun/servlet/trsolicitudot HTTP/1.1" 200 9278
200.54.246.54 - - [25/Mar/2019:13:34:45 -0300] "GET /cormun/servlet/trsolicitudot HTTP/1.1" 200 9274
186.79.247.115 - - [25/Mar/2019:13:34:49 -0300] "POST /cormun/servlet/solicitudotadjuntos?gx-no-cache=1553531470164 HTTP/1.1" 200 26
200.54.107.2 - - [25/Mar/2019:13:34:52 -0300] "GET /cormun/servlet/solicitudot?c7d3221ab67095339b3edb9035d48f08954a7ac59f421651183d351f2d405d1b409a254e05125c0af99ae9c76f9076ca,gx-no-cache=1553531475798 HTTP/1.1" 200 30
200.54.107.2 - - [25/Mar/2019:13:34:52 -0300] "GET /cormun/servlet/solicitudot?c7d3221ab67095339b3edb9035d48f084108c04746dd8cb1917a475169b9b8526be9e2186c71d6c3b40471777626ab7b4ac701eaa4b439687b5a22b8c4ad8357,gx-no-cache=1553531475892 HTTP/1.1" 200 30
200.54.107.2 - - [25/Mar/2019:13:34:52 -0300] "GET /cormun/servlet/solicitudot?c7d3221ab67095339b3edb9035d48f0807ec5045e80793f00237ab0a7a6c9200f141b21737223d29f332b487e701d19abc13b30dffce978324863d14700cd2dcc682352079bf112fdce9cc6ef0f5f6f997ddab09b92819ab95b6a13f53ca318b889a10232987263772c1fbfe7f360ee0,gx-no-cache=1553531476016 HTTP/1.1" 200 51
200.54.107.2 - - [25/Mar/2019:13:34:53 -0300] "POST /cormun/servlet/solicitudot?gx-no-cache=1553531476128 HTTP/1.1" 200 255
200.54.107.2 - - [25/Mar/2019:13:34:53 -0300] "GET /cormun/servlet/solicitudot?c7d3221ab67095339b3edb9035d48f089200be74236210e604e28ab931103a290584140fbca564c728e9b8d290b9f6238bc2d7426230233363d8dd2feecc7ed9e3bbab7829d0b95b9cc7f019351a8c7a2f8b680d4ab39debb44368d328b75f0febc8da5d520aec6ffbc6614c510db5c493f6c0ed3cd69c5d942de8aac02e46b7cfef0f5ae93d6c86c28e27a01e9d9f6d284032b58e9f641e075e7235de747a411fff654f879eb7b9c7c30452ba1e2bd886fae25051982fb255f2d5c8892170837c7c1ec173ca0558cbd6eb10b460fdf055857eecfafa78cb1b5b6ed5285cf382220972f954b55cda4dc9e177cb2064b6f3f451f4e9de4a81647d7248f7d5854ef390bea9e8c2c35873346f5753304177d3c7f416b85b89f2b9302e94bacef1f206ef7a13a222dd755c501ebec00e87ca5c4644fa439c9f257919c922564cb5417f2ac1afb686036b38eca3a9072a9c9ad480f4915fd63854e873dae0eca50adf1bdec991b37909d425c75cb5391e68cefdd2d0b7296d3f5f2a8f97e2c5136b82,gx-no-cache=1553531476261 HTTP/1.1" 200 30
200.54.246.54 - - [25/Mar/2019:13:34:54 -0300] "POST /cormun/servlet/trsolicitudot?9acd0556fae567f85f5975eb64433987,gx-no-cache=1553531471464 HTTP/1.1" 200 106
200.54.246.54 - - [25/Mar/2019:13:34:54 -0300] "GET /cormun/servlet/trsolicitudadjuntos?2019,14922, HTTP/1.1" 200 6440
200.54.246.54 - - [25/Mar/2019:13:34:54 -0300] "GET /cormun/servlet/trsolicitudadjuntos?2019,14922, HTTP/1.1" 200 6440
200.54.246.54 - - [25/Mar/2019:13:34:57 -0300] "GET /cormun/servlet/solicitudotadjuntos?INS,2019,14922,,1, HTTP/1.1" 200 6380
200.54.246.54 - - [25/Mar/2019:13:34:57 -0300] "GET /cormun/static/about:blank HTTP/1.1" 404 1011
200.54.246.54 - - [25/Mar/2019:13:34:57 -0300] "GET /cormun/servlet/solicitudotadjuntos?INS,2019,14922,,1, HTTP/1.1" 200 6373
200.54.246.54 - - [25/Mar/2019:13:34:57 -0300] "GET /cormun/servlet/solicitudotadjuntos?3edc971a4e5a322e67ae50b4f11d96b8be58f130a6eb3b67056b4cd414aea6f883748488ca988babc3fe92d23ee375bc,gx-no-cache=1553531475298 HTTP/1.1" 200 30
200.54.246.54 - - [25/Mar/2019:13:34:58 -0300] "POST /cormun/servlet/solicitudotadjuntos?9acd0556fae567f85f5975eb64433987,INS,2019,14922,,1,,gx-no-cache=1553531475370 HTTP/1.1" 200 4060
200.54.107.2 - - [25/Mar/2019:13:34:58 -0300] "POST /cormun/servlet/solicitudot?gx-no-cache=1553531481372 HTTP/1.1" 200 30
200.54.246.54 - - [25/Mar/2019:13:34:59 -0300] "POST /cormun/servlet/solicitudotadjuntos?gx-no-cache=1553531477305 HTTP/1.1" 200 26
200.54.107.2 - - [25/Mar/2019:13:35:06 -0300] "POST /cormun/servlet/solicitudot?gx-no-cache=1553531489530 HTTP/1.1" 200 1289
200.54.107.2 - - [25/Mar/2019:13:35:06 -0300] "POST /cormun/servlet/solicitudot?gx-no-cache=1553531489573 HTTP/1.1" 200 38
200.54.107.2 - - [25/Mar/2019:13:35:06 -0300] "GET /cormun/servlet/solicitudot?c7d3221ab67095339b3edb9035d48f086727914ed80946696079c7498b48dc53c86a1c81a638acd8740da96b8064978ca2cac40e962ab74f669a29ab133cdc07a7a167029c0ea55f67f4fc6c90f3419b27c056e50a3a4c4cf45fdf89e08198123c54aef2780b49d475e51b2bc8503e06,gx-no-cache=1553531489598 HTTP/1.1" 200 110
200.54.107.2 - - [25/Mar/2019:13:35:06 -0300] "POST /cormun/servlet/solicitudot?gx-no-cache=1553531489652 HTTP/1.1" 200 110
200.54.246.54 - - [25/Mar/2019:13:35:07 -0300] "GET /cormun/servlet/solicitudotadjuntos?3edc971a4e5a322e67ae50b4f11d96b8e417ba8ea0233e51c189c40008a11883,gx-no-cache=1553531485218 HTTP/1.1" 200 30
200.54.246.54 - - [25/Mar/2019:13:35:07 -0300] "GET /cormun/servlet/solicitudotadjuntos?3edc971a4e5a322e67ae50b4f11d96b8e417ba8ea0233e51c189c40008a11883,gx-no-cache=1553531485232 HTTP/1.1" 200 30
200.54.246.54 - - [25/Mar/2019:13:35:07 -0300] "POST /cormun/servlet/solicitudotadjuntos?9acd0556fae567f85f5975eb64433987,INS,2019,14922,,1, HTTP/1.1" 200 116
200.54.246.54 - - [25/Mar/2019:13:35:08 -0300] "GET /cormun/servlet/hpexe_return? HTTP/1.1" 200 1019
200.54.246.54 - - [25/Mar/2019:13:35:08 -0300] "GET /cormun/servlet/trsolicitudadjuntos?2019,14922, HTTP/1.1" 200 9048
200.54.246.54 - - [25/Mar/2019:13:35:08 -0300] "GET /cormun/servlet/trsolicitudadjuntos?2019,14922, HTTP/1.1" 200 9045
186.79.247.115 - - [25/Mar/2019:13:35:09 -0300] "GET /cormun/servlet/solicitudotadjuntos?4faddacb1da2e55f9fa3d2e5acbcfc95238b712cb813dfae5a70528fd6632646,gx-no-cache=1553531490767 HTTP/1.1" 200 30
186.79.247.115 - - [25/Mar/2019:13:35:09 -0300] "GET /cormun/servlet/solicitudotadjuntos?4faddacb1da2e55f9fa3d2e5acbcfc95238b712cb813dfae5a70528fd6632646,gx-no-cache=1553531490866 HTTP/1.1" 200 30
200.54.246.54 - - [25/Mar/2019:13:35:10 -0300] "GET /cormun/servlet/solicitudotadjuntos?INS,2019,14922,,1, HTTP/1.1" 200 6380
200.54.246.54 - - [25/Mar/2019:13:35:10 -0300] "GET /cormun/static/about:blank HTTP/1.1" 404 1011
200.54.246.54 - - [25/Mar/2019:13:35:11 -0300] "GET /cormun/servlet/solicitudotadjuntos?INS,2019,14922,,1, HTTP/1.1" 200 6373
200.54.246.54 - - [25/Mar/2019:13:35:11 -0300] "GET /cormun/servlet/solicitudotadjuntos?3edc971a4e5a322e67ae50b4f11d96b8be58f130a6eb3b67056b4cd414aea6f883748488ca988babc3fe92d23ee375bc,gx-no-cache=1553531489108 HTTP/1.1" 200 30
200.54.246.54 - - [25/Mar/2019:13:35:11 -0300] "POST /cormun/servlet/solicitudotadjuntos?9acd0556fae567f85f5975eb64433987,INS,2019,14922,,1,,gx-no-cache=1553531489191 HTTP/1.1" 200 4060
200.54.107.2 - - [25/Mar/2019:13:35:13 -0300] "GET /cormun/servlet/solicitudot?c7d3221ab67095339b3edb9035d48f086ee5ca6366b1d3e400ef8552a536b3cccd2d91dbdc099cd06b821f5a49f46135d6538ff42f4e791717ce9a887d490816ce427a9db8585076f0adf7f83523e9a31ca4474d13805fa30d24709382d7e30a6492c103fa16144f29815bc1456b67b455eaeb3cd45c538c6698279563bc033368039c55da18ee80dc43b98f2be6ca99bcb22b4b8c8a2bfcb4a07b143b0f0c97,gx-no-cache=1553531496827 HTTP/1.1" 200 29
200.54.107.2 - - [25/Mar/2019:13:35:13 -0300] "GET /cormun/static/menuarrow.gif HTTP/1.1" 404 1015
186.79.247.115 - - [25/Mar/2019:13:35:14 -0300] "POST /cormun/servlet/solicitudotadjuntos?99778fd2bad416eaee90c6d9fea535c3,INS,2019,14911,,1, HTTP/1.1" 200 116
186.79.247.115 - - [25/Mar/2019:13:35:14 -0300] "GET /cormun/servlet/hpexe_return? HTTP/1.1" 200 1025
186.79.247.115 - - [25/Mar/2019:13:35:14 -0300] "GET /cormun/static/gxcfg.js?2016101716175148 HTTP/1.1" 200 953
186.79.247.115 - - [25/Mar/2019:13:35:14 -0300] "GET /cormun/static/hpexe_return.js?2016101716175153 HTTP/1.1" 200 1633
186.79.247.115 - - [25/Mar/2019:13:35:14 -0300] "GET /cormun/static/Resources/Spanish/PXTools.css?167811 HTTP/1.1" 200 89042
186.79.247.115 - - [25/Mar/2019:13:35:14 -0300] "GET /cormun/servlet/trsolicitudadjuntos?2019,14911, HTTP/1.1" 200 8985
186.79.247.115 - - [25/Mar/2019:13:35:15 -0300] "GET /cormun/servlet/trsolicitudadjuntos?2019,14911, HTTP/1.1" 200 8983
200.54.246.54 - - [25/Mar/2019:13:35:15 -0300] "POST /cormun/servlet/solicitudotadjuntos?gx-no-cache=1553531492952 HTTP/1.1" 200 26
200.54.107.2 - - [25/Mar/2019:13:35:16 -0300] "GET /cormun/servlet/solicitudot?c7d3221ab67095339b3edb9035d48f08981dd8d613e1e182c2b0cd04d95bdfe0051e6c08f0051e73a7e376c09a363f6a,gx-no-cache=1553531499739 HTTP/1.1" 200 30
186.79.247.115 - - [25/Mar/2019:13:35:17 -0300] "GET /cormun/servlet/solicitudotadjuntos?INS,2019,14911,,1, HTTP/1.1" 200 6372
186.79.247.115 - - [25/Mar/2019:13:35:18 -0300] "GET /cormun/static/about:blank HTTP/1.1" 404 1011
186.79.247.115 - - [25/Mar/2019:13:35:18 -0300] "GET /cormun/servlet/solicitudotadjuntos?INS,2019,14911,,1, HTTP/1.1" 200 6366
186.79.247.115 - - [25/Mar/2019:13:35:18 -0300] "GET /cormun/servlet/solicitudotadjuntos?4faddacb1da2e55f9fa3d2e5acbcfc95bbdd0f13773d51dbe9e5dd4079f9856ef94beaa0952cca6f3cc3ac14e90dd761,gx-no-cache=1553531499641 HTTP/1.1" 200 30
186.79.247.115 - - [25/Mar/2019:13:35:19 -0300] "POST /cormun/servlet/solicitudotadjuntos?99778fd2bad416eaee90c6d9fea535c3,INS,2019,14911,,1,,gx-no-cache=1553531499712 HTTP/1.1" 200 4061
186.79.247.115 - - [25/Mar/2019:13:35:22 -0300] "POST /cormun/servlet/solicitudotadjuntos?gx-no-cache=1553531503119 HTTP/1.1" 200 26
186.79.247.115 - - [25/Mar/2019:13:35:23 -0300] "GET /cormun/servlet/solicitudotadjuntos?4faddacb1da2e55f9fa3d2e5acbcfc95238b712cb813dfae5a70528fd6632646,gx-no-cache=1553531504103 HTTP/1.1" 200 30
186.79.247.115 - - [25/Mar/2019:13:35:23 -0300] "GET /cormun/servlet/solicitudotadjuntos?4faddacb1da2e55f9fa3d2e5acbcfc95238b712cb813dfae5a70528fd6632646,gx-no-cache=1553531504161 HTTP/1.1" 200 30
186.79.247.115 - - [25/Mar/2019:13:35:23 -0300] "POST /cormun/servlet/solicitudotadjuntos?99778fd2bad416eaee90c6d9fea535c3,INS,2019,14911,,1,,gx-no-cache=1553531504224 HTTP/1.1" 200 93
186.79.247.115 - - [25/Mar/2019:13:35:23 -0300] "GET /cormun/servlet/hpexe_return? HTTP/1.1" 200 1025
186.79.247.115 - - [25/Mar/2019:13:35:23 -0300] "GET /cormun/servlet/trsolicitudadjuntos?2019,14911, HTTP/1.1" 200 9139
200.54.246.54 - - [25/Mar/2019:13:35:24 -0300] "GET /cormun/servlet/solicitudotadjuntos?3edc971a4e5a322e67ae50b4f11d96b8e417ba8ea0233e51c189c40008a11883,gx-no-cache=1553531501585 HTTP/1.1" 200 30
200.54.246.54 - - [25/Mar/2019:13:35:24 -0300] "GET /cormun/servlet/solicitudotadjuntos?3edc971a4e5a322e67ae50b4f11d96b8e417ba8ea0233e51c189c40008a11883,gx-no-cache=1553531501600 HTTP/1.1" 200 30
186.79.247.115 - - [25/Mar/2019:13:35:24 -0300] "GET /cormun/servlet/trsolicitudadjuntos?2019,14911, HTTP/1.1" 200 9139
200.54.246.54 - - [25/Mar/2019:13:35:24 -0300] "POST /cormun/servlet/solicitudotadjuntos?9acd0556fae567f85f5975eb64433987,INS,2019,14922,,1, HTTP/1.1" 200 116
200.54.246.54 - - [25/Mar/2019:13:35:24 -0300] "GET /cormun/servlet/hpexe_return? HTTP/1.1" 200 1019
200.54.246.54 - - [25/Mar/2019:13:35:24 -0300] "GET /cormun/servlet/trsolicitudadjuntos?2019,14922, HTTP/1.1" 200 9263
200.54.246.54 - - [25/Mar/2019:13:35:25 -0300] "GET /cormun/servlet/trsolicitudadjuntos?2019,14922, HTTP/1.1" 200 9261
200.54.107.2 - - [25/Mar/2019:13:35:25 -0300] "POST /cormun/servlet/solicitudot?gx-no-cache=1553531509064 HTTP/1.1" 200 30
186.67.172.234 - - [25/Mar/2019:13:35:27 -0300] "GET /cormun/servlet/solicitudotadjuntos?INS,2019,14922,,1, HTTP/1.1" 200 6380
186.67.172.234 - - [25/Mar/2019:13:35:27 -0300] "GET /cormun/static/about:blank HTTP/1.1" 404 1011
186.67.172.234 - - [25/Mar/2019:13:35:27 -0300] "GET /cormun/servlet/solicitudotadjuntos?INS,2019,14922,,1, HTTP/1.1" 200 6373
186.67.172.234 - - [25/Mar/2019:13:35:27 -0300] "GET /cormun/servlet/solicitudotadjuntos?3edc971a4e5a322e67ae50b4f11d96b8be58f130a6eb3b67056b4cd414aea6f883748488ca988babc3fe92d23ee375bc,gx-no-cache=1553531505281 HTTP/1.1" 200 30
186.67.172.234 - - [25/Mar/2019:13:35:27 -0300] "POST /cormun/servlet/solicitudotadjuntos?9acd0556fae567f85f5975eb64433987,INS,2019,14922,,1,,gx-no-cache=1553531505306 HTTP/1.1" 200 4060
186.67.172.234 - - [25/Mar/2019:13:35:31 -0300] "POST /cormun/servlet/solicitudotadjuntos?gx-no-cache=1553531508984 HTTP/1.1" 200 26
200.54.107.2 - - [25/Mar/2019:13:35:35 -0300] "POST /cormun/servlet/solicitudot?921964dfa5905383c35697a908b81782,INS,0,0,,gx-no-cache=1553531518407 HTTP/1.1" 200 93
200.54.107.2 - - [25/Mar/2019:13:35:35 -0300] "GET /cormun/servlet/hpexe_return? HTTP/1.1" 200 1006
200.54.107.2 - - [25/Mar/2019:13:35:35 -0300] "GET /cormun/servlet/trsolicitudot HTTP/1.1" 200 7520
200.54.107.2 - - [25/Mar/2019:13:35:36 -0300] "GET /cormun/servlet/trsolicitudot HTTP/1.1" 200 7516
186.79.247.115 - - [25/Mar/2019:13:35:36 -0300] "GET /cormun/servlet/solicitudotadjuntos?DLT,2019,14911,CERTIF2,0, HTTP/1.1" 200 6247
186.79.247.115 - - [25/Mar/2019:13:35:37 -0300] "GET /cormun/static/about:blank HTTP/1.1" 404 1011
186.79.247.115 - - [25/Mar/2019:13:35:37 -0300] "GET /cormun/static/Shared/jqueryui/images/ui-bg_highlight-soft_100_c6c2c8_1x100.png HTTP/1.1" 404 1117
186.79.247.115 - - [25/Mar/2019:13:35:37 -0300] "GET /cormun/static/Shared/jqueryui/images/ui-icons_82798d_256x240.png HTTP/1.1" 404 1089
186.79.247.115 - - [25/Mar/2019:13:35:37 -0300] "GET /cormun/static/Shared/jqueryui/images/ui-bg_flat_55_fafafa_40x100.png HTTP/1.1" 404 1097
186.79.247.115 - - [25/Mar/2019:13:35:37 -0300] "GET /cormun/static/Shared/jqueryui/images/ui-icons_8d78a5_256x240.png HTTP/1.1" 404 1089
186.79.247.115 - - [25/Mar/2019:13:35:37 -0300] "GET /cormun/servlet/solicitudotadjuntos?DLT,2019,14911,CERTIF2,0, HTTP/1.1" 200 6240
186.67.172.234 - - [25/Mar/2019:13:35:42 -0300] "GET /cormun/servlet/solicitudotadjuntos?3edc971a4e5a322e67ae50b4f11d96b8e417ba8ea0233e51c189c40008a11883,gx-no-cache=1553531519520 HTTP/1.1" 200 30
186.67.172.234 - - [25/Mar/2019:13:35:42 -0300] "GET /cormun/servlet/solicitudotadjuntos?3edc971a4e5a322e67ae50b4f11d96b8e417ba8ea0233e51c189c40008a11883,gx-no-cache=1553531519533 HTTP/1.1" 200 30
186.67.172.234 - - [25/Mar/2019:13:35:42 -0300] "POST /cormun/servlet/solicitudotadjuntos?9acd0556fae567f85f5975eb64433987,INS,2019,14922,,1, HTTP/1.1" 200 116
186.67.172.234 - - [25/Mar/2019:13:35:42 -0300] "GET /cormun/servlet/hpexe_return? HTTP/1.1" 200 1019
186.67.172.234 - - [25/Mar/2019:13:35:42 -0300] "GET /cormun/servlet/trsolicitudadjuntos?2019,14922, HTTP/1.1" 200 9442
186.67.172.234 - - [25/Mar/2019:13:35:42 -0300] "GET /cormun/servlet/trsolicitudadjuntos?2019,14922, HTTP/1.1" 200 9438
186.79.247.115 - - [25/Mar/2019:13:35:44 -0300] "POST /cormun/servlet/solicitudotadjuntos?99778fd2bad416eaee90c6d9fea535c3,DLT,2019,14911,CERTIF2,0,,gx-no-cache=1553531525124 HTTP/1.1" 200 93
186.79.247.115 - - [25/Mar/2019:13:35:44 -0300] "GET /cormun/servlet/hpexe_return? HTTP/1.1" 200 1032
186.79.247.115 - - [25/Mar/2019:13:35:44 -0300] "GET /cormun/servlet/trsolicitudadjuntos?2019,14911, HTTP/1.1" 200 9140
186.79.247.115 - - [25/Mar/2019:13:35:45 -0300] "GET /cormun/servlet/trsolicitudadjuntos?2019,14911, HTTP/1.1" 200 9138
186.67.172.234 - - [25/Mar/2019:13:35:45 -0300] "GET /cormun/servlet/solicitudotadjuntos?INS,2019,14922,,1, HTTP/1.1" 200 6379
200.54.107.2 - - [25/Mar/2019:13:35:46 -0300] "GET /cormun/servlet/trsolicitudot? HTTP/1.1" 200 7516
186.67.172.234 - - [25/Mar/2019:13:35:46 -0300] "GET /cormun/static/about:blank HTTP/1.1" 404 1011
186.67.172.234 - - [25/Mar/2019:13:35:46 -0300] "GET /cormun/servlet/solicitudotadjuntos?INS,2019,14922,,1, HTTP/1.1" 200 6373
200.54.107.2 - - [25/Mar/2019:13:35:46 -0300] "GET /cormun/servlet/trsolicitudot? HTTP/1.1" 200 7516
186.67.172.234 - - [25/Mar/2019:13:35:46 -0300] "GET /cormun/servlet/solicitudotadjuntos?3edc971a4e5a322e67ae50b4f11d96b8be58f130a6eb3b67056b4cd414aea6f883748488ca988babc3fe92d23ee375bc,gx-no-cache=1553531524118 HTTP/1.1" 200 30
186.67.172.234 - - [25/Mar/2019:13:35:46 -0300] "POST /cormun/servlet/solicitudotadjuntos?9acd0556fae567f85f5975eb64433987,INS,2019,14922,,1,,gx-no-cache=1553531524161 HTTP/1.1" 200 4059
186.79.247.115 - - [25/Mar/2019:13:35:47 -0300] "GET /cormun/servlet/solicitudotadjuntos?DLT,2019,14911,CERTIF2,0, HTTP/1.1" 200 6247
186.79.247.115 - - [25/Mar/2019:13:35:47 -0300] "GET /cormun/static/about:blank HTTP/1.1" 404 1011
186.79.247.115 - - [25/Mar/2019:13:35:47 -0300] "GET /cormun/static/Shared/jqueryui/images/ui-bg_highlight-soft_100_c6c2c8_1x100.png HTTP/1.1" 404 1117
186.79.247.115 - - [25/Mar/2019:13:35:47 -0300] "GET /cormun/static/Shared/jqueryui/images/ui-icons_82798d_256x240.png HTTP/1.1" 404 1089
186.79.247.115 - - [25/Mar/2019:13:35:47 -0300] "GET /cormun/static/Shared/jqueryui/images/ui-bg_flat_55_fafafa_40x100.png HTTP/1.1" 404 1097
186.79.247.115 - - [25/Mar/2019:13:35:47 -0300] "GET /cormun/static/Shared/jqueryui/images/ui-icons_8d78a5_256x240.png HTTP/1.1" 404 1089
186.79.247.115 - - [25/Mar/2019:13:35:47 -0300] "GET /cormun/servlet/solicitudotadjuntos?DLT,2019,14911,CERTIF2,0, HTTP/1.1" 200 6241
186.79.247.115 - - [25/Mar/2019:13:35:48 -0300] "POST /cormun/servlet/solicitudotadjuntos?99778fd2bad416eaee90c6d9fea535c3,DLT,2019,14911,CERTIF2,0,,gx-no-cache=1553531529484 HTTP/1.1" 200 93
186.79.247.115 - - [25/Mar/2019:13:35:48 -0300] "GET /cormun/servlet/hpexe_return? HTTP/1.1" 200 1032
186.79.247.115 - - [25/Mar/2019:13:35:49 -0300] "GET /cormun/servlet/trsolicitudadjuntos?2019,14911, HTTP/1.1" 200 8985
186.79.247.115 - - [25/Mar/2019:13:35:49 -0300] "GET /cormun/servlet/trsolicitudadjuntos?2019,14911, HTTP/1.1" 200 8983
200.54.107.2 - - [25/Mar/2019:13:35:50 -0300] "POST /cormun/servlet/trsolicitudot?921964dfa5905383c35697a908b81782,,gx-no-cache=1553531533358 HTTP/1.1" 200 4550
186.67.172.234 - - [25/Mar/2019:13:35:51 -0300] "POST /cormun/servlet/solicitudotadjuntos?gx-no-cache=1553531528552 HTTP/1.1" 200 26
186.79.247.115 - - [25/Mar/2019:13:35:52 -0300] "GET /cormun/servlet/solicitudotadjuntos?INS,2019,14911,,1, HTTP/1.1" 200 6372
186.79.247.115 - - [25/Mar/2019:13:35:52 -0300] "GET /cormun/static/about:blank HTTP/1.1" 404 1011
186.79.247.115 - - [25/Mar/2019:13:35:52 -0300] "GET /cormun/servlet/solicitudotadjuntos?INS,2019,14911,,1, HTTP/1.1" 200 6365
186.79.247.115 - - [25/Mar/2019:13:35:53 -0300] "GET /cormun/servlet/solicitudotadjuntos?4faddacb1da2e55f9fa3d2e5acbcfc95bbdd0f13773d51dbe9e5dd4079f9856ef94beaa0952cca6f3cc3ac14e90dd761,gx-no-cache=1553531534072 HTTP/1.1" 200 30
186.79.247.115 - - [25/Mar/2019:13:35:53 -0300] "POST /cormun/servlet/solicitudotadjuntos?99778fd2bad416eaee90c6d9fea535c3,INS,2019,14911,,1,,gx-no-cache=1553531534142 HTTP/1.1" 200 4060
186.79.247.115 - - [25/Mar/2019:13:35:55 -0300] "POST /cormun/servlet/solicitudotadjuntos?gx-no-cache=1553531536202 HTTP/1.1" 200 26
186.67.172.234 - - [25/Mar/2019:13:36:00 -0300] "GET /cormun/servlet/solicitudotadjuntos?3edc971a4e5a322e67ae50b4f11d96b8e417ba8ea0233e51c189c40008a11883,gx-no-cache=1553531537888 HTTP/1.1" 200 30
186.67.172.234 - - [25/Mar/2019:13:36:00 -0300] "GET /cormun/servlet/solicitudotadjuntos?3edc971a4e5a322e67ae50b4f11d96b8e417ba8ea0233e51c189c40008a11883,gx-no-cache=1553531537898 HTTP/1.1" 200 30
186.67.172.234 - - [25/Mar/2019:13:36:00 -0300] "POST /cormun/servlet/solicitudotadjuntos?9acd0556fae567f85f5975eb64433987,INS,2019,14922,,1, HTTP/1.1" 200 116
186.67.172.234 - - [25/Mar/2019:13:36:00 -0300] "GET /cormun/servlet/hpexe_return? HTTP/1.1" 200 1019
200.54.107.2 - - [25/Mar/2019:13:36:00 -0300] "GET /cormun/servlet/trsolicitudot? HTTP/1.1" 200 7516
186.67.172.234 - - [25/Mar/2019:13:36:00 -0300] "GET /cormun/servlet/trsolicitudadjuntos?2019,14922, HTTP/1.1" 200 9657
186.79.247.115 - - [25/Mar/2019:13:36:01 -0300] "GET /cormun/servlet/solicitudotadjuntos?4faddacb1da2e55f9fa3d2e5acbcfc95238b712cb813dfae5a70528fd6632646,gx-no-cache=1553531542049 HTTP/1.1" 200 30
186.79.247.115 - - [25/Mar/2019:13:36:01 -0300] "GET /cormun/servlet/solicitudotadjuntos?4faddacb1da2e55f9fa3d2e5acbcfc95238b712cb813dfae5a70528fd6632646,gx-no-cache=1553531542158 HTTP/1.1" 200 30
200.54.107.2 - - [25/Mar/2019:13:36:01 -0300] "GET /cormun/servlet/trsolicitudot? HTTP/1.1" 200 7516
186.67.172.234 - - [25/Mar/2019:13:36:01 -0300] "GET /cormun/servlet/trsolicitudadjuntos?2019,14922, HTTP/1.1" 200 9659
186.79.247.115 - - [25/Mar/2019:13:36:02 -0300] "POST /cormun/servlet/solicitudotadjuntos?99778fd2bad416eaee90c6d9fea535c3,INS,2019,14911,,1, HTTP/1.1" 200 116
186.79.247.115 - - [25/Mar/2019:13:36:02 -0300] "GET /cormun/servlet/hpexe_return? HTTP/1.1" 200 1025
186.79.247.115 - - [25/Mar/2019:13:36:03 -0300] "GET /cormun/servlet/trsolicitudadjuntos?2019,14911, HTTP/1.1" 200 9200
186.79.247.115 - - [25/Mar/2019:13:36:03 -0300] "GET /cormun/servlet/trsolicitudadjuntos?2019,14911, HTTP/1.1" 200 9200
186.67.172.234 - - [25/Mar/2019:13:36:08 -0300] "GET /cormun/servlet/solicitudotadjuntos?INS,2019,14922,,1, HTTP/1.1" 200 6379
200.54.107.2 - - [25/Mar/2019:13:36:08 -0300] "POST /cormun/servlet/trsolicitudot?921964dfa5905383c35697a908b81782,,gx-no-cache=1553531551214 HTTP/1.1" 200 10686
186.67.172.234 - - [25/Mar/2019:13:36:08 -0300] "GET /cormun/static/about:blank HTTP/1.1" 404 1011
186.67.172.234 - - [25/Mar/2019:13:36:08 -0300] "GET /cormun/servlet/solicitudotadjuntos?INS,2019,14922,,1, HTTP/1.1" 200 6373
186.67.172.234 - - [25/Mar/2019:13:36:08 -0300] "GET /cormun/servlet/solicitudotadjuntos?3edc971a4e5a322e67ae50b4f11d96b8be58f130a6eb3b67056b4cd414aea6f883748488ca988babc3fe92d23ee375bc,gx-no-cache=1553531546339 HTTP/1.1" 200 30
186.67.172.234 - - [25/Mar/2019:13:36:08 -0300] "POST /cormun/servlet/solicitudotadjuntos?9acd0556fae567f85f5975eb64433987,INS,2019,14922,,1,,gx-no-cache=1553531546400 HTTP/1.1" 200 4059
186.103.158.250 - - [25/Mar/2019:13:36:10 -0300] "GET /cormun/servlet/trautorizarsolicitud HTTP/1.1" 200 6321
186.103.158.250 - - [25/Mar/2019:13:36:12 -0300] "GET /cormun/static/trautorizarsolicitud.js?201711142340425 HTTP/1.1" 200 53910
186.67.172.234 - - [25/Mar/2019:13:36:13 -0300] "POST /cormun/servlet/solicitudotadjuntos?gx-no-cache=1553531550703 HTTP/1.1" 200 26
186.79.247.115 - - [25/Mar/2019:13:36:15 -0300] "GET /cormun/servlet/solicitudotadjuntos?INS,2019,14911,,1, HTTP/1.1" 200 6372
186.79.247.115 - - [25/Mar/2019:13:36:15 -0300] "GET /cormun/static/about:blank HTTP/1.1" 404 1011
186.79.247.115 - - [25/Mar/2019:13:36:15 -0300] "GET /cormun/servlet/solicitudotadjuntos?INS,2019,14911,,1, HTTP/1.1" 200 6365
186.79.247.115 - - [25/Mar/2019:13:36:15 -0300] "GET /cormun/servlet/solicitudotadjuntos?4faddacb1da2e55f9fa3d2e5acbcfc95bbdd0f13773d51dbe9e5dd4079f9856ef94beaa0952cca6f3cc3ac14e90dd761,gx-no-cache=1553531556805 HTTP/1.1" 200 30
186.79.247.115 - - [25/Mar/2019:13:36:16 -0300] "POST /cormun/servlet/solicitudotadjuntos?99778fd2bad416eaee90c6d9fea535c3,INS,2019,14911,,1,,gx-no-cache=1553531556876 HTTP/1.1" 200 4060
186.79.247.115 - - [25/Mar/2019:13:36:18 -0300] "POST /cormun/servlet/solicitudotadjuntos?gx-no-cache=1553531559042 HTTP/1.1" 200 26
186.103.158.250 - - [25/Mar/2019:13:36:18 -0300] "GET /cormun/servlet/hlogin HTTP/1.1" 200 1722
186.103.158.250 - - [25/Mar/2019:13:36:18 -0300] "GET /cormun/static/gxtimezone.js?85251 HTTP/1.1" 200 5781
186.67.172.234 - - [25/Mar/2019:13:36:20 -0300] "GET /cormun/servlet/solicitudotadjuntos?3edc971a4e5a322e67ae50b4f11d96b8e417ba8ea0233e51c189c40008a11883,gx-no-cache=1553531558335 HTTP/1.1" 200 30
186.67.172.234 - - [25/Mar/2019:13:36:20 -0300] "GET /cormun/servlet/solicitudotadjuntos?3edc971a4e5a322e67ae50b4f11d96b8e417ba8ea0233e51c189c40008a11883,gx-no-cache=1553531558371 HTTP/1.1" 200 30
186.67.172.234 - - [25/Mar/2019:13:36:21 -0300] "POST /cormun/servlet/solicitudotadjuntos?9acd0556fae567f85f5975eb64433987,INS,2019,14922,,1, HTTP/1.1" 200 116
186.67.172.234 - - [25/Mar/2019:13:36:21 -0300] "GET /cormun/servlet/hpexe_return? HTTP/1.1" 200 1019
186.67.172.234 - - [25/Mar/2019:13:36:21 -0300] "GET /cormun/servlet/trsolicitudadjuntos?2019,14922, HTTP/1.1" 200 9913
186.67.172.234 - - [25/Mar/2019:13:36:22 -0300] "GET /cormun/servlet/trsolicitudadjuntos?2019,14922, HTTP/1.1" 200 9911
186.79.247.115 - - [25/Mar/2019:13:36:23 -0300] "GET /cormun/servlet/solicitudotadjuntos?4faddacb1da2e55f9fa3d2e5acbcfc95238b712cb813dfae5a70528fd6632646,gx-no-cache=1553531564442 HTTP/1.1" 200 30
186.79.247.115 - - [25/Mar/2019:13:36:23 -0300] "GET /cormun/servlet/solicitudotadjuntos?4faddacb1da2e55f9fa3d2e5acbcfc95238b712cb813dfae5a70528fd6632646,gx-no-cache=1553531564499 HTTP/1.1" 200 30
200.54.107.2 - - [25/Mar/2019:13:36:24 -0300] "GET /cormun/servlet/trsolicitudot? HTTP/1.1" 200 13595
186.67.172.234 - - [25/Mar/2019:13:36:24 -0300] "GET /cormun/servlet/solicitudotadjuntos?INS,2019,14922,,1, HTTP/1.1" 200 6379
186.67.172.234 - - [25/Mar/2019:13:36:24 -0300] "GET /cormun/static/about:blank HTTP/1.1" 404 1011
186.67.172.234 - - [25/Mar/2019:13:36:24 -0300] "GET /cormun/servlet/solicitudotadjuntos?INS,2019,14922,,1, HTTP/1.1" 200 6373
200.54.107.2 - - [25/Mar/2019:13:36:25 -0300] "GET /cormun/servlet/trsolicitudot? HTTP/1.1" 200 13595
186.67.172.234 - - [25/Mar/2019:13:36:25 -0300] "GET /cormun/servlet/solicitudotadjuntos?3edc971a4e5a322e67ae50b4f11d96b8be58f130a6eb3b67056b4cd414aea6f883748488ca988babc3fe92d23ee375bc,gx-no-cache=1553531562894 HTTP/1.1" 200 30
186.67.172.234 - - [25/Mar/2019:13:36:25 -0300] "POST /cormun/servlet/solicitudotadjuntos?9acd0556fae567f85f5975eb64433987,INS,2019,14922,,1,,gx-no-cache=1553531562924 HTTP/1.1" 200 4059
186.79.247.115 - - [25/Mar/2019:13:36:28 -0300] "POST /cormun/servlet/solicitudotadjuntos?99778fd2bad416eaee90c6d9fea535c3,INS,2019,14911,,1, HTTP/1.1" 200 116
186.79.247.115 - - [25/Mar/2019:13:36:28 -0300] "GET /cormun/servlet/hpexe_return? HTTP/1.1" 200 1025
186.79.247.115 - - [25/Mar/2019:13:36:28 -0300] "GET /cormun/servlet/trsolicitudadjuntos?2019,14911, HTTP/1.1" 200 9375
186.79.247.115 - - [25/Mar/2019:13:36:29 -0300] "GET /cormun/servlet/trsolicitudadjuntos?2019,14911, HTTP/1.1" 200 9371
186.67.172.234 - - [25/Mar/2019:13:36:29 -0300] "POST /cormun/servlet/solicitudotadjuntos?gx-no-cache=1553531567214 HTTP/1.1" 200 26
186.79.247.115 - - [25/Mar/2019:13:36:32 -0300] "GET /cormun/servlet/solicitudotadjuntos?INS,2019,14911,,1, HTTP/1.1" 200 6372
186.79.247.115 - - [25/Mar/2019:13:36:32 -0300] "GET /cormun/static/about:blank HTTP/1.1" 404 1011
186.79.247.115 - - [25/Mar/2019:13:36:32 -0300] "GET /cormun/servlet/solicitudotadjuntos?INS,2019,14911,,1, HTTP/1.1" 200 6365
186.79.247.115 - - [25/Mar/2019:13:36:32 -0300] "GET /cormun/servlet/solicitudotadjuntos?4faddacb1da2e55f9fa3d2e5acbcfc95bbdd0f13773d51dbe9e5dd4079f9856ef94beaa0952cca6f3cc3ac14e90dd761,gx-no-cache=1553531573708 HTTP/1.1" 200 30
186.79.247.115 - - [25/Mar/2019:13:36:33 -0300] "POST /cormun/servlet/solicitudotadjuntos?99778fd2bad416eaee90c6d9fea535c3,INS,2019,14911,,1,,gx-no-cache=1553531573779 HTTP/1.1" 200 4060
186.79.247.115 - - [25/Mar/2019:13:36:35 -0300] "POST /cormun/servlet/solicitudotadjuntos?gx-no-cache=1553531575882 HTTP/1.1" 200 26
186.67.172.234 - - [25/Mar/2019:13:36:37 -0300] "POST /cormun/servlet/solicitudotadjuntos?gx-no-cache=1553531575191 HTTP/1.1" 200 26
186.79.247.115 - - [25/Mar/2019:13:36:38 -0300] "GET /cormun/servlet/solicitudotadjuntos?4faddacb1da2e55f9fa3d2e5acbcfc95238b712cb813dfae5a70528fd6632646,gx-no-cache=1553531579886 HTTP/1.1" 200 30
186.79.247.115 - - [25/Mar/2019:13:36:39 -0300] "GET /cormun/servlet/solicitudotadjuntos?4faddacb1da2e55f9fa3d2e5acbcfc95238b712cb813dfae5a70528fd6632646,gx-no-cache=1553531579981 HTTP/1.1" 200 30
186.79.247.115 - - [25/Mar/2019:13:36:45 -0300] "POST /cormun/servlet/solicitudotadjuntos?99778fd2bad416eaee90c6d9fea535c3,INS,2019,14911,,1, HTTP/1.1" 200 116
186.79.247.115 - - [25/Mar/2019:13:36:45 -0300] "GET /cormun/servlet/hpexe_return? HTTP/1.1" 200 1025
186.79.247.115 - - [25/Mar/2019:13:36:46 -0300] "GET /cormun/servlet/trsolicitudadjuntos?2019,14911, HTTP/1.1" 200 9602
186.103.158.250 - - [25/Mar/2019:13:36:46 -0300] "POST /cormun/servlet/hlogin?f420e246191f2fb32b882b54995042f5,gx-no-cache=1553531584920 HTTP/1.1" 200 427
186.79.247.115 - - [25/Mar/2019:13:36:46 -0300] "GET /cormun/servlet/trsolicitudadjuntos?2019,14911, HTTP/1.1" 200 9601
186.67.172.234 - - [25/Mar/2019:13:36:47 -0300] "GET /cormun/servlet/solicitudotadjuntos?3edc971a4e5a322e67ae50b4f11d96b8e417ba8ea0233e51c189c40008a11883,gx-no-cache=1553531584511 HTTP/1.1" 200 30
186.67.172.234 - - [25/Mar/2019:13:36:47 -0300] "GET /cormun/servlet/solicitudotadjuntos?3edc971a4e5a322e67ae50b4f11d96b8e417ba8ea0233e51c189c40008a11883,gx-no-cache=1553531584584 HTTP/1.1" 200 30
186.79.247.115 - - [25/Mar/2019:13:36:48 -0300] "GET /cormun/servlet/solicitudotadjuntos?INS,2019,14911,,1, HTTP/1.1" 200 6372
186.79.247.115 - - [25/Mar/2019:13:36:48 -0300] "GET /cormun/static/about:blank HTTP/1.1" 404 1011
186.67.172.234 - - [25/Mar/2019:13:36:48 -0300] "POST /cormun/servlet/solicitudotadjuntos?9acd0556fae567f85f5975eb64433987,INS,2019,14922,,1, HTTP/1.1" 200 116
186.67.172.234 - - [25/Mar/2019:13:36:48 -0300] "GET /cormun/servlet/hpexe_return? HTTP/1.1" 200 1019
186.79.247.115 - - [25/Mar/2019:13:36:49 -0300] "GET /cormun/servlet/solicitudotadjuntos?INS,2019,14911,,1, HTTP/1.1" 200 6366
186.67.172.234 - - [25/Mar/2019:13:36:49 -0300] "GET /cormun/servlet/trsolicitudadjuntos?2019,14922, HTTP/1.1" 200 10136
186.79.247.115 - - [25/Mar/2019:13:36:49 -0300] "GET /cormun/servlet/solicitudotadjuntos?4faddacb1da2e55f9fa3d2e5acbcfc95bbdd0f13773d51dbe9e5dd4079f9856ef94beaa0952cca6f3cc3ac14e90dd761,gx-no-cache=1553531590142 HTTP/1.1" 200 30
186.79.247.115 - - [25/Mar/2019:13:36:49 -0300] "POST /cormun/servlet/solicitudotadjuntos?99778fd2bad416eaee90c6d9fea535c3,INS,2019,14911,,1,,gx-no-cache=1553531590416 HTTP/1.1" 200 4061
186.67.172.234 - - [25/Mar/2019:13:36:50 -0300] "GET /cormun/servlet/trsolicitudadjuntos?2019,14922, HTTP/1.1" 200 10138
186.103.158.250 - - [25/Mar/2019:13:36:52 -0300] "POST /cormun/servlet/hlogin?f420e246191f2fb32b882b54995042f5,gx-no-cache=1553531591850 HTTP/1.1" 200 427
