186.67.172.234 - - [25/Mar/2019:13:36:54 -0300] "POST /cormun/servlet/trsolicitudadjuntos?9acd0556fae567f85f5975eb64433987,2019,14922,,gx-no-cache=1553531592282 HTTP/1.1" 200 90
186.67.172.234 - - [25/Mar/2019:13:36:54 -0300] "GET /cormun/servlet/hpexe_link HTTP/1.1" 200 962
186.67.172.234 - - [25/Mar/2019:13:36:55 -0300] "GET /cormun/servlet/trsolicitudot HTTP/1.1" 200 9276
186.67.172.234 - - [25/Mar/2019:13:36:55 -0300] "GET /cormun/servlet/trsolicitudot HTTP/1.1" 200 9274
186.103.158.250 - - [25/Mar/2019:13:37:01 -0300] "POST /cormun/servlet/hlogin?f420e246191f2fb32b882b54995042f5,gx-no-cache=1553531600286 HTTP/1.1" 200 427
186.103.158.250 - - [25/Mar/2019:13:37:07 -0300] "POST /cormun/servlet/hlogin?f420e246191f2fb32b882b54995042f5,gx-no-cache=1553531605922 HTTP/1.1" 200 90
186.103.158.250 - - [25/Mar/2019:13:37:07 -0300] "GET /cormun/servlet/hpexe_link HTTP/1.1" 200 965
186.103.158.250 - - [25/Mar/2019:13:37:07 -0300] "GET /cormun/static/hpexe_link.js?20177612121795 HTTP/1.1" 200 625
186.103.158.250 - - [25/Mar/2019:13:37:07 -0300] "GET /cormun/static/gxcfg.js?20177612121792 HTTP/1.1" 200 953
186.103.158.250 - - [25/Mar/2019:13:37:08 -0300] "GET /cormun/servlet/trautorizarsolicitud HTTP/1.1" 200 7250
186.67.172.234 - - [25/Mar/2019:13:37:08 -0300] "POST /cormun/servlet/trsolicitudot?9acd0556fae567f85f5975eb64433987,gx-no-cache=1553531605987 HTTP/1.1" 200 6369
186.67.172.234 - - [25/Mar/2019:13:37:08 -0300] "GET /cormun/static/Shared/jqueryui/images/ui-bg_highlight-soft_100_c6c2c8_1x100.png HTTP/1.1" 404 1117
186.67.172.234 - - [25/Mar/2019:13:37:08 -0300] "GET /cormun/static/Shared/jqueryui/images/ui-icons_82798d_256x240.png HTTP/1.1" 404 1089
186.67.172.234 - - [25/Mar/2019:13:37:08 -0300] "GET /cormun/static/Shared/jqueryui/images/ui-bg_flat_55_fafafa_40x100.png HTTP/1.1" 404 1097
186.67.172.234 - - [25/Mar/2019:13:37:08 -0300] "GET /cormun/static/Shared/jqueryui/images/ui-icons_8d78a5_256x240.png HTTP/1.1" 404 1089
186.79.247.115 - - [25/Mar/2019:13:37:08 -0300] "POST /cormun/servlet/solicitudotadjuntos?gx-no-cache=1553531609854 HTTP/1.1" 200 26
186.103.158.250 - - [25/Mar/2019:13:37:12 -0300] "GET /cormun/static/Resources/PXToolsGridPreviousDisabled.gif HTTP/1.1" 200 90
186.103.158.250 - - [25/Mar/2019:13:37:12 -0300] "GET /cormun/static/Resources/PXToolsGridNextDisabled.gif HTTP/1.1" 200 90
186.103.158.250 - - [25/Mar/2019:13:37:13 -0300] "GET /cormun/static/Resources/PXToolsGridLastDisabled.gif HTTP/1.1" 200 98
186.103.158.250 - - [25/Mar/2019:13:37:13 -0300] "GET /cormun/static/Resources/PXToolsActionExcel.png HTTP/1.1" 200 3187
186.103.158.250 - - [25/Mar/2019:13:37:13 -0300] "GET /cormun/static/Resources/PXToolsGridFirstDisabled.gif HTTP/1.1" 200 100
186.103.158.250 - - [25/Mar/2019:13:37:13 -0300] "GET /cormun/static/Resources/PXToolsGridPage.gif HTTP/1.1" 200 725
186.103.158.250 - - [25/Mar/2019:13:37:13 -0300] "GET /cormun/servlet/trautorizarsolicitud HTTP/1.1" 200 7248
186.79.247.115 - - [25/Mar/2019:13:37:13 -0300] "GET /cormun/servlet/solicitudotadjuntos?4faddacb1da2e55f9fa3d2e5acbcfc95238b712cb813dfae5a70528fd6632646,gx-no-cache=1553531614582 HTTP/1.1" 200 30
186.79.247.115 - - [25/Mar/2019:13:37:13 -0300] "GET /cormun/servlet/solicitudotadjuntos?4faddacb1da2e55f9fa3d2e5acbcfc95238b712cb813dfae5a70528fd6632646,gx-no-cache=1553531614642 HTTP/1.1" 200 30
186.103.158.250 - - [25/Mar/2019:13:37:13 -0300] "GET /cormun/static/SmoothNavMenu/resources/images/down.gif HTTP/1.1" 200 854
186.103.158.250 - - [25/Mar/2019:13:37:13 -0300] "GET /cormun/static/SmoothNavMenu/resources/images/right.gif HTTP/1.1" 200 860
186.103.158.250 - - [25/Mar/2019:13:37:14 -0300] "GET /cormun/static/Shared/ext/resources/themes/images/default/panel/bg-headersPanel.png HTTP/1.1" 200 255
186.103.158.250 - - [25/Mar/2019:13:37:14 -0300] "GET /cormun/static/Shared/ext/resources/themes/images/default/tools/tool-sprites.gif HTTP/1.1" 200 5434
186.103.158.250 - - [25/Mar/2019:13:37:17 -0300] "GET /cormun/servlet/trautorizarsolicitud? HTTP/1.1" 200 7248
186.79.247.115 - - [25/Mar/2019:13:37:20 -0300] "POST /cormun/servlet/solicitudotadjuntos?99778fd2bad416eaee90c6d9fea535c3,INS,2019,14911,,1, HTTP/1.1" 200 116
186.79.247.115 - - [25/Mar/2019:13:37:20 -0300] "GET /cormun/servlet/hpexe_return? HTTP/1.1" 200 1025
186.79.247.115 - - [25/Mar/2019:13:37:20 -0300] "GET /cormun/servlet/trsolicitudadjuntos?2019,14911, HTTP/1.1" 200 9852
186.67.172.234 - - [25/Mar/2019:13:37:20 -0300] "POST /cormun/servlet/trsolicitudot?9acd0556fae567f85f5975eb64433987,gx-no-cache=1553531618131 HTTP/1.1" 200 5909
186.103.158.250 - - [25/Mar/2019:13:37:20 -0300] "GET /cormun/servlet/trautorizarsolicitud? HTTP/1.1" 200 7248
186.67.172.234 - - [25/Mar/2019:13:37:21 -0300] "POST /cormun/servlet/trsolicitudot?9acd0556fae567f85f5975eb64433987,gx-no-cache=1553531618373 HTTP/1.1" 200 5852
186.79.247.115 - - [25/Mar/2019:13:37:21 -0300] "GET /cormun/servlet/trsolicitudadjuntos?2019,14911, HTTP/1.1" 200 9851
186.103.158.250 - - [25/Mar/2019:13:37:27 -0300] "GET /cormun/servlet/trautorizarsolicitud? HTTP/1.1" 200 7248
186.103.158.250 - - [25/Mar/2019:13:37:30 -0300] "GET /cormun/servlet/trautorizarsolicitud? HTTP/1.1" 200 7248
186.79.247.115 - - [25/Mar/2019:13:37:31 -0300] "GET /cormun/servlet/solicitudotadjuntos?INS,2019,14911,,1, HTTP/1.1" 200 6372
186.79.247.115 - - [25/Mar/2019:13:37:32 -0300] "GET /cormun/static/about:blank HTTP/1.1" 404 1011
186.79.247.115 - - [25/Mar/2019:13:37:32 -0300] "GET /cormun/servlet/solicitudotadjuntos?INS,2019,14911,,1, HTTP/1.1" 200 6366
186.79.247.115 - - [25/Mar/2019:13:37:32 -0300] "GET /cormun/servlet/solicitudotadjuntos?4faddacb1da2e55f9fa3d2e5acbcfc95bbdd0f13773d51dbe9e5dd4079f9856ef94beaa0952cca6f3cc3ac14e90dd761,gx-no-cache=1553531633635 HTTP/1.1" 200 30
186.79.247.115 - - [25/Mar/2019:13:37:33 -0300] "POST /cormun/servlet/solicitudotadjuntos?99778fd2bad416eaee90c6d9fea535c3,INS,2019,14911,,1,,gx-no-cache=1553531633705 HTTP/1.1" 200 4061
186.79.247.115 - - [25/Mar/2019:13:37:34 -0300] "POST /cormun/servlet/solicitudotadjuntos?gx-no-cache=1553531635606 HTTP/1.1" 200 26
200.54.107.2 - - [25/Mar/2019:13:37:37 -0300] "GET /cormun/servlet/trsolicitudot? HTTP/1.1" 200 13595
200.54.107.2 - - [25/Mar/2019:13:37:38 -0300] "GET /cormun/servlet/trsolicitudot? HTTP/1.1" 200 13595
200.54.107.2 - - [25/Mar/2019:13:37:43 -0300] "GET /cormun/servlet/solicitudot?INS,0,0, HTTP/1.1" 200 15154
200.54.107.2 - - [25/Mar/2019:13:37:43 -0300] "GET /cormun/servlet/solicitudot?INS,0,0, HTTP/1.1" 200 15159
186.79.247.115 - - [25/Mar/2019:13:37:43 -0300] "GET /cormun/servlet/solicitudotadjuntos?4faddacb1da2e55f9fa3d2e5acbcfc95238b712cb813dfae5a70528fd6632646,gx-no-cache=1553531644647 HTTP/1.1" 200 30
186.79.247.115 - - [25/Mar/2019:13:37:43 -0300] "GET /cormun/servlet/solicitudotadjuntos?4faddacb1da2e55f9fa3d2e5acbcfc95238b712cb813dfae5a70528fd6632646,gx-no-cache=1553531644703 HTTP/1.1" 200 30
200.54.107.2 - - [25/Mar/2019:13:37:53 -0300] "POST /cormun/servlet/solicitudot?gx-no-cache=1553531656467 HTTP/1.1" 200 3549
200.54.107.2 - - [25/Mar/2019:13:37:53 -0300] "POST /cormun/servlet/solicitudot?921964dfa5905383c35697a908b81782,INS,0,0,,gx-no-cache=1553531656615 HTTP/1.1" 200 11956
200.54.107.2 - - [25/Mar/2019:13:37:58 -0300] "GET /cormun/servlet/solicitudot?c7d3221ab67095339b3edb9035d48f08b0e928d583f38ab900f8ea5add8d9ad2df3c0d7c196344ace2fdb61b3be2fcdf,gx-no-cache=1553531661453 HTTP/1.1" 200 30
200.54.107.2 - - [25/Mar/2019:13:37:58 -0300] "GET /cormun/servlet/solicitudot?c7d3221ab67095339b3edb9035d48f08f66ef2d2b01e1410ef1b76d053f5b865352907163a8ebf0349383cd3143e7a0343587bee7838124f85bc210f0f85a058,gx-no-cache=1553531661482 HTTP/1.1" 200 30
200.54.107.2 - - [25/Mar/2019:13:37:58 -0300] "GET /cormun/servlet/solicitudot?c7d3221ab67095339b3edb9035d48f08afcc5977d02e5aa157661012f2fc8cbe,gx-no-cache=1553531661506 HTTP/1.1" 200 70
200.54.107.2 - - [25/Mar/2019:13:37:58 -0300] "POST /cormun/servlet/solicitudot?gx-no-cache=1553531661533 HTTP/1.1" 200 255
200.54.107.2 - - [25/Mar/2019:13:37:58 -0300] "GET /cormun/servlet/solicitudot?c7d3221ab67095339b3edb9035d48f089200be74236210e604e28ab931103a290584140fbca564c728e9b8d290b9f6238bc2d7426230233363d8dd2feecc7ed9e3bbab7829d0b95b9cc7f019351a8c7a2f8b680d4ab39debb44368d328b75f0febc8da5d520aec6ffbc6614c510db5c493f6c0ed3cd69c5d942de8aac02e46b7cfef0f5ae93d6c86c28e27a01e9d9f6d284032b58e9f641e075e7235de747a411fff654f879eb7b9c7c30452ba1e2bd886fae25051982fb255f2d5c8892170837c7c1ec173ca0558cbd6eb10b460fdf055857eecfafa78cb1b5b6ed5285cf382220972f954b55cda4dc9e177cb2064b6f3f451f4e9de4a81647d7248f7d5854ef390bea9e8c2c35873346f5753304177d3c7f416b85b89f2b9302e94bacef1f206ef7a13a222dd755c501ebec00e87ca5c4644fa439c9f257919c922564cb5417f2ac1afb686036b38eca3a9072a9c9ad480f4915fd63854e873dae0eca50adf1bdec991b37909d425c75cb5391e68ceca12a3cb561c27c7a7f5fb52fd65e39d,gx-no-cache=1553531661567 HTTP/1.1" 200 30
200.54.107.2 - - [25/Mar/2019:13:38:00 -0300] "POST /cormun/servlet/solicitudot?gx-no-cache=1553531663345 HTTP/1.1" 200 30
200.54.107.2 - - [25/Mar/2019:13:38:01 -0300] "GET /cormun/servlet/prcontratosol?18144474,,,,,MD,,gxPopupLevel%3D0%3B HTTP/1.1" 200 7868
200.54.107.2 - - [25/Mar/2019:13:38:04 -0300] "POST /cormun/servlet/solicitudot?gx-no-cache=1553531667096 HTTP/1.1" 200 1290
200.54.107.2 - - [25/Mar/2019:13:38:04 -0300] "POST /cormun/servlet/solicitudot?gx-no-cache=1553531667273 HTTP/1.1" 200 38
186.103.158.250 - - [25/Mar/2019:13:38:04 -0300] "POST /cormun/servlet/hlogin?7a45be4bb86ae2aea771404a6d658f51,gx-no-cache=1553535266473 HTTP/1.1" 200 90
200.54.107.2 - - [25/Mar/2019:13:38:04 -0300] "GET /cormun/servlet/solicitudot?c7d3221ab67095339b3edb9035d48f086727914ed80946696079c7498b48dc53c86a1c81a638acd8740da96b8064978ca2cac40e962ab74f669a29ab133cdc07a7a167029c0ea55f67f4fc6c90f3419b27c056e50a3a4c4cf45fdf89e08198123c54aef2780b49d475e51b2bc8503e06,gx-no-cache=1553531667300 HTTP/1.1" 200 110
200.54.107.2 - - [25/Mar/2019:13:38:04 -0300] "POST /cormun/servlet/solicitudot?gx-no-cache=1553531667335 HTTP/1.1" 200 97
186.103.158.250 - - [25/Mar/2019:13:38:04 -0300] "GET /cormun/servlet/hpexe_link HTTP/1.1" 200 965
200.54.107.2 - - [25/Mar/2019:13:38:04 -0300] "GET /cormun/servlet/solicitudot?c7d3221ab67095339b3edb9035d48f086ee5ca6366b1d3e400ef8552a536b3cccd2d91dbdc099cd06b821f5a49f46135d6538ff42f4e791717ce9a887d490816ce427a9db8585076f0adf7f83523e9a31ca4474d13805fa30d24709382d7e30a6492c103fa16144f29815bc1456b67b455eaeb3cd45c538c6698279563bc033368039c55da18ee80dc43b98f2be6ca99bcb22b4b8c8a2bfcb4a07b143b0f0c97,gx-no-cache=1553531667365 HTTP/1.1" 200 29
200.54.107.2 - - [25/Mar/2019:13:38:04 -0300] "GET /cormun/servlet/solicitudot?c7d3221ab67095339b3edb9035d48f08981dd8d613e1e182c2b0cd04d95bdfe0051e6c08f0051e73a7e376c09a363f6a,gx-no-cache=1553531667393 HTTP/1.1" 200 30
186.103.158.250 - - [25/Mar/2019:13:38:04 -0300] "GET /cormun/servlet/solicitudot?INS,0,0, HTTP/1.1" 200 14723
157.55.39.182 - - [25/Mar/2019:13:38:04 -0300] "GET /cormun/servlet/vesolicitudot?2017,6363,_escaped_fragment_%3D,SolicitudOTLog HTTP/1.1" 200 6069
186.103.158.250 - - [25/Mar/2019:13:38:06 -0300] "GET /cormun/servlet/solicitudot?INS,0,0, HTTP/1.1" 200 14727
200.54.107.2 - - [25/Mar/2019:13:38:09 -0300] "POST /cormun/servlet/solicitudot?gx-no-cache=1553531672461 HTTP/1.1" 200 33
186.103.158.250 - - [25/Mar/2019:13:38:13 -0300] "GET /cormun/servlet/trvisualizadoreventos? HTTP/1.1" 200 6793
186.103.158.250 - - [25/Mar/2019:13:38:14 -0300] "GET /cormun/servlet/trvisualizadoreventos? HTTP/1.1" 200 6787
200.54.107.2 - - [25/Mar/2019:13:38:16 -0300] "GET /cormun/servlet/solicitudot?c7d3221ab67095339b3edb9035d48f08981dd8d613e1e182c2b0cd04d95bdfe0051e6c08f0051e73a7e376c09a363f6a,gx-no-cache=1553531679443 HTTP/1.1" 200 30
200.54.107.2 - - [25/Mar/2019:13:38:16 -0300] "POST /cormun/servlet/solicitudot?gx-no-cache=1553531679467 HTTP/1.1" 200 33
200.54.107.2 - - [25/Mar/2019:13:38:16 -0300] "POST /cormun/servlet/solicitudot?921964dfa5905383c35697a908b81782,INS,0,0,,gx-no-cache=1553531679518 HTTP/1.1" 200 93
200.54.107.2 - - [25/Mar/2019:13:38:16 -0300] "GET /cormun/servlet/hpexe_return? HTTP/1.1" 200 1006
200.54.107.2 - - [25/Mar/2019:13:38:16 -0300] "GET /cormun/servlet/trsolicitudot HTTP/1.1" 200 13600
200.54.107.2 - - [25/Mar/2019:13:38:17 -0300] "GET /cormun/servlet/trsolicitudot HTTP/1.1" 200 13595
186.103.158.250 - - [25/Mar/2019:13:38:17 -0300] "GET /cormun/servlet/trsolicitudot? HTTP/1.1" 200 9420
186.103.158.250 - - [25/Mar/2019:13:38:18 -0300] "GET /cormun/servlet/trsolicitudot? HTTP/1.1" 200 9419
186.103.158.250 - - [25/Mar/2019:13:38:23 -0300] "POST /cormun/servlet/trsolicitudot?7a45be4bb86ae2aea771404a6d658f51,,gx-no-cache=1553535285767 HTTP/1.1" 200 6171
186.103.158.250 - - [25/Mar/2019:13:38:23 -0300] "GET /cormun/static/Shared/jqueryui/images/ui-bg_highlight-soft_100_c6c2c8_1x100.png HTTP/1.1" 404 1117
186.103.158.250 - - [25/Mar/2019:13:38:23 -0300] "GET /cormun/static/Shared/jqueryui/images/ui-icons_82798d_256x240.png HTTP/1.1" 404 1089
186.103.158.250 - - [25/Mar/2019:13:38:23 -0300] "GET /cormun/static/Shared/jqueryui/images/ui-bg_flat_55_fafafa_40x100.png HTTP/1.1" 404 1097
186.103.158.250 - - [25/Mar/2019:13:38:23 -0300] "GET /cormun/static/Shared/jqueryui/images/ui-icons_8d78a5_256x240.png HTTP/1.1" 404 1089
186.103.158.250 - - [25/Mar/2019:13:38:23 -0300] "POST /cormun/servlet/trsolicitudot?7a45be4bb86ae2aea771404a6d658f51,,gx-no-cache=1553535286180 HTTP/1.1" 200 6115
186.103.158.250 - - [25/Mar/2019:13:38:24 -0300] "POST /cormun/servlet/trsolicitudot?7a45be4bb86ae2aea771404a6d658f51,,gx-no-cache=1553535287680 HTTP/1.1" 200 5769
186.103.158.250 - - [25/Mar/2019:13:38:25 -0300] "POST /cormun/servlet/trsolicitudot?7a45be4bb86ae2aea771404a6d658f51,,gx-no-cache=1553535288020 HTTP/1.1" 200 5712
186.103.158.250 - - [25/Mar/2019:13:38:26 -0300] "POST /cormun/servlet/trsolicitudot?7a45be4bb86ae2aea771404a6d658f51,,gx-no-cache=1553535289265 HTTP/1.1" 200 4552
186.103.158.250 - - [25/Mar/2019:13:38:26 -0300] "POST /cormun/servlet/trsolicitudot?7a45be4bb86ae2aea771404a6d658f51,,gx-no-cache=1553535289717 HTTP/1.1" 200 4314
186.79.247.115 - - [25/Mar/2019:13:38:26 -0300] "POST /cormun/servlet/solicitudotadjuntos?99778fd2bad416eaee90c6d9fea535c3,INS,2019,14911,,1, HTTP/1.1" 200 116
186.79.247.115 - - [25/Mar/2019:13:38:26 -0300] "GET /cormun/servlet/hpexe_return? HTTP/1.1" 200 1025
186.79.247.115 - - [25/Mar/2019:13:38:27 -0300] "GET /cormun/servlet/trsolicitudadjuntos?2019,14911, HTTP/1.1" 200 10072
186.79.247.115 - - [25/Mar/2019:13:38:28 -0300] "GET /cormun/servlet/trsolicitudadjuntos?2019,14911, HTTP/1.1" 200 10073
200.54.107.2 - - [25/Mar/2019:13:38:29 -0300] "POST /cormun/servlet/trsolicitudot?921964dfa5905383c35697a908b81782,gx-no-cache=1553531692807 HTTP/1.1" 200 10689
186.103.158.250 - - [25/Mar/2019:13:38:52 -0300] "GET /cormun/servlet/trautorizarsolicitud? HTTP/1.1" 200 9437
186.103.158.250 - - [25/Mar/2019:13:38:57 -0300] "GET /cormun/servlet/trautorizarsolicitud? HTTP/1.1" 200 9437
186.103.158.250 - - [25/Mar/2019:13:38:57 -0300] "GET /cormun//static/Resources/PXToolsActionView.png HTTP/1.1" 200 2995
186.103.158.250 - - [25/Mar/2019:13:38:57 -0300] "GET /cormun//static/Resources/PXToolsGridDelete.png HTTP/1.1" 200 357
186.103.158.250 - - [25/Mar/2019:13:38:57 -0300] "GET /cormun//static/Resources/PXToolsGridUpdate.png HTTP/1.1" 200 2984
186.103.158.250 - - [25/Mar/2019:13:38:57 -0300] "GET /cormun//static/Resources/PXTools/ActionInsert.png HTTP/1.1" 200 1482
186.103.158.250 - - [25/Mar/2019:13:38:57 -0300] "GET /cormun//static/Resources/PXToolsRemoveAllAction.png HTTP/1.1" 200 3558
186.103.158.250 - - [25/Mar/2019:13:39:08 -0300] "POST /cormun/servlet/trautorizarsolicitud?f420e246191f2fb32b882b54995042f5,,gx-no-cache=1553531726919 HTTP/1.1" 200 6428
186.103.158.250 - - [25/Mar/2019:13:39:08 -0300] "GET /cormun/static/Shared/jqueryui/images/ui-bg_highlight-soft_100_c6c2c8_1x100.png HTTP/1.1" 404 1117
186.103.158.250 - - [25/Mar/2019:13:39:08 -0300] "GET /cormun/static/Shared/jqueryui/images/ui-icons_82798d_256x240.png HTTP/1.1" 404 1089
186.103.158.250 - - [25/Mar/2019:13:39:08 -0300] "GET /cormun/static/Shared/jqueryui/images/ui-bg_flat_55_fafafa_40x100.png HTTP/1.1" 404 1097
186.103.158.250 - - [25/Mar/2019:13:39:08 -0300] "GET /cormun/static/Shared/jqueryui/images/ui-icons_8d78a5_256x240.png HTTP/1.1" 404 1089
186.103.158.250 - - [25/Mar/2019:13:39:11 -0300] "GET /cormun/servlet/veautorizarsolicitud?2019,14899,, HTTP/1.1" 200 8726
186.103.158.250 - - [25/Mar/2019:13:39:12 -0300] "GET /cormun/pexe_scrolldiv.js HTTP/1.1" 404 1009
186.79.247.115 - - [25/Mar/2019:13:39:15 -0300] "POST /cormun/servlet/trsolicitudadjuntos?99778fd2bad416eaee90c6d9fea535c3,2019,14911,,gx-no-cache=1553531735753 HTTP/1.1" 200 90
186.79.247.115 - - [25/Mar/2019:13:39:15 -0300] "GET /cormun/servlet/hpexe_link HTTP/1.1" 200 967
186.103.158.250 - - [25/Mar/2019:13:39:15 -0300] "GET /cormun/servlet/veautorizarsolicitud?2019,14899,, HTTP/1.1" 200 8725
186.79.247.115 - - [25/Mar/2019:13:39:16 -0300] "GET /cormun/servlet/trsolicitudot HTTP/1.1" 200 8770
186.79.247.115 - - [25/Mar/2019:13:39:16 -0300] "GET /cormun/servlet/trsolicitudot HTTP/1.1" 200 8769
186.79.247.115 - - [25/Mar/2019:13:39:20 -0300] "POST /cormun/servlet/trsolicitudot?99778fd2bad416eaee90c6d9fea535c3,gx-no-cache=1553531741283 HTTP/1.1" 200 4480
186.79.247.115 - - [25/Mar/2019:13:39:20 -0300] "GET /cormun/static/Shared/jqueryui/images/ui-bg_highlight-soft_100_c6c2c8_1x100.png HTTP/1.1" 404 1117
186.79.247.115 - - [25/Mar/2019:13:39:21 -0300] "GET /cormun/static/Shared/jqueryui/images/ui-icons_82798d_256x240.png HTTP/1.1" 404 1089
186.79.247.115 - - [25/Mar/2019:13:39:21 -0300] "GET /cormun/static/Shared/jqueryui/images/ui-bg_flat_55_fafafa_40x100.png HTTP/1.1" 404 1097
186.79.247.115 - - [25/Mar/2019:13:39:21 -0300] "GET /cormun/static/Shared/jqueryui/images/ui-icons_8d78a5_256x240.png HTTP/1.1" 404 1089
186.79.247.115 - - [25/Mar/2019:13:39:21 -0300] "POST /cormun/servlet/trsolicitudot?99778fd2bad416eaee90c6d9fea535c3,gx-no-cache=1553531741813 HTTP/1.1" 200 4259
200.54.107.2 - - [25/Mar/2019:13:39:32 -0300] "POST /cormun/servlet/trsolicitudot?921964dfa5905383c35697a908b81782,gx-no-cache=1553531754631 HTTP/1.1" 200 4551
200.54.107.2 - - [25/Mar/2019:13:39:36 -0300] "GET /cormun/static/menuarrow.gif HTTP/1.1" 404 1015
200.54.107.2 - - [25/Mar/2019:13:39:56 -0300] "GET /cormun/servlet/trautorizarsolicitud? HTTP/1.1" 200 7416
200.54.107.2 - - [25/Mar/2019:13:39:56 -0300] "GET /cormun/servlet/trautorizarsolicitud? HTTP/1.1" 200 7415
200.54.107.2 - - [25/Mar/2019:13:40:01 -0300] "POST /cormun/servlet/trautorizarsolicitud?921964dfa5905383c35697a908b81782,,gx-no-cache=1553531785039 HTTP/1.1" 200 4480
200.54.107.2 - - [25/Mar/2019:13:40:02 -0300] "POST /cormun/servlet/trautorizarsolicitud?921964dfa5905383c35697a908b81782,,gx-no-cache=1553531786075 HTTP/1.1" 200 4480
200.54.107.2 - - [25/Mar/2019:13:40:04 -0300] "GET /cormun/static/menuarrow.gif HTTP/1.1" 404 1015
200.54.107.2 - - [25/Mar/2019:13:40:07 -0300] "POST /cormun/servlet/trautorizarsolicitud?921964dfa5905383c35697a908b81782,,gx-no-cache=1553531791037 HTTP/1.1" 200 4480
200.54.107.2 - - [25/Mar/2019:13:40:08 -0300] "POST /cormun/servlet/trautorizarsolicitud?921964dfa5905383c35697a908b81782,,gx-no-cache=1553531792020 HTTP/1.1" 200 4480
200.54.107.2 - - [25/Mar/2019:13:40:09 -0300] "POST /cormun/servlet/trautorizarsolicitud?921964dfa5905383c35697a908b81782,,gx-no-cache=1553531792804 HTTP/1.1" 200 4480
200.54.107.2 - - [25/Mar/2019:13:40:10 -0300] "POST /cormun/servlet/trautorizarsolicitud?921964dfa5905383c35697a908b81782,,gx-no-cache=1553531793434 HTTP/1.1" 200 4480
200.54.107.2 - - [25/Mar/2019:13:40:19 -0300] "POST /cormun/servlet/trautorizarsolicitud?921964dfa5905383c35697a908b81782,,gx-no-cache=1553531802683 HTTP/1.1" 200 6226
186.103.158.250 - - [25/Mar/2019:13:40:31 -0300] "POST /cormun/servlet/veautorizarsolicitud?f420e246191f2fb32b882b54995042f5,2019,14899,,,gx-no-cache=1553531810517 HTTP/1.1" 200 93
186.103.158.250 - - [25/Mar/2019:13:40:32 -0300] "GET /cormun/servlet/hpexe_return? HTTP/1.1" 200 1020
186.103.158.250 - - [25/Mar/2019:13:40:33 -0300] "GET /cormun/servlet/trautorizarsolicitud? HTTP/1.1" 200 9441
186.103.158.250 - - [25/Mar/2019:13:40:36 -0300] "GET /cormun/servlet/trautorizarsolicitud? HTTP/1.1" 200 9437
186.103.158.250 - - [25/Mar/2019:13:40:43 -0300] "POST /cormun/servlet/trautorizarsolicitud?f420e246191f2fb32b882b54995042f5,,gx-no-cache=1553531822112 HTTP/1.1" 200 116
186.103.158.250 - - [25/Mar/2019:13:40:43 -0300] "GET /cormun/servlet/solicitudotlog?INS,2019,14899,0,REC, HTTP/1.1" 200 6127
186.103.158.250 - - [25/Mar/2019:13:40:47 -0300] "GET /cormun/servlet/solicitudotlog?INS,2019,14899,0,REC, HTTP/1.1" 200 6128
186.103.158.250 - - [25/Mar/2019:13:40:47 -0300] "GET /cormun/servlet/solicitudotlog?761ccf4a6a18f11658fa0fcf3e7b8d930a41974437a80a9c864a5f863c4a3d9fd202ee133ca1793d556342df0371e08374cea3726e5d718782cd729f12f49153d6766d06ba0e6b32dc214527c3db90a2f4a00578efef450df15feb372b052353dce9ad9eb285e8115d439208e2f8487f5406ae776b0be9b0c80bb5887b8e70dc651f20d4d50bd21977e04aebce0dece4a11c713dc1bb9b550f308fb9896643a9,gx-no-cache=1553531826673 HTTP/1.1" 200 94
186.103.158.250 - - [25/Mar/2019:13:40:48 -0300] "GET /cormun/servlet/trsolicitudot? HTTP/1.1" 200 7261
186.103.158.250 - - [25/Mar/2019:13:40:49 -0300] "GET /cormun/servlet/trsolicitudot? HTTP/1.1" 200 7261
200.54.107.2 - - [25/Mar/2019:13:40:59 -0300] "GET /cormun/servlet/trsolicitudot? HTTP/1.1" 200 7517
200.54.107.2 - - [25/Mar/2019:13:40:59 -0300] "GET /cormun/servlet/trsolicitudot? HTTP/1.1" 200 7516
186.103.158.250 - - [25/Mar/2019:13:41:02 -0300] "POST /cormun/servlet/solicitudotlog?f420e246191f2fb32b882b54995042f5,INS,2019,14899,0,REC,,gx-no-cache=1553531841593 HTTP/1.1" 200 93
186.103.158.250 - - [25/Mar/2019:13:41:03 -0300] "GET /cormun/servlet/hpexe_return? HTTP/1.1" 200 1029
186.103.158.250 - - [25/Mar/2019:13:41:04 -0300] "GET /cormun/servlet/trautorizarsolicitud HTTP/1.1" 200 9094
186.103.158.250 - - [25/Mar/2019:13:41:07 -0300] "GET /cormun/servlet/trautorizarsolicitud HTTP/1.1" 200 9090
186.79.247.115 - - [25/Mar/2019:13:41:09 -0300] "GET /cormun/servlet/trautorizarsolicitud? HTTP/1.1" 200 9125
186.79.247.115 - - [25/Mar/2019:13:41:10 -0300] "GET /cormun/static/gxcfg.js?2017111423403364 HTTP/1.1" 200 953
186.79.247.115 - - [25/Mar/2019:13:41:10 -0300] "GET /cormun/static/trautorizarsolicitud.js?201711142340425 HTTP/1.1" 200 53910
186.79.247.115 - - [25/Mar/2019:13:41:10 -0300] "GET /cormun/servlet/trautorizarsolicitud? HTTP/1.1" 200 9125
200.54.107.2 - - [25/Mar/2019:13:41:10 -0300] "POST /cormun/servlet/trsolicitudot?921964dfa5905383c35697a908b81782,,gx-no-cache=1553531852807 HTTP/1.1" 200 4553
200.54.107.2 - - [25/Mar/2019:13:41:16 -0300] "GET /cormun/servlet/trautorizarsolicitud? HTTP/1.1" 200 9151
200.54.107.2 - - [25/Mar/2019:13:41:16 -0300] "GET /cormun/servlet/trautorizarsolicitud? HTTP/1.1" 200 9151
186.79.247.115 - - [25/Mar/2019:13:41:17 -0300] "POST /cormun/servlet/trautorizarsolicitud?99778fd2bad416eaee90c6d9fea535c3,,gx-no-cache=1553531857681 HTTP/1.1" 200 5853
186.79.247.115 - - [25/Mar/2019:13:41:17 -0300] "GET /cormun/static/Shared/jqueryui/images/ui-bg_highlight-soft_100_c6c2c8_1x100.png HTTP/1.1" 404 1117
186.79.247.115 - - [25/Mar/2019:13:41:17 -0300] "GET /cormun/static/Shared/jqueryui/images/ui-icons_8d78a5_256x240.png HTTP/1.1" 404 1089
186.79.247.115 - - [25/Mar/2019:13:41:17 -0300] "GET /cormun/static/Shared/jqueryui/images/ui-icons_82798d_256x240.png HTTP/1.1" 404 1089
186.79.247.115 - - [25/Mar/2019:13:41:17 -0300] "GET /cormun/static/Shared/jqueryui/images/ui-bg_flat_55_fafafa_40x100.png HTTP/1.1" 404 1097
186.79.247.115 - - [25/Mar/2019:13:41:18 -0300] "POST /cormun/servlet/trautorizarsolicitud?99778fd2bad416eaee90c6d9fea535c3,,gx-no-cache=1553531858503 HTTP/1.1" 200 5797
186.79.247.115 - - [25/Mar/2019:13:41:19 -0300] "POST /cormun/servlet/trautorizarsolicitud?99778fd2bad416eaee90c6d9fea535c3,,gx-no-cache=1553531859751 HTTP/1.1" 200 4680
186.79.247.115 - - [25/Mar/2019:13:41:19 -0300] "POST /cormun/servlet/trautorizarsolicitud?99778fd2bad416eaee90c6d9fea535c3,,gx-no-cache=1553531860337 HTTP/1.1" 200 4460
186.103.158.250 - - [25/Mar/2019:13:41:21 -0300] "POST /cormun/servlet/trautorizarsolicitud?f420e246191f2fb32b882b54995042f5,gx-no-cache=1553531860033 HTTP/1.1" 200 116
186.103.158.250 - - [25/Mar/2019:13:41:21 -0300] "GET /cormun/servlet/solicitudotlog?INS,2019,14898,0,REC, HTTP/1.1" 200 6128
186.103.158.250 - - [25/Mar/2019:13:41:24 -0300] "GET /cormun/servlet/solicitudotlog?INS,2019,14898,0,REC, HTTP/1.1" 200 6128
186.103.158.250 - - [25/Mar/2019:13:41:25 -0300] "GET /cormun/servlet/solicitudotlog?761ccf4a6a18f11658fa0fcf3e7b8d935303dd5fcbbc28eb06759f90281466cbd202ee133ca1793d556342df0371e08374cea3726e5d718782cd729f12f49153d6766d06ba0e6b32dc214527c3db90a2f4a00578efef450df15feb372b052353dce9ad9eb285e8115d439208e2f8487f5406ae776b0be9b0c80bb5887b8e70dc651f20d4d50bd21977e04aebce0dece4a11c713dc1bb9b550f308fb9896643a9,gx-no-cache=1553531864042 HTTP/1.1" 200 94
200.54.107.2 - - [25/Mar/2019:13:41:25 -0300] "POST /cormun/servlet/trautorizarsolicitud?921964dfa5905383c35697a908b81782,,gx-no-cache=1553531868926 HTTP/1.1" 200 4482
186.103.158.250 - - [25/Mar/2019:13:41:28 -0300] "GET /cormun/servlet/trsolicitudot? HTTP/1.1" 200 8652
186.103.158.250 - - [25/Mar/2019:13:41:30 -0300] "GET /cormun/servlet/trsolicitudot? HTTP/1.1" 200 8652
192.168.10.96 - - [25/Mar/2019:13:41:31 -0300] "GET /cormun/servlet/hlogin HTTP/1.1" 200 1754
186.103.158.250 - - [25/Mar/2019:13:41:35 -0300] "POST /cormun/servlet/trsolicitudot?7a45be4bb86ae2aea771404a6d658f51,,gx-no-cache=1553535478102 HTTP/1.1" 200 106
186.103.158.250 - - [25/Mar/2019:13:41:35 -0300] "GET /cormun/servlet/solicitudot?UPD,2019,14899, HTTP/1.1" 200 15302
186.103.158.250 - - [25/Mar/2019:13:41:37 -0300] "GET /cormun/servlet/solicitudot?UPD,2019,14899, HTTP/1.1" 200 15312
186.103.158.250 - - [25/Mar/2019:13:41:37 -0300] "POST /cormun/servlet/solicitudot?gx-no-cache=1553535480486 HTTP/1.1" 200 3589
186.103.158.250 - - [25/Mar/2019:13:41:37 -0300] "POST /cormun/servlet/solicitudot?7a45be4bb86ae2aea771404a6d658f51,UPD,2019,14899,,gx-no-cache=1553535480747 HTTP/1.1" 200 11589
186.103.158.250 - - [25/Mar/2019:13:41:38 -0300] "GET /cormun/servlet/solicitudot?862d14f73d2d83279430e8d2a63eafc36009a6909bedf85961a9c3acc880d521329307506d5b4a18e319a943c73ea6b3,gx-no-cache=1553535481097 HTTP/1.1" 200 30
186.103.158.250 - - [25/Mar/2019:13:41:38 -0300] "GET /cormun/servlet/solicitudot?862d14f73d2d83279430e8d2a63eafc3fcc7ee54b053aecf8d80b4db76cbfe0fb1a0983cd1496417e68b2b8ed14514667185243bcaa6d253c182c64356fbea06,gx-no-cache=1553535481172 HTTP/1.1" 200 30
186.103.158.250 - - [25/Mar/2019:13:41:38 -0300] "GET /cormun/servlet/solicitudot?862d14f73d2d83279430e8d2a63eafc33236743e514254551ca1ff5847f4b81783c70a6391b0048b9aeda0b06a38bf192b58cf9e9d12b95b741d501aab5fa59d,gx-no-cache=1553535481210 HTTP/1.1" 200 51
186.103.158.250 - - [25/Mar/2019:13:41:38 -0300] "POST /cormun/servlet/solicitudot?gx-no-cache=1553535481297 HTTP/1.1" 200 256
186.103.158.250 - - [25/Mar/2019:13:41:38 -0300] "GET /cormun/servlet/solicitudot?862d14f73d2d83279430e8d2a63eafc3906baecac7f1a558c5a7e4f32af33f6bf177f4021f4227463dd5ebd73dddb72b18a9444bc323258372e3bbdc50012313a3f802cdc58c2edaa38bb36be77209772739feb7aab8e8ebe21ae5f4e583ede025ab47cfaca1482528af7685813e5712b2af1e90701ab883a5ee955f079e12e05407c105ee86a88917738cd8f204cf7aa4cf2ddd253c72635dc2d86756008339aedd377b84e3bbdf28e3117cee401f1183fcce3a352f898c84b0b9eed4c6c36b7fc46eb2b7296b52e7df41cdfe495e6cf21078b672e9b29a0861c08e7a031cf2c8fdd23fda257a231aa860e813b3e7e5a7d0e2b2dc606d14be2b54845107359e8783f701a45b0568b46afc6661386ad0f39b4856f06c81b2ae1000205de5be2a319fdb5131a667c8134feb0bfe35e008af2cad52abda157352ad5e80da0915505241874627b50c8feaad7d756c3d9b7156131104a8b55565b90b092aeb87c5bb45263983b65ef08b2fd209d6ce83738f901d101e5d9d72d1ea0c294f06ce7462,gx-no-cache=1553535481399 HTTP/1.1" 200 30
186.103.158.250 - - [25/Mar/2019:13:41:38 -0300] "POST /cormun/servlet/solicitudot?gx-no-cache=1553535481439 HTTP/1.1" 200 30
186.103.158.250 - - [25/Mar/2019:13:41:38 -0300] "POST /cormun/servlet/solicitudot?gx-no-cache=1553535481493 HTTP/1.1" 200 1289
186.103.158.250 - - [25/Mar/2019:13:41:38 -0300] "POST /cormun/servlet/solicitudot?gx-no-cache=1553535481561 HTTP/1.1" 200 40
186.103.158.250 - - [25/Mar/2019:13:41:40 -0300] "GET /cormun/servlet/solicitudot?862d14f73d2d83279430e8d2a63eafc315e595fab25ec650973ff214fd6fa5522c21b03e8ef25c19860f3261225d0b54f5ddb504c366b6a50e251ae46a7cd24fb67ed2fc679ba9c0e565c70eca01339cfb4910f38531a11ce7425e74fe78724eec67ae939397837fa830169af90a504e,gx-no-cache=1553535483690 HTTP/1.1" 200 110
186.103.158.250 - - [25/Mar/2019:13:41:40 -0300] "POST /cormun/servlet/solicitudot?gx-no-cache=1553535483748 HTTP/1.1" 200 67
186.103.158.250 - - [25/Mar/2019:13:41:40 -0300] "GET /cormun/servlet/solicitudot?862d14f73d2d83279430e8d2a63eafc35aea9a6eab480bc90f30db08602a241f605be1332c6c513d4504f3cbd4c13495088b4ce85e34619e785eadf36543dd2154353674737029e93edede0592bc251f5fe5f322f0db40246bc614dd620b325f85b18420248713f4f9cdf3090fcd9b3906a2c842406466b419e77609bc21d774ac300b55a050285500a4d82fb1b8d9173b9e3ea075c81a1493cef89a642c5d65,gx-no-cache=1553535483796 HTTP/1.1" 200 29
186.103.158.250 - - [25/Mar/2019:13:41:40 -0300] "GET /cormun/servlet/solicitudot?862d14f73d2d83279430e8d2a63eafc368b04319c70c33368a1bae7b40db668cf3f29c18a119f2e0daa2354dcbf958de,gx-no-cache=1553535483831 HTTP/1.1" 200 30
186.103.158.250 - - [25/Mar/2019:13:41:40 -0300] "POST /cormun/servlet/solicitudot?gx-no-cache=1553535483866 HTTP/1.1" 200 33
186.103.158.250 - - [25/Mar/2019:13:41:41 -0300] "POST /cormun/servlet/solicitudotlog?f420e246191f2fb32b882b54995042f5,INS,2019,14898,0,REC,,gx-no-cache=1553531880307 HTTP/1.1" 200 93
186.103.158.250 - - [25/Mar/2019:13:41:41 -0300] "GET /cormun/servlet/hpexe_return? HTTP/1.1" 200 1029
192.168.10.96 - - [25/Mar/2019:13:41:41 -0300] "POST /cormun/servlet/hlogin?6f7879fee6205040080b9150a5750b01,gx-no-cache=1553538904279 HTTP/1.1" 200 90
192.168.10.96 - - [25/Mar/2019:13:41:41 -0300] "GET /cormun/servlet/hpexe_link HTTP/1.1" 200 948
192.168.10.96 - - [25/Mar/2019:13:41:42 -0300] "GET /cormun/servlet/hhome HTTP/1.1" 200 4304
186.103.158.250 - - [25/Mar/2019:13:41:42 -0300] "GET /cormun/servlet/trautorizarsolicitud HTTP/1.1" 200 8682
192.168.10.96 - - [25/Mar/2019:13:41:42 -0300] "GET /cormun/servlet/hhome HTTP/1.1" 200 4300
192.168.10.96 - - [25/Mar/2019:13:41:44 -0300] "GET /cormun/servlet/trsolicitudot? HTTP/1.1" 200 7522
192.168.10.96 - - [25/Mar/2019:13:41:44 -0300] "GET /cormun/servlet/trsolicitudot? HTTP/1.1" 200 7521
186.103.158.250 - - [25/Mar/2019:13:41:45 -0300] "GET /cormun/servlet/trautorizarsolicitud HTTP/1.1" 200 8679
192.168.10.96 - - [25/Mar/2019:13:41:50 -0300] "POST /cormun/servlet/trsolicitudot?6f7879fee6205040080b9150a5750b01,,gx-no-cache=1553538913088 HTTP/1.1" 200 4551
192.168.10.96 - - [25/Mar/2019:13:41:52 -0300] "GET /cormun/servlet/trautorizarsolicitud? HTTP/1.1" 200 7422
192.168.10.96 - - [25/Mar/2019:13:41:53 -0300] "GET /cormun/servlet/trautorizarsolicitud? HTTP/1.1" 200 7422
186.103.158.250 - - [25/Mar/2019:13:41:53 -0300] "POST /cormun/servlet/trautorizarsolicitud?f420e246191f2fb32b882b54995042f5,gx-no-cache=1553531892360 HTTP/1.1" 200 116
186.103.158.250 - - [25/Mar/2019:13:41:53 -0300] "GET /cormun/servlet/solicitudotlog?INS,2019,14897,0,REC, HTTP/1.1" 200 6128
186.103.158.250 - - [25/Mar/2019:13:41:56 -0300] "GET /cormun/servlet/solicitudotlog?INS,2019,14897,0,REC, HTTP/1.1" 200 6128
186.103.158.250 - - [25/Mar/2019:13:41:56 -0300] "GET /cormun/servlet/solicitudotlog?761ccf4a6a18f11658fa0fcf3e7b8d93f8e35090e54d67910bf59c8b2ff5d77dd202ee133ca1793d556342df0371e08374cea3726e5d718782cd729f12f49153d6766d06ba0e6b32dc214527c3db90a2f4a00578efef450df15feb372b052353dce9ad9eb285e8115d439208e2f8487f5406ae776b0be9b0c80bb5887b8e70dc651f20d4d50bd21977e04aebce0dece4a11c713dc1bb9b550f308fb9896643a9,gx-no-cache=1553531895715 HTTP/1.1" 200 94
192.168.10.96 - - [25/Mar/2019:13:41:57 -0300] "POST /cormun/servlet/trautorizarsolicitud?6f7879fee6205040080b9150a5750b01,,gx-no-cache=1553538920159 HTTP/1.1" 200 4487
192.168.10.96 - - [25/Mar/2019:13:42:04 -0300] "POST /cormun/servlet/trautorizarsolicitud?6f7879fee6205040080b9150a5750b01,,gx-no-cache=1553538927086 HTTP/1.1" 200 8666
186.103.158.250 - - [25/Mar/2019:13:42:11 -0300] "POST /cormun/servlet/solicitudotlog?f420e246191f2fb32b882b54995042f5,INS,2019,14897,0,REC,,gx-no-cache=1553531910265 HTTP/1.1" 200 93
192.168.10.96 - - [25/Mar/2019:13:42:11 -0300] "GET /cormun/servlet/trsolicitudot? HTTP/1.1" 200 7521
186.103.158.250 - - [25/Mar/2019:13:42:11 -0300] "GET /cormun/servlet/hpexe_return? HTTP/1.1" 200 1029
192.168.10.96 - - [25/Mar/2019:13:42:12 -0300] "GET /cormun/servlet/trsolicitudot? HTTP/1.1" 200 7520
186.103.158.250 - - [25/Mar/2019:13:42:12 -0300] "GET /cormun/servlet/trautorizarsolicitud HTTP/1.1" 200 7252
192.168.10.96 - - [25/Mar/2019:13:42:13 -0300] "GET /cormun/servlet/solicitudot?INS,0,0, HTTP/1.1" 200 15154
192.168.10.96 - - [25/Mar/2019:13:42:13 -0300] "GET /cormun/servlet/solicitudot?INS,0,0, HTTP/1.1" 200 15160
186.103.158.250 - - [25/Mar/2019:13:42:16 -0300] "GET /cormun/servlet/trautorizarsolicitud HTTP/1.1" 200 7248
190.171.141.82 - - [25/Mar/2019:13:42:23 -0300] "GET /cormun/servlet/solicitudot?INS,0,0, HTTP/1.1" 200 14069
192.168.10.96 - - [25/Mar/2019:13:42:24 -0300] "POST /cormun/servlet/solicitudot?gx-no-cache=1553538947085 HTTP/1.1" 200 3549
192.168.10.96 - - [25/Mar/2019:13:42:24 -0300] "POST /cormun/servlet/solicitudot?6f7879fee6205040080b9150a5750b01,INS,0,0,,gx-no-cache=1553538947240 HTTP/1.1" 200 11955
190.171.141.82 - - [25/Mar/2019:13:42:25 -0300] "GET /cormun/servlet/hlogin HTTP/1.1" 200 1735
190.171.141.82 - - [25/Mar/2019:13:42:25 -0300] "GET /cormun/servlet/solicitudot?INS,0,0, HTTP/1.1" 200 14076
192.168.10.96 - - [25/Mar/2019:13:42:26 -0300] "GET /cormun/servlet/solicitudot?136a72c15e1727400ac9b348207b76199ad4c5fdedf0378e5e9228deacac3795608c92d920e3767605afc64d017f70b5,gx-no-cache=1553538948999 HTTP/1.1" 200 30
192.168.10.96 - - [25/Mar/2019:13:42:26 -0300] "GET /cormun/servlet/solicitudot?136a72c15e1727400ac9b348207b7619800afb41be3ea672c07c10749b909109b7e3744d8569c413e145c768085a1c82a2005cb942ebc439f3b12be108cfcb8a,gx-no-cache=1553538949036 HTTP/1.1" 200 30
192.168.10.96 - - [25/Mar/2019:13:42:26 -0300] "GET /cormun/servlet/solicitudot?136a72c15e1727400ac9b348207b76199509facc1b959eb54aeb1af38313e4b4,gx-no-cache=1553538949058 HTTP/1.1" 200 70
192.168.10.96 - - [25/Mar/2019:13:42:26 -0300] "POST /cormun/servlet/solicitudot?gx-no-cache=1553538949083 HTTP/1.1" 200 255
192.168.10.96 - - [25/Mar/2019:13:42:26 -0300] "GET /cormun/servlet/solicitudot?136a72c15e1727400ac9b348207b7619867a58ab999adc452c97502a4fbf4cbb26ef6404bba3a4c7a82e7a79f0a7745c20609aed46d0699969757dabb57c2ca55c2b33306f61b588f365b7c45ba018984ac8ba12487fe1fc7c8a62304db4c0a3adb38665d8a7976a1d287c43e60c95b20cc893fa47c4c8653295a988c4e724f3c821b03a988b1ea5d9105110f571a78c4d2ec9a12a0048f236bf30676724aaccbb8dd7e7d515c3c6de632553524004532d3fb1f62a8560978e2c45a16263694e057b041b43b1d47e01905ae0e72a02c604e6ef2024ba85cc93679caac10f15de39792e9b67f32901e954995db105820a957ec42dd8000e1007e5eff5921739d1c34f07511c6cfbeace0d3d74099e10061028074491baf29cbb7ef2e6a6c821bc6e4057deadd4a1b3085c0de8dce41eb539237074688498eb7b7493a5846e1e467a1d7ee5793989e50eb5e8c2481ca7d21332796d4a5260b32e5a62e6cb535337468c226db27a87d8fb3c57d567548286a684d339253b07cb24bc0da14503b154,gx-no-cache=1553538949112 HTTP/1.1" 200 30
192.168.10.96 - - [25/Mar/2019:13:42:27 -0300] "POST /cormun/servlet/solicitudot?gx-no-cache=1553538950277 HTTP/1.1" 200 30
192.168.10.96 - - [25/Mar/2019:13:42:28 -0300] "GET /cormun/servlet/prcontratosol?18144474,,,,,MD,,gxPopupLevel%3D0%3B HTTP/1.1" 200 7867
190.171.141.82 - - [25/Mar/2019:13:42:31 -0300] "POST /cormun/servlet/hlogin?261cd077772c4eb668558fed49cd8586,gx-no-cache=1553531930084 HTTP/1.1" 200 90
190.171.141.82 - - [25/Mar/2019:13:42:31 -0300] "GET /cormun/servlet/hpexe_link HTTP/1.1" 200 953
192.168.10.96 - - [25/Mar/2019:13:42:31 -0300] "POST /cormun/servlet/solicitudot?gx-no-cache=1553538953958 HTTP/1.1" 200 1290
192.168.10.96 - - [25/Mar/2019:13:42:31 -0300] "POST /cormun/servlet/solicitudot?gx-no-cache=1553538953992 HTTP/1.1" 200 38
192.168.10.96 - - [25/Mar/2019:13:42:31 -0300] "GET /cormun/servlet/solicitudot?136a72c15e1727400ac9b348207b7619d1088a9d391106955e598e16186f3ca116ed4caf209529d3fcc50d8cecf6347174de4e9632f61b1c07c7c9ac7bebe19e3d0d1bd2817e3293cd797a1dfc550dd42893dd701dde4ec62e50293a82c2d0b65b25c8d83e2b7c826768c62f3d2d7b3f,gx-no-cache=1553538954010 HTTP/1.1" 200 110
192.168.10.96 - - [25/Mar/2019:13:42:31 -0300] "POST /cormun/servlet/solicitudot?gx-no-cache=1553538954031 HTTP/1.1" 200 97
192.168.10.96 - - [25/Mar/2019:13:42:31 -0300] "GET /cormun/servlet/solicitudot?136a72c15e1727400ac9b348207b76190c0adcd24044761ff4bd65b2ada7de3c55c15505f1bbe9d96a968c166bc8891328c7c449a9b59f2c484d080d9e052ad57c766b96cca18da60cd5dc96186ac3e31cb093fb543a80cc71fe20ea3645fa76095fc39d7634910c1e3293b3f725649c0670a8baaf40d0daf9eadde0c7c33b6559caa1a15c2be2977280eee5be20f4e62761a44f60c3d82a98eb20b56bc9f2cd,gx-no-cache=1553538954053 HTTP/1.1" 200 29
192.168.10.96 - - [25/Mar/2019:13:42:31 -0300] "GET /cormun/servlet/solicitudot?136a72c15e1727400ac9b348207b76197b7a601a43062330d5d73b6db199c5b1c393f24f043e06fadc8d4e63bc761e17,gx-no-cache=1553538954068 HTTP/1.1" 200 30
190.171.141.82 - - [25/Mar/2019:13:42:31 -0300] "GET /cormun/servlet/solicitudot?INS,0,0, HTTP/1.1" 200 15006
190.171.141.82 - - [25/Mar/2019:13:42:32 -0300] "GET /cormun/servlet/solicitudot?INS,0,0, HTTP/1.1" 200 15011
192.168.10.96 - - [25/Mar/2019:13:42:37 -0300] "POST /cormun/servlet/solicitudot?gx-no-cache=1553538960022 HTTP/1.1" 200 33
190.171.141.82 - - [25/Mar/2019:13:42:37 -0300] "POST /cormun/servlet/solicitudot?gx-no-cache=1553531936619 HTTP/1.1" 200 3450
190.171.141.82 - - [25/Mar/2019:13:42:37 -0300] "POST /cormun/servlet/solicitudot?261cd077772c4eb668558fed49cd8586,INS,0,0,,gx-no-cache=1553531936760 HTTP/1.1" 200 11574
190.171.141.82 - - [25/Mar/2019:13:42:38 -0300] "GET /cormun/servlet/solicitudot?e3c7168f022cf2954e7412842190aaccc774906d3091d53d34db66347f6ddf4760287315ca94d5f8f3940723d765a2fa,gx-no-cache=1553531936978 HTTP/1.1" 200 111
190.171.141.82 - - [25/Mar/2019:13:42:38 -0300] "GET /cormun/static/Shared/jqueryui/images/ui-icons_82798d_256x240.png HTTP/1.1" 404 1089
190.171.141.82 - - [25/Mar/2019:13:42:38 -0300] "GET /cormun/static/Shared/jqueryui/images/ui-bg_flat_55_994d53_40x100.png HTTP/1.1" 404 1097
190.171.141.82 - - [25/Mar/2019:13:42:38 -0300] "GET /cormun/static/Shared/jqueryui/images/ui-icons_ebccce_256x240.png HTTP/1.1" 404 1089
190.171.141.82 - - [25/Mar/2019:13:42:38 -0300] "GET /cormun/static/Shared/jqueryui/images/ui-bg_highlight-soft_100_c6c2c8_1x100.png HTTP/1.1" 404 1117
190.171.141.82 - - [25/Mar/2019:13:42:38 -0300] "GET /cormun/servlet/solicitudot?e3c7168f022cf2954e7412842190aacca326a10c0177b5b341a6c9e5c7fc746d,gx-no-cache=1553531937022 HTTP/1.1" 200 94
190.171.141.82 - - [25/Mar/2019:13:42:38 -0300] "GET /cormun/servlet/solicitudot?e3c7168f022cf2954e7412842190aacc14fba58fbbacae090d81888f63daaa69,gx-no-cache=1553531937062 HTTP/1.1" 200 29
192.168.10.96 - - [25/Mar/2019:13:42:42 -0300] "POST /cormun/servlet/solicitudot?6f7879fee6205040080b9150a5750b01,INS,0,0,,gx-no-cache=1553538964767 HTTP/1.1" 200 93
192.168.10.96 - - [25/Mar/2019:13:42:42 -0300] "GET /cormun/servlet/hpexe_return? HTTP/1.1" 200 1004
192.168.10.96 - - [25/Mar/2019:13:42:42 -0300] "GET /cormun/servlet/trsolicitudot HTTP/1.1" 200 7524
192.168.10.96 - - [25/Mar/2019:13:42:43 -0300] "GET /cormun/servlet/trsolicitudot HTTP/1.1" 200 7520
192.168.10.96 - - [25/Mar/2019:13:42:50 -0300] "POST /cormun/servlet/trsolicitudot?6f7879fee6205040080b9150a5750b01,gx-no-cache=1553538972457 HTTP/1.1" 200 4554
192.168.10.96 - - [25/Mar/2019:13:42:54 -0300] "GET /cormun/servlet/trsolicitudot? HTTP/1.1" 200 7520
192.168.10.96 - - [25/Mar/2019:13:42:54 -0300] "GET /cormun/servlet/trsolicitudot? HTTP/1.1" 200 7520
192.168.10.96 - - [25/Mar/2019:13:42:59 -0300] "POST /cormun/servlet/trsolicitudot?6f7879fee6205040080b9150a5750b01,,gx-no-cache=1553538982041 HTTP/1.1" 200 4552
192.168.10.96 - - [25/Mar/2019:13:42:59 -0300] "POST /cormun/servlet/trsolicitudot?6f7879fee6205040080b9150a5750b01,,gx-no-cache=1553538982221 HTTP/1.1" 200 4552
192.168.10.96 - - [25/Mar/2019:13:43:00 -0300] "POST /cormun/servlet/trsolicitudot?6f7879fee6205040080b9150a5750b01,,gx-no-cache=1553538982406 HTTP/1.1" 200 4552
192.168.10.96 - - [25/Mar/2019:13:43:00 -0300] "POST /cormun/servlet/trsolicitudot?6f7879fee6205040080b9150a5750b01,,gx-no-cache=1553538982613 HTTP/1.1" 200 4552
192.168.10.96 - - [25/Mar/2019:13:43:00 -0300] "POST /cormun/servlet/trsolicitudot?6f7879fee6205040080b9150a5750b01,,gx-no-cache=1553538982814 HTTP/1.1" 200 4552
192.168.10.96 - - [25/Mar/2019:13:43:00 -0300] "POST /cormun/servlet/trsolicitudot?6f7879fee6205040080b9150a5750b01,,gx-no-cache=1553538983037 HTTP/1.1" 200 4552
192.168.10.96 - - [25/Mar/2019:13:43:06 -0300] "GET /cormun/servlet/trsolicitudot? HTTP/1.1" 200 7520
192.168.10.96 - - [25/Mar/2019:13:43:06 -0300] "GET /cormun/servlet/trsolicitudot? HTTP/1.1" 200 7520
192.168.10.96 - - [25/Mar/2019:13:43:12 -0300] "POST /cormun/servlet/trsolicitudot?6f7879fee6205040080b9150a5750b01,,gx-no-cache=1553538994223 HTTP/1.1" 200 21031
186.103.158.250 - - [25/Mar/2019:13:43:26 -0300] "POST /cormun/servlet/solicitudot?7a45be4bb86ae2aea771404a6d658f51,UPD,2019,14899,,gx-no-cache=1553535589381 HTTP/1.1" 200 93
186.103.158.250 - - [25/Mar/2019:13:43:27 -0300] "GET /cormun/servlet/hpexe_return? HTTP/1.1" 200 1014
186.103.158.250 - - [25/Mar/2019:13:43:27 -0300] "GET /cormun/servlet/hhome HTTP/1.1" 200 4045
186.103.158.250 - - [25/Mar/2019:13:43:28 -0300] "GET /cormun/servlet/hhome HTTP/1.1" 200 4040
186.103.158.250 - - [25/Mar/2019:13:43:33 -0300] "GET /cormun/servlet/trsolicitudot? HTTP/1.1" 200 9421
186.103.158.250 - - [25/Mar/2019:13:43:34 -0300] "GET /cormun/servlet/trsolicitudot? HTTP/1.1" 200 9419
186.103.158.250 - - [25/Mar/2019:13:43:39 -0300] "POST /cormun/servlet/trsolicitudot?7a45be4bb86ae2aea771404a6d658f51,,gx-no-cache=1553535601877 HTTP/1.1" 200 106
186.103.158.250 - - [25/Mar/2019:13:43:39 -0300] "GET /cormun/servlet/solicitudot?UPD,2019,14899, HTTP/1.1" 200 15477
186.103.158.250 - - [25/Mar/2019:13:43:40 -0300] "GET /cormun/servlet/solicitudot?UPD,2019,14899, HTTP/1.1" 200 15487
186.103.158.250 - - [25/Mar/2019:13:43:41 -0300] "POST /cormun/servlet/solicitudot?gx-no-cache=1553535603868 HTTP/1.1" 200 3589
186.103.158.250 - - [25/Mar/2019:13:43:41 -0300] "POST /cormun/servlet/solicitudot?7a45be4bb86ae2aea771404a6d658f51,UPD,2019,14899,,gx-no-cache=1553535604163 HTTP/1.1" 200 11862
186.103.158.250 - - [25/Mar/2019:13:43:41 -0300] "GET /cormun/servlet/solicitudot?862d14f73d2d83279430e8d2a63eafc36009a6909bedf85961a9c3acc880d521329307506d5b4a18e319a943c73ea6b3,gx-no-cache=1553535604546 HTTP/1.1" 200 30
186.103.158.250 - - [25/Mar/2019:13:43:41 -0300] "GET /cormun/servlet/solicitudot?862d14f73d2d83279430e8d2a63eafc3fcc7ee54b053aecf8d80b4db76cbfe0fb1a0983cd1496417e68b2b8ed14514667185243bcaa6d253c182c64356fbea06,gx-no-cache=1553535604660 HTTP/1.1" 200 30
186.103.158.250 - - [25/Mar/2019:13:43:41 -0300] "GET /cormun/servlet/solicitudot?862d14f73d2d83279430e8d2a63eafc33236743e514254551ca1ff5847f4b81783c70a6391b0048b9aeda0b06a38bf192b58cf9e9d12b95b741d501aab5fa59d,gx-no-cache=1553535604702 HTTP/1.1" 200 51
186.103.158.250 - - [25/Mar/2019:13:43:41 -0300] "POST /cormun/servlet/solicitudot?gx-no-cache=1553535604806 HTTP/1.1" 200 256
190.171.141.82 - - [25/Mar/2019:13:43:42 -0300] "GET /cormun/servlet/solicitudot?e3c7168f022cf2954e7412842190aaccb18a61b7dfefccadf17c7a97c49fefefcfda0ce07cf8f6fe525b7efcb6d326eb,gx-no-cache=1553532001087 HTTP/1.1" 200 30
186.103.158.250 - - [25/Mar/2019:13:43:42 -0300] "GET /cormun/servlet/solicitudot?862d14f73d2d83279430e8d2a63eafc3906baecac7f1a558c5a7e4f32af33f6bf177f4021f4227463dd5ebd73dddb72b18a9444bc323258372e3bbdc50012313a3f802cdc58c2edaa38bb36be77209772739feb7aab8e8ebe21ae5f4e583ede025ab47cfaca1482528af7685813e5712b2af1e90701ab883a5ee955f079e12e05407c105ee86a88917738cd8f204cf7aa4cf2ddd253c72635dc2d86756008339aedd377b84e3bbdf28e3117cee401f1183fcce3a352f898c84b0b9eed4c6c36b7fc46eb2b7296b52e7df41cdfe495e6cf21078b672e9b29a0861c08e7a031cf2c8fdd23fda257a231aa860e813b3e7e5a7d0e2b2dc606d14be2b54845107359e8783f701a45b0568b46afc6661386ad0f39b4856f06c81b2ae1000205de5be2a319fdb5131a667c8134feb0bfe35e008af2cad52abda157352ad5e80da0915505241874627b50c8feaad7d756c3d9b7156131104a8b55565b90b092aeb87c5bb45263983b65ef08b2fd209d6ce83738f901d101e5d9d72d1ea0c294f06ce7462,gx-no-cache=1553535604858 HTTP/1.1" 200 30
186.103.158.250 - - [25/Mar/2019:13:43:42 -0300] "POST /cormun/servlet/solicitudot?gx-no-cache=1553535605222 HTTP/1.1" 200 30
186.103.158.250 - - [25/Mar/2019:13:43:42 -0300] "POST /cormun/servlet/solicitudot?gx-no-cache=1553535605294 HTTP/1.1" 200 1289
186.103.158.250 - - [25/Mar/2019:13:43:42 -0300] "POST /cormun/servlet/solicitudot?gx-no-cache=1553535605421 HTTP/1.1" 200 40
192.168.10.96 - - [25/Mar/2019:13:43:44 -0300] "GET /cormun/servlet/hlogin HTTP/1.1" 200 1738
192.168.10.96 - - [25/Mar/2019:13:43:50 -0300] "POST /cormun/servlet/hlogin?6f7879fee6205040080b9150a5750b01,gx-no-cache=1553539033239 HTTP/1.1" 200 90
192.168.10.96 - - [25/Mar/2019:13:43:50 -0300] "GET /cormun/servlet/hpexe_link HTTP/1.1" 200 948
192.168.10.96 - - [25/Mar/2019:13:43:51 -0300] "GET /cormun/servlet/hhome HTTP/1.1" 200 4772
192.168.10.96 - - [25/Mar/2019:13:43:51 -0300] "GET /cormun/servlet/hhome HTTP/1.1" 200 4768
192.168.10.96 - - [25/Mar/2019:13:43:55 -0300] "GET /cormun/servlet/trsecurityuser01? HTTP/1.1" 200 7863
192.168.10.96 - - [25/Mar/2019:13:43:55 -0300] "GET /cormun/servlet/trsecurityuser01? HTTP/1.1" 200 7860
186.103.158.250 - - [25/Mar/2019:13:43:56 -0300] "GET /cormun/servlet/solicitudot?862d14f73d2d83279430e8d2a63eafc315e595fab25ec650973ff214fd6fa5522c21b03e8ef25c19860f3261225d0b54f5ddb504c366b6a50e251ae46a7cd24fb67ed2fc679ba9c0e565c70eca01339cfb4910f38531a11ce7425e74fe78724eec67ae939397837fa830169af90a504e,gx-no-cache=1553535619144 HTTP/1.1" 200 110
186.103.158.250 - - [25/Mar/2019:13:43:56 -0300] "POST /cormun/servlet/solicitudot?gx-no-cache=1553535619184 HTTP/1.1" 200 67
186.103.158.250 - - [25/Mar/2019:13:43:56 -0300] "GET /cormun/servlet/solicitudot?862d14f73d2d83279430e8d2a63eafc35aea9a6eab480bc90f30db08602a241f605be1332c6c513d4504f3cbd4c13495088b4ce85e34619e785eadf36543dd2154353674737029e93edede0592bc251f5fe5f322f0db40246bc614dd620b325f85b18420248713f4f9cdf3090fcd9b3906a2c842406466b419e77609bc21d774ac300b55a050285500a4d82fb1b8d9173b9e3ea075c81a1493cef89a642c5d65,gx-no-cache=1553535619229 HTTP/1.1" 200 29
186.103.158.250 - - [25/Mar/2019:13:43:56 -0300] "GET /cormun/servlet/solicitudot?862d14f73d2d83279430e8d2a63eafc368b04319c70c33368a1bae7b40db668cf3f29c18a119f2e0daa2354dcbf958de,gx-no-cache=1553535619257 HTTP/1.1" 200 30
186.103.158.250 - - [25/Mar/2019:13:43:56 -0300] "POST /cormun/servlet/solicitudot?gx-no-cache=1553535619292 HTTP/1.1" 200 33
186.103.158.250 - - [25/Mar/2019:13:43:56 -0300] "POST /cormun/servlet/solicitudot?7a45be4bb86ae2aea771404a6d658f51,UPD,2019,14899,,gx-no-cache=1553535619366 HTTP/1.1" 200 93
186.103.158.250 - - [25/Mar/2019:13:43:56 -0300] "GET /cormun/servlet/hpexe_return? HTTP/1.1" 200 1014
186.103.158.250 - - [25/Mar/2019:13:43:57 -0300] "GET /cormun/servlet/trsolicitudot HTTP/1.1" 200 9423
186.103.158.250 - - [25/Mar/2019:13:43:58 -0300] "GET /cormun/servlet/trsolicitudot HTTP/1.1" 200 9419
192.168.10.96 - - [25/Mar/2019:13:43:59 -0300] "GET /cormun/servlet/securityusers?UPD,3859, HTTP/1.1" 200 7870
192.168.10.96 - - [25/Mar/2019:13:44:00 -0300] "GET /cormun/servlet/securityusers?UPD,3859, HTTP/1.1" 200 7869
186.103.158.250 - - [25/Mar/2019:13:44:00 -0300] "GET /cormun/servlet/trfichaempleado? HTTP/1.1" 200 13157
186.103.158.250 - - [25/Mar/2019:13:44:03 -0300] "POST /cormun/servlet/trsolicitudot?7a45be4bb86ae2aea771404a6d658f51,gx-no-cache=1553535625991 HTTP/1.1" 200 6174
186.103.158.250 - - [25/Mar/2019:13:44:03 -0300] "GET /cormun/static/Shared/jqueryui/images/ui-bg_highlight-soft_100_c6c2c8_1x100.png HTTP/1.1" 404 1117
186.103.158.250 - - [25/Mar/2019:13:44:03 -0300] "GET /cormun/static/Shared/jqueryui/images/ui-icons_82798d_256x240.png HTTP/1.1" 404 1089
186.103.158.250 - - [25/Mar/2019:13:44:03 -0300] "GET /cormun/static/Shared/jqueryui/images/ui-bg_flat_55_fafafa_40x100.png HTTP/1.1" 404 1097
186.103.158.250 - - [25/Mar/2019:13:44:03 -0300] "GET /cormun/static/Shared/jqueryui/images/ui-icons_8d78a5_256x240.png HTTP/1.1" 404 1089
186.103.158.250 - - [25/Mar/2019:13:44:03 -0300] "POST /cormun/servlet/trsolicitudot?7a45be4bb86ae2aea771404a6d658f51,gx-no-cache=1553535626339 HTTP/1.1" 200 6117
192.168.10.96 - - [25/Mar/2019:13:44:06 -0300] "POST /cormun/servlet/securityusers?6f7879fee6205040080b9150a5750b01,UPD,3859,,gx-no-cache=1553539048474 HTTP/1.1" 200 93
192.168.10.96 - - [25/Mar/2019:13:44:06 -0300] "GET /cormun/servlet/hpexe_return? HTTP/1.1" 200 1008
192.168.10.96 - - [25/Mar/2019:13:44:06 -0300] "GET /cormun/servlet/trsecurityuser01 HTTP/1.1" 200 7864
186.103.158.250 - - [25/Mar/2019:13:44:06 -0300] "POST /cormun/servlet/trsolicitudot?7a45be4bb86ae2aea771404a6d658f51,gx-no-cache=1553535629226 HTTP/1.1" 200 106
186.103.158.250 - - [25/Mar/2019:13:44:06 -0300] "GET /cormun/servlet/solicitudot?UPD,2019,14898, HTTP/1.1" 200 15465
192.168.10.96 - - [25/Mar/2019:13:44:06 -0300] "GET /cormun/servlet/trsecurityuser01 HTTP/1.1" 200 7860
186.103.158.250 - - [25/Mar/2019:13:44:08 -0300] "GET /cormun/servlet/solicitudot?UPD,2019,14898, HTTP/1.1" 200 15474
186.103.158.250 - - [25/Mar/2019:13:44:08 -0300] "POST /cormun/servlet/solicitudot?gx-no-cache=1553535631308 HTTP/1.1" 200 3569
