200.54.103.162 - - [25/Mar/2019:17:31:49 -0300] "GET /cormun/static/Shared/jqueryui/jquery-ui.min.css?1245370 HTTP/1.1" 200 30288
200.54.103.162 - - [25/Mar/2019:17:31:49 -0300] "GET /cormun/static/Resources/Spanish/PXTools.css?11423723 HTTP/1.1" 200 89042
200.54.103.162 - - [25/Mar/2019:17:31:49 -0300] "GET /cormun/static/PXToolsJavascripts/pexe_autoreload.js HTTP/1.1" 200 1762
200.54.103.162 - - [25/Mar/2019:17:31:49 -0300] "GET /cormun/static/PXToolsJavascripts/pexe_cookies.js HTTP/1.1" 200 792
200.54.103.162 - - [25/Mar/2019:17:31:49 -0300] "GET /cormun/static/PXToolsJavascripts/pexe_windows.js HTTP/1.1" 200 15207
200.54.103.162 - - [25/Mar/2019:17:31:49 -0300] "GET /cormun/static/PXToolsJavascripts/pexe_grid.js HTTP/1.1" 200 7559
200.54.103.162 - - [25/Mar/2019:17:31:49 -0300] "GET /cormun/static/PXToolsJavascripts/pexe_griddivfix.js HTTP/1.1" 200 6644
200.54.103.162 - - [25/Mar/2019:17:31:49 -0300] "GET /cormun/static/PXToolsJavascripts/pexe_link.js HTTP/1.1" 200 5671
200.54.103.162 - - [25/Mar/2019:17:31:49 -0300] "GET /cormun/static/PXToolsJavascripts/pexe_menudivfix.js HTTP/1.1" 200 333
200.54.103.162 - - [25/Mar/2019:17:31:49 -0300] "GET /cormun/static/PXToolsJavascripts/pexe_menus.js HTTP/1.1" 200 1286
200.54.103.162 - - [25/Mar/2019:17:31:49 -0300] "GET /cormun/static/PXToolsJavascripts/pexe_layers.js HTTP/1.1" 200 4114
200.54.103.162 - - [25/Mar/2019:17:31:49 -0300] "GET /cormun/static/PXToolsJavascripts/pexe_oav.js HTTP/1.1" 200 645
200.54.103.162 - - [25/Mar/2019:17:31:49 -0300] "GET /cormun/static/PXToolsJavascripts/pexe_oavdivfix.js HTTP/1.1" 200 639
200.54.103.162 - - [25/Mar/2019:17:31:49 -0300] "GET /cormun/static/PXToolsJavascripts/pexe_picture.js HTTP/1.1" 200 689
200.54.103.162 - - [25/Mar/2019:17:31:49 -0300] "GET /cormun/static/PXToolsJavascripts/pexe_popup.js HTTP/1.1" 200 13458
200.54.103.162 - - [25/Mar/2019:17:31:49 -0300] "GET /cormun/static/PXToolsJavascripts/pexe_scrolldiv.js HTTP/1.1" 200 4138
200.54.103.162 - - [25/Mar/2019:17:31:49 -0300] "GET /cormun/static/PXToolsJavascripts/pexe_tabdivfix.js HTTP/1.1" 200 876
200.54.103.162 - - [25/Mar/2019:17:31:49 -0300] "GET /cormun/static/PXToolsJavascripts/pexe_tabs.js HTTP/1.1" 200 3748
200.54.103.162 - - [25/Mar/2019:17:31:49 -0300] "GET /cormun/static/PXToolsJavascripts/pexe_upload.js HTTP/1.1" 200 1423
200.54.103.162 - - [25/Mar/2019:17:31:49 -0300] "GET /cormun/static/PXToolsJavascripts/PXToolsJavascriptsRender.js HTTP/1.1" 200 367
200.54.103.162 - - [25/Mar/2019:17:31:49 -0300] "GET /cormun/static/Resources/logo4.png HTTP/1.1" 200 6582
200.54.103.162 - - [25/Mar/2019:17:31:49 -0300] "GET /cormun/static/Resources/PXToolsHeaderActionsLeft.png HTTP/1.1" 200 1118
200.54.103.162 - - [25/Mar/2019:17:31:49 -0300] "GET /cormun/static/RunJS/RunJS.js HTTP/1.1" 200 288
200.54.103.162 - - [25/Mar/2019:17:31:49 -0300] "GET /cormun/static/gxui/gxui-all.js HTTP/1.1" 200 107772
200.54.103.162 - - [25/Mar/2019:17:31:50 -0300] "GET /cormun/static/Shared/ext/locale/ext-lang-en.js HTTP/1.1" 200 10940
200.54.103.162 - - [25/Mar/2019:17:31:50 -0300] "GET /cormun/static/hhome.js?20175251212450 HTTP/1.1" 200 777
200.54.103.162 - - [25/Mar/2019:17:31:50 -0300] "GET /cormun/static/Shared/ext/ext-all.js HTTP/1.1" 200 1289687
200.54.103.162 - - [25/Mar/2019:17:31:50 -0300] "GET /cormun/static/hwchdr01.js?201752511465785 HTTP/1.1" 200 1183
200.54.103.162 - - [25/Mar/2019:17:31:50 -0300] "GET /cormun/static/hpexe_recentlink.js?20177611595044 HTTP/1.1" 200 2144
200.54.103.162 - - [25/Mar/2019:17:31:50 -0300] "GET /cormun/static/hpexe_scripts.js?201752511465715 HTTP/1.1" 200 1544
190.171.141.106 - - [25/Mar/2019:17:31:50 -0300] "POST /cormun/servlet/solicitudot?gx-no-cache=1553545691283 HTTP/1.1" 200 72
200.54.103.162 - - [25/Mar/2019:17:31:50 -0300] "GET /cormun/static/hpexe_messagecontroller.js?20177611595012 HTTP/1.1" 200 870
200.54.103.162 - - [25/Mar/2019:17:31:50 -0300] "GET /cormun/static/hpexe_messagepopupcomponent.js?20161017169425 HTTP/1.1" 200 605
200.54.103.162 - - [25/Mar/2019:17:31:50 -0300] "GET /cormun/static/cmcontrolpreferences.js?201752511465670 HTTP/1.1" 200 1375
200.54.103.162 - - [25/Mar/2019:17:31:50 -0300] "GET /cormun/static/hpexe_messagegenexuscomponent.js?201752511465344 HTTP/1.1" 200 587
200.54.103.162 - - [25/Mar/2019:17:31:50 -0300] "GET /cormun/static/Shared/jquery/jquery-1.4.2.min.js HTTP/1.1" 200 72174
200.54.103.162 - - [25/Mar/2019:17:31:50 -0300] "GET /cormun/static/Resources/PXToolsHeaderBackground2.png HTTP/1.1" 200 1174
200.54.103.162 - - [25/Mar/2019:17:31:50 -0300] "GET /cormun/static/Resources/PXToolsHeaderSecurity.png HTTP/1.1" 200 4166
200.54.103.162 - - [25/Mar/2019:17:31:50 -0300] "GET /cormun/static/Resources/PXToolsDataTitle.png HTTP/1.1" 200 1173
200.54.103.162 - - [25/Mar/2019:17:31:50 -0300] "GET /cormun/static/Resources/PXToolsHeaderActionsBackground.png HTTP/1.1" 200 484
200.54.103.162 - - [25/Mar/2019:17:31:50 -0300] "GET /cormun/static/Resources/PXToolsHeaderHome.png HTTP/1.1" 200 4147
200.54.103.162 - - [25/Mar/2019:17:31:50 -0300] "GET /cormun/static/Resources/PXToolsFooterBackground2.png HTTP/1.1" 200 1172
200.54.103.162 - - [25/Mar/2019:17:31:50 -0300] "GET /cormun/static/Resources/PXToolsHeaderPreferences.png HTTP/1.1" 200 4189
200.54.103.162 - - [25/Mar/2019:17:31:50 -0300] "GET /cormun/static/Resources/PXToolsHeaderActionsRight.png HTTP/1.1" 200 1201
200.54.103.162 - - [25/Mar/2019:17:31:50 -0300] "GET /cormun/static/Resources/PXToolsHeaderLogin.png HTTP/1.1" 200 4279
200.54.103.162 - - [25/Mar/2019:17:31:50 -0300] "GET /cormun/static/SmoothNavMenu/resources/ddsmoothmenu.js HTTP/1.1" 200 12712
200.54.103.162 - - [25/Mar/2019:17:31:50 -0300] "GET /cormun/static/SmoothNavMenu/resources/SmoothNavMenuRender.js HTTP/1.1" 200 5951
200.54.103.162 - - [25/Mar/2019:17:31:50 -0300] "GET /cormun/static/scaMessage/js/jquery.pnotify.min.js HTTP/1.1" 200 13038
200.54.103.162 - - [25/Mar/2019:17:31:50 -0300] "GET /cormun/static/scaMessage/scaMessageRender.js HTTP/1.1" 200 11977
200.54.103.162 - - [25/Mar/2019:17:31:50 -0300] "GET /cormun/static/Shared/jquery/jquery-1.10.2.min.js HTTP/1.1" 200 273199
200.54.103.162 - - [25/Mar/2019:17:31:50 -0300] "GET /cormun/static/Shared/jqueryui/jquery-ui.min.js HTTP/1.1" 200 240427
200.54.103.162 - - [25/Mar/2019:17:31:50 -0300] "GET /cormun/static/hmpwkw03.js?20189613443875 HTTP/1.1" 200 3965
200.54.103.162 - - [25/Mar/2019:17:31:52 -0300] "GET /cormun/servlet/hhome HTTP/1.1" 200 4336
200.54.103.162 - - [25/Mar/2019:17:31:52 -0300] "GET /cormun/static/SmoothNavMenu/resources/images/down.gif HTTP/1.1" 200 854
200.54.103.162 - - [25/Mar/2019:17:31:52 -0300] "GET /cormun/static/SmoothNavMenu/resources/images/right.gif HTTP/1.1" 200 860
200.54.103.162 - - [25/Mar/2019:17:31:57 -0300] "GET /cormun/servlet/trautorizarsolicitud? HTTP/1.1" 200 7451
200.54.103.162 - - [25/Mar/2019:17:31:57 -0300] "GET /cormun/static/gxui/gxui-all.css?120300 HTTP/1.1" 200 2179
200.54.103.162 - - [25/Mar/2019:17:31:57 -0300] "GET /cormun/static/calendar-system.css?85620 HTTP/1.1" 200 5572
200.54.103.162 - - [25/Mar/2019:17:31:57 -0300] "GET /cormun/static/gxcfg.js?2017111423403364 HTTP/1.1" 200 953
200.54.103.162 - - [25/Mar/2019:17:31:57 -0300] "GET /cormun/static/calendar.js?85251 HTTP/1.1" 200 26246
200.54.103.162 - - [25/Mar/2019:17:31:57 -0300] "GET /cormun/static/calendar-setup.js?85251 HTTP/1.1" 200 2588
200.54.103.162 - - [25/Mar/2019:17:31:57 -0300] "GET /cormun/static/calendar-es.js?85251 HTTP/1.1" 200 1901
200.54.103.162 - - [25/Mar/2019:17:31:57 -0300] "GET /cormun/static/Resources/PXTools/calendar.png HTTP/1.1" 200 1306
200.54.103.162 - - [25/Mar/2019:17:31:57 -0300] "GET /cormun/static/Resources/Spanish/PXTools.css?1255365 HTTP/1.1" 200 89042
200.54.103.162 - - [25/Mar/2019:17:31:57 -0300] "GET /cormun/static/Resources/PXToolsDataSearch.png HTTP/1.1" 200 419
200.54.103.162 - - [25/Mar/2019:17:31:57 -0300] "GET /cormun/static/gxdec.js?85251 HTTP/1.1" 200 19579
200.54.103.162 - - [25/Mar/2019:17:31:57 -0300] "GET /cormun/static/trautorizarsolicitud.js?201711142340425 HTTP/1.1" 200 53910
200.54.103.162 - - [25/Mar/2019:17:31:58 -0300] "GET /cormun/static/Resources/PXToolsGridFirstDisabled.gif HTTP/1.1" 200 100
200.54.103.162 - - [25/Mar/2019:17:31:58 -0300] "GET /cormun/static/Resources/PXToolsGridPreviousDisabled.gif HTTP/1.1" 200 90
200.54.103.162 - - [25/Mar/2019:17:31:58 -0300] "GET /cormun/static/Resources/PXToolsGridNextDisabled.gif HTTP/1.1" 200 90
200.54.103.162 - - [25/Mar/2019:17:31:58 -0300] "GET /cormun/static/Resources/PXToolsGridPage.gif HTTP/1.1" 200 725
200.54.103.162 - - [25/Mar/2019:17:31:58 -0300] "GET /cormun/static/Resources/PXToolsActionExcel.png HTTP/1.1" 200 3187
200.54.103.162 - - [25/Mar/2019:17:31:58 -0300] "GET /cormun/static/Shared/ext/resources/css/ext-all.css?215870 HTTP/1.1" 200 416045
200.54.103.162 - - [25/Mar/2019:17:31:58 -0300] "GET /cormun/static/Resources/PXToolsGridLastDisabled.gif HTTP/1.1" 200 98
200.54.103.162 - - [25/Mar/2019:17:32:00 -0300] "GET /cormun/static/Resources/asc.gif HTTP/1.1" 200 67
200.54.103.162 - - [25/Mar/2019:17:32:00 -0300] "GET /cormun/static/Resources/desc.gif HTTP/1.1" 200 65
200.54.103.162 - - [25/Mar/2019:17:32:00 -0300] "GET /cormun/servlet/trautorizarsolicitud? HTTP/1.1" 200 7449
200.54.103.162 - - [25/Mar/2019:17:32:00 -0300] "GET /cormun/static/Shared/ext/resources/themes/images/default/tools/tool-sprites.gif HTTP/1.1" 200 5434
200.54.103.162 - - [25/Mar/2019:17:32:00 -0300] "GET /cormun/static/Shared/ext/resources/themes/images/default/panel/bg-headersPanel.png HTTP/1.1" 200 255
200.54.103.162 - - [25/Mar/2019:17:32:06 -0300] "POST /cormun/servlet/trautorizarsolicitud?77ef7a4bece29239918487c463b0f55e,,gx-no-cache=1553545703341 HTTP/1.1" 200 14582
200.54.103.162 - - [25/Mar/2019:17:32:06 -0300] "GET /cormun//static/Resources/PXToolsActionView.png HTTP/1.1" 200 2995
200.54.103.162 - - [25/Mar/2019:17:32:06 -0300] "GET /cormun//static/Resources/PXToolsRemoveAllAction.png HTTP/1.1" 200 3558
200.54.103.162 - - [25/Mar/2019:17:32:06 -0300] "GET /cormun//static/Resources/PXToolsGridUpdate.png HTTP/1.1" 200 2984
200.54.103.162 - - [25/Mar/2019:17:32:06 -0300] "GET /cormun//static/Resources/PXToolsGridDelete.png HTTP/1.1" 200 357
200.54.103.162 - - [25/Mar/2019:17:32:06 -0300] "GET /cormun//static/Resources/PXTools/ActionInsert.png HTTP/1.1" 200 1482
190.171.141.106 - - [25/Mar/2019:17:32:09 -0300] "GET /cormun/servlet/solicitudot?fc381cd2e7b1f7da24963c4f9d7f37423eb9e66cd4e7bc2961b29dcf691ccc77799001bb96dbff059ce2fa3cfe5976122d1d8b7b43621b8cc77bd7a8808a237fe1aa63fdf8f7b4d56b443c2464d1b598e59c580c377a6a0e1b206f6c4b0c2bb5d6678979b505a3f69612fbccf2b05ae0643244159108864f49de241bd2418897ce3ce634404fd9167fa54e4165f4bd9a16327c97677f17feb931ebbc31411a08,gx-no-cache=1553545710124 HTTP/1.1" 200 29
190.171.141.106 - - [25/Mar/2019:17:32:09 -0300] "GET /cormun/servlet/solicitudot?fc381cd2e7b1f7da24963c4f9d7f37427660317ccbdb99fb5b0f0b7d0bf90ecc9f016cef42c34d34a6c55abbef20d0aa,gx-no-cache=1553545710279 HTTP/1.1" 200 30
190.171.141.106 - - [25/Mar/2019:17:32:09 -0300] "POST /cormun/servlet/solicitudot?gx-no-cache=1553545710382 HTTP/1.1" 200 30
190.171.141.106 - - [25/Mar/2019:17:32:10 -0300] "POST /cormun/servlet/solicitudot?6b3a5dbed530db344b71aaf4b9040590,UPD,2019,14943,,gx-no-cache=1553545710708 HTTP/1.1" 200 93
190.171.141.106 - - [25/Mar/2019:17:32:10 -0300] "GET /cormun/servlet/hpexe_return? HTTP/1.1" 200 1012
190.171.141.106 - - [25/Mar/2019:17:32:10 -0300] "GET /cormun/static/hpexe_return.js?2016101716175153 HTTP/1.1" 200 1633
190.171.141.106 - - [25/Mar/2019:17:32:10 -0300] "GET /cormun/static/gxcfg.js?2016101716175148 HTTP/1.1" 200 953
190.171.141.106 - - [25/Mar/2019:17:32:10 -0300] "GET /cormun/static/Resources/Spanish/PXTools.css?167811 HTTP/1.1" 200 89042
190.171.141.106 - - [25/Mar/2019:17:32:10 -0300] "GET /cormun/servlet/trsolicitudot? HTTP/1.1" 200 8589
190.171.141.106 - - [25/Mar/2019:17:32:11 -0300] "GET /cormun/servlet/trsolicitudot? HTTP/1.1" 200 8585
190.171.152.114 - - [25/Mar/2019:17:32:13 -0300] "GET /cormun/static/Shared/jqueryui/images/ui-bg_highlight-soft_100_eae6ea_1x100.png HTTP/1.1" 404 1117
190.171.141.106 - - [25/Mar/2019:17:32:14 -0300] "POST /cormun/servlet/trsolicitudot?6b3a5dbed530db344b71aaf4b9040590,,gx-no-cache=1553545715301 HTTP/1.1" 200 4530
190.171.141.106 - - [25/Mar/2019:17:32:14 -0300] "GET /cormun/static/Shared/jqueryui/images/ui-icons_82798d_256x240.png HTTP/1.1" 404 1089
190.171.141.106 - - [25/Mar/2019:17:32:14 -0300] "GET /cormun/static/Shared/jqueryui/images/ui-bg_highlight-soft_100_c6c2c8_1x100.png HTTP/1.1" 404 1117
190.171.141.106 - - [25/Mar/2019:17:32:14 -0300] "GET /cormun/static/Shared/jqueryui/images/ui-bg_flat_55_fafafa_40x100.png HTTP/1.1" 404 1097
190.171.141.106 - - [25/Mar/2019:17:32:14 -0300] "GET /cormun/static/Shared/jqueryui/images/ui-icons_8d78a5_256x240.png HTTP/1.1" 404 1089
190.171.141.106 - - [25/Mar/2019:17:32:14 -0300] "POST /cormun/servlet/trsolicitudot?6b3a5dbed530db344b71aaf4b9040590,,gx-no-cache=1553545715601 HTTP/1.1" 200 4315
190.171.141.82 - - [25/Mar/2019:17:32:15 -0300] "POST /cormun/servlet/solicitudot?c197330f1471b60573d3ba676ec50946,INS,0,0,,gx-no-cache=1553545714140 HTTP/1.1" 200 12028
190.171.141.82 - - [25/Mar/2019:17:32:15 -0300] "GET /cormun/static/Shared/jqueryui/images/ui-bg_highlight-soft_100_c6c2c8_1x100.png HTTP/1.1" 404 1117
190.171.141.82 - - [25/Mar/2019:17:32:16 -0300] "GET /cormun/static/Shared/jqueryui/images/ui-icons_82798d_256x240.png HTTP/1.1" 404 1089
190.171.141.82 - - [25/Mar/2019:17:32:16 -0300] "GET /cormun/static/Shared/jqueryui/images/ui-bg_flat_55_fafafa_40x100.png HTTP/1.1" 404 1097
190.171.141.82 - - [25/Mar/2019:17:32:16 -0300] "GET /cormun/static/Shared/jqueryui/images/ui-icons_8d78a5_256x240.png HTTP/1.1" 404 1089
190.171.141.82 - - [25/Mar/2019:17:32:18 -0300] "GET /cormun/servlet/solicitudot?d2f5b7bda00acf1b2b01243ea7a8eaa8968e6588b1cb9eac191092c068ee1773d36bb294b325d478c150059bee2d3a4151d84b409fefc09fa1321c33f7ff4067,gx-no-cache=1553545715084 HTTP/1.1" 200 30
200.54.103.162 - - [25/Mar/2019:17:32:18 -0300] "GET /cormun/servlet/veautorizarsolicitud?2019,14938,, HTTP/1.1" 200 8742
190.171.141.82 - - [25/Mar/2019:17:32:18 -0300] "GET /cormun/servlet/solicitudot?d2f5b7bda00acf1b2b01243ea7a8eaa8f6861e167488d29f5b5c73d618a1526b,gx-no-cache=1553545717115 HTTP/1.1" 200 29
200.54.103.162 - - [25/Mar/2019:17:32:18 -0300] "GET /cormun/static/gxcfg.js?2017111423404691 HTTP/1.1" 200 953
200.54.103.162 - - [25/Mar/2019:17:32:18 -0300] "GET /cormun/pexe_scrolldiv.js HTTP/1.1" 404 1009
200.54.103.162 - - [25/Mar/2019:17:32:18 -0300] "GET /cormun/static/Resources/PXToolsTabFirstSelected.png HTTP/1.1" 200 1259
200.54.103.162 - - [25/Mar/2019:17:32:18 -0300] "GET /cormun/static/veautorizarsolicitud.js?2017111423404756 HTTP/1.1" 200 6140
200.54.103.162 - - [25/Mar/2019:17:32:18 -0300] "GET /cormun/static/hwcviewtabs.js?20177611594913 HTTP/1.1" 200 1074
200.54.103.162 - - [25/Mar/2019:17:32:18 -0300] "GET /cormun/static/hpexe_tabsview.js?201610171694228 HTTP/1.1" 200 1661
200.54.103.162 - - [25/Mar/2019:17:32:18 -0300] "GET /cormun/static/Resources/PXToolsTabLastUnselected.png HTTP/1.1" 200 1291
200.54.103.162 - - [25/Mar/2019:17:32:18 -0300] "GET /cormun/static/tbautorizarsolicitud01.js?2017111423392092 HTTP/1.1" 200 30580
200.54.103.162 - - [25/Mar/2019:17:32:18 -0300] "GET /cormun/pexe_scrolldiv.js HTTP/1.1" 404 1009
200.54.103.162 - - [25/Mar/2019:17:32:18 -0300] "GET /cormun/static/Resources/PXToolsTabPrevious.gif HTTP/1.1" 200 172
200.54.103.162 - - [25/Mar/2019:17:32:18 -0300] "GET /cormun/static/Resources/PXToolsTabNext.gif HTTP/1.1" 200 168
190.171.141.82 - - [25/Mar/2019:17:32:19 -0300] "POST /cormun/servlet/solicitudot?gx-no-cache=1553545717945 HTTP/1.1" 200 297
200.54.103.162 - - [25/Mar/2019:17:32:20 -0300] "GET /cormun/static/calendar-system.css HTTP/1.1" 200 5572
200.54.103.162 - - [25/Mar/2019:17:32:20 -0300] "GET /cormun/static/Resources/PXToolsTabBackSelected.png HTTP/1.1" 200 1157
200.54.103.162 - - [25/Mar/2019:17:32:20 -0300] "GET /cormun/static/Resources/PXToolsTabBackUnselected.png HTTP/1.1" 200 1175
200.54.103.162 - - [25/Mar/2019:17:32:20 -0300] "GET /cormun/static/Resources/PXToolsTabSelectedUnselected.png HTTP/1.1" 200 1428
200.54.103.162 - - [25/Mar/2019:17:32:20 -0300] "GET /cormun/static/Resources/PXToolsTabUnselectedUnselected.png HTTP/1.1" 200 1459
200.54.103.162 - - [25/Mar/2019:17:32:20 -0300] "GET /cormun/servlet/veautorizarsolicitud?2019,14938,, HTTP/1.1" 200 8741
190.171.141.82 - - [25/Mar/2019:17:32:20 -0300] "GET /cormun/servlet/solicitudot?d2f5b7bda00acf1b2b01243ea7a8eaa8e63cf742d39cbbea1e19f929089c6a900ede0e2c3834983538c30bf385dc10f9447ed6c5014df30c8f8b8044ee4565c8a526db427f541f076a45e31824030558fdec31106df2398516e075d476f22b5c58dd0f6aa1d914106abca15fd6249ca3f1881ecdff98f8f0d15952eec46c3ba1b461268fe775b8fb8e9ddfae04053f627c48f5f38661755d53cb94c33a36bdf4de5151fb2dcc1cdb0f7f7f90a64e14b14a2eab923164afc421d5a78be04afb00463d02f14314a008537c94f49d0d70ef3e4666e3efd8c582624ae7b2ece4dbffbe6f4d087c8b9d38a31ab3aceb4ad62bc0131218f5edfdf3491f9d7cec4d9290fece95d8a40b867aa694ec80b4266db0abd55e8fa76e052854d6bd9899163f7d6861a705c4ffdb158c504a6bb3319d663bfc5d5902b63e62eefa615e11d8f7ef32b4d6074c1074222afa2f5ca5b899f3b25283446b64be21e3b716f867268af145a7c283e4cb41d95dfa2b7bc7761db5defda6bcb22877b4285cc3bd0e903faecbdc506c91238228745f96eecce2bdcc,gx-no-cache=1553545719344 HTTP/1.1" 200 30
190.171.141.106 - - [25/Mar/2019:17:32:20 -0300] "POST /cormun/servlet/trautorizarsolicitud?47a74de6c0ef11d972eb0d4613eeb35c,gx-no-cache=1553545721205 HTTP/1.1" 200 5838
190.171.152.114 - - [25/Mar/2019:17:32:21 -0300] "GET /cormun/servlet/trpermisosgoce? HTTP/1.1" 200 6129
190.171.152.114 - - [25/Mar/2019:17:32:21 -0300] "GET /cormun/static/gxcfg.js?20177612163875 HTTP/1.1" 200 953
190.171.152.114 - - [25/Mar/2019:17:32:22 -0300] "GET /cormun/static/trpermisosgoce.js?20177612164335 HTTP/1.1" 200 35904
190.171.141.82 - - [25/Mar/2019:17:32:22 -0300] "POST /cormun/servlet/solicitudot?gx-no-cache=1553545720969 HTTP/1.1" 200 30
200.54.103.162 - - [25/Mar/2019:17:32:22 -0300] "POST /cormun/servlet/hlogin?7b4a7e668a018e5ad72d193da225148a,gx-no-cache=1553545721946 HTTP/1.1" 200 90
190.171.152.114 - - [25/Mar/2019:17:32:22 -0300] "GET /cormun/servlet/hlogin HTTP/1.1" 200 1746
200.54.103.162 - - [25/Mar/2019:17:32:22 -0300] "GET /cormun/servlet/hpexe_link HTTP/1.1" 200 980
200.54.103.162 - - [25/Mar/2019:17:32:23 -0300] "GET /cormun/servlet/trcontratosolicitud?gx-no-cache=1553545657053 HTTP/1.1" 200 14883
190.171.141.106 - - [25/Mar/2019:17:32:23 -0300] "POST /cormun/servlet/trautorizarsolicitud?47a74de6c0ef11d972eb0d4613eeb35c,gx-no-cache=1553545724054 HTTP/1.1" 200 4673
190.171.141.106 - - [25/Mar/2019:17:32:23 -0300] "GET /cormun/static/Shared/jqueryui/images/ui-bg_highlight-soft_100_c6c2c8_1x100.png HTTP/1.1" 404 1117
190.171.141.106 - - [25/Mar/2019:17:32:23 -0300] "GET /cormun/static/Shared/jqueryui/images/ui-bg_flat_55_fafafa_40x100.png HTTP/1.1" 404 1097
190.171.141.106 - - [25/Mar/2019:17:32:23 -0300] "GET /cormun/static/Shared/jqueryui/images/ui-icons_82798d_256x240.png HTTP/1.1" 404 1089
190.171.141.106 - - [25/Mar/2019:17:32:23 -0300] "GET /cormun/static/Shared/jqueryui/images/ui-icons_8d78a5_256x240.png HTTP/1.1" 404 1089
190.171.141.106 - - [25/Mar/2019:17:32:23 -0300] "POST /cormun/servlet/trautorizarsolicitud?47a74de6c0ef11d972eb0d4613eeb35c,gx-no-cache=1553545724297 HTTP/1.1" 200 4459
190.171.141.82 - - [25/Mar/2019:17:32:23 -0300] "POST /cormun/servlet/solicitudot?gx-no-cache=1553545722478 HTTP/1.1" 200 1285
190.171.141.82 - - [25/Mar/2019:17:32:23 -0300] "POST /cormun/servlet/solicitudot?gx-no-cache=1553545722574 HTTP/1.1" 200 38
200.54.103.162 - - [25/Mar/2019:17:32:23 -0300] "GET /cormun/servlet/trcontratosolicitud?gx-no-cache=1553545657053 HTTP/1.1" 200 14900
190.171.141.82 - - [25/Mar/2019:17:32:27 -0300] "GET /cormun/servlet/solicitudot?d2f5b7bda00acf1b2b01243ea7a8eaa819c00f02ddb04218923ac611e40d57665ac3177ebc5efaba52b48948dec8761419b656f3b148d7a003194dd5f32a775f468adc63df7215bc17d1e71a7620f54b83b209f81d23f20d72663380e9cb0d32cb27158125b1a99816a81bcc18118e9f,gx-no-cache=1553545726578 HTTP/1.1" 200 110
190.171.141.82 - - [25/Mar/2019:17:32:29 -0300] "POST /cormun/servlet/solicitudot?gx-no-cache=1553545728546 HTTP/1.1" 200 79
200.54.103.162 - - [25/Mar/2019:17:32:34 -0300] "GET /cormun/servlet/trlicencias? HTTP/1.1" 200 11721
200.54.103.162 - - [25/Mar/2019:17:32:34 -0300] "GET /cormun/servlet/trlicencias? HTTP/1.1" 200 11704
190.171.141.82 - - [25/Mar/2019:17:32:34 -0300] "GET /cormun/servlet/solicitudot?d2f5b7bda00acf1b2b01243ea7a8eaa844fa9b866768c1f3a82c56eb810392c3c3f247c6513c55eb1510d3ef90a8c63b01d75537d09c7aa1d13bab5b073cc43f65b093d3ee3872c388e4f88bc11627690b25c14485a71b64c5cd643607fce0589717ad6c127f494f518ad187069a4c45,gx-no-cache=1553545733577 HTTP/1.1" 200 29
190.171.141.82 - - [25/Mar/2019:17:32:34 -0300] "GET /cormun/static/menuarrow.gif HTTP/1.1" 404 1015
190.171.152.114 - - [25/Mar/2019:17:32:35 -0300] "POST /cormun/servlet/hlogin?f4e9aa0714d92dac1d6d3c635c6f125c,gx-no-cache=1553545737321 HTTP/1.1" 200 90
190.171.152.114 - - [25/Mar/2019:17:32:35 -0300] "GET /cormun/servlet/hpexe_link HTTP/1.1" 200 961
190.171.152.114 - - [25/Mar/2019:17:32:36 -0300] "GET /cormun/servlet/trpermisosgoce HTTP/1.1" 200 8752
190.171.152.114 - - [25/Mar/2019:17:32:36 -0300] "GET /cormun//static/Resources/PXToolsGridDisplay.png HTTP/1.1" 200 362
190.171.152.114 - - [25/Mar/2019:17:32:36 -0300] "GET /cormun//static/Resources/PXToolsActionDisabled.gif HTTP/1.1" 200 53
190.171.141.82 - - [25/Mar/2019:17:32:36 -0300] "GET /cormun/servlet/solicitudot?d2f5b7bda00acf1b2b01243ea7a8eaa883931f82ab52dc37a274f101aa16a137c120fa3a4d98a44c22a661329185316d,gx-no-cache=1553545735688 HTTP/1.1" 200 30
190.171.152.114 - - [25/Mar/2019:17:32:36 -0300] "GET /cormun//static/Resources/PXToolsHeaderHelp.png HTTP/1.1" 200 4055
190.171.152.114 - - [25/Mar/2019:17:32:36 -0300] "GET /cormun//static/Resources/PXToolsActionPrint.png HTTP/1.1" 200 3317
190.171.152.114 - - [25/Mar/2019:17:32:36 -0300] "GET /cormun//static/Resources/PXToolsHeaderFavorites.png HTTP/1.1" 200 2744
190.171.141.90 - - [25/Mar/2019:17:32:39 -0300] "POST /cormun/servlet/solicitudot?gx-no-cache=1553545740195 HTTP/1.1" 200 3565
190.171.152.114 - - [25/Mar/2019:17:32:39 -0300] "GET /cormun/servlet/permisogoce?INS,0,,, HTTP/1.1" 200 7145
190.171.152.114 - - [25/Mar/2019:17:32:40 -0300] "GET /cormun/static/gxcfg.js?201776126440 HTTP/1.1" 200 953
190.171.141.90 - - [25/Mar/2019:17:32:40 -0300] "POST /cormun/servlet/solicitudot?132a22d3842e6d80353799103f42d9a6,INS,0,0,,gx-no-cache=1553545740466 HTTP/1.1" 200 11972
190.171.152.114 - - [25/Mar/2019:17:32:40 -0300] "GET /cormun/static/permisogoce.js?2017761264459 HTTP/1.1" 200 27897
190.171.141.90 - - [25/Mar/2019:17:32:42 -0300] "GET /cormun/servlet/solicitudot?a4bd908c14b13ee91f855e4f74c934fae5be8d0c3f7ba58fbe2bd7efbe443c207f09929138ba03afbb9e09b7216fca3b,gx-no-cache=1553545743332 HTTP/1.1" 200 30
190.171.141.90 - - [25/Mar/2019:17:32:43 -0300] "GET /cormun/servlet/solicitudot?a4bd908c14b13ee91f855e4f74c934faa268b14bd1c6440bf8099a19fcaa280adcf6bc8e608307026e0d0597b26697a854ee2313574dcbbdd04e1e32761e6502,gx-no-cache=1553545743418 HTTP/1.1" 200 30
190.171.141.90 - - [25/Mar/2019:17:32:43 -0300] "GET /cormun/servlet/solicitudot?a4bd908c14b13ee91f855e4f74c934fa01ffd2c09b7e6b2708dfbf54202d306d,gx-no-cache=1553545743472 HTTP/1.1" 200 53
190.171.141.90 - - [25/Mar/2019:17:32:43 -0300] "POST /cormun/servlet/solicitudot?gx-no-cache=1553545743543 HTTP/1.1" 200 297
190.171.141.90 - - [25/Mar/2019:17:32:43 -0300] "GET /cormun/servlet/solicitudot?a4bd908c14b13ee91f855e4f74c934faf8d5c17a1ecea7fa77593603b28644004116c82b0743c635fe2e0c89d22ebdad002c8477bc5dff3e27d85a97224213be27f8e2ae3f1d0950de03e01747bfa7c5b7058ca57f111723fbd1abd9d76aa1fb946116dfae38e0d26f5967f8a21a9efb75933b77d6387987de713bd0eead732f44279080fa7eb37ca5db27b54b856607fca1ab6c1189cc9516efacc583cfee498742f32380fe986009641d2203b966943a0bdbe3f202adfb2bcff10b5631b149c30c9c0a3de45930b127d332c6a010526e58504bddbc2d9418c43a8fb219dc771444fa8b8873f27d852a66cb2d6e6fd2281d5c38f8bbce5bd376c0dae572547d13fed0ce6a84f7191c3fb305b6a1745ecd97848dcdb9d387314684cfdcab396d9609a0195481f0471d51c03b91527cb8a9a299f05c42c7c046df58d93b1c2593e9c9845d08f069d995cf129e60fda48500d1e02acfd6c4f599274a44cbfda5e509d6bba14135dbee83bce728a393d576145f7364e3ad0c9432f509969dd0937354ee2313574dcbbdd04e1e32761e6502,gx-no-cache=1553545743623 HTTP/1.1" 200 30
190.171.141.90 - - [25/Mar/2019:17:32:47 -0300] "POST /cormun/servlet/solicitudot?gx-no-cache=1553545747715 HTTP/1.1" 200 30
190.171.141.90 - - [25/Mar/2019:17:32:49 -0300] "POST /cormun/servlet/solicitudot?gx-no-cache=1553545750086 HTTP/1.1" 200 1287
190.171.141.90 - - [25/Mar/2019:17:32:49 -0300] "POST /cormun/servlet/solicitudot?gx-no-cache=1553545750196 HTTP/1.1" 200 38
190.171.152.114 - - [25/Mar/2019:17:32:49 -0300] "GET /cormun/servlet/permisogoce?47e957dacbadd830d5deb5ef0d6a0cb9b2373df0ba4e82ae4ce5c54a0f6afd34bfd5c6949eac5ac210a704742044b5b1a79ca88cadb321832e2775fb6353ce4b,gx-no-cache=1553545751335 HTTP/1.1" 200 80
190.171.141.90 - - [25/Mar/2019:17:32:49 -0300] "GET /cormun/servlet/solicitudot?a4bd908c14b13ee91f855e4f74c934fa4169359c9054a051d98ce4b5af443e44c0782d00503871ccde32ccc3e0a1527c4e8459b68da5ad66900994315f6ce0f48703aa1bb872e381e653b27441ebeb07395925ae95a59eefaee22d92e171306ca2690bc04f104438bc3c1fc461cb37be,gx-no-cache=1553545750307 HTTP/1.1" 200 110
190.171.141.90 - - [25/Mar/2019:17:32:58 -0300] "POST /cormun/servlet/solicitudot?gx-no-cache=1553545758894 HTTP/1.1" 200 72
190.171.141.90 - - [25/Mar/2019:17:33:00 -0300] "GET /cormun/servlet/solicitudot?a4bd908c14b13ee91f855e4f74c934fa4b2ab02e2ecf9decdd36bf3fc60219c6adf676a003b0462c2f5620372217945a202fd9ae72494778a3181dbe994328a8e6d4efdd50cf9868b6b0290ad3175fb13f66af50e7252a4d9d099423b70b89379f86c63e5a5ed5042168a89aba11ef63,gx-no-cache=1553545761275 HTTP/1.1" 200 29
190.171.141.90 - - [25/Mar/2019:17:33:00 -0300] "GET /cormun/static/menuarrow.gif HTTP/1.1" 404 1015
190.171.152.114 - - [25/Mar/2019:17:33:01 -0300] "GET /cormun/servlet/permisogoce?47e957dacbadd830d5deb5ef0d6a0cb9df65a65eb36ba7d007858e94de7fd91ef85a13e80072e35e5a924908c8e1e9408468cd5a2271952012e9f89594bc73dd,gx-no-cache=1553545763346 HTTP/1.1" 200 47
190.171.141.90 - - [25/Mar/2019:17:33:03 -0300] "GET /cormun/servlet/solicitudot?a4bd908c14b13ee91f855e4f74c934fa93f1cf6ef4b64b75956e103c8afc3b1ad3f115be44769d31071cb7a4df6b031b,gx-no-cache=1553545764281 HTTP/1.1" 200 30
200.54.103.162 - - [25/Mar/2019:17:33:11 -0300] "GET /cormun/servlet/hlogin HTTP/1.1" 200 1756
190.171.141.90 - - [25/Mar/2019:17:33:12 -0300] "POST /cormun/servlet/solicitudot?gx-no-cache=1553545772710 HTTP/1.1" 200 30
190.171.141.90 - - [25/Mar/2019:17:33:14 -0300] "POST /cormun/servlet/solicitudot?132a22d3842e6d80353799103f42d9a6,INS,0,0,,gx-no-cache=1553545774464 HTTP/1.1" 200 93
190.171.141.90 - - [25/Mar/2019:17:33:14 -0300] "GET /cormun/servlet/hpexe_return? HTTP/1.1" 200 1006
190.171.152.114 - - [25/Mar/2019:17:33:14 -0300] "POST /cormun/servlet/permisogoce?f4e9aa0714d92dac1d6d3c635c6f125c,INS,0,,,,gx-no-cache=1553545776238 HTTP/1.1" 200 93
190.171.152.114 - - [25/Mar/2019:17:33:14 -0300] "GET /cormun/servlet/hpexe_return? HTTP/1.1" 200 1016
190.171.141.90 - - [25/Mar/2019:17:33:15 -0300] "GET /cormun/servlet/trsolicitudot HTTP/1.1" 200 26212
190.171.152.114 - - [25/Mar/2019:17:33:15 -0300] "GET /cormun/servlet/trpermisosgoce HTTP/1.1" 200 9039
190.171.141.90 - - [25/Mar/2019:17:33:16 -0300] "GET /cormun/servlet/trsolicitudot HTTP/1.1" 200 26207
190.171.152.114 - - [25/Mar/2019:17:33:18 -0300] "GET /cormun/servlet/apermisogoceprn?16254787,P,20190325192602,PU HTTP/1.1" 200 1659
190.171.141.90 - - [25/Mar/2019:17:33:19 -0300] "POST /cormun/servlet/trsolicitudot?132a22d3842e6d80353799103f42d9a6,gx-no-cache=1553545779256 HTTP/1.1" 200 23634
190.171.141.90 - - [25/Mar/2019:17:33:20 -0300] "GET /cormun/static/Shared/jqueryui/images/ui-bg_highlight-soft_100_c6c2c8_1x100.png HTTP/1.1" 404 1117
190.171.141.90 - - [25/Mar/2019:17:33:20 -0300] "GET /cormun/static/Shared/jqueryui/images/ui-icons_82798d_256x240.png HTTP/1.1" 404 1089
190.171.141.90 - - [25/Mar/2019:17:33:20 -0300] "GET /cormun/static/Shared/jqueryui/images/ui-icons_8d78a5_256x240.png HTTP/1.1" 404 1089
190.171.141.90 - - [25/Mar/2019:17:33:20 -0300] "GET /cormun/static/Shared/jqueryui/images/ui-bg_flat_55_fafafa_40x100.png HTTP/1.1" 404 1097
190.171.141.90 - - [25/Mar/2019:17:33:21 -0300] "POST /cormun/servlet/trsolicitudot?132a22d3842e6d80353799103f42d9a6,gx-no-cache=1553545780771 HTTP/1.1" 200 23572
192.168.10.96 - - [25/Mar/2019:17:33:22 -0300] "POST /cormun/servlet/trsolicitudgral?04267310d76a4e69934596e8c8fb0b3d,,gx-no-cache=1553552804082 HTTP/1.1" 200 24309
192.168.10.96 - - [25/Mar/2019:17:33:26 -0300] "POST /cormun/servlet/trsolicitudgral?04267310d76a4e69934596e8c8fb0b3d,,gx-no-cache=1553552809105 HTTP/1.1" 200 5975
192.168.10.96 - - [25/Mar/2019:17:33:27 -0300] "POST /cormun/servlet/trsolicitudgral?04267310d76a4e69934596e8c8fb0b3d,,gx-no-cache=1553552810049 HTTP/1.1" 200 5975
192.168.10.96 - - [25/Mar/2019:17:33:27 -0300] "POST /cormun/servlet/trsolicitudgral?04267310d76a4e69934596e8c8fb0b3d,,gx-no-cache=1553552810250 HTTP/1.1" 200 5974
192.168.10.96 - - [25/Mar/2019:17:33:28 -0300] "POST /cormun/servlet/trsolicitudgral?04267310d76a4e69934596e8c8fb0b3d,,gx-no-cache=1553552810641 HTTP/1.1" 200 5975
192.168.10.96 - - [25/Mar/2019:17:33:28 -0300] "POST /cormun/servlet/trsolicitudgral?04267310d76a4e69934596e8c8fb0b3d,,gx-no-cache=1553552810913 HTTP/1.1" 200 5976
190.171.141.82 - - [25/Mar/2019:17:33:28 -0300] "POST /cormun/servlet/solicitudot?gx-no-cache=1553545787593 HTTP/1.1" 200 30
190.171.141.90 - - [25/Mar/2019:17:33:29 -0300] "GET /cormun/servlet/trsolicitudot? HTTP/1.1" 200 26207
190.171.141.82 - - [25/Mar/2019:17:33:29 -0300] "POST /cormun/servlet/solicitudot?c197330f1471b60573d3ba676ec50946,INS,0,0,,gx-no-cache=1553545787764 HTTP/1.1" 200 93
190.171.141.82 - - [25/Mar/2019:17:33:29 -0300] "GET /cormun/servlet/hpexe_return? HTTP/1.1" 200 999
190.171.141.82 - - [25/Mar/2019:17:33:29 -0300] "GET /cormun/servlet/trsolicitudot? HTTP/1.1" 200 8914
190.171.141.82 - - [25/Mar/2019:17:33:29 -0300] "GET /cormun/servlet/trsolicitudot? HTTP/1.1" 200 8910
190.171.141.90 - - [25/Mar/2019:17:33:30 -0300] "GET /cormun/servlet/trsolicitudot? HTTP/1.1" 200 26207
190.171.141.82 - - [25/Mar/2019:17:33:31 -0300] "POST /cormun/servlet/trsolicitudot?c197330f1471b60573d3ba676ec50946,,gx-no-cache=1553545790281 HTTP/1.1" 200 107
190.171.141.82 - - [25/Mar/2019:17:33:31 -0300] "GET /cormun/servlet/trsolicitudadjuntos?2019,14947, HTTP/1.1" 200 6434
190.171.141.82 - - [25/Mar/2019:17:33:33 -0300] "GET /cormun/servlet/trsolicitudadjuntos?2019,14947, HTTP/1.1" 200 6433
190.171.141.82 - - [25/Mar/2019:17:33:34 -0300] "GET /cormun/servlet/solicitudotadjuntos?INS,2019,14947,,1, HTTP/1.1" 200 6379
190.171.141.82 - - [25/Mar/2019:17:33:35 -0300] "GET /cormun/static/about:blank HTTP/1.1" 404 1011
190.171.141.82 - - [25/Mar/2019:17:33:35 -0300] "GET /cormun/servlet/solicitudotadjuntos?INS,2019,14947,,1, HTTP/1.1" 200 6371
190.171.141.82 - - [25/Mar/2019:17:33:36 -0300] "GET /cormun/servlet/solicitudotadjuntos?d2f5b7bda00acf1b2b01243ea7a8eaa83995d06d1413bed319054c48ad6ff201db00b1c7073565da99106e7ab8419ae8,gx-no-cache=1553545794948 HTTP/1.1" 200 30
190.171.141.82 - - [25/Mar/2019:17:33:36 -0300] "POST /cormun/servlet/solicitudotadjuntos?c197330f1471b60573d3ba676ec50946,INS,2019,14947,,1,,gx-no-cache=1553545794969 HTTP/1.1" 200 4058
190.171.141.90 - - [25/Mar/2019:17:33:36 -0300] "GET /cormun/servlet/trautorizarsolicitud? HTTP/1.1" 200 8661
190.171.141.90 - - [25/Mar/2019:17:33:37 -0300] "GET /cormun/servlet/trautorizarsolicitud? HTTP/1.1" 200 8661
190.171.141.82 - - [25/Mar/2019:17:33:37 -0300] "POST /cormun/servlet/solicitudotadjuntos?gx-no-cache=1553545796570 HTTP/1.1" 200 26
190.171.141.90 - - [25/Mar/2019:17:33:39 -0300] "POST /cormun/servlet/trautorizarsolicitud?132a22d3842e6d80353799103f42d9a6,,gx-no-cache=1553545799727 HTTP/1.1" 200 4680
190.171.141.90 - - [25/Mar/2019:17:33:39 -0300] "GET /cormun/static/Shared/jqueryui/images/ui-bg_highlight-soft_100_c6c2c8_1x100.png HTTP/1.1" 404 1117
190.171.141.90 - - [25/Mar/2019:17:33:39 -0300] "GET /cormun/static/Shared/jqueryui/images/ui-icons_82798d_256x240.png HTTP/1.1" 404 1089
190.171.141.90 - - [25/Mar/2019:17:33:39 -0300] "GET /cormun/static/Shared/jqueryui/images/ui-bg_flat_55_fafafa_40x100.png HTTP/1.1" 404 1097
190.171.141.90 - - [25/Mar/2019:17:33:39 -0300] "GET /cormun/static/Shared/jqueryui/images/ui-icons_8d78a5_256x240.png HTTP/1.1" 404 1089
190.171.141.90 - - [25/Mar/2019:17:33:39 -0300] "POST /cormun/servlet/trautorizarsolicitud?132a22d3842e6d80353799103f42d9a6,,gx-no-cache=1553545799902 HTTP/1.1" 200 4461
190.171.141.82 - - [25/Mar/2019:17:33:41 -0300] "GET /cormun/servlet/solicitudotadjuntos?d2f5b7bda00acf1b2b01243ea7a8eaa8aa6d89dce4ed56991abc29dce222fa44,gx-no-cache=1553545800425 HTTP/1.1" 200 30
190.171.141.82 - - [25/Mar/2019:17:33:41 -0300] "GET /cormun/servlet/solicitudotadjuntos?d2f5b7bda00acf1b2b01243ea7a8eaa8aa6d89dce4ed56991abc29dce222fa44,gx-no-cache=1553545800441 HTTP/1.1" 200 30
190.171.141.82 - - [25/Mar/2019:17:33:41 -0300] "POST /cormun/servlet/solicitudotadjuntos?c197330f1471b60573d3ba676ec50946,INS,2019,14947,,1, HTTP/1.1" 200 116
190.171.141.82 - - [25/Mar/2019:17:33:42 -0300] "GET /cormun/servlet/hpexe_return? HTTP/1.1" 200 1019
190.171.141.82 - - [25/Mar/2019:17:33:42 -0300] "GET /cormun/servlet/trsolicitudadjuntos?2019,14947, HTTP/1.1" 200 9065
190.171.141.82 - - [25/Mar/2019:17:33:42 -0300] "GET /cormun/servlet/trsolicitudadjuntos?2019,14947, HTTP/1.1" 200 9066
190.171.141.82 - - [25/Mar/2019:17:33:44 -0300] "GET /cormun/servlet/solicitudotadjuntos?INS,2019,14947,,1, HTTP/1.1" 200 6378
190.171.141.82 - - [25/Mar/2019:17:33:44 -0300] "GET /cormun/static/about:blank HTTP/1.1" 404 1011
190.171.141.82 - - [25/Mar/2019:17:33:44 -0300] "GET /cormun/servlet/solicitudotadjuntos?INS,2019,14947,,1, HTTP/1.1" 200 6370
190.171.141.82 - - [25/Mar/2019:17:33:45 -0300] "GET /cormun/servlet/solicitudotadjuntos?d2f5b7bda00acf1b2b01243ea7a8eaa83995d06d1413bed319054c48ad6ff201db00b1c7073565da99106e7ab8419ae8,gx-no-cache=1553545804126 HTTP/1.1" 200 30
190.171.141.82 - - [25/Mar/2019:17:33:45 -0300] "POST /cormun/servlet/solicitudotadjuntos?c197330f1471b60573d3ba676ec50946,INS,2019,14947,,1,,gx-no-cache=1553545804178 HTTP/1.1" 200 4057
190.171.141.90 - - [25/Mar/2019:17:33:45 -0300] "GET /cormun/servlet/trsolicitudot? HTTP/1.1" 200 26209
190.171.141.82 - - [25/Mar/2019:17:33:46 -0300] "POST /cormun/servlet/solicitudotadjuntos?gx-no-cache=1553545805472 HTTP/1.1" 200 26
190.171.141.90 - - [25/Mar/2019:17:33:47 -0300] "GET /cormun/servlet/trsolicitudot? HTTP/1.1" 200 26209
190.171.141.82 - - [25/Mar/2019:17:33:50 -0300] "GET /cormun/servlet/solicitudotadjuntos?d2f5b7bda00acf1b2b01243ea7a8eaa8aa6d89dce4ed56991abc29dce222fa44,gx-no-cache=1553545809257 HTTP/1.1" 200 30
190.171.141.82 - - [25/Mar/2019:17:33:50 -0300] "GET /cormun/servlet/solicitudotadjuntos?d2f5b7bda00acf1b2b01243ea7a8eaa8aa6d89dce4ed56991abc29dce222fa44,gx-no-cache=1553545809287 HTTP/1.1" 200 30
200.54.103.162 - - [25/Mar/2019:17:33:52 -0300] "POST /cormun/servlet/trlicencias?7b4a7e668a018e5ad72d193da225148a,,gx-no-cache=1553545811046 HTTP/1.1" 200 9116
190.171.141.82 - - [25/Mar/2019:17:33:52 -0300] "POST /cormun/servlet/solicitudotadjuntos?c197330f1471b60573d3ba676ec50946,INS,2019,14947,,1, HTTP/1.1" 200 116
190.171.141.82 - - [25/Mar/2019:17:33:52 -0300] "GET /cormun/servlet/hpexe_return? HTTP/1.1" 200 1019
190.171.141.82 - - [25/Mar/2019:17:33:52 -0300] "GET /cormun/servlet/trsolicitudadjuntos?2019,14947, HTTP/1.1" 200 9292
190.171.141.82 - - [25/Mar/2019:17:33:53 -0300] "GET /cormun/servlet/trsolicitudadjuntos?2019,14947, HTTP/1.1" 200 9290
190.171.141.82 - - [25/Mar/2019:17:33:55 -0300] "GET /cormun/servlet/solicitudotadjuntos?INS,2019,14947,,1, HTTP/1.1" 200 6378
190.171.141.82 - - [25/Mar/2019:17:33:55 -0300] "GET /cormun/static/about:blank HTTP/1.1" 404 1011
190.171.141.90 - - [25/Mar/2019:17:33:55 -0300] "GET /cormun/servlet/solicitudot?INS,0,0, HTTP/1.1" 200 15048
190.171.141.82 - - [25/Mar/2019:17:33:55 -0300] "GET /cormun/servlet/solicitudotadjuntos?d2f5b7bda00acf1b2b01243ea7a8eaa83995d06d1413bed319054c48ad6ff201db00b1c7073565da99106e7ab8419ae8,gx-no-cache=1553545814728 HTTP/1.1" 200 30
190.171.141.82 - - [25/Mar/2019:17:33:55 -0300] "GET /cormun/servlet/solicitudotadjuntos?INS,2019,14947,,1, HTTP/1.1" 200 6370
190.171.141.82 - - [25/Mar/2019:17:33:56 -0300] "POST /cormun/servlet/solicitudotadjuntos?c197330f1471b60573d3ba676ec50946,INS,2019,14947,,1,,gx-no-cache=1553545814779 HTTP/1.1" 200 4057
190.171.141.90 - - [25/Mar/2019:17:33:56 -0300] "GET /cormun/servlet/solicitudot?INS,0,0, HTTP/1.1" 200 15053
200.54.103.162 - - [25/Mar/2019:17:33:57 -0300] "GET /cormun/servlet/trcontratounov2? HTTP/1.1" 200 17651
190.171.141.82 - - [25/Mar/2019:17:33:57 -0300] "POST /cormun/servlet/solicitudotadjuntos?gx-no-cache=1553545816177 HTTP/1.1" 200 26
200.54.103.162 - - [25/Mar/2019:17:33:57 -0300] "GET /cormun/static/gxcfg.js?201752512124396 HTTP/1.1" 200 953
200.54.103.162 - - [25/Mar/2019:17:33:57 -0300] "GET /cormun/static/Resources/PXToolsAddSelectedAction.png HTTP/1.1" 200 3660
200.54.103.162 - - [25/Mar/2019:17:33:57 -0300] "GET /cormun/static/trcontratounov2.js?201752512125146 HTTP/1.1" 200 38486
200.54.103.162 - - [25/Mar/2019:17:33:58 -0300] "GET /cormun/servlet/trcontratounov2? HTTP/1.1" 200 17635
190.171.141.82 - - [25/Mar/2019:17:34:01 -0300] "GET /cormun/servlet/solicitudotadjuntos?d2f5b7bda00acf1b2b01243ea7a8eaa8aa6d89dce4ed56991abc29dce222fa44,gx-no-cache=1553545819617 HTTP/1.1" 200 30
190.171.141.82 - - [25/Mar/2019:17:34:01 -0300] "GET /cormun/servlet/solicitudotadjuntos?d2f5b7bda00acf1b2b01243ea7a8eaa8aa6d89dce4ed56991abc29dce222fa44,gx-no-cache=1553545820016 HTTP/1.1" 200 30
190.171.141.82 - - [25/Mar/2019:17:34:02 -0300] "POST /cormun/servlet/solicitudotadjuntos?c197330f1471b60573d3ba676ec50946,INS,2019,14947,,1, HTTP/1.1" 200 116
190.171.141.82 - - [25/Mar/2019:17:34:02 -0300] "GET /cormun/servlet/hpexe_return? HTTP/1.1" 200 1019
190.171.141.82 - - [25/Mar/2019:17:34:02 -0300] "GET /cormun/servlet/trsolicitudadjuntos?2019,14947, HTTP/1.1" 200 9474
190.171.141.82 - - [25/Mar/2019:17:34:02 -0300] "GET /cormun/servlet/trsolicitudadjuntos?2019,14947, HTTP/1.1" 200 9471
190.171.141.82 - - [25/Mar/2019:17:34:04 -0300] "GET /cormun/servlet/solicitudotadjuntos?INS,2019,14947,,1, HTTP/1.1" 200 6378
190.171.141.82 - - [25/Mar/2019:17:34:04 -0300] "GET /cormun/static/about:blank HTTP/1.1" 404 1011
190.171.141.82 - - [25/Mar/2019:17:34:05 -0300] "GET /cormun/servlet/solicitudotadjuntos?d2f5b7bda00acf1b2b01243ea7a8eaa83995d06d1413bed319054c48ad6ff201db00b1c7073565da99106e7ab8419ae8,gx-no-cache=1553545824323 HTTP/1.1" 200 30
190.171.141.82 - - [25/Mar/2019:17:34:05 -0300] "POST /cormun/servlet/solicitudotadjuntos?c197330f1471b60573d3ba676ec50946,INS,2019,14947,,1,,gx-no-cache=1553545824351 HTTP/1.1" 200 4057
190.171.141.82 - - [25/Mar/2019:17:34:06 -0300] "GET /cormun/servlet/solicitudotadjuntos?INS,2019,14947,,1, HTTP/1.1" 200 6370
190.171.141.90 - - [25/Mar/2019:17:34:06 -0300] "POST /cormun/servlet/solicitudot?gx-no-cache=1553545826814 HTTP/1.1" 200 3567
190.171.141.82 - - [25/Mar/2019:17:34:07 -0300] "POST /cormun/servlet/solicitudotadjuntos?gx-no-cache=1553545825800 HTTP/1.1" 200 26
190.171.141.90 - - [25/Mar/2019:17:34:07 -0300] "POST /cormun/servlet/solicitudot?132a22d3842e6d80353799103f42d9a6,INS,0,0,,gx-no-cache=1553545827482 HTTP/1.1" 200 11968
190.171.141.90 - - [25/Mar/2019:17:34:10 -0300] "GET /cormun/servlet/solicitudot?a4bd908c14b13ee91f855e4f74c934fa303612c9f3ec32e6e1eb7455e595f6b87f09929138ba03afbb9e09b7216fca3b,gx-no-cache=1553545830482 HTTP/1.1" 200 30
190.171.141.90 - - [25/Mar/2019:17:34:10 -0300] "GET /cormun/servlet/solicitudot?a4bd908c14b13ee91f855e4f74c934fad11a589d656b1b8da37f9cd88786c0b90f7b2caffd7b9700acf9c59aab8926beb51775482f59d3896fab8482cc460f3f,gx-no-cache=1553545830521 HTTP/1.1" 200 30
190.171.141.90 - - [25/Mar/2019:17:34:10 -0300] "GET /cormun/servlet/solicitudot?a4bd908c14b13ee91f855e4f74c934fa01ffd2c09b7e6b2708dfbf54202d306d,gx-no-cache=1553545830551 HTTP/1.1" 200 53
190.171.141.90 - - [25/Mar/2019:17:34:10 -0300] "POST /cormun/servlet/solicitudot?gx-no-cache=1553545830577 HTTP/1.1" 200 297
190.171.141.90 - - [25/Mar/2019:17:34:10 -0300] "GET /cormun/servlet/solicitudot?a4bd908c14b13ee91f855e4f74c934faf8d5c17a1ecea7fa77593603b28644004116c82b0743c635fe2e0c89d22ebdad002c8477bc5dff3e27d85a97224213be27f8e2ae3f1d0950de03e01747bfa7c5b7058ca57f111723fbd1abd9d76aa1fb946116dfae38e0d26f5967f8a21a9efb75933b77d6387987de713bd0eead732f44279080fa7eb37ca5db27b54b856607fca1ab6c1189cc9516efacc583cfee498742f32380fe986009641d2203b966943a0bdbe3f202adfb2bcff10b5631b149c30c9c0a3de45930b127d332c6a010526e58504bddbc2d9418c43a8fb219dc771444fa8b8873f27d852a66cb2d6e6fd2281d5c38f8bbce5bd376c0dae572547d13fed0ce6a84f7191c3fb305b6a1745ecd97848dcdb9d387314684cfdcab396d9609a0195481f0471d51c03b91527cb8a9a299f05c42c7c046df58d93b1c2593e9c9845d08f069d995cf129e60fda48500d1e02acfd6c4f599274a44cbfda5e509d6bba14135dbee83bce728a393d576145f7364e3ad0c9432f509969dd0937354ee2313574dcbbdd04e1e32761e6502,gx-no-cache=1553545830609 HTTP/1.1" 200 30
190.171.141.82 - - [25/Mar/2019:17:34:10 -0300] "GET /cormun/servlet/solicitudotadjuntos?d2f5b7bda00acf1b2b01243ea7a8eaa8aa6d89dce4ed56991abc29dce222fa44,gx-no-cache=1553545829672 HTTP/1.1" 200 30
190.171.141.82 - - [25/Mar/2019:17:34:10 -0300] "GET /cormun/servlet/solicitudotadjuntos?d2f5b7bda00acf1b2b01243ea7a8eaa8aa6d89dce4ed56991abc29dce222fa44,gx-no-cache=1553545829719 HTTP/1.1" 200 30
190.171.141.82 - - [25/Mar/2019:17:34:11 -0300] "POST /cormun/servlet/solicitudotadjuntos?c197330f1471b60573d3ba676ec50946,INS,2019,14947,,1, HTTP/1.1" 200 116
190.171.141.82 - - [25/Mar/2019:17:34:11 -0300] "GET /cormun/servlet/hpexe_return? HTTP/1.1" 200 1019
190.171.141.82 - - [25/Mar/2019:17:34:11 -0300] "GET /cormun/servlet/trsolicitudadjuntos?2019,14947, HTTP/1.1" 200 9673
190.171.141.82 - - [25/Mar/2019:17:34:12 -0300] "GET /cormun/servlet/trsolicitudadjuntos?2019,14947, HTTP/1.1" 200 9670
190.171.141.90 - - [25/Mar/2019:17:34:12 -0300] "POST /cormun/servlet/solicitudot?gx-no-cache=1553545833323 HTTP/1.1" 200 30
190.171.141.82 - - [25/Mar/2019:17:34:13 -0300] "GET /cormun/servlet/solicitudotadjuntos?INS,2019,14947,,1, HTTP/1.1" 200 6378
190.171.141.82 - - [25/Mar/2019:17:34:13 -0300] "GET /cormun/static/about:blank HTTP/1.1" 404 1011
190.171.141.82 - - [25/Mar/2019:17:34:14 -0300] "GET /cormun/servlet/solicitudotadjuntos?INS,2019,14947,,1, HTTP/1.1" 200 6370
190.171.141.90 - - [25/Mar/2019:17:34:14 -0300] "POST /cormun/servlet/solicitudot?gx-no-cache=1553545834860 HTTP/1.1" 200 1289
190.171.141.90 - - [25/Mar/2019:17:34:14 -0300] "POST /cormun/servlet/solicitudot?gx-no-cache=1553545834921 HTTP/1.1" 200 38
190.171.141.90 - - [25/Mar/2019:17:34:14 -0300] "GET /cormun/servlet/solicitudot?a4bd908c14b13ee91f855e4f74c934fa4169359c9054a051d98ce4b5af443e44c0782d00503871ccde32ccc3e0a1527c4e8459b68da5ad66900994315f6ce0f48703aa1bb872e381e653b27441ebeb07395925ae95a59eefaee22d92e171306ca2690bc04f104438bc3c1fc461cb37be,gx-no-cache=1553545834947 HTTP/1.1" 200 110
190.171.141.82 - - [25/Mar/2019:17:34:14 -0300] "GET /cormun/servlet/solicitudotadjuntos?d2f5b7bda00acf1b2b01243ea7a8eaa83995d06d1413bed319054c48ad6ff201db00b1c7073565da99106e7ab8419ae8,gx-no-cache=1553545833375 HTTP/1.1" 200 30
190.171.141.82 - - [25/Mar/2019:17:34:14 -0300] "POST /cormun/servlet/solicitudotadjuntos?c197330f1471b60573d3ba676ec50946,INS,2019,14947,,1,,gx-no-cache=1553545833438 HTTP/1.1" 200 4057
190.171.141.82 - - [25/Mar/2019:17:34:16 -0300] "POST /cormun/servlet/solicitudotadjuntos?gx-no-cache=1553545834808 HTTP/1.1" 200 26
190.171.141.82 - - [25/Mar/2019:17:34:19 -0300] "GET /cormun/servlet/solicitudotadjuntos?d2f5b7bda00acf1b2b01243ea7a8eaa8aa6d89dce4ed56991abc29dce222fa44,gx-no-cache=1553545838697 HTTP/1.1" 200 30
190.171.141.82 - - [25/Mar/2019:17:34:19 -0300] "GET /cormun/servlet/solicitudotadjuntos?d2f5b7bda00acf1b2b01243ea7a8eaa8aa6d89dce4ed56991abc29dce222fa44,gx-no-cache=1553545838717 HTTP/1.1" 200 30
190.171.141.82 - - [25/Mar/2019:17:34:20 -0300] "POST /cormun/servlet/solicitudotadjuntos?c197330f1471b60573d3ba676ec50946,INS,2019,14947,,1, HTTP/1.1" 200 116
190.171.141.82 - - [25/Mar/2019:17:34:20 -0300] "GET /cormun/servlet/hpexe_return? HTTP/1.1" 200 1019
190.171.141.82 - - [25/Mar/2019:17:34:20 -0300] "GET /cormun/servlet/trsolicitudadjuntos?2019,14947, HTTP/1.1" 200 9939
190.171.141.82 - - [25/Mar/2019:17:34:21 -0300] "GET /cormun/servlet/trsolicitudadjuntos?2019,14947, HTTP/1.1" 200 9935
190.171.141.82 - - [25/Mar/2019:17:34:22 -0300] "GET /cormun/servlet/solicitudotadjuntos?INS,2019,14947,,1, HTTP/1.1" 200 6378
190.171.141.82 - - [25/Mar/2019:17:34:22 -0300] "GET /cormun/static/about:blank HTTP/1.1" 404 1011
190.171.141.82 - - [25/Mar/2019:17:34:22 -0300] "GET /cormun/servlet/solicitudotadjuntos?INS,2019,14947,,1, HTTP/1.1" 200 6370
190.171.141.82 - - [25/Mar/2019:17:34:23 -0300] "GET /cormun/servlet/solicitudotadjuntos?d2f5b7bda00acf1b2b01243ea7a8eaa83995d06d1413bed319054c48ad6ff201db00b1c7073565da99106e7ab8419ae8,gx-no-cache=1553545842253 HTTP/1.1" 200 30
190.171.141.82 - - [25/Mar/2019:17:34:24 -0300] "POST /cormun/servlet/solicitudotadjuntos?c197330f1471b60573d3ba676ec50946,INS,2019,14947,,1,,gx-no-cache=1553545842382 HTTP/1.1" 200 4057
190.171.141.82 - - [25/Mar/2019:17:34:27 -0300] "POST /cormun/servlet/solicitudotadjuntos?gx-no-cache=1553545845944 HTTP/1.1" 200 26
190.171.141.82 - - [25/Mar/2019:17:34:33 -0300] "GET /cormun/servlet/solicitudotadjuntos?d2f5b7bda00acf1b2b01243ea7a8eaa8aa6d89dce4ed56991abc29dce222fa44,gx-no-cache=1553545851841 HTTP/1.1" 200 30
190.171.141.82 - - [25/Mar/2019:17:34:33 -0300] "GET /cormun/servlet/solicitudotadjuntos?d2f5b7bda00acf1b2b01243ea7a8eaa8aa6d89dce4ed56991abc29dce222fa44,gx-no-cache=1553545851915 HTTP/1.1" 200 30
190.171.141.82 - - [25/Mar/2019:17:34:34 -0300] "POST /cormun/servlet/solicitudotadjuntos?c197330f1471b60573d3ba676ec50946,INS,2019,14947,,1, HTTP/1.1" 200 116
190.171.141.82 - - [25/Mar/2019:17:34:34 -0300] "GET /cormun/servlet/hpexe_return? HTTP/1.1" 200 1019
190.171.141.82 - - [25/Mar/2019:17:34:34 -0300] "GET /cormun/servlet/trsolicitudadjuntos?2019,14947, HTTP/1.1" 200 10139
190.171.141.82 - - [25/Mar/2019:17:34:35 -0300] "GET /cormun/servlet/trsolicitudadjuntos?2019,14947, HTTP/1.1" 200 10138
190.171.141.90 - - [25/Mar/2019:17:34:38 -0300] "GET /cormun/servlet/solicitudot?a4bd908c14b13ee91f855e4f74c934fa4169359c9054a051d98ce4b5af443e44c0782d00503871ccde32ccc3e0a1527c4e8459b68da5ad66900994315f6ce0f48703aa1bb872e381e653b27441ebeb07395925ae95a59eefaee22d92e171306ca2690bc04f104438bc3c1fc461cb37be,gx-no-cache=1553545858236 HTTP/1.1" 200 110
190.171.141.90 - - [25/Mar/2019:17:34:38 -0300] "POST /cormun/servlet/solicitudot?gx-no-cache=1553545858464 HTTP/1.1" 200 79
200.54.103.162 - - [25/Mar/2019:17:34:39 -0300] "GET /cormun/servlet/trsolicitudot? HTTP/1.1" 200 7548
200.54.103.162 - - [25/Mar/2019:17:34:39 -0300] "GET /cormun/servlet/trsolicitudot? HTTP/1.1" 200 7547
190.171.141.90 - - [25/Mar/2019:17:34:43 -0300] "GET /cormun/servlet/solicitudot?a4bd908c14b13ee91f855e4f74c934fa4b2ab02e2ecf9decdd36bf3fc60219c6adf676a003b0462c2f5620372217945a202fd9ae72494778a3181dbe994328a8e6d4efdd50cf9868b6b0290ad3175fb13f66af50e7252a4d9d099423b70b89379f86c63e5a5ed5042168a89aba11ef63,gx-no-cache=1553545864090 HTTP/1.1" 200 29
190.171.141.90 - - [25/Mar/2019:17:34:43 -0300] "GET /cormun/static/menuarrow.gif HTTP/1.1" 404 1015
190.171.141.90 - - [25/Mar/2019:17:34:46 -0300] "GET /cormun/servlet/solicitudot?a4bd908c14b13ee91f855e4f74c934fa93f1cf6ef4b64b75956e103c8afc3b1ad3f115be44769d31071cb7a4df6b031b,gx-no-cache=1553545866632 HTTP/1.1" 200 30
190.171.141.90 - - [25/Mar/2019:17:34:52 -0300] "POST /cormun/servlet/solicitudot?gx-no-cache=1553545872662 HTTP/1.1" 200 30
190.171.141.82 - - [25/Mar/2019:17:34:54 -0300] "POST /cormun/servlet/trsolicitudadjuntos?c197330f1471b60573d3ba676ec50946,2019,14947,,gx-no-cache=1553545873572 HTTP/1.1" 200 90
190.171.141.82 - - [25/Mar/2019:17:34:54 -0300] "GET /cormun/servlet/hpexe_link HTTP/1.1" 200 961
190.171.141.82 - - [25/Mar/2019:17:34:54 -0300] "GET /cormun/servlet/trsolicitudot HTTP/1.1" 200 8911
190.171.141.90 - - [25/Mar/2019:17:34:55 -0300] "POST /cormun/servlet/solicitudot?132a22d3842e6d80353799103f42d9a6,INS,0,0,,gx-no-cache=1553545875038 HTTP/1.1" 200 93
190.171.141.90 - - [25/Mar/2019:17:34:55 -0300] "GET /cormun/servlet/hpexe_return? HTTP/1.1" 200 1006
190.171.141.90 - - [25/Mar/2019:17:34:56 -0300] "GET /cormun/servlet/trsolicitudot HTTP/1.1" 200 26264
190.171.141.82 - - [25/Mar/2019:17:34:56 -0300] "GET /cormun/servlet/trsolicitudot HTTP/1.1" 200 8910
190.171.141.90 - - [25/Mar/2019:17:34:57 -0300] "GET /cormun/servlet/trsolicitudot HTTP/1.1" 200 26259
190.171.141.90 - - [25/Mar/2019:17:35:00 -0300] "POST /cormun/servlet/trsolicitudot?132a22d3842e6d80353799103f42d9a6,gx-no-cache=1553545879997 HTTP/1.1" 200 23683
190.171.141.90 - - [25/Mar/2019:17:35:01 -0300] "GET /cormun/static/Shared/jqueryui/images/ui-bg_highlight-soft_100_c6c2c8_1x100.png HTTP/1.1" 404 1117
190.171.141.90 - - [25/Mar/2019:17:35:01 -0300] "GET /cormun/static/Shared/jqueryui/images/ui-icons_82798d_256x240.png HTTP/1.1" 404 1089
190.171.141.90 - - [25/Mar/2019:17:35:01 -0300] "GET /cormun/static/Shared/jqueryui/images/ui-icons_8d78a5_256x240.png HTTP/1.1" 404 1089
190.171.141.90 - - [25/Mar/2019:17:35:01 -0300] "GET /cormun/static/Shared/jqueryui/images/ui-bg_flat_55_fafafa_40x100.png HTTP/1.1" 404 1097
190.171.141.90 - - [25/Mar/2019:17:35:02 -0300] "POST /cormun/servlet/trsolicitudot?132a22d3842e6d80353799103f42d9a6,gx-no-cache=1553545881662 HTTP/1.1" 200 23621
