186.103.158.250 - - [25/Mar/2019:15:18:09 -0300] "GET /cormun/servlet/solicitudot?e21bb8cb9c448a7066ad5904feb01ca2f16fb71463d79cf5173b0ae0cb4d0c3ec0ce268b34108fddc15e35ac61461757e4c71b715ad8d705e05caae53cdf6da2bebc082975a5151fb5417cb79c1db158a267a62066d606fd1e7a5a3894ad475277b3da080825994f3ef2af3ce55b9d2e,gx-no-cache=1553541272932 HTTP/1.1" 200 29
186.103.158.250 - - [25/Mar/2019:15:18:10 -0300] "GET /cormun/static/menuarrow.gif HTTP/1.1" 404 1015
190.171.152.114 - - [25/Mar/2019:15:18:15 -0300] "GET /cormun/servlet/hlogin HTTP/1.1" 200 1719
192.168.10.96 - - [25/Mar/2019:15:18:15 -0300] "GET /cormun/PublicTempStorage/fonasa5116175.pdf HTTP/1.1" 200 175053
186.103.158.250 - - [25/Mar/2019:15:18:15 -0300] "GET /cormun/servlet/solicitudot?e21bb8cb9c448a7066ad5904feb01ca2904529fbb0e9ee18893df68ba378cb26067540e26d9ef8ed0816275cfbf80c92,gx-no-cache=1553541278688 HTTP/1.1" 200 30
192.168.10.96 - - [25/Mar/2019:15:18:25 -0300] "GET /cormun/PublicTempStorage/c.antecedentes6336895.pdf HTTP/1.1" 200 273221
192.168.10.96 - - [25/Mar/2019:15:18:38 -0300] "GET /cormun/PublicTempStorage/curriculum4564377.pdf HTTP/1.1" 200 539413
186.103.158.250 - - [25/Mar/2019:15:18:45 -0300] "POST /cormun/servlet/solicitudot?gx-no-cache=1553541308938 HTTP/1.1" 200 30
190.171.152.114 - - [25/Mar/2019:15:18:48 -0300] "POST /cormun/servlet/hlogin?1c02336461e3f12f77c1c7dcfa861231,gx-no-cache=1553537709595 HTTP/1.1" 200 90
190.171.152.114 - - [25/Mar/2019:15:18:48 -0300] "GET /cormun/servlet/hpexe_link HTTP/1.1" 200 951
190.171.152.114 - - [25/Mar/2019:15:18:48 -0300] "GET /cormun/servlet/hhome HTTP/1.1" 200 4269
190.171.152.114 - - [25/Mar/2019:15:20:48 -0300] "GET /cormun/servlet/trsolicitudot? HTTP/1.1" 200 7482
190.171.152.114 - - [25/Mar/2019:15:20:57 -0300] "GET /cormun/servlet/solicitudot?INS,0,0, HTTP/1.1" 200 15108
190.171.152.114 - - [25/Mar/2019:15:21:13 -0300] "POST /cormun/servlet/solicitudot?gx-no-cache=1553537854921 HTTP/1.1" 200 3570
190.171.152.114 - - [25/Mar/2019:15:21:14 -0300] "POST /cormun/servlet/solicitudot?1c02336461e3f12f77c1c7dcfa861231,INS,0,0,,gx-no-cache=1553537855460 HTTP/1.1" 200 11945
190.171.152.114 - - [25/Mar/2019:15:21:17 -0300] "GET /cormun/servlet/solicitudot?f5e6c5e1938e646b8171d55b2ebbc27232850aea990995958cebd5d8c9580a12e467d05bdb8708935f5edf6260a04a9f,gx-no-cache=1553537859208 HTTP/1.1" 200 30
190.171.152.114 - - [25/Mar/2019:15:21:18 -0300] "GET /cormun/servlet/solicitudot?f5e6c5e1938e646b8171d55b2ebbc272f21e88802cd6190066958059a589f6288475cae1b31c10252f334566b3225aab8eac559bdb92c759f62361d9f1e65371,gx-no-cache=1553537859375 HTTP/1.1" 200 30
190.171.152.114 - - [25/Mar/2019:15:21:18 -0300] "GET /cormun/servlet/solicitudot?f5e6c5e1938e646b8171d55b2ebbc272e696945a5cca65fc8974538960af2018,gx-no-cache=1553537859538 HTTP/1.1" 200 51
190.171.152.114 - - [25/Mar/2019:15:21:18 -0300] "POST /cormun/servlet/solicitudot?gx-no-cache=1553537859756 HTTP/1.1" 200 240
190.171.152.114 - - [25/Mar/2019:15:21:18 -0300] "GET /cormun/servlet/solicitudot?f5e6c5e1938e646b8171d55b2ebbc2727a6e1132023e0e8114c127640fdd0ef1319dd9053e3dd19ef0db0081414180eb9767ec3a8b5adbf3b0a9c988f937c81e05d7868a74179194981b340900d3e123f24572efa731b914d91d45b44b8f47cbb2c4557f9869039eee58600ade7a738b346beb64798e19cec1e5d62928e3863f6855d334dc380a312ac8d399e0dada54e5a0c796246f3280b50accf08e9ab9cb1ce8cd1f1444e2edc30c240d6f7e08d8fbfe5b03f3342a415b60428a17d35423e65ccf305769f287898edea649d5037893214853c5d364b52bb2fe1a238d96ec99d2538cac7921d3f21eed172355ea2ced0c3dd52b10d7029aa99cbab962c18c6ae4a42683d958beec3cfeb5a4fe124a4f29a783f5e133bac8b0f0e11421afef41744592511dec1aa70a10fd0b6032367f0abcffbe0914d1f31646870d9dd7b7d4afb3133709095c1ce9d159a8aeb7f4ce13dca2dc2da2ce76138b780acdc91c02cc808c66b4384c5dd9550bae61c3ec7d9d33b7b385a6929113ad1cb5a0913c,gx-no-cache=1553537860021 HTTP/1.1" 200 30
190.171.152.114 - - [25/Mar/2019:15:21:21 -0300] "POST /cormun/servlet/solicitudot?gx-no-cache=1553537862531 HTTP/1.1" 200 30
186.103.158.250 - - [25/Mar/2019:15:22:23 -0300] "GET /cormun/servlet/solicitudot?e21bb8cb9c448a7066ad5904feb01ca2dc9c049df98865fecf5537472f04a3217113cce0a7cf98fe711110354885cf16bbde97937ec3a63f38b7f1ddeb3e794fe413aa21b6c13daa4660f263877d89f156fc9e6d0a1c77d11fcc178073ed2dfd40ba349324ed4978141d7c10ec2c64cc6d282b75fbdb91adc54b20c8c32726aae491614dff64ecb7129f3ccd6d46e1de82e297835859f1b861edbf7b0e07f740fc5e4ab4a2cebb0f435b21f4d67e75f6ac70a862a6168b9ff9d9bbd524b98b4ce849f92694440e68bc79bfaed42f170f93df45fcb26dcca631800d28d0499969b171e7781ddb0fb4c38927d7bbf9554858aa0edef67a3f90368e3db59aaf3d5c294538e70e341dae2ccb7ed8669a66a614e885c7cd5ea7465a69e4821716d1350103dab846b0c00e2cc5a85bbb2b54fe31224134c452630dd5af711eb83abc87d81188abe26f3ca25ec6dc2d4f690ed655e5baebab65b378ab69f982b7d1b53078d9014195d8549722669eb01f5d42a45b27b0af6c1e0fd994ae9b782558f0c9,gx-no-cache=1553541525583 HTTP/1.1" 200 30
186.103.158.250 - - [25/Mar/2019:15:22:23 -0300] "POST /cormun/servlet/solicitudot?gx-no-cache=1553541526473 HTTP/1.1" 200 30
186.103.158.250 - - [25/Mar/2019:15:22:23 -0300] "POST /cormun/servlet/solicitudot?gx-no-cache=1553541526610 HTTP/1.1" 200 1288
186.103.158.250 - - [25/Mar/2019:15:22:23 -0300] "POST /cormun/servlet/solicitudot?gx-no-cache=1553541526810 HTTP/1.1" 200 41
186.103.158.250 - - [25/Mar/2019:15:22:23 -0300] "GET /cormun/servlet/solicitudot?e21bb8cb9c448a7066ad5904feb01ca28725863f6dca470e709a7572a5bd456d5afddd704f0afeb4cc533ea17f499a7e372007459b8b7f6d272df36cd89158b5c59101929960614e30c93d7dbb2e173413cb5c335cc35dfb9d5bb15f07e36422acfca127903384e454c036df193f704b,gx-no-cache=1553541526916 HTTP/1.1" 200 110
186.103.158.250 - - [25/Mar/2019:15:22:24 -0300] "POST /cormun/servlet/solicitudot?gx-no-cache=1553541527293 HTTP/1.1" 200 72
186.103.158.250 - - [25/Mar/2019:15:22:24 -0300] "GET /cormun/servlet/solicitudot?e21bb8cb9c448a7066ad5904feb01ca2904529fbb0e9ee18893df68ba378cb26067540e26d9ef8ed0816275cfbf80c92,gx-no-cache=1553541527455 HTTP/1.1" 200 30
186.103.158.250 - - [25/Mar/2019:15:22:24 -0300] "POST /cormun/servlet/solicitudot?gx-no-cache=1553541527828 HTTP/1.1" 200 30
190.171.152.114 - - [25/Mar/2019:15:22:42 -0300] "POST /cormun/servlet/solicitudot?gx-no-cache=1553537943600 HTTP/1.1" 200 1288
190.171.152.114 - - [25/Mar/2019:15:22:46 -0300] "GET /cormun/servlet/prlicenciaspermisos?14070981,L,,MD,,gxPopupLevel%3D0%3B HTTP/1.1" 200 7754
190.171.152.114 - - [25/Mar/2019:15:23:51 -0300] "POST /cormun/servlet/solicitudot?gx-no-cache=1553538013083 HTTP/1.1" 200 41
190.171.152.114 - - [25/Mar/2019:15:23:51 -0300] "GET /cormun/servlet/solicitudot?f5e6c5e1938e646b8171d55b2ebbc2727887b47cfcd2f7b8fee29af9608690d35537c6fc08852bbd95920f51f2e6b7b8f2f45084c371b47786093702b1c20ea33a8dedf58a3aef3a625a63c2071b80c6af058499b6c8b438b87463157e4ad1dc73d3746405a5f00fd82710e778dabe2b,gx-no-cache=1553538013260 HTTP/1.1" 200 110
190.171.152.114 - - [25/Mar/2019:15:23:51 -0300] "POST /cormun/servlet/solicitudot?gx-no-cache=1553538013361 HTTP/1.1" 200 97
190.171.152.114 - - [25/Mar/2019:15:24:03 -0300] "GET /cormun/servlet/solicitudot?f5e6c5e1938e646b8171d55b2ebbc272cca62e389da8a43fd99706b5bf34b25ca97774c5592fd3f56c1aa01ebc76c469945007da58a27c8a97d6fc6d63c788a6feb075bbc9ed6564ae3abf6db690ce35789e88fb7d243cfe462b8eb70b2bcbf71c2cf0fc682b0cf58880d1e54db5c42514edd244de4e8cb973184fafa29c24721604ecd5c198f1b0c0aab97ff05f023561ef7250c58698381c6cfd8b41b6d8cc,gx-no-cache=1553538024986 HTTP/1.1" 200 29
190.171.152.114 - - [25/Mar/2019:15:24:03 -0300] "GET /cormun/static/menuarrow.gif HTTP/1.1" 404 1015
190.171.152.114 - - [25/Mar/2019:15:24:09 -0300] "GET /cormun/servlet/solicitudot?f5e6c5e1938e646b8171d55b2ebbc27278221a5ec948e08e74d165ed93e8ade65576e9005eb1cafc9771fa208750f328,gx-no-cache=1553538030464 HTTP/1.1" 200 30
190.171.152.114 - - [25/Mar/2019:15:24:09 -0300] "POST /cormun/servlet/solicitudot?gx-no-cache=1553538030584 HTTP/1.1" 200 34
190.171.152.114 - - [25/Mar/2019:15:24:19 -0300] "POST /cormun/servlet/solicitudot?1c02336461e3f12f77c1c7dcfa861231,INS,0,0,,gx-no-cache=1553538040455 HTTP/1.1" 200 93
190.171.152.114 - - [25/Mar/2019:15:24:19 -0300] "GET /cormun/servlet/hpexe_return? HTTP/1.1" 200 1007
190.171.152.114 - - [25/Mar/2019:15:24:20 -0300] "GET /cormun/servlet/trsolicitudot HTTP/1.1" 200 8928
190.171.152.114 - - [25/Mar/2019:15:24:24 -0300] "GET /cormun/servlet/solicitudot?INS,0,0, HTTP/1.1" 200 15108
190.171.152.114 - - [25/Mar/2019:15:24:36 -0300] "POST /cormun/servlet/solicitudot?gx-no-cache=1553538058040 HTTP/1.1" 200 3570
190.171.152.114 - - [25/Mar/2019:15:24:37 -0300] "POST /cormun/servlet/solicitudot?1c02336461e3f12f77c1c7dcfa861231,INS,0,0,,gx-no-cache=1553538058453 HTTP/1.1" 200 11944
190.171.152.114 - - [25/Mar/2019:15:24:40 -0300] "GET /cormun/servlet/solicitudot?f5e6c5e1938e646b8171d55b2ebbc27232850aea990995958cebd5d8c9580a12e467d05bdb8708935f5edf6260a04a9f,gx-no-cache=1553538062076 HTTP/1.1" 200 30
190.171.152.114 - - [25/Mar/2019:15:24:40 -0300] "GET /cormun/servlet/solicitudot?f5e6c5e1938e646b8171d55b2ebbc272f21e88802cd6190066958059a589f6288475cae1b31c10252f334566b3225aab8eac559bdb92c759f62361d9f1e65371,gx-no-cache=1553538062198 HTTP/1.1" 200 30
190.171.152.114 - - [25/Mar/2019:15:24:40 -0300] "GET /cormun/servlet/solicitudot?f5e6c5e1938e646b8171d55b2ebbc272e696945a5cca65fc8974538960af2018,gx-no-cache=1553538062306 HTTP/1.1" 200 51
190.171.152.114 - - [25/Mar/2019:15:24:41 -0300] "POST /cormun/servlet/solicitudot?gx-no-cache=1553538062453 HTTP/1.1" 200 240
190.171.152.114 - - [25/Mar/2019:15:24:41 -0300] "GET /cormun/servlet/solicitudot?f5e6c5e1938e646b8171d55b2ebbc2727a6e1132023e0e8114c127640fdd0ef1319dd9053e3dd19ef0db0081414180eb9767ec3a8b5adbf3b0a9c988f937c81e05d7868a74179194981b340900d3e123f24572efa731b914d91d45b44b8f47cbb2c4557f9869039eee58600ade7a738b346beb64798e19cec1e5d62928e3863f6855d334dc380a312ac8d399e0dada54e5a0c796246f3280b50accf08e9ab9cb1ce8cd1f1444e2edc30c240d6f7e08d8fbfe5b03f3342a415b60428a17d35423e65ccf305769f287898edea649d5037893214853c5d364b52bb2fe1a238d96ec99d2538cac7921d3f21eed172355ea2ced0c3dd52b10d7029aa99cbab962c18c6ae4a42683d958beec3cfeb5a4fe124a4f29a783f5e133bac8b0f0e11421afef41744592511dec1aa70a10fd0b6032367f0abcffbe0914d1f31646870d9dd7b7d4afb3133709095c1ce9d159a8aeb7f4ce13dca2dc2da2ce76138b780acdc91c02cc808c66b4384c5dd9550bae61c3ec7d9d33b7b385a6929113ad1cb5a0913c,gx-no-cache=1553538062605 HTTP/1.1" 200 30
190.171.152.114 - - [25/Mar/2019:15:24:43 -0300] "POST /cormun/servlet/solicitudot?gx-no-cache=1553538065097 HTTP/1.1" 200 30
190.171.152.114 - - [25/Mar/2019:15:24:45 -0300] "GET /cormun/servlet/prcontratosol?17740191,,,,,MD,,gxPopupLevel%3D0%3B HTTP/1.1" 200 7602
190.171.152.114 - - [25/Mar/2019:15:25:22 -0300] "POST /cormun/servlet/solicitudot?gx-no-cache=1553538104121 HTTP/1.1" 200 1370
190.171.152.114 - - [25/Mar/2019:15:25:23 -0300] "POST /cormun/servlet/solicitudot?gx-no-cache=1553538104442 HTTP/1.1" 200 117
190.171.152.114 - - [25/Mar/2019:15:25:23 -0300] "GET /cormun/servlet/solicitudot?f5e6c5e1938e646b8171d55b2ebbc2727887b47cfcd2f7b8fee29af9608690d35537c6fc08852bbd95920f51f2e6b7b8f2f45084c371b47786093702b1c20ea33a8dedf58a3aef3a625a63c2071b80c6af058499b6c8b438b87463157e4ad1dc73d3746405a5f00fd82710e778dabe2b,gx-no-cache=1553538104641 HTTP/1.1" 200 110
190.171.152.114 - - [25/Mar/2019:15:25:23 -0300] "POST /cormun/servlet/solicitudot?gx-no-cache=1553538104864 HTTP/1.1" 200 64
190.171.152.114 - - [25/Mar/2019:15:25:23 -0300] "GET /cormun/servlet/solicitudot?f5e6c5e1938e646b8171d55b2ebbc272cca62e389da8a43fd99706b5bf34b25ca97774c5592fd3f56c1aa01ebc76c469945007da58a27c8a97d6fc6d63c788a6feb075bbc9ed6564ae3abf6db690ce35789e88fb7d243cfe462b8eb70b2bcbf71c2cf0fc682b0cf58880d1e54db5c42514edd244de4e8cb973184fafa29c24721604ecd5c198f1b0c0aab97ff05f023561ef7250c58698381c6cfd8b41b6d8cc,gx-no-cache=1553538105086 HTTP/1.1" 200 29
190.171.152.114 - - [25/Mar/2019:15:25:23 -0300] "GET /cormun/servlet/solicitudot?f5e6c5e1938e646b8171d55b2ebbc2725ebb8abca32375db276ef1288bc60946,gx-no-cache=1553538105272 HTTP/1.1" 200 30
190.171.152.114 - - [25/Mar/2019:15:25:24 -0300] "GET /cormun/static/Shared/jqueryui/images/ui-bg_flat_55_994d53_40x100.png HTTP/1.1" 404 1097
190.171.152.114 - - [25/Mar/2019:15:25:24 -0300] "GET /cormun/static/Shared/jqueryui/images/ui-icons_82798d_256x240.png HTTP/1.1" 404 1089
190.171.152.114 - - [25/Mar/2019:15:25:24 -0300] "GET /cormun/static/Shared/jqueryui/images/ui-bg_highlight-soft_100_c6c2c8_1x100.png HTTP/1.1" 404 1117
190.171.152.114 - - [25/Mar/2019:15:25:24 -0300] "GET /cormun/static/Shared/jqueryui/images/ui-icons_ebccce_256x240.png HTTP/1.1" 404 1089
192.168.10.96 - - [25/Mar/2019:15:26:19 -0300] "POST /cormun/servlet/vesolicitudgral?04267310d76a4e69934596e8c8fb0b3d,2019,14697,,SolicitudOTAdjuntos,gx-no-cache=1553545181509 HTTP/1.1" 200 90
192.168.10.96 - - [25/Mar/2019:15:26:19 -0300] "GET /cormun/servlet/hpexe_link HTTP/1.1" 200 978
192.168.10.96 - - [25/Mar/2019:15:26:20 -0300] "GET /cormun/servlet/trsolicitudgral? HTTP/1.1" 200 14522
192.168.10.96 - - [25/Mar/2019:15:26:23 -0300] "GET /cormun/servlet/trsolicitudgral? HTTP/1.1" 200 14520
192.168.10.96 - - [25/Mar/2019:15:26:23 -0300] "GET /cormun/servlet/vesolicitudgral?2019,14719,, HTTP/1.1" 200 9324
192.168.10.96 - - [25/Mar/2019:15:26:23 -0300] "GET /cormun/pexe_scrolldiv.js HTTP/1.1" 404 1009
192.168.10.96 - - [25/Mar/2019:15:26:23 -0300] "GET /cormun/pexe_scrolldiv.js HTTP/1.1" 404 1009
192.168.10.96 - - [25/Mar/2019:15:26:24 -0300] "GET /cormun/servlet/vesolicitudgral?2019,14719,, HTTP/1.1" 200 9324
192.168.10.96 - - [25/Mar/2019:15:26:25 -0300] "GET /cormun/servlet/vesolicitudgral?2019,14719,,SolicitudOTAdjuntos HTTP/1.1" 200 8030
192.168.10.96 - - [25/Mar/2019:15:26:25 -0300] "GET /cormun/pexe_scrolldiv.js HTTP/1.1" 404 1009
192.168.10.96 - - [25/Mar/2019:15:26:25 -0300] "GET /cormun/pexe_scrolldiv.js HTTP/1.1" 404 1009
192.168.10.96 - - [25/Mar/2019:15:26:26 -0300] "GET /cormun/servlet/vesolicitudgral?2019,14719,,SolicitudOTAdjuntos HTTP/1.1" 200 8031
192.168.10.96 - - [25/Mar/2019:15:26:27 -0300] "POST /cormun/servlet/acontrolpreferencessavestate?None,DZAMUDIO,true HTTP/1.1" 200 35
192.168.10.96 - - [25/Mar/2019:15:26:28 -0300] "POST /cormun/servlet/vesolicitudgral?04267310d76a4e69934596e8c8fb0b3d,2019,14719,,SolicitudOTAdjuntos,gx-no-cache=1553545190939 HTTP/1.1" 200 90
192.168.10.96 - - [25/Mar/2019:15:26:28 -0300] "GET /cormun/servlet/hpexe_link HTTP/1.1" 200 976
192.168.10.96 - - [25/Mar/2019:15:26:31 -0300] "GET /cormun/servlet/trsolicitudgral HTTP/1.1" 200 14522
192.168.10.96 - - [25/Mar/2019:15:26:33 -0300] "GET /cormun/servlet/trsolicitudgral HTTP/1.1" 200 14520
93.158.161.6 - - [25/Mar/2019:15:26:57 -0300] "GET /robots.txt HTTP/1.1" 404 981
93.158.161.6 - - [25/Mar/2019:15:27:00 -0300] "GET /manager/html HTTP/1.1" 401 2474
190.171.152.114 - - [25/Mar/2019:15:27:03 -0300] "POST /cormun/servlet/solicitudot?gx-no-cache=1553538204310 HTTP/1.1" 200 1288
190.171.152.114 - - [25/Mar/2019:15:27:06 -0300] "GET /cormun/servlet/prlicenciaspermisos?14070981,L,,MD,,gxPopupLevel%3D0%3B HTTP/1.1" 200 7754
190.171.152.114 - - [25/Mar/2019:15:27:17 -0300] "POST /cormun/servlet/solicitudot?gx-no-cache=1553538219442 HTTP/1.1" 200 41
190.171.152.114 - - [25/Mar/2019:15:27:18 -0300] "GET /cormun/servlet/solicitudot?f5e6c5e1938e646b8171d55b2ebbc2727887b47cfcd2f7b8fee29af9608690d35537c6fc08852bbd95920f51f2e6b7b8f2f45084c371b47786093702b1c20ea33a8dedf58a3aef3a625a63c2071b80c6af058499b6c8b438b87463157e4ad1dc73d3746405a5f00fd82710e778dabe2b,gx-no-cache=1553538219518 HTTP/1.1" 200 110
190.171.152.114 - - [25/Mar/2019:15:27:18 -0300] "POST /cormun/servlet/solicitudot?gx-no-cache=1553538219589 HTTP/1.1" 200 97
190.171.152.114 - - [25/Mar/2019:15:27:32 -0300] "POST /cormun/servlet/solicitudot?gx-no-cache=1553538234356 HTTP/1.1" 200 72
190.171.152.114 - - [25/Mar/2019:15:27:40 -0300] "GET /cormun/static/menuarrow.gif HTTP/1.1" 404 1015
190.171.152.114 - - [25/Mar/2019:15:27:42 -0300] "GET /cormun/servlet/solicitudot?f5e6c5e1938e646b8171d55b2ebbc27278221a5ec948e08e74d165ed93e8ade65576e9005eb1cafc9771fa208750f328,gx-no-cache=1553538244236 HTTP/1.1" 200 30
190.171.152.114 - - [25/Mar/2019:15:27:42 -0300] "POST /cormun/servlet/solicitudot?gx-no-cache=1553538244280 HTTP/1.1" 200 135
190.171.152.114 - - [25/Mar/2019:15:28:01 -0300] "GET /cormun/servlet/solicitudot?f5e6c5e1938e646b8171d55b2ebbc2727887b47cfcd2f7b8fee29af9608690d35537c6fc08852bbd95920f51f2e6b7b8f2f45084c371b47786093702b1c20ea33a8dedf58a3aef3a625a63c2071b80c6af058499b6c8b438b87463157e4ad1dc73d3746405a5f00fd82710e778dabe2b,gx-no-cache=1553538262603 HTTP/1.1" 200 110
190.171.152.114 - - [25/Mar/2019:15:28:01 -0300] "POST /cormun/servlet/solicitudot?gx-no-cache=1553538262712 HTTP/1.1" 200 135
190.171.152.114 - - [25/Mar/2019:15:28:08 -0300] "GET /cormun/servlet/prlicenciaspermisos?14070981,L,,MD,,gxPopupLevel%3D0%3B HTTP/1.1" 200 7754
190.171.152.114 - - [25/Mar/2019:15:28:17 -0300] "GET /cormun/servlet/solicitudot?f5e6c5e1938e646b8171d55b2ebbc2727887b47cfcd2f7b8fee29af9608690d35537c6fc08852bbd95920f51f2e6b7b8f2f45084c371b47786093702b1c20ea33a8dedf58a3aef3a625a63c2071b80c6af058499b6c8b438b87463157e4ad1dc73d3746405a5f00fd82710e778dabe2b,gx-no-cache=1553538278749 HTTP/1.1" 200 110
190.171.152.114 - - [25/Mar/2019:15:28:17 -0300] "POST /cormun/servlet/solicitudot?gx-no-cache=1553538278817 HTTP/1.1" 200 135
190.171.152.114 - - [25/Mar/2019:15:28:40 -0300] "POST /cormun/servlet/solicitudot?1c02336461e3f12f77c1c7dcfa861231,INS,0,0,,gx-no-cache=1553538302015 HTTP/1.1" 200 12330
190.171.152.114 - - [25/Mar/2019:15:28:53 -0300] "GET /cormun/servlet/prlicenciaspermisos?14070981,L,,MD,,gxPopupLevel%3D0%3B HTTP/1.1" 200 7754
190.171.152.114 - - [25/Mar/2019:15:29:02 -0300] "GET /cormun/servlet/solicitudot?f5e6c5e1938e646b8171d55b2ebbc2727887b47cfcd2f7b8fee29af9608690d35537c6fc08852bbd95920f51f2e6b7b8f2f45084c371b47786093702b1c20ea33a8dedf58a3aef3a625a63c2071b80c6af058499b6c8b438b87463157e4ad1dc73d3746405a5f00fd82710e778dabe2b,gx-no-cache=1553538324349 HTTP/1.1" 200 110
190.171.152.114 - - [25/Mar/2019:15:29:05 -0300] "GET /cormun/servlet/solicitudot?f5e6c5e1938e646b8171d55b2ebbc2727887b47cfcd2f7b8fee29af9608690d35537c6fc08852bbd95920f51f2e6b7b8f2f45084c371b47786093702b1c20ea33a8dedf58a3aef3a625a63c2071b80c6af058499b6c8b438b87463157e4ad1dc73d3746405a5f00fd82710e778dabe2b,gx-no-cache=1553538326807 HTTP/1.1" 200 110
190.171.152.114 - - [25/Mar/2019:15:29:06 -0300] "POST /cormun/servlet/solicitudot?gx-no-cache=1553538327955 HTTP/1.1" 200 135
190.171.152.114 - - [25/Mar/2019:15:29:19 -0300] "POST /cormun/servlet/solicitudot?1c02336461e3f12f77c1c7dcfa861231,INS,0,0,,gx-no-cache=1553538341217 HTTP/1.1" 200 93
190.171.152.114 - - [25/Mar/2019:15:29:19 -0300] "GET /cormun/servlet/hpexe_return? HTTP/1.1" 200 1007
190.171.152.114 - - [25/Mar/2019:15:29:20 -0300] "GET /cormun/servlet/trsolicitudot HTTP/1.1" 200 8928
190.171.152.114 - - [25/Mar/2019:15:29:31 -0300] "GET /cormun/servlet/solicitudot?INS,0,0, HTTP/1.1" 200 15108
190.171.152.114 - - [25/Mar/2019:15:29:41 -0300] "POST /cormun/servlet/solicitudot?gx-no-cache=1553538362358 HTTP/1.1" 200 3570
190.171.152.114 - - [25/Mar/2019:15:29:41 -0300] "POST /cormun/servlet/solicitudot?1c02336461e3f12f77c1c7dcfa861231,INS,0,0,,gx-no-cache=1553538362799 HTTP/1.1" 200 11943
190.171.152.114 - - [25/Mar/2019:15:29:45 -0300] "GET /cormun/servlet/solicitudot?f5e6c5e1938e646b8171d55b2ebbc27232850aea990995958cebd5d8c9580a12e467d05bdb8708935f5edf6260a04a9f,gx-no-cache=1553538366465 HTTP/1.1" 200 30
190.171.152.114 - - [25/Mar/2019:15:29:45 -0300] "GET /cormun/servlet/solicitudot?f5e6c5e1938e646b8171d55b2ebbc272f21e88802cd6190066958059a589f6288475cae1b31c10252f334566b3225aab8eac559bdb92c759f62361d9f1e65371,gx-no-cache=1553538366613 HTTP/1.1" 200 30
190.171.152.114 - - [25/Mar/2019:15:29:45 -0300] "GET /cormun/servlet/solicitudot?f5e6c5e1938e646b8171d55b2ebbc272e696945a5cca65fc8974538960af2018,gx-no-cache=1553538366728 HTTP/1.1" 200 51
190.171.152.114 - - [25/Mar/2019:15:29:45 -0300] "POST /cormun/servlet/solicitudot?gx-no-cache=1553538366862 HTTP/1.1" 200 240
190.171.152.114 - - [25/Mar/2019:15:29:45 -0300] "GET /cormun/servlet/solicitudot?f5e6c5e1938e646b8171d55b2ebbc2727a6e1132023e0e8114c127640fdd0ef1319dd9053e3dd19ef0db0081414180eb9767ec3a8b5adbf3b0a9c988f937c81e05d7868a74179194981b340900d3e123f24572efa731b914d91d45b44b8f47cbb2c4557f9869039eee58600ade7a738b346beb64798e19cec1e5d62928e3863f6855d334dc380a312ac8d399e0dada54e5a0c796246f3280b50accf08e9ab9cb1ce8cd1f1444e2edc30c240d6f7e08d8fbfe5b03f3342a415b60428a17d35423e65ccf305769f287898edea649d5037893214853c5d364b52bb2fe1a238d96ec99d2538cac7921d3f21eed172355ea2ced0c3dd52b10d7029aa99cbab962c18c6ae4a42683d958beec3cfeb5a4fe124a4f29a783f5e133bac8b0f0e11421afef41744592511dec1aa70a10fd0b6032367f0abcffbe0914d1f31646870d9dd7b7d4afb3133709095c1ce9d159a8aeb7f4ce13dca2dc2da2ce76138b780acdc91c02cc808c66b4384c5dd9550bae61c3ec7d9d33b7b385a6929113ad1cb5a0913c,gx-no-cache=1553538367014 HTTP/1.1" 200 30
190.171.152.114 - - [25/Mar/2019:15:29:47 -0300] "POST /cormun/servlet/solicitudot?gx-no-cache=1553538368413 HTTP/1.1" 200 30
207.46.13.33 - - [25/Mar/2019:15:29:49 -0300] "GET /cormun/servlet/trcontratoobservacion HTTP/1.1" 200 5372
190.171.152.114 - - [25/Mar/2019:15:30:10 -0300] "POST /cormun/servlet/solicitudot?gx-no-cache=1553538391868 HTTP/1.1" 200 1288
190.171.152.114 - - [25/Mar/2019:15:30:13 -0300] "GET /cormun/servlet/prlicenciaspermisos?14070981,L,,MD,,gxPopupLevel%3D0%3B HTTP/1.1" 200 7754
190.171.152.114 - - [25/Mar/2019:15:30:21 -0300] "POST /cormun/servlet/solicitudot?gx-no-cache=1553538403022 HTTP/1.1" 200 41
190.171.152.114 - - [25/Mar/2019:15:30:21 -0300] "GET /cormun/servlet/solicitudot?f5e6c5e1938e646b8171d55b2ebbc2727887b47cfcd2f7b8fee29af9608690d35537c6fc08852bbd95920f51f2e6b7b8f2f45084c371b47786093702b1c20ea33a8dedf58a3aef3a625a63c2071b80c6af058499b6c8b438b87463157e4ad1dc73d3746405a5f00fd82710e778dabe2b,gx-no-cache=1553538403179 HTTP/1.1" 200 110
190.171.152.114 - - [25/Mar/2019:15:30:25 -0300] "POST /cormun/servlet/solicitudot?gx-no-cache=1553538406516 HTTP/1.1" 200 72
190.171.152.114 - - [25/Mar/2019:15:30:32 -0300] "GET /cormun/servlet/solicitudot?f5e6c5e1938e646b8171d55b2ebbc272cca62e389da8a43fd99706b5bf34b25ca97774c5592fd3f56c1aa01ebc76c469945007da58a27c8a97d6fc6d63c788a6feb075bbc9ed6564ae3abf6db690ce35789e88fb7d243cfe462b8eb70b2bcbf71c2cf0fc682b0cf58880d1e54db5c42514edd244de4e8cb973184fafa29c24721604ecd5c198f1b0c0aab97ff05f023561ef7250c58698381c6cfd8b41b6d8cc,gx-no-cache=1553538414111 HTTP/1.1" 200 29
190.171.152.114 - - [25/Mar/2019:15:30:32 -0300] "GET /cormun/static/menuarrow.gif HTTP/1.1" 404 1015
190.171.152.114 - - [25/Mar/2019:15:30:36 -0300] "GET /cormun/servlet/solicitudot?f5e6c5e1938e646b8171d55b2ebbc27278221a5ec948e08e74d165ed93e8ade65576e9005eb1cafc9771fa208750f328,gx-no-cache=1553538417760 HTTP/1.1" 200 30
190.171.152.114 - - [25/Mar/2019:15:30:36 -0300] "POST /cormun/servlet/solicitudot?gx-no-cache=1553538417901 HTTP/1.1" 200 32
190.171.152.114 - - [25/Mar/2019:15:30:46 -0300] "POST /cormun/servlet/solicitudot?1c02336461e3f12f77c1c7dcfa861231,INS,0,0,,gx-no-cache=1553538426323 HTTP/1.1" 200 93
190.171.152.114 - - [25/Mar/2019:15:30:46 -0300] "GET /cormun/servlet/hpexe_return? HTTP/1.1" 200 1007
190.171.152.114 - - [25/Mar/2019:15:30:47 -0300] "GET /cormun/servlet/trsolicitudot HTTP/1.1" 200 9257
186.103.158.250 - - [25/Mar/2019:15:31:27 -0300] "GET /cormun/servlet/solicitudot?e21bb8cb9c448a7066ad5904feb01ca28725863f6dca470e709a7572a5bd456d5afddd704f0afeb4cc533ea17f499a7e372007459b8b7f6d272df36cd89158b5c59101929960614e30c93d7dbb2e173413cb5c335cc35dfb9d5bb15f07e36422acfca127903384e454c036df193f704b,gx-no-cache=1553542070861 HTTP/1.1" 200 110
190.171.152.114 - - [25/Mar/2019:15:33:00 -0300] "GET /cormun/servlet/solicitudot?INS,0,0, HTTP/1.1" 200 15108
190.171.152.114 - - [25/Mar/2019:15:33:13 -0300] "POST /cormun/servlet/solicitudot?gx-no-cache=1553538574301 HTTP/1.1" 200 3570
190.171.152.114 - - [25/Mar/2019:15:33:14 -0300] "POST /cormun/servlet/solicitudot?1c02336461e3f12f77c1c7dcfa861231,INS,0,0,,gx-no-cache=1553538575108 HTTP/1.1" 200 11944
192.168.10.96 - - [25/Mar/2019:15:33:15 -0300] "POST /cormun/servlet/trsolicitudgral?04267310d76a4e69934596e8c8fb0b3d,gx-no-cache=1553545595497 HTTP/1.1" 200 10039
190.171.152.114 - - [25/Mar/2019:15:33:18 -0300] "GET /cormun/servlet/solicitudot?f5e6c5e1938e646b8171d55b2ebbc27232850aea990995958cebd5d8c9580a12e467d05bdb8708935f5edf6260a04a9f,gx-no-cache=1553538579320 HTTP/1.1" 200 30
190.171.152.114 - - [25/Mar/2019:15:33:18 -0300] "GET /cormun/servlet/solicitudot?f5e6c5e1938e646b8171d55b2ebbc272f21e88802cd6190066958059a589f6288475cae1b31c10252f334566b3225aab8eac559bdb92c759f62361d9f1e65371,gx-no-cache=1553538579617 HTTP/1.1" 200 30
190.171.152.114 - - [25/Mar/2019:15:33:18 -0300] "GET /cormun/servlet/solicitudot?f5e6c5e1938e646b8171d55b2ebbc272e696945a5cca65fc8974538960af2018,gx-no-cache=1553538579868 HTTP/1.1" 200 51
192.168.10.96 - - [25/Mar/2019:15:33:18 -0300] "GET /cormun/servlet/vesolicitudgral?2019,14783,, HTTP/1.1" 200 9346
192.168.10.96 - - [25/Mar/2019:15:33:18 -0300] "GET /cormun/pexe_scrolldiv.js HTTP/1.1" 404 1009
192.168.10.96 - - [25/Mar/2019:15:33:19 -0300] "GET /cormun/pexe_scrolldiv.js HTTP/1.1" 404 1009
190.171.152.114 - - [25/Mar/2019:15:33:19 -0300] "POST /cormun/servlet/solicitudot?gx-no-cache=1553538580243 HTTP/1.1" 200 240
190.171.152.114 - - [25/Mar/2019:15:33:19 -0300] "GET /cormun/servlet/solicitudot?f5e6c5e1938e646b8171d55b2ebbc2727a6e1132023e0e8114c127640fdd0ef1319dd9053e3dd19ef0db0081414180eb9767ec3a8b5adbf3b0a9c988f937c81e05d7868a74179194981b340900d3e123f24572efa731b914d91d45b44b8f47cbb2c4557f9869039eee58600ade7a738b346beb64798e19cec1e5d62928e3863f6855d334dc380a312ac8d399e0dada54e5a0c796246f3280b50accf08e9ab9cb1ce8cd1f1444e2edc30c240d6f7e08d8fbfe5b03f3342a415b60428a17d35423e65ccf305769f287898edea649d5037893214853c5d364b52bb2fe1a238d96ec99d2538cac7921d3f21eed172355ea2ced0c3dd52b10d7029aa99cbab962c18c6ae4a42683d958beec3cfeb5a4fe124a4f29a783f5e133bac8b0f0e11421afef41744592511dec1aa70a10fd0b6032367f0abcffbe0914d1f31646870d9dd7b7d4afb3133709095c1ce9d159a8aeb7f4ce13dca2dc2da2ce76138b780acdc91c02cc808c66b4384c5dd9550bae61c3ec7d9d33b7b385a6929113ad1cb5a0913c,gx-no-cache=1553538580599 HTTP/1.1" 200 30
192.168.10.96 - - [25/Mar/2019:15:33:20 -0300] "GET /cormun/servlet/vesolicitudgral?2019,14783,, HTTP/1.1" 200 9345
190.171.152.114 - - [25/Mar/2019:15:33:20 -0300] "POST /cormun/servlet/solicitudot?gx-no-cache=1553538582207 HTTP/1.1" 200 30
192.168.10.96 - - [25/Mar/2019:15:33:22 -0300] "GET /cormun/servlet/vesolicitudgral?2019,14783,,SolicitudOTAdjuntos HTTP/1.1" 200 11538
192.168.10.96 - - [25/Mar/2019:15:33:22 -0300] "GET /cormun/pexe_scrolldiv.js HTTP/1.1" 404 1009
192.168.10.96 - - [25/Mar/2019:15:33:23 -0300] "GET /cormun/pexe_scrolldiv.js HTTP/1.1" 404 1009
192.168.10.96 - - [25/Mar/2019:15:33:24 -0300] "POST /cormun/servlet/acontrolpreferencessavestate?None,DZAMUDIO,true HTTP/1.1" 200 35
192.168.10.96 - - [25/Mar/2019:15:33:24 -0300] "GET /cormun/PublicTempStorage/c._identidad3964073.pdf HTTP/1.1" 200 141257
192.168.10.96 - - [25/Mar/2019:15:33:25 -0300] "GET /cormun/servlet/vesolicitudgral?2019,14783,,SolicitudOTAdjuntos HTTP/1.1" 200 11538
192.168.10.96 - - [25/Mar/2019:15:33:34 -0300] "GET /cormun/PublicTempStorage/afp1134241.pdf HTTP/1.1" 200 153620
190.171.152.114 - - [25/Mar/2019:15:33:38 -0300] "POST /cormun/servlet/solicitudot?gx-no-cache=1553538599602 HTTP/1.1" 200 1288
190.171.152.114 - - [25/Mar/2019:15:33:41 -0300] "GET /cormun/servlet/prlicenciaspermisos?14070981,L,,MD,,gxPopupLevel%3D0%3B HTTP/1.1" 200 7754
192.168.10.96 - - [25/Mar/2019:15:33:43 -0300] "GET /cormun/PublicTempStorage/isapre2307908.pdf HTTP/1.1" 200 172899
190.171.152.114 - - [25/Mar/2019:15:33:47 -0300] "POST /cormun/servlet/solicitudot?gx-no-cache=1553538608989 HTTP/1.1" 200 41
190.171.152.114 - - [25/Mar/2019:15:33:47 -0300] "GET /cormun/servlet/solicitudot?f5e6c5e1938e646b8171d55b2ebbc2727887b47cfcd2f7b8fee29af9608690d35537c6fc08852bbd95920f51f2e6b7b8f2f45084c371b47786093702b1c20ea33a8dedf58a3aef3a625a63c2071b80c6af058499b6c8b438b87463157e4ad1dc73d3746405a5f00fd82710e778dabe2b,gx-no-cache=1553538609168 HTTP/1.1" 200 110
190.171.152.114 - - [25/Mar/2019:15:33:51 -0300] "POST /cormun/servlet/solicitudot?gx-no-cache=1553538612839 HTTP/1.1" 200 97
192.168.10.96 - - [25/Mar/2019:15:33:55 -0300] "GET /cormun/PublicTempStorage/c._antecedente4927580.pdf HTTP/1.1" 200 307528
190.171.152.114 - - [25/Mar/2019:15:33:59 -0300] "GET /cormun/servlet/solicitudot?f5e6c5e1938e646b8171d55b2ebbc272cca62e389da8a43fd99706b5bf34b25ca97774c5592fd3f56c1aa01ebc76c469945007da58a27c8a97d6fc6d63c788a6feb075bbc9ed6564ae3abf6db690ce35789e88fb7d243cfe462b8eb70b2bcbf71c2cf0fc682b0cf58880d1e54db5c42514edd244de4e8cb973184fafa29c24721604ecd5c198f1b0c0aab97ff05f023561ef7250c58698381c6cfd8b41b6d8cc,gx-no-cache=1553538620556 HTTP/1.1" 200 29
190.171.152.114 - - [25/Mar/2019:15:33:59 -0300] "GET /cormun/static/menuarrow.gif HTTP/1.1" 404 1015
190.171.152.114 - - [25/Mar/2019:15:34:01 -0300] "GET /cormun/servlet/solicitudot?f5e6c5e1938e646b8171d55b2ebbc27278221a5ec948e08e74d165ed93e8ade65576e9005eb1cafc9771fa208750f328,gx-no-cache=1553538622896 HTTP/1.1" 200 30
190.171.152.114 - - [25/Mar/2019:15:34:01 -0300] "POST /cormun/servlet/solicitudot?gx-no-cache=1553538622945 HTTP/1.1" 200 32
192.168.10.96 - - [25/Mar/2019:15:34:05 -0300] "GET /cormun/PublicTempStorage/curriculum6251028.pdf HTTP/1.1" 200 1386270
190.171.152.114 - - [25/Mar/2019:15:34:12 -0300] "POST /cormun/servlet/solicitudot?1c02336461e3f12f77c1c7dcfa861231,INS,0,0,,gx-no-cache=1553538632223 HTTP/1.1" 200 93
190.171.152.114 - - [25/Mar/2019:15:34:12 -0300] "GET /cormun/servlet/hpexe_return? HTTP/1.1" 200 1007
190.171.152.114 - - [25/Mar/2019:15:34:13 -0300] "GET /cormun/servlet/trsolicitudot HTTP/1.1" 200 9524
192.168.10.96 - - [25/Mar/2019:15:34:15 -0300] "GET /cormun/PublicTempStorage/titulo3485671.pdf HTTP/1.1" 200 407656
192.168.10.96 - - [25/Mar/2019:15:34:17 -0300] "GET /cormun/PublicTempStorage/titulo3485671.pdf HTTP/1.1" 304 -
190.171.152.114 - - [25/Mar/2019:15:35:00 -0300] "GET /cormun/servlet/solicitudot?INS,0,0, HTTP/1.1" 200 15108
190.171.143.90 - - [25/Mar/2019:15:35:20 -0300] "GET /cormun/servlet/hlogin HTTP/1.1" 200 1722
190.171.143.90 - - [25/Mar/2019:15:35:22 -0300] "GET /cormun/servlet/hlogin HTTP/1.1" 200 1722
190.171.152.114 - - [25/Mar/2019:15:35:35 -0300] "POST /cormun/servlet/solicitudot?gx-no-cache=1553538716733 HTTP/1.1" 200 3557
190.171.143.90 - - [25/Mar/2019:15:35:35 -0300] "POST /cormun/servlet/hlogin?e620353145e1d1531e21a74c74644dd1,gx-no-cache=1553538714522 HTTP/1.1" 200 90
190.171.143.90 - - [25/Mar/2019:15:35:35 -0300] "GET /cormun/servlet/hpexe_link HTTP/1.1" 200 952
190.171.143.90 - - [25/Mar/2019:15:35:36 -0300] "GET /cormun/servlet/hhome HTTP/1.1" 200 4312
190.171.152.114 - - [25/Mar/2019:15:35:36 -0300] "POST /cormun/servlet/solicitudot?1c02336461e3f12f77c1c7dcfa861231,INS,0,0,,gx-no-cache=1553538717862 HTTP/1.1" 200 11909
190.171.143.90 - - [25/Mar/2019:15:35:37 -0300] "GET /cormun/servlet/hhome HTTP/1.1" 200 4308
190.171.152.114 - - [25/Mar/2019:15:35:40 -0300] "GET /cormun/servlet/solicitudot?f5e6c5e1938e646b8171d55b2ebbc2725d1b6e3e652ec80ced1ca7d234270200b5293ddf71163f5ac5d0bd7042ccb0d6,gx-no-cache=1553538721815 HTTP/1.1" 200 30
190.171.152.114 - - [25/Mar/2019:15:35:40 -0300] "GET /cormun/servlet/solicitudot?f5e6c5e1938e646b8171d55b2ebbc272b45457fd491d25c7403b7c3051f5f40636bf1c0a23efe9d9e7a7d3487a9f07ef,gx-no-cache=1553538721919 HTTP/1.1" 200 30
190.171.152.114 - - [25/Mar/2019:15:35:40 -0300] "GET /cormun/servlet/solicitudot?f5e6c5e1938e646b8171d55b2ebbc2722e52a748e521e123c91f527a57d97560,gx-no-cache=1553538722009 HTTP/1.1" 200 53
190.171.152.114 - - [25/Mar/2019:15:35:40 -0300] "POST /cormun/servlet/solicitudot?gx-no-cache=1553538722092 HTTP/1.1" 200 240
190.171.143.90 - - [25/Mar/2019:15:35:40 -0300] "GET /cormun/servlet/trsolicitudot? HTTP/1.1" 200 9325
190.171.152.114 - - [25/Mar/2019:15:35:40 -0300] "GET /cormun/servlet/solicitudot?f5e6c5e1938e646b8171d55b2ebbc2727a6e1132023e0e8114c127640fdd0ef1319dd9053e3dd19ef0db0081414180eb9767ec3a8b5adbf3b0a9c988f937c81e05d7868a74179194981b340900d3e123f24572efa731b914d91d45b44b8f47cbb2c4557f9869039eee58600ade7a738b346beb64798e19cec1e5d62928e3863f6855d334dc380a312ac8d399e0dada54e5a0c796246f3280b50accf08e9ab9cb1ce8cd1f1444e2edc30c240d6f7e08d8fbfe5b03f3342a415b60428a17d35423e65ccf305769f287898edea649d5037893214853c5d364b52bb2fe1a238d96ec99d2538cac7921d3f21eed172355ea2c3aec19250615a162efb2eb11c33da84f6ae4a42683d958beec3cfeb5a4fe124a4f29a783f5e133bac8b0f0e11421afef41744592511dec1aa70a10fd0b6032367f0abcffbe0914d1f31646870d9dd7b7d4afb3133709095c1ce9d159a8aeb7f4ce13dca2dc2da2ce76138b780acdc91c02cc808c66b4384c5dd9550bae61c3ec7d9d33b7b385a6929113ad1cb5a0913c,gx-no-cache=1553538722206 HTTP/1.1" 200 30
190.171.143.90 - - [25/Mar/2019:15:35:41 -0300] "GET /cormun/servlet/trsolicitudot? HTTP/1.1" 200 9323
190.171.152.114 - - [25/Mar/2019:15:35:42 -0300] "POST /cormun/servlet/solicitudot?gx-no-cache=1553538723740 HTTP/1.1" 200 30
190.171.143.90 - - [25/Mar/2019:15:35:53 -0300] "GET /cormun/servlet/solicitudot?INS,0,0, HTTP/1.1" 200 15152
190.171.143.90 - - [25/Mar/2019:15:35:53 -0300] "GET /cormun/servlet/solicitudot?INS,0,0, HTTP/1.1" 200 15157
190.171.143.90 - - [25/Mar/2019:15:36:07 -0300] "POST /cormun/servlet/solicitudot?gx-no-cache=1553538746279 HTTP/1.1" 200 3450
190.171.143.90 - - [25/Mar/2019:15:36:07 -0300] "POST /cormun/servlet/solicitudot?e620353145e1d1531e21a74c74644dd1,INS,0,0,,gx-no-cache=1553538746844 HTTP/1.1" 200 11855
190.171.143.90 - - [25/Mar/2019:15:36:10 -0300] "GET /cormun/servlet/solicitudot?82bfa3b23defb133aad0b6d02e6a74d7b5f6bffa79a0e4ace8dc06c0e60d791a7eed040feb4900862e0fb74b7159c75f,gx-no-cache=1553538749506 HTTP/1.1" 200 30
190.171.152.114 - - [25/Mar/2019:15:36:14 -0300] "POST /cormun/servlet/solicitudot?gx-no-cache=1553538755297 HTTP/1.1" 200 1288
190.171.152.114 - - [25/Mar/2019:15:36:18 -0300] "GET /cormun/servlet/prlicenciaspermisos?17416984,L,,MD,,gxPopupLevel%3D0%3B HTTP/1.1" 200 5808
190.171.143.90 - - [25/Mar/2019:15:38:08 -0300] "GET /cormun/static/Resources/resize.gif HTTP/1.1" 200 77
190.171.143.90 - - [25/Mar/2019:15:38:08 -0300] "GET /cormun/servlet/prbanco?,MD,,gxPopupLevel%3D0%3B HTTP/1.1" 200 6673
190.171.143.90 - - [25/Mar/2019:15:38:08 -0300] "GET /cormun/static/Resources/PXToolsMenuSearch.png HTTP/1.1" 200 2914
190.171.143.90 - - [25/Mar/2019:15:38:08 -0300] "GET /cormun/static/Resources/PXToolsMenuSearchCancel.png HTTP/1.1" 200 2972
190.171.143.90 - - [25/Mar/2019:15:38:09 -0300] "GET /cormun/static/prbanco.js?2018116101633 HTTP/1.1" 200 10693
190.171.143.90 - - [25/Mar/2019:15:38:09 -0300] "GET /cormun/static/menusearch.js?201610171694467 HTTP/1.1" 200 1424
190.171.143.90 - - [25/Mar/2019:15:38:09 -0300] "GET /cormun/static/hmpwkw011.js?20177612121862 HTTP/1.1" 200 1968
190.171.143.90 - - [25/Mar/2019:15:38:09 -0300] "GET /cormun/static/gxcfg.js?20181161016094 HTTP/1.1" 200 953
186.103.158.250 - - [25/Mar/2019:15:38:14 -0300] "GET /cormun/servlet/solicitudot?e21bb8cb9c448a7066ad5904feb01ca2904529fbb0e9ee18893df68ba378cb26067540e26d9ef8ed0816275cfbf80c92,gx-no-cache=1553542477370 HTTP/1.1" 200 30
186.103.158.250 - - [25/Mar/2019:15:38:14 -0300] "POST /cormun/servlet/solicitudot?gx-no-cache=1553542477648 HTTP/1.1" 200 30
190.171.143.90 - - [25/Mar/2019:15:38:15 -0300] "GET /cormun/servlet/solicitudot?82bfa3b23defb133aad0b6d02e6a74d7391ef190ce8a2f251f763fd12bcbb10d49ce4bb4bc2daf10881a71eca0d8eae98390cb7c98810d5a01b0ebc04af55945,gx-no-cache=1553538874403 HTTP/1.1" 200 30
190.171.143.90 - - [25/Mar/2019:15:38:16 -0300] "GET /cormun/servlet/solicitudot?82bfa3b23defb133aad0b6d02e6a74d76bd59c6fb77b922bb65629272df941bc,gx-no-cache=1553538875587 HTTP/1.1" 200 51
186.103.158.250 - - [25/Mar/2019:15:38:16 -0300] "POST /cormun/servlet/solicitudot?b5ad2f297874338f0ee2d4161e99e27d,INS,0,0,,gx-no-cache=1553542477833 HTTP/1.1" 200 93
186.103.158.250 - - [25/Mar/2019:15:38:16 -0300] "GET /cormun/servlet/hpexe_return? HTTP/1.1" 200 1009
186.103.158.250 - - [25/Mar/2019:15:38:17 -0300] "GET /cormun/servlet/trsolicitudot HTTP/1.1" 200 8518
190.171.143.90 - - [25/Mar/2019:15:38:20 -0300] "POST /cormun/servlet/solicitudot?e620353145e1d1531e21a74c74644dd1,INS,0,0,,gx-no-cache=1553538878214 HTTP/1.1" 200 12057
190.171.143.90 - - [25/Mar/2019:15:38:20 -0300] "GET /cormun/static/Shared/jqueryui/images/ui-bg_highlight-soft_100_c6c2c8_1x100.png HTTP/1.1" 404 1117
190.171.143.90 - - [25/Mar/2019:15:38:20 -0300] "GET /cormun/static/Shared/jqueryui/images/ui-bg_flat_55_fafafa_40x100.png HTTP/1.1" 404 1097
190.171.143.90 - - [25/Mar/2019:15:38:20 -0300] "GET /cormun/static/Shared/jqueryui/images/ui-icons_8d78a5_256x240.png HTTP/1.1" 404 1089
190.171.143.90 - - [25/Mar/2019:15:38:20 -0300] "GET /cormun/static/Shared/jqueryui/images/ui-icons_82798d_256x240.png HTTP/1.1" 404 1089
186.103.158.250 - - [25/Mar/2019:15:38:21 -0300] "GET /cormun/servlet/trsolicitudot HTTP/1.1" 200 8514
190.171.143.90 - - [25/Mar/2019:15:38:21 -0300] "GET /cormun/servlet/solicitudot?82bfa3b23defb133aad0b6d02e6a74d7d635890a844b219677789aecad96ffca238bd3dfea486a940c887683616d8dc32b9d53a83349f8b38bdbf8ec7c95b589,gx-no-cache=1553538881160 HTTP/1.1" 200 51
192.168.10.89 - - [25/Mar/2019:15:38:23 -0300] "GET /cormun/servlet/hlogin HTTP/1.1" 200 1718
192.168.10.89 - - [25/Mar/2019:15:38:23 -0300] "GET /cormun/static/messages.spa.js?85251 HTTP/1.1" 304 -
190.171.143.90 - - [25/Mar/2019:15:38:24 -0300] "POST /cormun/servlet/solicitudot?gx-no-cache=1553538883845 HTTP/1.1" 200 255
190.171.143.90 - - [25/Mar/2019:15:38:27 -0300] "POST /cormun/servlet/solicitudot?gx-no-cache=1553538886912 HTTP/1.1" 200 240
190.171.143.90 - - [25/Mar/2019:15:38:30 -0300] "GET /cormun/servlet/solicitudot?82bfa3b23defb133aad0b6d02e6a74d72141b9334d0d14c9fd707db17f08af8f9df5bc3d93a0b4e827433b7adc41ff98d49cf7223545e3288702b44ca8fce235e7aba28c2614f8831f7935b53c08b28de99676d5675678429e3a8b1f07d165b517e82e29e236669d43cf023e3288a3674c38eb517649bea517680b9b3d4b4b178aabb70e50299dd79be1e4acb09c119ed9734ceb8966e98b4af8e1da04c021520f536c023521a8c1c784fde9e694074e172c1d527b85fe5559d2fc90da3e88082246cb17476ddabce5f0018c12504fa2377639923d96d2b322f7d930b249f1a1183be6c2b51dd55ad88736b39ba42ebfa4f520ce654930113d163c211842c27b6a8d65fa243275375009b4bb725e9588176498da9b283cd0feeada786da891f3685ffe32d66629b97e2b559207075ccfdf6a7b8e920690da9b41409246b36fc93c475b0c798316ebb6478f9b0acdfe826074d7e355f13f2d376051358a63b5464d63ce7728a8260e563d7d4f7a4dea70eb853d476cd9e45bdaf94ed04182ce37,gx-no-cache=1553538889362 HTTP/1.1" 200 30
192.168.10.89 - - [25/Mar/2019:15:38:32 -0300] "POST /cormun/servlet/hlogin?0f3ce40066c06dc8bfd337af6ab39643,gx-no-cache=1553545914735 HTTP/1.1" 200 90
192.168.10.89 - - [25/Mar/2019:15:38:32 -0300] "GET /cormun/servlet/hpexe_link HTTP/1.1" 200 947
192.168.10.89 - - [25/Mar/2019:15:38:32 -0300] "GET /cormun/servlet/hhome HTTP/1.1" 200 3824
192.168.10.89 - - [25/Mar/2019:15:38:32 -0300] "GET /cormun/static/hmpwkw03.js?20189613443875 HTTP/1.1" 304 -
190.171.143.90 - - [25/Mar/2019:15:38:35 -0300] "POST /cormun/servlet/solicitudot?gx-no-cache=1553538895120 HTTP/1.1" 200 30
190.171.143.90 - - [25/Mar/2019:15:38:38 -0300] "GET /cormun/servlet/prfichaempleado?,MD,,gxPopupLevel%3D0%3B HTTP/1.1" 200 9404
190.171.143.90 - - [25/Mar/2019:15:38:38 -0300] "GET /cormun/static/gxui/gxui-all.css?110300 HTTP/1.1" 200 2179
190.171.143.90 - - [25/Mar/2019:15:38:38 -0300] "GET /cormun/static/gxcfg.js?20177612134814 HTTP/1.1" 200 953
190.171.143.90 - - [25/Mar/2019:15:38:38 -0300] "GET /cormun/static/prfichaempleado.js?20177612134999 HTTP/1.1" 200 16006
190.171.143.90 - - [25/Mar/2019:15:38:39 -0300] "GET /cormun/static/Shared/ext/resources/css/ext-all.css?205870 HTTP/1.1" 200 416045
192.168.10.89 - - [25/Mar/2019:15:38:43 -0300] "GET /cormun/servlet/trsolicitudgral? HTTP/1.1" 200 27623
190.171.143.90 - - [25/Mar/2019:15:38:46 -0300] "POST /cormun/servlet/prfichaempleado?e620353145e1d1531e21a74c74644dd1,,MD,,gxPopupLevel%3D0%3B,gx-no-cache=1553538905754 HTTP/1.1" 200 5841
190.171.143.90 - - [25/Mar/2019:15:38:53 -0300] "GET /cormun/servlet/prlicenciaspermisos?13082722,L,,MD,,gxPopupLevel%3D0%3B HTTP/1.1" 200 6654
190.171.143.90 - - [25/Mar/2019:15:38:53 -0300] "GET /cormun/static/Resources/Spanish/PXTools.css?17315867 HTTP/1.1" 200 89042
190.171.143.90 - - [25/Mar/2019:15:38:53 -0300] "GET /cormun/static/gxcfg.js?20176272053834 HTTP/1.1" 200 953
190.171.143.90 - - [25/Mar/2019:15:38:53 -0300] "GET /cormun/static/prlicenciaspermisos.js?20176272054050 HTTP/1.1" 200 13379
190.171.143.90 - - [25/Mar/2019:15:38:59 -0300] "POST /cormun/servlet/solicitudot?gx-no-cache=1553538918555 HTTP/1.1" 200 1288
190.171.143.90 - - [25/Mar/2019:15:39:03 -0300] "POST /cormun/servlet/solicitudot?gx-no-cache=1553538922768 HTTP/1.1" 200 41
192.168.10.89 - - [25/Mar/2019:15:39:06 -0300] "POST /cormun/servlet/trsolicitudgral?0f3ce40066c06dc8bfd337af6ab39643,,gx-no-cache=1553545949045 HTTP/1.1" 200 6953
190.171.143.90 - - [25/Mar/2019:15:39:26 -0300] "GET /cormun/servlet/solicitudot?82bfa3b23defb133aad0b6d02e6a74d7233aa5e56df121032551d1bd653bb91f2d08ee61d320715c48c8d72882ef8dc7075f04c74f24d5633a8ccc3b99d971ac490dd292182e6fd14562c36ec954fdb980ca22d81fb4519ec0dd078030fdaa6cab3a1fd8fc9becbbfbbc04266ab17f4c,gx-no-cache=1553538945620 HTTP/1.1" 200 110
190.171.143.90 - - [25/Mar/2019:15:39:26 -0300] "POST /cormun/servlet/solicitudot?gx-no-cache=1553538945760 HTTP/1.1" 200 97
190.171.143.90 - - [25/Mar/2019:15:39:36 -0300] "GET /cormun/servlet/solicitudot?82bfa3b23defb133aad0b6d02e6a74d768bd73f5c2e86465431bc9f3a72cc2323a1fa75470d04c542ed7c6d6e68b9833004d683268518ad9f34ed65bd61ec83d9174e03448f3ed7f46c9c1e227d4a92ce53de806f413093935e58f9e98e2279d7127ced68ce1779042b79a39526f4b98,gx-no-cache=1553538955757 HTTP/1.1" 200 29
190.171.143.90 - - [25/Mar/2019:15:39:36 -0300] "GET /cormun/static/menuarrow.gif HTTP/1.1" 404 1015
190.171.143.90 - - [25/Mar/2019:15:39:44 -0300] "GET /cormun/servlet/solicitudot?82bfa3b23defb133aad0b6d02e6a74d72f83578f8bcc25231d60e8b92f3fb9db472a24c0444c909ec481c84ddaf6e59f,gx-no-cache=1553538963964 HTTP/1.1" 200 30
190.171.143.90 - - [25/Mar/2019:15:39:44 -0300] "POST /cormun/servlet/solicitudot?gx-no-cache=1553538964056 HTTP/1.1" 200 34
190.171.152.114 - - [25/Mar/2019:15:40:03 -0300] "POST /cormun/servlet/solicitudot?gx-no-cache=1553538985049 HTTP/1.1" 200 41
190.171.152.114 - - [25/Mar/2019:15:40:03 -0300] "GET /cormun/servlet/solicitudot?f5e6c5e1938e646b8171d55b2ebbc2727887b47cfcd2f7b8fee29af9608690d35537c6fc08852bbd95920f51f2e6b7b8f2f45084c371b47786093702b1c20ea33a8dedf58a3aef3a625a63c2071b80c6af058499b6c8b438b87463157e4ad1dc73d3746405a5f00fd82710e778dabe2b,gx-no-cache=1553538985108 HTTP/1.1" 200 110
190.171.152.114 - - [25/Mar/2019:15:40:03 -0300] "POST /cormun/servlet/solicitudot?gx-no-cache=1553538985144 HTTP/1.1" 200 79
190.171.143.90 - - [25/Mar/2019:15:40:09 -0300] "POST /cormun/servlet/solicitudot?e620353145e1d1531e21a74c74644dd1,INS,0,0,,gx-no-cache=1553538987859 HTTP/1.1" 200 93
190.171.143.90 - - [25/Mar/2019:15:40:09 -0300] "GET /cormun/servlet/hpexe_return? HTTP/1.1" 200 1008
190.171.143.90 - - [25/Mar/2019:15:40:09 -0300] "GET /cormun/static/gxcfg.js?2016101716175148 HTTP/1.1" 200 953
190.171.143.90 - - [25/Mar/2019:15:40:09 -0300] "GET /cormun/static/Resources/Spanish/PXTools.css?167811 HTTP/1.1" 200 89042
190.171.143.90 - - [25/Mar/2019:15:40:09 -0300] "GET /cormun/static/hpexe_return.js?2016101716175153 HTTP/1.1" 200 1633
190.171.143.90 - - [25/Mar/2019:15:40:09 -0300] "GET /cormun/servlet/trsolicitudot HTTP/1.1" 200 9847
190.171.152.114 - - [25/Mar/2019:15:40:09 -0300] "GET /cormun/servlet/solicitudot?f5e6c5e1938e646b8171d55b2ebbc272cca62e389da8a43fd99706b5bf34b25ca97774c5592fd3f56c1aa01ebc76c46958681506d56483a49b862bcd193f0c001fd399fec6ea77cc370d05befaf65ae50fcb259ab5a3a3611705b05e6264dac6e46055db86ea99ef2c11066a8c67775b,gx-no-cache=1553538990848 HTTP/1.1" 200 29
190.171.152.114 - - [25/Mar/2019:15:40:09 -0300] "GET /cormun/static/menuarrow.gif HTTP/1.1" 404 1015
190.171.143.90 - - [25/Mar/2019:15:40:09 -0300] "GET /cormun/servlet/trsolicitudot HTTP/1.1" 200 9844
190.171.152.114 - - [25/Mar/2019:15:40:11 -0300] "GET /cormun/servlet/solicitudot?f5e6c5e1938e646b8171d55b2ebbc27278221a5ec948e08e74d165ed93e8ade65576e9005eb1cafc9771fa208750f328,gx-no-cache=1553538993188 HTTP/1.1" 200 30
190.171.152.114 - - [25/Mar/2019:15:40:11 -0300] "POST /cormun/servlet/solicitudot?gx-no-cache=1553538993281 HTTP/1.1" 200 34
190.171.143.90 - - [25/Mar/2019:15:40:19 -0300] "GET /cormun/servlet/solicitudot?INS,0,0, HTTP/1.1" 200 15153
190.171.143.90 - - [25/Mar/2019:15:40:19 -0300] "GET /cormun/servlet/solicitudot?INS,0,0, HTTP/1.1" 200 15158
190.171.152.114 - - [25/Mar/2019:15:40:31 -0300] "POST /cormun/servlet/solicitudot?1c02336461e3f12f77c1c7dcfa861231,INS,0,0,,gx-no-cache=1553539012244 HTTP/1.1" 200 93
190.171.152.114 - - [25/Mar/2019:15:40:31 -0300] "GET /cormun/servlet/hpexe_return? HTTP/1.1" 200 1007
190.171.152.114 - - [25/Mar/2019:15:40:31 -0300] "GET /cormun/servlet/trsolicitudot HTTP/1.1" 200 10010
190.171.143.90 - - [25/Mar/2019:15:40:33 -0300] "POST /cormun/servlet/solicitudot?gx-no-cache=1553539012236 HTTP/1.1" 200 3450
190.171.143.90 - - [25/Mar/2019:15:40:33 -0300] "POST /cormun/servlet/solicitudot?e620353145e1d1531e21a74c74644dd1,INS,0,0,,gx-no-cache=1553539012534 HTTP/1.1" 200 11853
190.171.143.90 - - [25/Mar/2019:15:40:35 -0300] "GET /cormun/servlet/solicitudot?82bfa3b23defb133aad0b6d02e6a74d7b5f6bffa79a0e4ace8dc06c0e60d791a7eed040feb4900862e0fb74b7159c75f,gx-no-cache=1553539014901 HTTP/1.1" 200 30
190.171.152.114 - - [25/Mar/2019:15:41:11 -0300] "POST /cormun/servlet/trsolicitudot?1c02336461e3f12f77c1c7dcfa861231,gx-no-cache=1553539053082 HTTP/1.1" 200 6627
190.171.152.114 - - [25/Mar/2019:15:41:12 -0300] "POST /cormun/servlet/trsolicitudot?1c02336461e3f12f77c1c7dcfa861231,gx-no-cache=1553539053589 HTTP/1.1" 200 6570
190.171.152.114 - - [25/Mar/2019:15:41:12 -0300] "GET /cormun/static/Shared/jqueryui/images/ui-bg_flat_55_fafafa_40x100.png HTTP/1.1" 404 1097
190.171.152.114 - - [25/Mar/2019:15:41:12 -0300] "GET /cormun/static/Shared/jqueryui/images/ui-icons_8d78a5_256x240.png HTTP/1.1" 404 1089
190.171.152.114 - - [25/Mar/2019:15:41:12 -0300] "GET /cormun/static/Shared/jqueryui/images/ui-icons_82798d_256x240.png HTTP/1.1" 404 1089
190.171.152.114 - - [25/Mar/2019:15:41:12 -0300] "GET /cormun/static/Shared/jqueryui/images/ui-bg_highlight-soft_100_c6c2c8_1x100.png HTTP/1.1" 404 1117
190.171.152.114 - - [25/Mar/2019:15:41:15 -0300] "POST /cormun/servlet/trsolicitudot?1c02336461e3f12f77c1c7dcfa861231,gx-no-cache=1553539054713 HTTP/1.1" 200 6352
190.171.152.114 - - [25/Mar/2019:15:41:16 -0300] "POST /cormun/servlet/trsolicitudot?1c02336461e3f12f77c1c7dcfa861231,gx-no-cache=1553539057582 HTTP/1.1" 200 6295
190.171.152.114 - - [25/Mar/2019:15:41:17 -0300] "POST /cormun/servlet/trsolicitudot?1c02336461e3f12f77c1c7dcfa861231,gx-no-cache=1553539058838 HTTP/1.1" 200 6022
190.171.143.90 - - [25/Mar/2019:15:41:18 -0300] "GET /cormun/servlet/prbanco?,MD,,gxPopupLevel%3D0%3B HTTP/1.1" 200 6673
190.171.152.114 - - [25/Mar/2019:15:41:18 -0300] "POST /cormun/servlet/trsolicitudot?1c02336461e3f12f77c1c7dcfa861231,gx-no-cache=1553539059403 HTTP/1.1" 200 5965
190.171.152.114 - - [25/Mar/2019:15:41:19 -0300] "POST /cormun/servlet/trsolicitudot?1c02336461e3f12f77c1c7dcfa861231,gx-no-cache=1553539060794 HTTP/1.1" 200 4782
190.171.152.114 - - [25/Mar/2019:15:41:20 -0300] "POST /cormun/servlet/trsolicitudot?1c02336461e3f12f77c1c7dcfa861231,gx-no-cache=1553539061416 HTTP/1.1" 200 4526
190.171.143.90 - - [25/Mar/2019:15:41:21 -0300] "GET /cormun/servlet/solicitudot?82bfa3b23defb133aad0b6d02e6a74d77023ee7e21f967e2726eb7434e9f021c,gx-no-cache=1553539060888 HTTP/1.1" 200 94
190.171.143.90 - - [25/Mar/2019:15:41:21 -0300] "GET /cormun/static/Shared/jqueryui/images/ui-bg_highlight-soft_100_c6c2c8_1x100.png HTTP/1.1" 404 1117
190.171.143.90 - - [25/Mar/2019:15:41:21 -0300] "GET /cormun/static/Shared/jqueryui/images/ui-icons_ebccce_256x240.png HTTP/1.1" 404 1089
190.171.143.90 - - [25/Mar/2019:15:41:21 -0300] "GET /cormun/static/Shared/jqueryui/images/ui-bg_flat_55_994d53_40x100.png HTTP/1.1" 404 1097
190.171.143.90 - - [25/Mar/2019:15:41:21 -0300] "GET /cormun/static/Shared/jqueryui/images/ui-icons_82798d_256x240.png HTTP/1.1" 404 1089
190.171.143.90 - - [25/Mar/2019:15:41:22 -0300] "GET /cormun/servlet/solicitudot?82bfa3b23defb133aad0b6d02e6a74d76bd59c6fb77b922bb65629272df941bc,gx-no-cache=1553539061954 HTTP/1.1" 200 51
190.171.143.90 - - [25/Mar/2019:15:41:25 -0300] "POST /cormun/servlet/solicitudot?e620353145e1d1531e21a74c74644dd1,INS,0,0,,gx-no-cache=1553539064783 HTTP/1.1" 200 12031
190.171.143.90 - - [25/Mar/2019:15:41:25 -0300] "GET /cormun/static/Shared/jqueryui/images/ui-bg_flat_55_fafafa_40x100.png HTTP/1.1" 404 1097
190.171.143.90 - - [25/Mar/2019:15:41:25 -0300] "GET /cormun/static/Shared/jqueryui/images/ui-icons_8d78a5_256x240.png HTTP/1.1" 404 1089
190.171.143.90 - - [25/Mar/2019:15:41:43 -0300] "GET /cormun/servlet/solicitudot?82bfa3b23defb133aad0b6d02e6a74d7391ef190ce8a2f251f763fd12bcbb10d49ce4bb4bc2daf10881a71eca0d8eae98390cb7c98810d5a01b0ebc04af55945,gx-no-cache=1553539083223 HTTP/1.1" 200 30
190.171.143.90 - - [25/Mar/2019:15:41:43 -0300] "GET /cormun/servlet/solicitudot?82bfa3b23defb133aad0b6d02e6a74d7d635890a844b219677789aecad96ffca238bd3dfea486a940c887683616d8dc32b9d53a83349f8b38bdbf8ec7c95b589,gx-no-cache=1553539083252 HTTP/1.1" 200 51
190.171.143.90 - - [25/Mar/2019:15:41:45 -0300] "POST /cormun/servlet/solicitudot?gx-no-cache=1553539084702 HTTP/1.1" 200 240
