190.171.152.242 - - [25/Mar/2019:11:02:43 -0300] "GET /cormun/servlet/solicitudot?4afe3127db9fb0d751b0bfbc6338304e644d3af922fb7d16303dd0209dbed682e297840c4467d9d8e0f27b87298d3fac2eb8d8a40732ad2641dbb3800cc49c8bebd3b2b71213038ebfeff253ca1e8131a9383e428bfedc49c17024b585e6bcff4c61eb0180d5b588bbfa106e931164053fe5b0e5f5683b47ea5320d04b08a06ef11dce4170571cfe8a4b8227c73574c4cc60dbeabe43091bcb243d7345beb0603a5bcbf980e4b38a9620a36afe82752108d99ad691fec7b849b46d7d67b69d5402cf908a6c0775befccc051dd27cf58cf29739738ba10a2d3916534c26006f3b968f8cf5f6e3ed1618ae9ddb5ba92cf163b146eb7182fc8c1a3a473717cac60c21e6db6ad25af6b54fc93ccf1cd7e523307a9ab6dfb67bb7deb6b294df5c1fc189fe81804003aab35f7218b928af160caf5c8c9e2bc920e502197f7dbd90ef08a35ffef48ab04f7a961ef366d2fe95d626196f7e282f678243b59a98dde6a28af9cfaf6a3bf830a68f4c5fdb7414f99314d55348636be72be221ed32d278800b5a8d1ff8d4fe51dfa5a868d87823bbe2,gx-no-cache=1553522343371 HTTP/1.1" 200 30
190.171.152.242 - - [25/Mar/2019:11:02:45 -0300] "POST /cormun/servlet/solicitudot?gx-no-cache=1553522345018 HTTP/1.1" 200 30
190.171.143.82 - - [25/Mar/2019:11:02:45 -0300] "GET /cormun/servlet/trlicencias? HTTP/1.1" 200 9466
190.171.152.242 - - [25/Mar/2019:11:02:46 -0300] "POST /cormun/servlet/solicitudot?gx-no-cache=1553522346120 HTTP/1.1" 200 1285
190.171.143.82 - - [25/Mar/2019:11:02:46 -0300] "GET /cormun/servlet/trlicencias? HTTP/1.1" 200 9465
190.171.152.242 - - [25/Mar/2019:11:02:46 -0300] "POST /cormun/servlet/solicitudot?gx-no-cache=1553522346158 HTTP/1.1" 200 38
190.171.152.242 - - [25/Mar/2019:11:02:59 -0300] "GET /cormun/servlet/solicitudot?4afe3127db9fb0d751b0bfbc6338304edc3ab04394a6190bb7139e7e11b9beb14d7a90b62c8ae8450d340f4eb9f044cc0ea611654fc7344baf84dccef523f752bcaad339eee10eb65edbd7976b3f1839a0ecd49a64256c21688c173047f8ce36d71a12059d609211ec0b2a64a8c6f651,gx-no-cache=1553522359154 HTTP/1.1" 200 110
190.171.152.242 - - [25/Mar/2019:11:02:59 -0300] "POST /cormun/servlet/solicitudot?gx-no-cache=1553522359193 HTTP/1.1" 200 64
190.171.152.242 - - [25/Mar/2019:11:02:59 -0300] "GET /cormun/servlet/solicitudot?4afe3127db9fb0d751b0bfbc6338304e235764b55f2e3d0accf878701488a393ca6407ab23714c76b6646c0eccf5d6e8629692293b99605a4b0d095f2616441f235cf79c4d05dffe1c725e561389ceedf0e0359374f8d7cfabbcf8676e00902636af53110959958e689186e4e06fc17e,gx-no-cache=1553522359219 HTTP/1.1" 200 29
190.171.152.242 - - [25/Mar/2019:11:03:07 -0300] "GET /cormun/static/menuarrow.gif HTTP/1.1" 404 1015
190.171.152.242 - - [25/Mar/2019:11:03:09 -0300] "GET /cormun/servlet/solicitudot?4afe3127db9fb0d751b0bfbc6338304edc3ab04394a6190bb7139e7e11b9beb14d7a90b62c8ae8450d340f4eb9f044cc0ea611654fc7344baf84dccef523f752bcaad339eee10eb65edbd7976b3f1839a0ecd49a64256c21688c173047f8ce36d71a12059d609211ec0b2a64a8c6f651,gx-no-cache=1553522368634 HTTP/1.1" 200 110
190.171.152.242 - - [25/Mar/2019:11:03:13 -0300] "GET /cormun/servlet/solicitudot?4afe3127db9fb0d751b0bfbc6338304e52531d8ff7fabd47d90ad86f8900218f53db7ffa30309bb3a66e91471fbfff6e,gx-no-cache=1553522372513 HTTP/1.1" 200 30
190.171.152.242 - - [25/Mar/2019:11:03:44 -0300] "POST /cormun/servlet/solicitudot?gx-no-cache=1553522403351 HTTP/1.1" 200 30
190.171.152.242 - - [25/Mar/2019:11:03:47 -0300] "POST /cormun/servlet/solicitudot?5db848b353555eb753ae9272b69657e1,INS,0,0,,gx-no-cache=1553522406562 HTTP/1.1" 200 93
190.171.152.242 - - [25/Mar/2019:11:03:47 -0300] "GET /cormun/servlet/hpexe_return? HTTP/1.1" 200 1004
190.171.152.242 - - [25/Mar/2019:11:03:47 -0300] "GET /cormun/servlet/trsolicitudot HTTP/1.1" 200 8638
190.171.152.242 - - [25/Mar/2019:11:03:48 -0300] "GET /cormun//static/Resources/PXToolsActionView.png HTTP/1.1" 200 2995
192.168.10.96 - - [25/Mar/2019:11:03:48 -0300] "GET /cormun/servlet/trsolicitudgral? HTTP/1.1" 200 8340
190.171.152.242 - - [25/Mar/2019:11:03:48 -0300] "GET /cormun//static/Resources/PXToolsRemoveAllAction.png HTTP/1.1" 200 3558
190.171.152.242 - - [25/Mar/2019:11:03:48 -0300] "GET /cormun/servlet/trsolicitudot HTTP/1.1" 200 8634
192.168.10.96 - - [25/Mar/2019:11:03:48 -0300] "GET /cormun/servlet/trsolicitudgral? HTTP/1.1" 200 8340
190.171.152.242 - - [25/Mar/2019:11:03:53 -0300] "POST /cormun/servlet/trsolicitudot?5db848b353555eb753ae9272b69657e1,gx-no-cache=1553522412695 HTTP/1.1" 200 107
190.171.152.242 - - [25/Mar/2019:11:03:53 -0300] "GET /cormun/servlet/trsolicitudadjuntos?2019,14908, HTTP/1.1" 200 6167
190.171.152.242 - - [25/Mar/2019:11:03:53 -0300] "GET /cormun/static/gxcfg.js?20177612135366 HTTP/1.1" 200 953
190.171.152.242 - - [25/Mar/2019:11:03:53 -0300] "GET /cormun/static/trsolicitudadjuntos.js?20177612135632 HTTP/1.1" 200 17922
190.171.152.242 - - [25/Mar/2019:11:03:53 -0300] "GET /cormun/servlet/trsolicitudadjuntos?2019,14908, HTTP/1.1" 200 6166
190.171.152.242 - - [25/Mar/2019:11:03:55 -0300] "GET /cormun/servlet/solicitudotadjuntos?INS,2019,14908,,1, HTTP/1.1" 200 6112
190.171.152.242 - - [25/Mar/2019:11:03:55 -0300] "GET /cormun/static/gxcfg.js?2017761244068 HTTP/1.1" 200 953
190.171.152.242 - - [25/Mar/2019:11:03:55 -0300] "GET /cormun/static/solicitudotadjuntos.js?2017761244086 HTTP/1.1" 200 11771
190.171.152.242 - - [25/Mar/2019:11:03:56 -0300] "GET /cormun/static/about:blank HTTP/1.1" 404 1011
190.171.152.242 - - [25/Mar/2019:11:03:56 -0300] "GET /cormun/servlet/solicitudotadjuntos?INS,2019,14908,,1, HTTP/1.1" 200 6105
190.171.152.242 - - [25/Mar/2019:11:03:56 -0300] "GET /cormun/servlet/solicitudotadjuntos?4afe3127db9fb0d751b0bfbc6338304eae4a474fde56b1d0ced416a49abbcb0790bd162bb278bf648429a4e00234270e,gx-no-cache=1553522415964 HTTP/1.1" 200 30
190.171.152.242 - - [25/Mar/2019:11:03:56 -0300] "POST /cormun/servlet/solicitudotadjuntos?5db848b353555eb753ae9272b69657e1,INS,2019,14908,,1,,gx-no-cache=1553522415983 HTTP/1.1" 200 3857
190.171.152.242 - - [25/Mar/2019:11:03:58 -0300] "POST /cormun/servlet/solicitudotadjuntos?gx-no-cache=1553522417902 HTTP/1.1" 200 26
190.171.152.242 - - [25/Mar/2019:11:04:11 -0300] "GET /cormun/servlet/solicitudotadjuntos?4afe3127db9fb0d751b0bfbc6338304ed0eb3d9a7838be289f8bf1c5dec09bf0,gx-no-cache=1553522430478 HTTP/1.1" 200 30
190.171.152.242 - - [25/Mar/2019:11:04:11 -0300] "GET /cormun/servlet/solicitudotadjuntos?4afe3127db9fb0d751b0bfbc6338304ed0eb3d9a7838be289f8bf1c5dec09bf0,gx-no-cache=1553522430491 HTTP/1.1" 200 30
190.171.152.242 - - [25/Mar/2019:11:04:11 -0300] "POST /cormun/servlet/solicitudotadjuntos?5db848b353555eb753ae9272b69657e1,INS,2019,14908,,1, HTTP/1.1" 200 116
190.171.152.242 - - [25/Mar/2019:11:04:11 -0300] "GET /cormun/servlet/hpexe_return? HTTP/1.1" 200 1023
190.171.152.242 - - [25/Mar/2019:11:04:11 -0300] "GET /cormun/servlet/trsolicitudadjuntos?2019,14908, HTTP/1.1" 200 8753
190.171.152.242 - - [25/Mar/2019:11:04:11 -0300] "GET /cormun/servlet/trsolicitudadjuntos?2019,14908, HTTP/1.1" 200 8747
190.171.152.242 - - [25/Mar/2019:11:04:14 -0300] "GET /cormun/servlet/solicitudotadjuntos?INS,2019,14908,,1, HTTP/1.1" 200 6112
190.171.152.242 - - [25/Mar/2019:11:04:14 -0300] "GET /cormun/static/about:blank HTTP/1.1" 404 1011
190.171.152.242 - - [25/Mar/2019:11:04:14 -0300] "GET /cormun/servlet/solicitudotadjuntos?INS,2019,14908,,1, HTTP/1.1" 200 6105
190.171.152.242 - - [25/Mar/2019:11:04:14 -0300] "GET /cormun/servlet/solicitudotadjuntos?4afe3127db9fb0d751b0bfbc6338304eae4a474fde56b1d0ced416a49abbcb0790bd162bb278bf648429a4e00234270e,gx-no-cache=1553522434247 HTTP/1.1" 200 30
192.168.10.96 - - [25/Mar/2019:11:04:14 -0300] "POST /cormun/servlet/trsolicitudgral?b4f962daa74fcfc5d672719194deb928,,gx-no-cache=1553529456835 HTTP/1.1" 200 22736
190.171.152.242 - - [25/Mar/2019:11:04:14 -0300] "POST /cormun/servlet/solicitudotadjuntos?5db848b353555eb753ae9272b69657e1,INS,2019,14908,,1,,gx-no-cache=1553522434278 HTTP/1.1" 200 3857
190.171.152.242 - - [25/Mar/2019:11:04:17 -0300] "POST /cormun/servlet/solicitudotadjuntos?gx-no-cache=1553522436962 HTTP/1.1" 200 26
192.168.10.96 - - [25/Mar/2019:11:04:18 -0300] "POST /cormun/servlet/trsolicitudgral?b4f962daa74fcfc5d672719194deb928,,gx-no-cache=1553529461103 HTTP/1.1" 200 6630
190.171.152.242 - - [25/Mar/2019:11:04:25 -0300] "GET /cormun/servlet/solicitudotadjuntos?4afe3127db9fb0d751b0bfbc6338304ed0eb3d9a7838be289f8bf1c5dec09bf0,gx-no-cache=1553522444866 HTTP/1.1" 200 30
190.171.152.242 - - [25/Mar/2019:11:04:25 -0300] "GET /cormun/servlet/solicitudotadjuntos?4afe3127db9fb0d751b0bfbc6338304ed0eb3d9a7838be289f8bf1c5dec09bf0,gx-no-cache=1553522444880 HTTP/1.1" 200 30
190.171.152.242 - - [25/Mar/2019:11:04:25 -0300] "POST /cormun/servlet/solicitudotadjuntos?5db848b353555eb753ae9272b69657e1,INS,2019,14908,,1, HTTP/1.1" 200 116
190.171.152.242 - - [25/Mar/2019:11:04:25 -0300] "GET /cormun/servlet/hpexe_return? HTTP/1.1" 200 1023
190.171.152.242 - - [25/Mar/2019:11:04:25 -0300] "GET /cormun/servlet/trsolicitudadjuntos?2019,14908, HTTP/1.1" 200 8974
190.171.152.242 - - [25/Mar/2019:11:04:26 -0300] "GET /cormun/servlet/trsolicitudadjuntos?2019,14908, HTTP/1.1" 200 8971
192.168.10.96 - - [25/Mar/2019:11:04:28 -0300] "GET /cormun/servlet/vesolicitudgral?2019,14699,, HTTP/1.1" 200 8434
190.171.152.242 - - [25/Mar/2019:11:04:28 -0300] "GET /cormun/servlet/solicitudotadjuntos?INS,2019,14908,,1, HTTP/1.1" 200 6112
192.168.10.96 - - [25/Mar/2019:11:04:28 -0300] "GET /cormun/pexe_scrolldiv.js HTTP/1.1" 404 1009
192.168.10.96 - - [25/Mar/2019:11:04:28 -0300] "GET /cormun/pexe_scrolldiv.js HTTP/1.1" 404 1009
190.171.152.242 - - [25/Mar/2019:11:04:28 -0300] "GET /cormun/static/about:blank HTTP/1.1" 404 1011
190.171.152.242 - - [25/Mar/2019:11:04:28 -0300] "GET /cormun/servlet/solicitudotadjuntos?INS,2019,14908,,1, HTTP/1.1" 200 6105
192.168.10.96 - - [25/Mar/2019:11:04:29 -0300] "GET /cormun/servlet/vesolicitudgral?2019,14699,, HTTP/1.1" 200 8434
190.171.152.242 - - [25/Mar/2019:11:04:29 -0300] "GET /cormun/servlet/solicitudotadjuntos?4afe3127db9fb0d751b0bfbc6338304eae4a474fde56b1d0ced416a49abbcb0790bd162bb278bf648429a4e00234270e,gx-no-cache=1553522448777 HTTP/1.1" 200 30
190.171.152.242 - - [25/Mar/2019:11:04:29 -0300] "POST /cormun/servlet/solicitudotadjuntos?5db848b353555eb753ae9272b69657e1,INS,2019,14908,,1,,gx-no-cache=1553522448799 HTTP/1.1" 200 3857
192.168.10.96 - - [25/Mar/2019:11:04:30 -0300] "GET /cormun/servlet/vesolicitudgral?2019,14699,,SolicitudOTAdjuntos HTTP/1.1" 200 10598
192.168.10.96 - - [25/Mar/2019:11:04:30 -0300] "GET /cormun/pexe_scrolldiv.js HTTP/1.1" 404 1009
192.168.10.96 - - [25/Mar/2019:11:04:30 -0300] "GET /cormun/pexe_scrolldiv.js HTTP/1.1" 404 1009
192.168.10.96 - - [25/Mar/2019:11:04:31 -0300] "GET /cormun/servlet/vesolicitudgral?2019,14699,,SolicitudOTAdjuntos HTTP/1.1" 200 10601
192.168.10.96 - - [25/Mar/2019:11:04:32 -0300] "POST /cormun/servlet/acontrolpreferencessavestate?None,RRHH+DANIELA,true HTTP/1.1" 200 35
190.171.152.242 - - [25/Mar/2019:11:04:33 -0300] "POST /cormun/servlet/solicitudotadjuntos?gx-no-cache=1553522452394 HTTP/1.1" 200 26
190.171.152.242 - - [25/Mar/2019:11:04:39 -0300] "GET /cormun/servlet/solicitudotadjuntos?4afe3127db9fb0d751b0bfbc6338304ed0eb3d9a7838be289f8bf1c5dec09bf0,gx-no-cache=1553522458578 HTTP/1.1" 200 30
190.171.152.242 - - [25/Mar/2019:11:04:39 -0300] "GET /cormun/servlet/solicitudotadjuntos?4afe3127db9fb0d751b0bfbc6338304ed0eb3d9a7838be289f8bf1c5dec09bf0,gx-no-cache=1553522458592 HTTP/1.1" 200 30
190.171.152.242 - - [25/Mar/2019:11:04:39 -0300] "POST /cormun/servlet/solicitudotadjuntos?5db848b353555eb753ae9272b69657e1,INS,2019,14908,,1, HTTP/1.1" 200 116
190.171.152.242 - - [25/Mar/2019:11:04:39 -0300] "GET /cormun/servlet/hpexe_return? HTTP/1.1" 200 1023
190.171.152.242 - - [25/Mar/2019:11:04:39 -0300] "GET /cormun/servlet/trsolicitudadjuntos?2019,14908, HTTP/1.1" 200 9153
190.171.152.242 - - [25/Mar/2019:11:04:39 -0300] "GET /cormun/servlet/trsolicitudadjuntos?2019,14908, HTTP/1.1" 200 9150
190.171.152.242 - - [25/Mar/2019:11:04:42 -0300] "GET /cormun/servlet/solicitudotadjuntos?INS,2019,14908,,1, HTTP/1.1" 200 6111
190.171.152.242 - - [25/Mar/2019:11:04:43 -0300] "GET /cormun/static/about:blank HTTP/1.1" 404 1011
190.171.152.242 - - [25/Mar/2019:11:04:43 -0300] "GET /cormun/servlet/solicitudotadjuntos?INS,2019,14908,,1, HTTP/1.1" 200 6105
190.171.152.242 - - [25/Mar/2019:11:04:43 -0300] "GET /cormun/servlet/solicitudotadjuntos?4afe3127db9fb0d751b0bfbc6338304eae4a474fde56b1d0ced416a49abbcb0790bd162bb278bf648429a4e00234270e,gx-no-cache=1553522462999 HTTP/1.1" 200 30
190.171.152.242 - - [25/Mar/2019:11:04:43 -0300] "POST /cormun/servlet/solicitudotadjuntos?5db848b353555eb753ae9272b69657e1,INS,2019,14908,,1,,gx-no-cache=1553522463064 HTTP/1.1" 200 3855
190.171.152.242 - - [25/Mar/2019:11:04:49 -0300] "POST /cormun/servlet/solicitudotadjuntos?gx-no-cache=1553522468722 HTTP/1.1" 200 26
192.168.10.96 - - [25/Mar/2019:11:04:49 -0300] "GET /cormun/PublicTempStorage/ci_daisy_campos6914253.pdf HTTP/1.1" 200 19906
190.171.152.242 - - [25/Mar/2019:11:04:55 -0300] "GET /cormun/servlet/solicitudotadjuntos?4afe3127db9fb0d751b0bfbc6338304ed0eb3d9a7838be289f8bf1c5dec09bf0,gx-no-cache=1553522475034 HTTP/1.1" 200 30
190.171.152.242 - - [25/Mar/2019:11:04:55 -0300] "GET /cormun/servlet/solicitudotadjuntos?4afe3127db9fb0d751b0bfbc6338304ed0eb3d9a7838be289f8bf1c5dec09bf0,gx-no-cache=1553522475048 HTTP/1.1" 200 30
190.171.152.242 - - [25/Mar/2019:11:04:55 -0300] "POST /cormun/servlet/solicitudotadjuntos?5db848b353555eb753ae9272b69657e1,INS,2019,14908,,1, HTTP/1.1" 200 116
190.171.152.242 - - [25/Mar/2019:11:04:55 -0300] "GET /cormun/servlet/hpexe_return? HTTP/1.1" 200 1023
190.171.152.242 - - [25/Mar/2019:11:04:56 -0300] "GET /cormun/servlet/trsolicitudadjuntos?2019,14908, HTTP/1.1" 200 9355
190.171.152.242 - - [25/Mar/2019:11:04:56 -0300] "GET /cormun/servlet/trsolicitudadjuntos?2019,14908, HTTP/1.1" 200 9355
190.171.152.242 - - [25/Mar/2019:11:04:58 -0300] "GET /cormun/servlet/solicitudotadjuntos?INS,2019,14908,,1, HTTP/1.1" 200 6111
190.171.152.242 - - [25/Mar/2019:11:04:58 -0300] "GET /cormun/static/about:blank HTTP/1.1" 404 1011
190.171.152.242 - - [25/Mar/2019:11:04:59 -0300] "GET /cormun/servlet/solicitudotadjuntos?INS,2019,14908,,1, HTTP/1.1" 200 6105
190.171.152.242 - - [25/Mar/2019:11:04:59 -0300] "GET /cormun/servlet/solicitudotadjuntos?4afe3127db9fb0d751b0bfbc6338304eae4a474fde56b1d0ced416a49abbcb0790bd162bb278bf648429a4e00234270e,gx-no-cache=1553522478889 HTTP/1.1" 200 30
190.171.152.242 - - [25/Mar/2019:11:04:59 -0300] "POST /cormun/servlet/solicitudotadjuntos?5db848b353555eb753ae9272b69657e1,INS,2019,14908,,1,,gx-no-cache=1553522478927 HTTP/1.1" 200 3855
192.168.10.96 - - [25/Mar/2019:11:05:00 -0300] "GET /cormun/PublicTempStorage/titulo_daisy_campos5557262.pdf HTTP/1.1" 200 169260
190.171.152.242 - - [25/Mar/2019:11:05:02 -0300] "POST /cormun/servlet/solicitudotadjuntos?gx-no-cache=1553522481506 HTTP/1.1" 200 26
190.171.152.242 - - [25/Mar/2019:11:05:10 -0300] "GET /cormun/servlet/solicitudotadjuntos?4afe3127db9fb0d751b0bfbc6338304ed0eb3d9a7838be289f8bf1c5dec09bf0,gx-no-cache=1553522489410 HTTP/1.1" 200 30
190.171.152.242 - - [25/Mar/2019:11:05:10 -0300] "GET /cormun/servlet/solicitudotadjuntos?4afe3127db9fb0d751b0bfbc6338304ed0eb3d9a7838be289f8bf1c5dec09bf0,gx-no-cache=1553522489424 HTTP/1.1" 200 30
190.171.152.242 - - [25/Mar/2019:11:05:10 -0300] "POST /cormun/servlet/solicitudotadjuntos?5db848b353555eb753ae9272b69657e1,INS,2019,14908,,1, HTTP/1.1" 200 116
190.171.152.242 - - [25/Mar/2019:11:05:10 -0300] "GET /cormun/servlet/hpexe_return? HTTP/1.1" 200 1023
190.171.152.242 - - [25/Mar/2019:11:05:10 -0300] "GET /cormun/servlet/trsolicitudadjuntos?2019,14908, HTTP/1.1" 200 9650
192.168.10.96 - - [25/Mar/2019:11:05:10 -0300] "GET /cormun/PublicTempStorage/afp_daisy_campos5528169.pdf HTTP/1.1" 200 144203
190.171.152.242 - - [25/Mar/2019:11:05:10 -0300] "GET /cormun/servlet/trsolicitudadjuntos?2019,14908, HTTP/1.1" 200 9649
190.171.152.242 - - [25/Mar/2019:11:05:13 -0300] "GET /cormun/servlet/solicitudotadjuntos?INS,2019,14908,,1, HTTP/1.1" 200 6111
190.171.152.242 - - [25/Mar/2019:11:05:13 -0300] "GET /cormun/static/about:blank HTTP/1.1" 404 1011
190.171.152.242 - - [25/Mar/2019:11:05:14 -0300] "GET /cormun/servlet/solicitudotadjuntos?INS,2019,14908,,1, HTTP/1.1" 200 6105
190.171.152.242 - - [25/Mar/2019:11:05:14 -0300] "GET /cormun/servlet/solicitudotadjuntos?4afe3127db9fb0d751b0bfbc6338304eae4a474fde56b1d0ced416a49abbcb0790bd162bb278bf648429a4e00234270e,gx-no-cache=1553522493860 HTTP/1.1" 200 30
190.171.152.242 - - [25/Mar/2019:11:05:14 -0300] "POST /cormun/servlet/solicitudotadjuntos?5db848b353555eb753ae9272b69657e1,INS,2019,14908,,1,,gx-no-cache=1553522493878 HTTP/1.1" 200 3855
192.168.10.96 - - [25/Mar/2019:11:05:23 -0300] "GET /cormun/PublicTempStorage/fonasa_daisy_campos4992512.pdf HTTP/1.1" 200 18240
192.168.10.96 - - [25/Mar/2019:11:05:35 -0300] "GET /cormun/PublicTempStorage/antecedentes__daisy_campos3098570.pdf HTTP/1.1" 200 43514
190.171.141.82 - - [25/Mar/2019:11:05:36 -0300] "GET /cormun/servlet/licenciaspermisos?cabcee2c6932780ccef5c42b502cabe3613e6bc25f66972ec1e442d4fa46f61b17081ffa6f44221b95523ec53c369f7c4a4192c12269f0c43c6d3ada814a9845ea043df15fbfa30c3daedf90d7f9133bd4a4e82d2d9d51ce421a09a0e15507188096f947ca985b902bd8199523159216a4c6f8ecff7838c32c95090a03845241,gx-no-cache=1553522515718 HTTP/1.1" 200 88
190.171.141.82 - - [25/Mar/2019:11:05:37 -0300] "POST /cormun/servlet/licenciaspermisos?3ffee5e2e6c6384d315c5d94bfe3a0fa,INS,0,,,,gx-no-cache=1553522516449 HTTP/1.1" 200 5015
190.171.141.82 - - [25/Mar/2019:11:05:37 -0300] "GET /cormun/servlet/licenciaspermisos?cabcee2c6932780ccef5c42b502cabe3e68aa90428bff4256f6364c0b903381e05298e318a5c2b251c4a43b1d209fc46887e11597872049e2dd6bdc78b65671efe1084f295c54c8b296f5809dbd66652729a8f39d7a0068ce08687b20fa48e78dec49c6fdcb675c08524224fd2346c9755a0cc532c5b01ad35f53783f135767cafb7fbc995022bf703332ee55edd50fa21916da70cb36588ed8751edd831d308cea3fe291964f679f753809aae9fc801,gx-no-cache=1553522516569 HTTP/1.1" 200 30
190.171.141.82 - - [25/Mar/2019:11:05:37 -0300] "GET /cormun/servlet/licenciaspermisos?cabcee2c6932780ccef5c42b502cabe3ed7460a88ad970f22285dee2124cae44246bae79b2f7c3513141cd637fdd731cdb2678ea3150c5a1c6bcf5c7c26b66cfedbc7c29a3babed85662e1d1d587adf1f52d9fd92758ddf97c2aef5125e71206a46114fe2c454b02b96e95e51c5c5f5d0302a4b4d646ccfc47a6b706e1fa5f5edf11f05433ee1797ffe38f573e4dba17cc3964f0b5784f67e08d8ff160d233c9526846c1c1848edc754530ed7621dd4a,gx-no-cache=1553522516590 HTTP/1.1" 200 29
190.171.141.82 - - [25/Mar/2019:11:05:37 -0300] "POST /cormun/servlet/licenciaspermisos?3ffee5e2e6c6384d315c5d94bfe3a0fa,INS,0,,,,gx-no-cache=1553522516611 HTTP/1.1" 200 5074
192.168.10.96 - - [25/Mar/2019:11:05:48 -0300] "GET /cormun/PublicTempStorage/cv_daisy_campos6073346.docx HTTP/1.1" 200 14944
186.103.156.24 - - [25/Mar/2019:11:06:01 -0300] "GET /cormun/servlet/prbanco?,MD,,gxPopupLevel%3D0%3B HTTP/1.1" 200 6716
190.171.152.242 - - [25/Mar/2019:11:06:05 -0300] "POST /cormun/servlet/solicitudotadjuntos?gx-no-cache=1553522545053 HTTP/1.1" 200 26
186.103.156.24 - - [25/Mar/2019:11:06:06 -0300] "GET /cormun/servlet/solicitudot?21e66dd1555c0d09288e5555ece104e3b9b1c737d548d2306cf011a1066b6e95fb448873bcdb495360a37c2d514587b5aee9f953aed64061b620bf87521e40f9,gx-no-cache=1553522545766 HTTP/1.1" 200 30
186.103.156.24 - - [25/Mar/2019:11:06:09 -0300] "GET /cormun/servlet/solicitudot?21e66dd1555c0d09288e5555ece104e3b7883b7b507452d418368620b497943e,gx-no-cache=1553522548734 HTTP/1.1" 200 53
190.171.152.242 - - [25/Mar/2019:11:06:09 -0300] "POST /cormun/servlet/solicitudotadjuntos?gx-no-cache=1553522548925 HTTP/1.1" 200 26
186.103.156.24 - - [25/Mar/2019:11:06:40 -0300] "GET /cormun/servlet/prbanco?,MD,,gxPopupLevel%3D0%3B HTTP/1.1" 200 6716
186.103.156.24 - - [25/Mar/2019:11:07:13 -0300] "GET /cormun/servlet/solicitudot?21e66dd1555c0d09288e5555ece104e362f323a6e4a903f9ff34eda52bc917b56d0417ff7badc8988df05293c08daf331385421c7ac4556685bf0ae3b7feae4b,gx-no-cache=1553522613071 HTTP/1.1" 200 53
190.171.152.242 - - [25/Mar/2019:11:07:24 -0300] "GET /cormun/servlet/solicitudotadjuntos?4afe3127db9fb0d751b0bfbc6338304ed0eb3d9a7838be289f8bf1c5dec09bf0,gx-no-cache=1553522623818 HTTP/1.1" 200 30
190.171.152.242 - - [25/Mar/2019:11:07:24 -0300] "GET /cormun/servlet/solicitudotadjuntos?4afe3127db9fb0d751b0bfbc6338304ed0eb3d9a7838be289f8bf1c5dec09bf0,gx-no-cache=1553522623848 HTTP/1.1" 200 30
190.171.152.242 - - [25/Mar/2019:11:07:24 -0300] "POST /cormun/servlet/solicitudotadjuntos?5db848b353555eb753ae9272b69657e1,INS,2019,14908,,1, HTTP/1.1" 200 116
190.171.152.242 - - [25/Mar/2019:11:07:24 -0300] "GET /cormun/servlet/hpexe_return? HTTP/1.1" 200 1023
190.171.152.242 - - [25/Mar/2019:11:07:25 -0300] "GET /cormun/servlet/trsolicitudadjuntos?2019,14908, HTTP/1.1" 200 9884
190.171.152.242 - - [25/Mar/2019:11:07:26 -0300] "GET /cormun/servlet/trsolicitudadjuntos?2019,14908, HTTP/1.1" 200 9882
190.171.152.242 - - [25/Mar/2019:11:07:30 -0300] "GET /cormun/servlet/trsolicitudot? HTTP/1.1" 200 8640
190.171.152.242 - - [25/Mar/2019:11:07:30 -0300] "GET /cormun/servlet/trsolicitudot? HTTP/1.1" 200 8634
190.171.152.242 - - [25/Mar/2019:11:07:32 -0300] "POST /cormun/servlet/trsolicitudot?5db848b353555eb753ae9272b69657e1,,gx-no-cache=1553522631696 HTTP/1.1" 200 4546
190.171.152.242 - - [25/Mar/2019:11:07:32 -0300] "GET /cormun/static/Shared/jqueryui/images/ui-bg_highlight-soft_100_c6c2c8_1x100.png HTTP/1.1" 404 1117
190.171.152.242 - - [25/Mar/2019:11:07:32 -0300] "GET /cormun/static/Shared/jqueryui/images/ui-icons_82798d_256x240.png HTTP/1.1" 404 1089
190.171.152.242 - - [25/Mar/2019:11:07:32 -0300] "GET /cormun/static/Shared/jqueryui/images/ui-bg_flat_55_fafafa_40x100.png HTTP/1.1" 404 1097
190.171.152.242 - - [25/Mar/2019:11:07:32 -0300] "GET /cormun/static/Shared/jqueryui/images/ui-icons_8d78a5_256x240.png HTTP/1.1" 404 1089
190.171.152.242 - - [25/Mar/2019:11:07:32 -0300] "POST /cormun/servlet/trsolicitudot?5db848b353555eb753ae9272b69657e1,,gx-no-cache=1553522631992 HTTP/1.1" 200 4327
190.171.152.242 - - [25/Mar/2019:11:07:45 -0300] "GET /cormun/servlet/trlicencias? HTTP/1.1" 200 8576
190.171.152.242 - - [25/Mar/2019:11:07:45 -0300] "GET /cormun/static/gxcfg.js?20176272054169 HTTP/1.1" 200 953
190.171.152.242 - - [25/Mar/2019:11:07:45 -0300] "GET /cormun/static/trlicencias.js?20176272054837 HTTP/1.1" 200 41883
190.171.152.242 - - [25/Mar/2019:11:07:45 -0300] "GET /cormun/static/Resources/Spanish/PXTools.css?17315867 HTTP/1.1" 200 89042
190.171.152.242 - - [25/Mar/2019:11:07:46 -0300] "GET /cormun//static/Resources/PXToolsActionDisabled.gif HTTP/1.1" 200 53
190.171.152.242 - - [25/Mar/2019:11:07:46 -0300] "GET /cormun/servlet/trlicencias? HTTP/1.1" 200 8575
190.171.152.242 - - [25/Mar/2019:11:08:02 -0300] "GET /cormun/servlet/hlogin HTTP/1.1" 200 1736
186.103.156.24 - - [25/Mar/2019:11:08:12 -0300] "POST /cormun/servlet/solicitudot?gx-no-cache=1553522671465 HTTP/1.1" 200 255
186.103.156.24 - - [25/Mar/2019:11:08:15 -0300] "GET /cormun/servlet/solicitudot?21e66dd1555c0d09288e5555ece104e35308bee12c22a8600240ed98096d7a9d19ee390604109c1be924f19fb65ec397b6eb80754b2bf6834dfc495028cc0d3a6deb33814a8c0ea995c6ca277afa362994b490efb024d1f72c6f3d6c6ead91914349b1c391caf5d61929788283045a19de2a953bc96210ac462499c135e8b8a355090e5f4e2c7b257c4790f872967223b958b4cfd2ac0052025a898753336591df0095ea5c5c8333e5d8298bf549724eeb5ed6532fcf88154ae48fed900196197815d4331873f69b37494931e77c447f129c8b37b447ad4506687d5ddcbc8476e7c1e7328b7f79648a9af7718676629e59402314956b341f85477d4622c5cd7d88b96d4afbcb76f118a0a642c384ad5498e2c57bb1ae7748eeeffd0cc2162c54b0bfdf50d4e010c8bdd14e98260aa979287f60ec0b8657e612b2052707f7506e0f24d455cff1db47663fdd88bb5b54c421883ecdcfd71905be4ebb6781760a872d6403a1c6417aa9bef187ec2149b3854f7a61fbce7e414d782319564bd33dcd,gx-no-cache=1553522674466 HTTP/1.1" 200 30
190.171.152.242 - - [25/Mar/2019:11:08:17 -0300] "POST /cormun/servlet/hlogin?5db848b353555eb753ae9272b69657e1,gx-no-cache=1553522676556 HTTP/1.1" 200 90
190.171.152.242 - - [25/Mar/2019:11:08:17 -0300] "GET /cormun/servlet/hpexe_link HTTP/1.1" 200 947
190.171.152.242 - - [25/Mar/2019:11:08:17 -0300] "GET /cormun/servlet/hhome HTTP/1.1" 200 4260
186.103.158.250 - - [25/Mar/2019:11:08:17 -0300] "GET /cormun/servlet/solicitudot?INS,0,0, HTTP/1.1" 200 14102
190.171.152.242 - - [25/Mar/2019:11:08:17 -0300] "GET /cormun/static/SmoothNavMenu/resources/images/right.gif HTTP/1.1" 200 860
190.171.152.242 - - [25/Mar/2019:11:08:17 -0300] "GET /cormun/servlet/hhome HTTP/1.1" 200 4257
186.103.158.250 - - [25/Mar/2019:11:08:19 -0300] "GET /cormun/servlet/solicitudot?INS,0,0, HTTP/1.1" 200 14084
186.103.158.250 - - [25/Mar/2019:11:08:19 -0300] "GET /cormun/servlet/hlogin HTTP/1.1" 200 1746
190.171.152.242 - - [25/Mar/2019:11:08:20 -0300] "GET /cormun/servlet/trautorizarsolicitud? HTTP/1.1" 200 8716
190.171.152.242 - - [25/Mar/2019:11:08:20 -0300] "GET /cormun/static/gxcfg.js?2017111423403364 HTTP/1.1" 200 953
190.171.152.242 - - [25/Mar/2019:11:08:20 -0300] "GET /cormun/static/trautorizarsolicitud.js?201711142340425 HTTP/1.1" 200 53910
190.171.152.242 - - [25/Mar/2019:11:08:21 -0300] "GET /cormun/servlet/trautorizarsolicitud? HTTP/1.1" 200 8716
186.103.156.24 - - [25/Mar/2019:11:08:21 -0300] "POST /cormun/servlet/solicitudot?gx-no-cache=1553522681033 HTTP/1.1" 200 30
186.103.158.250 - - [25/Mar/2019:11:08:21 -0300] "POST /cormun/servlet/hlogin?a7a7a1feeae6f91d64731b776e6d1947,gx-no-cache=1553526284414 HTTP/1.1" 200 90
186.103.158.250 - - [25/Mar/2019:11:08:21 -0300] "GET /cormun/servlet/hpexe_link HTTP/1.1" 200 964
186.103.158.250 - - [25/Mar/2019:11:08:22 -0300] "GET /cormun/servlet/solicitudot?INS,0,0, HTTP/1.1" 200 14720
186.103.156.24 - - [25/Mar/2019:11:08:23 -0300] "POST /cormun/servlet/solicitudot?gx-no-cache=1553522682594 HTTP/1.1" 200 1285
186.103.156.24 - - [25/Mar/2019:11:08:23 -0300] "POST /cormun/servlet/solicitudot?gx-no-cache=1553522682637 HTTP/1.1" 200 38
186.103.158.250 - - [25/Mar/2019:11:08:23 -0300] "GET /cormun/servlet/solicitudot?INS,0,0, HTTP/1.1" 200 14724
186.103.158.250 - - [25/Mar/2019:11:08:32 -0300] "POST /cormun/servlet/solicitudot?gx-no-cache=1553526295186 HTTP/1.1" 200 3457
186.103.158.250 - - [25/Mar/2019:11:08:32 -0300] "POST /cormun/servlet/solicitudot?a7a7a1feeae6f91d64731b776e6d1947,INS,0,0,,gx-no-cache=1553526295396 HTTP/1.1" 200 11378
190.171.152.242 - - [25/Mar/2019:11:08:36 -0300] "POST /cormun/servlet/trautorizarsolicitud?5db848b353555eb753ae9272b69657e1,,gx-no-cache=1553522695368 HTTP/1.1" 200 4669
190.171.152.242 - - [25/Mar/2019:11:08:36 -0300] "GET /cormun/static/Shared/jqueryui/images/ui-bg_highlight-soft_100_c6c2c8_1x100.png HTTP/1.1" 404 1117
190.171.152.242 - - [25/Mar/2019:11:08:36 -0300] "GET /cormun/static/Shared/jqueryui/images/ui-icons_82798d_256x240.png HTTP/1.1" 404 1089
190.171.152.242 - - [25/Mar/2019:11:08:36 -0300] "GET /cormun/static/Shared/jqueryui/images/ui-bg_flat_55_fafafa_40x100.png HTTP/1.1" 404 1097
190.171.152.242 - - [25/Mar/2019:11:08:36 -0300] "GET /cormun/static/Shared/jqueryui/images/ui-icons_8d78a5_256x240.png HTTP/1.1" 404 1089
190.171.152.242 - - [25/Mar/2019:11:08:36 -0300] "POST /cormun/servlet/trautorizarsolicitud?5db848b353555eb753ae9272b69657e1,,gx-no-cache=1553522695531 HTTP/1.1" 200 4447
186.103.156.24 - - [25/Mar/2019:11:08:44 -0300] "GET /cormun/servlet/solicitudot?21e66dd1555c0d09288e5555ece104e35fea2456c98367c6a42e344fb0bc3e96a897ef9ec0f252ba0418c179370a1106fd78387fcbb174e1dce1cbd8d10212ab906ae621adf77de3a44e1e605fbe97066a8c612736f2669a8c6c52165d92845690d63dcd135c6608d9a2226c029a4282,gx-no-cache=1553522703928 HTTP/1.1" 200 110
186.103.156.24 - - [25/Mar/2019:11:08:49 -0300] "POST /cormun/servlet/solicitudot?gx-no-cache=1553522708810 HTTP/1.1" 200 110
186.103.158.250 - - [25/Mar/2019:11:09:22 -0300] "GET /cormun/servlet/solicitudot?7e949a141d68bbadfd712ceb44d70864cba65effceddf7e11e1cf74c6c7ea72a3806e62201e0329e17c87d128a2d1fba,gx-no-cache=1553526345058 HTTP/1.1" 200 30
186.103.158.250 - - [25/Mar/2019:11:09:22 -0300] "GET /cormun/servlet/solicitudot?7e949a141d68bbadfd712ceb44d7086488eb2f41b3f049acadd6c51b0195f065,gx-no-cache=1553526345138 HTTP/1.1" 200 94
186.103.158.250 - - [25/Mar/2019:11:09:22 -0300] "GET /cormun/static/Shared/jqueryui/images/ui-bg_highlight-soft_100_c6c2c8_1x100.png HTTP/1.1" 404 1117
186.103.158.250 - - [25/Mar/2019:11:09:22 -0300] "GET /cormun/static/Shared/jqueryui/images/ui-bg_flat_55_994d53_40x100.png HTTP/1.1" 404 1097
186.103.158.250 - - [25/Mar/2019:11:09:22 -0300] "GET /cormun/static/Shared/jqueryui/images/ui-icons_ebccce_256x240.png HTTP/1.1" 404 1089
186.103.158.250 - - [25/Mar/2019:11:09:22 -0300] "GET /cormun/static/Shared/jqueryui/images/ui-icons_82798d_256x240.png HTTP/1.1" 404 1089
186.103.158.250 - - [25/Mar/2019:11:09:22 -0300] "GET /cormun/servlet/solicitudot?7e949a141d68bbadfd712ceb44d70864fe89c77b42255d8bde18c282c06480f3,gx-no-cache=1553526345231 HTTP/1.1" 200 29
186.103.158.250 - - [25/Mar/2019:11:09:22 -0300] "POST /cormun/servlet/solicitudot?gx-no-cache=1553526345299 HTTP/1.1" 200 297
186.103.158.250 - - [25/Mar/2019:11:09:22 -0300] "GET /cormun/servlet/solicitudot?7e949a141d68bbadfd712ceb44d70864bb51031662f3e4b8bca4d0e68cfeb8edf70eb01f5ddb19073dc95c6c943d8b423d0691d6cf8d1c36ab4e55db5338f62f57e347d714a932793fce9feeb48edfea0e13c23eb195dad346a1a1b90f8fd0dd48c4c6db4d8b0a82dd42b9348344fe28b1c1b47d915fd902581b6449c0a9bf1adfeac0a8f8ba482f4a6ffe9dc9a337730ea3c856af9d04671361c2afd1d59ae8d80a051be5654238202e3c003e42f162d58c95e4d76803ddc2437ff9fcfeda04f73832963ebdadb35141114fa1fb01c9e470a81d62184b4a1ca5dcc5707604429016f61aa9a319764002416b52ec974a9e53feb4bdba2082cfb837c4c95f240291c908f573e3193bc1b34bab69894a4d24caa2820c41f5b0402738cfb9e71771f23c8d71764e0e371483f359fce87b7727b35f8dcb3cd3c7d52345c9e74e921c50c12665a2f4231ed543977c95f0efb86b1aa3b99f79dd35f12d97ca14d3cf930e078f9bb27f093e9c75c1aed22a5605a2a912ef8f0c53235836c05296493fb679ed36632bae31e160da279e2dd8b2c9,gx-no-cache=1553526345352 HTTP/1.1" 200 30
186.103.158.250 - - [25/Mar/2019:11:09:22 -0300] "POST /cormun/servlet/solicitudot?gx-no-cache=1553526345405 HTTP/1.1" 200 30
186.103.158.250 - - [25/Mar/2019:11:09:22 -0300] "POST /cormun/servlet/solicitudot?gx-no-cache=1553526345468 HTTP/1.1" 200 1288
186.103.158.250 - - [25/Mar/2019:11:09:22 -0300] "POST /cormun/servlet/solicitudot?gx-no-cache=1553526345527 HTTP/1.1" 200 38
186.103.158.250 - - [25/Mar/2019:11:09:22 -0300] "GET /cormun/servlet/solicitudot?7e949a141d68bbadfd712ceb44d70864a542222cd89ea9225a3e2995be081dda2207abe4255e98702fd6d1874ff14ccbd02ccb4c0ef5beb8ad5e8825093481c740d69ee0a9e0e3f9fe44cafc7cdb63e293c8120e5f65e9f71a1cd756c704a57f53c55540f0726eff5a0386d484eec5ab,gx-no-cache=1553526345565 HTTP/1.1" 200 110
190.171.141.82 - - [25/Mar/2019:11:09:26 -0300] "GET /cormun/servlet/licenciaspermisos?cabcee2c6932780ccef5c42b502cabe3613e6bc25f66972ec1e442d4fa46f61b17081ffa6f44221b95523ec53c369f7c4a4192c12269f0c43c6d3ada814a9845ea043df15fbfa30c3daedf90d7f9133bd4a4e82d2d9d51ce421a09a0e15507188096f947ca985b902bd8199523159216a4c6f8ecff7838c32c95090a03845241,gx-no-cache=1553522745299 HTTP/1.1" 200 88
190.171.141.82 - - [25/Mar/2019:11:09:26 -0300] "POST /cormun/servlet/licenciaspermisos?3ffee5e2e6c6384d315c5d94bfe3a0fa,INS,0,,,,gx-no-cache=1553522745337 HTTP/1.1" 200 5015
190.171.141.82 - - [25/Mar/2019:11:09:26 -0300] "GET /cormun/servlet/licenciaspermisos?cabcee2c6932780ccef5c42b502cabe3e68aa90428bff4256f6364c0b903381e05298e318a5c2b251c4a43b1d209fc46887e11597872049e2dd6bdc78b65671efe1084f295c54c8b296f5809dbd66652729a8f39d7a0068ce08687b20fa48e78dec49c6fdcb675c08524224fd2346c9755a0cc532c5b01ad35f53783f135767cafb7fbc995022bf703332ee55edd50fa21916da70cb36588ed8751edd831d308cea3fe291964f679f753809aae9fc801,gx-no-cache=1553522745483 HTTP/1.1" 200 30
190.171.141.82 - - [25/Mar/2019:11:09:26 -0300] "GET /cormun/servlet/licenciaspermisos?cabcee2c6932780ccef5c42b502cabe3ed7460a88ad970f22285dee2124cae44246bae79b2f7c3513141cd637fdd731cdb2678ea3150c5a1c6bcf5c7c26b66cfedbc7c29a3babed85662e1d1d587adf1f52d9fd92758ddf97c2aef5125e71206a46114fe2c454b02b96e95e51c5c5f5d0302a4b4d646ccfc47a6b706e1fa5f5edf11f05433ee1797ffe38f573e4dba17cc3964f0b5784f67e08d8ff160d233c9526846c1c1848edc754530ed7621dd4a,gx-no-cache=1553522745504 HTTP/1.1" 200 29
190.171.141.82 - - [25/Mar/2019:11:09:26 -0300] "POST /cormun/servlet/licenciaspermisos?3ffee5e2e6c6384d315c5d94bfe3a0fa,INS,0,,,,gx-no-cache=1553522745524 HTTP/1.1" 200 5074
186.103.158.250 - - [25/Mar/2019:11:09:41 -0300] "POST /cormun/servlet/solicitudot?a7a7a1feeae6f91d64731b776e6d1947,INS,0,0,,gx-no-cache=1553526363816 HTTP/1.1" 200 11795
186.103.158.250 - - [25/Mar/2019:11:09:48 -0300] "POST /cormun/servlet/solicitudot?gx-no-cache=1553526370954 HTTP/1.1" 200 3572
186.103.158.250 - - [25/Mar/2019:11:09:48 -0300] "POST /cormun/servlet/solicitudot?a7a7a1feeae6f91d64731b776e6d1947,INS,0,0,,gx-no-cache=1553526371143 HTTP/1.1" 200 11629
186.103.158.250 - - [25/Mar/2019:11:09:48 -0300] "GET /cormun/servlet/solicitudot?7e949a141d68bbadfd712ceb44d70864d1d97dc3ba2a2178c4e6eab4cf8bd1517f1b2a856e7d0c1b861488739ae2b90a,gx-no-cache=1553526371423 HTTP/1.1" 200 30
186.103.158.250 - - [25/Mar/2019:11:09:48 -0300] "GET /cormun/servlet/solicitudot?7e949a141d68bbadfd712ceb44d70864a2abc2cd67242d75f6870d248bac43ff374d31b5ba19781cb6d6d601ea19d4878aa9ba406472bb7daa850ee30c894558,gx-no-cache=1553526371469 HTTP/1.1" 200 30
186.103.158.250 - - [25/Mar/2019:11:09:48 -0300] "GET /cormun/servlet/solicitudot?7e949a141d68bbadfd712ceb44d70864fe89c77b42255d8bde18c282c06480f3,gx-no-cache=1553526371501 HTTP/1.1" 200 29
186.103.158.250 - - [25/Mar/2019:11:09:48 -0300] "POST /cormun/servlet/solicitudot?gx-no-cache=1553526371536 HTTP/1.1" 200 297
186.103.158.250 - - [25/Mar/2019:11:09:48 -0300] "GET /cormun/servlet/solicitudot?7e949a141d68bbadfd712ceb44d70864bb51031662f3e4b8bca4d0e68cfeb8edf70eb01f5ddb19073dc95c6c943d8b423d0691d6cf8d1c36ab4e55db5338f62f57e347d714a932793fce9feeb48edfea0e13c23eb195dad346a1a1b90f8fd0dd48c4c6db4d8b0a82dd42b9348344fe28b1c1b47d915fd902581b6449c0a9bf1adfeac0a8f8ba482f4a6ffe9dc9a337730ea3c856af9d04671361c2afd1d59ae8d80a051be5654238202e3c003e42f162d58c95e4d76803ddc2437ff9fcfeda04f73832963ebdadb35141114fa1fb01c9e470a81d62184b4a1ca5dcc5707604429016f61aa9a319764002416b52ec974a9e53feb4bdba2082cfb837c4c95f240291c908f573e3193bc1b34bab69894a4d24caa2820c41f5b0402738cfb9e71771f23c8d71764e0e371483f359fce87b7727b35f8dcb3cd3c7d52345c9e74e921c50c12665a2f4231ed543977c95f0efb86b1aa3b99f79dd35f12d97ca14d3cf930e078f9bb27f093e9c75c1aed22a56056e24ecf7895e11e4d2425f63cab596b179ed36632bae31e160da279e2dd8b2c9,gx-no-cache=1553526371606 HTTP/1.1" 200 30
186.103.158.250 - - [25/Mar/2019:11:09:48 -0300] "POST /cormun/servlet/solicitudot?gx-no-cache=1553526371644 HTTP/1.1" 200 30
186.103.158.250 - - [25/Mar/2019:11:09:49 -0300] "POST /cormun/servlet/solicitudot?gx-no-cache=1553526371721 HTTP/1.1" 200 1289
186.103.158.250 - - [25/Mar/2019:11:09:49 -0300] "POST /cormun/servlet/solicitudot?gx-no-cache=1553526371775 HTTP/1.1" 200 38
186.103.158.250 - - [25/Mar/2019:11:09:49 -0300] "GET /cormun/servlet/solicitudot?7e949a141d68bbadfd712ceb44d70864a542222cd89ea9225a3e2995be081dda2207abe4255e98702fd6d1874ff14ccbd02ccb4c0ef5beb8ad5e8825093481c740d69ee0a9e0e3f9fe44cafc7cdb63e293c8120e5f65e9f71a1cd756c704a57f53c55540f0726eff5a0386d484eec5ab,gx-no-cache=1553526371809 HTTP/1.1" 200 110
186.103.158.250 - - [25/Mar/2019:11:09:53 -0300] "POST /cormun/servlet/solicitudot?gx-no-cache=1553526375932 HTTP/1.1" 200 72
186.103.158.250 - - [25/Mar/2019:11:09:58 -0300] "POST /cormun/servlet/solicitudot?a7a7a1feeae6f91d64731b776e6d1947,INS,0,0,,gx-no-cache=1553526381353 HTTP/1.1" 200 12011
186.103.158.250 - - [25/Mar/2019:11:10:13 -0300] "POST /cormun/servlet/solicitudot?a7a7a1feeae6f91d64731b776e6d1947,INS,0,0,,gx-no-cache=1553526396384 HTTP/1.1" 200 11963
186.103.158.250 - - [25/Mar/2019:11:10:16 -0300] "POST /cormun/servlet/solicitudot?gx-no-cache=1553526398926 HTTP/1.1" 200 3545
186.103.158.250 - - [25/Mar/2019:11:10:16 -0300] "POST /cormun/servlet/solicitudot?a7a7a1feeae6f91d64731b776e6d1947,INS,0,0,,gx-no-cache=1553526399070 HTTP/1.1" 200 11829
186.103.158.250 - - [25/Mar/2019:11:10:21 -0300] "GET /cormun/servlet/solicitudot?7e949a141d68bbadfd712ceb44d70864cba65effceddf7e11e1cf74c6c7ea72a3806e62201e0329e17c87d128a2d1fba,gx-no-cache=1553526403688 HTTP/1.1" 200 30
186.103.156.24 - - [25/Mar/2019:11:10:26 -0300] "GET /cormun/servlet/solicitudot?21e66dd1555c0d09288e5555ece104e370aef6da9a0813d8f992ce4662d203134646a782118d13b9bea657730f9dc003fbaacd9918bd7a9195ee2b204843a4f404677bc9ca42c5145782e921933bc43db2a8a06ae3396de656c5ed8be2affb84ce0c44d896a4bfeb04bcaf13cd3b1d01,gx-no-cache=1553522805418 HTTP/1.1" 200 29
186.103.156.24 - - [25/Mar/2019:11:10:26 -0300] "GET /cormun/static/menuarrow.gif HTTP/1.1" 404 1015
186.103.156.24 - - [25/Mar/2019:11:10:31 -0300] "GET /cormun/servlet/solicitudot?21e66dd1555c0d09288e5555ece104e35cd5b5408ccf66671656be74af5cd927464397da56f5fbc36aaaa9aec2619a81,gx-no-cache=1553522810785 HTTP/1.1" 200 30
186.103.159.189 - - [25/Mar/2019:11:10:38 -0300] "GET /cormun/servlet/hlogin HTTP/1.1" 200 1722
186.103.159.189 - - [25/Mar/2019:11:10:44 -0300] "GET /cormun/servlet/hlogin HTTP/1.1" 200 1732
186.103.158.250 - - [25/Mar/2019:11:10:48 -0300] "POST /cormun/servlet/solicitudot?gx-no-cache=1553526430919 HTTP/1.1" 200 3568
186.103.158.250 - - [25/Mar/2019:11:10:48 -0300] "POST /cormun/servlet/solicitudot?a7a7a1feeae6f91d64731b776e6d1947,INS,0,0,,gx-no-cache=1553526431143 HTTP/1.1" 200 11991
186.103.159.189 - - [25/Mar/2019:11:10:52 -0300] "POST /cormun/servlet/hlogin?85f5c94b2f82e49c4b25b87de761a9b1,gx-no-cache=1553522832092 HTTP/1.1" 200 90
186.103.159.189 - - [25/Mar/2019:11:10:52 -0300] "GET /cormun/servlet/hpexe_link HTTP/1.1" 200 953
186.103.159.189 - - [25/Mar/2019:11:10:53 -0300] "GET /cormun/servlet/hhome HTTP/1.1" 200 4052
186.103.159.189 - - [25/Mar/2019:11:10:58 -0300] "GET /cormun/servlet/hhome HTTP/1.1" 200 4048
186.103.159.189 - - [25/Mar/2019:11:11:52 -0300] "GET /cormun/servlet/trcontratoobservacion? HTTP/1.1" 200 8486
186.103.159.189 - - [25/Mar/2019:11:11:53 -0300] "GET /cormun/static/gxcfg.js?2017525126861 HTTP/1.1" 200 953
186.103.159.189 - - [25/Mar/2019:11:11:53 -0300] "GET /cormun/static/trcontratoobservacion.js?20175251261223 HTTP/1.1" 200 25148
186.103.159.189 - - [25/Mar/2019:11:11:56 -0300] "GET /cormun/servlet/trcontratoobservacion? HTTP/1.1" 200 8484
186.103.159.189 - - [25/Mar/2019:11:12:09 -0300] "GET /cormun/servlet/trvisualizadoreventos? HTTP/1.1" 200 6782
186.103.159.189 - - [25/Mar/2019:11:12:09 -0300] "GET /cormun/static/gxcfg.js?20175251251426 HTTP/1.1" 200 953
186.103.159.189 - - [25/Mar/2019:11:12:10 -0300] "GET /cormun/static/Resources/PXToolsActionPrint.png HTTP/1.1" 200 3317
186.103.159.189 - - [25/Mar/2019:11:12:10 -0300] "GET /cormun/static/trvisualizadoreventos.js?20175251251768 HTTP/1.1" 200 19318
186.103.159.189 - - [25/Mar/2019:11:12:12 -0300] "GET /cormun/servlet/trvisualizadoreventos? HTTP/1.1" 200 6781
186.103.159.189 - - [25/Mar/2019:11:12:29 -0300] "GET /cormun/static/menuarrow.gif HTTP/1.1" 404 1015
186.103.159.189 - - [25/Mar/2019:11:12:35 -0300] "POST /cormun/servlet/trvisualizadoreventos?85f5c94b2f82e49c4b25b87de761a9b1,,gx-no-cache=1553522934682 HTTP/1.1" 200 6425
186.103.159.189 - - [25/Mar/2019:11:12:48 -0300] "GET /cormun/servlet/trsolicitudot? HTTP/1.1" 200 9101
186.103.159.189 - - [25/Mar/2019:11:12:48 -0300] "GET /cormun/static/calendar-system.css?85620 HTTP/1.1" 200 5572
186.103.159.189 - - [25/Mar/2019:11:12:48 -0300] "GET /cormun/static/gxcfg.js?2017111422585916 HTTP/1.1" 200 953
186.103.159.189 - - [25/Mar/2019:11:12:48 -0300] "GET /cormun/static/gxui/gxui-all.css?120300 HTTP/1.1" 200 2179
186.103.159.189 - - [25/Mar/2019:11:12:49 -0300] "GET /cormun/static/trsolicitudot.js?201711142259839 HTTP/1.1" 200 54041
186.103.159.189 - - [25/Mar/2019:11:12:49 -0300] "GET /cormun/static/Resources/Spanish/PXTools.css?1255365 HTTP/1.1" 200 89042
186.103.159.189 - - [25/Mar/2019:11:12:49 -0300] "GET /cormun/static/Shared/ext/resources/css/ext-all.css?215870 HTTP/1.1" 200 416045
186.103.159.189 - - [25/Mar/2019:11:12:52 -0300] "GET /cormun//static/Resources/PXToolsActionView.png HTTP/1.1" 200 2995
186.103.159.189 - - [25/Mar/2019:11:12:52 -0300] "GET /cormun/servlet/trsolicitudot? HTTP/1.1" 200 9100
186.103.159.189 - - [25/Mar/2019:11:12:52 -0300] "GET /cormun//static/Resources/PXToolsRemoveAllAction.png HTTP/1.1" 200 3558
186.103.159.189 - - [25/Mar/2019:11:13:04 -0300] "POST /cormun/servlet/trsolicitudot?85f5c94b2f82e49c4b25b87de761a9b1,,gx-no-cache=1553522964174 HTTP/1.1" 200 107
186.103.159.189 - - [25/Mar/2019:11:13:04 -0300] "GET /cormun/servlet/trsolicitudadjuntos?2019,14824, HTTP/1.1" 200 8959
186.103.159.189 - - [25/Mar/2019:11:13:05 -0300] "GET /cormun/static/gxcfg.js?20177612135366 HTTP/1.1" 200 953
186.103.159.189 - - [25/Mar/2019:11:13:05 -0300] "GET /cormun/static/trsolicitudadjuntos.js?20177612135632 HTTP/1.1" 200 17922
186.103.159.189 - - [25/Mar/2019:11:13:07 -0300] "GET /cormun/servlet/trsolicitudadjuntos?2019,14824, HTTP/1.1" 200 8962
190.171.141.82 - - [25/Mar/2019:11:13:10 -0300] "POST /cormun/servlet/licenciaspermisos?3ffee5e2e6c6384d315c5d94bfe3a0fa,INS,0,,,,gx-no-cache=1553522969275 HTTP/1.1" 200 90
190.171.141.82 - - [25/Mar/2019:11:13:10 -0300] "GET /cormun/servlet/hpexe_link HTTP/1.1" 200 962
190.171.141.82 - - [25/Mar/2019:11:13:10 -0300] "GET /cormun/servlet/trlicencias HTTP/1.1" 200 10186
190.171.141.82 - - [25/Mar/2019:11:13:12 -0300] "GET /cormun/servlet/trlicencias HTTP/1.1" 200 10160
186.103.159.189 - - [25/Mar/2019:11:13:26 -0300] "GET /cormun/servlet/solicitudotadjuntos?INS,2019,14824,,1, HTTP/1.1" 200 6103
186.103.159.189 - - [25/Mar/2019:11:13:26 -0300] "GET /cormun/static/gxcfg.js?2017761244068 HTTP/1.1" 200 953
186.103.159.189 - - [25/Mar/2019:11:13:26 -0300] "GET /cormun/static/solicitudotadjuntos.js?2017761244086 HTTP/1.1" 200 11771
186.103.159.189 - - [25/Mar/2019:11:13:27 -0300] "GET /cormun/static/about:blank HTTP/1.1" 404 1011
186.103.159.189 - - [25/Mar/2019:11:13:28 -0300] "GET /cormun/servlet/solicitudotadjuntos?INS,2019,14824,,1, HTTP/1.1" 200 6096
186.103.159.189 - - [25/Mar/2019:11:13:29 -0300] "GET /cormun/servlet/solicitudotadjuntos?4e2e30bcc1b8948a20d35b28ad00eed6f375cbac11622ec794df84fce148d5606194e94daa7ad85d9db7320b51823c04,gx-no-cache=1553522988482 HTTP/1.1" 200 30
186.103.159.189 - - [25/Mar/2019:11:13:29 -0300] "POST /cormun/servlet/solicitudotadjuntos?85f5c94b2f82e49c4b25b87de761a9b1,INS,2019,14824,,1,,gx-no-cache=1553522988766 HTTP/1.1" 200 3886
186.103.159.189 - - [25/Mar/2019:11:13:35 -0300] "POST /cormun/servlet/solicitudotadjuntos?gx-no-cache=1553522995257 HTTP/1.1" 200 26
186.103.159.189 - - [25/Mar/2019:11:13:56 -0300] "GET /cormun/servlet/solicitudotadjuntos?4e2e30bcc1b8948a20d35b28ad00eed65838eecc3dc5c1760d9fac8cee706d94,gx-no-cache=1553523016283 HTTP/1.1" 200 30
186.103.159.189 - - [25/Mar/2019:11:13:56 -0300] "GET /cormun/servlet/solicitudotadjuntos?4e2e30bcc1b8948a20d35b28ad00eed65838eecc3dc5c1760d9fac8cee706d94,gx-no-cache=1553523016384 HTTP/1.1" 200 30
186.103.159.189 - - [25/Mar/2019:11:13:57 -0300] "POST /cormun/servlet/solicitudotadjuntos?85f5c94b2f82e49c4b25b87de761a9b1,INS,2019,14824,,1, HTTP/1.1" 200 116
186.103.159.189 - - [25/Mar/2019:11:13:58 -0300] "GET /cormun/servlet/hpexe_return? HTTP/1.1" 200 1028
186.103.159.189 - - [25/Mar/2019:11:13:59 -0300] "GET /cormun/servlet/trsolicitudadjuntos?2019,14824, HTTP/1.1" 200 9183
186.103.159.189 - - [25/Mar/2019:11:14:01 -0300] "GET /cormun/servlet/trsolicitudadjuntos?2019,14824, HTTP/1.1" 200 9181
186.103.159.189 - - [25/Mar/2019:11:14:04 -0300] "GET /cormun/servlet/solicitudotadjuntos?INS,2019,14824,,1, HTTP/1.1" 200 6103
186.103.159.189 - - [25/Mar/2019:11:14:06 -0300] "GET /cormun/servlet/solicitudotadjuntos?INS,2019,14824,,1, HTTP/1.1" 200 6097
186.103.159.189 - - [25/Mar/2019:11:14:06 -0300] "GET /cormun/static/about:blank HTTP/1.1" 404 1011
186.103.159.189 - - [25/Mar/2019:11:14:06 -0300] "GET /cormun/servlet/solicitudotadjuntos?4e2e30bcc1b8948a20d35b28ad00eed6f375cbac11622ec794df84fce148d5606194e94daa7ad85d9db7320b51823c04,gx-no-cache=1553523026308 HTTP/1.1" 200 30
186.103.159.189 - - [25/Mar/2019:11:14:06 -0300] "POST /cormun/servlet/solicitudotadjuntos?85f5c94b2f82e49c4b25b87de761a9b1,INS,2019,14824,,1,,gx-no-cache=1553523026421 HTTP/1.1" 200 3886
186.103.159.189 - - [25/Mar/2019:11:14:18 -0300] "POST /cormun/servlet/solicitudotadjuntos?gx-no-cache=1553523037995 HTTP/1.1" 200 26
186.103.159.189 - - [25/Mar/2019:11:14:27 -0300] "GET /cormun/servlet/solicitudotadjuntos?4e2e30bcc1b8948a20d35b28ad00eed65838eecc3dc5c1760d9fac8cee706d94,gx-no-cache=1553523047032 HTTP/1.1" 200 30
186.103.159.189 - - [25/Mar/2019:11:14:27 -0300] "GET /cormun/servlet/solicitudotadjuntos?4e2e30bcc1b8948a20d35b28ad00eed65838eecc3dc5c1760d9fac8cee706d94,gx-no-cache=1553523047208 HTTP/1.1" 200 30
186.103.159.189 - - [25/Mar/2019:11:14:29 -0300] "POST /cormun/servlet/solicitudotadjuntos?85f5c94b2f82e49c4b25b87de761a9b1,INS,2019,14824,,1, HTTP/1.1" 200 116
186.103.159.189 - - [25/Mar/2019:11:14:29 -0300] "GET /cormun/servlet/hpexe_return? HTTP/1.1" 200 1028
186.103.159.189 - - [25/Mar/2019:11:14:30 -0300] "GET /cormun/servlet/trsolicitudadjuntos?2019,14824, HTTP/1.1" 200 9410
186.103.159.189 - - [25/Mar/2019:11:14:32 -0300] "GET /cormun/servlet/trsolicitudadjuntos?2019,14824, HTTP/1.1" 200 9411
186.103.159.189 - - [25/Mar/2019:11:14:34 -0300] "GET /cormun/servlet/solicitudotadjuntos?INS,2019,14824,,1, HTTP/1.1" 200 6103
186.103.159.189 - - [25/Mar/2019:11:14:36 -0300] "GET /cormun/static/about:blank HTTP/1.1" 404 1011
186.103.159.189 - - [25/Mar/2019:11:14:36 -0300] "GET /cormun/servlet/solicitudotadjuntos?INS,2019,14824,,1, HTTP/1.1" 200 6097
186.103.159.189 - - [25/Mar/2019:11:14:37 -0300] "GET /cormun/servlet/solicitudotadjuntos?4e2e30bcc1b8948a20d35b28ad00eed6f375cbac11622ec794df84fce148d5606194e94daa7ad85d9db7320b51823c04,gx-no-cache=1553523056753 HTTP/1.1" 200 30
186.103.159.189 - - [25/Mar/2019:11:14:37 -0300] "POST /cormun/servlet/solicitudotadjuntos?85f5c94b2f82e49c4b25b87de761a9b1,INS,2019,14824,,1,,gx-no-cache=1553523056830 HTTP/1.1" 200 3886
186.103.159.189 - - [25/Mar/2019:11:14:47 -0300] "POST /cormun/servlet/solicitudotadjuntos?gx-no-cache=1553523067517 HTTP/1.1" 200 26
186.103.156.24 - - [25/Mar/2019:11:14:52 -0300] "GET /cormun/servlet/solicitudot?21e66dd1555c0d09288e5555ece104e35308bee12c22a8600240ed98096d7a9d19ee390604109c1be924f19fb65ec397b6eb80754b2bf6834dfc495028cc0d3a6deb33814a8c0ea995c6ca277afa362994b490efb024d1f72c6f3d6c6ead91914349b1c391caf5d61929788283045a19de2a953bc96210ac462499c135e8b8a355090e5f4e2c7b257c4790f872967223b958b4cfd2ac0052025a898753336591df0095ea5c5c8333e5d8298bf549724eeb5ed6532fcf88154ae48fed900196197815d4331873f69b37494931e77c447f129c8b37b447ad4506687d5ddcbc8476e7c1e7328b7f79648a9af7718676629e59402314956b341f85477d4622c5cd7d88b96d4afbcb76f118a0a642c384ad5498e2c57bb1ae7748eeeffd0cc2162c54b0bfdf50d4e010c8bdd14e98260aa979287f60ec0b8657e612b2052707f7506e0f24d455cff1db47663fdd88bb5b54c421883ecdcfd71905be4ebb6781760a872d6403a1c6417aa9bef187ec2149b3856ee488b7a33c49e016ee78cb82640b42,gx-no-cache=1553523071572 HTTP/1.1" 200 30
186.103.156.24 - - [25/Mar/2019:11:14:52 -0300] "POST /cormun/servlet/solicitudot?gx-no-cache=1553523071611 HTTP/1.1" 200 30
186.103.156.24 - - [25/Mar/2019:11:14:52 -0300] "POST /cormun/servlet/solicitudot?gx-no-cache=1553523072176 HTTP/1.1" 200 1288
186.103.156.24 - - [25/Mar/2019:11:14:52 -0300] "POST /cormun/servlet/solicitudot?gx-no-cache=1553523072222 HTTP/1.1" 200 40
186.103.156.24 - - [25/Mar/2019:11:14:52 -0300] "GET /cormun/servlet/solicitudot?21e66dd1555c0d09288e5555ece104e35fea2456c98367c6a42e344fb0bc3e96a897ef9ec0f252ba0418c179370a1106fd78387fcbb174e1dce1cbd8d10212ab906ae621adf77de3a44e1e605fbe97066a8c612736f2669a8c6c52165d92845690d63dcd135c6608d9a2226c029a4282,gx-no-cache=1553523072246 HTTP/1.1" 200 110
186.103.156.24 - - [25/Mar/2019:11:14:52 -0300] "POST /cormun/servlet/solicitudot?gx-no-cache=1553523072271 HTTP/1.1" 200 109
186.103.156.24 - - [25/Mar/2019:11:14:52 -0300] "POST /cormun/servlet/solicitudot?gx-no-cache=1553523072334 HTTP/1.1" 200 30
186.103.156.24 - - [25/Mar/2019:11:14:53 -0300] "POST /cormun/servlet/solicitudot?ff4097f2d491bee468c174ea36da0498,INS,0,0,,gx-no-cache=1553523072368 HTTP/1.1" 200 93
186.103.156.24 - - [25/Mar/2019:11:14:53 -0300] "GET /cormun/servlet/hpexe_return? HTTP/1.1" 200 1009
186.103.156.24 - - [25/Mar/2019:11:14:53 -0300] "GET /cormun/servlet/trsolicitudot HTTP/1.1" 200 8908
186.103.156.24 - - [25/Mar/2019:11:14:54 -0300] "GET /cormun/servlet/trsolicitudot HTTP/1.1" 200 8906
186.103.159.189 - - [25/Mar/2019:11:14:56 -0300] "GET /cormun/servlet/solicitudotadjuntos?4e2e30bcc1b8948a20d35b28ad00eed65838eecc3dc5c1760d9fac8cee706d94,gx-no-cache=1553523076089 HTTP/1.1" 200 30
186.103.159.189 - - [25/Mar/2019:11:14:56 -0300] "GET /cormun/servlet/solicitudotadjuntos?4e2e30bcc1b8948a20d35b28ad00eed65838eecc3dc5c1760d9fac8cee706d94,gx-no-cache=1553523076151 HTTP/1.1" 200 30
186.103.159.189 - - [25/Mar/2019:11:14:56 -0300] "POST /cormun/servlet/solicitudotadjuntos?85f5c94b2f82e49c4b25b87de761a9b1,INS,2019,14824,,1, HTTP/1.1" 200 116
186.103.159.189 - - [25/Mar/2019:11:14:57 -0300] "GET /cormun/servlet/hpexe_return? HTTP/1.1" 200 1028
186.103.159.189 - - [25/Mar/2019:11:14:57 -0300] "GET /cormun/servlet/trsolicitudadjuntos?2019,14824, HTTP/1.1" 200 9658
186.103.159.189 - - [25/Mar/2019:11:15:00 -0300] "GET /cormun/servlet/trsolicitudadjuntos?2019,14824, HTTP/1.1" 200 9659
186.103.159.189 - - [25/Mar/2019:11:15:03 -0300] "GET /cormun/servlet/solicitudotadjuntos?INS,2019,14824,,1, HTTP/1.1" 200 6101
186.103.159.189 - - [25/Mar/2019:11:15:05 -0300] "GET /cormun/static/about:blank HTTP/1.1" 404 1011
186.103.159.189 - - [25/Mar/2019:11:15:05 -0300] "GET /cormun/servlet/solicitudotadjuntos?INS,2019,14824,,1, HTTP/1.1" 200 6095
186.103.159.189 - - [25/Mar/2019:11:15:06 -0300] "GET /cormun/servlet/solicitudotadjuntos?4e2e30bcc1b8948a20d35b28ad00eed6f375cbac11622ec794df84fce148d5606194e94daa7ad85d9db7320b51823c04,gx-no-cache=1553523085783 HTTP/1.1" 200 30
