190.171.141.82 - - [25/Mar/2019:10:40:19 -0300] "GET /cormun/servlet/licenciaspermisos?cabcee2c6932780ccef5c42b502cabe3e68aa90428bff4256f6364c0b903381e05298e318a5c2b251c4a43b1d209fc46887e11597872049e2dd6bdc78b65671efe1084f295c54c8b296f5809dbd66652729a8f39d7a0068ce08687b20fa48e78dec49c6fdcb675c08524224fd2346c9755a0cc532c5b01ad35f53783f135767cafb7fbc995022bf703332ee55edd50fa21916da70cb36588ed8751edd831d308cea3fe291964f679f753809aae9fc801,gx-no-cache=1553520998501 HTTP/1.1" 200 30
190.171.141.82 - - [25/Mar/2019:10:40:19 -0300] "GET /cormun/servlet/licenciaspermisos?cabcee2c6932780ccef5c42b502cabe3ed7460a88ad970f22285dee2124cae44246bae79b2f7c3513141cd637fdd731cdb2678ea3150c5a1c6bcf5c7c26b66cfedbc7c29a3babed85662e1d1d587adf1f52d9fd92758ddf97c2aef5125e71206a46114fe2c454b02b96e95e51c5c5f5d0302a4b4d646ccfc47a6b706e1fa5f5edf11f05433ee1797ffe38f573e4dba17cc3964f0b5784f67e08d8ff160d233c9526846c1c1848edc754530ed7621dd4a,gx-no-cache=1553520998533 HTTP/1.1" 200 29
190.171.141.82 - - [25/Mar/2019:10:40:19 -0300] "POST /cormun/servlet/licenciaspermisos?3ffee5e2e6c6384d315c5d94bfe3a0fa,INS,0,,,,gx-no-cache=1553520998555 HTTP/1.1" 200 5074
190.171.141.82 - - [25/Mar/2019:10:40:25 -0300] "GET /cormun/servlet/prfichaempleado?,MD,,gxPopupLevel%3D0%3B HTTP/1.1" 200 9434
190.171.141.82 - - [25/Mar/2019:10:40:27 -0300] "GET /cormun/static/gxcfg.js?20177612134814 HTTP/1.1" 200 953
190.171.141.82 - - [25/Mar/2019:10:40:27 -0300] "GET /cormun/static/prfichaempleado.js?20177612134999 HTTP/1.1" 200 16006
190.171.141.82 - - [25/Mar/2019:10:40:32 -0300] "POST /cormun/servlet/prfichaempleado?3ffee5e2e6c6384d315c5d94bfe3a0fa,,MD,,gxPopupLevel%3D0%3B,gx-no-cache=1553521011762 HTTP/1.1" 200 6090
190.171.141.82 - - [25/Mar/2019:10:40:39 -0300] "POST /cormun/servlet/prfichaempleado?3ffee5e2e6c6384d315c5d94bfe3a0fa,,MD,,gxPopupLevel%3D0%3B,gx-no-cache=1553521018345 HTTP/1.1" 200 3415
190.171.141.82 - - [25/Mar/2019:10:40:42 -0300] "GET /cormun/servlet/licenciaspermisos?cabcee2c6932780ccef5c42b502cabe3613e6bc25f66972ec1e442d4fa46f61b17081ffa6f44221b95523ec53c369f7c4a4192c12269f0c43c6d3ada814a9845ea043df15fbfa30c3daedf90d7f9133bd4a4e82d2d9d51ce421a09a0e15507188096f947ca985b902bd8199523159216a4c6f8ecff7838c32c95090a03845241,gx-no-cache=1553521021286 HTTP/1.1" 200 88
190.171.141.82 - - [25/Mar/2019:10:40:42 -0300] "POST /cormun/servlet/licenciaspermisos?3ffee5e2e6c6384d315c5d94bfe3a0fa,INS,0,,,,gx-no-cache=1553521021313 HTTP/1.1" 200 5014
190.171.141.82 - - [25/Mar/2019:10:40:42 -0300] "GET /cormun/servlet/licenciaspermisos?cabcee2c6932780ccef5c42b502cabe3e68aa90428bff4256f6364c0b903381e05298e318a5c2b251c4a43b1d209fc46887e11597872049e2dd6bdc78b65671efe1084f295c54c8b296f5809dbd66652729a8f39d7a0068ce08687b20fa48e78dec49c6fdcb675c08524224fd2346c9755a0cc532c5b01ad35f53783f135767cafb7fbc995022bf703332ee55edd50fa21916da70cb36588ed8751edd831d308cea3fe291964f679f753809aae9fc801,gx-no-cache=1553521021431 HTTP/1.1" 200 30
190.171.141.82 - - [25/Mar/2019:10:40:42 -0300] "GET /cormun/servlet/licenciaspermisos?cabcee2c6932780ccef5c42b502cabe3ed7460a88ad970f22285dee2124cae44246bae79b2f7c3513141cd637fdd731cdb2678ea3150c5a1c6bcf5c7c26b66cfedbc7c29a3babed85662e1d1d587adf1f52d9fd92758ddf97c2aef5125e71206a46114fe2c454b02b96e95e51c5c5f5d0302a4b4d646ccfc47a6b706e1fa5f5edf11f05433ee1797ffe38f573e4dba17cc3964f0b5784f67e08d8ff160d233c9526846c1c1848edc754530ed7621dd4a,gx-no-cache=1553521021561 HTTP/1.1" 200 29
190.171.141.82 - - [25/Mar/2019:10:40:42 -0300] "POST /cormun/servlet/licenciaspermisos?3ffee5e2e6c6384d315c5d94bfe3a0fa,INS,0,,,,gx-no-cache=1553521021590 HTTP/1.1" 200 5074
190.171.141.82 - - [25/Mar/2019:10:40:50 -0300] "GET /cormun/servlet/trlicencias? HTTP/1.1" 200 9914
190.171.141.82 - - [25/Mar/2019:10:40:51 -0300] "GET /cormun/servlet/trlicencias? HTTP/1.1" 200 9906
190.171.141.82 - - [25/Mar/2019:10:40:58 -0300] "GET /cormun/servlet/licenciaspermisos?INS,0,,, HTTP/1.1" 200 7881
190.171.141.82 - - [25/Mar/2019:10:40:58 -0300] "GET /cormun/servlet/licenciaspermisos?INS,0,,, HTTP/1.1" 200 7889
186.103.159.186 - - [25/Mar/2019:10:41:07 -0300] "GET /cormun/servlet/solicitudot?INS,0,0, HTTP/1.1" 200 14876
190.171.141.82 - - [25/Mar/2019:10:41:07 -0300] "GET /cormun/servlet/licenciaspermisos?cabcee2c6932780ccef5c42b502cabe3613e6bc25f66972ec1e442d4fa46f61b524364b0ab016f2481e8d5d3817b35f9,gx-no-cache=1553521046678 HTTP/1.1" 200 88
190.171.141.82 - - [25/Mar/2019:10:41:07 -0300] "POST /cormun/servlet/licenciaspermisos?3ffee5e2e6c6384d315c5d94bfe3a0fa,INS,0,,,,gx-no-cache=1553521046783 HTTP/1.1" 200 4954
186.103.159.186 - - [25/Mar/2019:10:41:09 -0300] "GET /cormun/servlet/solicitudot?INS,0,0, HTTP/1.1" 200 14881
186.103.159.186 - - [25/Mar/2019:10:41:17 -0300] "POST /cormun/servlet/solicitudot?gx-no-cache=1553521058363 HTTP/1.1" 200 3572
190.171.141.82 - - [25/Mar/2019:10:41:17 -0300] "GET /cormun/static/menuarrow.gif HTTP/1.1" 404 1015
186.103.159.186 - - [25/Mar/2019:10:41:17 -0300] "POST /cormun/servlet/solicitudot?ae7b3d345f529243944af062ff91736b,INS,0,0,,gx-no-cache=1553521058800 HTTP/1.1" 200 11774
192.168.10.96 - - [25/Mar/2019:10:41:26 -0300] "GET /cormun/servlet/trsolicitudgral? HTTP/1.1" 200 8326
192.168.10.96 - - [25/Mar/2019:10:41:26 -0300] "GET /cormun/servlet/trsolicitudgral? HTTP/1.1" 200 8326
192.168.10.96 - - [25/Mar/2019:10:41:30 -0300] "POST /cormun/servlet/trsolicitudgral?b4f962daa74fcfc5d672719194deb928,,gx-no-cache=1553528092655 HTTP/1.1" 200 5269
190.171.141.82 - - [25/Mar/2019:10:41:33 -0300] "GET /cormun/servlet/licenciaspermisos?cabcee2c6932780ccef5c42b502cabe3e68aa90428bff4256f6364c0b903381e05298e318a5c2b251c4a43b1d209fc46887e11597872049e2dd6bdc78b65671efe1084f295c54c8b296f5809dbd66652729a8f39d7a0068ce08687b20fa48e78dec49c6fdcb675c08524224fd2346c9755a0cc532c5b01ad35f53783f135767cafb7fbc995022bf703332ee55edd50fa21916da70cb36588ed8751edd831d308cea3fe291964f679f753809aae9fc801,gx-no-cache=1553521072185 HTTP/1.1" 200 30
190.171.141.82 - - [25/Mar/2019:10:41:33 -0300] "GET /cormun/servlet/licenciaspermisos?cabcee2c6932780ccef5c42b502cabe3ed7460a88ad970f22285dee2124cae44246bae79b2f7c3513141cd637fdd731cdb2678ea3150c5a1c6bcf5c7c26b66cfedbc7c29a3babed85662e1d1d587adf1f52d9fd92758ddf97c2aef5125e71206a46114fe2c454b02b96e95e51c5c5f5d0302a4b4d646ccfc47a6b706e1fa5f5edf11f05433ee1797ffe38f573e4dba17cc3964f0b5784f67e08d8ff160d233c9526846c1c1848edc754530ed7621dd4a,gx-no-cache=1553521072207 HTTP/1.1" 200 29
190.171.141.82 - - [25/Mar/2019:10:41:33 -0300] "POST /cormun/servlet/licenciaspermisos?3ffee5e2e6c6384d315c5d94bfe3a0fa,INS,0,,,,gx-no-cache=1553521072229 HTTP/1.1" 200 5074
190.171.141.82 - - [25/Mar/2019:10:41:33 -0300] "GET /cormun/static/Shared/jqueryui/images/ui-bg_highlight-soft_100_c6c2c8_1x100.png HTTP/1.1" 404 1117
190.171.141.82 - - [25/Mar/2019:10:41:33 -0300] "GET /cormun/static/Shared/jqueryui/images/ui-bg_flat_55_994d53_40x100.png HTTP/1.1" 404 1097
190.171.141.82 - - [25/Mar/2019:10:41:33 -0300] "GET /cormun/static/Shared/jqueryui/images/ui-icons_ebccce_256x240.png HTTP/1.1" 404 1089
190.171.141.82 - - [25/Mar/2019:10:41:33 -0300] "GET /cormun/static/Shared/jqueryui/images/ui-icons_82798d_256x240.png HTTP/1.1" 404 1089
192.168.10.96 - - [25/Mar/2019:10:41:33 -0300] "POST /cormun/servlet/trsolicitudgral?b4f962daa74fcfc5d672719194deb928,,gx-no-cache=1553528095901 HTTP/1.1" 200 7419
192.168.10.96 - - [25/Mar/2019:10:41:44 -0300] "GET /cormun/servlet/hlogin HTTP/1.1" 200 1738
192.168.10.96 - - [25/Mar/2019:10:41:50 -0300] "POST /cormun/servlet/hlogin?b4f962daa74fcfc5d672719194deb928,gx-no-cache=1553528112709 HTTP/1.1" 200 452
192.168.10.96 - - [25/Mar/2019:10:41:52 -0300] "POST /cormun/servlet/hlogin?b4f962daa74fcfc5d672719194deb928,gx-no-cache=1553528114739 HTTP/1.1" 200 90
192.168.10.96 - - [25/Mar/2019:10:41:52 -0300] "GET /cormun/servlet/hpexe_link HTTP/1.1" 200 947
192.168.10.96 - - [25/Mar/2019:10:41:52 -0300] "GET /cormun/servlet/hhome HTTP/1.1" 200 4305
192.168.10.96 - - [25/Mar/2019:10:41:52 -0300] "GET /cormun/servlet/hhome HTTP/1.1" 200 4301
192.168.10.96 - - [25/Mar/2019:10:41:54 -0300] "GET /cormun/servlet/trsolicitudot? HTTP/1.1" 200 7525
192.168.10.96 - - [25/Mar/2019:10:41:54 -0300] "GET /cormun/servlet/trsolicitudot? HTTP/1.1" 200 7524
192.168.10.96 - - [25/Mar/2019:10:42:00 -0300] "GET /cormun/servlet/solicitudot?INS,0,0, HTTP/1.1" 200 15153
192.168.10.96 - - [25/Mar/2019:10:42:00 -0300] "GET /cormun/servlet/solicitudot?INS,0,0, HTTP/1.1" 200 15157
192.168.10.96 - - [25/Mar/2019:10:42:04 -0300] "GET /cormun/servlet/prfichaempleado?,MD,,gxPopupLevel%3D0%3B HTTP/1.1" 200 9397
192.168.10.96 - - [25/Mar/2019:10:42:09 -0300] "POST /cormun/servlet/prfichaempleado?b4f962daa74fcfc5d672719194deb928,,MD,,gxPopupLevel%3D0%3B,gx-no-cache=1553528131734 HTTP/1.1" 200 3937
192.168.10.96 - - [25/Mar/2019:10:42:13 -0300] "POST /cormun/servlet/solicitudot?gx-no-cache=1553528135607 HTTP/1.1" 200 3581
192.168.10.96 - - [25/Mar/2019:10:42:13 -0300] "POST /cormun/servlet/solicitudot?b4f962daa74fcfc5d672719194deb928,INS,0,0,,gx-no-cache=1553528135744 HTTP/1.1" 200 11993
192.168.10.96 - - [25/Mar/2019:10:42:14 -0300] "GET /cormun/servlet/solicitudot?7ab721ec1f929cd05cbcad3f68994f5eeb88892b55612ffa50d8a1ce886b105408426ff864c45392c7c6190eec4a4646,gx-no-cache=1553528137048 HTTP/1.1" 200 30
192.168.10.96 - - [25/Mar/2019:10:42:14 -0300] "GET /cormun/servlet/solicitudot?7ab721ec1f929cd05cbcad3f68994f5ea0b19135419664dacb086a368cd07baf8263d1d5682dd55bf74fe87bc83e51d522984297645a717bee05aa78cb8bd476,gx-no-cache=1553528137119 HTTP/1.1" 200 30
192.168.10.96 - - [25/Mar/2019:10:42:14 -0300] "GET /cormun/servlet/solicitudot?7ab721ec1f929cd05cbcad3f68994f5e03546e1102c3d8d7baf1bd27862daca4,gx-no-cache=1553528137136 HTTP/1.1" 200 53
192.168.10.96 - - [25/Mar/2019:10:42:14 -0300] "POST /cormun/servlet/solicitudot?gx-no-cache=1553528137157 HTTP/1.1" 200 255
192.168.10.96 - - [25/Mar/2019:10:42:14 -0300] "GET /cormun/servlet/solicitudot?7ab721ec1f929cd05cbcad3f68994f5e89d9baa2c214da4a8357d04897caf382f6a0228c635833582d67c25f07be106a4e291e05fbbd7f1335855f6480a6f7d928dad705b394c45041aee75f6b3da44821015c0f9278cdb6789b6a6f20c248d7672f9f5a53eb5436b5c805d22d5d18047a90e631e8c5f5fb7eb18ca9db430d5e7a70a28b151e87cc3671a517c7b0e823fcb83401d03c477f2930037dec905b61f95207a666335c9f370def5623479cc09a408198982f625f93ab67ab51a12b3bc28fd148f58b8fa89b44f774bb8cb9bc3b99a4a1d6ce26eb636fe7f97ecf966b755c96b32ab11c070051790bb4265a942d1e11c1ea6c483f483828446aedca6faf8668f09c6a0b580f18c25d7b7d7d4f9a918d4195a073ba598519ea3fbed14811b1c3b4371b1e1136b376e64a631c9e9d7f7b56f18832678799c69e9a8b0cef6e990d8f8cf35d1bfc426c5787901419cccff0fc14a65d572d8ed1a60430de9a6953650e5989c28d3f16ed1aeacf2ce94872f3dec4fce142303d25f96f55bb38,gx-no-cache=1553528137180 HTTP/1.1" 200 30
192.168.10.96 - - [25/Mar/2019:10:42:16 -0300] "POST /cormun/servlet/solicitudot?gx-no-cache=1553528138660 HTTP/1.1" 200 30
192.168.10.96 - - [25/Mar/2019:10:42:17 -0300] "GET /cormun/servlet/prcontratosol?16629233,,,,,MD,,gxPopupLevel%3D0%3B HTTP/1.1" 200 8220
192.168.10.96 - - [25/Mar/2019:10:42:20 -0300] "POST /cormun/servlet/solicitudot?gx-no-cache=1553528142998 HTTP/1.1" 200 1289
192.168.10.96 - - [25/Mar/2019:10:42:20 -0300] "POST /cormun/servlet/solicitudot?gx-no-cache=1553528143029 HTTP/1.1" 200 38
192.168.10.96 - - [25/Mar/2019:10:42:20 -0300] "GET /cormun/servlet/solicitudot?7ab721ec1f929cd05cbcad3f68994f5e57b7f17928becc64f37313f504aaa09f798ba9b11cf8e8ecf8b0b0b08785fccf61e2f09b281444d90dcedcd982f9b12d98445da1418818ae6302fe62589df9473c97c589a8d3178019f816565dc546c28dd7f56393d993ecca502fde00033131,gx-no-cache=1553528143045 HTTP/1.1" 200 110
192.168.10.96 - - [25/Mar/2019:10:42:20 -0300] "POST /cormun/servlet/solicitudot?gx-no-cache=1553528143107 HTTP/1.1" 200 110
192.168.10.96 - - [25/Mar/2019:10:42:20 -0300] "GET /cormun/servlet/solicitudot?7ab721ec1f929cd05cbcad3f68994f5e10864ed869b95d556c3a2d29dc713cc90839ff4cc9d246cb05102facbad2d96f8807ebeae1ffabd58e695e57a018c4a4cef16a145764925cc87fe3842c61eb31e831b56b5f88e2489b7f56b777e346b46eafd66c19894b7aee793a23e91180d156849a447813222bc11380ccbe9ceb40f2548b2b618b9a03a75872d9ef8d675c03d9a0fc6bd9c2f2ed9d55eb5f74b4c8,gx-no-cache=1553528143136 HTTP/1.1" 200 29
192.168.10.96 - - [25/Mar/2019:10:42:20 -0300] "GET /cormun/servlet/solicitudot?7ab721ec1f929cd05cbcad3f68994f5e0d4519a5df9160959290098c335620371139d7daba08c37ac34c6120dcbb4bac,gx-no-cache=1553528143163 HTTP/1.1" 200 30
192.168.10.96 - - [25/Mar/2019:10:42:28 -0300] "POST /cormun/servlet/solicitudot?gx-no-cache=1553528150600 HTTP/1.1" 200 33
192.168.10.96 - - [25/Mar/2019:10:42:32 -0300] "POST /cormun/servlet/solicitudot?b4f962daa74fcfc5d672719194deb928,INS,0,0,,gx-no-cache=1553528154488 HTTP/1.1" 200 93
192.168.10.96 - - [25/Mar/2019:10:42:32 -0300] "GET /cormun/servlet/hpexe_return? HTTP/1.1" 200 1005
192.168.10.96 - - [25/Mar/2019:10:42:32 -0300] "GET /cormun/servlet/trsolicitudot HTTP/1.1" 200 8924
192.168.10.96 - - [25/Mar/2019:10:42:32 -0300] "GET /cormun/servlet/trsolicitudot HTTP/1.1" 200 8920
192.168.10.96 - - [25/Mar/2019:10:42:34 -0300] "GET /cormun/servlet/solicitudot?INS,0,0, HTTP/1.1" 200 15153
192.168.10.96 - - [25/Mar/2019:10:42:34 -0300] "GET /cormun/servlet/solicitudot?INS,0,0, HTTP/1.1" 200 15157
192.168.10.96 - - [25/Mar/2019:10:42:45 -0300] "GET /cormun/servlet/prfichaempleado?,MD,,gxPopupLevel%3D0%3B HTTP/1.1" 200 9397
190.171.142.18 - - [25/Mar/2019:10:42:46 -0300] "GET /cormun/servlet/hlogin HTTP/1.1" 200 1727
190.171.142.18 - - [25/Mar/2019:10:42:46 -0300] "GET /favicon.ico HTTP/1.1" 200 21630
190.171.142.18 - - [25/Mar/2019:10:42:49 -0300] "POST /cormun/servlet/hlogin?cf496a509e024f21db9e24e6c6be5551,gx-no-cache=1553521316176 HTTP/1.1" 200 90
190.171.142.18 - - [25/Mar/2019:10:42:49 -0300] "GET /cormun/servlet/hpexe_link HTTP/1.1" 200 953
190.171.142.18 - - [25/Mar/2019:10:42:50 -0300] "GET /cormun/servlet/hhome HTTP/1.1" 200 4342
186.103.159.186 - - [25/Mar/2019:10:42:51 -0300] "GET /cormun/servlet/solicitudot?b52abbcbeb7ece0be78cb8f863841cae4c0d3bafbc3ac6b98ceef371ddf80a6375e25c5b41672a3fccf2eaa7648393c9,gx-no-cache=1553521151905 HTTP/1.1" 200 30
186.103.159.186 - - [25/Mar/2019:10:42:51 -0300] "GET /cormun/servlet/solicitudot?b52abbcbeb7ece0be78cb8f863841cae92d0335a28900061c2504c1254228d8d7b1536d3003df9e65601ee03fe4be0b0249fe30773a29fc521486ffd55008ccf,gx-no-cache=1553521151999 HTTP/1.1" 200 30
186.103.159.186 - - [25/Mar/2019:10:42:51 -0300] "GET /cormun/servlet/solicitudot?b52abbcbeb7ece0be78cb8f863841cae154413b3e25948395c8bff6efe5b05ad,gx-no-cache=1553521152040 HTTP/1.1" 200 70
186.103.159.186 - - [25/Mar/2019:10:42:51 -0300] "POST /cormun/servlet/solicitudot?gx-no-cache=1553521152089 HTTP/1.1" 200 297
186.103.159.186 - - [25/Mar/2019:10:42:51 -0300] "GET /cormun/servlet/solicitudot?b52abbcbeb7ece0be78cb8f863841caec07d1173666b9ec49c742fac2effee1350536e091977afca24c4f55ff5a391e47ab78f981639efec3585ddcd6c2d2ff21d62886c356bce714c63509aaf25154a2705718c53dd51d0f9ec471c8d3087dcf4ef88db39d7c786785e10228a9a0a53f02d32d047f7fbea866e39f5071e4a91501431e17ff3a84bfbfb5e9349acf33e6657b8cb90e84f02c19fc93418af58c6cddabfa188257ebe0f5491bdbc8e2565ef8ab1f8b1ea8a82ae7d65770cf95c393e7e953f73b9f1f051f8a7899bf52f02ad1c653df7604b00b6d6843b2bb77fd874cc64d1f3ada7525526317116d67dd48d0dae1974d1a2a2cd33e56234c8c932183bf85d6f446420ff11e6a4231981aff2ff6563e36faf56a72bac5c8bab3c98cb1a34cfaaac4f5b0794e081184198fa1668b43f8f669c7d8e25f462f4bf0777af9bb470b3d61ebc6ab1deae58ff2f74b535fb9b30cd48bc2f5d5c27a112f65276d599ea373c2916d7b42e61da968471762b52dc323cc9dbd9ca747cc6606a7d2961e13c8b4d38aa22b7e5ce7e2e5d7b,gx-no-cache=1553521152152 HTTP/1.1" 200 30
190.171.142.18 - - [25/Mar/2019:10:42:51 -0300] "GET /cormun/servlet/hhome HTTP/1.1" 200 4338
192.168.10.96 - - [25/Mar/2019:10:42:52 -0300] "POST /cormun/servlet/prfichaempleado?b4f962daa74fcfc5d672719194deb928,,MD,,gxPopupLevel%3D0%3B,gx-no-cache=1553528175207 HTTP/1.1" 200 3414
190.171.142.18 - - [25/Mar/2019:10:42:54 -0300] "GET /cormun/servlet/trlicencias? HTTP/1.1" 200 9697
190.171.142.18 - - [25/Mar/2019:10:42:54 -0300] "GET /cormun/static/gxcfg.js?20176272054169 HTTP/1.1" 200 953
190.171.142.18 - - [25/Mar/2019:10:42:54 -0300] "GET /cormun/static/trlicencias.js?20176272054837 HTTP/1.1" 200 41883
190.171.142.18 - - [25/Mar/2019:10:42:54 -0300] "GET /cormun//static/Resources/PXToolsActionDisabled.gif HTTP/1.1" 200 53
190.171.142.18 - - [25/Mar/2019:10:42:54 -0300] "GET /cormun/servlet/trlicencias? HTTP/1.1" 200 9695
190.171.142.18 - - [25/Mar/2019:10:42:54 -0300] "GET /cormun//static/Resources/PXToolsGridDisplay.png HTTP/1.1" 200 362
190.171.142.18 - - [25/Mar/2019:10:42:54 -0300] "GET /cormun//static/Resources/PXToolsActionPrint.png HTTP/1.1" 200 3317
190.171.142.18 - - [25/Mar/2019:10:42:54 -0300] "GET /cormun//static/Resources/PXToolsHeaderHelp.png HTTP/1.1" 200 4055
190.171.142.18 - - [25/Mar/2019:10:42:54 -0300] "GET /cormun//static/Resources/PXToolsHeaderFavorites.png HTTP/1.1" 200 2744
186.103.159.186 - - [25/Mar/2019:10:42:55 -0300] "POST /cormun/servlet/solicitudot?gx-no-cache=1553521156001 HTTP/1.1" 200 30
192.168.10.96 - - [25/Mar/2019:10:42:56 -0300] "POST /cormun/servlet/solicitudot?gx-no-cache=1553528178707 HTTP/1.1" 200 3566
192.168.10.96 - - [25/Mar/2019:10:42:56 -0300] "POST /cormun/servlet/solicitudot?b4f962daa74fcfc5d672719194deb928,INS,0,0,,gx-no-cache=1553528178849 HTTP/1.1" 200 11971
186.103.159.186 - - [25/Mar/2019:10:42:56 -0300] "GET /cormun/servlet/prsolicitudot?17477204,,,,,MD,,gxPopupLevel%3D0%3B HTTP/1.1" 200 6045
192.168.10.96 - - [25/Mar/2019:10:42:58 -0300] "GET /cormun/servlet/solicitudot?7ab721ec1f929cd05cbcad3f68994f5e1647935245c204ec20d1549d8487c8e508426ff864c45392c7c6190eec4a4646,gx-no-cache=1553528180805 HTTP/1.1" 200 30
192.168.10.96 - - [25/Mar/2019:10:42:58 -0300] "GET /cormun/servlet/solicitudot?7ab721ec1f929cd05cbcad3f68994f5e433d66ff6c0b5f702b5ac863bfa1605a10e52bd024168d5b85a52806c040da4e79d00b0731c0dee3290f35aa4709472b,gx-no-cache=1553528180849 HTTP/1.1" 200 30
192.168.10.96 - - [25/Mar/2019:10:42:58 -0300] "GET /cormun/servlet/solicitudot?7ab721ec1f929cd05cbcad3f68994f5e03546e1102c3d8d7baf1bd27862daca4,gx-no-cache=1553528180867 HTTP/1.1" 200 53
192.168.10.96 - - [25/Mar/2019:10:42:58 -0300] "POST /cormun/servlet/solicitudot?gx-no-cache=1553528180887 HTTP/1.1" 200 255
192.168.10.96 - - [25/Mar/2019:10:42:58 -0300] "GET /cormun/servlet/solicitudot?7ab721ec1f929cd05cbcad3f68994f5e89d9baa2c214da4a8357d04897caf382f6a0228c635833582d67c25f07be106a4e291e05fbbd7f1335855f6480a6f7d928dad705b394c45041aee75f6b3da44821015c0f9278cdb6789b6a6f20c248d7672f9f5a53eb5436b5c805d22d5d18047a90e631e8c5f5fb7eb18ca9db430d5e7a70a28b151e87cc3671a517c7b0e823fcb83401d03c477f2930037dec905b61f95207a666335c9f370def5623479cc09a408198982f625f93ab67ab51a12b3bc28fd148f58b8fa89b44f774bb8cb9bc3b99a4a1d6ce26eb636fe7f97ecf966b755c96b32ab11c070051790bb4265a942d1e11c1ea6c483f483828446aedca6faf8668f09c6a0b580f18c25d7b7d7d4f9a918d4195a073ba598519ea3fbed14811b1c3b4371b1e1136b376e64a631c9e9d7f7b56f18832678799c69e9a8b0cef6e990d8f8cf35d1bfc426c5787901419cccff0fc14a65d572d8ed1a60430de9a6953650e5989c28d3f16ed1aeacf2ce94872f3dec4fce142303d25f96f55bb38,gx-no-cache=1553528180910 HTTP/1.1" 200 30
192.168.10.96 - - [25/Mar/2019:10:43:00 -0300] "POST /cormun/servlet/solicitudot?gx-no-cache=1553528182925 HTTP/1.1" 200 30
192.168.10.96 - - [25/Mar/2019:10:43:02 -0300] "GET /cormun/servlet/prcontratosol?18647902,,,,,MD,,gxPopupLevel%3D0%3B HTTP/1.1" 200 7875
186.103.159.186 - - [25/Mar/2019:10:43:02 -0300] "POST /cormun/servlet/solicitudot?gx-no-cache=1553521163089 HTTP/1.1" 200 1288
186.103.159.186 - - [25/Mar/2019:10:43:02 -0300] "POST /cormun/servlet/solicitudot?gx-no-cache=1553521163165 HTTP/1.1" 200 38
186.103.159.186 - - [25/Mar/2019:10:43:02 -0300] "GET /cormun/servlet/solicitudot?b52abbcbeb7ece0be78cb8f863841caea28f4eb1c172e9add2aeba7892beb9dc31be5d39b18d87bf7f0f4f19d4e6f0ddbf5519e06528698df9080bffc1824fda86627d7b3ffd18868372897239217f5f1161b9ceba403539545d55dcc4adf11d404533d5c75dcc56e1c7aeb8dd536c78,gx-no-cache=1553521163203 HTTP/1.1" 200 110
186.103.159.186 - - [25/Mar/2019:10:43:02 -0300] "POST /cormun/servlet/solicitudot?gx-no-cache=1553521163244 HTTP/1.1" 200 110
186.103.159.186 - - [25/Mar/2019:10:43:02 -0300] "GET /cormun/servlet/solicitudot?b52abbcbeb7ece0be78cb8f863841caed76463f1358a43846e0220a493b04901fd68d0f77149a26927bd92ba201b5a28c12ba2a59b14f8818c10064f1bd9af89cdfb37fbaa4f0a5c6e977c3d5a06d6b420c7097a43ea0a5b42866bd8a73711f63231587f8051c2527b756a379a6ad4ce,gx-no-cache=1553521163296 HTTP/1.1" 200 29
186.103.159.186 - - [25/Mar/2019:10:43:02 -0300] "GET /cormun/servlet/solicitudot?b52abbcbeb7ece0be78cb8f863841cae5ac2d2af0689f88a074f881fc5ec577013d760e908a1df3d105581046d8d27d8,gx-no-cache=1553521163332 HTTP/1.1" 200 30
192.168.10.96 - - [25/Mar/2019:10:43:04 -0300] "POST /cormun/servlet/solicitudot?gx-no-cache=1553528186566 HTTP/1.1" 200 1289
192.168.10.96 - - [25/Mar/2019:10:43:04 -0300] "POST /cormun/servlet/solicitudot?gx-no-cache=1553528186594 HTTP/1.1" 200 38
192.168.10.96 - - [25/Mar/2019:10:43:04 -0300] "GET /cormun/servlet/solicitudot?7ab721ec1f929cd05cbcad3f68994f5e57b7f17928becc64f37313f504aaa09f798ba9b11cf8e8ecf8b0b0b08785fccf61e2f09b281444d90dcedcd982f9b12d98445da1418818ae6302fe62589df9473c97c589a8d3178019f816565dc546c28dd7f56393d993ecca502fde00033131,gx-no-cache=1553528186608 HTTP/1.1" 200 110
192.168.10.96 - - [25/Mar/2019:10:43:04 -0300] "POST /cormun/servlet/solicitudot?gx-no-cache=1553528186624 HTTP/1.1" 200 110
192.168.10.96 - - [25/Mar/2019:10:43:04 -0300] "GET /cormun/servlet/solicitudot?7ab721ec1f929cd05cbcad3f68994f5e10864ed869b95d556c3a2d29dc713cc90839ff4cc9d246cb05102facbad2d96f8807ebeae1ffabd58e695e57a018c4a4cef16a145764925cc87fe3842c61eb31e831b56b5f88e2489b7f56b777e346b46eafd66c19894b7aee793a23e91180d156849a447813222bc11380ccbe9ceb40f2548b2b618b9a03a75872d9ef8d675c03d9a0fc6bd9c2f2ed9d55eb5f74b4c8,gx-no-cache=1553528186643 HTTP/1.1" 200 29
192.168.10.96 - - [25/Mar/2019:10:43:04 -0300] "GET /cormun/servlet/solicitudot?7ab721ec1f929cd05cbcad3f68994f5e0d4519a5df9160959290098c335620371139d7daba08c37ac34c6120dcbb4bac,gx-no-cache=1553528186688 HTTP/1.1" 200 30
192.168.10.96 - - [25/Mar/2019:10:43:11 -0300] "POST /cormun/servlet/solicitudot?gx-no-cache=1553528194194 HTTP/1.1" 200 33
186.103.159.186 - - [25/Mar/2019:10:43:11 -0300] "GET /cormun/static/menuarrow.gif HTTP/1.1" 404 1015
192.168.10.96 - - [25/Mar/2019:10:43:17 -0300] "POST /cormun/servlet/solicitudot?b4f962daa74fcfc5d672719194deb928,INS,0,0,,gx-no-cache=1553528200146 HTTP/1.1" 200 93
192.168.10.96 - - [25/Mar/2019:10:43:17 -0300] "GET /cormun/servlet/hpexe_return? HTTP/1.1" 200 1005
192.168.10.96 - - [25/Mar/2019:10:43:18 -0300] "GET /cormun/servlet/trsolicitudot HTTP/1.1" 200 9305
192.168.10.96 - - [25/Mar/2019:10:43:18 -0300] "GET /cormun/servlet/trsolicitudot HTTP/1.1" 200 9301
186.103.159.186 - - [25/Mar/2019:10:43:20 -0300] "GET /cormun/servlet/solicitudot?b52abbcbeb7ece0be78cb8f863841caefe08fcc698975b44ae1a393bb546e97613d760e908a1df3d105581046d8d27d8,gx-no-cache=1553521181095 HTTP/1.1" 200 30
186.103.159.186 - - [25/Mar/2019:10:43:20 -0300] "POST /cormun/servlet/solicitudot?gx-no-cache=1553521181134 HTTP/1.1" 200 33
186.103.159.186 - - [25/Mar/2019:10:43:20 -0300] "POST /cormun/servlet/solicitudot?ae7b3d345f529243944af062ff91736b,INS,0,0,,gx-no-cache=1553521181211 HTTP/1.1" 200 93
186.103.159.186 - - [25/Mar/2019:10:43:20 -0300] "GET /cormun/servlet/hpexe_return? HTTP/1.1" 200 1012
192.168.10.96 - - [25/Mar/2019:10:43:21 -0300] "POST /cormun/servlet/trsolicitudot?b4f962daa74fcfc5d672719194deb928,gx-no-cache=1553528203418 HTTP/1.1" 200 5981
192.168.10.96 - - [25/Mar/2019:10:43:21 -0300] "GET /cormun/static/Shared/jqueryui/images/ui-icons_82798d_256x240.png HTTP/1.1" 404 1089
192.168.10.96 - - [25/Mar/2019:10:43:21 -0300] "GET /cormun/static/Shared/jqueryui/images/ui-bg_highlight-soft_100_c6c2c8_1x100.png HTTP/1.1" 404 1117
192.168.10.96 - - [25/Mar/2019:10:43:21 -0300] "GET /cormun/static/Shared/jqueryui/images/ui-bg_flat_55_fafafa_40x100.png HTTP/1.1" 404 1097
192.168.10.96 - - [25/Mar/2019:10:43:21 -0300] "GET /cormun/static/Shared/jqueryui/images/ui-icons_8d78a5_256x240.png HTTP/1.1" 404 1089
192.168.10.96 - - [25/Mar/2019:10:43:21 -0300] "POST /cormun/servlet/trsolicitudot?b4f962daa74fcfc5d672719194deb928,gx-no-cache=1553528203616 HTTP/1.1" 200 5925
186.103.159.186 - - [25/Mar/2019:10:43:21 -0300] "GET /cormun/servlet/trsolicitudot HTTP/1.1" 200 9033
192.168.10.96 - - [25/Mar/2019:10:43:22 -0300] "POST /cormun/servlet/trsolicitudot?b4f962daa74fcfc5d672719194deb928,gx-no-cache=1553528204773 HTTP/1.1" 200 4763
192.168.10.96 - - [25/Mar/2019:10:43:22 -0300] "POST /cormun/servlet/trsolicitudot?b4f962daa74fcfc5d672719194deb928,gx-no-cache=1553528204952 HTTP/1.1" 200 4531
186.103.159.186 - - [25/Mar/2019:10:43:22 -0300] "GET /cormun/servlet/trsolicitudot HTTP/1.1" 200 9026
192.168.10.96 - - [25/Mar/2019:10:43:23 -0300] "GET /cormun/servlet/solicitudot?INS,0,0, HTTP/1.1" 200 15153
192.168.10.96 - - [25/Mar/2019:10:43:24 -0300] "GET /cormun/servlet/solicitudot?INS,0,0, HTTP/1.1" 200 15157
192.168.10.96 - - [25/Mar/2019:10:43:27 -0300] "GET /cormun/servlet/prfichaempleado?,MD,,gxPopupLevel%3D0%3B HTTP/1.1" 200 9397
192.168.10.96 - - [25/Mar/2019:10:43:38 -0300] "POST /cormun/servlet/prfichaempleado?b4f962daa74fcfc5d672719194deb928,,MD,,gxPopupLevel%3D0%3B,gx-no-cache=1553528221271 HTTP/1.1" 200 3422
192.168.10.96 - - [25/Mar/2019:10:43:42 -0300] "POST /cormun/servlet/solicitudot?gx-no-cache=1553528225225 HTTP/1.1" 200 3590
192.168.10.96 - - [25/Mar/2019:10:43:43 -0300] "POST /cormun/servlet/solicitudot?b4f962daa74fcfc5d672719194deb928,INS,0,0,,gx-no-cache=1553528225368 HTTP/1.1" 200 12015
192.168.10.96 - - [25/Mar/2019:10:43:57 -0300] "GET /cormun/servlet/solicitudot?7ab721ec1f929cd05cbcad3f68994f5ee6f7a46dee7d564d0753736c0b295d0408426ff864c45392c7c6190eec4a4646,gx-no-cache=1553528239428 HTTP/1.1" 200 30
192.168.10.96 - - [25/Mar/2019:10:43:57 -0300] "GET /cormun/servlet/solicitudot?7ab721ec1f929cd05cbcad3f68994f5e5b67013ce6c075c6bfcd15bbb28e8b0feed90dec5181dae226d776c37d5e3a5d4d8c004194a33fbf1e7a973e7e1952b7,gx-no-cache=1553528239469 HTTP/1.1" 200 30
192.168.10.96 - - [25/Mar/2019:10:43:57 -0300] "GET /cormun/servlet/solicitudot?7ab721ec1f929cd05cbcad3f68994f5ed625f979f5dda997f31beac49a4d5bef,gx-no-cache=1553528239488 HTTP/1.1" 200 51
192.168.10.96 - - [25/Mar/2019:10:43:57 -0300] "POST /cormun/servlet/solicitudot?gx-no-cache=1553528239510 HTTP/1.1" 200 297
192.168.10.96 - - [25/Mar/2019:10:43:57 -0300] "GET /cormun/servlet/solicitudot?7ab721ec1f929cd05cbcad3f68994f5e89d9baa2c214da4a8357d04897caf3829a639568471f676496b3ab9184f3c8874e291e05fbbd7f1335855f6480a6f7d928dad705b394c45041aee75f6b3da44821015c0f9278cdb6789b6a6f20c248d7672f9f5a53eb5436b5c805d22d5d18047a90e631e8c5f5fb7eb18ca9db430d5e7a70a28b151e87cc3671a517c7b0e823fcb83401d03c477f2930037dec905b61f95207a666335c9f370def5623479cc09a408198982f625f93ab67ab51a12b3bc28fd148f58b8fa89b44f774bb8cb9bc3b99a4a1d6ce26eb636fe7f97ecf966b755c96b32ab11c070051790bb4265a9436d3df1de379f3f3dd524c71f52084f9af8668f09c6a0b580f18c25d7b7d7d4ff3d6f2e1b24c32efe2134a5859be130169a611dea7ffa4c900c899ea097de4609ba069256d7ce132be9a4dda0fd82faa50e964f4122254f454674e48da459d6bfb0c26ffbc40d9c398a044247bdc7bb6111b38f574a645e5f1a38850ee518cd1e745097ded5301e1b2919723f65d5c35b8366c05a7fc1cd64de8b9c4162c3dcc,gx-no-cache=1553528239535 HTTP/1.1" 200 30
192.168.10.96 - - [25/Mar/2019:10:43:59 -0300] "POST /cormun/servlet/solicitudot?gx-no-cache=1553528241534 HTTP/1.1" 200 30
192.168.10.96 - - [25/Mar/2019:10:44:05 -0300] "GET /cormun/servlet/prcontratosol?11056121,,,,,MD,,gxPopupLevel%3D0%3B HTTP/1.1" 200 8175
186.103.159.186 - - [25/Mar/2019:10:44:05 -0300] "POST /cormun/servlet/trsolicitudot?ae7b3d345f529243944af062ff91736b,gx-no-cache=1553521225604 HTTP/1.1" 200 5723
186.103.159.186 - - [25/Mar/2019:10:44:06 -0300] "GET /cormun/static/Shared/jqueryui/images/ui-bg_highlight-soft_100_c6c2c8_1x100.png HTTP/1.1" 404 1117
186.103.159.186 - - [25/Mar/2019:10:44:06 -0300] "GET /cormun/static/Shared/jqueryui/images/ui-icons_82798d_256x240.png HTTP/1.1" 404 1089
186.103.159.186 - - [25/Mar/2019:10:44:06 -0300] "GET /cormun/static/Shared/jqueryui/images/ui-bg_flat_55_fafafa_40x100.png HTTP/1.1" 404 1097
186.103.159.186 - - [25/Mar/2019:10:44:06 -0300] "GET /cormun/static/Shared/jqueryui/images/ui-icons_8d78a5_256x240.png HTTP/1.1" 404 1089
186.103.159.186 - - [25/Mar/2019:10:44:07 -0300] "POST /cormun/servlet/trsolicitudot?ae7b3d345f529243944af062ff91736b,gx-no-cache=1553521227397 HTTP/1.1" 200 5667
192.168.10.96 - - [25/Mar/2019:10:44:08 -0300] "POST /cormun/servlet/solicitudot?gx-no-cache=1553528250795 HTTP/1.1" 200 1290
192.168.10.96 - - [25/Mar/2019:10:44:08 -0300] "POST /cormun/servlet/solicitudot?gx-no-cache=1553528250825 HTTP/1.1" 200 38
192.168.10.96 - - [25/Mar/2019:10:44:08 -0300] "GET /cormun/servlet/solicitudot?7ab721ec1f929cd05cbcad3f68994f5e57b7f17928becc64f37313f504aaa09f798ba9b11cf8e8ecf8b0b0b08785fccf61e2f09b281444d90dcedcd982f9b12d98445da1418818ae6302fe62589df9473c97c589a8d3178019f816565dc546c28dd7f56393d993ecca502fde00033131,gx-no-cache=1553528250841 HTTP/1.1" 200 110
192.168.10.96 - - [25/Mar/2019:10:44:08 -0300] "POST /cormun/servlet/solicitudot?gx-no-cache=1553528250857 HTTP/1.1" 200 83
192.168.10.96 - - [25/Mar/2019:10:44:08 -0300] "GET /cormun/servlet/solicitudot?7ab721ec1f929cd05cbcad3f68994f5e10864ed869b95d556c3a2d29dc713cc90839ff4cc9d246cb05102facbad2d96ff49f46514c1115ea95d7182675d1f96e5afb5bca11384c208e4024f6be1ef667b7a05eaa71d6aa8d8a2de0de8392215b5fd7de9b6b36e2888c009004418e07f1,gx-no-cache=1553528250877 HTTP/1.1" 200 29
192.168.10.96 - - [25/Mar/2019:10:44:08 -0300] "GET /cormun/servlet/solicitudot?7ab721ec1f929cd05cbcad3f68994f5e30b9e96a406d9e9da132a580d16b12101139d7daba08c37ac34c6120dcbb4bac,gx-no-cache=1553528250891 HTTP/1.1" 200 134
192.168.10.96 - - [25/Mar/2019:10:44:08 -0300] "GET /cormun/static/Shared/jqueryui/images/ui-bg_highlight-soft_100_c6c2c8_1x100.png HTTP/1.1" 404 1117
192.168.10.96 - - [25/Mar/2019:10:44:08 -0300] "GET /cormun/static/Shared/jqueryui/images/ui-icons_82798d_256x240.png HTTP/1.1" 404 1089
192.168.10.96 - - [25/Mar/2019:10:44:08 -0300] "GET /cormun/static/Shared/jqueryui/images/ui-bg_flat_55_994d53_40x100.png HTTP/1.1" 404 1097
192.168.10.96 - - [25/Mar/2019:10:44:08 -0300] "GET /cormun/static/Shared/jqueryui/images/ui-icons_ebccce_256x240.png HTTP/1.1" 404 1089
186.103.159.186 - - [25/Mar/2019:10:44:09 -0300] "POST /cormun/servlet/trsolicitudot?ae7b3d345f529243944af062ff91736b,gx-no-cache=1553521230367 HTTP/1.1" 200 4544
186.103.159.186 - - [25/Mar/2019:10:44:09 -0300] "POST /cormun/servlet/trsolicitudot?ae7b3d345f529243944af062ff91736b,gx-no-cache=1553521230642 HTTP/1.1" 200 4323
192.168.10.96 - - [25/Mar/2019:10:44:17 -0300] "GET /cormun/servlet/prcontratosol?11056121,,,,,MD,,gxPopupLevel%3D0%3B HTTP/1.1" 200 8175
186.103.159.186 - - [25/Mar/2019:10:44:18 -0300] "GET /cormun/servlet/hlogin HTTP/1.1" 200 1725
192.168.10.96 - - [25/Mar/2019:10:44:20 -0300] "POST /cormun/servlet/solicitudot?gx-no-cache=1553528263215 HTTP/1.1" 200 1290
192.168.10.96 - - [25/Mar/2019:10:44:20 -0300] "POST /cormun/servlet/solicitudot?gx-no-cache=1553528263240 HTTP/1.1" 200 41
192.168.10.96 - - [25/Mar/2019:10:44:20 -0300] "GET /cormun/servlet/solicitudot?7ab721ec1f929cd05cbcad3f68994f5e57b7f17928becc64f37313f504aaa09f798ba9b11cf8e8ecf8b0b0b08785fccf61e2f09b281444d90dcedcd982f9b12d98445da1418818ae6302fe62589df9473c97c589a8d3178019f816565dc546c28dd7f56393d993ecca502fde00033131,gx-no-cache=1553528263254 HTTP/1.1" 200 110
192.168.10.96 - - [25/Mar/2019:10:44:20 -0300] "POST /cormun/servlet/solicitudot?gx-no-cache=1553528263269 HTTP/1.1" 200 83
192.168.10.96 - - [25/Mar/2019:10:44:20 -0300] "GET /cormun/servlet/solicitudot?7ab721ec1f929cd05cbcad3f68994f5e30b9e96a406d9e9da132a580d16b12101139d7daba08c37ac34c6120dcbb4bac,gx-no-cache=1553528263288 HTTP/1.1" 200 134
192.168.10.96 - - [25/Mar/2019:10:44:22 -0300] "POST /cormun/servlet/solicitudot?gx-no-cache=1553528264947 HTTP/1.1" 200 137
186.103.159.186 - - [25/Mar/2019:10:44:27 -0300] "POST /cormun/servlet/hlogin?ae7b3d345f529243944af062ff91736b,gx-no-cache=1553521248502 HTTP/1.1" 200 90
186.103.159.186 - - [25/Mar/2019:10:44:27 -0300] "GET /cormun/servlet/hpexe_link HTTP/1.1" 200 956
186.103.159.186 - - [25/Mar/2019:10:44:27 -0300] "GET /cormun/servlet/hhome HTTP/1.1" 200 4213
186.103.159.186 - - [25/Mar/2019:10:44:29 -0300] "GET /cormun/servlet/hhome HTTP/1.1" 200 4209
192.168.10.96 - - [25/Mar/2019:10:44:30 -0300] "GET /cormun/servlet/solicitudot?7ab721ec1f929cd05cbcad3f68994f5e0d4519a5df9160959290098c335620371139d7daba08c37ac34c6120dcbb4bac,gx-no-cache=1553528272797 HTTP/1.1" 200 30
186.103.159.186 - - [25/Mar/2019:10:44:32 -0300] "GET /cormun/servlet/trautorizarsolicitud? HTTP/1.1" 200 9101
186.103.159.186 - - [25/Mar/2019:10:44:34 -0300] "GET /cormun/servlet/trautorizarsolicitud? HTTP/1.1" 200 9098
192.168.10.96 - - [25/Mar/2019:10:44:36 -0300] "POST /cormun/servlet/solicitudot?gx-no-cache=1553528278570 HTTP/1.1" 200 33
186.103.159.186 - - [25/Mar/2019:10:44:40 -0300] "POST /cormun/servlet/trautorizarsolicitud?ae7b3d345f529243944af062ff91736b,,gx-no-cache=1553521261214 HTTP/1.1" 200 5856
186.103.159.186 - - [25/Mar/2019:10:44:40 -0300] "GET /cormun/static/Shared/jqueryui/images/ui-bg_highlight-soft_100_c6c2c8_1x100.png HTTP/1.1" 404 1117
186.103.159.186 - - [25/Mar/2019:10:44:40 -0300] "GET /cormun/static/Shared/jqueryui/images/ui-icons_82798d_256x240.png HTTP/1.1" 404 1089
186.103.159.186 - - [25/Mar/2019:10:44:40 -0300] "GET /cormun/static/Shared/jqueryui/images/ui-bg_flat_55_fafafa_40x100.png HTTP/1.1" 404 1097
192.168.10.96 - - [25/Mar/2019:10:44:40 -0300] "POST /cormun/servlet/solicitudot?b4f962daa74fcfc5d672719194deb928,INS,0,0,,gx-no-cache=1553528282891 HTTP/1.1" 200 93
186.103.159.186 - - [25/Mar/2019:10:44:40 -0300] "GET /cormun/static/Shared/jqueryui/images/ui-icons_8d78a5_256x240.png HTTP/1.1" 404 1089
192.168.10.96 - - [25/Mar/2019:10:44:40 -0300] "GET /cormun/servlet/hpexe_return? HTTP/1.1" 200 1025
192.168.10.96 - - [25/Mar/2019:10:44:40 -0300] "GET /cormun/servlet/trsolicitudot?gx-no-cache=1553528204952 HTTP/1.1" 200 8915
186.103.159.186 - - [25/Mar/2019:10:44:41 -0300] "POST /cormun/servlet/trautorizarsolicitud?ae7b3d345f529243944af062ff91736b,,gx-no-cache=1553521261734 HTTP/1.1" 200 5800
192.168.10.96 - - [25/Mar/2019:10:44:41 -0300] "GET /cormun/servlet/trsolicitudot?gx-no-cache=1553528204952 HTTP/1.1" 200 8932
186.103.159.186 - - [25/Mar/2019:10:44:42 -0300] "POST /cormun/servlet/trautorizarsolicitud?ae7b3d345f529243944af062ff91736b,,gx-no-cache=1553521263077 HTTP/1.1" 200 4686
186.103.159.186 - - [25/Mar/2019:10:44:42 -0300] "POST /cormun/servlet/trautorizarsolicitud?ae7b3d345f529243944af062ff91736b,,gx-no-cache=1553521263617 HTTP/1.1" 200 4464
186.103.156.24 - - [25/Mar/2019:10:45:09 -0300] "GET /cormun/servlet/hlogin HTTP/1.1" 200 1723
186.103.156.24 - - [25/Mar/2019:10:45:09 -0300] "GET /cormun/servlet/hlogin HTTP/1.1" 200 1734
192.168.10.96 - - [25/Mar/2019:10:45:32 -0300] "POST /cormun/servlet/trsolicitudot?b4f962daa74fcfc5d672719194deb928,gx-no-cache=1553528204952,gx-no-cache=1553528335202 HTTP/1.1" 200 4771
192.168.10.96 - - [25/Mar/2019:10:45:32 -0300] "GET /cormun/static/Shared/jqueryui/images/ui-bg_highlight-soft_100_c6c2c8_1x100.png HTTP/1.1" 404 1117
192.168.10.96 - - [25/Mar/2019:10:45:32 -0300] "GET /cormun/static/Shared/jqueryui/images/ui-icons_82798d_256x240.png HTTP/1.1" 404 1089
192.168.10.96 - - [25/Mar/2019:10:45:32 -0300] "GET /cormun/static/Shared/jqueryui/images/ui-bg_flat_55_fafafa_40x100.png HTTP/1.1" 404 1097
192.168.10.96 - - [25/Mar/2019:10:45:32 -0300] "GET /cormun/static/Shared/jqueryui/images/ui-icons_8d78a5_256x240.png HTTP/1.1" 404 1089
192.168.10.96 - - [25/Mar/2019:10:45:33 -0300] "POST /cormun/servlet/trsolicitudot?b4f962daa74fcfc5d672719194deb928,gx-no-cache=1553528204952,gx-no-cache=1553528335412 HTTP/1.1" 200 4531
192.168.10.96 - - [25/Mar/2019:10:45:35 -0300] "GET /cormun/servlet/trautorizarsolicitud? HTTP/1.1" 200 10879
192.168.10.96 - - [25/Mar/2019:10:45:35 -0300] "GET /cormun/servlet/trautorizarsolicitud? HTTP/1.1" 200 10859
192.168.10.96 - - [25/Mar/2019:10:45:38 -0300] "POST /cormun/servlet/trautorizarsolicitud?b4f962daa74fcfc5d672719194deb928,,gx-no-cache=1553528341035 HTTP/1.1" 200 7459
192.168.10.96 - - [25/Mar/2019:10:45:38 -0300] "GET /cormun/static/Shared/jqueryui/images/ui-icons_82798d_256x240.png HTTP/1.1" 404 1089
192.168.10.96 - - [25/Mar/2019:10:45:38 -0300] "GET /cormun/static/Shared/jqueryui/images/ui-bg_highlight-soft_100_c6c2c8_1x100.png HTTP/1.1" 404 1117
192.168.10.96 - - [25/Mar/2019:10:45:38 -0300] "GET /cormun/static/Shared/jqueryui/images/ui-bg_flat_55_fafafa_40x100.png HTTP/1.1" 404 1097
192.168.10.96 - - [25/Mar/2019:10:45:38 -0300] "GET /cormun/static/Shared/jqueryui/images/ui-icons_8d78a5_256x240.png HTTP/1.1" 404 1089
192.168.10.96 - - [25/Mar/2019:10:45:39 -0300] "POST /cormun/servlet/trautorizarsolicitud?b4f962daa74fcfc5d672719194deb928,,gx-no-cache=1553528341323 HTTP/1.1" 200 7402
192.168.10.96 - - [25/Mar/2019:10:45:39 -0300] "POST /cormun/servlet/trautorizarsolicitud?b4f962daa74fcfc5d672719194deb928,,gx-no-cache=1553528342079 HTTP/1.1" 200 7125
192.168.10.96 - - [25/Mar/2019:10:45:40 -0300] "POST /cormun/servlet/trautorizarsolicitud?b4f962daa74fcfc5d672719194deb928,,gx-no-cache=1553528342328 HTTP/1.1" 200 7069
192.168.10.96 - - [25/Mar/2019:10:45:40 -0300] "POST /cormun/servlet/trautorizarsolicitud?b4f962daa74fcfc5d672719194deb928,,gx-no-cache=1553528342990 HTTP/1.1" 200 6734
192.168.10.96 - - [25/Mar/2019:10:45:40 -0300] "POST /cormun/servlet/trautorizarsolicitud?b4f962daa74fcfc5d672719194deb928,,gx-no-cache=1553528343207 HTTP/1.1" 200 6678
192.168.10.96 - - [25/Mar/2019:10:45:47 -0300] "GET /cormun/servlet/hlogin HTTP/1.1" 200 1741
192.168.10.96 - - [25/Mar/2019:10:45:59 -0300] "POST /cormun/servlet/hlogin?b4f962daa74fcfc5d672719194deb928,gx-no-cache=1553528361583 HTTP/1.1" 200 90
192.168.10.96 - - [25/Mar/2019:10:45:59 -0300] "GET /cormun/servlet/hpexe_link HTTP/1.1" 200 947
192.168.10.96 - - [25/Mar/2019:10:45:59 -0300] "GET /cormun/servlet/hhome HTTP/1.1" 200 3842
192.168.10.96 - - [25/Mar/2019:10:45:59 -0300] "GET /cormun/servlet/hhome HTTP/1.1" 200 3839
192.168.10.96 - - [25/Mar/2019:10:46:01 -0300] "GET /cormun/servlet/trsolicitudgral? HTTP/1.1" 200 10492
192.168.10.96 - - [25/Mar/2019:10:46:01 -0300] "GET /cormun/servlet/trsolicitudgral? HTTP/1.1" 200 10490
192.168.10.96 - - [25/Mar/2019:10:46:14 -0300] "POST /cormun/servlet/trsolicitudgral?b4f962daa74fcfc5d672719194deb928,,gx-no-cache=1553528376497 HTTP/1.1" 200 7449
192.168.10.96 - - [25/Mar/2019:10:46:17 -0300] "POST /cormun/servlet/trsolicitudgral?b4f962daa74fcfc5d672719194deb928,,gx-no-cache=1553528379504 HTTP/1.1" 200 5483
192.168.10.96 - - [25/Mar/2019:10:46:17 -0300] "GET /cormun/static/Shared/jqueryui/images/ui-bg_highlight-soft_100_c6c2c8_1x100.png HTTP/1.1" 404 1117
192.168.10.96 - - [25/Mar/2019:10:46:17 -0300] "GET /cormun/static/Shared/jqueryui/images/ui-icons_82798d_256x240.png HTTP/1.1" 404 1089
192.168.10.96 - - [25/Mar/2019:10:46:17 -0300] "GET /cormun/static/Shared/jqueryui/images/ui-bg_flat_55_fafafa_40x100.png HTTP/1.1" 404 1097
192.168.10.96 - - [25/Mar/2019:10:46:17 -0300] "GET /cormun/static/Shared/jqueryui/images/ui-icons_8d78a5_256x240.png HTTP/1.1" 404 1089
192.168.10.96 - - [25/Mar/2019:10:46:19 -0300] "GET /cormun/servlet/trautorizarot? HTTP/1.1" 200 18661
192.168.10.96 - - [25/Mar/2019:10:46:20 -0300] "GET /cormun/servlet/trautorizarot? HTTP/1.1" 200 18660
192.168.10.96 - - [25/Mar/2019:10:46:27 -0300] "POST /cormun/servlet/trautorizarot?b4f962daa74fcfc5d672719194deb928,,gx-no-cache=1553528390234 HTTP/1.1" 200 8164
192.168.10.96 - - [25/Mar/2019:10:46:30 -0300] "POST /cormun/servlet/trautorizarot?b4f962daa74fcfc5d672719194deb928,,gx-no-cache=1553528392977 HTTP/1.1" 200 5359
192.168.10.96 - - [25/Mar/2019:10:46:35 -0300] "POST /cormun/servlet/trautorizarot?b4f962daa74fcfc5d672719194deb928,,gx-no-cache=1553528397511 HTTP/1.1" 200 13777
192.168.10.96 - - [25/Mar/2019:10:47:05 -0300] "GET /cormun/servlet/trsolicitudgral? HTTP/1.1" 200 8326
192.168.10.96 - - [25/Mar/2019:10:47:05 -0300] "GET /cormun/servlet/trsolicitudgral? HTTP/1.1" 200 8326
192.168.10.96 - - [25/Mar/2019:10:47:20 -0300] "POST /cormun/servlet/trsolicitudgral?b4f962daa74fcfc5d672719194deb928,,gx-no-cache=1553528442329 HTTP/1.1" 200 5286
192.168.10.96 - - [25/Mar/2019:10:47:21 -0300] "POST /cormun/servlet/trsolicitudgral?b4f962daa74fcfc5d672719194deb928,,gx-no-cache=1553528444194 HTTP/1.1" 200 5285
192.168.10.96 - - [25/Mar/2019:10:50:19 -0300] "POST /cormun/servlet/trsolicitudgral?b4f962daa74fcfc5d672719194deb928,,gx-no-cache=1553528621871 HTTP/1.1" 200 5286
186.103.156.24 - - [25/Mar/2019:10:50:22 -0300] "POST /cormun/servlet/hlogin?ff4097f2d491bee468c174ea36da0498,gx-no-cache=1553521606155 HTTP/1.1" 200 447
186.103.156.24 - - [25/Mar/2019:10:50:28 -0300] "POST /cormun/servlet/hlogin?ff4097f2d491bee468c174ea36da0498,gx-no-cache=1553521611345 HTTP/1.1" 200 90
186.103.156.24 - - [25/Mar/2019:10:50:28 -0300] "GET /cormun/servlet/hpexe_link HTTP/1.1" 200 954
186.103.156.24 - - [25/Mar/2019:10:50:28 -0300] "GET /cormun/servlet/hhome HTTP/1.1" 200 4336
186.103.156.24 - - [25/Mar/2019:10:50:28 -0300] "GET /cormun/servlet/hhome HTTP/1.1" 200 4332
186.103.156.24 - - [25/Mar/2019:10:50:31 -0300] "GET /cormun/servlet/trsolicitudot? HTTP/1.1" 200 8938
186.103.156.24 - - [25/Mar/2019:10:50:32 -0300] "GET /cormun/servlet/trsolicitudot? HTTP/1.1" 200 8936
192.168.10.96 - - [25/Mar/2019:10:51:08 -0300] "GET /cormun/servlet/trsolicitudgral? HTTP/1.1" 200 8347
192.168.10.96 - - [25/Mar/2019:10:51:08 -0300] "GET /cormun/servlet/trsolicitudgral? HTTP/1.1" 200 8347
190.171.152.242 - - [25/Mar/2019:10:54:21 -0300] "GET /cormun/servlet/hlogin HTTP/1.1" 200 1725
190.171.152.242 - - [25/Mar/2019:10:54:21 -0300] "GET /cormun/servlet/hlogin HTTP/1.1" 200 1729
190.171.152.242 - - [25/Mar/2019:10:54:22 -0300] "POST /cormun/servlet/hlogin?5db848b353555eb753ae9272b69657e1,gx-no-cache=1553521842012 HTTP/1.1" 200 90
190.171.152.242 - - [25/Mar/2019:10:54:22 -0300] "GET /cormun/servlet/hpexe_link HTTP/1.1" 200 947
190.171.152.242 - - [25/Mar/2019:10:54:22 -0300] "GET /cormun/servlet/hhome HTTP/1.1" 200 4064
190.171.152.242 - - [25/Mar/2019:10:54:23 -0300] "GET /cormun/static/hmpwkw03.js?20189613443875 HTTP/1.1" 304 -
190.171.152.242 - - [25/Mar/2019:10:54:23 -0300] "GET /cormun/servlet/hhome HTTP/1.1" 200 4062
190.171.152.242 - - [25/Mar/2019:10:54:27 -0300] "GET /cormun/servlet/trsolicitudot? HTTP/1.1" 200 7280
190.171.152.242 - - [25/Mar/2019:10:54:27 -0300] "GET /cormun/static/gxcfg.js?2017111422585916 HTTP/1.1" 200 953
190.171.152.242 - - [25/Mar/2019:10:54:27 -0300] "GET /cormun/static/calendar-system.css?85620 HTTP/1.1" 200 5572
190.171.152.242 - - [25/Mar/2019:10:54:27 -0300] "GET /cormun/static/trsolicitudot.js?201711142259839 HTTP/1.1" 200 54041
190.171.152.242 - - [25/Mar/2019:10:54:27 -0300] "GET /cormun/servlet/trsolicitudot? HTTP/1.1" 200 7279
190.171.152.242 - - [25/Mar/2019:10:54:29 -0300] "GET /cormun/servlet/solicitudot?INS,0,0, HTTP/1.1" 200 14901
190.171.152.242 - - [25/Mar/2019:10:54:29 -0300] "GET /cormun/static/gxcfg.js?20189101114418 HTTP/1.1" 200 953
190.171.152.242 - - [25/Mar/2019:10:54:29 -0300] "GET /cormun/static/solicitudot.js?20189101114718 HTTP/1.1" 200 71883
190.171.152.242 - - [25/Mar/2019:10:54:30 -0300] "GET /cormun/servlet/solicitudot?INS,0,0, HTTP/1.1" 200 14906
190.171.152.242 - - [25/Mar/2019:10:54:43 -0300] "POST /cormun/servlet/solicitudot?gx-no-cache=1553521862886 HTTP/1.1" 200 3450
190.171.152.242 - - [25/Mar/2019:10:54:43 -0300] "POST /cormun/servlet/solicitudot?5db848b353555eb753ae9272b69657e1,INS,0,0,,gx-no-cache=1553521863154 HTTP/1.1" 200 11639
190.171.152.242 - - [25/Mar/2019:10:54:48 -0300] "GET /cormun/servlet/solicitudot?4afe3127db9fb0d751b0bfbc6338304e553a571278e2a56b1fefb09d817eedea989b2c16b2d378a828e6426d02773930,gx-no-cache=1553521867572 HTTP/1.1" 200 30
186.103.156.24 - - [25/Mar/2019:10:56:29 -0300] "POST /cormun/servlet/trsolicitudot?ff4097f2d491bee468c174ea36da0498,,gx-no-cache=1553521968464 HTTP/1.1" 200 4723
186.103.156.24 - - [25/Mar/2019:10:56:29 -0300] "POST /cormun/servlet/trsolicitudot?ff4097f2d491bee468c174ea36da0498,,gx-no-cache=1553521968927 HTTP/1.1" 200 4530
186.103.156.24 - - [25/Mar/2019:10:56:37 -0300] "GET /cormun/servlet/trsolicitudot? HTTP/1.1" 200 7554
186.103.156.24 - - [25/Mar/2019:10:56:37 -0300] "GET /cormun/servlet/trsolicitudot? HTTP/1.1" 200 7554
186.103.156.24 - - [25/Mar/2019:10:56:40 -0300] "GET /cormun/servlet/solicitudot?INS,0,0, HTTP/1.1" 200 15179
186.103.156.24 - - [25/Mar/2019:10:56:40 -0300] "GET /cormun/static/solicitudot.js?20189101114718 HTTP/1.1" 304 -
186.103.156.24 - - [25/Mar/2019:10:56:41 -0300] "GET /cormun/servlet/solicitudot?INS,0,0, HTTP/1.1" 200 15185
186.103.156.24 - - [25/Mar/2019:10:57:21 -0300] "POST /cormun/servlet/solicitudot?gx-no-cache=1553522020804 HTTP/1.1" 200 3450
186.103.156.24 - - [25/Mar/2019:10:57:21 -0300] "POST /cormun/servlet/solicitudot?ff4097f2d491bee468c174ea36da0498,INS,0,0,,gx-no-cache=1553522020973 HTTP/1.1" 200 11852
186.103.156.24 - - [25/Mar/2019:10:57:24 -0300] "GET /cormun/servlet/solicitudot?21e66dd1555c0d09288e5555ece104e36fa446348a289ecf7ee404b9b9d49c0cd076843d676cd85c7ce68477dbec344b,gx-no-cache=1553522023761 HTTP/1.1" 200 30
192.168.10.96 - - [25/Mar/2019:10:59:25 -0300] "POST /cormun/servlet/trsolicitudgral?b4f962daa74fcfc5d672719194deb928,,gx-no-cache=1553529167523 HTTP/1.1" 200 5288
192.168.10.96 - - [25/Mar/2019:10:59:33 -0300] "POST /cormun/servlet/trsolicitudgral?b4f962daa74fcfc5d672719194deb928,,gx-no-cache=1553529175817 HTTP/1.1" 200 5288
192.168.10.96 - - [25/Mar/2019:10:59:34 -0300] "POST /cormun/servlet/trsolicitudgral?b4f962daa74fcfc5d672719194deb928,,gx-no-cache=1553529176488 HTTP/1.1" 200 5288
192.168.10.96 - - [25/Mar/2019:10:59:37 -0300] "POST /cormun/servlet/trsolicitudgral?b4f962daa74fcfc5d672719194deb928,,gx-no-cache=1553529180057 HTTP/1.1" 200 5281
192.168.10.96 - - [25/Mar/2019:10:59:38 -0300] "POST /cormun/servlet/trsolicitudgral?b4f962daa74fcfc5d672719194deb928,,gx-no-cache=1553529180679 HTTP/1.1" 200 5281
192.168.10.96 - - [25/Mar/2019:10:59:44 -0300] "POST /cormun/servlet/trsolicitudgral?b4f962daa74fcfc5d672719194deb928,,gx-no-cache=1553529186370 HTTP/1.1" 200 11122
192.168.10.96 - - [25/Mar/2019:10:59:54 -0300] "POST /cormun/servlet/trsolicitudgral?b4f962daa74fcfc5d672719194deb928,,gx-no-cache=1553529197321 HTTP/1.1" 200 5268
192.168.10.96 - - [25/Mar/2019:10:59:59 -0300] "POST /cormun/servlet/trsolicitudgral?b4f962daa74fcfc5d672719194deb928,,gx-no-cache=1553529201960 HTTP/1.1" 200 5268
192.168.10.96 - - [25/Mar/2019:11:00:05 -0300] "POST /cormun/servlet/trsolicitudgral?b4f962daa74fcfc5d672719194deb928,,gx-no-cache=1553529207377 HTTP/1.1" 200 5271
192.168.10.96 - - [25/Mar/2019:11:00:09 -0300] "POST /cormun/servlet/trsolicitudgral?b4f962daa74fcfc5d672719194deb928,,gx-no-cache=1553529212039 HTTP/1.1" 200 7384
192.168.10.96 - - [25/Mar/2019:11:01:34 -0300] "POST /cormun/servlet/trsolicitudgral?b4f962daa74fcfc5d672719194deb928,,gx-no-cache=1553529297136 HTTP/1.1" 200 6939
190.171.143.82 - - [25/Mar/2019:11:01:48 -0300] "GET /cormun/servlet/hhome HTTP/1.1" 200 3417
190.171.143.82 - - [25/Mar/2019:11:01:49 -0300] "GET /cormun/servlet/hhome HTTP/1.1" 200 3427
190.171.143.82 - - [25/Mar/2019:11:01:49 -0300] "GET /cormun/servlet/hlogin HTTP/1.1" 200 1733
192.168.10.96 - - [25/Mar/2019:11:01:53 -0300] "POST /cormun/servlet/trsolicitudgral?b4f962daa74fcfc5d672719194deb928,,gx-no-cache=1553529316280 HTTP/1.1" 200 5281
190.171.143.82 - - [25/Mar/2019:11:01:59 -0300] "POST /cormun/servlet/hlogin?4b4e5b3fdb3831b2501a2b09ddd986e9,gx-no-cache=1553526463405 HTTP/1.1" 200 90
190.171.143.82 - - [25/Mar/2019:11:01:59 -0300] "GET /cormun/servlet/hpexe_link HTTP/1.1" 200 951
190.171.143.82 - - [25/Mar/2019:11:01:59 -0300] "GET /cormun/servlet/hhome HTTP/1.1" 200 4060
190.171.143.82 - - [25/Mar/2019:11:02:00 -0300] "GET /cormun/servlet/hhome HTTP/1.1" 200 4056
190.171.143.82 - - [25/Mar/2019:11:02:03 -0300] "GET /cormun/servlet/trpermisosgoce? HTTP/1.1" 200 8875
190.171.143.82 - - [25/Mar/2019:11:02:04 -0300] "GET /cormun/servlet/trpermisosgoce? HTTP/1.1" 200 8873
190.171.152.242 - - [25/Mar/2019:11:02:22 -0300] "GET /cormun/servlet/solicitudot?4afe3127db9fb0d751b0bfbc6338304ee5c9ecf65378cab621c1bd6c023ff2f14b038dc0bf975141e855d830d5391da29976becbe1dceb6ccd31cbc60e587c42,gx-no-cache=1553522321515 HTTP/1.1" 200 30
190.171.152.242 - - [25/Mar/2019:11:02:23 -0300] "GET /cormun/static/Resources/resize.gif HTTP/1.1" 200 77
190.171.152.242 - - [25/Mar/2019:11:02:23 -0300] "GET /cormun/servlet/prbanco?,MD,,gxPopupLevel%3D0%3B HTTP/1.1" 200 6636
190.171.152.242 - - [25/Mar/2019:11:02:23 -0300] "GET /cormun/static/gxcfg.js?20181161016094 HTTP/1.1" 200 953
190.171.152.242 - - [25/Mar/2019:11:02:23 -0300] "GET /cormun/static/prbanco.js?2018116101633 HTTP/1.1" 200 10693
190.171.152.242 - - [25/Mar/2019:11:02:28 -0300] "GET /cormun/servlet/solicitudot?4afe3127db9fb0d751b0bfbc6338304ef442769ad5f41d09ee54919d1f3a984c,gx-no-cache=1553522328274 HTTP/1.1" 200 53
190.171.152.242 - - [25/Mar/2019:11:02:43 -0300] "POST /cormun/servlet/solicitudot?gx-no-cache=1553522343338 HTTP/1.1" 200 297
